193.194.132.27 - - [05/Jul/2021:12:29:32 +0200] "GET /reload?ser=1625480972226 HTTP/1.1" 200 28 "http://renault.2web.at/account" "Mozilla/5.0 (Windows NT 10.0; Win64; x64) AppleWebKit/537.36 (KHTML, like Gecko) Chrome/91.0.4472.124 Safari/537.36"
80.120.210.179 - - [05/Jul/2021:12:30:08 +0200] "GET /reload?ser=1625481008586 HTTP/1.1" 200 28 "http://renault.activities.at/success" "Mozilla/5.0 (Windows NT 10.0; Win64; x64) AppleWebKit/537.36 (KHTML, like Gecko) Chrome/91.0.4472.114 Safari/537.36"
193.194.132.27 - - [05/Jul/2021:12:30:34 +0200] "GET /reload?ser=1625481034232 HTTP/1.1" 200 28 "http://renault.2web.at/account" "Mozilla/5.0 (Windows NT 10.0; Win64; x64) AppleWebKit/537.36 (KHTML, like Gecko) Chrome/91.0.4472.124 Safari/537.36"
80.120.210.179 - - [05/Jul/2021:12:31:09 +0200] "GET /reload?ser=1625481069595 HTTP/1.1" 200 28 "http://renault.activities.at/success" "Mozilla/5.0 (Windows NT 10.0; Win64; x64) AppleWebKit/537.36 (KHTML, like Gecko) Chrome/91.0.4472.114 Safari/537.36"
193.194.132.27 - - [05/Jul/2021:12:31:36 +0200] "GET /reload?ser=1625481096243 HTTP/1.1" 200 28 "http://renault.2web.at/account" "Mozilla/5.0 (Windows NT 10.0; Win64; x64) AppleWebKit/537.36 (KHTML, like Gecko) Chrome/91.0.4472.124 Safari/537.36"
80.120.210.179 - - [05/Jul/2021:12:32:10 +0200] "GET /reload?ser=1625481130596 HTTP/1.1" 200 28 "http://renault.activities.at/success" "Mozilla/5.0 (Windows NT 10.0; Win64; x64) AppleWebKit/537.36 (KHTML, like Gecko) Chrome/91.0.4472.114 Safari/537.36"
193.194.132.27 - - [05/Jul/2021:12:32:38 +0200] "GET /reload?ser=1625481158244 HTTP/1.1" 200 28 "http://renault.2web.at/account" "Mozilla/5.0 (Windows NT 10.0; Win64; x64) AppleWebKit/537.36 (KHTML, like Gecko) Chrome/91.0.4472.124 Safari/537.36"
80.120.210.179 - - [05/Jul/2021:12:33:11 +0200] "GET /reload?ser=1625481191598 HTTP/1.1" 200 28 "http://renault.activities.at/success" "Mozilla/5.0 (Windows NT 10.0; Win64; x64) AppleWebKit/537.36 (KHTML, like Gecko) Chrome/91.0.4472.114 Safari/537.36"
193.194.132.27 - - [05/Jul/2021:12:33:40 +0200] "GET /reload?ser=1625481220249 HTTP/1.1" 200 28 "http://renault.2web.at/account" "Mozilla/5.0 (Windows NT 10.0; Win64; x64) AppleWebKit/537.36 (KHTML, like Gecko) Chrome/91.0.4472.124 Safari/537.36"
80.120.210.179 - - [05/Jul/2021:12:34:12 +0200] "GET /reload?ser=1625481252593 HTTP/1.1" 200 28 "http://renault.activities.at/success" "Mozilla/5.0 (Windows NT 10.0; Win64; x64) AppleWebKit/537.36 (KHTML, like Gecko) Chrome/91.0.4472.114 Safari/537.36"
193.194.132.27 - - [05/Jul/2021:12:34:42 +0200] "GET /reload?ser=1625481282253 HTTP/1.1" 200 28 "http://renault.2web.at/account" "Mozilla/5.0 (Windows NT 10.0; Win64; x64) AppleWebKit/537.36 (KHTML, like Gecko) Chrome/91.0.4472.124 Safari/537.36"
80.120.210.179 - - [05/Jul/2021:12:35:13 +0200] "GET /reload?ser=1625481313598 HTTP/1.1" 200 28 "http://renault.activities.at/success" "Mozilla/5.0 (Windows NT 10.0; Win64; x64) AppleWebKit/537.36 (KHTML, like Gecko) Chrome/91.0.4472.114 Safari/537.36"
193.194.132.27 - - [05/Jul/2021:12:35:44 +0200] "GET /reload?ser=1625481344258 HTTP/1.1" 200 28 "http://renault.2web.at/account" "Mozilla/5.0 (Windows NT 10.0; Win64; x64) AppleWebKit/537.36 (KHTML, like Gecko) Chrome/91.0.4472.124 Safari/537.36"
80.120.210.179 - - [05/Jul/2021:12:36:14 +0200] "GET /reload?ser=1625481374594 HTTP/1.1" 200 28 "http://renault.activities.at/success" "Mozilla/5.0 (Windows NT 10.0; Win64; x64) AppleWebKit/537.36 (KHTML, like Gecko) Chrome/91.0.4472.114 Safari/537.36"
193.194.132.27 - - [05/Jul/2021:12:36:46 +0200] "GET /reload?ser=1625481406262 HTTP/1.1" 200 28 "http://renault.2web.at/account" "Mozilla/5.0 (Windows NT 10.0; Win64; x64) AppleWebKit/537.36 (KHTML, like Gecko) Chrome/91.0.4472.124 Safari/537.36"
80.120.210.179 - - [05/Jul/2021:12:37:15 +0200] "GET /reload?ser=1625481435586 HTTP/1.1" 200 28 "http://renault.activities.at/success" "Mozilla/5.0 (Windows NT 10.0; Win64; x64) AppleWebKit/537.36 (KHTML, like Gecko) Chrome/91.0.4472.114 Safari/537.36"
193.194.132.27 - - [05/Jul/2021:12:37:48 +0200] "GET /reload?ser=1625481468267 HTTP/1.1" 200 28 "http://renault.2web.at/account" "Mozilla/5.0 (Windows NT 10.0; Win64; x64) AppleWebKit/537.36 (KHTML, like Gecko) Chrome/91.0.4472.124 Safari/537.36"
157.55.39.163 - - [05/Jul/2021:12:37:54 +0200] "GET /robots.txt HTTP/1.1" 404 300 "-" "Mozilla/5.0 (compatible; bingbot/2.0; +http://www.bing.com/bingbot.htm)"
207.46.13.35 - - [05/Jul/2021:12:38:06 +0200] "GET /login HTTP/1.1" 200 2085 "-" "Mozilla/5.0 (compatible; bingbot/2.0; +http://www.bing.com/bingbot.htm)"
40.77.189.225 - - [05/Jul/2021:12:38:08 +0200] "GET /css/styles.css HTTP/1.1" 200 14664 "http://renault.activities.at/login" "Mozilla/5.0 (Windows NT 6.1; WOW64) AppleWebKit/534+ (KHTML, like Gecko) BingPreview/1.0b"
80.120.210.179 - - [05/Jul/2021:12:38:16 +0200] "GET /reload?ser=1625481496587 HTTP/1.1" 200 28 "http://renault.activities.at/success" "Mozilla/5.0 (Windows NT 10.0; Win64; x64) AppleWebKit/537.36 (KHTML, like Gecko) Chrome/91.0.4472.114 Safari/537.36"
193.194.132.27 - - [05/Jul/2021:12:38:50 +0200] "GET /reload?ser=1625481530269 HTTP/1.1" 200 28 "http://renault.2web.at/account" "Mozilla/5.0 (Windows NT 10.0; Win64; x64) AppleWebKit/537.36 (KHTML, like Gecko) Chrome/91.0.4472.124 Safari/537.36"
80.120.210.179 - - [05/Jul/2021:12:39:17 +0200] "GET /reload?ser=1625481557592 HTTP/1.1" 200 28 "http://renault.activities.at/success" "Mozilla/5.0 (Windows NT 10.0; Win64; x64) AppleWebKit/537.36 (KHTML, like Gecko) Chrome/91.0.4472.114 Safari/537.36"
193.194.132.27 - - [05/Jul/2021:12:39:52 +0200] "GET /reload?ser=1625481592279 HTTP/1.1" 200 28 "http://renault.2web.at/account" "Mozilla/5.0 (Windows NT 10.0; Win64; x64) AppleWebKit/537.36 (KHTML, like Gecko) Chrome/91.0.4472.124 Safari/537.36"
80.120.210.179 - - [05/Jul/2021:12:40:18 +0200] "GET /reload?ser=1625481618595 HTTP/1.1" 200 28 "http://renault.activities.at/success" "Mozilla/5.0 (Windows NT 10.0; Win64; x64) AppleWebKit/537.36 (KHTML, like Gecko) Chrome/91.0.4472.114 Safari/537.36"
193.194.132.27 - - [05/Jul/2021:12:40:54 +0200] "GET /reload?ser=1625481654276 HTTP/1.1" 200 28 "http://renault.2web.at/account" "Mozilla/5.0 (Windows NT 10.0; Win64; x64) AppleWebKit/537.36 (KHTML, like Gecko) Chrome/91.0.4472.124 Safari/537.36"
80.120.210.179 - - [05/Jul/2021:12:41:19 +0200] "GET /reload?ser=1625481679586 HTTP/1.1" 200 28 "http://renault.activities.at/success" "Mozilla/5.0 (Windows NT 10.0; Win64; x64) AppleWebKit/537.36 (KHTML, like Gecko) Chrome/91.0.4472.114 Safari/537.36"
193.194.132.27 - - [05/Jul/2021:12:41:56 +0200] "GET /reload?ser=1625481716279 HTTP/1.1" 200 28 "http://renault.2web.at/account" "Mozilla/5.0 (Windows NT 10.0; Win64; x64) AppleWebKit/537.36 (KHTML, like Gecko) Chrome/91.0.4472.124 Safari/537.36"
80.120.210.179 - - [05/Jul/2021:12:42:20 +0200] "GET /reload?ser=1625481740593 HTTP/1.1" 200 28 "http://renault.activities.at/success" "Mozilla/5.0 (Windows NT 10.0; Win64; x64) AppleWebKit/537.36 (KHTML, like Gecko) Chrome/91.0.4472.114 Safari/537.36"
193.194.132.27 - - [05/Jul/2021:12:42:58 +0200] "GET /reload?ser=1625481778282 HTTP/1.1" 200 28 "http://renault.2web.at/account" "Mozilla/5.0 (Windows NT 10.0; Win64; x64) AppleWebKit/537.36 (KHTML, like Gecko) Chrome/91.0.4472.124 Safari/537.36"
80.120.210.179 - - [05/Jul/2021:12:43:21 +0200] "GET /reload?ser=1625481801585 HTTP/1.1" 200 28 "http://renault.activities.at/success" "Mozilla/5.0 (Windows NT 10.0; Win64; x64) AppleWebKit/537.36 (KHTML, like Gecko) Chrome/91.0.4472.114 Safari/537.36"
193.194.132.27 - - [05/Jul/2021:12:44:00 +0200] "GET /reload?ser=1625481840285 HTTP/1.1" 200 28 "http://renault.2web.at/account" "Mozilla/5.0 (Windows NT 10.0; Win64; x64) AppleWebKit/537.36 (KHTML, like Gecko) Chrome/91.0.4472.124 Safari/537.36"
80.120.210.179 - - [05/Jul/2021:12:44:22 +0200] "GET /reload?ser=1625481862599 HTTP/1.1" 200 28 "http://renault.activities.at/success" "Mozilla/5.0 (Windows NT 10.0; Win64; x64) AppleWebKit/537.36 (KHTML, like Gecko) Chrome/91.0.4472.114 Safari/537.36"
193.194.132.27 - - [05/Jul/2021:12:45:02 +0200] "GET /reload?ser=1625481902288 HTTP/1.1" 200 28 "http://renault.2web.at/account" "Mozilla/5.0 (Windows NT 10.0; Win64; x64) AppleWebKit/537.36 (KHTML, like Gecko) Chrome/91.0.4472.124 Safari/537.36"
80.120.210.179 - - [05/Jul/2021:12:45:23 +0200] "GET /reload?ser=1625481923596 HTTP/1.1" 200 28 "http://renault.activities.at/success" "Mozilla/5.0 (Windows NT 10.0; Win64; x64) AppleWebKit/537.36 (KHTML, like Gecko) Chrome/91.0.4472.114 Safari/537.36"
193.194.132.27 - - [05/Jul/2021:12:46:04 +0200] "GET /reload?ser=1625481964288 HTTP/1.1" 200 28 "http://renault.2web.at/account" "Mozilla/5.0 (Windows NT 10.0; Win64; x64) AppleWebKit/537.36 (KHTML, like Gecko) Chrome/91.0.4472.124 Safari/537.36"
80.120.210.179 - - [05/Jul/2021:12:46:24 +0200] "GET /reload?ser=1625481984598 HTTP/1.1" 200 28 "http://renault.activities.at/success" "Mozilla/5.0 (Windows NT 10.0; Win64; x64) AppleWebKit/537.36 (KHTML, like Gecko) Chrome/91.0.4472.114 Safari/537.36"
193.194.132.27 - - [05/Jul/2021:12:47:06 +0200] "GET /reload?ser=1625482026306 HTTP/1.1" 200 28 "http://renault.2web.at/account" "Mozilla/5.0 (Windows NT 10.0; Win64; x64) AppleWebKit/537.36 (KHTML, like Gecko) Chrome/91.0.4472.124 Safari/537.36"
80.120.210.179 - - [05/Jul/2021:12:47:25 +0200] "GET /reload?ser=1625482045593 HTTP/1.1" 200 28 "http://renault.activities.at/success" "Mozilla/5.0 (Windows NT 10.0; Win64; x64) AppleWebKit/537.36 (KHTML, like Gecko) Chrome/91.0.4472.114 Safari/537.36"
193.194.132.27 - - [05/Jul/2021:12:48:08 +0200] "GET /reload?ser=1625482088292 HTTP/1.1" 200 28 "http://renault.2web.at/account" "Mozilla/5.0 (Windows NT 10.0; Win64; x64) AppleWebKit/537.36 (KHTML, like Gecko) Chrome/91.0.4472.124 Safari/537.36"
80.120.210.179 - - [05/Jul/2021:12:48:26 +0200] "GET /reload?ser=1625482106599 HTTP/1.1" 200 28 "http://renault.activities.at/success" "Mozilla/5.0 (Windows NT 10.0; Win64; x64) AppleWebKit/537.36 (KHTML, like Gecko) Chrome/91.0.4472.114 Safari/537.36"
193.194.132.27 - - [05/Jul/2021:12:49:10 +0200] "GET /reload?ser=1625482150299 HTTP/1.1" 200 28 "http://renault.2web.at/account" "Mozilla/5.0 (Windows NT 10.0; Win64; x64) AppleWebKit/537.36 (KHTML, like Gecko) Chrome/91.0.4472.124 Safari/537.36"
80.120.210.179 - - [05/Jul/2021:12:49:27 +0200] "GET /reload?ser=1625482167586 HTTP/1.1" 200 28 "http://renault.activities.at/success" "Mozilla/5.0 (Windows NT 10.0; Win64; x64) AppleWebKit/537.36 (KHTML, like Gecko) Chrome/91.0.4472.114 Safari/537.36"
193.194.132.27 - - [05/Jul/2021:12:50:12 +0200] "GET /reload?ser=1625482212296 HTTP/1.1" 200 28 "http://renault.2web.at/account" "Mozilla/5.0 (Windows NT 10.0; Win64; x64) AppleWebKit/537.36 (KHTML, like Gecko) Chrome/91.0.4472.124 Safari/537.36"
80.120.210.179 - - [05/Jul/2021:12:50:28 +0200] "GET /reload?ser=1625482228586 HTTP/1.1" 200 28 "http://renault.activities.at/success" "Mozilla/5.0 (Windows NT 10.0; Win64; x64) AppleWebKit/537.36 (KHTML, like Gecko) Chrome/91.0.4472.114 Safari/537.36"
193.194.132.27 - - [05/Jul/2021:12:51:14 +0200] "GET /reload?ser=1625482274299 HTTP/1.1" 200 28 "http://renault.2web.at/account" "Mozilla/5.0 (Windows NT 10.0; Win64; x64) AppleWebKit/537.36 (KHTML, like Gecko) Chrome/91.0.4472.124 Safari/537.36"
80.120.210.179 - - [05/Jul/2021:12:51:29 +0200] "GET /reload?ser=1625482289587 HTTP/1.1" 200 28 "http://renault.activities.at/success" "Mozilla/5.0 (Windows NT 10.0; Win64; x64) AppleWebKit/537.36 (KHTML, like Gecko) Chrome/91.0.4472.114 Safari/537.36"
193.194.132.27 - - [05/Jul/2021:12:52:16 +0200] "GET /reload?ser=1625482336307 HTTP/1.1" 200 28 "http://renault.2web.at/account" "Mozilla/5.0 (Windows NT 10.0; Win64; x64) AppleWebKit/537.36 (KHTML, like Gecko) Chrome/91.0.4472.124 Safari/537.36"
80.120.210.179 - - [05/Jul/2021:12:52:30 +0200] "GET /reload?ser=1625482350586 HTTP/1.1" 200 28 "http://renault.activities.at/success" "Mozilla/5.0 (Windows NT 10.0; Win64; x64) AppleWebKit/537.36 (KHTML, like Gecko) Chrome/91.0.4472.114 Safari/537.36"
193.194.132.27 - - [05/Jul/2021:12:53:18 +0200] "GET /reload?ser=1625482398303 HTTP/1.1" 200 28 "http://renault.2web.at/account" "Mozilla/5.0 (Windows NT 10.0; Win64; x64) AppleWebKit/537.36 (KHTML, like Gecko) Chrome/91.0.4472.124 Safari/537.36"
80.120.210.179 - - [05/Jul/2021:12:53:31 +0200] "GET /reload?ser=1625482411590 HTTP/1.1" 200 28 "http://renault.activities.at/success" "Mozilla/5.0 (Windows NT 10.0; Win64; x64) AppleWebKit/537.36 (KHTML, like Gecko) Chrome/91.0.4472.114 Safari/537.36"
193.194.132.27 - - [05/Jul/2021:12:54:20 +0200] "GET /reload?ser=1625482460307 HTTP/1.1" 200 28 "http://renault.2web.at/account" "Mozilla/5.0 (Windows NT 10.0; Win64; x64) AppleWebKit/537.36 (KHTML, like Gecko) Chrome/91.0.4472.124 Safari/537.36"
80.120.210.179 - - [05/Jul/2021:12:54:32 +0200] "GET /reload?ser=1625482472587 HTTP/1.1" 200 28 "http://renault.activities.at/success" "Mozilla/5.0 (Windows NT 10.0; Win64; x64) AppleWebKit/537.36 (KHTML, like Gecko) Chrome/91.0.4472.114 Safari/537.36"
193.194.132.27 - - [05/Jul/2021:12:55:22 +0200] "GET /reload?ser=1625482522303 HTTP/1.1" 200 28 "http://renault.2web.at/account" "Mozilla/5.0 (Windows NT 10.0; Win64; x64) AppleWebKit/537.36 (KHTML, like Gecko) Chrome/91.0.4472.124 Safari/537.36"
80.120.210.179 - - [05/Jul/2021:12:55:33 +0200] "GET /reload?ser=1625482533594 HTTP/1.1" 200 28 "http://renault.activities.at/success" "Mozilla/5.0 (Windows NT 10.0; Win64; x64) AppleWebKit/537.36 (KHTML, like Gecko) Chrome/91.0.4472.114 Safari/537.36"
193.194.132.27 - - [05/Jul/2021:12:56:24 +0200] "GET /reload?ser=1625482584304 HTTP/1.1" 200 28 "http://renault.2web.at/account" "Mozilla/5.0 (Windows NT 10.0; Win64; x64) AppleWebKit/537.36 (KHTML, like Gecko) Chrome/91.0.4472.124 Safari/537.36"
80.120.210.179 - - [05/Jul/2021:12:56:34 +0200] "GET /reload?ser=1625482594587 HTTP/1.1" 200 28 "http://renault.activities.at/success" "Mozilla/5.0 (Windows NT 10.0; Win64; x64) AppleWebKit/537.36 (KHTML, like Gecko) Chrome/91.0.4472.114 Safari/537.36"
193.194.132.27 - - [05/Jul/2021:12:57:26 +0200] "GET /reload?ser=1625482646305 HTTP/1.1" 200 28 "http://renault.2web.at/account" "Mozilla/5.0 (Windows NT 10.0; Win64; x64) AppleWebKit/537.36 (KHTML, like Gecko) Chrome/91.0.4472.124 Safari/537.36"
80.120.210.179 - - [05/Jul/2021:12:57:35 +0200] "GET /reload?ser=1625482655586 HTTP/1.1" 200 28 "http://renault.activities.at/success" "Mozilla/5.0 (Windows NT 10.0; Win64; x64) AppleWebKit/537.36 (KHTML, like Gecko) Chrome/91.0.4472.114 Safari/537.36"
193.194.132.27 - - [05/Jul/2021:12:58:28 +0200] "GET /reload?ser=1625482708307 HTTP/1.1" 200 28 "http://renault.2web.at/account" "Mozilla/5.0 (Windows NT 10.0; Win64; x64) AppleWebKit/537.36 (KHTML, like Gecko) Chrome/91.0.4472.124 Safari/537.36"
80.120.210.179 - - [05/Jul/2021:12:58:36 +0200] "GET /reload?ser=1625482716588 HTTP/1.1" 200 28 "http://renault.activities.at/success" "Mozilla/5.0 (Windows NT 10.0; Win64; x64) AppleWebKit/537.36 (KHTML, like Gecko) Chrome/91.0.4472.114 Safari/537.36"
193.194.132.27 - - [05/Jul/2021:12:59:30 +0200] "GET /reload?ser=1625482770307 HTTP/1.1" 200 28 "http://renault.2web.at/account" "Mozilla/5.0 (Windows NT 10.0; Win64; x64) AppleWebKit/537.36 (KHTML, like Gecko) Chrome/91.0.4472.124 Safari/537.36"
80.120.210.179 - - [05/Jul/2021:12:59:37 +0200] "GET /reload?ser=1625482777596 HTTP/1.1" 200 28 "http://renault.activities.at/success" "Mozilla/5.0 (Windows NT 10.0; Win64; x64) AppleWebKit/537.36 (KHTML, like Gecko) Chrome/91.0.4472.114 Safari/537.36"
193.194.132.27 - - [05/Jul/2021:13:00:32 +0200] "GET /reload?ser=1625482832308 HTTP/1.1" 200 28 "http://renault.2web.at/account" "Mozilla/5.0 (Windows NT 10.0; Win64; x64) AppleWebKit/537.36 (KHTML, like Gecko) Chrome/91.0.4472.124 Safari/537.36"
80.120.210.179 - - [05/Jul/2021:13:00:38 +0200] "GET /reload?ser=1625482838586 HTTP/1.1" 200 28 "http://renault.activities.at/success" "Mozilla/5.0 (Windows NT 10.0; Win64; x64) AppleWebKit/537.36 (KHTML, like Gecko) Chrome/91.0.4472.114 Safari/537.36"
193.194.132.27 - - [05/Jul/2021:13:01:34 +0200] "GET /reload?ser=1625482894310 HTTP/1.1" 200 28 "http://renault.2web.at/account" "Mozilla/5.0 (Windows NT 10.0; Win64; x64) AppleWebKit/537.36 (KHTML, like Gecko) Chrome/91.0.4472.124 Safari/537.36"
80.120.210.179 - - [05/Jul/2021:13:01:39 +0200] "GET /reload?ser=1625482899586 HTTP/1.1" 200 28 "http://renault.activities.at/success" "Mozilla/5.0 (Windows NT 10.0; Win64; x64) AppleWebKit/537.36 (KHTML, like Gecko) Chrome/91.0.4472.114 Safari/537.36"
193.194.132.27 - - [05/Jul/2021:13:02:36 +0200] "GET /reload?ser=1625482956310 HTTP/1.1" 200 28 "http://renault.2web.at/account" "Mozilla/5.0 (Windows NT 10.0; Win64; x64) AppleWebKit/537.36 (KHTML, like Gecko) Chrome/91.0.4472.124 Safari/537.36"
80.120.210.179 - - [05/Jul/2021:13:02:40 +0200] "GET /reload?ser=1625482960587 HTTP/1.1" 200 28 "http://renault.activities.at/success" "Mozilla/5.0 (Windows NT 10.0; Win64; x64) AppleWebKit/537.36 (KHTML, like Gecko) Chrome/91.0.4472.114 Safari/537.36"
193.194.132.27 - - [05/Jul/2021:13:03:38 +0200] "GET /reload?ser=1625483018311 HTTP/1.1" 200 28 "http://renault.2web.at/account" "Mozilla/5.0 (Windows NT 10.0; Win64; x64) AppleWebKit/537.36 (KHTML, like Gecko) Chrome/91.0.4472.124 Safari/537.36"
80.120.210.179 - - [05/Jul/2021:13:03:41 +0200] "GET /reload?ser=1625483021586 HTTP/1.1" 200 28 "http://renault.activities.at/success" "Mozilla/5.0 (Windows NT 10.0; Win64; x64) AppleWebKit/537.36 (KHTML, like Gecko) Chrome/91.0.4472.114 Safari/537.36"
193.194.132.27 - - [05/Jul/2021:13:04:40 +0200] "GET /reload?ser=1625483080316 HTTP/1.1" 200 28 "http://renault.2web.at/account" "Mozilla/5.0 (Windows NT 10.0; Win64; x64) AppleWebKit/537.36 (KHTML, like Gecko) Chrome/91.0.4472.124 Safari/537.36"
80.120.210.179 - - [05/Jul/2021:13:04:42 +0200] "GET /reload?ser=1625483082587 HTTP/1.1" 200 28 "http://renault.activities.at/success" "Mozilla/5.0 (Windows NT 10.0; Win64; x64) AppleWebKit/537.36 (KHTML, like Gecko) Chrome/91.0.4472.114 Safari/537.36"
193.194.132.27 - - [05/Jul/2021:13:05:42 +0200] "GET /reload?ser=1625483142313 HTTP/1.1" 200 28 "http://renault.2web.at/account" "Mozilla/5.0 (Windows NT 10.0; Win64; x64) AppleWebKit/537.36 (KHTML, like Gecko) Chrome/91.0.4472.124 Safari/537.36"
80.120.210.179 - - [05/Jul/2021:13:05:43 +0200] "GET /reload?ser=1625483143600 HTTP/1.1" 200 28 "http://renault.activities.at/success" "Mozilla/5.0 (Windows NT 10.0; Win64; x64) AppleWebKit/537.36 (KHTML, like Gecko) Chrome/91.0.4472.114 Safari/537.36"
80.120.210.179 - - [05/Jul/2021:13:06:44 +0200] "GET /reload?ser=1625483204595 HTTP/1.1" 200 28 "http://renault.activities.at/success" "Mozilla/5.0 (Windows NT 10.0; Win64; x64) AppleWebKit/537.36 (KHTML, like Gecko) Chrome/91.0.4472.114 Safari/537.36"
193.194.132.27 - - [05/Jul/2021:13:06:44 +0200] "GET /reload?ser=1625483204318 HTTP/1.1" 200 28 "http://renault.2web.at/account" "Mozilla/5.0 (Windows NT 10.0; Win64; x64) AppleWebKit/537.36 (KHTML, like Gecko) Chrome/91.0.4472.124 Safari/537.36"
80.120.210.179 - - [05/Jul/2021:13:07:45 +0200] "GET /reload?ser=1625483265591 HTTP/1.1" 200 28 "http://renault.activities.at/success" "Mozilla/5.0 (Windows NT 10.0; Win64; x64) AppleWebKit/537.36 (KHTML, like Gecko) Chrome/91.0.4472.114 Safari/537.36"
193.194.132.27 - - [05/Jul/2021:13:07:46 +0200] "GET /reload?ser=1625483266313 HTTP/1.1" 200 28 "http://renault.2web.at/account" "Mozilla/5.0 (Windows NT 10.0; Win64; x64) AppleWebKit/537.36 (KHTML, like Gecko) Chrome/91.0.4472.124 Safari/537.36"
80.120.210.179 - - [05/Jul/2021:13:08:46 +0200] "GET /reload?ser=1625483326587 HTTP/1.1" 200 28 "http://renault.activities.at/success" "Mozilla/5.0 (Windows NT 10.0; Win64; x64) AppleWebKit/537.36 (KHTML, like Gecko) Chrome/91.0.4472.114 Safari/537.36"
193.194.132.27 - - [05/Jul/2021:13:08:48 +0200] "GET /reload?ser=1625483328313 HTTP/1.1" 200 28 "http://renault.2web.at/account" "Mozilla/5.0 (Windows NT 10.0; Win64; x64) AppleWebKit/537.36 (KHTML, like Gecko) Chrome/91.0.4472.124 Safari/537.36"
80.120.210.179 - - [05/Jul/2021:13:09:48 +0200] "GET /reload?ser=1625483388586 HTTP/1.1" 200 28 "http://renault.activities.at/success" "Mozilla/5.0 (Windows NT 10.0; Win64; x64) AppleWebKit/537.36 (KHTML, like Gecko) Chrome/91.0.4472.114 Safari/537.36"
193.194.132.27 - - [05/Jul/2021:13:09:50 +0200] "GET /reload?ser=1625483390314 HTTP/1.1" 200 28 "http://renault.2web.at/account" "Mozilla/5.0 (Windows NT 10.0; Win64; x64) AppleWebKit/537.36 (KHTML, like Gecko) Chrome/91.0.4472.124 Safari/537.36"
80.120.210.179 - - [05/Jul/2021:13:10:49 +0200] "GET /reload?ser=1625483449597 HTTP/1.1" 200 28 "http://renault.activities.at/success" "Mozilla/5.0 (Windows NT 10.0; Win64; x64) AppleWebKit/537.36 (KHTML, like Gecko) Chrome/91.0.4472.114 Safari/537.36"
193.194.132.27 - - [05/Jul/2021:13:10:52 +0200] "GET /reload?ser=1625483452314 HTTP/1.1" 200 28 "http://renault.2web.at/account" "Mozilla/5.0 (Windows NT 10.0; Win64; x64) AppleWebKit/537.36 (KHTML, like Gecko) Chrome/91.0.4472.124 Safari/537.36"
80.120.210.179 - - [05/Jul/2021:13:11:50 +0200] "GET /reload?ser=1625483510597 HTTP/1.1" 200 28 "http://renault.activities.at/success" "Mozilla/5.0 (Windows NT 10.0; Win64; x64) AppleWebKit/537.36 (KHTML, like Gecko) Chrome/91.0.4472.114 Safari/537.36"
193.194.132.27 - - [05/Jul/2021:13:11:54 +0200] "GET /reload?ser=1625483514315 HTTP/1.1" 200 28 "http://renault.2web.at/account" "Mozilla/5.0 (Windows NT 10.0; Win64; x64) AppleWebKit/537.36 (KHTML, like Gecko) Chrome/91.0.4472.124 Safari/537.36"
80.120.210.179 - - [05/Jul/2021:13:12:51 +0200] "GET /reload?ser=1625483571596 HTTP/1.1" 200 28 "http://renault.activities.at/success" "Mozilla/5.0 (Windows NT 10.0; Win64; x64) AppleWebKit/537.36 (KHTML, like Gecko) Chrome/91.0.4472.114 Safari/537.36"
193.194.132.27 - - [05/Jul/2021:13:12:56 +0200] "GET /reload?ser=1625483576315 HTTP/1.1" 200 28 "http://renault.2web.at/account" "Mozilla/5.0 (Windows NT 10.0; Win64; x64) AppleWebKit/537.36 (KHTML, like Gecko) Chrome/91.0.4472.124 Safari/537.36"
80.120.210.179 - - [05/Jul/2021:13:13:52 +0200] "GET /reload?ser=1625483632586 HTTP/1.1" 200 28 "http://renault.activities.at/success" "Mozilla/5.0 (Windows NT 10.0; Win64; x64) AppleWebKit/537.36 (KHTML, like Gecko) Chrome/91.0.4472.114 Safari/537.36"
193.194.132.27 - - [05/Jul/2021:13:13:58 +0200] "GET /reload?ser=1625483638316 HTTP/1.1" 200 28 "http://renault.2web.at/account" "Mozilla/5.0 (Windows NT 10.0; Win64; x64) AppleWebKit/537.36 (KHTML, like Gecko) Chrome/91.0.4472.124 Safari/537.36"
80.120.210.179 - - [05/Jul/2021:13:14:53 +0200] "GET /reload?ser=1625483693586 HTTP/1.1" 200 28 "http://renault.activities.at/success" "Mozilla/5.0 (Windows NT 10.0; Win64; x64) AppleWebKit/537.36 (KHTML, like Gecko) Chrome/91.0.4472.114 Safari/537.36"
193.194.132.27 - - [05/Jul/2021:13:15:00 +0200] "GET /reload?ser=1625483700317 HTTP/1.1" 200 28 "http://renault.2web.at/account" "Mozilla/5.0 (Windows NT 10.0; Win64; x64) AppleWebKit/537.36 (KHTML, like Gecko) Chrome/91.0.4472.124 Safari/537.36"
80.122.53.230 - - [05/Jul/2021:13:15:10 +0200] "GET / HTTP/1.1" 200 3315 "-" "Mozilla/5.0 (Windows NT 10.0; Win64; x64) AppleWebKit/537.36 (KHTML, like Gecko) Chrome/91.0.4472.124 Safari/537.36"
80.120.210.179 - - [05/Jul/2021:13:15:54 +0200] "GET /reload?ser=1625483754587 HTTP/1.1" 200 28 "http://renault.activities.at/success" "Mozilla/5.0 (Windows NT 10.0; Win64; x64) AppleWebKit/537.36 (KHTML, like Gecko) Chrome/91.0.4472.114 Safari/537.36"
193.194.132.27 - - [05/Jul/2021:13:16:02 +0200] "GET /reload?ser=1625483762317 HTTP/1.1" 200 28 "http://renault.2web.at/account" "Mozilla/5.0 (Windows NT 10.0; Win64; x64) AppleWebKit/537.36 (KHTML, like Gecko) Chrome/91.0.4472.124 Safari/537.36"
37.120.155.202 - - [05/Jul/2021:13:16:31 +0200] "GET /login HTTP/1.1" 200 2085 "-" "Mozilla/5.0 (Macintosh; Intel Mac OS X 10.13; rv:89.0) Gecko/20100101 Firefox/89.0"
37.120.155.202 - - [05/Jul/2021:13:16:32 +0200] "GET /js/default.js HTTP/1.1" 200 14698 "http://renault.activities.at/login" "Mozilla/5.0 (Macintosh; Intel Mac OS X 10.13; rv:89.0) Gecko/20100101 Firefox/89.0"
37.120.155.202 - - [05/Jul/2021:13:16:32 +0200] "GET /css/reset.css HTTP/1.1" 200 1356 "http://renault.activities.at/login" "Mozilla/5.0 (Macintosh; Intel Mac OS X 10.13; rv:89.0) Gecko/20100101 Firefox/89.0"
37.120.155.202 - - [05/Jul/2021:13:16:32 +0200] "GET /css/clears.css HTTP/1.1" 200 851 "http://renault.activities.at/login" "Mozilla/5.0 (Macintosh; Intel Mac OS X 10.13; rv:89.0) Gecko/20100101 Firefox/89.0"
37.120.155.202 - - [05/Jul/2021:13:16:32 +0200] "GET /js/checkout.css HTTP/1.1" 200 359 "http://renault.activities.at/login" "Mozilla/5.0 (Macintosh; Intel Mac OS X 10.13; rv:89.0) Gecko/20100101 Firefox/89.0"
37.120.155.202 - - [05/Jul/2021:13:16:32 +0200] "GET /css/styles.css HTTP/1.1" 200 14664 "http://renault.activities.at/login" "Mozilla/5.0 (Macintosh; Intel Mac OS X 10.13; rv:89.0) Gecko/20100101 Firefox/89.0"
37.120.155.202 - - [05/Jul/2021:13:16:32 +0200] "GET /css/prototip.css HTTP/1.1" 200 968 "http://renault.activities.at/login" "Mozilla/5.0 (Macintosh; Intel Mac OS X 10.13; rv:89.0) Gecko/20100101 Firefox/89.0"
37.120.155.202 - - [05/Jul/2021:13:16:32 +0200] "GET /css/themes/alphacube.css HTTP/1.1" 200 743 "http://renault.activities.at/login" "Mozilla/5.0 (Macintosh; Intel Mac OS X 10.13; rv:89.0) Gecko/20100101 Firefox/89.0"
37.120.155.202 - - [05/Jul/2021:13:16:32 +0200] "GET /css/themes/default.css HTTP/1.1" 200 769 "http://renault.activities.at/login" "Mozilla/5.0 (Macintosh; Intel Mac OS X 10.13; rv:89.0) Gecko/20100101 Firefox/89.0"
37.120.155.202 - - [05/Jul/2021:13:16:32 +0200] "GET /js/index.php?c=auto&f=,prototype/prototype.js,prototype/validation.js,scriptaculous/builder.js,scriptaculous/effects.js,scriptaculous/dragdrop.js,scriptaculous/controls.js,scriptaculous/slider.js,varien/js.js,varien/form.js,varien/menu.js,mage/translate.js,mage/cookies.js,varien/product.js,spinner/SpinnerControl.jsmin.js,prototype/window.js,prototype/window_ext.js HTTP/1.1" 200 94182 "http://renault.activities.at/login" "Mozilla/5.0 (Macintosh; Intel Mac OS X 10.13; rv:89.0) Gecko/20100101 Firefox/89.0"
37.120.155.202 - - [05/Jul/2021:13:16:32 +0200] "GET /images/main_block_corner_right_bot.gif HTTP/1.1" 200 158 "http://renault.activities.at/css/styles.css" "Mozilla/5.0 (Macintosh; Intel Mac OS X 10.13; rv:89.0) Gecko/20100101 Firefox/89.0"
37.120.155.202 - - [05/Jul/2021:13:16:32 +0200] "GET /css/print.css HTTP/1.1" 200 543 "http://renault.activities.at/login" "Mozilla/5.0 (Macintosh; Intel Mac OS X 10.13; rv:89.0) Gecko/20100101 Firefox/89.0"
37.120.155.202 - - [05/Jul/2021:13:16:32 +0200] "GET /images/main_block_corner_left_bot.gif HTTP/1.1" 200 159 "http://renault.activities.at/css/styles.css" "Mozilla/5.0 (Macintosh; Intel Mac OS X 10.13; rv:89.0) Gecko/20100101 Firefox/89.0"
37.120.155.202 - - [05/Jul/2021:13:16:32 +0200] "GET /images/main_block_border.gif HTTP/1.1" 200 43 "http://renault.activities.at/css/styles.css" "Mozilla/5.0 (Macintosh; Intel Mac OS X 10.13; rv:89.0) Gecko/20100101 Firefox/89.0"
37.120.155.202 - - [05/Jul/2021:13:16:32 +0200] "GET /images/header_block_border.gif HTTP/1.1" 200 43 "http://renault.activities.at/css/styles.css" "Mozilla/5.0 (Macintosh; Intel Mac OS X 10.13; rv:89.0) Gecko/20100101 Firefox/89.0"
37.120.155.202 - - [05/Jul/2021:13:16:32 +0200] "GET /images/header_block_corner_left_top.gif HTTP/1.1" 200 160 "http://renault.activities.at/css/styles.css" "Mozilla/5.0 (Macintosh; Intel Mac OS X 10.13; rv:89.0) Gecko/20100101 Firefox/89.0"
37.120.155.202 - - [05/Jul/2021:13:16:32 +0200] "GET /images/main_block_corner_left_top.gif HTTP/1.1" 200 159 "http://renault.activities.at/css/styles.css" "Mozilla/5.0 (Macintosh; Intel Mac OS X 10.13; rv:89.0) Gecko/20100101 Firefox/89.0"
37.120.155.202 - - [05/Jul/2021:13:16:32 +0200] "GET /images/main_block_corner_right_top.gif HTTP/1.1" 200 159 "http://renault.activities.at/css/styles.css" "Mozilla/5.0 (Macintosh; Intel Mac OS X 10.13; rv:89.0) Gecko/20100101 Firefox/89.0"
37.120.155.202 - - [05/Jul/2021:13:16:32 +0200] "GET /images/header_block_corner_right_top.gif HTTP/1.1" 200 160 "http://renault.activities.at/css/styles.css" "Mozilla/5.0 (Macintosh; Intel Mac OS X 10.13; rv:89.0) Gecko/20100101 Firefox/89.0"
37.120.155.202 - - [05/Jul/2021:13:16:32 +0200] "GET /images/title_border.jpg HTTP/1.1" 200 304 "http://renault.activities.at/css/styles.css" "Mozilla/5.0 (Macintosh; Intel Mac OS X 10.13; rv:89.0) Gecko/20100101 Firefox/89.0"
37.120.155.202 - - [05/Jul/2021:13:16:32 +0200] "GET /images/title_border_top.jpg HTTP/1.1" 200 336 "http://renault.activities.at/css/styles.css" "Mozilla/5.0 (Macintosh; Intel Mac OS X 10.13; rv:89.0) Gecko/20100101 Firefox/89.0"
37.120.155.202 - - [05/Jul/2021:13:16:32 +0200] "GET /images/title_corner_left_top.jpg HTTP/1.1" 200 372 "http://renault.activities.at/css/styles.css" "Mozilla/5.0 (Macintosh; Intel Mac OS X 10.13; rv:89.0) Gecko/20100101 Firefox/89.0"
37.120.155.202 - - [05/Jul/2021:13:16:32 +0200] "GET /images/title_corner_right_top.jpg HTTP/1.1" 200 389 "http://renault.activities.at/css/styles.css" "Mozilla/5.0 (Macintosh; Intel Mac OS X 10.13; rv:89.0) Gecko/20100101 Firefox/89.0"
37.120.155.202 - - [05/Jul/2021:13:16:32 +0200] "GET /images/button_right_bg.gif HTTP/1.1" 200 561 "http://renault.activities.at/css/styles.css" "Mozilla/5.0 (Macintosh; Intel Mac OS X 10.13; rv:89.0) Gecko/20100101 Firefox/89.0"
37.120.155.202 - - [05/Jul/2021:13:16:32 +0200] "GET /images/button_bg.gif HTTP/1.1" 200 151 "http://renault.activities.at/css/styles.css" "Mozilla/5.0 (Macintosh; Intel Mac OS X 10.13; rv:89.0) Gecko/20100101 Firefox/89.0"
37.120.155.202 - - [05/Jul/2021:13:16:32 +0200] "GET /images/button_left_bg.gif HTTP/1.1" 200 564 "http://renault.activities.at/css/styles.css" "Mozilla/5.0 (Macintosh; Intel Mac OS X 10.13; rv:89.0) Gecko/20100101 Firefox/89.0"
37.120.155.202 - - [05/Jul/2021:13:16:33 +0200] "GET /images/favicon.ico HTTP/1.1" 404 305 "http://renault.activities.at/login" "Mozilla/5.0 (Macintosh; Intel Mac OS X 10.13; rv:89.0) Gecko/20100101 Firefox/89.0"
37.120.155.202 - - [05/Jul/2021:13:16:32 +0200] "GET /loadthumbnail.php?id=11127982 HTTP/1.1" 200 399614 "http://renault.activities.at/login" "Mozilla/5.0 (Macintosh; Intel Mac OS X 10.13; rv:89.0) Gecko/20100101 Firefox/89.0"
37.120.155.202 - - [05/Jul/2021:13:16:34 +0200] "POST /login HTTP/1.1" 302 140 "http://renault.activities.at/login" "Mozilla/5.0 (Macintosh; Intel Mac OS X 10.13; rv:89.0) Gecko/20100101 Firefox/89.0"
37.120.155.202 - - [05/Jul/2021:13:16:36 +0200] "GET /account HTTP/1.1" 200 5801 "http://renault.activities.at/login" "Mozilla/5.0 (Macintosh; Intel Mac OS X 10.13; rv:89.0) Gecko/20100101 Firefox/89.0"
37.120.155.202 - - [05/Jul/2021:13:16:39 +0200] "GET /js/account.js HTTP/1.1" 200 953 "http://renault.activities.at/account" "Mozilla/5.0 (Macintosh; Intel Mac OS X 10.13; rv:89.0) Gecko/20100101 Firefox/89.0"
37.120.155.202 - - [05/Jul/2021:13:16:39 +0200] "GET /images/ajax_loading.gif HTTP/1.1" 200 1542 "http://renault.activities.at/account" "Mozilla/5.0 (Macintosh; Intel Mac OS X 10.13; rv:89.0) Gecko/20100101 Firefox/89.0"
37.120.155.202 - - [05/Jul/2021:13:16:39 +0200] "GET /images/top_links_divider.gif HTTP/1.1" 200 44 "http://renault.activities.at/css/styles.css" "Mozilla/5.0 (Macintosh; Intel Mac OS X 10.13; rv:89.0) Gecko/20100101 Firefox/89.0"
37.120.155.202 - - [05/Jul/2021:13:16:39 +0200] "GET /images/menu_button_bg.jpg HTTP/1.1" 200 322 "http://renault.activities.at/css/styles.css" "Mozilla/5.0 (Macintosh; Intel Mac OS X 10.13; rv:89.0) Gecko/20100101 Firefox/89.0"
37.120.155.202 - - [05/Jul/2021:13:16:39 +0200] "GET /images/nav_divider.gif HTTP/1.1" 200 43 "http://renault.activities.at/css/styles.css" "Mozilla/5.0 (Macintosh; Intel Mac OS X 10.13; rv:89.0) Gecko/20100101 Firefox/89.0"
37.120.155.202 - - [05/Jul/2021:13:16:39 +0200] "GET /images/menu_divider.gif HTTP/1.1" 200 176 "http://renault.activities.at/css/styles.css" "Mozilla/5.0 (Macintosh; Intel Mac OS X 10.13; rv:89.0) Gecko/20100101 Firefox/89.0"
37.120.155.202 - - [05/Jul/2021:13:16:39 +0200] "GET /images/search_bg.gif HTTP/1.1" 200 1726 "http://renault.activities.at/css/styles.css" "Mozilla/5.0 (Macintosh; Intel Mac OS X 10.13; rv:89.0) Gecko/20100101 Firefox/89.0"
37.120.155.202 - - [05/Jul/2021:13:16:39 +0200] "GET /images/sidebar_title_border.gif HTTP/1.1" 200 43 "http://renault.activities.at/css/styles.css" "Mozilla/5.0 (Macintosh; Intel Mac OS X 10.13; rv:89.0) Gecko/20100101 Firefox/89.0"
37.120.155.202 - - [05/Jul/2021:13:16:39 +0200] "GET /images/sidebar_title_border_top.gif HTTP/1.1" 200 155 "http://renault.activities.at/css/styles.css" "Mozilla/5.0 (Macintosh; Intel Mac OS X 10.13; rv:89.0) Gecko/20100101 Firefox/89.0"
37.120.155.202 - - [05/Jul/2021:13:16:39 +0200] "GET /images/sidebar_title_corner_left_top.gif HTTP/1.1" 200 1124 "http://renault.activities.at/css/styles.css" "Mozilla/5.0 (Macintosh; Intel Mac OS X 10.13; rv:89.0) Gecko/20100101 Firefox/89.0"
37.120.155.202 - - [05/Jul/2021:13:16:39 +0200] "GET /images/sidebar_title_corner_right_top.gif HTTP/1.1" 200 383 "http://renault.activities.at/css/styles.css" "Mozilla/5.0 (Macintosh; Intel Mac OS X 10.13; rv:89.0) Gecko/20100101 Firefox/89.0"
37.120.155.202 - - [05/Jul/2021:13:16:39 +0200] "GET /images/footer_divider.gif HTTP/1.1" 200 44 "http://renault.activities.at/css/styles.css" "Mozilla/5.0 (Macintosh; Intel Mac OS X 10.13; rv:89.0) Gecko/20100101 Firefox/89.0"
37.120.155.202 - - [05/Jul/2021:13:16:39 +0200] "GET /images/reset_bg.gif HTTP/1.1" 200 785 "http://renault.activities.at/css/styles.css" "Mozilla/5.0 (Macintosh; Intel Mac OS X 10.13; rv:89.0) Gecko/20100101 Firefox/89.0"
37.120.155.202 - - [05/Jul/2021:13:16:39 +0200] "GET /loadthumbnail.php?id=11127982 HTTP/1.1" 200 399614 "http://renault.activities.at/account" "Mozilla/5.0 (Macintosh; Intel Mac OS X 10.13; rv:89.0) Gecko/20100101 Firefox/89.0"
37.120.155.202 - - [05/Jul/2021:13:16:45 +0200] "GET /account HTTP/1.1" 200 5801 "http://renault.activities.at/account" "Mozilla/5.0 (Macintosh; Intel Mac OS X 10.13; rv:89.0) Gecko/20100101 Firefox/89.0"
37.120.155.202 - - [05/Jul/2021:13:16:47 +0200] "GET /loadthumbnail.php?id=11127982 HTTP/1.1" 200 399614 "http://renault.activities.at/account" "Mozilla/5.0 (Macintosh; Intel Mac OS X 10.13; rv:89.0) Gecko/20100101 Firefox/89.0"
80.120.210.179 - - [05/Jul/2021:13:16:55 +0200] "GET /reload?ser=1625483815597 HTTP/1.1" 200 28 "http://renault.activities.at/success" "Mozilla/5.0 (Windows NT 10.0; Win64; x64) AppleWebKit/537.36 (KHTML, like Gecko) Chrome/91.0.4472.114 Safari/537.36"
37.120.155.202 - - [05/Jul/2021:13:16:55 +0200] "GET /aboutus HTTP/1.1" 200 4349 "http://renault.activities.at/account" "Mozilla/5.0 (Macintosh; Intel Mac OS X 10.13; rv:89.0) Gecko/20100101 Firefox/89.0"
37.120.155.202 - - [05/Jul/2021:13:16:56 +0200] "GET /loadthumbnail.php?id=11127982 HTTP/1.1" 200 399614 "http://renault.activities.at/aboutus" "Mozilla/5.0 (Macintosh; Intel Mac OS X 10.13; rv:89.0) Gecko/20100101 Firefox/89.0"
193.194.132.27 - - [05/Jul/2021:13:17:04 +0200] "GET /reload?ser=1625483824317 HTTP/1.1" 200 28 "http://renault.2web.at/account" "Mozilla/5.0 (Windows NT 10.0; Win64; x64) AppleWebKit/537.36 (KHTML, like Gecko) Chrome/91.0.4472.124 Safari/537.36"
37.120.155.202 - - [05/Jul/2021:13:17:13 +0200] "GET /advancedsearch HTTP/1.1" 200 4278 "http://renault.activities.at/aboutus" "Mozilla/5.0 (Macintosh; Intel Mac OS X 10.13; rv:89.0) Gecko/20100101 Firefox/89.0"
37.120.155.202 - - [05/Jul/2021:13:17:14 +0200] "GET /loadthumbnail.php?id=11127982 HTTP/1.1" 200 399614 "http://renault.activities.at/advancedsearch" "Mozilla/5.0 (Macintosh; Intel Mac OS X 10.13; rv:89.0) Gecko/20100101 Firefox/89.0"
37.120.155.202 - - [05/Jul/2021:13:17:23 +0200] "GET /account HTTP/1.1" 200 5801 "http://renault.activities.at/advancedsearch" "Mozilla/5.0 (Macintosh; Intel Mac OS X 10.13; rv:89.0) Gecko/20100101 Firefox/89.0"
37.120.155.202 - - [05/Jul/2021:13:17:25 +0200] "GET /loadthumbnail.php?id=11127982 HTTP/1.1" 200 399614 "http://renault.activities.at/account" "Mozilla/5.0 (Macintosh; Intel Mac OS X 10.13; rv:89.0) Gecko/20100101 Firefox/89.0"
37.120.155.202 - - [05/Jul/2021:13:17:41 +0200] "GET /action HTTP/1.1" 200 4065 "http://renault.activities.at/account" "Mozilla/5.0 (Macintosh; Intel Mac OS X 10.13; rv:89.0) Gecko/20100101 Firefox/89.0"
37.120.155.202 - - [05/Jul/2021:13:17:42 +0200] "GET /images/note_msg_icon.gif HTTP/1.1" 200 1022 "http://renault.activities.at/css/styles.css" "Mozilla/5.0 (Macintosh; Intel Mac OS X 10.13; rv:89.0) Gecko/20100101 Firefox/89.0"
37.120.155.202 - - [05/Jul/2021:13:17:42 +0200] "GET /loadthumbnail.php?id=11127982 HTTP/1.1" 200 399614 "http://renault.activities.at/action" "Mozilla/5.0 (Macintosh; Intel Mac OS X 10.13; rv:89.0) Gecko/20100101 Firefox/89.0"
80.120.210.179 - - [05/Jul/2021:13:17:56 +0200] "GET /reload?ser=1625483876585 HTTP/1.1" 200 28 "http://renault.activities.at/success" "Mozilla/5.0 (Windows NT 10.0; Win64; x64) AppleWebKit/537.36 (KHTML, like Gecko) Chrome/91.0.4472.114 Safari/537.36"
193.194.132.27 - - [05/Jul/2021:13:18:06 +0200] "GET /reload?ser=1625483886317 HTTP/1.1" 200 28 "http://renault.2web.at/account" "Mozilla/5.0 (Windows NT 10.0; Win64; x64) AppleWebKit/537.36 (KHTML, like Gecko) Chrome/91.0.4472.124 Safari/537.36"
80.120.210.179 - - [05/Jul/2021:13:18:57 +0200] "GET /reload?ser=1625483937587 HTTP/1.1" 200 28 "http://renault.activities.at/success" "Mozilla/5.0 (Windows NT 10.0; Win64; x64) AppleWebKit/537.36 (KHTML, like Gecko) Chrome/91.0.4472.114 Safari/537.36"
193.194.132.27 - - [05/Jul/2021:13:19:08 +0200] "GET /reload?ser=1625483948317 HTTP/1.1" 200 28 "http://renault.2web.at/account" "Mozilla/5.0 (Windows NT 10.0; Win64; x64) AppleWebKit/537.36 (KHTML, like Gecko) Chrome/91.0.4472.124 Safari/537.36"
80.120.210.179 - - [05/Jul/2021:13:19:58 +0200] "GET /reload?ser=1625483998586 HTTP/1.1" 200 28 "http://renault.activities.at/success" "Mozilla/5.0 (Windows NT 10.0; Win64; x64) AppleWebKit/537.36 (KHTML, like Gecko) Chrome/91.0.4472.114 Safari/537.36"
193.194.132.27 - - [05/Jul/2021:13:20:10 +0200] "GET /reload?ser=1625484010318 HTTP/1.1" 200 28 "http://renault.2web.at/account" "Mozilla/5.0 (Windows NT 10.0; Win64; x64) AppleWebKit/537.36 (KHTML, like Gecko) Chrome/91.0.4472.124 Safari/537.36"
80.120.210.179 - - [05/Jul/2021:13:20:59 +0200] "GET /reload?ser=1625484059588 HTTP/1.1" 200 28 "http://renault.activities.at/success" "Mozilla/5.0 (Windows NT 10.0; Win64; x64) AppleWebKit/537.36 (KHTML, like Gecko) Chrome/91.0.4472.114 Safari/537.36"
193.194.132.27 - - [05/Jul/2021:13:21:12 +0200] "GET /reload?ser=1625484072319 HTTP/1.1" 200 28 "http://renault.2web.at/account" "Mozilla/5.0 (Windows NT 10.0; Win64; x64) AppleWebKit/537.36 (KHTML, like Gecko) Chrome/91.0.4472.124 Safari/537.36"
80.120.210.179 - - [05/Jul/2021:13:22:00 +0200] "GET /reload?ser=1625484120598 HTTP/1.1" 200 28 "http://renault.activities.at/success" "Mozilla/5.0 (Windows NT 10.0; Win64; x64) AppleWebKit/537.36 (KHTML, like Gecko) Chrome/91.0.4472.114 Safari/537.36"
193.194.132.27 - - [05/Jul/2021:13:22:14 +0200] "GET /reload?ser=1625484134324 HTTP/1.1" 200 28 "http://renault.2web.at/account" "Mozilla/5.0 (Windows NT 10.0; Win64; x64) AppleWebKit/537.36 (KHTML, like Gecko) Chrome/91.0.4472.124 Safari/537.36"
80.120.210.179 - - [05/Jul/2021:13:23:01 +0200] "GET /reload?ser=1625484181588 HTTP/1.1" 200 28 "http://renault.activities.at/success" "Mozilla/5.0 (Windows NT 10.0; Win64; x64) AppleWebKit/537.36 (KHTML, like Gecko) Chrome/91.0.4472.114 Safari/537.36"
193.194.132.27 - - [05/Jul/2021:13:23:16 +0200] "GET /reload?ser=1625484196324 HTTP/1.1" 200 28 "http://renault.2web.at/account" "Mozilla/5.0 (Windows NT 10.0; Win64; x64) AppleWebKit/537.36 (KHTML, like Gecko) Chrome/91.0.4472.124 Safari/537.36"
80.120.210.179 - - [05/Jul/2021:13:24:02 +0200] "GET /reload?ser=1625484242588 HTTP/1.1" 200 28 "http://renault.activities.at/success" "Mozilla/5.0 (Windows NT 10.0; Win64; x64) AppleWebKit/537.36 (KHTML, like Gecko) Chrome/91.0.4472.114 Safari/537.36"
193.194.132.27 - - [05/Jul/2021:13:24:18 +0200] "GET /reload?ser=1625484258320 HTTP/1.1" 200 28 "http://renault.2web.at/account" "Mozilla/5.0 (Windows NT 10.0; Win64; x64) AppleWebKit/537.36 (KHTML, like Gecko) Chrome/91.0.4472.124 Safari/537.36"
80.120.210.179 - - [05/Jul/2021:13:25:03 +0200] "GET /reload?ser=1625484303592 HTTP/1.1" 200 28 "http://renault.activities.at/success" "Mozilla/5.0 (Windows NT 10.0; Win64; x64) AppleWebKit/537.36 (KHTML, like Gecko) Chrome/91.0.4472.114 Safari/537.36"
193.194.132.27 - - [05/Jul/2021:13:25:20 +0200] "GET /reload?ser=1625484320320 HTTP/1.1" 200 28 "http://renault.2web.at/account" "Mozilla/5.0 (Windows NT 10.0; Win64; x64) AppleWebKit/537.36 (KHTML, like Gecko) Chrome/91.0.4472.124 Safari/537.36"
80.120.210.179 - - [05/Jul/2021:13:26:04 +0200] "GET /reload?ser=1625484364586 HTTP/1.1" 200 28 "http://renault.activities.at/success" "Mozilla/5.0 (Windows NT 10.0; Win64; x64) AppleWebKit/537.36 (KHTML, like Gecko) Chrome/91.0.4472.114 Safari/537.36"
193.194.132.27 - - [05/Jul/2021:13:26:22 +0200] "GET /reload?ser=1625484382319 HTTP/1.1" 200 28 "http://renault.2web.at/account" "Mozilla/5.0 (Windows NT 10.0; Win64; x64) AppleWebKit/537.36 (KHTML, like Gecko) Chrome/91.0.4472.124 Safari/537.36"
80.120.210.179 - - [05/Jul/2021:13:27:05 +0200] "GET /reload?ser=1625484425600 HTTP/1.1" 200 28 "http://renault.activities.at/success" "Mozilla/5.0 (Windows NT 10.0; Win64; x64) AppleWebKit/537.36 (KHTML, like Gecko) Chrome/91.0.4472.114 Safari/537.36"
193.194.132.27 - - [05/Jul/2021:13:27:24 +0200] "GET /reload?ser=1625484444320 HTTP/1.1" 200 28 "http://renault.2web.at/account" "Mozilla/5.0 (Windows NT 10.0; Win64; x64) AppleWebKit/537.36 (KHTML, like Gecko) Chrome/91.0.4472.124 Safari/537.36"
80.120.210.179 - - [05/Jul/2021:13:28:07 +0200] "GET /reload?ser=1625484487594 HTTP/1.1" 200 28 "http://renault.activities.at/success" "Mozilla/5.0 (Windows NT 10.0; Win64; x64) AppleWebKit/537.36 (KHTML, like Gecko) Chrome/91.0.4472.114 Safari/537.36"
193.194.132.27 - - [05/Jul/2021:13:28:26 +0200] "GET /reload?ser=1625484506320 HTTP/1.1" 200 28 "http://renault.2web.at/account" "Mozilla/5.0 (Windows NT 10.0; Win64; x64) AppleWebKit/537.36 (KHTML, like Gecko) Chrome/91.0.4472.124 Safari/537.36"
80.120.210.179 - - [05/Jul/2021:13:29:08 +0200] "GET /reload?ser=1625484548592 HTTP/1.1" 200 28 "http://renault.activities.at/success" "Mozilla/5.0 (Windows NT 10.0; Win64; x64) AppleWebKit/537.36 (KHTML, like Gecko) Chrome/91.0.4472.114 Safari/537.36"
193.194.132.27 - - [05/Jul/2021:13:29:28 +0200] "GET /reload?ser=1625484568321 HTTP/1.1" 200 28 "http://renault.2web.at/account" "Mozilla/5.0 (Windows NT 10.0; Win64; x64) AppleWebKit/537.36 (KHTML, like Gecko) Chrome/91.0.4472.124 Safari/537.36"
80.120.210.179 - - [05/Jul/2021:13:30:09 +0200] "GET /reload?ser=1625484609597 HTTP/1.1" 200 28 "http://renault.activities.at/success" "Mozilla/5.0 (Windows NT 10.0; Win64; x64) AppleWebKit/537.36 (KHTML, like Gecko) Chrome/91.0.4472.114 Safari/537.36"
193.194.132.27 - - [05/Jul/2021:13:30:30 +0200] "GET /reload?ser=1625484630320 HTTP/1.1" 200 28 "http://renault.2web.at/account" "Mozilla/5.0 (Windows NT 10.0; Win64; x64) AppleWebKit/537.36 (KHTML, like Gecko) Chrome/91.0.4472.124 Safari/537.36"
80.120.210.179 - - [05/Jul/2021:13:31:10 +0200] "GET /reload?ser=1625484670587 HTTP/1.1" 200 28 "http://renault.activities.at/success" "Mozilla/5.0 (Windows NT 10.0; Win64; x64) AppleWebKit/537.36 (KHTML, like Gecko) Chrome/91.0.4472.114 Safari/537.36"
193.194.132.27 - - [05/Jul/2021:13:31:32 +0200] "GET /reload?ser=1625484692321 HTTP/1.1" 200 28 "http://renault.2web.at/account" "Mozilla/5.0 (Windows NT 10.0; Win64; x64) AppleWebKit/537.36 (KHTML, like Gecko) Chrome/91.0.4472.124 Safari/537.36"
80.120.210.179 - - [05/Jul/2021:13:32:11 +0200] "GET /reload?ser=1625484731598 HTTP/1.1" 200 28 "http://renault.activities.at/success" "Mozilla/5.0 (Windows NT 10.0; Win64; x64) AppleWebKit/537.36 (KHTML, like Gecko) Chrome/91.0.4472.114 Safari/537.36"
193.194.132.27 - - [05/Jul/2021:13:32:34 +0200] "GET /reload?ser=1625484754333 HTTP/1.1" 200 28 "http://renault.2web.at/account" "Mozilla/5.0 (Windows NT 10.0; Win64; x64) AppleWebKit/537.36 (KHTML, like Gecko) Chrome/91.0.4472.124 Safari/537.36"
80.120.210.179 - - [05/Jul/2021:13:33:12 +0200] "GET /reload?ser=1625484792585 HTTP/1.1" 200 28 "http://renault.activities.at/success" "Mozilla/5.0 (Windows NT 10.0; Win64; x64) AppleWebKit/537.36 (KHTML, like Gecko) Chrome/91.0.4472.114 Safari/537.36"
193.194.132.27 - - [05/Jul/2021:13:33:36 +0200] "GET /reload?ser=1625484816338 HTTP/1.1" 200 28 "http://renault.2web.at/account" "Mozilla/5.0 (Windows NT 10.0; Win64; x64) AppleWebKit/537.36 (KHTML, like Gecko) Chrome/91.0.4472.124 Safari/537.36"
80.120.210.179 - - [05/Jul/2021:13:34:13 +0200] "GET /reload?ser=1625484853586 HTTP/1.1" 200 28 "http://renault.activities.at/success" "Mozilla/5.0 (Windows NT 10.0; Win64; x64) AppleWebKit/537.36 (KHTML, like Gecko) Chrome/91.0.4472.114 Safari/537.36"
193.194.132.27 - - [05/Jul/2021:13:34:38 +0200] "GET /reload?ser=1625484878347 HTTP/1.1" 200 28 "http://renault.2web.at/account" "Mozilla/5.0 (Windows NT 10.0; Win64; x64) AppleWebKit/537.36 (KHTML, like Gecko) Chrome/91.0.4472.124 Safari/537.36"
80.120.210.179 - - [05/Jul/2021:13:35:14 +0200] "GET /reload?ser=1625484914589 HTTP/1.1" 200 28 "http://renault.activities.at/success" "Mozilla/5.0 (Windows NT 10.0; Win64; x64) AppleWebKit/537.36 (KHTML, like Gecko) Chrome/91.0.4472.114 Safari/537.36"
193.194.132.27 - - [05/Jul/2021:13:35:40 +0200] "GET /reload?ser=1625484940355 HTTP/1.1" 200 28 "http://renault.2web.at/account" "Mozilla/5.0 (Windows NT 10.0; Win64; x64) AppleWebKit/537.36 (KHTML, like Gecko) Chrome/91.0.4472.124 Safari/537.36"
80.120.210.179 - - [05/Jul/2021:13:36:15 +0200] "GET /reload?ser=1625484975600 HTTP/1.1" 200 28 "http://renault.activities.at/success" "Mozilla/5.0 (Windows NT 10.0; Win64; x64) AppleWebKit/537.36 (KHTML, like Gecko) Chrome/91.0.4472.114 Safari/537.36"
193.194.132.27 - - [05/Jul/2021:13:36:42 +0200] "GET /reload?ser=1625485002363 HTTP/1.1" 200 28 "http://renault.2web.at/account" "Mozilla/5.0 (Windows NT 10.0; Win64; x64) AppleWebKit/537.36 (KHTML, like Gecko) Chrome/91.0.4472.124 Safari/537.36"
80.120.210.179 - - [05/Jul/2021:13:37:16 +0200] "GET /reload?ser=1625485036585 HTTP/1.1" 200 28 "http://renault.activities.at/success" "Mozilla/5.0 (Windows NT 10.0; Win64; x64) AppleWebKit/537.36 (KHTML, like Gecko) Chrome/91.0.4472.114 Safari/537.36"
193.194.132.27 - - [05/Jul/2021:13:37:44 +0200] "GET /reload?ser=1625485064368 HTTP/1.1" 200 28 "http://renault.2web.at/account" "Mozilla/5.0 (Windows NT 10.0; Win64; x64) AppleWebKit/537.36 (KHTML, like Gecko) Chrome/91.0.4472.124 Safari/537.36"
80.120.210.179 - - [05/Jul/2021:13:38:17 +0200] "GET /reload?ser=1625485097594 HTTP/1.1" 200 28 "http://renault.activities.at/success" "Mozilla/5.0 (Windows NT 10.0; Win64; x64) AppleWebKit/537.36 (KHTML, like Gecko) Chrome/91.0.4472.114 Safari/537.36"
193.194.132.27 - - [05/Jul/2021:13:38:46 +0200] "GET /reload?ser=1625485126379 HTTP/1.1" 200 28 "http://renault.2web.at/account" "Mozilla/5.0 (Windows NT 10.0; Win64; x64) AppleWebKit/537.36 (KHTML, like Gecko) Chrome/91.0.4472.124 Safari/537.36"
80.120.210.179 - - [05/Jul/2021:13:39:18 +0200] "GET /reload?ser=1625485158597 HTTP/1.1" 200 28 "http://renault.activities.at/success" "Mozilla/5.0 (Windows NT 10.0; Win64; x64) AppleWebKit/537.36 (KHTML, like Gecko) Chrome/91.0.4472.114 Safari/537.36"
193.194.132.27 - - [05/Jul/2021:13:39:48 +0200] "GET /reload?ser=1625485188380 HTTP/1.1" 200 28 "http://renault.2web.at/account" "Mozilla/5.0 (Windows NT 10.0; Win64; x64) AppleWebKit/537.36 (KHTML, like Gecko) Chrome/91.0.4472.124 Safari/537.36"
80.120.210.179 - - [05/Jul/2021:13:40:19 +0200] "GET /reload?ser=1625485219599 HTTP/1.1" 200 28 "http://renault.activities.at/success" "Mozilla/5.0 (Windows NT 10.0; Win64; x64) AppleWebKit/537.36 (KHTML, like Gecko) Chrome/91.0.4472.114 Safari/537.36"
193.194.132.27 - - [05/Jul/2021:13:40:50 +0200] "GET /reload?ser=1625485250391 HTTP/1.1" 200 28 "http://renault.2web.at/account" "Mozilla/5.0 (Windows NT 10.0; Win64; x64) AppleWebKit/537.36 (KHTML, like Gecko) Chrome/91.0.4472.124 Safari/537.36"
80.120.210.179 - - [05/Jul/2021:13:41:20 +0200] "GET /reload?ser=1625485280593 HTTP/1.1" 200 28 "http://renault.activities.at/success" "Mozilla/5.0 (Windows NT 10.0; Win64; x64) AppleWebKit/537.36 (KHTML, like Gecko) Chrome/91.0.4472.114 Safari/537.36"
193.194.132.27 - - [05/Jul/2021:13:41:52 +0200] "GET /reload?ser=1625485312392 HTTP/1.1" 200 28 "http://renault.2web.at/account" "Mozilla/5.0 (Windows NT 10.0; Win64; x64) AppleWebKit/537.36 (KHTML, like Gecko) Chrome/91.0.4472.124 Safari/537.36"
80.120.210.179 - - [05/Jul/2021:13:42:21 +0200] "GET /reload?ser=1625485341593 HTTP/1.1" 200 28 "http://renault.activities.at/success" "Mozilla/5.0 (Windows NT 10.0; Win64; x64) AppleWebKit/537.36 (KHTML, like Gecko) Chrome/91.0.4472.114 Safari/537.36"
193.194.132.27 - - [05/Jul/2021:13:42:54 +0200] "GET /reload?ser=1625485374396 HTTP/1.1" 200 28 "http://renault.2web.at/account" "Mozilla/5.0 (Windows NT 10.0; Win64; x64) AppleWebKit/537.36 (KHTML, like Gecko) Chrome/91.0.4472.124 Safari/537.36"
80.120.210.179 - - [05/Jul/2021:13:43:22 +0200] "GET /reload?ser=1625485402589 HTTP/1.1" 200 28 "http://renault.activities.at/success" "Mozilla/5.0 (Windows NT 10.0; Win64; x64) AppleWebKit/537.36 (KHTML, like Gecko) Chrome/91.0.4472.114 Safari/537.36"
193.194.132.27 - - [05/Jul/2021:13:43:56 +0200] "GET /reload?ser=1625485436401 HTTP/1.1" 200 28 "http://renault.2web.at/account" "Mozilla/5.0 (Windows NT 10.0; Win64; x64) AppleWebKit/537.36 (KHTML, like Gecko) Chrome/91.0.4472.124 Safari/537.36"
