80.120.210.179 - - [05/Jul/2021:12:12:17 +0200] "GET /loadthumbnail.php?id=12334033&width=113 HTTP/1.1" 200 3232 "http://renault.activities.at/10260273" "Mozilla/5.0 (Windows NT 10.0; WOW64; Trident/7.0; rv:11.0) like Gecko"
80.120.210.179 - - [05/Jul/2021:12:12:17 +0200] "GET /loadthumbnail.php?id=12239245&width=113 HTTP/1.1" 200 3605 "http://renault.activities.at/10260273" "Mozilla/5.0 (Windows NT 10.0; WOW64; Trident/7.0; rv:11.0) like Gecko"
80.120.210.179 - - [05/Jul/2021:12:12:17 +0200] "GET /loadthumbnail.php?id=12333903&width=113 HTTP/1.1" 200 3025 "http://renault.activities.at/10260273" "Mozilla/5.0 (Windows NT 10.0; WOW64; Trident/7.0; rv:11.0) like Gecko"
80.120.210.179 - - [05/Jul/2021:12:12:17 +0200] "GET /loadthumbnail.php?id=12176983&width=113 HTTP/1.1" 200 2917 "http://renault.activities.at/10260273" "Mozilla/5.0 (Windows NT 10.0; WOW64; Trident/7.0; rv:11.0) like Gecko"
80.120.210.179 - - [05/Jul/2021:12:12:17 +0200] "GET /loadthumbnail.php?id=12176979&width=113 HTTP/1.1" 200 2612 "http://renault.activities.at/10260273" "Mozilla/5.0 (Windows NT 10.0; WOW64; Trident/7.0; rv:11.0) like Gecko"
80.120.210.179 - - [05/Jul/2021:12:12:18 +0200] "GET /loadthumbnail.php?id=12414630&width=113 HTTP/1.1" 200 3276 "http://renault.activities.at/10260273" "Mozilla/5.0 (Windows NT 10.0; WOW64; Trident/7.0; rv:11.0) like Gecko"
80.120.210.179 - - [05/Jul/2021:12:12:26 +0200] "GET /10260273?dir=DESC&mode=grid&order=name&limit=15&page=2 HTTP/1.1" 200 8063 "http://renault.activities.at/10260273" "Mozilla/5.0 (Windows NT 10.0; WOW64; Trident/7.0; rv:11.0) like Gecko"
80.120.210.179 - - [05/Jul/2021:12:12:29 +0200] "GET /loadthumbnail.php?id=10203275 HTTP/1.1" 200 85 "http://renault.activities.at/10260273?dir=DESC&mode=grid&order=name&limit=15&page=2" "Mozilla/5.0 (Windows NT 10.0; WOW64; Trident/7.0; rv:11.0) like Gecko"
80.120.210.179 - - [05/Jul/2021:12:12:29 +0200] "GET /loadthumbnail.php?id=12333892&width=113 HTTP/1.1" 200 3396 "http://renault.activities.at/10260273?dir=DESC&mode=grid&order=name&limit=15&page=2" "Mozilla/5.0 (Windows NT 10.0; WOW64; Trident/7.0; rv:11.0) like Gecko"
80.120.210.179 - - [05/Jul/2021:12:12:29 +0200] "GET /loadthumbnail.php?id=12333882&width=113 HTTP/1.1" 200 2749 "http://renault.activities.at/10260273?dir=DESC&mode=grid&order=name&limit=15&page=2" "Mozilla/5.0 (Windows NT 10.0; WOW64; Trident/7.0; rv:11.0) like Gecko"
80.120.210.179 - - [05/Jul/2021:12:12:29 +0200] "GET /loadthumbnail.php?id=12414625&width=113 HTTP/1.1" 200 3615 "http://renault.activities.at/10260273?dir=DESC&mode=grid&order=name&limit=15&page=2" "Mozilla/5.0 (Windows NT 10.0; WOW64; Trident/7.0; rv:11.0) like Gecko"
80.120.210.179 - - [05/Jul/2021:12:12:29 +0200] "GET /loadthumbnail.php?id=12266125&width=113 HTTP/1.1" 200 2955 "http://renault.activities.at/10260273?dir=DESC&mode=grid&order=name&limit=15&page=2" "Mozilla/5.0 (Windows NT 10.0; WOW64; Trident/7.0; rv:11.0) like Gecko"
80.120.210.179 - - [05/Jul/2021:12:12:29 +0200] "GET /loadthumbnail.php?id=12414629&width=113 HTTP/1.1" 200 3404 "http://renault.activities.at/10260273?dir=DESC&mode=grid&order=name&limit=15&page=2" "Mozilla/5.0 (Windows NT 10.0; WOW64; Trident/7.0; rv:11.0) like Gecko"
80.120.210.179 - - [05/Jul/2021:12:12:29 +0200] "GET /loadthumbnail.php?id=12414627&width=113 HTTP/1.1" 200 3273 "http://renault.activities.at/10260273?dir=DESC&mode=grid&order=name&limit=15&page=2" "Mozilla/5.0 (Windows NT 10.0; WOW64; Trident/7.0; rv:11.0) like Gecko"
80.120.210.179 - - [05/Jul/2021:12:12:29 +0200] "GET /loadthumbnail.php?id=12237266&width=113 HTTP/1.1" 200 3139 "http://renault.activities.at/10260273?dir=DESC&mode=grid&order=name&limit=15&page=2" "Mozilla/5.0 (Windows NT 10.0; WOW64; Trident/7.0; rv:11.0) like Gecko"
80.120.210.179 - - [05/Jul/2021:12:12:29 +0200] "GET /loadthumbnail.php?id=12367879&width=113 HTTP/1.1" 200 3151 "http://renault.activities.at/10260273?dir=DESC&mode=grid&order=name&limit=15&page=2" "Mozilla/5.0 (Windows NT 10.0; WOW64; Trident/7.0; rv:11.0) like Gecko"
80.120.210.179 - - [05/Jul/2021:12:12:29 +0200] "GET /loadthumbnail.php?id=12237270&width=113 HTTP/1.1" 200 2874 "http://renault.activities.at/10260273?dir=DESC&mode=grid&order=name&limit=15&page=2" "Mozilla/5.0 (Windows NT 10.0; WOW64; Trident/7.0; rv:11.0) like Gecko"
80.120.210.179 - - [05/Jul/2021:12:12:29 +0200] "GET /loadthumbnail.php?id=12234960&width=113 HTTP/1.1" 200 3148 "http://renault.activities.at/10260273?dir=DESC&mode=grid&order=name&limit=15&page=2" "Mozilla/5.0 (Windows NT 10.0; WOW64; Trident/7.0; rv:11.0) like Gecko"
80.120.210.179 - - [05/Jul/2021:12:12:29 +0200] "GET /loadthumbnail.php?id=12333948&width=113 HTTP/1.1" 200 3218 "http://renault.activities.at/10260273?dir=DESC&mode=grid&order=name&limit=15&page=2" "Mozilla/5.0 (Windows NT 10.0; WOW64; Trident/7.0; rv:11.0) like Gecko"
80.120.210.179 - - [05/Jul/2021:12:12:35 +0200] "GET /images/vista-up-hover.gif HTTP/1.1" 200 130 "http://renault.activities.at/10260273?dir=DESC&mode=grid&order=name&limit=15&page=2" "Mozilla/5.0 (Windows NT 10.0; WOW64; Trident/7.0; rv:11.0) like Gecko"
80.120.210.179 - - [05/Jul/2021:12:12:45 +0200] "POST /10260273?dir=DESC&mode=grid&order=name&limit=15&page=2 HTTP/1.1" 200 8263 "http://renault.activities.at/10260273?dir=DESC&mode=grid&order=name&limit=15&page=2" "Mozilla/5.0 (Windows NT 10.0; WOW64; Trident/7.0; rv:11.0) like Gecko"
80.120.210.179 - - [05/Jul/2021:12:12:48 +0200] "GET /images/success_msg_icon.gif HTTP/1.1" 200 1024 "http://renault.activities.at/10260273?dir=DESC&mode=grid&order=name&limit=15&page=2" "Mozilla/5.0 (Windows NT 10.0; WOW64; Trident/7.0; rv:11.0) like Gecko"
80.120.210.179 - - [05/Jul/2021:12:12:51 +0200] "GET /reload?ser=1625479971591 HTTP/1.1" 200 28 "http://renault.activities.at/success" "Mozilla/5.0 (Windows NT 10.0; Win64; x64) AppleWebKit/537.36 (KHTML, like Gecko) Chrome/91.0.4472.114 Safari/537.36"
193.194.132.27 - - [05/Jul/2021:12:12:58 +0200] "GET /reload?ser=1625479978178 HTTP/1.1" 200 28 "http://renault.2web.at/account" "Mozilla/5.0 (Windows NT 10.0; Win64; x64) AppleWebKit/537.36 (KHTML, like Gecko) Chrome/91.0.4472.124 Safari/537.36"
80.120.210.179 - - [05/Jul/2021:12:13:48 +0200] "GET /reload?ser=1625480028305 HTTP/1.1" 200 28 "http://renault.activities.at/10260273?dir=DESC&mode=grid&order=name&limit=15&page=2" "Mozilla/5.0 (Windows NT 10.0; WOW64; Trident/7.0; rv:11.0) like Gecko"
80.120.210.179 - - [05/Jul/2021:12:13:52 +0200] "GET /reload?ser=1625480032597 HTTP/1.1" 200 28 "http://renault.activities.at/success" "Mozilla/5.0 (Windows NT 10.0; Win64; x64) AppleWebKit/537.36 (KHTML, like Gecko) Chrome/91.0.4472.114 Safari/537.36"
193.194.132.27 - - [05/Jul/2021:12:14:00 +0200] "GET /reload?ser=1625480040178 HTTP/1.1" 200 28 "http://renault.2web.at/account" "Mozilla/5.0 (Windows NT 10.0; Win64; x64) AppleWebKit/537.36 (KHTML, like Gecko) Chrome/91.0.4472.124 Safari/537.36"
80.120.210.179 - - [05/Jul/2021:12:14:49 +0200] "GET /reload?ser=1625480089272 HTTP/1.1" 200 28 "http://renault.activities.at/10260273?dir=DESC&mode=grid&order=name&limit=15&page=2" "Mozilla/5.0 (Windows NT 10.0; WOW64; Trident/7.0; rv:11.0) like Gecko"
80.120.210.179 - - [05/Jul/2021:12:14:53 +0200] "GET /reload?ser=1625480093596 HTTP/1.1" 200 28 "http://renault.activities.at/success" "Mozilla/5.0 (Windows NT 10.0; Win64; x64) AppleWebKit/537.36 (KHTML, like Gecko) Chrome/91.0.4472.114 Safari/537.36"
193.194.132.27 - - [05/Jul/2021:12:15:02 +0200] "GET /reload?ser=1625480102178 HTTP/1.1" 200 28 "http://renault.2web.at/account" "Mozilla/5.0 (Windows NT 10.0; Win64; x64) AppleWebKit/537.36 (KHTML, like Gecko) Chrome/91.0.4472.124 Safari/537.36"
80.120.210.179 - - [05/Jul/2021:12:15:16 +0200] "GET /images/vista-dn-hover.gif HTTP/1.1" 200 127 "http://renault.activities.at/10260273?dir=DESC&mode=grid&order=name&limit=15&page=2" "Mozilla/5.0 (Windows NT 10.0; WOW64; Trident/7.0; rv:11.0) like Gecko"
80.120.210.179 - - [05/Jul/2021:12:15:28 +0200] "POST /10260273?dir=DESC&mode=grid&order=name&limit=15&page=2 HTTP/1.1" 200 8256 "http://renault.activities.at/10260273?dir=DESC&mode=grid&order=name&limit=15&page=2" "Mozilla/5.0 (Windows NT 10.0; WOW64; Trident/7.0; rv:11.0) like Gecko"
80.120.210.179 - - [05/Jul/2021:12:15:54 +0200] "GET /reload?ser=1625480154586 HTTP/1.1" 200 28 "http://renault.activities.at/success" "Mozilla/5.0 (Windows NT 10.0; Win64; x64) AppleWebKit/537.36 (KHTML, like Gecko) Chrome/91.0.4472.114 Safari/537.36"
80.120.210.179 - - [05/Jul/2021:12:15:53 +0200] "POST /10260273?dir=DESC&mode=grid&order=name&limit=15&page=2 HTTP/1.1" 200 8259 "http://renault.activities.at/10260273?dir=DESC&mode=grid&order=name&limit=15&page=2" "Mozilla/5.0 (Windows NT 10.0; WOW64; Trident/7.0; rv:11.0) like Gecko"
193.194.132.27 - - [05/Jul/2021:12:16:04 +0200] "GET /reload?ser=1625480164178 HTTP/1.1" 200 28 "http://renault.2web.at/account" "Mozilla/5.0 (Windows NT 10.0; Win64; x64) AppleWebKit/537.36 (KHTML, like Gecko) Chrome/91.0.4472.124 Safari/537.36"
80.120.210.179 - - [05/Jul/2021:12:16:07 +0200] "GET /10260273?dir=DESC&mode=grid&order=name&limit=15&page=1 HTTP/1.1" 200 8869 "http://renault.activities.at/10260273?dir=DESC&mode=grid&order=name&limit=15&page=2" "Mozilla/5.0 (Windows NT 10.0; WOW64; Trident/7.0; rv:11.0) like Gecko"
80.120.210.179 - - [05/Jul/2021:12:16:55 +0200] "GET /reload?ser=1625480215589 HTTP/1.1" 200 28 "http://renault.activities.at/success" "Mozilla/5.0 (Windows NT 10.0; Win64; x64) AppleWebKit/537.36 (KHTML, like Gecko) Chrome/91.0.4472.114 Safari/537.36"
193.194.132.27 - - [05/Jul/2021:12:17:06 +0200] "GET /reload?ser=1625480226177 HTTP/1.1" 200 28 "http://renault.2web.at/account" "Mozilla/5.0 (Windows NT 10.0; Win64; x64) AppleWebKit/537.36 (KHTML, like Gecko) Chrome/91.0.4472.124 Safari/537.36"
80.120.210.179 - - [05/Jul/2021:12:17:11 +0200] "GET /reload?ser=1625480231240 HTTP/1.1" 200 28 "http://renault.activities.at/10260273?dir=DESC&mode=grid&order=name&limit=15&page=1" "Mozilla/5.0 (Windows NT 10.0; WOW64; Trident/7.0; rv:11.0) like Gecko"
80.120.210.179 - - [05/Jul/2021:12:17:19 +0200] "POST /10260273?dir=DESC&mode=grid&order=name&limit=15&page=1 HTTP/1.1" 200 8979 "http://renault.activities.at/10260273?dir=DESC&mode=grid&order=name&limit=15&page=1" "Mozilla/5.0 (Windows NT 10.0; WOW64; Trident/7.0; rv:11.0) like Gecko"
80.120.210.179 - - [05/Jul/2021:12:17:23 +0200] "GET /checkout HTTP/1.1" 200 10252 "http://renault.activities.at/10260273?dir=DESC&mode=grid&order=name&limit=15&page=1" "Mozilla/5.0 (Windows NT 10.0; WOW64; Trident/7.0; rv:11.0) like Gecko"
80.120.210.179 - - [05/Jul/2021:12:17:28 +0200] "GET /js/checkout2.js HTTP/1.1" 200 4122 "http://renault.activities.at/checkout" "Mozilla/5.0 (Windows NT 10.0; WOW64; Trident/7.0; rv:11.0) like Gecko"
80.120.210.179 - - [05/Jul/2021:12:17:28 +0200] "GET /images/ajax_loading.gif HTTP/1.1" 200 1542 "http://renault.activities.at/checkout" "Mozilla/5.0 (Windows NT 10.0; WOW64; Trident/7.0; rv:11.0) like Gecko"
80.120.210.179 - - [05/Jul/2021:12:17:28 +0200] "GET /loadthumbnail.php?id=10202698 HTTP/1.1" 200 16686 "http://renault.activities.at/checkout" "Mozilla/5.0 (Windows NT 10.0; WOW64; Trident/7.0; rv:11.0) like Gecko"
80.120.210.179 - - [05/Jul/2021:12:17:28 +0200] "GET /loadthumbnail.php?id=10201939 HTTP/1.1" 200 201 "http://renault.activities.at/checkout" "Mozilla/5.0 (Windows NT 10.0; WOW64; Trident/7.0; rv:11.0) like Gecko"
80.120.210.179 - - [05/Jul/2021:12:17:29 +0200] "GET /images/checkout_border_top.gif HTTP/1.1" 200 156 "http://renault.activities.at/checkout" "Mozilla/5.0 (Windows NT 10.0; WOW64; Trident/7.0; rv:11.0) like Gecko"
80.120.210.179 - - [05/Jul/2021:12:17:29 +0200] "GET /images/step_marker.gif HTTP/1.1" 200 650 "http://renault.activities.at/checkout" "Mozilla/5.0 (Windows NT 10.0; WOW64; Trident/7.0; rv:11.0) like Gecko"
80.120.210.179 - - [05/Jul/2021:12:17:29 +0200] "GET /images/checkout_border.gif HTTP/1.1" 200 43 "http://renault.activities.at/checkout" "Mozilla/5.0 (Windows NT 10.0; WOW64; Trident/7.0; rv:11.0) like Gecko"
80.120.210.179 - - [05/Jul/2021:12:17:29 +0200] "GET /images/step_bg.jpg HTTP/1.1" 200 319 "http://renault.activities.at/checkout" "Mozilla/5.0 (Windows NT 10.0; WOW64; Trident/7.0; rv:11.0) like Gecko"
80.120.210.179 - - [05/Jul/2021:12:17:56 +0200] "GET /reload?ser=1625480276599 HTTP/1.1" 200 28 "http://renault.activities.at/success" "Mozilla/5.0 (Windows NT 10.0; Win64; x64) AppleWebKit/537.36 (KHTML, like Gecko) Chrome/91.0.4472.114 Safari/537.36"
193.194.132.27 - - [05/Jul/2021:12:18:08 +0200] "GET /reload?ser=1625480288178 HTTP/1.1" 200 28 "http://renault.2web.at/account" "Mozilla/5.0 (Windows NT 10.0; Win64; x64) AppleWebKit/537.36 (KHTML, like Gecko) Chrome/91.0.4472.124 Safari/537.36"
80.120.210.179 - - [05/Jul/2021:12:18:12 +0200] "GET /10201442 HTTP/1.1" 200 8735 "http://renault.activities.at/checkout" "Mozilla/5.0 (Windows NT 10.0; WOW64; Trident/7.0; rv:11.0) like Gecko"
80.120.210.179 - - [05/Jul/2021:12:18:16 +0200] "GET /loadthumbnail.php?id=12329777&width=113 HTTP/1.1" 200 5924 "http://renault.activities.at/10201442" "Mozilla/5.0 (Windows NT 10.0; WOW64; Trident/7.0; rv:11.0) like Gecko"
80.120.210.179 - - [05/Jul/2021:12:18:16 +0200] "GET /loadthumbnail.php?id=12329769&width=113 HTTP/1.1" 200 6281 "http://renault.activities.at/10201442" "Mozilla/5.0 (Windows NT 10.0; WOW64; Trident/7.0; rv:11.0) like Gecko"
80.120.210.179 - - [05/Jul/2021:12:18:16 +0200] "GET /loadthumbnail.php?id=12329773&width=113 HTTP/1.1" 200 6402 "http://renault.activities.at/10201442" "Mozilla/5.0 (Windows NT 10.0; WOW64; Trident/7.0; rv:11.0) like Gecko"
80.120.210.179 - - [05/Jul/2021:12:18:16 +0200] "GET /loadthumbnail.php?id=12428347&width=113 HTTP/1.1" 200 5778 "http://renault.activities.at/10201442" "Mozilla/5.0 (Windows NT 10.0; WOW64; Trident/7.0; rv:11.0) like Gecko"
80.120.210.179 - - [05/Jul/2021:12:18:16 +0200] "GET /loadthumbnail.php?id=12329380&width=113 HTTP/1.1" 200 6136 "http://renault.activities.at/10201442" "Mozilla/5.0 (Windows NT 10.0; WOW64; Trident/7.0; rv:11.0) like Gecko"
80.120.210.179 - - [05/Jul/2021:12:18:16 +0200] "GET /loadthumbnail.php?id=12428339&width=113 HTTP/1.1" 200 6161 "http://renault.activities.at/10201442" "Mozilla/5.0 (Windows NT 10.0; WOW64; Trident/7.0; rv:11.0) like Gecko"
80.120.210.179 - - [05/Jul/2021:12:18:16 +0200] "GET /loadthumbnail.php?id=12329384&width=113 HTTP/1.1" 200 6523 "http://renault.activities.at/10201442" "Mozilla/5.0 (Windows NT 10.0; WOW64; Trident/7.0; rv:11.0) like Gecko"
80.120.210.179 - - [05/Jul/2021:12:18:16 +0200] "GET /loadthumbnail.php?id=12329742&width=113 HTTP/1.1" 200 6011 "http://renault.activities.at/10201442" "Mozilla/5.0 (Windows NT 10.0; WOW64; Trident/7.0; rv:11.0) like Gecko"
80.120.210.179 - - [05/Jul/2021:12:18:16 +0200] "GET /loadthumbnail.php?id=12428343&width=113 HTTP/1.1" 200 5906 "http://renault.activities.at/10201442" "Mozilla/5.0 (Windows NT 10.0; WOW64; Trident/7.0; rv:11.0) like Gecko"
80.120.210.179 - - [05/Jul/2021:12:18:16 +0200] "GET /loadthumbnail.php?id=12428351&width=113 HTTP/1.1" 200 5484 "http://renault.activities.at/10201442" "Mozilla/5.0 (Windows NT 10.0; WOW64; Trident/7.0; rv:11.0) like Gecko"
80.120.210.179 - - [05/Jul/2021:12:18:16 +0200] "GET /loadthumbnail.php?id=12329388&width=113 HTTP/1.1" 200 6391 "http://renault.activities.at/10201442" "Mozilla/5.0 (Windows NT 10.0; WOW64; Trident/7.0; rv:11.0) like Gecko"
80.120.210.179 - - [05/Jul/2021:12:18:16 +0200] "GET /images/sub_title_bg.jpg HTTP/1.1" 200 314 "http://renault.activities.at/10201442" "Mozilla/5.0 (Windows NT 10.0; WOW64; Trident/7.0; rv:11.0) like Gecko"
80.120.210.179 - - [05/Jul/2021:12:18:16 +0200] "GET /loadthumbnail.php?id=12329765&width=113 HTTP/1.1" 200 6417 "http://renault.activities.at/10201442" "Mozilla/5.0 (Windows NT 10.0; WOW64; Trident/7.0; rv:11.0) like Gecko"
80.120.210.179 - - [05/Jul/2021:12:18:16 +0200] "GET /loadthumbnail.php?id=12329758&width=113 HTTP/1.1" 200 6291 "http://renault.activities.at/10201442" "Mozilla/5.0 (Windows NT 10.0; WOW64; Trident/7.0; rv:11.0) like Gecko"
80.120.210.179 - - [05/Jul/2021:12:18:16 +0200] "GET /loadthumbnail.php?id=12428361&width=113 HTTP/1.1" 200 6467 "http://renault.activities.at/10201442" "Mozilla/5.0 (Windows NT 10.0; WOW64; Trident/7.0; rv:11.0) like Gecko"
80.120.210.179 - - [05/Jul/2021:12:18:16 +0200] "GET /loadthumbnail.php?id=12428355&width=113 HTTP/1.1" 200 6350 "http://renault.activities.at/10201442" "Mozilla/5.0 (Windows NT 10.0; WOW64; Trident/7.0; rv:11.0) like Gecko"
80.120.210.179 - - [05/Jul/2021:12:18:41 +0200] "POST /axjaxrequest?mode=suggest HTTP/1.1" 200 2009 "http://renault.activities.at/10201442" "Mozilla/5.0 (Windows NT 10.0; WOW64; Trident/7.0; rv:11.0) like Gecko"
80.120.210.179 - - [05/Jul/2021:12:18:41 +0200] "POST /axjaxrequest?mode=suggest HTTP/1.1" 200 1084 "http://renault.activities.at/10201442" "Mozilla/5.0 (Windows NT 10.0; WOW64; Trident/7.0; rv:11.0) like Gecko"
80.120.210.179 - - [05/Jul/2021:12:18:44 +0200] "POST /axjaxrequest?mode=suggest HTTP/1.1" 200 236 "http://renault.activities.at/10201442" "Mozilla/5.0 (Windows NT 10.0; WOW64; Trident/7.0; rv:11.0) like Gecko"
80.120.210.179 - - [05/Jul/2021:12:18:45 +0200] "POST /axjaxrequest?mode=suggest HTTP/1.1" 200 152 "http://renault.activities.at/10201442" "Mozilla/5.0 (Windows NT 10.0; WOW64; Trident/7.0; rv:11.0) like Gecko"
80.120.210.179 - - [05/Jul/2021:12:18:47 +0200] "POST /axjaxrequest?mode=suggest HTTP/1.1" 200 117 "http://renault.activities.at/10201442" "Mozilla/5.0 (Windows NT 10.0; WOW64; Trident/7.0; rv:11.0) like Gecko"
80.120.210.179 - - [05/Jul/2021:12:18:48 +0200] "POST /axjaxrequest?mode=suggest HTTP/1.1" 200 117 "http://renault.activities.at/10201442" "Mozilla/5.0 (Windows NT 10.0; WOW64; Trident/7.0; rv:11.0) like Gecko"
80.120.210.179 - - [05/Jul/2021:12:18:50 +0200] "POST /axjaxrequest?mode=suggest HTTP/1.1" 200 117 "http://renault.activities.at/10201442" "Mozilla/5.0 (Windows NT 10.0; WOW64; Trident/7.0; rv:11.0) like Gecko"
80.120.210.179 - - [05/Jul/2021:12:18:51 +0200] "POST /axjaxrequest?mode=suggest HTTP/1.1" 200 117 "http://renault.activities.at/10201442" "Mozilla/5.0 (Windows NT 10.0; WOW64; Trident/7.0; rv:11.0) like Gecko"
80.120.210.179 - - [05/Jul/2021:12:18:52 +0200] "GET /result?searchterm=true&search=REH200230712 HTTP/1.1" 200 5981 "http://renault.activities.at/10201442" "Mozilla/5.0 (Windows NT 10.0; WOW64; Trident/7.0; rv:11.0) like Gecko"
80.120.210.179 - - [05/Jul/2021:12:18:54 +0200] "GET /loadthumbnail.php?id=10260190&width=113 HTTP/1.1" 200 4509 "http://renault.activities.at/result?searchterm=true&search=REH200230712" "Mozilla/5.0 (Windows NT 10.0; WOW64; Trident/7.0; rv:11.0) like Gecko"
80.120.210.179 - - [05/Jul/2021:12:18:57 +0200] "GET /reload?ser=1625480337598 HTTP/1.1" 200 28 "http://renault.activities.at/success" "Mozilla/5.0 (Windows NT 10.0; Win64; x64) AppleWebKit/537.36 (KHTML, like Gecko) Chrome/91.0.4472.114 Safari/537.36"
80.120.210.179 - - [05/Jul/2021:12:19:05 +0200] "POST /result?searchterm=true&search=REH200230712 HTTP/1.1" 200 6082 "http://renault.activities.at/result?searchterm=true&search=REH200230712" "Mozilla/5.0 (Windows NT 10.0; WOW64; Trident/7.0; rv:11.0) like Gecko"
193.194.132.27 - - [05/Jul/2021:12:19:10 +0200] "GET /reload?ser=1625480350178 HTTP/1.1" 200 28 "http://renault.2web.at/account" "Mozilla/5.0 (Windows NT 10.0; Win64; x64) AppleWebKit/537.36 (KHTML, like Gecko) Chrome/91.0.4472.124 Safari/537.36"
80.120.210.179 - - [05/Jul/2021:12:19:31 +0200] "POST /axjaxrequest?mode=suggest HTTP/1.1" 200 2009 "http://renault.activities.at/result?searchterm=true&search=REH200230712" "Mozilla/5.0 (Windows NT 10.0; WOW64; Trident/7.0; rv:11.0) like Gecko"
80.120.210.179 - - [05/Jul/2021:12:19:32 +0200] "POST /axjaxrequest?mode=suggest HTTP/1.1" 200 1084 "http://renault.activities.at/result?searchterm=true&search=REH200230712" "Mozilla/5.0 (Windows NT 10.0; WOW64; Trident/7.0; rv:11.0) like Gecko"
80.120.210.179 - - [05/Jul/2021:12:19:34 +0200] "POST /axjaxrequest?mode=suggest HTTP/1.1" 200 478 "http://renault.activities.at/result?searchterm=true&search=REH200230712" "Mozilla/5.0 (Windows NT 10.0; WOW64; Trident/7.0; rv:11.0) like Gecko"
80.120.210.179 - - [05/Jul/2021:12:19:34 +0200] "POST /axjaxrequest?mode=suggest HTTP/1.1" 200 357 "http://renault.activities.at/result?searchterm=true&search=REH200230712" "Mozilla/5.0 (Windows NT 10.0; WOW64; Trident/7.0; rv:11.0) like Gecko"
80.120.210.179 - - [05/Jul/2021:12:19:36 +0200] "POST /axjaxrequest?mode=suggest HTTP/1.1" 200 114 "http://renault.activities.at/result?searchterm=true&search=REH200230712" "Mozilla/5.0 (Windows NT 10.0; WOW64; Trident/7.0; rv:11.0) like Gecko"
80.120.210.179 - - [05/Jul/2021:12:19:36 +0200] "POST /axjaxrequest?mode=suggest HTTP/1.1" 200 114 "http://renault.activities.at/result?searchterm=true&search=REH200230712" "Mozilla/5.0 (Windows NT 10.0; WOW64; Trident/7.0; rv:11.0) like Gecko"
80.120.210.179 - - [05/Jul/2021:12:19:37 +0200] "GET /result?searchterm=true&search=REH100209 HTTP/1.1" 200 5961 "http://renault.activities.at/result?searchterm=true&search=REH200230712" "Mozilla/5.0 (Windows NT 10.0; WOW64; Trident/7.0; rv:11.0) like Gecko"
80.120.210.179 - - [05/Jul/2021:12:19:40 +0200] "GET /result?searchterm=true&search=REH100209 HTTP/1.1" 200 5961 "http://renault.activities.at/result?searchterm=true&search=REH200230712" "Mozilla/5.0 (Windows NT 10.0; WOW64; Trident/7.0; rv:11.0) like Gecko"
80.120.210.179 - - [05/Jul/2021:12:19:44 +0200] "GET /loadthumbnail.php?id=11423689&width=113 HTTP/1.1" 200 1359 "http://renault.activities.at/result?searchterm=true&search=REH100209" "Mozilla/5.0 (Windows NT 10.0; WOW64; Trident/7.0; rv:11.0) like Gecko"
80.120.210.179 - - [05/Jul/2021:12:19:58 +0200] "GET /reload?ser=1625480398595 HTTP/1.1" 200 28 "http://renault.activities.at/success" "Mozilla/5.0 (Windows NT 10.0; Win64; x64) AppleWebKit/537.36 (KHTML, like Gecko) Chrome/91.0.4472.114 Safari/537.36"
80.120.210.179 - - [05/Jul/2021:12:20:05 +0200] "POST /result?searchterm=true&search=REH100209 HTTP/1.1" 200 6063 "http://renault.activities.at/result?searchterm=true&search=REH100209" "Mozilla/5.0 (Windows NT 10.0; WOW64; Trident/7.0; rv:11.0) like Gecko"
193.194.132.27 - - [05/Jul/2021:12:20:12 +0200] "GET /reload?ser=1625480412178 HTTP/1.1" 200 28 "http://renault.2web.at/account" "Mozilla/5.0 (Windows NT 10.0; Win64; x64) AppleWebKit/537.36 (KHTML, like Gecko) Chrome/91.0.4472.124 Safari/537.36"
80.120.210.179 - - [05/Jul/2021:12:20:09 +0200] "GET /checkout HTTP/1.1" 200 10252 "http://renault.activities.at/result?searchterm=true&search=REH100209" "Mozilla/5.0 (Windows NT 10.0; WOW64; Trident/7.0; rv:11.0) like Gecko"
80.120.210.179 - - [05/Jul/2021:12:20:16 +0200] "POST /docheckout HTTP/1.1" 200 445 "http://renault.activities.at/checkout" "Mozilla/5.0 (Windows NT 10.0; WOW64; Trident/7.0; rv:11.0) like Gecko"
80.120.210.179 - - [05/Jul/2021:12:20:19 +0200] "POST /docheckout HTTP/1.1" 200 837 "http://renault.activities.at/checkout" "Mozilla/5.0 (Windows NT 10.0; WOW64; Trident/7.0; rv:11.0) like Gecko"
80.120.210.179 - - [05/Jul/2021:12:20:21 +0200] "GET /images/error_msg_icon.gif HTTP/1.1" 200 1013 "http://renault.activities.at/checkout" "Mozilla/5.0 (Windows NT 10.0; WOW64; Trident/7.0; rv:11.0) like Gecko"
80.120.210.179 - - [05/Jul/2021:12:20:40 +0200] "POST /docheckout HTTP/1.1" 200 68 "http://renault.activities.at/checkout" "Mozilla/5.0 (Windows NT 10.0; WOW64; Trident/7.0; rv:11.0) like Gecko"
80.120.210.179 - - [05/Jul/2021:12:20:43 +0200] "GET /success HTTP/1.1" 200 3782 "http://renault.activities.at/checkout" "Mozilla/5.0 (Windows NT 10.0; WOW64; Trident/7.0; rv:11.0) like Gecko"
80.120.210.179 - - [05/Jul/2021:12:20:59 +0200] "GET /reload?ser=1625480459591 HTTP/1.1" 200 28 "http://renault.activities.at/success" "Mozilla/5.0 (Windows NT 10.0; Win64; x64) AppleWebKit/537.36 (KHTML, like Gecko) Chrome/91.0.4472.114 Safari/537.36"
193.194.132.27 - - [05/Jul/2021:12:21:14 +0200] "GET /reload?ser=1625480474178 HTTP/1.1" 200 28 "http://renault.2web.at/account" "Mozilla/5.0 (Windows NT 10.0; Win64; x64) AppleWebKit/537.36 (KHTML, like Gecko) Chrome/91.0.4472.124 Safari/537.36"
80.120.210.179 - - [05/Jul/2021:12:22:00 +0200] "GET /reload?ser=1625480520591 HTTP/1.1" 200 28 "http://renault.activities.at/success" "Mozilla/5.0 (Windows NT 10.0; Win64; x64) AppleWebKit/537.36 (KHTML, like Gecko) Chrome/91.0.4472.114 Safari/537.36"
81.189.177.106 - - [05/Jul/2021:12:22:13 +0200] "GET / HTTP/1.1" 200 3315 "-" "Mozilla/5.0 (Windows NT 10.0; Win64; x64) AppleWebKit/537.36 (KHTML, like Gecko) Chrome/91.0.4472.124 Safari/537.36"
81.189.177.106 - - [05/Jul/2021:12:22:14 +0200] "GET /js/default.js HTTP/1.1" 200 14698 "http://renault.activities.at/" "Mozilla/5.0 (Windows NT 10.0; Win64; x64) AppleWebKit/537.36 (KHTML, like Gecko) Chrome/91.0.4472.124 Safari/537.36"
81.189.177.106 - - [05/Jul/2021:12:22:14 +0200] "GET /css/styles.css HTTP/1.1" 200 14664 "http://renault.activities.at/" "Mozilla/5.0 (Windows NT 10.0; Win64; x64) AppleWebKit/537.36 (KHTML, like Gecko) Chrome/91.0.4472.124 Safari/537.36"
81.189.177.106 - - [05/Jul/2021:12:22:14 +0200] "GET /css/clears.css HTTP/1.1" 200 851 "http://renault.activities.at/" "Mozilla/5.0 (Windows NT 10.0; Win64; x64) AppleWebKit/537.36 (KHTML, like Gecko) Chrome/91.0.4472.124 Safari/537.36"
81.189.177.106 - - [05/Jul/2021:12:22:14 +0200] "GET /js/checkout.css HTTP/1.1" 200 359 "http://renault.activities.at/" "Mozilla/5.0 (Windows NT 10.0; Win64; x64) AppleWebKit/537.36 (KHTML, like Gecko) Chrome/91.0.4472.124 Safari/537.36"
81.189.177.106 - - [05/Jul/2021:12:22:14 +0200] "GET /css/reset.css HTTP/1.1" 200 1356 "http://renault.activities.at/" "Mozilla/5.0 (Windows NT 10.0; Win64; x64) AppleWebKit/537.36 (KHTML, like Gecko) Chrome/91.0.4472.124 Safari/537.36"
81.189.177.106 - - [05/Jul/2021:12:22:15 +0200] "GET /css/prototip.css HTTP/1.1" 200 968 "http://renault.activities.at/" "Mozilla/5.0 (Windows NT 10.0; Win64; x64) AppleWebKit/537.36 (KHTML, like Gecko) Chrome/91.0.4472.124 Safari/537.36"
81.189.177.106 - - [05/Jul/2021:12:22:15 +0200] "GET /css/themes/alphacube.css HTTP/1.1" 200 743 "http://renault.activities.at/" "Mozilla/5.0 (Windows NT 10.0; Win64; x64) AppleWebKit/537.36 (KHTML, like Gecko) Chrome/91.0.4472.124 Safari/537.36"
81.189.177.106 - - [05/Jul/2021:12:22:15 +0200] "GET /css/themes/default.css HTTP/1.1" 200 769 "http://renault.activities.at/" "Mozilla/5.0 (Windows NT 10.0; Win64; x64) AppleWebKit/537.36 (KHTML, like Gecko) Chrome/91.0.4472.124 Safari/537.36"
81.189.177.106 - - [05/Jul/2021:12:22:15 +0200] "GET /js/flashdetection.js HTTP/1.1" 200 1059 "http://renault.activities.at/" "Mozilla/5.0 (Windows NT 10.0; Win64; x64) AppleWebKit/537.36 (KHTML, like Gecko) Chrome/91.0.4472.124 Safari/537.36"
81.189.177.106 - - [05/Jul/2021:12:22:15 +0200] "GET /js/index.php?c=auto&f=,prototype/prototype.js,prototype/validation.js,scriptaculous/builder.js,scriptaculous/effects.js,scriptaculous/dragdrop.js,scriptaculous/controls.js,scriptaculous/slider.js,varien/js.js,varien/form.js,varien/menu.js,mage/translate.js,mage/cookies.js,varien/product.js,spinner/SpinnerControl.jsmin.js,prototype/window.js,prototype/window_ext.js HTTP/1.1" 200 94182 "http://renault.activities.at/" "Mozilla/5.0 (Windows NT 10.0; Win64; x64) AppleWebKit/537.36 (KHTML, like Gecko) Chrome/91.0.4472.124 Safari/537.36"
81.189.177.106 - - [05/Jul/2021:12:22:15 +0200] "GET /images/main_block_border.gif HTTP/1.1" 200 43 "http://renault.activities.at/css/styles.css" "Mozilla/5.0 (Windows NT 10.0; Win64; x64) AppleWebKit/537.36 (KHTML, like Gecko) Chrome/91.0.4472.124 Safari/537.36"
81.189.177.106 - - [05/Jul/2021:12:22:15 +0200] "GET /images/main_block_corner_left_bot.gif HTTP/1.1" 200 159 "http://renault.activities.at/css/styles.css" "Mozilla/5.0 (Windows NT 10.0; Win64; x64) AppleWebKit/537.36 (KHTML, like Gecko) Chrome/91.0.4472.124 Safari/537.36"
81.189.177.106 - - [05/Jul/2021:12:22:15 +0200] "GET /images/main_block_corner_right_bot.gif HTTP/1.1" 200 158 "http://renault.activities.at/css/styles.css" "Mozilla/5.0 (Windows NT 10.0; Win64; x64) AppleWebKit/537.36 (KHTML, like Gecko) Chrome/91.0.4472.124 Safari/537.36"
81.189.177.106 - - [05/Jul/2021:12:22:15 +0200] "GET /images/header_block_corner_left_top.gif HTTP/1.1" 200 160 "http://renault.activities.at/css/styles.css" "Mozilla/5.0 (Windows NT 10.0; Win64; x64) AppleWebKit/537.36 (KHTML, like Gecko) Chrome/91.0.4472.124 Safari/537.36"
81.189.177.106 - - [05/Jul/2021:12:22:15 +0200] "GET /images/header_block_border.gif HTTP/1.1" 200 43 "http://renault.activities.at/css/styles.css" "Mozilla/5.0 (Windows NT 10.0; Win64; x64) AppleWebKit/537.36 (KHTML, like Gecko) Chrome/91.0.4472.124 Safari/537.36"
81.189.177.106 - - [05/Jul/2021:12:22:15 +0200] "GET /images/header_block_corner_right_top.gif HTTP/1.1" 200 160 "http://renault.activities.at/css/styles.css" "Mozilla/5.0 (Windows NT 10.0; Win64; x64) AppleWebKit/537.36 (KHTML, like Gecko) Chrome/91.0.4472.124 Safari/537.36"
81.189.177.106 - - [05/Jul/2021:12:22:15 +0200] "GET /images/main_block_corner_right_top.gif HTTP/1.1" 200 159 "http://renault.activities.at/css/styles.css" "Mozilla/5.0 (Windows NT 10.0; Win64; x64) AppleWebKit/537.36 (KHTML, like Gecko) Chrome/91.0.4472.124 Safari/537.36"
81.189.177.106 - - [05/Jul/2021:12:22:15 +0200] "GET /css/print.css HTTP/1.1" 200 543 "http://renault.activities.at/" "Mozilla/5.0 (Windows NT 10.0; Win64; x64) AppleWebKit/537.36 (KHTML, like Gecko) Chrome/91.0.4472.124 Safari/537.36"
81.189.177.106 - - [05/Jul/2021:12:22:15 +0200] "GET /images/main_block_corner_left_top.gif HTTP/1.1" 200 159 "http://renault.activities.at/css/styles.css" "Mozilla/5.0 (Windows NT 10.0; Win64; x64) AppleWebKit/537.36 (KHTML, like Gecko) Chrome/91.0.4472.124 Safari/537.36"
81.189.177.106 - - [05/Jul/2021:12:22:15 +0200] "GET /images/title_border_top.jpg HTTP/1.1" 200 336 "http://renault.activities.at/css/styles.css" "Mozilla/5.0 (Windows NT 10.0; Win64; x64) AppleWebKit/537.36 (KHTML, like Gecko) Chrome/91.0.4472.124 Safari/537.36"
81.189.177.106 - - [05/Jul/2021:12:22:15 +0200] "GET /images/title_border.jpg HTTP/1.1" 200 304 "http://renault.activities.at/css/styles.css" "Mozilla/5.0 (Windows NT 10.0; Win64; x64) AppleWebKit/537.36 (KHTML, like Gecko) Chrome/91.0.4472.124 Safari/537.36"
81.189.177.106 - - [05/Jul/2021:12:22:15 +0200] "GET /images/title_corner_left_top.jpg HTTP/1.1" 200 372 "http://renault.activities.at/css/styles.css" "Mozilla/5.0 (Windows NT 10.0; Win64; x64) AppleWebKit/537.36 (KHTML, like Gecko) Chrome/91.0.4472.124 Safari/537.36"
81.189.177.106 - - [05/Jul/2021:12:22:16 +0200] "GET /images/title_corner_right_top.jpg HTTP/1.1" 200 389 "http://renault.activities.at/css/styles.css" "Mozilla/5.0 (Windows NT 10.0; Win64; x64) AppleWebKit/537.36 (KHTML, like Gecko) Chrome/91.0.4472.124 Safari/537.36"
81.189.177.106 - - [05/Jul/2021:12:22:15 +0200] "GET /loadthumbnail.php?id=11127982 HTTP/1.1" 200 399614 "http://renault.activities.at/" "Mozilla/5.0 (Windows NT 10.0; Win64; x64) AppleWebKit/537.36 (KHTML, like Gecko) Chrome/91.0.4472.124 Safari/537.36"
81.189.177.106 - - [05/Jul/2021:12:22:16 +0200] "GET /images/favicon.ico HTTP/1.1" 404 305 "http://renault.activities.at/" "Mozilla/5.0 (Windows NT 10.0; Win64; x64) AppleWebKit/537.36 (KHTML, like Gecko) Chrome/91.0.4472.124 Safari/537.36"
193.194.132.27 - - [05/Jul/2021:12:22:18 +0200] "GET /reload?ser=1625480538316 HTTP/1.1" 200 28 "http://renault.2web.at/account" "Mozilla/5.0 (Windows NT 10.0; Win64; x64) AppleWebKit/537.36 (KHTML, like Gecko) Chrome/91.0.4472.124 Safari/537.36"
81.189.177.106 - - [05/Jul/2021:12:22:29 +0200] "GET /login HTTP/1.1" 200 2085 "http://renault.activities.at/" "Mozilla/5.0 (Windows NT 10.0; Win64; x64) AppleWebKit/537.36 (KHTML, like Gecko) Chrome/91.0.4472.124 Safari/537.36"
81.189.177.106 - - [05/Jul/2021:12:22:30 +0200] "GET /images/button_left_bg.gif HTTP/1.1" 200 564 "http://renault.activities.at/css/styles.css" "Mozilla/5.0 (Windows NT 10.0; Win64; x64) AppleWebKit/537.36 (KHTML, like Gecko) Chrome/91.0.4472.124 Safari/537.36"
81.189.177.106 - - [05/Jul/2021:12:22:30 +0200] "GET /images/button_right_bg.gif HTTP/1.1" 200 561 "http://renault.activities.at/css/styles.css" "Mozilla/5.0 (Windows NT 10.0; Win64; x64) AppleWebKit/537.36 (KHTML, like Gecko) Chrome/91.0.4472.124 Safari/537.36"
81.189.177.106 - - [05/Jul/2021:12:22:30 +0200] "GET /images/button_bg.gif HTTP/1.1" 200 151 "http://renault.activities.at/css/styles.css" "Mozilla/5.0 (Windows NT 10.0; Win64; x64) AppleWebKit/537.36 (KHTML, like Gecko) Chrome/91.0.4472.124 Safari/537.36"
81.189.177.106 - - [05/Jul/2021:12:22:38 +0200] "POST /login HTTP/1.1" 302 140 "http://renault.activities.at/login" "Mozilla/5.0 (Windows NT 10.0; Win64; x64) AppleWebKit/537.36 (KHTML, like Gecko) Chrome/91.0.4472.124 Safari/537.36"
81.189.177.106 - - [05/Jul/2021:12:22:40 +0200] "GET /account HTTP/1.1" 200 5912 "http://renault.activities.at/login" "Mozilla/5.0 (Windows NT 10.0; Win64; x64) AppleWebKit/537.36 (KHTML, like Gecko) Chrome/91.0.4472.124 Safari/537.36"
81.189.177.106 - - [05/Jul/2021:12:22:43 +0200] "GET /js/account.js HTTP/1.1" 200 953 "http://renault.activities.at/account" "Mozilla/5.0 (Windows NT 10.0; Win64; x64) AppleWebKit/537.36 (KHTML, like Gecko) Chrome/91.0.4472.124 Safari/537.36"
81.189.177.106 - - [05/Jul/2021:12:22:43 +0200] "GET /loadthumbnail.php?id=12414629&width=50&height=50 HTTP/1.1" 200 1238 "http://renault.activities.at/account" "Mozilla/5.0 (Windows NT 10.0; Win64; x64) AppleWebKit/537.36 (KHTML, like Gecko) Chrome/91.0.4472.124 Safari/537.36"
81.189.177.106 - - [05/Jul/2021:12:22:43 +0200] "GET /images/nav_divider.gif HTTP/1.1" 200 43 "http://renault.activities.at/css/styles.css" "Mozilla/5.0 (Windows NT 10.0; Win64; x64) AppleWebKit/537.36 (KHTML, like Gecko) Chrome/91.0.4472.124 Safari/537.36"
81.189.177.106 - - [05/Jul/2021:12:22:43 +0200] "GET /images/top_links_divider.gif HTTP/1.1" 200 44 "http://renault.activities.at/css/styles.css" "Mozilla/5.0 (Windows NT 10.0; Win64; x64) AppleWebKit/537.36 (KHTML, like Gecko) Chrome/91.0.4472.124 Safari/537.36"
81.189.177.106 - - [05/Jul/2021:12:22:43 +0200] "GET /images/menu_button_bg.jpg HTTP/1.1" 200 322 "http://renault.activities.at/css/styles.css" "Mozilla/5.0 (Windows NT 10.0; Win64; x64) AppleWebKit/537.36 (KHTML, like Gecko) Chrome/91.0.4472.124 Safari/537.36"
81.189.177.106 - - [05/Jul/2021:12:22:43 +0200] "GET /images/search_bg.gif HTTP/1.1" 200 1726 "http://renault.activities.at/css/styles.css" "Mozilla/5.0 (Windows NT 10.0; Win64; x64) AppleWebKit/537.36 (KHTML, like Gecko) Chrome/91.0.4472.124 Safari/537.36"
81.189.177.106 - - [05/Jul/2021:12:22:43 +0200] "GET /images/menu_divider.gif HTTP/1.1" 200 176 "http://renault.activities.at/css/styles.css" "Mozilla/5.0 (Windows NT 10.0; Win64; x64) AppleWebKit/537.36 (KHTML, like Gecko) Chrome/91.0.4472.124 Safari/537.36"
81.189.177.106 - - [05/Jul/2021:12:22:43 +0200] "GET /images/sidebar_title_corner_right_top.gif HTTP/1.1" 200 383 "http://renault.activities.at/css/styles.css" "Mozilla/5.0 (Windows NT 10.0; Win64; x64) AppleWebKit/537.36 (KHTML, like Gecko) Chrome/91.0.4472.124 Safari/537.36"
81.189.177.106 - - [05/Jul/2021:12:22:43 +0200] "GET /images/sidebar_title_corner_left_top.gif HTTP/1.1" 200 1124 "http://renault.activities.at/css/styles.css" "Mozilla/5.0 (Windows NT 10.0; Win64; x64) AppleWebKit/537.36 (KHTML, like Gecko) Chrome/91.0.4472.124 Safari/537.36"
81.189.177.106 - - [05/Jul/2021:12:22:44 +0200] "GET /images/sidebar_title_border_top.gif HTTP/1.1" 200 155 "http://renault.activities.at/css/styles.css" "Mozilla/5.0 (Windows NT 10.0; Win64; x64) AppleWebKit/537.36 (KHTML, like Gecko) Chrome/91.0.4472.124 Safari/537.36"
81.189.177.106 - - [05/Jul/2021:12:22:44 +0200] "GET /images/sidebar_title_border.gif HTTP/1.1" 200 43 "http://renault.activities.at/css/styles.css" "Mozilla/5.0 (Windows NT 10.0; Win64; x64) AppleWebKit/537.36 (KHTML, like Gecko) Chrome/91.0.4472.124 Safari/537.36"
81.189.177.106 - - [05/Jul/2021:12:22:44 +0200] "GET /images/footer_divider.gif HTTP/1.1" 200 44 "http://renault.activities.at/css/styles.css" "Mozilla/5.0 (Windows NT 10.0; Win64; x64) AppleWebKit/537.36 (KHTML, like Gecko) Chrome/91.0.4472.124 Safari/537.36"
81.189.177.106 - - [05/Jul/2021:12:22:51 +0200] "GET /result?searchterm=true&search=arkana HTTP/1.1" 200 7104 "http://renault.activities.at/account" "Mozilla/5.0 (Windows NT 10.0; Win64; x64) AppleWebKit/537.36 (KHTML, like Gecko) Chrome/91.0.4472.124 Safari/537.36"
81.189.177.106 - - [05/Jul/2021:12:22:54 +0200] "GET /js/prototip.js HTTP/1.1" 200 4588 "http://renault.activities.at/result?searchterm=true&search=arkana" "Mozilla/5.0 (Windows NT 10.0; Win64; x64) AppleWebKit/537.36 (KHTML, like Gecko) Chrome/91.0.4472.124 Safari/537.36"
81.189.177.106 - - [05/Jul/2021:12:22:54 +0200] "GET /js/ProduktGrp.js HTTP/1.1" 200 1569 "http://renault.activities.at/result?searchterm=true&search=arkana" "Mozilla/5.0 (Windows NT 10.0; Win64; x64) AppleWebKit/537.36 (KHTML, like Gecko) Chrome/91.0.4472.124 Safari/537.36"
81.189.177.106 - - [05/Jul/2021:12:22:54 +0200] "GET /images/loading.gif HTTP/1.1" 200 3208 "http://renault.activities.at/result?searchterm=true&search=arkana" "Mozilla/5.0 (Windows NT 10.0; Win64; x64) AppleWebKit/537.36 (KHTML, like Gecko) Chrome/91.0.4472.124 Safari/537.36"
81.189.177.106 - - [05/Jul/2021:12:22:54 +0200] "GET /images/vista-dn.gif HTTP/1.1" 200 128 "http://renault.activities.at/css/styles.css" "Mozilla/5.0 (Windows NT 10.0; Win64; x64) AppleWebKit/537.36 (KHTML, like Gecko) Chrome/91.0.4472.124 Safari/537.36"
81.189.177.106 - - [05/Jul/2021:12:22:54 +0200] "GET /loadthumbnail.php?id=12421074&width=113 HTTP/1.1" 200 1888 "http://renault.activities.at/result?searchterm=true&search=arkana" "Mozilla/5.0 (Windows NT 10.0; Win64; x64) AppleWebKit/537.36 (KHTML, like Gecko) Chrome/91.0.4472.124 Safari/537.36"
81.189.177.106 - - [05/Jul/2021:12:22:54 +0200] "GET /loadthumbnail.php?id=10203255 HTTP/1.1" 200 137 "http://renault.activities.at/result?searchterm=true&search=arkana" "Mozilla/5.0 (Windows NT 10.0; Win64; x64) AppleWebKit/537.36 (KHTML, like Gecko) Chrome/91.0.4472.124 Safari/537.36"
81.189.177.106 - - [05/Jul/2021:12:22:54 +0200] "GET /loadthumbnail.php?id=12421086&width=113 HTTP/1.1" 200 1910 "http://renault.activities.at/result?searchterm=true&search=arkana" "Mozilla/5.0 (Windows NT 10.0; Win64; x64) AppleWebKit/537.36 (KHTML, like Gecko) Chrome/91.0.4472.124 Safari/537.36"
81.189.177.106 - - [05/Jul/2021:12:22:54 +0200] "GET /loadthumbnail.php?id=12428314&width=113 HTTP/1.1" 200 5819 "http://renault.activities.at/result?searchterm=true&search=arkana" "Mozilla/5.0 (Windows NT 10.0; Win64; x64) AppleWebKit/537.36 (KHTML, like Gecko) Chrome/91.0.4472.124 Safari/537.36"
81.189.177.106 - - [05/Jul/2021:12:22:54 +0200] "GET /images/vista-up.gif HTTP/1.1" 200 131 "http://renault.activities.at/css/styles.css" "Mozilla/5.0 (Windows NT 10.0; Win64; x64) AppleWebKit/537.36 (KHTML, like Gecko) Chrome/91.0.4472.124 Safari/537.36"
81.189.177.106 - - [05/Jul/2021:12:22:54 +0200] "GET /loadthumbnail.php?id=12421078&width=113 HTTP/1.1" 200 1888 "http://renault.activities.at/result?searchterm=true&search=arkana" "Mozilla/5.0 (Windows NT 10.0; Win64; x64) AppleWebKit/537.36 (KHTML, like Gecko) Chrome/91.0.4472.124 Safari/537.36"
81.189.177.106 - - [05/Jul/2021:12:22:54 +0200] "GET /images/pager_bg.gif HTTP/1.1" 200 150 "http://renault.activities.at/css/styles.css" "Mozilla/5.0 (Windows NT 10.0; Win64; x64) AppleWebKit/537.36 (KHTML, like Gecko) Chrome/91.0.4472.124 Safari/537.36"
81.189.177.106 - - [05/Jul/2021:12:22:54 +0200] "GET /loadthumbnail.php?id=12421082&width=113 HTTP/1.1" 200 1910 "http://renault.activities.at/result?searchterm=true&search=arkana" "Mozilla/5.0 (Windows NT 10.0; Win64; x64) AppleWebKit/537.36 (KHTML, like Gecko) Chrome/91.0.4472.124 Safari/537.36"
81.189.177.106 - - [05/Jul/2021:12:22:54 +0200] "GET /loadthumbnail.php?id=12358949&width=113 HTTP/1.1" 200 2061 "http://renault.activities.at/result?searchterm=true&search=arkana" "Mozilla/5.0 (Windows NT 10.0; Win64; x64) AppleWebKit/537.36 (KHTML, like Gecko) Chrome/91.0.4472.124 Safari/537.36"
81.189.177.106 - - [05/Jul/2021:12:22:54 +0200] "GET /loadthumbnail.php?id=12414627&width=113 HTTP/1.1" 200 3273 "http://renault.activities.at/result?searchterm=true&search=arkana" "Mozilla/5.0 (Windows NT 10.0; Win64; x64) AppleWebKit/537.36 (KHTML, like Gecko) Chrome/91.0.4472.124 Safari/537.36"
81.189.177.106 - - [05/Jul/2021:12:22:54 +0200] "GET /loadthumbnail.php?id=10203650&width=113 HTTP/1.1" 200 2741 "http://renault.activities.at/result?searchterm=true&search=arkana" "Mozilla/5.0 (Windows NT 10.0; Win64; x64) AppleWebKit/537.36 (KHTML, like Gecko) Chrome/91.0.4472.124 Safari/537.36"
81.189.177.106 - - [05/Jul/2021:12:22:54 +0200] "GET /loadthumbnail.php?id=12358950&width=113 HTTP/1.1" 200 1680 "http://renault.activities.at/result?searchterm=true&search=arkana" "Mozilla/5.0 (Windows NT 10.0; Win64; x64) AppleWebKit/537.36 (KHTML, like Gecko) Chrome/91.0.4472.124 Safari/537.36"
81.189.177.106 - - [05/Jul/2021:12:22:51 +0200] "POST /axjaxrequest?mode=suggest HTTP/1.1" 200 112 "http://renault.activities.at/account" "Mozilla/5.0 (Windows NT 10.0; Win64; x64) AppleWebKit/537.36 (KHTML, like Gecko) Chrome/91.0.4472.124 Safari/537.36"
81.189.177.106 - - [05/Jul/2021:12:23:00 +0200] "GET /images/vista-dn-hover.gif HTTP/1.1" 200 127 "http://renault.activities.at/css/styles.css" "Mozilla/5.0 (Windows NT 10.0; Win64; x64) AppleWebKit/537.36 (KHTML, like Gecko) Chrome/91.0.4472.124 Safari/537.36"
80.120.210.179 - - [05/Jul/2021:12:23:01 +0200] "GET /reload?ser=1625480581586 HTTP/1.1" 200 28 "http://renault.activities.at/success" "Mozilla/5.0 (Windows NT 10.0; Win64; x64) AppleWebKit/537.36 (KHTML, like Gecko) Chrome/91.0.4472.114 Safari/537.36"
81.189.177.106 - - [05/Jul/2021:12:23:06 +0200] "GET /images/vista-up-hover.gif HTTP/1.1" 200 130 "http://renault.activities.at/css/styles.css" "Mozilla/5.0 (Windows NT 10.0; Win64; x64) AppleWebKit/537.36 (KHTML, like Gecko) Chrome/91.0.4472.124 Safari/537.36"
193.194.132.27 - - [05/Jul/2021:12:23:20 +0200] "GET /reload?ser=1625480600179 HTTP/1.1" 200 28 "http://renault.2web.at/account" "Mozilla/5.0 (Windows NT 10.0; Win64; x64) AppleWebKit/537.36 (KHTML, like Gecko) Chrome/91.0.4472.124 Safari/537.36"
81.189.177.106 - - [05/Jul/2021:12:23:53 +0200] "POST /result?searchterm=true&search=arkana HTTP/1.1" 200 7289 "http://renault.activities.at/result?searchterm=true&search=arkana" "Mozilla/5.0 (Windows NT 10.0; Win64; x64) AppleWebKit/537.36 (KHTML, like Gecko) Chrome/91.0.4472.124 Safari/537.36"
81.189.177.106 - - [05/Jul/2021:12:23:56 +0200] "GET /images/success_msg_icon.gif HTTP/1.1" 200 1024 "http://renault.activities.at/css/styles.css" "Mozilla/5.0 (Windows NT 10.0; Win64; x64) AppleWebKit/537.36 (KHTML, like Gecko) Chrome/91.0.4472.124 Safari/537.36"
81.189.177.106 - - [05/Jul/2021:12:23:54 +0200] "GET /reload?ser=1625480634803 HTTP/1.1" 200 28 "http://renault.activities.at/result?searchterm=true&search=arkana" "Mozilla/5.0 (Windows NT 10.0; Win64; x64) AppleWebKit/537.36 (KHTML, like Gecko) Chrome/91.0.4472.124 Safari/537.36"
80.120.210.179 - - [05/Jul/2021:12:24:02 +0200] "GET /reload?ser=1625480642589 HTTP/1.1" 200 28 "http://renault.activities.at/success" "Mozilla/5.0 (Windows NT 10.0; Win64; x64) AppleWebKit/537.36 (KHTML, like Gecko) Chrome/91.0.4472.114 Safari/537.36"
81.189.177.106 - - [05/Jul/2021:12:24:09 +0200] "GET /checkout HTTP/1.1" 200 10253 "http://renault.activities.at/result?searchterm=true&search=arkana" "Mozilla/5.0 (Windows NT 10.0; Win64; x64) AppleWebKit/537.36 (KHTML, like Gecko) Chrome/91.0.4472.124 Safari/537.36"
81.189.177.106 - - [05/Jul/2021:12:24:13 +0200] "GET /js/checkout2.js HTTP/1.1" 200 4122 "http://renault.activities.at/checkout" "Mozilla/5.0 (Windows NT 10.0; Win64; x64) AppleWebKit/537.36 (KHTML, like Gecko) Chrome/91.0.4472.124 Safari/537.36"
81.189.177.106 - - [05/Jul/2021:12:24:13 +0200] "GET /images/step_bg.jpg HTTP/1.1" 200 319 "http://renault.activities.at/css/styles.css" "Mozilla/5.0 (Windows NT 10.0; Win64; x64) AppleWebKit/537.36 (KHTML, like Gecko) Chrome/91.0.4472.124 Safari/537.36"
81.189.177.106 - - [05/Jul/2021:12:24:13 +0200] "GET /images/ajax_loading.gif HTTP/1.1" 200 1542 "http://renault.activities.at/checkout" "Mozilla/5.0 (Windows NT 10.0; Win64; x64) AppleWebKit/537.36 (KHTML, like Gecko) Chrome/91.0.4472.124 Safari/537.36"
81.189.177.106 - - [05/Jul/2021:12:24:13 +0200] "GET /loadthumbnail.php?id=10202698 HTTP/1.1" 200 16686 "http://renault.activities.at/checkout" "Mozilla/5.0 (Windows NT 10.0; Win64; x64) AppleWebKit/537.36 (KHTML, like Gecko) Chrome/91.0.4472.124 Safari/537.36"
81.189.177.106 - - [05/Jul/2021:12:24:13 +0200] "GET /loadthumbnail.php?id=10201939 HTTP/1.1" 200 201 "http://renault.activities.at/checkout" "Mozilla/5.0 (Windows NT 10.0; Win64; x64) AppleWebKit/537.36 (KHTML, like Gecko) Chrome/91.0.4472.124 Safari/537.36"
81.189.177.106 - - [05/Jul/2021:12:24:13 +0200] "GET /images/checkout_border_top.gif HTTP/1.1" 200 156 "http://renault.activities.at/css/styles.css" "Mozilla/5.0 (Windows NT 10.0; Win64; x64) AppleWebKit/537.36 (KHTML, like Gecko) Chrome/91.0.4472.124 Safari/537.36"
81.189.177.106 - - [05/Jul/2021:12:24:13 +0200] "GET /images/step_marker.gif HTTP/1.1" 200 650 "http://renault.activities.at/css/styles.css" "Mozilla/5.0 (Windows NT 10.0; Win64; x64) AppleWebKit/537.36 (KHTML, like Gecko) Chrome/91.0.4472.124 Safari/537.36"
81.189.177.106 - - [05/Jul/2021:12:24:13 +0200] "GET /images/checkout_border.gif HTTP/1.1" 200 43 "http://renault.activities.at/css/styles.css" "Mozilla/5.0 (Windows NT 10.0; Win64; x64) AppleWebKit/537.36 (KHTML, like Gecko) Chrome/91.0.4472.124 Safari/537.36"
81.189.177.106 - - [05/Jul/2021:12:24:18 +0200] "POST /docheckout HTTP/1.1" 200 450 "http://renault.activities.at/checkout" "Mozilla/5.0 (Windows NT 10.0; Win64; x64) AppleWebKit/537.36 (KHTML, like Gecko) Chrome/91.0.4472.124 Safari/537.36"
193.194.132.27 - - [05/Jul/2021:12:24:22 +0200] "GET /reload?ser=1625480662189 HTTP/1.1" 200 28 "http://renault.2web.at/account" "Mozilla/5.0 (Windows NT 10.0; Win64; x64) AppleWebKit/537.36 (KHTML, like Gecko) Chrome/91.0.4472.124 Safari/537.36"
81.189.177.106 - - [05/Jul/2021:12:24:22 +0200] "POST /docheckout HTTP/1.1" 200 623 "http://renault.activities.at/checkout" "Mozilla/5.0 (Windows NT 10.0; Win64; x64) AppleWebKit/537.36 (KHTML, like Gecko) Chrome/91.0.4472.124 Safari/537.36"
81.189.177.106 - - [05/Jul/2021:12:24:23 +0200] "GET /images/error_msg_icon.gif HTTP/1.1" 200 1013 "http://renault.activities.at/checkout" "Mozilla/5.0 (Windows NT 10.0; Win64; x64) AppleWebKit/537.36 (KHTML, like Gecko) Chrome/91.0.4472.124 Safari/537.36"
81.189.177.106 - - [05/Jul/2021:12:24:29 +0200] "POST /docheckout HTTP/1.1" 200 68 "http://renault.activities.at/checkout" "Mozilla/5.0 (Windows NT 10.0; Win64; x64) AppleWebKit/537.36 (KHTML, like Gecko) Chrome/91.0.4472.124 Safari/537.36"
81.189.177.106 - - [05/Jul/2021:12:24:32 +0200] "GET /success HTTP/1.1" 200 3781 "http://renault.activities.at/checkout" "Mozilla/5.0 (Windows NT 10.0; Win64; x64) AppleWebKit/537.36 (KHTML, like Gecko) Chrome/91.0.4472.124 Safari/537.36"
81.189.177.106 - - [05/Jul/2021:12:24:37 +0200] "GET /logout HTTP/1.1" 302 140 "http://renault.activities.at/success" "Mozilla/5.0 (Windows NT 10.0; Win64; x64) AppleWebKit/537.36 (KHTML, like Gecko) Chrome/91.0.4472.124 Safari/537.36"
81.189.177.106 - - [05/Jul/2021:12:24:38 +0200] "GET /logout HTTP/1.1" 200 1583 "http://renault.activities.at/success" "Mozilla/5.0 (Windows NT 10.0; Win64; x64) AppleWebKit/537.36 (KHTML, like Gecko) Chrome/91.0.4472.124 Safari/537.36"
80.120.210.179 - - [05/Jul/2021:12:25:03 +0200] "GET /reload?ser=1625480703596 HTTP/1.1" 200 28 "http://renault.activities.at/success" "Mozilla/5.0 (Windows NT 10.0; Win64; x64) AppleWebKit/537.36 (KHTML, like Gecko) Chrome/91.0.4472.114 Safari/537.36"
193.194.132.27 - - [05/Jul/2021:12:25:24 +0200] "GET /reload?ser=1625480724196 HTTP/1.1" 200 28 "http://renault.2web.at/account" "Mozilla/5.0 (Windows NT 10.0; Win64; x64) AppleWebKit/537.36 (KHTML, like Gecko) Chrome/91.0.4472.124 Safari/537.36"
80.120.210.179 - - [05/Jul/2021:12:26:04 +0200] "GET /reload?ser=1625480764589 HTTP/1.1" 200 28 "http://renault.activities.at/success" "Mozilla/5.0 (Windows NT 10.0; Win64; x64) AppleWebKit/537.36 (KHTML, like Gecko) Chrome/91.0.4472.114 Safari/537.36"
193.194.132.27 - - [05/Jul/2021:12:26:26 +0200] "GET /reload?ser=1625480786204 HTTP/1.1" 200 28 "http://renault.2web.at/account" "Mozilla/5.0 (Windows NT 10.0; Win64; x64) AppleWebKit/537.36 (KHTML, like Gecko) Chrome/91.0.4472.124 Safari/537.36"
80.120.210.179 - - [05/Jul/2021:12:27:05 +0200] "GET /reload?ser=1625480825589 HTTP/1.1" 200 28 "http://renault.activities.at/success" "Mozilla/5.0 (Windows NT 10.0; Win64; x64) AppleWebKit/537.36 (KHTML, like Gecko) Chrome/91.0.4472.114 Safari/537.36"
193.194.132.27 - - [05/Jul/2021:12:27:28 +0200] "GET /reload?ser=1625480848213 HTTP/1.1" 200 28 "http://renault.2web.at/account" "Mozilla/5.0 (Windows NT 10.0; Win64; x64) AppleWebKit/537.36 (KHTML, like Gecko) Chrome/91.0.4472.124 Safari/537.36"
80.120.210.179 - - [05/Jul/2021:12:28:06 +0200] "GET /reload?ser=1625480886591 HTTP/1.1" 200 28 "http://renault.activities.at/success" "Mozilla/5.0 (Windows NT 10.0; Win64; x64) AppleWebKit/537.36 (KHTML, like Gecko) Chrome/91.0.4472.114 Safari/537.36"
193.194.132.27 - - [05/Jul/2021:12:28:30 +0200] "GET /reload?ser=1625480910220 HTTP/1.1" 200 28 "http://renault.2web.at/account" "Mozilla/5.0 (Windows NT 10.0; Win64; x64) AppleWebKit/537.36 (KHTML, like Gecko) Chrome/91.0.4472.124 Safari/537.36"
80.120.210.179 - - [05/Jul/2021:12:29:07 +0200] "GET /reload?ser=1625480947589 HTTP/1.1" 200 28 "http://renault.activities.at/success" "Mozilla/5.0 (Windows NT 10.0; Win64; x64) AppleWebKit/537.36 (KHTML, like Gecko) Chrome/91.0.4472.114 Safari/537.36"
