193.194.132.21 - - [07/Jul/2021:10:30:23 +0200] "GET /reload?ser=1625646623074 HTTP/1.1" 200 28 "http://renault.2web.at/result?searchterm=true&search=wartung" "Mozilla/5.0 (Windows NT 10.0; Win64; x64) AppleWebKit/537.36 (KHTML, like Gecko) Chrome/91.0.4472.124 Safari/537.36"
80.120.5.131 - - [07/Jul/2021:10:31:18 +0200] "GET /reload?ser=1625646678432 HTTP/1.1" 200 28 "http://renault.activities.at/result?searchterm=true&search=arkana" "Mozilla/5.0 (Windows NT 10.0; Win64; x64) AppleWebKit/537.36 (KHTML, like Gecko) Chrome/91.0.4472.124 Safari/537.36 Edg/91.0.864.64"
193.194.132.21 - - [07/Jul/2021:10:31:25 +0200] "GET /reload?ser=1625646685080 HTTP/1.1" 200 28 "http://renault.2web.at/result?searchterm=true&search=wartung" "Mozilla/5.0 (Windows NT 10.0; Win64; x64) AppleWebKit/537.36 (KHTML, like Gecko) Chrome/91.0.4472.124 Safari/537.36"
80.120.5.131 - - [07/Jul/2021:10:32:19 +0200] "GET /reload?ser=1625646739355 HTTP/1.1" 200 28 "http://renault.activities.at/result?searchterm=true&search=arkana" "Mozilla/5.0 (Windows NT 10.0; Win64; x64) AppleWebKit/537.36 (KHTML, like Gecko) Chrome/91.0.4472.124 Safari/537.36 Edg/91.0.864.64"
193.194.132.21 - - [07/Jul/2021:10:32:27 +0200] "GET /reload?ser=1625646747085 HTTP/1.1" 200 28 "http://renault.2web.at/result?searchterm=true&search=wartung" "Mozilla/5.0 (Windows NT 10.0; Win64; x64) AppleWebKit/537.36 (KHTML, like Gecko) Chrome/91.0.4472.124 Safari/537.36"
80.120.5.131 - - [07/Jul/2021:10:33:20 +0200] "GET /reload?ser=1625646800274 HTTP/1.1" 200 28 "http://renault.activities.at/result?searchterm=true&search=arkana" "Mozilla/5.0 (Windows NT 10.0; Win64; x64) AppleWebKit/537.36 (KHTML, like Gecko) Chrome/91.0.4472.124 Safari/537.36 Edg/91.0.864.64"
193.194.132.21 - - [07/Jul/2021:10:33:29 +0200] "GET /reload?ser=1625646809091 HTTP/1.1" 200 28 "http://renault.2web.at/result?searchterm=true&search=wartung" "Mozilla/5.0 (Windows NT 10.0; Win64; x64) AppleWebKit/537.36 (KHTML, like Gecko) Chrome/91.0.4472.124 Safari/537.36"
80.120.5.131 - - [07/Jul/2021:10:34:21 +0200] "GET /reload?ser=1625646861252 HTTP/1.1" 200 28 "http://renault.activities.at/result?searchterm=true&search=arkana" "Mozilla/5.0 (Windows NT 10.0; Win64; x64) AppleWebKit/537.36 (KHTML, like Gecko) Chrome/91.0.4472.124 Safari/537.36 Edg/91.0.864.64"
193.194.132.21 - - [07/Jul/2021:10:34:31 +0200] "GET /reload?ser=1625646871095 HTTP/1.1" 200 28 "http://renault.2web.at/result?searchterm=true&search=wartung" "Mozilla/5.0 (Windows NT 10.0; Win64; x64) AppleWebKit/537.36 (KHTML, like Gecko) Chrome/91.0.4472.124 Safari/537.36"
80.120.5.131 - - [07/Jul/2021:10:35:22 +0200] "GET /reload?ser=1625646922205 HTTP/1.1" 200 28 "http://renault.activities.at/result?searchterm=true&search=arkana" "Mozilla/5.0 (Windows NT 10.0; Win64; x64) AppleWebKit/537.36 (KHTML, like Gecko) Chrome/91.0.4472.124 Safari/537.36 Edg/91.0.864.64"
193.194.132.21 - - [07/Jul/2021:10:35:33 +0200] "GET /reload?ser=1625646933099 HTTP/1.1" 200 28 "http://renault.2web.at/result?searchterm=true&search=wartung" "Mozilla/5.0 (Windows NT 10.0; Win64; x64) AppleWebKit/537.36 (KHTML, like Gecko) Chrome/91.0.4472.124 Safari/537.36"
80.120.5.131 - - [07/Jul/2021:10:36:23 +0200] "GET /reload?ser=1625646983144 HTTP/1.1" 200 28 "http://renault.activities.at/result?searchterm=true&search=arkana" "Mozilla/5.0 (Windows NT 10.0; Win64; x64) AppleWebKit/537.36 (KHTML, like Gecko) Chrome/91.0.4472.124 Safari/537.36 Edg/91.0.864.64"
193.194.132.21 - - [07/Jul/2021:10:36:35 +0200] "GET /reload?ser=1625646995103 HTTP/1.1" 200 28 "http://renault.2web.at/result?searchterm=true&search=wartung" "Mozilla/5.0 (Windows NT 10.0; Win64; x64) AppleWebKit/537.36 (KHTML, like Gecko) Chrome/91.0.4472.124 Safari/537.36"
80.120.5.131 - - [07/Jul/2021:10:37:24 +0200] "GET /reload?ser=1625647044107 HTTP/1.1" 200 28 "http://renault.activities.at/result?searchterm=true&search=arkana" "Mozilla/5.0 (Windows NT 10.0; Win64; x64) AppleWebKit/537.36 (KHTML, like Gecko) Chrome/91.0.4472.124 Safari/537.36 Edg/91.0.864.64"
193.194.132.21 - - [07/Jul/2021:10:37:37 +0200] "GET /reload?ser=1625647057107 HTTP/1.1" 200 28 "http://renault.2web.at/result?searchterm=true&search=wartung" "Mozilla/5.0 (Windows NT 10.0; Win64; x64) AppleWebKit/537.36 (KHTML, like Gecko) Chrome/91.0.4472.124 Safari/537.36"
80.120.5.131 - - [07/Jul/2021:10:38:25 +0200] "GET /reload?ser=1625647105307 HTTP/1.1" 200 28 "http://renault.activities.at/result?searchterm=true&search=arkana" "Mozilla/5.0 (Windows NT 10.0; Win64; x64) AppleWebKit/537.36 (KHTML, like Gecko) Chrome/91.0.4472.124 Safari/537.36 Edg/91.0.864.64"
193.194.132.21 - - [07/Jul/2021:10:38:39 +0200] "GET /reload?ser=1625647119110 HTTP/1.1" 200 28 "http://renault.2web.at/result?searchterm=true&search=wartung" "Mozilla/5.0 (Windows NT 10.0; Win64; x64) AppleWebKit/537.36 (KHTML, like Gecko) Chrome/91.0.4472.124 Safari/537.36"
80.120.5.131 - - [07/Jul/2021:10:39:26 +0200] "GET /reload?ser=1625647166305 HTTP/1.1" 200 28 "http://renault.activities.at/result?searchterm=true&search=arkana" "Mozilla/5.0 (Windows NT 10.0; Win64; x64) AppleWebKit/537.36 (KHTML, like Gecko) Chrome/91.0.4472.124 Safari/537.36 Edg/91.0.864.64"
193.194.132.21 - - [07/Jul/2021:10:39:41 +0200] "GET /reload?ser=1625647181113 HTTP/1.1" 200 28 "http://renault.2web.at/result?searchterm=true&search=wartung" "Mozilla/5.0 (Windows NT 10.0; Win64; x64) AppleWebKit/537.36 (KHTML, like Gecko) Chrome/91.0.4472.124 Safari/537.36"
80.120.5.131 - - [07/Jul/2021:10:40:27 +0200] "GET /reload?ser=1625647227294 HTTP/1.1" 200 28 "http://renault.activities.at/result?searchterm=true&search=arkana" "Mozilla/5.0 (Windows NT 10.0; Win64; x64) AppleWebKit/537.36 (KHTML, like Gecko) Chrome/91.0.4472.124 Safari/537.36 Edg/91.0.864.64"
193.194.132.21 - - [07/Jul/2021:10:40:43 +0200] "GET /reload?ser=1625647243117 HTTP/1.1" 200 28 "http://renault.2web.at/result?searchterm=true&search=wartung" "Mozilla/5.0 (Windows NT 10.0; Win64; x64) AppleWebKit/537.36 (KHTML, like Gecko) Chrome/91.0.4472.124 Safari/537.36"
80.120.5.131 - - [07/Jul/2021:10:41:28 +0200] "GET /reload?ser=1625647288293 HTTP/1.1" 200 28 "http://renault.activities.at/result?searchterm=true&search=arkana" "Mozilla/5.0 (Windows NT 10.0; Win64; x64) AppleWebKit/537.36 (KHTML, like Gecko) Chrome/91.0.4472.124 Safari/537.36 Edg/91.0.864.64"
193.194.132.21 - - [07/Jul/2021:10:41:45 +0200] "GET /reload?ser=1625647305120 HTTP/1.1" 200 28 "http://renault.2web.at/result?searchterm=true&search=wartung" "Mozilla/5.0 (Windows NT 10.0; Win64; x64) AppleWebKit/537.36 (KHTML, like Gecko) Chrome/91.0.4472.124 Safari/537.36"
80.120.5.131 - - [07/Jul/2021:10:42:29 +0200] "GET /reload?ser=1625647349295 HTTP/1.1" 200 28 "http://renault.activities.at/result?searchterm=true&search=arkana" "Mozilla/5.0 (Windows NT 10.0; Win64; x64) AppleWebKit/537.36 (KHTML, like Gecko) Chrome/91.0.4472.124 Safari/537.36 Edg/91.0.864.64"
193.194.132.21 - - [07/Jul/2021:10:42:47 +0200] "GET /reload?ser=1625647367122 HTTP/1.1" 200 28 "http://renault.2web.at/result?searchterm=true&search=wartung" "Mozilla/5.0 (Windows NT 10.0; Win64; x64) AppleWebKit/537.36 (KHTML, like Gecko) Chrome/91.0.4472.124 Safari/537.36"
80.120.5.131 - - [07/Jul/2021:10:43:30 +0200] "GET /reload?ser=1625647410301 HTTP/1.1" 200 28 "http://renault.activities.at/result?searchterm=true&search=arkana" "Mozilla/5.0 (Windows NT 10.0; Win64; x64) AppleWebKit/537.36 (KHTML, like Gecko) Chrome/91.0.4472.124 Safari/537.36 Edg/91.0.864.64"
193.194.132.21 - - [07/Jul/2021:10:43:49 +0200] "GET /reload?ser=1625647429124 HTTP/1.1" 200 28 "http://renault.2web.at/result?searchterm=true&search=wartung" "Mozilla/5.0 (Windows NT 10.0; Win64; x64) AppleWebKit/537.36 (KHTML, like Gecko) Chrome/91.0.4472.124 Safari/537.36"
80.120.5.131 - - [07/Jul/2021:10:44:31 +0200] "GET /reload?ser=1625647471296 HTTP/1.1" 200 28 "http://renault.activities.at/result?searchterm=true&search=arkana" "Mozilla/5.0 (Windows NT 10.0; Win64; x64) AppleWebKit/537.36 (KHTML, like Gecko) Chrome/91.0.4472.124 Safari/537.36 Edg/91.0.864.64"
193.194.132.21 - - [07/Jul/2021:10:44:51 +0200] "GET /reload?ser=1625647491128 HTTP/1.1" 200 28 "http://renault.2web.at/result?searchterm=true&search=wartung" "Mozilla/5.0 (Windows NT 10.0; Win64; x64) AppleWebKit/537.36 (KHTML, like Gecko) Chrome/91.0.4472.124 Safari/537.36"
80.120.5.131 - - [07/Jul/2021:10:45:32 +0200] "GET /reload?ser=1625647532305 HTTP/1.1" 200 28 "http://renault.activities.at/result?searchterm=true&search=arkana" "Mozilla/5.0 (Windows NT 10.0; Win64; x64) AppleWebKit/537.36 (KHTML, like Gecko) Chrome/91.0.4472.124 Safari/537.36 Edg/91.0.864.64"
193.194.132.21 - - [07/Jul/2021:10:45:53 +0200] "GET /reload?ser=1625647553130 HTTP/1.1" 200 28 "http://renault.2web.at/result?searchterm=true&search=wartung" "Mozilla/5.0 (Windows NT 10.0; Win64; x64) AppleWebKit/537.36 (KHTML, like Gecko) Chrome/91.0.4472.124 Safari/537.36"
80.120.5.131 - - [07/Jul/2021:10:46:33 +0200] "GET /reload?ser=1625647593301 HTTP/1.1" 200 28 "http://renault.activities.at/result?searchterm=true&search=arkana" "Mozilla/5.0 (Windows NT 10.0; Win64; x64) AppleWebKit/537.36 (KHTML, like Gecko) Chrome/91.0.4472.124 Safari/537.36 Edg/91.0.864.64"
193.194.132.21 - - [07/Jul/2021:10:46:55 +0200] "GET /reload?ser=1625647615132 HTTP/1.1" 200 28 "http://renault.2web.at/result?searchterm=true&search=wartung" "Mozilla/5.0 (Windows NT 10.0; Win64; x64) AppleWebKit/537.36 (KHTML, like Gecko) Chrome/91.0.4472.124 Safari/537.36"
80.120.5.131 - - [07/Jul/2021:10:47:35 +0200] "GET /reload?ser=1625647655305 HTTP/1.1" 200 28 "http://renault.activities.at/result?searchterm=true&search=arkana" "Mozilla/5.0 (Windows NT 10.0; Win64; x64) AppleWebKit/537.36 (KHTML, like Gecko) Chrome/91.0.4472.124 Safari/537.36 Edg/91.0.864.64"
193.194.132.21 - - [07/Jul/2021:10:47:57 +0200] "GET /reload?ser=1625647677134 HTTP/1.1" 200 28 "http://renault.2web.at/result?searchterm=true&search=wartung" "Mozilla/5.0 (Windows NT 10.0; Win64; x64) AppleWebKit/537.36 (KHTML, like Gecko) Chrome/91.0.4472.124 Safari/537.36"
80.120.5.131 - - [07/Jul/2021:10:48:36 +0200] "GET /reload?ser=1625647716293 HTTP/1.1" 200 28 "http://renault.activities.at/result?searchterm=true&search=arkana" "Mozilla/5.0 (Windows NT 10.0; Win64; x64) AppleWebKit/537.36 (KHTML, like Gecko) Chrome/91.0.4472.124 Safari/537.36 Edg/91.0.864.64"
193.194.132.21 - - [07/Jul/2021:10:48:59 +0200] "GET /reload?ser=1625647739134 HTTP/1.1" 200 28 "http://renault.2web.at/result?searchterm=true&search=wartung" "Mozilla/5.0 (Windows NT 10.0; Win64; x64) AppleWebKit/537.36 (KHTML, like Gecko) Chrome/91.0.4472.124 Safari/537.36"
80.120.5.131 - - [07/Jul/2021:10:49:37 +0200] "GET /reload?ser=1625647777301 HTTP/1.1" 200 28 "http://renault.activities.at/result?searchterm=true&search=arkana" "Mozilla/5.0 (Windows NT 10.0; Win64; x64) AppleWebKit/537.36 (KHTML, like Gecko) Chrome/91.0.4472.124 Safari/537.36 Edg/91.0.864.64"
193.194.132.21 - - [07/Jul/2021:10:50:01 +0200] "GET /reload?ser=1625647801136 HTTP/1.1" 200 28 "http://renault.2web.at/result?searchterm=true&search=wartung" "Mozilla/5.0 (Windows NT 10.0; Win64; x64) AppleWebKit/537.36 (KHTML, like Gecko) Chrome/91.0.4472.124 Safari/537.36"
80.120.5.131 - - [07/Jul/2021:10:50:38 +0200] "GET /reload?ser=1625647838301 HTTP/1.1" 200 28 "http://renault.activities.at/result?searchterm=true&search=arkana" "Mozilla/5.0 (Windows NT 10.0; Win64; x64) AppleWebKit/537.36 (KHTML, like Gecko) Chrome/91.0.4472.124 Safari/537.36 Edg/91.0.864.64"
193.194.132.21 - - [07/Jul/2021:10:51:03 +0200] "GET /reload?ser=1625647863138 HTTP/1.1" 200 28 "http://renault.2web.at/result?searchterm=true&search=wartung" "Mozilla/5.0 (Windows NT 10.0; Win64; x64) AppleWebKit/537.36 (KHTML, like Gecko) Chrome/91.0.4472.124 Safari/537.36"
80.120.5.131 - - [07/Jul/2021:10:51:39 +0200] "GET /reload?ser=1625647899305 HTTP/1.1" 200 28 "http://renault.activities.at/result?searchterm=true&search=arkana" "Mozilla/5.0 (Windows NT 10.0; Win64; x64) AppleWebKit/537.36 (KHTML, like Gecko) Chrome/91.0.4472.124 Safari/537.36 Edg/91.0.864.64"
193.194.132.21 - - [07/Jul/2021:10:52:05 +0200] "GET /reload?ser=1625647925139 HTTP/1.1" 200 28 "http://renault.2web.at/result?searchterm=true&search=wartung" "Mozilla/5.0 (Windows NT 10.0; Win64; x64) AppleWebKit/537.36 (KHTML, like Gecko) Chrome/91.0.4472.124 Safari/537.36"
80.120.5.131 - - [07/Jul/2021:10:52:40 +0200] "GET /reload?ser=1625647960303 HTTP/1.1" 200 28 "http://renault.activities.at/result?searchterm=true&search=arkana" "Mozilla/5.0 (Windows NT 10.0; Win64; x64) AppleWebKit/537.36 (KHTML, like Gecko) Chrome/91.0.4472.124 Safari/537.36 Edg/91.0.864.64"
193.194.132.21 - - [07/Jul/2021:10:53:07 +0200] "GET /reload?ser=1625647987141 HTTP/1.1" 200 28 "http://renault.2web.at/result?searchterm=true&search=wartung" "Mozilla/5.0 (Windows NT 10.0; Win64; x64) AppleWebKit/537.36 (KHTML, like Gecko) Chrome/91.0.4472.124 Safari/537.36"
80.120.5.131 - - [07/Jul/2021:10:53:42 +0200] "GET /reload?ser=1625648022296 HTTP/1.1" 200 28 "http://renault.activities.at/result?searchterm=true&search=arkana" "Mozilla/5.0 (Windows NT 10.0; Win64; x64) AppleWebKit/537.36 (KHTML, like Gecko) Chrome/91.0.4472.124 Safari/537.36 Edg/91.0.864.64"
193.194.132.21 - - [07/Jul/2021:10:54:09 +0200] "GET /reload?ser=1625648049141 HTTP/1.1" 200 28 "http://renault.2web.at/result?searchterm=true&search=wartung" "Mozilla/5.0 (Windows NT 10.0; Win64; x64) AppleWebKit/537.36 (KHTML, like Gecko) Chrome/91.0.4472.124 Safari/537.36"
80.120.5.131 - - [07/Jul/2021:10:54:43 +0200] "GET /reload?ser=1625648083296 HTTP/1.1" 200 28 "http://renault.activities.at/result?searchterm=true&search=arkana" "Mozilla/5.0 (Windows NT 10.0; Win64; x64) AppleWebKit/537.36 (KHTML, like Gecko) Chrome/91.0.4472.124 Safari/537.36 Edg/91.0.864.64"
193.194.132.21 - - [07/Jul/2021:10:55:11 +0200] "GET /reload?ser=1625648111142 HTTP/1.1" 200 28 "http://renault.2web.at/result?searchterm=true&search=wartung" "Mozilla/5.0 (Windows NT 10.0; Win64; x64) AppleWebKit/537.36 (KHTML, like Gecko) Chrome/91.0.4472.124 Safari/537.36"
80.120.5.131 - - [07/Jul/2021:10:55:44 +0200] "GET /reload?ser=1625648144299 HTTP/1.1" 200 28 "http://renault.activities.at/result?searchterm=true&search=arkana" "Mozilla/5.0 (Windows NT 10.0; Win64; x64) AppleWebKit/537.36 (KHTML, like Gecko) Chrome/91.0.4472.124 Safari/537.36 Edg/91.0.864.64"
193.194.132.21 - - [07/Jul/2021:10:56:13 +0200] "GET /reload?ser=1625648173145 HTTP/1.1" 200 28 "http://renault.2web.at/result?searchterm=true&search=wartung" "Mozilla/5.0 (Windows NT 10.0; Win64; x64) AppleWebKit/537.36 (KHTML, like Gecko) Chrome/91.0.4472.124 Safari/537.36"
80.120.5.131 - - [07/Jul/2021:10:56:45 +0200] "GET /reload?ser=1625648205293 HTTP/1.1" 200 28 "http://renault.activities.at/result?searchterm=true&search=arkana" "Mozilla/5.0 (Windows NT 10.0; Win64; x64) AppleWebKit/537.36 (KHTML, like Gecko) Chrome/91.0.4472.124 Safari/537.36 Edg/91.0.864.64"
193.194.132.21 - - [07/Jul/2021:10:57:15 +0200] "GET /reload?ser=1625648235159 HTTP/1.1" 200 28 "http://renault.2web.at/result?searchterm=true&search=wartung" "Mozilla/5.0 (Windows NT 10.0; Win64; x64) AppleWebKit/537.36 (KHTML, like Gecko) Chrome/91.0.4472.124 Safari/537.36"
80.120.5.131 - - [07/Jul/2021:10:57:46 +0200] "GET /reload?ser=1625648266305 HTTP/1.1" 200 28 "http://renault.activities.at/result?searchterm=true&search=arkana" "Mozilla/5.0 (Windows NT 10.0; Win64; x64) AppleWebKit/537.36 (KHTML, like Gecko) Chrome/91.0.4472.124 Safari/537.36 Edg/91.0.864.64"
193.194.132.21 - - [07/Jul/2021:10:58:17 +0200] "GET /reload?ser=1625648297147 HTTP/1.1" 200 28 "http://renault.2web.at/result?searchterm=true&search=wartung" "Mozilla/5.0 (Windows NT 10.0; Win64; x64) AppleWebKit/537.36 (KHTML, like Gecko) Chrome/91.0.4472.124 Safari/537.36"
93.83.167.130 - - [07/Jul/2021:10:58:44 +0200] "GET /account HTTP/1.1" 302 150 "-" "Mozilla/5.0 (Windows NT 10.0; Win64; x64) AppleWebKit/537.36 (KHTML, like Gecko) Chrome/91.0.4472.124 Safari/537.36"
93.83.167.130 - - [07/Jul/2021:10:58:45 +0200] "GET /login?required=true HTTP/1.1" 200 2085 "-" "Mozilla/5.0 (Windows NT 10.0; Win64; x64) AppleWebKit/537.36 (KHTML, like Gecko) Chrome/91.0.4472.124 Safari/537.36"
93.83.167.130 - - [07/Jul/2021:10:58:46 +0200] "GET /loadthumbnail.php?id=11127982 HTTP/1.1" 200 399614 "http://renault.activities.at/login?required=true" "Mozilla/5.0 (Windows NT 10.0; Win64; x64) AppleWebKit/537.36 (KHTML, like Gecko) Chrome/91.0.4472.124 Safari/537.36"
93.83.167.130 - - [07/Jul/2021:10:58:46 +0200] "GET /images/favicon.ico HTTP/1.1" 404 305 "http://renault.activities.at/login?required=true" "Mozilla/5.0 (Windows NT 10.0; Win64; x64) AppleWebKit/537.36 (KHTML, like Gecko) Chrome/91.0.4472.124 Safari/537.36"
80.120.5.131 - - [07/Jul/2021:10:58:47 +0200] "GET /reload?ser=1625648327301 HTTP/1.1" 200 28 "http://renault.activities.at/result?searchterm=true&search=arkana" "Mozilla/5.0 (Windows NT 10.0; Win64; x64) AppleWebKit/537.36 (KHTML, like Gecko) Chrome/91.0.4472.124 Safari/537.36 Edg/91.0.864.64"
93.83.167.130 - - [07/Jul/2021:10:58:50 +0200] "POST /login HTTP/1.1" 302 152 "http://renault.activities.at/login?required=true" "Mozilla/5.0 (Windows NT 10.0; Win64; x64) AppleWebKit/537.36 (KHTML, like Gecko) Chrome/91.0.4472.124 Safari/537.36"
93.83.167.130 - - [07/Jul/2021:10:58:52 +0200] "GET /account?loadrequest=true HTTP/1.1" 200 6084 "http://renault.activities.at/login?required=true" "Mozilla/5.0 (Windows NT 10.0; Win64; x64) AppleWebKit/537.36 (KHTML, like Gecko) Chrome/91.0.4472.124 Safari/537.36"
93.83.167.130 - - [07/Jul/2021:10:58:55 +0200] "GET /loadthumbnail.php?id=12414625&width=50&height=50 HTTP/1.1" 200 1303 "http://renault.activities.at/account?loadrequest=true" "Mozilla/5.0 (Windows NT 10.0; Win64; x64) AppleWebKit/537.36 (KHTML, like Gecko) Chrome/91.0.4472.124 Safari/537.36"
93.83.167.130 - - [07/Jul/2021:10:58:55 +0200] "GET /loadthumbnail.php?id=10986339&width=50&height=50 HTTP/1.1" 200 1295 "http://renault.activities.at/account?loadrequest=true" "Mozilla/5.0 (Windows NT 10.0; Win64; x64) AppleWebKit/537.36 (KHTML, like Gecko) Chrome/91.0.4472.124 Safari/537.36"
93.83.167.130 - - [07/Jul/2021:10:58:55 +0200] "GET /loadthumbnail.php?id=12333874&width=50&height=50 HTTP/1.1" 200 993 "http://renault.activities.at/account?loadrequest=true" "Mozilla/5.0 (Windows NT 10.0; Win64; x64) AppleWebKit/537.36 (KHTML, like Gecko) Chrome/91.0.4472.124 Safari/537.36"
93.83.167.130 - - [07/Jul/2021:10:59:02 +0200] "POST /axjaxrequest?mode=suggest HTTP/1.1" 200 112 "http://renault.activities.at/account?loadrequest=true" "Mozilla/5.0 (Windows NT 10.0; Win64; x64) AppleWebKit/537.36 (KHTML, like Gecko) Chrome/91.0.4472.124 Safari/537.36"
93.83.167.130 - - [07/Jul/2021:10:59:03 +0200] "GET /result?searchterm=true&search=Notizbuch+ HTTP/1.1" 200 5951 "http://renault.activities.at/account?loadrequest=true" "Mozilla/5.0 (Windows NT 10.0; Win64; x64) AppleWebKit/537.36 (KHTML, like Gecko) Chrome/91.0.4472.124 Safari/537.36"
93.83.167.130 - - [07/Jul/2021:10:59:03 +0200] "POST /axjaxrequest?mode=suggest HTTP/1.1" 200 112 "http://renault.activities.at/account?loadrequest=true" "Mozilla/5.0 (Windows NT 10.0; Win64; x64) AppleWebKit/537.36 (KHTML, like Gecko) Chrome/91.0.4472.124 Safari/537.36"
93.83.167.130 - - [07/Jul/2021:10:59:04 +0200] "GET /result?searchterm=true&search=Notizbuch HTTP/1.1" 200 5951 "http://renault.activities.at/account?loadrequest=true" "Mozilla/5.0 (Windows NT 10.0; Win64; x64) AppleWebKit/537.36 (KHTML, like Gecko) Chrome/91.0.4472.124 Safari/537.36"
93.83.167.130 - - [07/Jul/2021:10:59:08 +0200] "GET /loadthumbnail.php?id=10203255 HTTP/1.1" 200 137 "http://renault.activities.at/result?searchterm=true&search=Notizbuch" "Mozilla/5.0 (Windows NT 10.0; Win64; x64) AppleWebKit/537.36 (KHTML, like Gecko) Chrome/91.0.4472.124 Safari/537.36"
93.83.167.130 - - [07/Jul/2021:10:59:08 +0200] "GET /loadthumbnail.php?id=12029408&width=113 HTTP/1.1" 200 2367 "http://renault.activities.at/result?searchterm=true&search=Notizbuch" "Mozilla/5.0 (Windows NT 10.0; Win64; x64) AppleWebKit/537.36 (KHTML, like Gecko) Chrome/91.0.4472.124 Safari/537.36"
93.83.167.130 - - [07/Jul/2021:10:59:09 +0200] "GET /11875093?print=true HTTP/1.1" 200 2633 "http://renault.activities.at/result?searchterm=true&search=Notizbuch" "Mozilla/5.0 (Windows NT 10.0; Win64; x64) AppleWebKit/537.36 (KHTML, like Gecko) Chrome/91.0.4472.124 Safari/537.36"
93.83.167.130 - - [07/Jul/2021:10:59:12 +0200] "GET /loadthumbnail.php?id=12029408&width=250 HTTP/1.1" 200 8108 "http://renault.activities.at/11875093?print=true" "Mozilla/5.0 (Windows NT 10.0; Win64; x64) AppleWebKit/537.36 (KHTML, like Gecko) Chrome/91.0.4472.124 Safari/537.36"
93.83.167.130 - - [07/Jul/2021:10:59:12 +0200] "GET /loadthumbnail.php?id=12029408&width=900&height=900 HTTP/1.1" 200 64004 "http://renault.activities.at/11875093?print=true" "Mozilla/5.0 (Windows NT 10.0; Win64; x64) AppleWebKit/537.36 (KHTML, like Gecko) Chrome/91.0.4472.124 Safari/537.36"
193.194.132.21 - - [07/Jul/2021:10:59:19 +0200] "GET /reload?ser=1625648359146 HTTP/1.1" 200 28 "http://renault.2web.at/result?searchterm=true&search=wartung" "Mozilla/5.0 (Windows NT 10.0; Win64; x64) AppleWebKit/537.36 (KHTML, like Gecko) Chrome/91.0.4472.124 Safari/537.36"
93.83.167.130 - - [07/Jul/2021:10:59:21 +0200] "POST /11875093?print=true HTTP/1.1" 200 2742 "http://renault.activities.at/11875093?print=true" "Mozilla/5.0 (Windows NT 10.0; Win64; x64) AppleWebKit/537.36 (KHTML, like Gecko) Chrome/91.0.4472.124 Safari/537.36"
91.114.96.114 - - [07/Jul/2021:10:59:35 +0200] "GET / HTTP/1.1" 200 3315 "-" "Mozilla/5.0 (Windows NT 10.0; Win64; x64) AppleWebKit/537.36 (KHTML, like Gecko) Chrome/91.0.4472.124 Safari/537.36 Edg/91.0.864.64"
91.114.96.114 - - [07/Jul/2021:10:59:36 +0200] "GET /loadthumbnail.php?id=11127982 HTTP/1.1" 200 399614 "http://renault.activities.at/" "Mozilla/5.0 (Windows NT 10.0; Win64; x64) AppleWebKit/537.36 (KHTML, like Gecko) Chrome/91.0.4472.124 Safari/537.36 Edg/91.0.864.64"
91.114.96.114 - - [07/Jul/2021:10:59:37 +0200] "GET /images/favicon.ico HTTP/1.1" 404 305 "http://renault.activities.at/" "Mozilla/5.0 (Windows NT 10.0; Win64; x64) AppleWebKit/537.36 (KHTML, like Gecko) Chrome/91.0.4472.124 Safari/537.36 Edg/91.0.864.64"
91.114.96.114 - - [07/Jul/2021:10:59:37 +0200] "GET /login HTTP/1.1" 200 2085 "http://renault.activities.at/" "Mozilla/5.0 (Windows NT 10.0; Win64; x64) AppleWebKit/537.36 (KHTML, like Gecko) Chrome/91.0.4472.124 Safari/537.36 Edg/91.0.864.64"
93.83.167.130 - - [07/Jul/2021:10:59:40 +0200] "POST /result?searchterm=true&search=Notizbuch HTTP/1.1" 200 6137 "http://renault.activities.at/result?searchterm=true&search=Notizbuch" "Mozilla/5.0 (Windows NT 10.0; Win64; x64) AppleWebKit/537.36 (KHTML, like Gecko) Chrome/91.0.4472.124 Safari/537.36"
91.114.96.114 - - [07/Jul/2021:10:59:43 +0200] "POST /login HTTP/1.1" 302 140 "http://renault.activities.at/login" "Mozilla/5.0 (Windows NT 10.0; Win64; x64) AppleWebKit/537.36 (KHTML, like Gecko) Chrome/91.0.4472.124 Safari/537.36 Edg/91.0.864.64"
91.114.96.114 - - [07/Jul/2021:10:59:45 +0200] "GET /account HTTP/1.1" 200 5872 "http://renault.activities.at/login" "Mozilla/5.0 (Windows NT 10.0; Win64; x64) AppleWebKit/537.36 (KHTML, like Gecko) Chrome/91.0.4472.124 Safari/537.36 Edg/91.0.864.64"
91.114.96.114 - - [07/Jul/2021:10:59:47 +0200] "GET /loadthumbnail.php?id=12412602&width=50&height=50 HTTP/1.1" 200 966 "http://renault.activities.at/account" "Mozilla/5.0 (Windows NT 10.0; Win64; x64) AppleWebKit/537.36 (KHTML, like Gecko) Chrome/91.0.4472.124 Safari/537.36 Edg/91.0.864.64"
93.83.167.130 - - [07/Jul/2021:10:59:44 +0200] "GET /checkout HTTP/1.1" 200 10260 "http://renault.activities.at/result?searchterm=true&search=Notizbuch" "Mozilla/5.0 (Windows NT 10.0; Win64; x64) AppleWebKit/537.36 (KHTML, like Gecko) Chrome/91.0.4472.124 Safari/537.36"
93.83.167.130 - - [07/Jul/2021:10:59:48 +0200] "GET /js/checkout2.js HTTP/1.1" 200 4122 "http://renault.activities.at/checkout" "Mozilla/5.0 (Windows NT 10.0; Win64; x64) AppleWebKit/537.36 (KHTML, like Gecko) Chrome/91.0.4472.124 Safari/537.36"
93.83.167.130 - - [07/Jul/2021:10:59:48 +0200] "GET /images/step_bg.jpg HTTP/1.1" 200 319 "http://renault.activities.at/css/styles.css" "Mozilla/5.0 (Windows NT 10.0; Win64; x64) AppleWebKit/537.36 (KHTML, like Gecko) Chrome/91.0.4472.124 Safari/537.36"
93.83.167.130 - - [07/Jul/2021:10:59:48 +0200] "GET /loadthumbnail.php?id=10201939 HTTP/1.1" 200 201 "http://renault.activities.at/checkout" "Mozilla/5.0 (Windows NT 10.0; Win64; x64) AppleWebKit/537.36 (KHTML, like Gecko) Chrome/91.0.4472.124 Safari/537.36"
93.83.167.130 - - [07/Jul/2021:10:59:48 +0200] "GET /loadthumbnail.php?id=10202698 HTTP/1.1" 200 16686 "http://renault.activities.at/checkout" "Mozilla/5.0 (Windows NT 10.0; Win64; x64) AppleWebKit/537.36 (KHTML, like Gecko) Chrome/91.0.4472.124 Safari/537.36"
93.83.167.130 - - [07/Jul/2021:10:59:49 +0200] "GET /images/step_marker.gif HTTP/1.1" 200 650 "http://renault.activities.at/css/styles.css" "Mozilla/5.0 (Windows NT 10.0; Win64; x64) AppleWebKit/537.36 (KHTML, like Gecko) Chrome/91.0.4472.124 Safari/537.36"
93.83.167.130 - - [07/Jul/2021:10:59:49 +0200] "GET /images/ajax_loading.gif HTTP/1.1" 200 1542 "http://renault.activities.at/checkout" "Mozilla/5.0 (Windows NT 10.0; Win64; x64) AppleWebKit/537.36 (KHTML, like Gecko) Chrome/91.0.4472.124 Safari/537.36"
93.83.167.130 - - [07/Jul/2021:10:59:49 +0200] "GET /images/checkout_border_top.gif HTTP/1.1" 200 156 "http://renault.activities.at/css/styles.css" "Mozilla/5.0 (Windows NT 10.0; Win64; x64) AppleWebKit/537.36 (KHTML, like Gecko) Chrome/91.0.4472.124 Safari/537.36"
93.83.167.130 - - [07/Jul/2021:10:59:49 +0200] "GET /images/checkout_border.gif HTTP/1.1" 200 43 "http://renault.activities.at/css/styles.css" "Mozilla/5.0 (Windows NT 10.0; Win64; x64) AppleWebKit/537.36 (KHTML, like Gecko) Chrome/91.0.4472.124 Safari/537.36"
80.120.5.131 - - [07/Jul/2021:10:59:48 +0200] "GET /reload?ser=1625648388302 HTTP/1.1" 200 28 "http://renault.activities.at/result?searchterm=true&search=arkana" "Mozilla/5.0 (Windows NT 10.0; Win64; x64) AppleWebKit/537.36 (KHTML, like Gecko) Chrome/91.0.4472.124 Safari/537.36 Edg/91.0.864.64"
93.83.167.130 - - [07/Jul/2021:11:00:01 +0200] "POST /docheckout HTTP/1.1" 200 451 "http://renault.activities.at/checkout" "Mozilla/5.0 (Windows NT 10.0; Win64; x64) AppleWebKit/537.36 (KHTML, like Gecko) Chrome/91.0.4472.124 Safari/537.36"
93.83.167.130 - - [07/Jul/2021:11:00:05 +0200] "POST /docheckout HTTP/1.1" 200 604 "http://renault.activities.at/checkout" "Mozilla/5.0 (Windows NT 10.0; Win64; x64) AppleWebKit/537.36 (KHTML, like Gecko) Chrome/91.0.4472.124 Safari/537.36"
93.83.167.130 - - [07/Jul/2021:11:00:06 +0200] "GET /images/error_msg_icon.gif HTTP/1.1" 200 1013 "http://renault.activities.at/checkout" "Mozilla/5.0 (Windows NT 10.0; Win64; x64) AppleWebKit/537.36 (KHTML, like Gecko) Chrome/91.0.4472.124 Safari/537.36"
93.83.167.130 - - [07/Jul/2021:11:00:09 +0200] "GET /cart HTTP/1.1" 200 5069 "http://renault.activities.at/checkout" "Mozilla/5.0 (Windows NT 10.0; Win64; x64) AppleWebKit/537.36 (KHTML, like Gecko) Chrome/91.0.4472.124 Safari/537.36"
93.83.167.130 - - [07/Jul/2021:11:00:11 +0200] "GET /loadthumbnail.php?id=10232009&width=16&height=16 HTTP/1.1" 200 700 "http://renault.activities.at/cart" "Mozilla/5.0 (Windows NT 10.0; Win64; x64) AppleWebKit/537.36 (KHTML, like Gecko) Chrome/91.0.4472.124 Safari/537.36"
93.83.167.130 - - [07/Jul/2021:11:00:11 +0200] "GET /loadthumbnail.php?id=12029408&width=100 HTTP/1.1" 200 2077 "http://renault.activities.at/cart" "Mozilla/5.0 (Windows NT 10.0; Win64; x64) AppleWebKit/537.36 (KHTML, like Gecko) Chrome/91.0.4472.124 Safari/537.36"
93.83.167.130 - - [07/Jul/2021:11:00:16 +0200] "POST /cart HTTP/1.1" 200 3826 "http://renault.activities.at/cart" "Mozilla/5.0 (Windows NT 10.0; Win64; x64) AppleWebKit/537.36 (KHTML, like Gecko) Chrome/91.0.4472.124 Safari/537.36"
193.194.132.21 - - [07/Jul/2021:11:00:21 +0200] "GET /reload?ser=1625648421148 HTTP/1.1" 200 28 "http://renault.2web.at/result?searchterm=true&search=wartung" "Mozilla/5.0 (Windows NT 10.0; Win64; x64) AppleWebKit/537.36 (KHTML, like Gecko) Chrome/91.0.4472.124 Safari/537.36"
91.114.96.114 - - [07/Jul/2021:11:00:47 +0200] "GET /reload?ser=1625648445757 HTTP/1.1" 200 28 "http://renault.activities.at/account" "Mozilla/5.0 (Windows NT 10.0; Win64; x64) AppleWebKit/537.36 (KHTML, like Gecko) Chrome/91.0.4472.124 Safari/537.36 Edg/91.0.864.64"
80.120.5.131 - - [07/Jul/2021:11:00:49 +0200] "GET /reload?ser=1625648449307 HTTP/1.1" 200 28 "http://renault.activities.at/result?searchterm=true&search=arkana" "Mozilla/5.0 (Windows NT 10.0; Win64; x64) AppleWebKit/537.36 (KHTML, like Gecko) Chrome/91.0.4472.124 Safari/537.36 Edg/91.0.864.64"
193.194.132.21 - - [07/Jul/2021:11:01:23 +0200] "GET /reload?ser=1625648483149 HTTP/1.1" 200 28 "http://renault.2web.at/result?searchterm=true&search=wartung" "Mozilla/5.0 (Windows NT 10.0; Win64; x64) AppleWebKit/537.36 (KHTML, like Gecko) Chrome/91.0.4472.124 Safari/537.36"
91.114.96.114 - - [07/Jul/2021:11:01:43 +0200] "GET /result?searchterm=true&search=coc HTTP/1.1" 200 6014 "http://renault.activities.at/account" "Mozilla/5.0 (Windows NT 10.0; Win64; x64) AppleWebKit/537.36 (KHTML, like Gecko) Chrome/91.0.4472.124 Safari/537.36 Edg/91.0.864.64"
91.114.96.114 - - [07/Jul/2021:11:01:45 +0200] "GET /loadthumbnail.php?id=11776453&width=113 HTTP/1.1" 200 1248 "http://renault.activities.at/result?searchterm=true&search=coc" "Mozilla/5.0 (Windows NT 10.0; Win64; x64) AppleWebKit/537.36 (KHTML, like Gecko) Chrome/91.0.4472.124 Safari/537.36 Edg/91.0.864.64"
91.114.96.114 - - [07/Jul/2021:11:01:45 +0200] "GET /loadthumbnail.php?id=11146700&width=113 HTTP/1.1" 200 1415 "http://renault.activities.at/result?searchterm=true&search=coc" "Mozilla/5.0 (Windows NT 10.0; Win64; x64) AppleWebKit/537.36 (KHTML, like Gecko) Chrome/91.0.4472.124 Safari/537.36 Edg/91.0.864.64"
91.114.96.114 - - [07/Jul/2021:11:01:45 +0200] "GET /loadthumbnail.php?id=10203255 HTTP/1.1" 200 137 "http://renault.activities.at/result?searchterm=true&search=coc" "Mozilla/5.0 (Windows NT 10.0; Win64; x64) AppleWebKit/537.36 (KHTML, like Gecko) Chrome/91.0.4472.124 Safari/537.36 Edg/91.0.864.64"
91.114.96.114 - - [07/Jul/2021:11:01:43 +0200] "POST /axjaxrequest?mode=suggest HTTP/1.1" 200 153 "http://renault.activities.at/account" "Mozilla/5.0 (Windows NT 10.0; Win64; x64) AppleWebKit/537.36 (KHTML, like Gecko) Chrome/91.0.4472.124 Safari/537.36 Edg/91.0.864.64"
80.120.5.131 - - [07/Jul/2021:11:01:50 +0200] "GET /reload?ser=1625648510294 HTTP/1.1" 200 28 "http://renault.activities.at/result?searchterm=true&search=arkana" "Mozilla/5.0 (Windows NT 10.0; Win64; x64) AppleWebKit/537.36 (KHTML, like Gecko) Chrome/91.0.4472.124 Safari/537.36 Edg/91.0.864.64"
18.206.218.167 - - [07/Jul/2021:11:01:58 +0200] "GET / HTTP/1.1" 200 13180 "-" "Mozilla/5.0 (Windows NT 6.1; Win64; x64) AppleWebKit/537.36 (KHTML, like Gecko) Chrome/72.0.3626.109 Safari/537.36"
193.194.132.21 - - [07/Jul/2021:11:02:25 +0200] "GET /reload?ser=1625648545151 HTTP/1.1" 200 28 "http://renault.2web.at/result?searchterm=true&search=wartung" "Mozilla/5.0 (Windows NT 10.0; Win64; x64) AppleWebKit/537.36 (KHTML, like Gecko) Chrome/91.0.4472.124 Safari/537.36"
91.114.96.114 - - [07/Jul/2021:11:02:47 +0200] "GET /reload?ser=1625648564966 HTTP/1.1" 200 28 "http://renault.activities.at/result?searchterm=true&search=coc" "Mozilla/5.0 (Windows NT 10.0; Win64; x64) AppleWebKit/537.36 (KHTML, like Gecko) Chrome/91.0.4472.124 Safari/537.36 Edg/91.0.864.64"
80.120.5.131 - - [07/Jul/2021:11:02:51 +0200] "GET /reload?ser=1625648571308 HTTP/1.1" 200 28 "http://renault.activities.at/result?searchterm=true&search=arkana" "Mozilla/5.0 (Windows NT 10.0; Win64; x64) AppleWebKit/537.36 (KHTML, like Gecko) Chrome/91.0.4472.124 Safari/537.36 Edg/91.0.864.64"
193.194.132.21 - - [07/Jul/2021:11:03:27 +0200] "GET /reload?ser=1625648607152 HTTP/1.1" 200 28 "http://renault.2web.at/result?searchterm=true&search=wartung" "Mozilla/5.0 (Windows NT 10.0; Win64; x64) AppleWebKit/537.36 (KHTML, like Gecko) Chrome/91.0.4472.124 Safari/537.36"
91.114.96.114 - - [07/Jul/2021:11:03:48 +0200] "GET /reload?ser=1625648625964 HTTP/1.1" 200 28 "http://renault.activities.at/result?searchterm=true&search=coc" "Mozilla/5.0 (Windows NT 10.0; Win64; x64) AppleWebKit/537.36 (KHTML, like Gecko) Chrome/91.0.4472.124 Safari/537.36 Edg/91.0.864.64"
80.120.5.131 - - [07/Jul/2021:11:03:52 +0200] "GET /reload?ser=1625648632293 HTTP/1.1" 200 28 "http://renault.activities.at/result?searchterm=true&search=arkana" "Mozilla/5.0 (Windows NT 10.0; Win64; x64) AppleWebKit/537.36 (KHTML, like Gecko) Chrome/91.0.4472.124 Safari/537.36 Edg/91.0.864.64"
193.194.132.21 - - [07/Jul/2021:11:04:29 +0200] "GET /reload?ser=1625648669155 HTTP/1.1" 200 28 "http://renault.2web.at/result?searchterm=true&search=wartung" "Mozilla/5.0 (Windows NT 10.0; Win64; x64) AppleWebKit/537.36 (KHTML, like Gecko) Chrome/91.0.4472.124 Safari/537.36"
91.114.96.114 - - [07/Jul/2021:11:04:49 +0200] "GET /reload?ser=1625648686957 HTTP/1.1" 200 28 "http://renault.activities.at/result?searchterm=true&search=coc" "Mozilla/5.0 (Windows NT 10.0; Win64; x64) AppleWebKit/537.36 (KHTML, like Gecko) Chrome/91.0.4472.124 Safari/537.36 Edg/91.0.864.64"
80.120.5.131 - - [07/Jul/2021:11:04:53 +0200] "GET /reload?ser=1625648693297 HTTP/1.1" 200 28 "http://renault.activities.at/result?searchterm=true&search=arkana" "Mozilla/5.0 (Windows NT 10.0; Win64; x64) AppleWebKit/537.36 (KHTML, like Gecko) Chrome/91.0.4472.124 Safari/537.36 Edg/91.0.864.64"
193.194.132.21 - - [07/Jul/2021:11:05:31 +0200] "GET /reload?ser=1625648731157 HTTP/1.1" 200 28 "http://renault.2web.at/result?searchterm=true&search=wartung" "Mozilla/5.0 (Windows NT 10.0; Win64; x64) AppleWebKit/537.36 (KHTML, like Gecko) Chrome/91.0.4472.124 Safari/537.36"
91.114.96.114 - - [07/Jul/2021:11:05:50 +0200] "GET /reload?ser=1625648747967 HTTP/1.1" 200 28 "http://renault.activities.at/result?searchterm=true&search=coc" "Mozilla/5.0 (Windows NT 10.0; Win64; x64) AppleWebKit/537.36 (KHTML, like Gecko) Chrome/91.0.4472.124 Safari/537.36 Edg/91.0.864.64"
80.120.5.131 - - [07/Jul/2021:11:05:54 +0200] "GET /reload?ser=1625648754294 HTTP/1.1" 200 28 "http://renault.activities.at/result?searchterm=true&search=arkana" "Mozilla/5.0 (Windows NT 10.0; Win64; x64) AppleWebKit/537.36 (KHTML, like Gecko) Chrome/91.0.4472.124 Safari/537.36 Edg/91.0.864.64"
193.194.132.21 - - [07/Jul/2021:11:06:33 +0200] "GET /reload?ser=1625648793161 HTTP/1.1" 200 28 "http://renault.2web.at/result?searchterm=true&search=wartung" "Mozilla/5.0 (Windows NT 10.0; Win64; x64) AppleWebKit/537.36 (KHTML, like Gecko) Chrome/91.0.4472.124 Safari/537.36"
91.114.96.114 - - [07/Jul/2021:11:06:52 +0200] "GET /reload?ser=1625648809969 HTTP/1.1" 200 28 "http://renault.activities.at/result?searchterm=true&search=coc" "Mozilla/5.0 (Windows NT 10.0; Win64; x64) AppleWebKit/537.36 (KHTML, like Gecko) Chrome/91.0.4472.124 Safari/537.36 Edg/91.0.864.64"
80.120.5.131 - - [07/Jul/2021:11:06:55 +0200] "GET /reload?ser=1625648815308 HTTP/1.1" 200 28 "http://renault.activities.at/result?searchterm=true&search=arkana" "Mozilla/5.0 (Windows NT 10.0; Win64; x64) AppleWebKit/537.36 (KHTML, like Gecko) Chrome/91.0.4472.124 Safari/537.36 Edg/91.0.864.64"
193.194.132.21 - - [07/Jul/2021:11:07:35 +0200] "GET /reload?ser=1625648855163 HTTP/1.1" 200 28 "http://renault.2web.at/result?searchterm=true&search=wartung" "Mozilla/5.0 (Windows NT 10.0; Win64; x64) AppleWebKit/537.36 (KHTML, like Gecko) Chrome/91.0.4472.124 Safari/537.36"
91.114.96.114 - - [07/Jul/2021:11:07:53 +0200] "GET /reload?ser=1625648870967 HTTP/1.1" 200 28 "http://renault.activities.at/result?searchterm=true&search=coc" "Mozilla/5.0 (Windows NT 10.0; Win64; x64) AppleWebKit/537.36 (KHTML, like Gecko) Chrome/91.0.4472.124 Safari/537.36 Edg/91.0.864.64"
80.120.5.131 - - [07/Jul/2021:11:07:56 +0200] "GET /reload?ser=1625648876298 HTTP/1.1" 200 28 "http://renault.activities.at/result?searchterm=true&search=arkana" "Mozilla/5.0 (Windows NT 10.0; Win64; x64) AppleWebKit/537.36 (KHTML, like Gecko) Chrome/91.0.4472.124 Safari/537.36 Edg/91.0.864.64"
193.194.132.21 - - [07/Jul/2021:11:08:37 +0200] "GET /reload?ser=1625648917164 HTTP/1.1" 200 28 "http://renault.2web.at/result?searchterm=true&search=wartung" "Mozilla/5.0 (Windows NT 10.0; Win64; x64) AppleWebKit/537.36 (KHTML, like Gecko) Chrome/91.0.4472.124 Safari/537.36"
91.114.96.114 - - [07/Jul/2021:11:08:54 +0200] "GET /reload?ser=1625648931960 HTTP/1.1" 200 28 "http://renault.activities.at/result?searchterm=true&search=coc" "Mozilla/5.0 (Windows NT 10.0; Win64; x64) AppleWebKit/537.36 (KHTML, like Gecko) Chrome/91.0.4472.124 Safari/537.36 Edg/91.0.864.64"
80.120.5.131 - - [07/Jul/2021:11:08:57 +0200] "GET /reload?ser=1625648937298 HTTP/1.1" 200 28 "http://renault.activities.at/result?searchterm=true&search=arkana" "Mozilla/5.0 (Windows NT 10.0; Win64; x64) AppleWebKit/537.36 (KHTML, like Gecko) Chrome/91.0.4472.124 Safari/537.36 Edg/91.0.864.64"
193.194.132.21 - - [07/Jul/2021:11:09:39 +0200] "GET /reload?ser=1625648979166 HTTP/1.1" 200 28 "http://renault.2web.at/result?searchterm=true&search=wartung" "Mozilla/5.0 (Windows NT 10.0; Win64; x64) AppleWebKit/537.36 (KHTML, like Gecko) Chrome/91.0.4472.124 Safari/537.36"
91.114.96.114 - - [07/Jul/2021:11:09:55 +0200] "GET /reload?ser=1625648992961 HTTP/1.1" 200 28 "http://renault.activities.at/result?searchterm=true&search=coc" "Mozilla/5.0 (Windows NT 10.0; Win64; x64) AppleWebKit/537.36 (KHTML, like Gecko) Chrome/91.0.4472.124 Safari/537.36 Edg/91.0.864.64"
80.120.5.131 - - [07/Jul/2021:11:09:58 +0200] "GET /reload?ser=1625648998307 HTTP/1.1" 200 28 "http://renault.activities.at/result?searchterm=true&search=arkana" "Mozilla/5.0 (Windows NT 10.0; Win64; x64) AppleWebKit/537.36 (KHTML, like Gecko) Chrome/91.0.4472.124 Safari/537.36 Edg/91.0.864.64"
193.194.132.21 - - [07/Jul/2021:11:10:41 +0200] "GET /reload?ser=1625649041168 HTTP/1.1" 200 28 "http://renault.2web.at/result?searchterm=true&search=wartung" "Mozilla/5.0 (Windows NT 10.0; Win64; x64) AppleWebKit/537.36 (KHTML, like Gecko) Chrome/91.0.4472.124 Safari/537.36"
91.114.96.114 - - [07/Jul/2021:11:10:56 +0200] "GET /reload?ser=1625649053956 HTTP/1.1" 200 28 "http://renault.activities.at/result?searchterm=true&search=coc" "Mozilla/5.0 (Windows NT 10.0; Win64; x64) AppleWebKit/537.36 (KHTML, like Gecko) Chrome/91.0.4472.124 Safari/537.36 Edg/91.0.864.64"
80.120.5.131 - - [07/Jul/2021:11:10:59 +0200] "GET /reload?ser=1625649059306 HTTP/1.1" 200 28 "http://renault.activities.at/result?searchterm=true&search=arkana" "Mozilla/5.0 (Windows NT 10.0; Win64; x64) AppleWebKit/537.36 (KHTML, like Gecko) Chrome/91.0.4472.124 Safari/537.36 Edg/91.0.864.64"
193.194.132.21 - - [07/Jul/2021:11:11:43 +0200] "GET /reload?ser=1625649103170 HTTP/1.1" 200 28 "http://renault.2web.at/result?searchterm=true&search=wartung" "Mozilla/5.0 (Windows NT 10.0; Win64; x64) AppleWebKit/537.36 (KHTML, like Gecko) Chrome/91.0.4472.124 Safari/537.36"
91.114.96.114 - - [07/Jul/2021:11:11:57 +0200] "GET /reload?ser=1625649114953 HTTP/1.1" 200 28 "http://renault.activities.at/result?searchterm=true&search=coc" "Mozilla/5.0 (Windows NT 10.0; Win64; x64) AppleWebKit/537.36 (KHTML, like Gecko) Chrome/91.0.4472.124 Safari/537.36 Edg/91.0.864.64"
80.120.5.131 - - [07/Jul/2021:11:12:00 +0200] "GET /reload?ser=1625649120296 HTTP/1.1" 200 28 "http://renault.activities.at/result?searchterm=true&search=arkana" "Mozilla/5.0 (Windows NT 10.0; Win64; x64) AppleWebKit/537.36 (KHTML, like Gecko) Chrome/91.0.4472.124 Safari/537.36 Edg/91.0.864.64"
193.194.132.21 - - [07/Jul/2021:11:12:45 +0200] "GET /reload?ser=1625649165171 HTTP/1.1" 200 28 "http://renault.2web.at/result?searchterm=true&search=wartung" "Mozilla/5.0 (Windows NT 10.0; Win64; x64) AppleWebKit/537.36 (KHTML, like Gecko) Chrome/91.0.4472.124 Safari/537.36"
91.114.96.114 - - [07/Jul/2021:11:12:58 +0200] "GET /reload?ser=1625649175953 HTTP/1.1" 200 28 "http://renault.activities.at/result?searchterm=true&search=coc" "Mozilla/5.0 (Windows NT 10.0; Win64; x64) AppleWebKit/537.36 (KHTML, like Gecko) Chrome/91.0.4472.124 Safari/537.36 Edg/91.0.864.64"
80.120.5.131 - - [07/Jul/2021:11:13:01 +0200] "GET /reload?ser=1625649181294 HTTP/1.1" 200 28 "http://renault.activities.at/result?searchterm=true&search=arkana" "Mozilla/5.0 (Windows NT 10.0; Win64; x64) AppleWebKit/537.36 (KHTML, like Gecko) Chrome/91.0.4472.124 Safari/537.36 Edg/91.0.864.64"
193.194.132.21 - - [07/Jul/2021:11:13:47 +0200] "GET /reload?ser=1625649227173 HTTP/1.1" 200 28 "http://renault.2web.at/result?searchterm=true&search=wartung" "Mozilla/5.0 (Windows NT 10.0; Win64; x64) AppleWebKit/537.36 (KHTML, like Gecko) Chrome/91.0.4472.124 Safari/537.36"
91.114.96.114 - - [07/Jul/2021:11:13:59 +0200] "GET /reload?ser=1625649236964 HTTP/1.1" 200 28 "http://renault.activities.at/result?searchterm=true&search=coc" "Mozilla/5.0 (Windows NT 10.0; Win64; x64) AppleWebKit/537.36 (KHTML, like Gecko) Chrome/91.0.4472.124 Safari/537.36 Edg/91.0.864.64"
80.120.5.131 - - [07/Jul/2021:11:14:02 +0200] "GET /reload?ser=1625649242297 HTTP/1.1" 200 28 "http://renault.activities.at/result?searchterm=true&search=arkana" "Mozilla/5.0 (Windows NT 10.0; Win64; x64) AppleWebKit/537.36 (KHTML, like Gecko) Chrome/91.0.4472.124 Safari/537.36 Edg/91.0.864.64"
193.194.132.21 - - [07/Jul/2021:11:14:49 +0200] "GET /reload?ser=1625649289173 HTTP/1.1" 200 28 "http://renault.2web.at/result?searchterm=true&search=wartung" "Mozilla/5.0 (Windows NT 10.0; Win64; x64) AppleWebKit/537.36 (KHTML, like Gecko) Chrome/91.0.4472.124 Safari/537.36"
91.114.96.114 - - [07/Jul/2021:11:15:00 +0200] "GET /reload?ser=1625649297942 HTTP/1.1" 200 28 "http://renault.activities.at/result?searchterm=true&search=coc" "Mozilla/5.0 (Windows NT 10.0; Win64; x64) AppleWebKit/537.36 (KHTML, like Gecko) Chrome/91.0.4472.124 Safari/537.36 Edg/91.0.864.64"
80.120.5.131 - - [07/Jul/2021:11:15:03 +0200] "GET /reload?ser=1625649303296 HTTP/1.1" 200 28 "http://renault.activities.at/result?searchterm=true&search=arkana" "Mozilla/5.0 (Windows NT 10.0; Win64; x64) AppleWebKit/537.36 (KHTML, like Gecko) Chrome/91.0.4472.124 Safari/537.36 Edg/91.0.864.64"
193.194.132.21 - - [07/Jul/2021:11:15:51 +0200] "GET /reload?ser=1625649351175 HTTP/1.1" 200 28 "http://renault.2web.at/result?searchterm=true&search=wartung" "Mozilla/5.0 (Windows NT 10.0; Win64; x64) AppleWebKit/537.36 (KHTML, like Gecko) Chrome/91.0.4472.124 Safari/537.36"
91.114.96.114 - - [07/Jul/2021:11:16:01 +0200] "GET /reload?ser=1625649358939 HTTP/1.1" 200 28 "http://renault.activities.at/result?searchterm=true&search=coc" "Mozilla/5.0 (Windows NT 10.0; Win64; x64) AppleWebKit/537.36 (KHTML, like Gecko) Chrome/91.0.4472.124 Safari/537.36 Edg/91.0.864.64"
193.194.132.21 - - [07/Jul/2021:11:16:53 +0200] "GET /reload?ser=1625649413177 HTTP/1.1" 200 28 "http://renault.2web.at/result?searchterm=true&search=wartung" "Mozilla/5.0 (Windows NT 10.0; Win64; x64) AppleWebKit/537.36 (KHTML, like Gecko) Chrome/91.0.4472.124 Safari/537.36"
91.114.96.114 - - [07/Jul/2021:11:17:02 +0200] "GET /reload?ser=1625649419925 HTTP/1.1" 200 28 "http://renault.activities.at/result?searchterm=true&search=coc" "Mozilla/5.0 (Windows NT 10.0; Win64; x64) AppleWebKit/537.36 (KHTML, like Gecko) Chrome/91.0.4472.124 Safari/537.36 Edg/91.0.864.64"
193.194.132.21 - - [07/Jul/2021:11:17:55 +0200] "GET /reload?ser=1625649475177 HTTP/1.1" 200 28 "http://renault.2web.at/result?searchterm=true&search=wartung" "Mozilla/5.0 (Windows NT 10.0; Win64; x64) AppleWebKit/537.36 (KHTML, like Gecko) Chrome/91.0.4472.124 Safari/537.36"
91.114.96.114 - - [07/Jul/2021:11:18:03 +0200] "GET /reload?ser=1625649480929 HTTP/1.1" 200 28 "http://renault.activities.at/result?searchterm=true&search=coc" "Mozilla/5.0 (Windows NT 10.0; Win64; x64) AppleWebKit/537.36 (KHTML, like Gecko) Chrome/91.0.4472.124 Safari/537.36 Edg/91.0.864.64"
193.194.132.21 - - [07/Jul/2021:11:18:57 +0200] "GET /reload?ser=1625649537179 HTTP/1.1" 200 28 "http://renault.2web.at/result?searchterm=true&search=wartung" "Mozilla/5.0 (Windows NT 10.0; Win64; x64) AppleWebKit/537.36 (KHTML, like Gecko) Chrome/91.0.4472.124 Safari/537.36"
91.114.96.114 - - [07/Jul/2021:11:19:04 +0200] "GET /reload?ser=1625649541922 HTTP/1.1" 200 28 "http://renault.activities.at/result?searchterm=true&search=coc" "Mozilla/5.0 (Windows NT 10.0; Win64; x64) AppleWebKit/537.36 (KHTML, like Gecko) Chrome/91.0.4472.124 Safari/537.36 Edg/91.0.864.64"
193.194.132.21 - - [07/Jul/2021:11:19:59 +0200] "GET /reload?ser=1625649599179 HTTP/1.1" 200 28 "http://renault.2web.at/result?searchterm=true&search=wartung" "Mozilla/5.0 (Windows NT 10.0; Win64; x64) AppleWebKit/537.36 (KHTML, like Gecko) Chrome/91.0.4472.124 Safari/537.36"
193.194.132.21 - - [07/Jul/2021:11:21:01 +0200] "GET /reload?ser=1625649661180 HTTP/1.1" 200 28 "http://renault.2web.at/result?searchterm=true&search=wartung" "Mozilla/5.0 (Windows NT 10.0; Win64; x64) AppleWebKit/537.36 (KHTML, like Gecko) Chrome/91.0.4472.124 Safari/537.36"
193.194.132.21 - - [07/Jul/2021:11:22:03 +0200] "GET /reload?ser=1625649723181 HTTP/1.1" 200 28 "http://renault.2web.at/result?searchterm=true&search=wartung" "Mozilla/5.0 (Windows NT 10.0; Win64; x64) AppleWebKit/537.36 (KHTML, like Gecko) Chrome/91.0.4472.124 Safari/537.36"
193.194.132.21 - - [07/Jul/2021:11:23:05 +0200] "GET /reload?ser=1625649785183 HTTP/1.1" 200 28 "http://renault.2web.at/result?searchterm=true&search=wartung" "Mozilla/5.0 (Windows NT 10.0; Win64; x64) AppleWebKit/537.36 (KHTML, like Gecko) Chrome/91.0.4472.124 Safari/537.36"
193.194.132.21 - - [07/Jul/2021:11:24:07 +0200] "GET /reload?ser=1625649847183 HTTP/1.1" 200 28 "http://renault.2web.at/result?searchterm=true&search=wartung" "Mozilla/5.0 (Windows NT 10.0; Win64; x64) AppleWebKit/537.36 (KHTML, like Gecko) Chrome/91.0.4472.124 Safari/537.36"
193.194.132.21 - - [07/Jul/2021:11:25:09 +0200] "GET /reload?ser=1625649909184 HTTP/1.1" 200 28 "http://renault.2web.at/result?searchterm=true&search=wartung" "Mozilla/5.0 (Windows NT 10.0; Win64; x64) AppleWebKit/537.36 (KHTML, like Gecko) Chrome/91.0.4472.124 Safari/537.36"
193.194.132.21 - - [07/Jul/2021:11:26:11 +0200] "GET /reload?ser=1625649971184 HTTP/1.1" 200 28 "http://renault.2web.at/result?searchterm=true&search=wartung" "Mozilla/5.0 (Windows NT 10.0; Win64; x64) AppleWebKit/537.36 (KHTML, like Gecko) Chrome/91.0.4472.124 Safari/537.36"
193.194.132.21 - - [07/Jul/2021:11:27:13 +0200] "GET /reload?ser=1625650033184 HTTP/1.1" 200 28 "http://renault.2web.at/result?searchterm=true&search=wartung" "Mozilla/5.0 (Windows NT 10.0; Win64; x64) AppleWebKit/537.36 (KHTML, like Gecko) Chrome/91.0.4472.124 Safari/537.36"
193.194.132.21 - - [07/Jul/2021:11:28:15 +0200] "GET /reload?ser=1625650095187 HTTP/1.1" 200 28 "http://renault.2web.at/result?searchterm=true&search=wartung" "Mozilla/5.0 (Windows NT 10.0; Win64; x64) AppleWebKit/537.36 (KHTML, like Gecko) Chrome/91.0.4472.124 Safari/537.36"
193.194.132.21 - - [07/Jul/2021:11:29:17 +0200] "GET /reload?ser=1625650157186 HTTP/1.1" 200 28 "http://renault.2web.at/result?searchterm=true&search=wartung" "Mozilla/5.0 (Windows NT 10.0; Win64; x64) AppleWebKit/537.36 (KHTML, like Gecko) Chrome/91.0.4472.124 Safari/537.36"
193.194.132.21 - - [07/Jul/2021:11:30:19 +0200] "GET /reload?ser=1625650219187 HTTP/1.1" 200 28 "http://renault.2web.at/result?searchterm=true&search=wartung" "Mozilla/5.0 (Windows NT 10.0; Win64; x64) AppleWebKit/537.36 (KHTML, like Gecko) Chrome/91.0.4472.124 Safari/537.36"
193.194.132.21 - - [07/Jul/2021:11:31:21 +0200] "GET /reload?ser=1625650281188 HTTP/1.1" 200 28 "http://renault.2web.at/result?searchterm=true&search=wartung" "Mozilla/5.0 (Windows NT 10.0; Win64; x64) AppleWebKit/537.36 (KHTML, like Gecko) Chrome/91.0.4472.124 Safari/537.36"
193.194.132.21 - - [07/Jul/2021:11:32:23 +0200] "GET /reload?ser=1625650343187 HTTP/1.1" 200 28 "http://renault.2web.at/result?searchterm=true&search=wartung" "Mozilla/5.0 (Windows NT 10.0; Win64; x64) AppleWebKit/537.36 (KHTML, like Gecko) Chrome/91.0.4472.124 Safari/537.36"
193.194.132.21 - - [07/Jul/2021:11:33:25 +0200] "GET /reload?ser=1625650405188 HTTP/1.1" 200 28 "http://renault.2web.at/result?searchterm=true&search=wartung" "Mozilla/5.0 (Windows NT 10.0; Win64; x64) AppleWebKit/537.36 (KHTML, like Gecko) Chrome/91.0.4472.124 Safari/537.36"
193.194.132.21 - - [07/Jul/2021:11:34:27 +0200] "GET /reload?ser=1625650467189 HTTP/1.1" 200 28 "http://renault.2web.at/result?searchterm=true&search=wartung" "Mozilla/5.0 (Windows NT 10.0; Win64; x64) AppleWebKit/537.36 (KHTML, like Gecko) Chrome/91.0.4472.124 Safari/537.36"
193.194.132.21 - - [07/Jul/2021:11:35:29 +0200] "GET /reload?ser=1625650529189 HTTP/1.1" 200 28 "http://renault.2web.at/result?searchterm=true&search=wartung" "Mozilla/5.0 (Windows NT 10.0; Win64; x64) AppleWebKit/537.36 (KHTML, like Gecko) Chrome/91.0.4472.124 Safari/537.36"
193.194.132.21 - - [07/Jul/2021:11:36:31 +0200] "GET /reload?ser=1625650591190 HTTP/1.1" 200 28 "http://renault.2web.at/result?searchterm=true&search=wartung" "Mozilla/5.0 (Windows NT 10.0; Win64; x64) AppleWebKit/537.36 (KHTML, like Gecko) Chrome/91.0.4472.124 Safari/537.36"
193.194.132.21 - - [07/Jul/2021:11:37:33 +0200] "GET /reload?ser=1625650653195 HTTP/1.1" 200 28 "http://renault.2web.at/result?searchterm=true&search=wartung" "Mozilla/5.0 (Windows NT 10.0; Win64; x64) AppleWebKit/537.36 (KHTML, like Gecko) Chrome/91.0.4472.124 Safari/537.36"
193.194.132.21 - - [07/Jul/2021:11:38:35 +0200] "GET /reload?ser=1625650715199 HTTP/1.1" 200 28 "http://renault.2web.at/result?searchterm=true&search=wartung" "Mozilla/5.0 (Windows NT 10.0; Win64; x64) AppleWebKit/537.36 (KHTML, like Gecko) Chrome/91.0.4472.124 Safari/537.36"
