178.165.185.240 - - [14/Jul/2021:11:39:53 +0200] "GET /logout HTTP/1.1" 302 140 "http://renault.activities.at/result?searchterm=true&search=reh5277" "Mozilla/5.0 (Windows NT 10.0; Win64; x64) AppleWebKit/537.36 (KHTML, like Gecko) Chrome/91.0.4472.124 Safari/537.36 Edg/91.0.864.67"
178.165.185.240 - - [14/Jul/2021:11:39:54 +0200] "GET /logout HTTP/1.1" 200 1583 "http://renault.activities.at/result?searchterm=true&search=reh5277" "Mozilla/5.0 (Windows NT 10.0; Win64; x64) AppleWebKit/537.36 (KHTML, like Gecko) Chrome/91.0.4472.124 Safari/537.36 Edg/91.0.864.67"
178.165.185.240 - - [14/Jul/2021:11:40:00 +0200] "GET / HTTP/1.1" 200 3315 "http://renault.activities.at/logout" "Mozilla/5.0 (Windows NT 10.0; Win64; x64) AppleWebKit/537.36 (KHTML, like Gecko) Chrome/91.0.4472.124 Safari/537.36 Edg/91.0.864.67"
80.122.222.62 - - [14/Jul/2021:11:40:08 +0200] "GET /reload?ser=1626255609364 HTTP/1.1" 200 28 "http://renault.activities.at/10201442?cat=10260249" "Mozilla/5.0 (Windows NT 10.0; Win64; x64) AppleWebKit/537.36 (KHTML, like Gecko) Chrome/91.0.4472.124 Safari/537.36 Edg/91.0.864.67"
80.122.222.62 - - [14/Jul/2021:11:41:09 +0200] "GET /reload?ser=1626255670303 HTTP/1.1" 200 28 "http://renault.activities.at/10201442?cat=10260249" "Mozilla/5.0 (Windows NT 10.0; Win64; x64) AppleWebKit/537.36 (KHTML, like Gecko) Chrome/91.0.4472.124 Safari/537.36 Edg/91.0.864.67"
80.122.222.62 - - [14/Jul/2021:11:42:10 +0200] "GET /reload?ser=1626255731279 HTTP/1.1" 200 28 "http://renault.activities.at/10201442?cat=10260249" "Mozilla/5.0 (Windows NT 10.0; Win64; x64) AppleWebKit/537.36 (KHTML, like Gecko) Chrome/91.0.4472.124 Safari/537.36 Edg/91.0.864.67"
80.122.222.62 - - [14/Jul/2021:11:43:11 +0200] "GET /reload?ser=1626255792270 HTTP/1.1" 200 28 "http://renault.activities.at/10201442?cat=10260249" "Mozilla/5.0 (Windows NT 10.0; Win64; x64) AppleWebKit/537.36 (KHTML, like Gecko) Chrome/91.0.4472.124 Safari/537.36 Edg/91.0.864.67"
80.122.222.62 - - [14/Jul/2021:11:44:12 +0200] "GET /reload?ser=1626255853246 HTTP/1.1" 200 28 "http://renault.activities.at/10201442?cat=10260249" "Mozilla/5.0 (Windows NT 10.0; Win64; x64) AppleWebKit/537.36 (KHTML, like Gecko) Chrome/91.0.4472.124 Safari/537.36 Edg/91.0.864.67"
80.122.222.62 - - [14/Jul/2021:11:45:13 +0200] "GET /reload?ser=1626255914220 HTTP/1.1" 200 28 "http://renault.activities.at/10201442?cat=10260249" "Mozilla/5.0 (Windows NT 10.0; Win64; x64) AppleWebKit/537.36 (KHTML, like Gecko) Chrome/91.0.4472.124 Safari/537.36 Edg/91.0.864.67"
80.122.222.62 - - [14/Jul/2021:11:46:14 +0200] "GET /reload?ser=1626255975825 HTTP/1.1" 200 28 "http://renault.activities.at/10201442?cat=10260249" "Mozilla/5.0 (Windows NT 10.0; Win64; x64) AppleWebKit/537.36 (KHTML, like Gecko) Chrome/91.0.4472.124 Safari/537.36 Edg/91.0.864.67"
80.122.222.62 - - [14/Jul/2021:11:47:15 +0200] "GET /reload?ser=1626256036822 HTTP/1.1" 200 28 "http://renault.activities.at/10201442?cat=10260249" "Mozilla/5.0 (Windows NT 10.0; Win64; x64) AppleWebKit/537.36 (KHTML, like Gecko) Chrome/91.0.4472.124 Safari/537.36 Edg/91.0.864.67"
80.122.222.62 - - [14/Jul/2021:11:48:16 +0200] "GET /reload?ser=1626256097828 HTTP/1.1" 200 28 "http://renault.activities.at/10201442?cat=10260249" "Mozilla/5.0 (Windows NT 10.0; Win64; x64) AppleWebKit/537.36 (KHTML, like Gecko) Chrome/91.0.4472.124 Safari/537.36 Edg/91.0.864.67"
80.122.222.62 - - [14/Jul/2021:11:49:18 +0200] "GET /reload?ser=1626256159825 HTTP/1.1" 200 28 "http://renault.activities.at/10201442?cat=10260249" "Mozilla/5.0 (Windows NT 10.0; Win64; x64) AppleWebKit/537.36 (KHTML, like Gecko) Chrome/91.0.4472.124 Safari/537.36 Edg/91.0.864.67"
80.122.222.62 - - [14/Jul/2021:11:50:19 +0200] "GET /reload?ser=1626256220817 HTTP/1.1" 200 28 "http://renault.activities.at/10201442?cat=10260249" "Mozilla/5.0 (Windows NT 10.0; Win64; x64) AppleWebKit/537.36 (KHTML, like Gecko) Chrome/91.0.4472.124 Safari/537.36 Edg/91.0.864.67"
80.122.222.62 - - [14/Jul/2021:11:51:20 +0200] "GET /reload?ser=1626256281822 HTTP/1.1" 200 28 "http://renault.activities.at/10201442?cat=10260249" "Mozilla/5.0 (Windows NT 10.0; Win64; x64) AppleWebKit/537.36 (KHTML, like Gecko) Chrome/91.0.4472.124 Safari/537.36 Edg/91.0.864.67"
80.122.222.62 - - [14/Jul/2021:11:52:21 +0200] "GET /reload?ser=1626256342816 HTTP/1.1" 200 28 "http://renault.activities.at/10201442?cat=10260249" "Mozilla/5.0 (Windows NT 10.0; Win64; x64) AppleWebKit/537.36 (KHTML, like Gecko) Chrome/91.0.4472.124 Safari/537.36 Edg/91.0.864.67"
80.122.222.62 - - [14/Jul/2021:11:53:22 +0200] "GET /reload?ser=1626256403818 HTTP/1.1" 200 28 "http://renault.activities.at/10201442?cat=10260249" "Mozilla/5.0 (Windows NT 10.0; Win64; x64) AppleWebKit/537.36 (KHTML, like Gecko) Chrome/91.0.4472.124 Safari/537.36 Edg/91.0.864.67"
80.122.222.62 - - [14/Jul/2021:11:54:23 +0200] "GET /reload?ser=1626256464822 HTTP/1.1" 200 28 "http://renault.activities.at/10201442?cat=10260249" "Mozilla/5.0 (Windows NT 10.0; Win64; x64) AppleWebKit/537.36 (KHTML, like Gecko) Chrome/91.0.4472.124 Safari/537.36 Edg/91.0.864.67"
80.122.222.62 - - [14/Jul/2021:11:55:24 +0200] "GET /reload?ser=1626256525821 HTTP/1.1" 200 28 "http://renault.activities.at/10201442?cat=10260249" "Mozilla/5.0 (Windows NT 10.0; Win64; x64) AppleWebKit/537.36 (KHTML, like Gecko) Chrome/91.0.4472.124 Safari/537.36 Edg/91.0.864.67"
80.122.222.62 - - [14/Jul/2021:11:56:25 +0200] "GET /reload?ser=1626256586818 HTTP/1.1" 200 28 "http://renault.activities.at/10201442?cat=10260249" "Mozilla/5.0 (Windows NT 10.0; Win64; x64) AppleWebKit/537.36 (KHTML, like Gecko) Chrome/91.0.4472.124 Safari/537.36 Edg/91.0.864.67"
80.122.222.62 - - [14/Jul/2021:11:57:26 +0200] "GET /reload?ser=1626256647820 HTTP/1.1" 200 28 "http://renault.activities.at/10201442?cat=10260249" "Mozilla/5.0 (Windows NT 10.0; Win64; x64) AppleWebKit/537.36 (KHTML, like Gecko) Chrome/91.0.4472.124 Safari/537.36 Edg/91.0.864.67"
80.122.222.62 - - [14/Jul/2021:11:58:27 +0200] "GET /reload?ser=1626256708816 HTTP/1.1" 200 28 "http://renault.activities.at/10201442?cat=10260249" "Mozilla/5.0 (Windows NT 10.0; Win64; x64) AppleWebKit/537.36 (KHTML, like Gecko) Chrome/91.0.4472.124 Safari/537.36 Edg/91.0.864.67"
157.55.39.64 - - [14/Jul/2021:11:59:09 +0200] "GET /robots.txt HTTP/1.1" 404 300 "-" "Mozilla/5.0 (compatible; bingbot/2.0; +http://www.bing.com/bingbot.htm)"
207.46.13.26 - - [14/Jul/2021:11:59:19 +0200] "GET / HTTP/1.1" 200 3315 "-" "Mozilla/5.0 (compatible; bingbot/2.0; +http://www.bing.com/bingbot.htm)"
80.122.222.62 - - [14/Jul/2021:11:59:28 +0200] "GET /reload?ser=1626256769814 HTTP/1.1" 200 28 "http://renault.activities.at/10201442?cat=10260249" "Mozilla/5.0 (Windows NT 10.0; Win64; x64) AppleWebKit/537.36 (KHTML, like Gecko) Chrome/91.0.4472.124 Safari/537.36 Edg/91.0.864.67"
80.122.222.62 - - [14/Jul/2021:12:00:29 +0200] "GET /reload?ser=1626256830829 HTTP/1.1" 200 28 "http://renault.activities.at/10201442?cat=10260249" "Mozilla/5.0 (Windows NT 10.0; Win64; x64) AppleWebKit/537.36 (KHTML, like Gecko) Chrome/91.0.4472.124 Safari/537.36 Edg/91.0.864.67"
80.122.222.62 - - [14/Jul/2021:12:01:30 +0200] "GET /reload?ser=1626256891816 HTTP/1.1" 200 28 "http://renault.activities.at/10201442?cat=10260249" "Mozilla/5.0 (Windows NT 10.0; Win64; x64) AppleWebKit/537.36 (KHTML, like Gecko) Chrome/91.0.4472.124 Safari/537.36 Edg/91.0.864.67"
80.122.222.62 - - [14/Jul/2021:12:02:31 +0200] "GET /reload?ser=1626256952819 HTTP/1.1" 200 28 "http://renault.activities.at/10201442?cat=10260249" "Mozilla/5.0 (Windows NT 10.0; Win64; x64) AppleWebKit/537.36 (KHTML, like Gecko) Chrome/91.0.4472.124 Safari/537.36 Edg/91.0.864.67"
80.122.222.62 - - [14/Jul/2021:12:03:32 +0200] "GET /reload?ser=1626257013815 HTTP/1.1" 200 28 "http://renault.activities.at/10201442?cat=10260249" "Mozilla/5.0 (Windows NT 10.0; Win64; x64) AppleWebKit/537.36 (KHTML, like Gecko) Chrome/91.0.4472.124 Safari/537.36 Edg/91.0.864.67"
80.122.222.62 - - [14/Jul/2021:12:04:33 +0200] "GET /reload?ser=1626257074819 HTTP/1.1" 200 28 "http://renault.activities.at/10201442?cat=10260249" "Mozilla/5.0 (Windows NT 10.0; Win64; x64) AppleWebKit/537.36 (KHTML, like Gecko) Chrome/91.0.4472.124 Safari/537.36 Edg/91.0.864.67"
80.122.222.62 - - [14/Jul/2021:12:05:35 +0200] "GET /reload?ser=1626257136825 HTTP/1.1" 200 28 "http://renault.activities.at/10201442?cat=10260249" "Mozilla/5.0 (Windows NT 10.0; Win64; x64) AppleWebKit/537.36 (KHTML, like Gecko) Chrome/91.0.4472.124 Safari/537.36 Edg/91.0.864.67"
80.122.222.62 - - [14/Jul/2021:12:06:36 +0200] "GET /reload?ser=1626257197816 HTTP/1.1" 200 28 "http://renault.activities.at/10201442?cat=10260249" "Mozilla/5.0 (Windows NT 10.0; Win64; x64) AppleWebKit/537.36 (KHTML, like Gecko) Chrome/91.0.4472.124 Safari/537.36 Edg/91.0.864.67"
80.122.222.62 - - [14/Jul/2021:12:07:37 +0200] "GET /reload?ser=1626257258824 HTTP/1.1" 200 28 "http://renault.activities.at/10201442?cat=10260249" "Mozilla/5.0 (Windows NT 10.0; Win64; x64) AppleWebKit/537.36 (KHTML, like Gecko) Chrome/91.0.4472.124 Safari/537.36 Edg/91.0.864.67"
80.122.222.62 - - [14/Jul/2021:12:08:39 +0200] "GET /reload?ser=1626257320817 HTTP/1.1" 200 28 "http://renault.activities.at/10201442?cat=10260249" "Mozilla/5.0 (Windows NT 10.0; Win64; x64) AppleWebKit/537.36 (KHTML, like Gecko) Chrome/91.0.4472.124 Safari/537.36 Edg/91.0.864.67"
80.122.222.62 - - [14/Jul/2021:12:09:41 +0200] "GET /reload?ser=1626257382820 HTTP/1.1" 200 28 "http://renault.activities.at/10201442?cat=10260249" "Mozilla/5.0 (Windows NT 10.0; Win64; x64) AppleWebKit/537.36 (KHTML, like Gecko) Chrome/91.0.4472.124 Safari/537.36 Edg/91.0.864.67"
80.122.222.62 - - [14/Jul/2021:12:10:42 +0200] "GET /reload?ser=1626257443814 HTTP/1.1" 200 28 "http://renault.activities.at/10201442?cat=10260249" "Mozilla/5.0 (Windows NT 10.0; Win64; x64) AppleWebKit/537.36 (KHTML, like Gecko) Chrome/91.0.4472.124 Safari/537.36 Edg/91.0.864.67"
80.122.222.62 - - [14/Jul/2021:12:11:43 +0200] "GET /reload?ser=1626257504822 HTTP/1.1" 200 28 "http://renault.activities.at/10201442?cat=10260249" "Mozilla/5.0 (Windows NT 10.0; Win64; x64) AppleWebKit/537.36 (KHTML, like Gecko) Chrome/91.0.4472.124 Safari/537.36 Edg/91.0.864.67"
80.122.222.62 - - [14/Jul/2021:12:12:44 +0200] "GET /reload?ser=1626257565827 HTTP/1.1" 200 28 "http://renault.activities.at/10201442?cat=10260249" "Mozilla/5.0 (Windows NT 10.0; Win64; x64) AppleWebKit/537.36 (KHTML, like Gecko) Chrome/91.0.4472.124 Safari/537.36 Edg/91.0.864.67"
80.122.222.62 - - [14/Jul/2021:12:13:45 +0200] "GET /reload?ser=1626257626814 HTTP/1.1" 200 28 "http://renault.activities.at/10201442?cat=10260249" "Mozilla/5.0 (Windows NT 10.0; Win64; x64) AppleWebKit/537.36 (KHTML, like Gecko) Chrome/91.0.4472.124 Safari/537.36 Edg/91.0.864.67"
80.122.222.62 - - [14/Jul/2021:12:14:46 +0200] "GET /reload?ser=1626257687815 HTTP/1.1" 200 28 "http://renault.activities.at/10201442?cat=10260249" "Mozilla/5.0 (Windows NT 10.0; Win64; x64) AppleWebKit/537.36 (KHTML, like Gecko) Chrome/91.0.4472.124 Safari/537.36 Edg/91.0.864.67"
80.122.222.62 - - [14/Jul/2021:12:15:47 +0200] "GET /reload?ser=1626257748818 HTTP/1.1" 200 28 "http://renault.activities.at/10201442?cat=10260249" "Mozilla/5.0 (Windows NT 10.0; Win64; x64) AppleWebKit/537.36 (KHTML, like Gecko) Chrome/91.0.4472.124 Safari/537.36 Edg/91.0.864.67"
80.122.222.62 - - [14/Jul/2021:12:16:48 +0200] "GET /reload?ser=1626257809815 HTTP/1.1" 200 28 "http://renault.activities.at/10201442?cat=10260249" "Mozilla/5.0 (Windows NT 10.0; Win64; x64) AppleWebKit/537.36 (KHTML, like Gecko) Chrome/91.0.4472.124 Safari/537.36 Edg/91.0.864.67"
80.122.222.62 - - [14/Jul/2021:12:17:49 +0200] "GET /reload?ser=1626257870824 HTTP/1.1" 200 28 "http://renault.activities.at/10201442?cat=10260249" "Mozilla/5.0 (Windows NT 10.0; Win64; x64) AppleWebKit/537.36 (KHTML, like Gecko) Chrome/91.0.4472.124 Safari/537.36 Edg/91.0.864.67"
80.122.222.62 - - [14/Jul/2021:12:18:50 +0200] "GET /reload?ser=1626257931816 HTTP/1.1" 200 28 "http://renault.activities.at/10201442?cat=10260249" "Mozilla/5.0 (Windows NT 10.0; Win64; x64) AppleWebKit/537.36 (KHTML, like Gecko) Chrome/91.0.4472.124 Safari/537.36 Edg/91.0.864.67"
80.122.222.62 - - [14/Jul/2021:12:19:51 +0200] "GET /reload?ser=1626257992825 HTTP/1.1" 200 28 "http://renault.activities.at/10201442?cat=10260249" "Mozilla/5.0 (Windows NT 10.0; Win64; x64) AppleWebKit/537.36 (KHTML, like Gecko) Chrome/91.0.4472.124 Safari/537.36 Edg/91.0.864.67"
80.122.222.62 - - [14/Jul/2021:12:20:52 +0200] "GET /reload?ser=1626258053824 HTTP/1.1" 200 28 "http://renault.activities.at/10201442?cat=10260249" "Mozilla/5.0 (Windows NT 10.0; Win64; x64) AppleWebKit/537.36 (KHTML, like Gecko) Chrome/91.0.4472.124 Safari/537.36 Edg/91.0.864.67"
80.122.222.62 - - [14/Jul/2021:12:21:53 +0200] "GET /reload?ser=1626258114821 HTTP/1.1" 200 28 "http://renault.activities.at/10201442?cat=10260249" "Mozilla/5.0 (Windows NT 10.0; Win64; x64) AppleWebKit/537.36 (KHTML, like Gecko) Chrome/91.0.4472.124 Safari/537.36 Edg/91.0.864.67"
80.122.222.62 - - [14/Jul/2021:12:22:54 +0200] "GET /reload?ser=1626258175828 HTTP/1.1" 200 28 "http://renault.activities.at/10201442?cat=10260249" "Mozilla/5.0 (Windows NT 10.0; Win64; x64) AppleWebKit/537.36 (KHTML, like Gecko) Chrome/91.0.4472.124 Safari/537.36 Edg/91.0.864.67"
80.122.222.62 - - [14/Jul/2021:12:23:56 +0200] "GET /reload?ser=1626258236618 HTTP/1.1" 200 28 "http://renault.activities.at/10201442?cat=10260249" "Mozilla/5.0 (Windows NT 10.0; Win64; x64) AppleWebKit/537.36 (KHTML, like Gecko) Chrome/91.0.4472.124 Safari/537.36 Edg/91.0.864.67"
80.122.222.62 - - [14/Jul/2021:12:24:57 +0200] "GET /reload?ser=1626258297625 HTTP/1.1" 200 28 "http://renault.activities.at/10201442?cat=10260249" "Mozilla/5.0 (Windows NT 10.0; Win64; x64) AppleWebKit/537.36 (KHTML, like Gecko) Chrome/91.0.4472.124 Safari/537.36 Edg/91.0.864.67"
80.122.222.62 - - [14/Jul/2021:12:25:59 +0200] "GET /reload?ser=1626258359628 HTTP/1.1" 200 28 "http://renault.activities.at/10201442?cat=10260249" "Mozilla/5.0 (Windows NT 10.0; Win64; x64) AppleWebKit/537.36 (KHTML, like Gecko) Chrome/91.0.4472.124 Safari/537.36 Edg/91.0.864.67"
80.122.222.62 - - [14/Jul/2021:12:27:00 +0200] "GET /reload?ser=1626258420625 HTTP/1.1" 200 28 "http://renault.activities.at/10201442?cat=10260249" "Mozilla/5.0 (Windows NT 10.0; Win64; x64) AppleWebKit/537.36 (KHTML, like Gecko) Chrome/91.0.4472.124 Safari/537.36 Edg/91.0.864.67"
80.122.222.62 - - [14/Jul/2021:12:28:01 +0200] "GET /reload?ser=1626258481629 HTTP/1.1" 200 28 "http://renault.activities.at/10201442?cat=10260249" "Mozilla/5.0 (Windows NT 10.0; Win64; x64) AppleWebKit/537.36 (KHTML, like Gecko) Chrome/91.0.4472.124 Safari/537.36 Edg/91.0.864.67"
80.122.222.62 - - [14/Jul/2021:12:29:02 +0200] "GET /reload?ser=1626258542631 HTTP/1.1" 200 28 "http://renault.activities.at/10201442?cat=10260249" "Mozilla/5.0 (Windows NT 10.0; Win64; x64) AppleWebKit/537.36 (KHTML, like Gecko) Chrome/91.0.4472.124 Safari/537.36 Edg/91.0.864.67"
80.122.222.62 - - [14/Jul/2021:12:30:03 +0200] "GET /reload?ser=1626258603615 HTTP/1.1" 200 28 "http://renault.activities.at/10201442?cat=10260249" "Mozilla/5.0 (Windows NT 10.0; Win64; x64) AppleWebKit/537.36 (KHTML, like Gecko) Chrome/91.0.4472.124 Safari/537.36 Edg/91.0.864.67"
80.122.222.62 - - [14/Jul/2021:12:31:04 +0200] "GET /reload?ser=1626258664621 HTTP/1.1" 200 28 "http://renault.activities.at/10201442?cat=10260249" "Mozilla/5.0 (Windows NT 10.0; Win64; x64) AppleWebKit/537.36 (KHTML, like Gecko) Chrome/91.0.4472.124 Safari/537.36 Edg/91.0.864.67"
80.122.222.62 - - [14/Jul/2021:12:32:05 +0200] "GET /reload?ser=1626258725627 HTTP/1.1" 200 28 "http://renault.activities.at/10201442?cat=10260249" "Mozilla/5.0 (Windows NT 10.0; Win64; x64) AppleWebKit/537.36 (KHTML, like Gecko) Chrome/91.0.4472.124 Safari/537.36 Edg/91.0.864.67"
80.122.222.62 - - [14/Jul/2021:12:33:06 +0200] "GET /reload?ser=1626258786617 HTTP/1.1" 200 28 "http://renault.activities.at/10201442?cat=10260249" "Mozilla/5.0 (Windows NT 10.0; Win64; x64) AppleWebKit/537.36 (KHTML, like Gecko) Chrome/91.0.4472.124 Safari/537.36 Edg/91.0.864.67"
80.122.222.62 - - [14/Jul/2021:12:34:07 +0200] "GET /reload?ser=1626258847629 HTTP/1.1" 200 28 "http://renault.activities.at/10201442?cat=10260249" "Mozilla/5.0 (Windows NT 10.0; Win64; x64) AppleWebKit/537.36 (KHTML, like Gecko) Chrome/91.0.4472.124 Safari/537.36 Edg/91.0.864.67"
80.122.222.62 - - [14/Jul/2021:12:35:08 +0200] "GET /reload?ser=1626258908630 HTTP/1.1" 200 28 "http://renault.activities.at/10201442?cat=10260249" "Mozilla/5.0 (Windows NT 10.0; Win64; x64) AppleWebKit/537.36 (KHTML, like Gecko) Chrome/91.0.4472.124 Safari/537.36 Edg/91.0.864.67"
80.122.222.62 - - [14/Jul/2021:12:36:09 +0200] "GET /reload?ser=1626258969630 HTTP/1.1" 200 28 "http://renault.activities.at/10201442?cat=10260249" "Mozilla/5.0 (Windows NT 10.0; Win64; x64) AppleWebKit/537.36 (KHTML, like Gecko) Chrome/91.0.4472.124 Safari/537.36 Edg/91.0.864.67"
80.122.222.62 - - [14/Jul/2021:12:37:10 +0200] "GET /reload?ser=1626259030619 HTTP/1.1" 200 28 "http://renault.activities.at/10201442?cat=10260249" "Mozilla/5.0 (Windows NT 10.0; Win64; x64) AppleWebKit/537.36 (KHTML, like Gecko) Chrome/91.0.4472.124 Safari/537.36 Edg/91.0.864.67"
80.122.222.62 - - [14/Jul/2021:12:38:11 +0200] "GET /reload?ser=1626259091617 HTTP/1.1" 200 28 "http://renault.activities.at/10201442?cat=10260249" "Mozilla/5.0 (Windows NT 10.0; Win64; x64) AppleWebKit/537.36 (KHTML, like Gecko) Chrome/91.0.4472.124 Safari/537.36 Edg/91.0.864.67"
80.122.222.62 - - [14/Jul/2021:12:39:12 +0200] "GET /reload?ser=1626259152621 HTTP/1.1" 200 28 "http://renault.activities.at/10201442?cat=10260249" "Mozilla/5.0 (Windows NT 10.0; Win64; x64) AppleWebKit/537.36 (KHTML, like Gecko) Chrome/91.0.4472.124 Safari/537.36 Edg/91.0.864.67"
80.122.222.62 - - [14/Jul/2021:12:40:13 +0200] "GET /reload?ser=1626259213618 HTTP/1.1" 200 28 "http://renault.activities.at/10201442?cat=10260249" "Mozilla/5.0 (Windows NT 10.0; Win64; x64) AppleWebKit/537.36 (KHTML, like Gecko) Chrome/91.0.4472.124 Safari/537.36 Edg/91.0.864.67"
80.122.222.62 - - [14/Jul/2021:12:41:15 +0200] "GET /reload?ser=1626259275628 HTTP/1.1" 200 28 "http://renault.activities.at/10201442?cat=10260249" "Mozilla/5.0 (Windows NT 10.0; Win64; x64) AppleWebKit/537.36 (KHTML, like Gecko) Chrome/91.0.4472.124 Safari/537.36 Edg/91.0.864.67"
80.122.222.62 - - [14/Jul/2021:12:42:16 +0200] "GET /reload?ser=1626259336627 HTTP/1.1" 200 28 "http://renault.activities.at/10201442?cat=10260249" "Mozilla/5.0 (Windows NT 10.0; Win64; x64) AppleWebKit/537.36 (KHTML, like Gecko) Chrome/91.0.4472.124 Safari/537.36 Edg/91.0.864.67"
157.55.39.64 - - [14/Jul/2021:12:43:16 +0200] "GET /robots.txt HTTP/1.1" 404 300 "-" "Mozilla/5.0 (compatible; bingbot/2.0; +http://www.bing.com/bingbot.htm)"
80.122.222.62 - - [14/Jul/2021:12:43:17 +0200] "GET /reload?ser=1626259397618 HTTP/1.1" 200 28 "http://renault.activities.at/10201442?cat=10260249" "Mozilla/5.0 (Windows NT 10.0; Win64; x64) AppleWebKit/537.36 (KHTML, like Gecko) Chrome/91.0.4472.124 Safari/537.36 Edg/91.0.864.67"
207.46.13.35 - - [14/Jul/2021:12:43:27 +0200] "GET /login HTTP/1.1" 200 2085 "-" "Mozilla/5.0 (compatible; bingbot/2.0; +http://www.bing.com/bingbot.htm)"
40.77.189.154 - - [14/Jul/2021:12:43:31 +0200] "GET /css/reset.css HTTP/1.1" 200 1356 "http://renault.activities.at/login" "Mozilla/5.0 (Windows NT 6.1; WOW64) AppleWebKit/534+ (KHTML, like Gecko) BingPreview/1.0b"
40.77.189.154 - - [14/Jul/2021:12:43:31 +0200] "GET /css/clears.css HTTP/1.1" 200 851 "http://renault.activities.at/login" "Mozilla/5.0 (Windows NT 6.1; WOW64) AppleWebKit/534+ (KHTML, like Gecko) BingPreview/1.0b"
40.77.189.154 - - [14/Jul/2021:12:43:31 +0200] "GET /css/styles.css HTTP/1.1" 200 14664 "http://renault.activities.at/login" "Mozilla/5.0 (Windows NT 6.1; WOW64) AppleWebKit/534+ (KHTML, like Gecko) BingPreview/1.0b"
40.77.189.154 - - [14/Jul/2021:12:43:31 +0200] "GET /js/checkout.css HTTP/1.1" 200 359 "http://renault.activities.at/login" "Mozilla/5.0 (Windows NT 6.1; WOW64) AppleWebKit/534+ (KHTML, like Gecko) BingPreview/1.0b"
40.77.189.154 - - [14/Jul/2021:12:43:31 +0200] "GET /css/themes/default.css HTTP/1.1" 200 769 "http://renault.activities.at/login" "Mozilla/5.0 (Windows NT 6.1; WOW64) AppleWebKit/534+ (KHTML, like Gecko) BingPreview/1.0b"
40.77.189.154 - - [14/Jul/2021:12:43:31 +0200] "GET /css/prototip.css HTTP/1.1" 200 968 "http://renault.activities.at/login" "Mozilla/5.0 (Windows NT 6.1; WOW64) AppleWebKit/534+ (KHTML, like Gecko) BingPreview/1.0b"
40.77.189.154 - - [14/Jul/2021:12:43:31 +0200] "GET /css/themes/alphacube.css HTTP/1.1" 200 743 "http://renault.activities.at/login" "Mozilla/5.0 (Windows NT 6.1; WOW64) AppleWebKit/534+ (KHTML, like Gecko) BingPreview/1.0b"
40.77.189.154 - - [14/Jul/2021:12:43:31 +0200] "GET /js/default.js HTTP/1.1" 200 14698 "http://renault.activities.at/login" "Mozilla/5.0 (Windows NT 6.1; WOW64) AppleWebKit/534+ (KHTML, like Gecko) BingPreview/1.0b"
40.77.189.154 - - [14/Jul/2021:12:43:31 +0200] "GET /js/index.php?c=auto&f=,prototype/prototype.js,prototype/validation.js,scriptaculous/builder.js,scriptaculous/effects.js,scriptaculous/dragdrop.js,scriptaculous/controls.js,scriptaculous/slider.js,varien/js.js,varien/form.js,varien/menu.js,mage/translate.js,mage/cookies.js,varien/product.js,spinner/SpinnerControl.jsmin.js,prototype/window.js,prototype/window_ext.js HTTP/1.1" 200 94182 "http://renault.activities.at/login" "Mozilla/5.0 (Windows NT 6.1; WOW64) AppleWebKit/534+ (KHTML, like Gecko) BingPreview/1.0b"
40.77.189.154 - - [14/Jul/2021:12:43:32 +0200] "GET /css/print.css HTTP/1.1" 200 543 "http://renault.activities.at/login" "Mozilla/5.0 (Windows NT 6.1; WOW64) AppleWebKit/534+ (KHTML, like Gecko) BingPreview/1.0b"
40.77.189.154 - - [14/Jul/2021:12:43:32 +0200] "GET /loadthumbnail.php?id=11127982 HTTP/1.1" 200 399614 "http://renault.activities.at/login" "Mozilla/5.0 (Windows NT 6.1; WOW64) AppleWebKit/534+ (KHTML, like Gecko) BingPreview/1.0b"
80.122.222.62 - - [14/Jul/2021:12:44:18 +0200] "GET /reload?ser=1626259458622 HTTP/1.1" 200 28 "http://renault.activities.at/10201442?cat=10260249" "Mozilla/5.0 (Windows NT 10.0; Win64; x64) AppleWebKit/537.36 (KHTML, like Gecko) Chrome/91.0.4472.124 Safari/537.36 Edg/91.0.864.67"
80.122.222.62 - - [14/Jul/2021:12:45:19 +0200] "GET /reload?ser=1626259519630 HTTP/1.1" 200 28 "http://renault.activities.at/10201442?cat=10260249" "Mozilla/5.0 (Windows NT 10.0; Win64; x64) AppleWebKit/537.36 (KHTML, like Gecko) Chrome/91.0.4472.124 Safari/537.36 Edg/91.0.864.67"
80.122.222.62 - - [14/Jul/2021:12:46:20 +0200] "GET /reload?ser=1626259580622 HTTP/1.1" 200 28 "http://renault.activities.at/10201442?cat=10260249" "Mozilla/5.0 (Windows NT 10.0; Win64; x64) AppleWebKit/537.36 (KHTML, like Gecko) Chrome/91.0.4472.124 Safari/537.36 Edg/91.0.864.67"
80.122.222.62 - - [14/Jul/2021:12:47:21 +0200] "GET /reload?ser=1626259641624 HTTP/1.1" 200 28 "http://renault.activities.at/10201442?cat=10260249" "Mozilla/5.0 (Windows NT 10.0; Win64; x64) AppleWebKit/537.36 (KHTML, like Gecko) Chrome/91.0.4472.124 Safari/537.36 Edg/91.0.864.67"
80.122.222.62 - - [14/Jul/2021:12:48:22 +0200] "GET /reload?ser=1626259702615 HTTP/1.1" 200 28 "http://renault.activities.at/10201442?cat=10260249" "Mozilla/5.0 (Windows NT 10.0; Win64; x64) AppleWebKit/537.36 (KHTML, like Gecko) Chrome/91.0.4472.124 Safari/537.36 Edg/91.0.864.67"
80.122.222.62 - - [14/Jul/2021:12:49:23 +0200] "GET /reload?ser=1626259763626 HTTP/1.1" 200 28 "http://renault.activities.at/10201442?cat=10260249" "Mozilla/5.0 (Windows NT 10.0; Win64; x64) AppleWebKit/537.36 (KHTML, like Gecko) Chrome/91.0.4472.124 Safari/537.36 Edg/91.0.864.67"
80.122.222.62 - - [14/Jul/2021:12:50:24 +0200] "GET /reload?ser=1626259824627 HTTP/1.1" 200 28 "http://renault.activities.at/10201442?cat=10260249" "Mozilla/5.0 (Windows NT 10.0; Win64; x64) AppleWebKit/537.36 (KHTML, like Gecko) Chrome/91.0.4472.124 Safari/537.36 Edg/91.0.864.67"
80.122.222.62 - - [14/Jul/2021:12:51:25 +0200] "GET /reload?ser=1626259885618 HTTP/1.1" 200 28 "http://renault.activities.at/10201442?cat=10260249" "Mozilla/5.0 (Windows NT 10.0; Win64; x64) AppleWebKit/537.36 (KHTML, like Gecko) Chrome/91.0.4472.124 Safari/537.36 Edg/91.0.864.67"
80.122.222.62 - - [14/Jul/2021:12:52:26 +0200] "GET /reload?ser=1626259946621 HTTP/1.1" 200 28 "http://renault.activities.at/10201442?cat=10260249" "Mozilla/5.0 (Windows NT 10.0; Win64; x64) AppleWebKit/537.36 (KHTML, like Gecko) Chrome/91.0.4472.124 Safari/537.36 Edg/91.0.864.67"
80.122.222.62 - - [14/Jul/2021:12:53:27 +0200] "GET /reload?ser=1626260007626 HTTP/1.1" 200 28 "http://renault.activities.at/10201442?cat=10260249" "Mozilla/5.0 (Windows NT 10.0; Win64; x64) AppleWebKit/537.36 (KHTML, like Gecko) Chrome/91.0.4472.124 Safari/537.36 Edg/91.0.864.67"
80.122.222.62 - - [14/Jul/2021:12:54:28 +0200] "GET /reload?ser=1626260068618 HTTP/1.1" 200 28 "http://renault.activities.at/10201442?cat=10260249" "Mozilla/5.0 (Windows NT 10.0; Win64; x64) AppleWebKit/537.36 (KHTML, like Gecko) Chrome/91.0.4472.124 Safari/537.36 Edg/91.0.864.67"
80.122.222.62 - - [14/Jul/2021:12:55:29 +0200] "GET /reload?ser=1626260129626 HTTP/1.1" 200 28 "http://renault.activities.at/10201442?cat=10260249" "Mozilla/5.0 (Windows NT 10.0; Win64; x64) AppleWebKit/537.36 (KHTML, like Gecko) Chrome/91.0.4472.124 Safari/537.36 Edg/91.0.864.67"
80.122.222.62 - - [14/Jul/2021:12:56:30 +0200] "GET /reload?ser=1626260190619 HTTP/1.1" 200 28 "http://renault.activities.at/10201442?cat=10260249" "Mozilla/5.0 (Windows NT 10.0; Win64; x64) AppleWebKit/537.36 (KHTML, like Gecko) Chrome/91.0.4472.124 Safari/537.36 Edg/91.0.864.67"
80.122.222.62 - - [14/Jul/2021:12:57:31 +0200] "GET /reload?ser=1626260251629 HTTP/1.1" 200 28 "http://renault.activities.at/10201442?cat=10260249" "Mozilla/5.0 (Windows NT 10.0; Win64; x64) AppleWebKit/537.36 (KHTML, like Gecko) Chrome/91.0.4472.124 Safari/537.36 Edg/91.0.864.67"
80.122.222.62 - - [14/Jul/2021:12:58:32 +0200] "GET /reload?ser=1626260312615 HTTP/1.1" 200 28 "http://renault.activities.at/10201442?cat=10260249" "Mozilla/5.0 (Windows NT 10.0; Win64; x64) AppleWebKit/537.36 (KHTML, like Gecko) Chrome/91.0.4472.124 Safari/537.36 Edg/91.0.864.67"
80.122.222.62 - - [14/Jul/2021:12:59:33 +0200] "GET /reload?ser=1626260373629 HTTP/1.1" 200 28 "http://renault.activities.at/10201442?cat=10260249" "Mozilla/5.0 (Windows NT 10.0; Win64; x64) AppleWebKit/537.36 (KHTML, like Gecko) Chrome/91.0.4472.124 Safari/537.36 Edg/91.0.864.67"
80.122.222.62 - - [14/Jul/2021:13:00:34 +0200] "GET /reload?ser=1626260434619 HTTP/1.1" 200 28 "http://renault.activities.at/10201442?cat=10260249" "Mozilla/5.0 (Windows NT 10.0; Win64; x64) AppleWebKit/537.36 (KHTML, like Gecko) Chrome/91.0.4472.124 Safari/537.36 Edg/91.0.864.67"
80.122.222.62 - - [14/Jul/2021:13:01:35 +0200] "GET /reload?ser=1626260495626 HTTP/1.1" 200 28 "http://renault.activities.at/10201442?cat=10260249" "Mozilla/5.0 (Windows NT 10.0; Win64; x64) AppleWebKit/537.36 (KHTML, like Gecko) Chrome/91.0.4472.124 Safari/537.36 Edg/91.0.864.67"
80.122.222.62 - - [14/Jul/2021:13:02:37 +0200] "GET /reload?ser=1626260557626 HTTP/1.1" 200 28 "http://renault.activities.at/10201442?cat=10260249" "Mozilla/5.0 (Windows NT 10.0; Win64; x64) AppleWebKit/537.36 (KHTML, like Gecko) Chrome/91.0.4472.124 Safari/537.36 Edg/91.0.864.67"
80.122.222.62 - - [14/Jul/2021:13:03:38 +0200] "GET /reload?ser=1626260618619 HTTP/1.1" 200 28 "http://renault.activities.at/10201442?cat=10260249" "Mozilla/5.0 (Windows NT 10.0; Win64; x64) AppleWebKit/537.36 (KHTML, like Gecko) Chrome/91.0.4472.124 Safari/537.36 Edg/91.0.864.67"
80.122.222.62 - - [14/Jul/2021:13:04:39 +0200] "GET /reload?ser=1626260679620 HTTP/1.1" 200 28 "http://renault.activities.at/10201442?cat=10260249" "Mozilla/5.0 (Windows NT 10.0; Win64; x64) AppleWebKit/537.36 (KHTML, like Gecko) Chrome/91.0.4472.124 Safari/537.36 Edg/91.0.864.67"
80.122.222.62 - - [14/Jul/2021:13:05:40 +0200] "GET /reload?ser=1626260740619 HTTP/1.1" 200 28 "http://renault.activities.at/10201442?cat=10260249" "Mozilla/5.0 (Windows NT 10.0; Win64; x64) AppleWebKit/537.36 (KHTML, like Gecko) Chrome/91.0.4472.124 Safari/537.36 Edg/91.0.864.67"
80.122.222.62 - - [14/Jul/2021:13:06:41 +0200] "GET /reload?ser=1626260801616 HTTP/1.1" 200 28 "http://renault.activities.at/10201442?cat=10260249" "Mozilla/5.0 (Windows NT 10.0; Win64; x64) AppleWebKit/537.36 (KHTML, like Gecko) Chrome/91.0.4472.124 Safari/537.36 Edg/91.0.864.67"
80.122.222.62 - - [14/Jul/2021:13:07:42 +0200] "GET /reload?ser=1626260862622 HTTP/1.1" 200 28 "http://renault.activities.at/10201442?cat=10260249" "Mozilla/5.0 (Windows NT 10.0; Win64; x64) AppleWebKit/537.36 (KHTML, like Gecko) Chrome/91.0.4472.124 Safari/537.36 Edg/91.0.864.67"
80.122.222.62 - - [14/Jul/2021:13:08:44 +0200] "GET /reload?ser=1626260924621 HTTP/1.1" 200 28 "http://renault.activities.at/10201442?cat=10260249" "Mozilla/5.0 (Windows NT 10.0; Win64; x64) AppleWebKit/537.36 (KHTML, like Gecko) Chrome/91.0.4472.124 Safari/537.36 Edg/91.0.864.67"
80.122.222.62 - - [14/Jul/2021:13:09:45 +0200] "GET /reload?ser=1626260985626 HTTP/1.1" 200 28 "http://renault.activities.at/10201442?cat=10260249" "Mozilla/5.0 (Windows NT 10.0; Win64; x64) AppleWebKit/537.36 (KHTML, like Gecko) Chrome/91.0.4472.124 Safari/537.36 Edg/91.0.864.67"
80.122.222.62 - - [14/Jul/2021:13:10:46 +0200] "GET /reload?ser=1626261046615 HTTP/1.1" 200 28 "http://renault.activities.at/10201442?cat=10260249" "Mozilla/5.0 (Windows NT 10.0; Win64; x64) AppleWebKit/537.36 (KHTML, like Gecko) Chrome/91.0.4472.124 Safari/537.36 Edg/91.0.864.67"
80.122.222.62 - - [14/Jul/2021:13:11:47 +0200] "GET /reload?ser=1626261107629 HTTP/1.1" 200 28 "http://renault.activities.at/10201442?cat=10260249" "Mozilla/5.0 (Windows NT 10.0; Win64; x64) AppleWebKit/537.36 (KHTML, like Gecko) Chrome/91.0.4472.124 Safari/537.36 Edg/91.0.864.67"
80.122.222.62 - - [14/Jul/2021:13:12:48 +0200] "GET /reload?ser=1626261168626 HTTP/1.1" 200 28 "http://renault.activities.at/10201442?cat=10260249" "Mozilla/5.0 (Windows NT 10.0; Win64; x64) AppleWebKit/537.36 (KHTML, like Gecko) Chrome/91.0.4472.124 Safari/537.36 Edg/91.0.864.67"
80.122.222.62 - - [14/Jul/2021:13:13:49 +0200] "GET /reload?ser=1626261229617 HTTP/1.1" 200 28 "http://renault.activities.at/10201442?cat=10260249" "Mozilla/5.0 (Windows NT 10.0; Win64; x64) AppleWebKit/537.36 (KHTML, like Gecko) Chrome/91.0.4472.124 Safari/537.36 Edg/91.0.864.67"
80.122.222.62 - - [14/Jul/2021:13:14:50 +0200] "GET /reload?ser=1626261290619 HTTP/1.1" 200 28 "http://renault.activities.at/10201442?cat=10260249" "Mozilla/5.0 (Windows NT 10.0; Win64; x64) AppleWebKit/537.36 (KHTML, like Gecko) Chrome/91.0.4472.124 Safari/537.36 Edg/91.0.864.67"
80.122.222.62 - - [14/Jul/2021:13:15:52 +0200] "GET /reload?ser=1626261352621 HTTP/1.1" 200 28 "http://renault.activities.at/10201442?cat=10260249" "Mozilla/5.0 (Windows NT 10.0; Win64; x64) AppleWebKit/537.36 (KHTML, like Gecko) Chrome/91.0.4472.124 Safari/537.36 Edg/91.0.864.67"
80.122.222.62 - - [14/Jul/2021:13:16:53 +0200] "GET /reload?ser=1626261413617 HTTP/1.1" 200 28 "http://renault.activities.at/10201442?cat=10260249" "Mozilla/5.0 (Windows NT 10.0; Win64; x64) AppleWebKit/537.36 (KHTML, like Gecko) Chrome/91.0.4472.124 Safari/537.36 Edg/91.0.864.67"
80.122.222.62 - - [14/Jul/2021:13:17:57 +0200] "GET /reload?ser=1626261474625 HTTP/1.1" 200 28 "http://renault.activities.at/10201442?cat=10260249" "Mozilla/5.0 (Windows NT 10.0; Win64; x64) AppleWebKit/537.36 (KHTML, like Gecko) Chrome/91.0.4472.124 Safari/537.36 Edg/91.0.864.67"
80.122.222.62 - - [14/Jul/2021:13:18:58 +0200] "GET /reload?ser=1626261538624 HTTP/1.1" 200 28 "http://renault.activities.at/10201442?cat=10260249" "Mozilla/5.0 (Windows NT 10.0; Win64; x64) AppleWebKit/537.36 (KHTML, like Gecko) Chrome/91.0.4472.124 Safari/537.36 Edg/91.0.864.67"
80.122.222.62 - - [14/Jul/2021:13:19:59 +0200] "GET /reload?ser=1626261599628 HTTP/1.1" 200 28 "http://renault.activities.at/10201442?cat=10260249" "Mozilla/5.0 (Windows NT 10.0; Win64; x64) AppleWebKit/537.36 (KHTML, like Gecko) Chrome/91.0.4472.124 Safari/537.36 Edg/91.0.864.67"
80.122.222.62 - - [14/Jul/2021:13:21:00 +0200] "GET /reload?ser=1626261660628 HTTP/1.1" 200 28 "http://renault.activities.at/10201442?cat=10260249" "Mozilla/5.0 (Windows NT 10.0; Win64; x64) AppleWebKit/537.36 (KHTML, like Gecko) Chrome/91.0.4472.124 Safari/537.36 Edg/91.0.864.67"
80.120.210.179 - - [14/Jul/2021:13:21:24 +0200] "GET /login HTTP/1.1" 200 2085 "-" "Mozilla/5.0 (Windows NT 10.0; Win64; x64) AppleWebKit/537.36 (KHTML, like Gecko) Chrome/91.0.4472.124 Safari/537.36"
80.120.210.179 - - [14/Jul/2021:13:21:24 +0200] "GET /loadthumbnail.php?id=11127982 HTTP/1.1" 200 399614 "http://renault.activities.at/login" "Mozilla/5.0 (Windows NT 10.0; Win64; x64) AppleWebKit/537.36 (KHTML, like Gecko) Chrome/91.0.4472.124 Safari/537.36"
80.120.210.179 - - [14/Jul/2021:13:21:25 +0200] "GET /images/favicon.ico HTTP/1.1" 404 305 "http://renault.activities.at/login" "Mozilla/5.0 (Windows NT 10.0; Win64; x64) AppleWebKit/537.36 (KHTML, like Gecko) Chrome/91.0.4472.124 Safari/537.36"
80.120.210.179 - - [14/Jul/2021:13:21:29 +0200] "GET /images/validation_advice_bg.gif HTTP/1.1" 200 134 "http://renault.activities.at/css/styles.css" "Mozilla/5.0 (Windows NT 10.0; Win64; x64) AppleWebKit/537.36 (KHTML, like Gecko) Chrome/91.0.4472.124 Safari/537.36"
80.120.210.179 - - [14/Jul/2021:13:21:38 +0200] "POST /login HTTP/1.1" 302 140 "http://renault.activities.at/login" "Mozilla/5.0 (Windows NT 10.0; Win64; x64) AppleWebKit/537.36 (KHTML, like Gecko) Chrome/91.0.4472.124 Safari/537.36"
80.120.210.179 - - [14/Jul/2021:13:21:40 +0200] "GET /account HTTP/1.1" 200 5888 "http://renault.activities.at/login" "Mozilla/5.0 (Windows NT 10.0; Win64; x64) AppleWebKit/537.36 (KHTML, like Gecko) Chrome/91.0.4472.124 Safari/537.36"
80.120.210.179 - - [14/Jul/2021:13:21:42 +0200] "POST /login HTTP/1.1" 302 140 "http://renault.activities.at/login" "Mozilla/5.0 (Windows NT 10.0; Win64; x64) AppleWebKit/537.36 (KHTML, like Gecko) Chrome/91.0.4472.124 Safari/537.36"
80.120.210.179 - - [14/Jul/2021:13:21:44 +0200] "GET /account HTTP/1.1" 200 5888 "http://renault.activities.at/login" "Mozilla/5.0 (Windows NT 10.0; Win64; x64) AppleWebKit/537.36 (KHTML, like Gecko) Chrome/91.0.4472.124 Safari/537.36"
80.120.210.179 - - [14/Jul/2021:13:21:46 +0200] "GET /loadthumbnail.php?id=10986339&width=50&height=50 HTTP/1.1" 200 1295 "http://renault.activities.at/account" "Mozilla/5.0 (Windows NT 10.0; Win64; x64) AppleWebKit/537.36 (KHTML, like Gecko) Chrome/91.0.4472.124 Safari/537.36"
80.120.210.179 - - [14/Jul/2021:13:21:52 +0200] "POST /axjaxrequest?mode=suggest HTTP/1.1" 200 121 "http://renault.activities.at/account" "Mozilla/5.0 (Windows NT 10.0; Win64; x64) AppleWebKit/537.36 (KHTML, like Gecko) Chrome/91.0.4472.124 Safari/537.36"
80.120.210.179 - - [14/Jul/2021:13:21:54 +0200] "GET /result?searchterm=true&search=%F6lzettel HTTP/1.1" 200 4562 "http://renault.activities.at/account" "Mozilla/5.0 (Windows NT 10.0; Win64; x64) AppleWebKit/537.36 (KHTML, like Gecko) Chrome/91.0.4472.124 Safari/537.36"
80.120.210.179 - - [14/Jul/2021:13:21:55 +0200] "GET /images/note_msg_icon.gif HTTP/1.1" 200 1022 "http://renault.activities.at/css/styles.css" "Mozilla/5.0 (Windows NT 10.0; Win64; x64) AppleWebKit/537.36 (KHTML, like Gecko) Chrome/91.0.4472.124 Safari/537.36"
80.120.210.179 - - [14/Jul/2021:13:21:54 +0200] "POST /axjaxrequest?mode=suggest HTTP/1.1" 200 21 "http://renault.activities.at/account" "Mozilla/5.0 (Windows NT 10.0; Win64; x64) AppleWebKit/537.36 (KHTML, like Gecko) Chrome/91.0.4472.124 Safari/537.36"
80.120.210.179 - - [14/Jul/2021:13:21:59 +0200] "GET /result?searchterm=true&search=%F6l HTTP/1.1" 200 5792 "http://renault.activities.at/result?searchterm=true&search=%F6lzettel" "Mozilla/5.0 (Windows NT 10.0; Win64; x64) AppleWebKit/537.36 (KHTML, like Gecko) Chrome/91.0.4472.124 Safari/537.36"
80.120.210.179 - - [14/Jul/2021:13:22:00 +0200] "GET /loadthumbnail.php?id=11967854&width=113 HTTP/1.1" 200 2106 "http://renault.activities.at/result?searchterm=true&search=%F6l" "Mozilla/5.0 (Windows NT 10.0; Win64; x64) AppleWebKit/537.36 (KHTML, like Gecko) Chrome/91.0.4472.124 Safari/537.36"
80.120.210.179 - - [14/Jul/2021:13:22:00 +0200] "GET /loadthumbnail.php?id=10203255 HTTP/1.1" 200 137 "http://renault.activities.at/result?searchterm=true&search=%F6l" "Mozilla/5.0 (Windows NT 10.0; Win64; x64) AppleWebKit/537.36 (KHTML, like Gecko) Chrome/91.0.4472.124 Safari/537.36"
80.120.210.179 - - [14/Jul/2021:13:21:59 +0200] "POST /axjaxrequest?mode=suggest HTTP/1.1" 200 121 "http://renault.activities.at/result?searchterm=true&search=%F6lzettel" "Mozilla/5.0 (Windows NT 10.0; Win64; x64) AppleWebKit/537.36 (KHTML, like Gecko) Chrome/91.0.4472.124 Safari/537.36"
80.122.222.62 - - [14/Jul/2021:13:22:01 +0200] "GET /reload?ser=1626261721622 HTTP/1.1" 200 28 "http://renault.activities.at/10201442?cat=10260249" "Mozilla/5.0 (Windows NT 10.0; Win64; x64) AppleWebKit/537.36 (KHTML, like Gecko) Chrome/91.0.4472.124 Safari/537.36 Edg/91.0.864.67"
80.120.210.179 - - [14/Jul/2021:13:22:04 +0200] "GET /10201442 HTTP/1.1" 200 8585 "http://renault.activities.at/result?searchterm=true&search=%F6l" "Mozilla/5.0 (Windows NT 10.0; Win64; x64) AppleWebKit/537.36 (KHTML, like Gecko) Chrome/91.0.4472.124 Safari/537.36"
80.120.210.179 - - [14/Jul/2021:13:22:07 +0200] "GET /images/sub_title_bg.jpg HTTP/1.1" 200 314 "http://renault.activities.at/css/styles.css" "Mozilla/5.0 (Windows NT 10.0; Win64; x64) AppleWebKit/537.36 (KHTML, like Gecko) Chrome/91.0.4472.124 Safari/537.36"
80.120.210.179 - - [14/Jul/2021:13:22:07 +0200] "GET /loadthumbnail.php?id=12329777&width=113 HTTP/1.1" 200 5924 "http://renault.activities.at/10201442" "Mozilla/5.0 (Windows NT 10.0; Win64; x64) AppleWebKit/537.36 (KHTML, like Gecko) Chrome/91.0.4472.124 Safari/537.36"
80.120.210.179 - - [14/Jul/2021:13:22:07 +0200] "GET /loadthumbnail.php?id=12329769&width=113 HTTP/1.1" 200 6281 "http://renault.activities.at/10201442" "Mozilla/5.0 (Windows NT 10.0; Win64; x64) AppleWebKit/537.36 (KHTML, like Gecko) Chrome/91.0.4472.124 Safari/537.36"
80.120.210.179 - - [14/Jul/2021:13:22:07 +0200] "GET /loadthumbnail.php?id=10203276 HTTP/1.1" 200 75 "http://renault.activities.at/10201442" "Mozilla/5.0 (Windows NT 10.0; Win64; x64) AppleWebKit/537.36 (KHTML, like Gecko) Chrome/91.0.4472.124 Safari/537.36"
80.120.210.179 - - [14/Jul/2021:13:22:07 +0200] "GET /loadthumbnail.php?id=12329773&width=113 HTTP/1.1" 200 6402 "http://renault.activities.at/10201442" "Mozilla/5.0 (Windows NT 10.0; Win64; x64) AppleWebKit/537.36 (KHTML, like Gecko) Chrome/91.0.4472.124 Safari/537.36"
80.120.210.179 - - [14/Jul/2021:13:22:07 +0200] "GET /loadthumbnail.php?id=12428347&width=113 HTTP/1.1" 200 5778 "http://renault.activities.at/10201442" "Mozilla/5.0 (Windows NT 10.0; Win64; x64) AppleWebKit/537.36 (KHTML, like Gecko) Chrome/91.0.4472.124 Safari/537.36"
80.120.210.179 - - [14/Jul/2021:13:22:07 +0200] "GET /loadthumbnail.php?id=12428343&width=113 HTTP/1.1" 200 5906 "http://renault.activities.at/10201442" "Mozilla/5.0 (Windows NT 10.0; Win64; x64) AppleWebKit/537.36 (KHTML, like Gecko) Chrome/91.0.4472.124 Safari/537.36"
80.120.210.179 - - [14/Jul/2021:13:22:07 +0200] "GET /loadthumbnail.php?id=12428339&width=113 HTTP/1.1" 200 6161 "http://renault.activities.at/10201442" "Mozilla/5.0 (Windows NT 10.0; Win64; x64) AppleWebKit/537.36 (KHTML, like Gecko) Chrome/91.0.4472.124 Safari/537.36"
80.120.210.179 - - [14/Jul/2021:13:22:07 +0200] "GET /loadthumbnail.php?id=12329384&width=113 HTTP/1.1" 200 6523 "http://renault.activities.at/10201442" "Mozilla/5.0 (Windows NT 10.0; Win64; x64) AppleWebKit/537.36 (KHTML, like Gecko) Chrome/91.0.4472.124 Safari/537.36"
80.120.210.179 - - [14/Jul/2021:13:22:07 +0200] "GET /loadthumbnail.php?id=12329388&width=113 HTTP/1.1" 200 6391 "http://renault.activities.at/10201442" "Mozilla/5.0 (Windows NT 10.0; Win64; x64) AppleWebKit/537.36 (KHTML, like Gecko) Chrome/91.0.4472.124 Safari/537.36"
80.120.210.179 - - [14/Jul/2021:13:22:07 +0200] "GET /loadthumbnail.php?id=12329380&width=113 HTTP/1.1" 200 6136 "http://renault.activities.at/10201442" "Mozilla/5.0 (Windows NT 10.0; Win64; x64) AppleWebKit/537.36 (KHTML, like Gecko) Chrome/91.0.4472.124 Safari/537.36"
80.120.210.179 - - [14/Jul/2021:13:22:07 +0200] "GET /loadthumbnail.php?id=12329742&width=113 HTTP/1.1" 200 6011 "http://renault.activities.at/10201442" "Mozilla/5.0 (Windows NT 10.0; Win64; x64) AppleWebKit/537.36 (KHTML, like Gecko) Chrome/91.0.4472.124 Safari/537.36"
80.120.210.179 - - [14/Jul/2021:13:22:07 +0200] "GET /loadthumbnail.php?id=12428351&width=113 HTTP/1.1" 200 5484 "http://renault.activities.at/10201442" "Mozilla/5.0 (Windows NT 10.0; Win64; x64) AppleWebKit/537.36 (KHTML, like Gecko) Chrome/91.0.4472.124 Safari/537.36"
80.120.210.179 - - [14/Jul/2021:13:22:07 +0200] "GET /loadthumbnail.php?id=12329765&width=113 HTTP/1.1" 200 6417 "http://renault.activities.at/10201442" "Mozilla/5.0 (Windows NT 10.0; Win64; x64) AppleWebKit/537.36 (KHTML, like Gecko) Chrome/91.0.4472.124 Safari/537.36"
80.120.210.179 - - [14/Jul/2021:13:22:07 +0200] "GET /loadthumbnail.php?id=12428361&width=113 HTTP/1.1" 200 6467 "http://renault.activities.at/10201442" "Mozilla/5.0 (Windows NT 10.0; Win64; x64) AppleWebKit/537.36 (KHTML, like Gecko) Chrome/91.0.4472.124 Safari/537.36"
80.120.210.179 - - [14/Jul/2021:13:22:07 +0200] "GET /loadthumbnail.php?id=12428355&width=113 HTTP/1.1" 200 6350 "http://renault.activities.at/10201442" "Mozilla/5.0 (Windows NT 10.0; Win64; x64) AppleWebKit/537.36 (KHTML, like Gecko) Chrome/91.0.4472.124 Safari/537.36"
80.120.210.179 - - [14/Jul/2021:13:22:07 +0200] "GET /loadthumbnail.php?id=12329758&width=113 HTTP/1.1" 200 6291 "http://renault.activities.at/10201442" "Mozilla/5.0 (Windows NT 10.0; Win64; x64) AppleWebKit/537.36 (KHTML, like Gecko) Chrome/91.0.4472.124 Safari/537.36"
80.120.210.179 - - [14/Jul/2021:13:22:21 +0200] "GET /10260306 HTTP/1.1" 200 5987 "http://renault.activities.at/10201442" "Mozilla/5.0 (Windows NT 10.0; Win64; x64) AppleWebKit/537.36 (KHTML, like Gecko) Chrome/91.0.4472.124 Safari/537.36"
80.120.210.179 - - [14/Jul/2021:13:22:23 +0200] "GET /loadthumbnail.php?id=12363384&width=113 HTTP/1.1" 200 20801 "http://renault.activities.at/10260306" "Mozilla/5.0 (Windows NT 10.0; Win64; x64) AppleWebKit/537.36 (KHTML, like Gecko) Chrome/91.0.4472.124 Safari/537.36"
80.120.210.179 - - [14/Jul/2021:13:22:26 +0200] "GET /10201442 HTTP/1.1" 200 8585 "http://renault.activities.at/10260306" "Mozilla/5.0 (Windows NT 10.0; Win64; x64) AppleWebKit/537.36 (KHTML, like Gecko) Chrome/91.0.4472.124 Safari/537.36"
80.120.210.179 - - [14/Jul/2021:13:22:26 +0200] "GET /10201633 HTTP/1.1" 200 9061 "http://renault.activities.at/10260306" "Mozilla/5.0 (Windows NT 10.0; Win64; x64) AppleWebKit/537.36 (KHTML, like Gecko) Chrome/91.0.4472.124 Safari/537.36"
80.120.210.179 - - [14/Jul/2021:13:22:28 +0200] "GET /10260019 HTTP/1.1" 200 7479 "http://renault.activities.at/10260306" "Mozilla/5.0 (Windows NT 10.0; Win64; x64) AppleWebKit/537.36 (KHTML, like Gecko) Chrome/91.0.4472.124 Safari/537.36"
80.120.210.179 - - [14/Jul/2021:13:22:32 +0200] "GET /10260019 HTTP/1.1" 200 7479 "http://renault.activities.at/10260306" "Mozilla/5.0 (Windows NT 10.0; Win64; x64) AppleWebKit/537.36 (KHTML, like Gecko) Chrome/91.0.4472.124 Safari/537.36"
80.120.210.179 - - [14/Jul/2021:13:22:35 +0200] "GET /loadthumbnail.php?id=10260190&width=113 HTTP/1.1" 200 4509 "http://renault.activities.at/10260019" "Mozilla/5.0 (Windows NT 10.0; Win64; x64) AppleWebKit/537.36 (KHTML, like Gecko) Chrome/91.0.4472.124 Safari/537.36"
80.120.210.179 - - [14/Jul/2021:13:22:35 +0200] "GET /loadthumbnail.php?id=12243604&width=113 HTTP/1.1" 200 3094 "http://renault.activities.at/10260019" "Mozilla/5.0 (Windows NT 10.0; Win64; x64) AppleWebKit/537.36 (KHTML, like Gecko) Chrome/91.0.4472.124 Safari/537.36"
80.120.210.179 - - [14/Jul/2021:13:22:35 +0200] "GET /loadthumbnail.php?id=12412602&width=113 HTTP/1.1" 200 5009 "http://renault.activities.at/10260019" "Mozilla/5.0 (Windows NT 10.0; Win64; x64) AppleWebKit/537.36 (KHTML, like Gecko) Chrome/91.0.4472.124 Safari/537.36"
80.120.210.179 - - [14/Jul/2021:13:22:35 +0200] "GET /loadthumbnail.php?id=12243596&width=113 HTTP/1.1" 200 2926 "http://renault.activities.at/10260019" "Mozilla/5.0 (Windows NT 10.0; Win64; x64) AppleWebKit/537.36 (KHTML, like Gecko) Chrome/91.0.4472.124 Safari/537.36"
80.120.210.179 - - [14/Jul/2021:13:22:35 +0200] "GET /loadthumbnail.php?id=11730239&width=113 HTTP/1.1" 200 4665 "http://renault.activities.at/10260019" "Mozilla/5.0 (Windows NT 10.0; Win64; x64) AppleWebKit/537.36 (KHTML, like Gecko) Chrome/91.0.4472.124 Safari/537.36"
80.120.210.179 - - [14/Jul/2021:13:22:35 +0200] "GET /loadthumbnail.php?id=12243600&width=113 HTTP/1.1" 200 3157 "http://renault.activities.at/10260019" "Mozilla/5.0 (Windows NT 10.0; Win64; x64) AppleWebKit/537.36 (KHTML, like Gecko) Chrome/91.0.4472.124 Safari/537.36"
80.120.210.179 - - [14/Jul/2021:13:22:35 +0200] "GET /loadthumbnail.php?id=11304834&width=113 HTTP/1.1" 200 1055 "http://renault.activities.at/10260019" "Mozilla/5.0 (Windows NT 10.0; Win64; x64) AppleWebKit/537.36 (KHTML, like Gecko) Chrome/91.0.4472.124 Safari/537.36"
80.120.210.179 - - [14/Jul/2021:13:22:35 +0200] "GET /loadthumbnail.php?id=11730248&width=113 HTTP/1.1" 200 4910 "http://renault.activities.at/10260019" "Mozilla/5.0 (Windows NT 10.0; Win64; x64) AppleWebKit/537.36 (KHTML, like Gecko) Chrome/91.0.4472.124 Safari/537.36"
80.120.210.179 - - [14/Jul/2021:13:22:35 +0200] "GET /loadthumbnail.php?id=12204968&width=113 HTTP/1.1" 200 4284 "http://renault.activities.at/10260019" "Mozilla/5.0 (Windows NT 10.0; Win64; x64) AppleWebKit/537.36 (KHTML, like Gecko) Chrome/91.0.4472.124 Safari/537.36"
80.122.222.62 - - [14/Jul/2021:13:23:02 +0200] "GET /reload?ser=1626261782620 HTTP/1.1" 200 28 "http://renault.activities.at/10201442?cat=10260249" "Mozilla/5.0 (Windows NT 10.0; Win64; x64) AppleWebKit/537.36 (KHTML, like Gecko) Chrome/91.0.4472.124 Safari/537.36 Edg/91.0.864.67"
80.120.210.179 - - [14/Jul/2021:13:23:38 +0200] "GET /reload?ser=1626261818553 HTTP/1.1" 200 28 "http://renault.activities.at/10260019" "Mozilla/5.0 (Windows NT 10.0; Win64; x64) AppleWebKit/537.36 (KHTML, like Gecko) Chrome/91.0.4472.124 Safari/537.36"
80.122.222.62 - - [14/Jul/2021:13:24:03 +0200] "GET /reload?ser=1626261843619 HTTP/1.1" 200 28 "http://renault.activities.at/10201442?cat=10260249" "Mozilla/5.0 (Windows NT 10.0; Win64; x64) AppleWebKit/537.36 (KHTML, like Gecko) Chrome/91.0.4472.124 Safari/537.36 Edg/91.0.864.67"
80.120.210.179 - - [14/Jul/2021:13:24:39 +0200] "GET /reload?ser=1626261879557 HTTP/1.1" 200 28 "http://renault.activities.at/10260019" "Mozilla/5.0 (Windows NT 10.0; Win64; x64) AppleWebKit/537.36 (KHTML, like Gecko) Chrome/91.0.4472.124 Safari/537.36"
80.122.222.62 - - [14/Jul/2021:13:25:04 +0200] "GET /reload?ser=1626261904616 HTTP/1.1" 200 28 "http://renault.activities.at/10201442?cat=10260249" "Mozilla/5.0 (Windows NT 10.0; Win64; x64) AppleWebKit/537.36 (KHTML, like Gecko) Chrome/91.0.4472.124 Safari/537.36 Edg/91.0.864.67"
80.120.210.179 - - [14/Jul/2021:13:25:40 +0200] "GET /reload?ser=1626261940551 HTTP/1.1" 200 28 "http://renault.activities.at/10260019" "Mozilla/5.0 (Windows NT 10.0; Win64; x64) AppleWebKit/537.36 (KHTML, like Gecko) Chrome/91.0.4472.124 Safari/537.36"
80.122.222.62 - - [14/Jul/2021:13:26:05 +0200] "GET /reload?ser=1626261965628 HTTP/1.1" 200 28 "http://renault.activities.at/10201442?cat=10260249" "Mozilla/5.0 (Windows NT 10.0; Win64; x64) AppleWebKit/537.36 (KHTML, like Gecko) Chrome/91.0.4472.124 Safari/537.36 Edg/91.0.864.67"
80.120.210.179 - - [14/Jul/2021:13:26:41 +0200] "GET /reload?ser=1626262001550 HTTP/1.1" 200 28 "http://renault.activities.at/10260019" "Mozilla/5.0 (Windows NT 10.0; Win64; x64) AppleWebKit/537.36 (KHTML, like Gecko) Chrome/91.0.4472.124 Safari/537.36"
80.122.222.62 - - [14/Jul/2021:13:27:07 +0200] "GET /reload?ser=1626262027627 HTTP/1.1" 200 28 "http://renault.activities.at/10201442?cat=10260249" "Mozilla/5.0 (Windows NT 10.0; Win64; x64) AppleWebKit/537.36 (KHTML, like Gecko) Chrome/91.0.4472.124 Safari/537.36 Edg/91.0.864.67"
80.120.210.179 - - [14/Jul/2021:13:27:42 +0200] "GET /reload?ser=1626262062549 HTTP/1.1" 200 28 "http://renault.activities.at/10260019" "Mozilla/5.0 (Windows NT 10.0; Win64; x64) AppleWebKit/537.36 (KHTML, like Gecko) Chrome/91.0.4472.124 Safari/537.36"
80.122.222.62 - - [14/Jul/2021:13:28:08 +0200] "GET /reload?ser=1626262088617 HTTP/1.1" 200 28 "http://renault.activities.at/10201442?cat=10260249" "Mozilla/5.0 (Windows NT 10.0; Win64; x64) AppleWebKit/537.36 (KHTML, like Gecko) Chrome/91.0.4472.124 Safari/537.36 Edg/91.0.864.67"
80.120.210.179 - - [14/Jul/2021:13:28:43 +0200] "GET /reload?ser=1626262123548 HTTP/1.1" 200 28 "http://renault.activities.at/10260019" "Mozilla/5.0 (Windows NT 10.0; Win64; x64) AppleWebKit/537.36 (KHTML, like Gecko) Chrome/91.0.4472.124 Safari/537.36"
80.122.222.62 - - [14/Jul/2021:13:29:09 +0200] "GET /reload?ser=1626262149620 HTTP/1.1" 200 28 "http://renault.activities.at/10201442?cat=10260249" "Mozilla/5.0 (Windows NT 10.0; Win64; x64) AppleWebKit/537.36 (KHTML, like Gecko) Chrome/91.0.4472.124 Safari/537.36 Edg/91.0.864.67"
80.120.210.179 - - [14/Jul/2021:13:29:44 +0200] "GET /reload?ser=1626262184547 HTTP/1.1" 200 28 "http://renault.activities.at/10260019" "Mozilla/5.0 (Windows NT 10.0; Win64; x64) AppleWebKit/537.36 (KHTML, like Gecko) Chrome/91.0.4472.124 Safari/537.36"
80.122.222.62 - - [14/Jul/2021:13:30:10 +0200] "GET /reload?ser=1626262210616 HTTP/1.1" 200 28 "http://renault.activities.at/10201442?cat=10260249" "Mozilla/5.0 (Windows NT 10.0; Win64; x64) AppleWebKit/537.36 (KHTML, like Gecko) Chrome/91.0.4472.124 Safari/537.36 Edg/91.0.864.67"
