80.120.210.179 - - [14/Jul/2021:13:30:45 +0200] "GET /reload?ser=1626262245550 HTTP/1.1" 200 28 "http://renault.activities.at/10260019" "Mozilla/5.0 (Windows NT 10.0; Win64; x64) AppleWebKit/537.36 (KHTML, like Gecko) Chrome/91.0.4472.124 Safari/537.36"
80.122.222.62 - - [14/Jul/2021:13:31:12 +0200] "GET /reload?ser=1626262272629 HTTP/1.1" 200 28 "http://renault.activities.at/10201442?cat=10260249" "Mozilla/5.0 (Windows NT 10.0; Win64; x64) AppleWebKit/537.36 (KHTML, like Gecko) Chrome/91.0.4472.124 Safari/537.36 Edg/91.0.864.67"
80.120.210.179 - - [14/Jul/2021:13:31:46 +0200] "GET /reload?ser=1626262306562 HTTP/1.1" 200 28 "http://renault.activities.at/10260019" "Mozilla/5.0 (Windows NT 10.0; Win64; x64) AppleWebKit/537.36 (KHTML, like Gecko) Chrome/91.0.4472.124 Safari/537.36"
80.122.222.62 - - [14/Jul/2021:13:32:14 +0200] "GET /reload?ser=1626262334629 HTTP/1.1" 200 28 "http://renault.activities.at/10201442?cat=10260249" "Mozilla/5.0 (Windows NT 10.0; Win64; x64) AppleWebKit/537.36 (KHTML, like Gecko) Chrome/91.0.4472.124 Safari/537.36 Edg/91.0.864.67"
80.120.210.179 - - [14/Jul/2021:13:32:47 +0200] "GET /reload?ser=1626262367554 HTTP/1.1" 200 28 "http://renault.activities.at/10260019" "Mozilla/5.0 (Windows NT 10.0; Win64; x64) AppleWebKit/537.36 (KHTML, like Gecko) Chrome/91.0.4472.124 Safari/537.36"
80.122.222.62 - - [14/Jul/2021:13:33:15 +0200] "GET /reload?ser=1626262395616 HTTP/1.1" 200 28 "http://renault.activities.at/10201442?cat=10260249" "Mozilla/5.0 (Windows NT 10.0; Win64; x64) AppleWebKit/537.36 (KHTML, like Gecko) Chrome/91.0.4472.124 Safari/537.36 Edg/91.0.864.67"
80.120.210.179 - - [14/Jul/2021:13:33:48 +0200] "GET /reload?ser=1626262428549 HTTP/1.1" 200 28 "http://renault.activities.at/10260019" "Mozilla/5.0 (Windows NT 10.0; Win64; x64) AppleWebKit/537.36 (KHTML, like Gecko) Chrome/91.0.4472.124 Safari/537.36"
80.122.222.62 - - [14/Jul/2021:13:34:16 +0200] "GET /reload?ser=1626262456631 HTTP/1.1" 200 28 "http://renault.activities.at/10201442?cat=10260249" "Mozilla/5.0 (Windows NT 10.0; Win64; x64) AppleWebKit/537.36 (KHTML, like Gecko) Chrome/91.0.4472.124 Safari/537.36 Edg/91.0.864.67"
80.120.210.179 - - [14/Jul/2021:13:34:50 +0200] "GET /reload?ser=1626262490548 HTTP/1.1" 200 28 "http://renault.activities.at/10260019" "Mozilla/5.0 (Windows NT 10.0; Win64; x64) AppleWebKit/537.36 (KHTML, like Gecko) Chrome/91.0.4472.124 Safari/537.36"
80.120.210.179 - - [14/Jul/2021:13:35:05 +0200] "GET /12243594?print=true HTTP/1.1" 200 2651 "http://renault.activities.at/10260019" "Mozilla/5.0 (Windows NT 10.0; Win64; x64) AppleWebKit/537.36 (KHTML, like Gecko) Chrome/91.0.4472.124 Safari/537.36"
80.120.210.179 - - [14/Jul/2021:13:35:06 +0200] "GET /loadthumbnail.php?id=12243596&width=250 HTTP/1.1" 200 8499 "http://renault.activities.at/12243594?print=true" "Mozilla/5.0 (Windows NT 10.0; Win64; x64) AppleWebKit/537.36 (KHTML, like Gecko) Chrome/91.0.4472.124 Safari/537.36"
80.120.210.179 - - [14/Jul/2021:13:35:06 +0200] "GET /loadthumbnail.php?id=12243596&width=900&height=900 HTTP/1.1" 200 26511 "http://renault.activities.at/12243594?print=true" "Mozilla/5.0 (Windows NT 10.0; Win64; x64) AppleWebKit/537.36 (KHTML, like Gecko) Chrome/91.0.4472.124 Safari/537.36"
80.120.210.179 - - [14/Jul/2021:13:35:07 +0200] "GET /js/magiczoom/graphics/zoomin.cur HTTP/1.1" 200 326 "http://renault.activities.at/js/magiczoom/magiczoom.css" "Mozilla/5.0 (Windows NT 10.0; Win64; x64) AppleWebKit/537.36 (KHTML, like Gecko) Chrome/91.0.4472.124 Safari/537.36"
80.120.210.179 - - [14/Jul/2021:13:35:14 +0200] "POST /12243594?print=true HTTP/1.1" 200 2762 "http://renault.activities.at/12243594?print=true" "Mozilla/5.0 (Windows NT 10.0; Win64; x64) AppleWebKit/537.36 (KHTML, like Gecko) Chrome/91.0.4472.124 Safari/537.36"
80.122.222.62 - - [14/Jul/2021:13:35:17 +0200] "GET /reload?ser=1626262517627 HTTP/1.1" 200 28 "http://renault.activities.at/10201442?cat=10260249" "Mozilla/5.0 (Windows NT 10.0; Win64; x64) AppleWebKit/537.36 (KHTML, like Gecko) Chrome/91.0.4472.124 Safari/537.36 Edg/91.0.864.67"
80.120.210.179 - - [14/Jul/2021:13:35:29 +0200] "GET /checkout HTTP/1.1" 200 10243 "http://renault.activities.at/10260019" "Mozilla/5.0 (Windows NT 10.0; Win64; x64) AppleWebKit/537.36 (KHTML, like Gecko) Chrome/91.0.4472.124 Safari/537.36"
80.120.210.179 - - [14/Jul/2021:13:35:33 +0200] "GET /loadthumbnail.php?id=10202698 HTTP/1.1" 200 16686 "http://renault.activities.at/checkout" "Mozilla/5.0 (Windows NT 10.0; Win64; x64) AppleWebKit/537.36 (KHTML, like Gecko) Chrome/91.0.4472.124 Safari/537.36"
80.120.210.179 - - [14/Jul/2021:13:35:33 +0200] "GET /loadthumbnail.php?id=10201939 HTTP/1.1" 200 201 "http://renault.activities.at/checkout" "Mozilla/5.0 (Windows NT 10.0; Win64; x64) AppleWebKit/537.36 (KHTML, like Gecko) Chrome/91.0.4472.124 Safari/537.36"
80.120.210.179 - - [14/Jul/2021:13:35:45 +0200] "POST /docheckout HTTP/1.1" 200 433 "http://renault.activities.at/checkout" "Mozilla/5.0 (Windows NT 10.0; Win64; x64) AppleWebKit/537.36 (KHTML, like Gecko) Chrome/91.0.4472.124 Safari/537.36"
80.120.210.179 - - [14/Jul/2021:13:35:48 +0200] "POST /docheckout HTTP/1.1" 200 607 "http://renault.activities.at/checkout" "Mozilla/5.0 (Windows NT 10.0; Win64; x64) AppleWebKit/537.36 (KHTML, like Gecko) Chrome/91.0.4472.124 Safari/537.36"
80.120.210.179 - - [14/Jul/2021:13:36:01 +0200] "POST /docheckout HTTP/1.1" 200 68 "http://renault.activities.at/checkout" "Mozilla/5.0 (Windows NT 10.0; Win64; x64) AppleWebKit/537.36 (KHTML, like Gecko) Chrome/91.0.4472.124 Safari/537.36"
80.120.210.179 - - [14/Jul/2021:13:36:04 +0200] "GET /success HTTP/1.1" 200 3783 "http://renault.activities.at/checkout" "Mozilla/5.0 (Windows NT 10.0; Win64; x64) AppleWebKit/537.36 (KHTML, like Gecko) Chrome/91.0.4472.124 Safari/537.36"
80.122.222.62 - - [14/Jul/2021:13:36:18 +0200] "GET /reload?ser=1626262578617 HTTP/1.1" 200 28 "http://renault.activities.at/10201442?cat=10260249" "Mozilla/5.0 (Windows NT 10.0; Win64; x64) AppleWebKit/537.36 (KHTML, like Gecko) Chrome/91.0.4472.124 Safari/537.36 Edg/91.0.864.67"
80.120.210.179 - - [14/Jul/2021:13:37:06 +0200] "GET /reload?ser=1626262625989 HTTP/1.1" 200 28 "http://renault.activities.at/success" "Mozilla/5.0 (Windows NT 10.0; Win64; x64) AppleWebKit/537.36 (KHTML, like Gecko) Chrome/91.0.4472.124 Safari/537.36"
80.122.222.62 - - [14/Jul/2021:13:37:19 +0200] "GET /reload?ser=1626262639622 HTTP/1.1" 200 28 "http://renault.activities.at/10201442?cat=10260249" "Mozilla/5.0 (Windows NT 10.0; Win64; x64) AppleWebKit/537.36 (KHTML, like Gecko) Chrome/91.0.4472.124 Safari/537.36 Edg/91.0.864.67"
80.120.210.179 - - [14/Jul/2021:13:38:07 +0200] "GET /reload?ser=1626262687556 HTTP/1.1" 200 28 "http://renault.activities.at/success" "Mozilla/5.0 (Windows NT 10.0; Win64; x64) AppleWebKit/537.36 (KHTML, like Gecko) Chrome/91.0.4472.124 Safari/537.36"
80.122.222.62 - - [14/Jul/2021:13:38:20 +0200] "GET /reload?ser=1626262700624 HTTP/1.1" 200 28 "http://renault.activities.at/10201442?cat=10260249" "Mozilla/5.0 (Windows NT 10.0; Win64; x64) AppleWebKit/537.36 (KHTML, like Gecko) Chrome/91.0.4472.124 Safari/537.36 Edg/91.0.864.67"
80.120.210.179 - - [14/Jul/2021:13:39:08 +0200] "GET /reload?ser=1626262748553 HTTP/1.1" 200 28 "http://renault.activities.at/success" "Mozilla/5.0 (Windows NT 10.0; Win64; x64) AppleWebKit/537.36 (KHTML, like Gecko) Chrome/91.0.4472.124 Safari/537.36"
80.122.222.62 - - [14/Jul/2021:13:39:21 +0200] "GET /reload?ser=1626262761619 HTTP/1.1" 200 28 "http://renault.activities.at/10201442?cat=10260249" "Mozilla/5.0 (Windows NT 10.0; Win64; x64) AppleWebKit/537.36 (KHTML, like Gecko) Chrome/91.0.4472.124 Safari/537.36 Edg/91.0.864.67"
80.120.210.179 - - [14/Jul/2021:13:40:09 +0200] "GET /reload?ser=1626262809554 HTTP/1.1" 200 28 "http://renault.activities.at/success" "Mozilla/5.0 (Windows NT 10.0; Win64; x64) AppleWebKit/537.36 (KHTML, like Gecko) Chrome/91.0.4472.124 Safari/537.36"
80.122.222.62 - - [14/Jul/2021:13:40:22 +0200] "GET /reload?ser=1626262822620 HTTP/1.1" 200 28 "http://renault.activities.at/10201442?cat=10260249" "Mozilla/5.0 (Windows NT 10.0; Win64; x64) AppleWebKit/537.36 (KHTML, like Gecko) Chrome/91.0.4472.124 Safari/537.36 Edg/91.0.864.67"
88.116.10.164 - - [14/Jul/2021:13:40:25 +0200] "GET / HTTP/1.1" 200 3315 "-" "Mozilla/5.0 (Windows NT 10.0; Win64; x64) AppleWebKit/537.36 (KHTML, like Gecko) Chrome/91.0.4472.124 Safari/537.36 Edg/91.0.864.67"
88.116.10.164 - - [14/Jul/2021:13:40:26 +0200] "GET /js/default.js HTTP/1.1" 200 14698 "http://renault.activities.at/" "Mozilla/5.0 (Windows NT 10.0; Win64; x64) AppleWebKit/537.36 (KHTML, like Gecko) Chrome/91.0.4472.124 Safari/537.36 Edg/91.0.864.67"
88.116.10.164 - - [14/Jul/2021:13:40:26 +0200] "GET /css/reset.css HTTP/1.1" 200 1356 "http://renault.activities.at/" "Mozilla/5.0 (Windows NT 10.0; Win64; x64) AppleWebKit/537.36 (KHTML, like Gecko) Chrome/91.0.4472.124 Safari/537.36 Edg/91.0.864.67"
88.116.10.164 - - [14/Jul/2021:13:40:26 +0200] "GET /js/checkout.css HTTP/1.1" 200 359 "http://renault.activities.at/" "Mozilla/5.0 (Windows NT 10.0; Win64; x64) AppleWebKit/537.36 (KHTML, like Gecko) Chrome/91.0.4472.124 Safari/537.36 Edg/91.0.864.67"
88.116.10.164 - - [14/Jul/2021:13:40:26 +0200] "GET /css/clears.css HTTP/1.1" 200 851 "http://renault.activities.at/" "Mozilla/5.0 (Windows NT 10.0; Win64; x64) AppleWebKit/537.36 (KHTML, like Gecko) Chrome/91.0.4472.124 Safari/537.36 Edg/91.0.864.67"
88.116.10.164 - - [14/Jul/2021:13:40:26 +0200] "GET /css/prototip.css HTTP/1.1" 200 968 "http://renault.activities.at/" "Mozilla/5.0 (Windows NT 10.0; Win64; x64) AppleWebKit/537.36 (KHTML, like Gecko) Chrome/91.0.4472.124 Safari/537.36 Edg/91.0.864.67"
88.116.10.164 - - [14/Jul/2021:13:40:26 +0200] "GET /css/styles.css HTTP/1.1" 200 14664 "http://renault.activities.at/" "Mozilla/5.0 (Windows NT 10.0; Win64; x64) AppleWebKit/537.36 (KHTML, like Gecko) Chrome/91.0.4472.124 Safari/537.36 Edg/91.0.864.67"
88.116.10.164 - - [14/Jul/2021:13:40:26 +0200] "GET /css/themes/default.css HTTP/1.1" 200 769 "http://renault.activities.at/" "Mozilla/5.0 (Windows NT 10.0; Win64; x64) AppleWebKit/537.36 (KHTML, like Gecko) Chrome/91.0.4472.124 Safari/537.36 Edg/91.0.864.67"
88.116.10.164 - - [14/Jul/2021:13:40:26 +0200] "GET /css/themes/alphacube.css HTTP/1.1" 200 743 "http://renault.activities.at/" "Mozilla/5.0 (Windows NT 10.0; Win64; x64) AppleWebKit/537.36 (KHTML, like Gecko) Chrome/91.0.4472.124 Safari/537.36 Edg/91.0.864.67"
88.116.10.164 - - [14/Jul/2021:13:40:26 +0200] "GET /js/flashdetection.js HTTP/1.1" 200 1059 "http://renault.activities.at/" "Mozilla/5.0 (Windows NT 10.0; Win64; x64) AppleWebKit/537.36 (KHTML, like Gecko) Chrome/91.0.4472.124 Safari/537.36 Edg/91.0.864.67"
88.116.10.164 - - [14/Jul/2021:13:40:26 +0200] "GET /js/index.php?c=auto&f=,prototype/prototype.js,prototype/validation.js,scriptaculous/builder.js,scriptaculous/effects.js,scriptaculous/dragdrop.js,scriptaculous/controls.js,scriptaculous/slider.js,varien/js.js,varien/form.js,varien/menu.js,mage/translate.js,mage/cookies.js,varien/product.js,spinner/SpinnerControl.jsmin.js,prototype/window.js,prototype/window_ext.js HTTP/1.1" 200 94182 "http://renault.activities.at/" "Mozilla/5.0 (Windows NT 10.0; Win64; x64) AppleWebKit/537.36 (KHTML, like Gecko) Chrome/91.0.4472.124 Safari/537.36 Edg/91.0.864.67"
88.116.10.164 - - [14/Jul/2021:13:40:26 +0200] "GET /images/main_block_border.gif HTTP/1.1" 200 43 "http://renault.activities.at/css/styles.css" "Mozilla/5.0 (Windows NT 10.0; Win64; x64) AppleWebKit/537.36 (KHTML, like Gecko) Chrome/91.0.4472.124 Safari/537.36 Edg/91.0.864.67"
88.116.10.164 - - [14/Jul/2021:13:40:26 +0200] "GET /images/main_block_corner_left_bot.gif HTTP/1.1" 200 159 "http://renault.activities.at/css/styles.css" "Mozilla/5.0 (Windows NT 10.0; Win64; x64) AppleWebKit/537.36 (KHTML, like Gecko) Chrome/91.0.4472.124 Safari/537.36 Edg/91.0.864.67"
88.116.10.164 - - [14/Jul/2021:13:40:26 +0200] "GET /images/main_block_corner_right_bot.gif HTTP/1.1" 200 158 "http://renault.activities.at/css/styles.css" "Mozilla/5.0 (Windows NT 10.0; Win64; x64) AppleWebKit/537.36 (KHTML, like Gecko) Chrome/91.0.4472.124 Safari/537.36 Edg/91.0.864.67"
88.116.10.164 - - [14/Jul/2021:13:40:26 +0200] "GET /images/header_block_border.gif HTTP/1.1" 200 43 "http://renault.activities.at/css/styles.css" "Mozilla/5.0 (Windows NT 10.0; Win64; x64) AppleWebKit/537.36 (KHTML, like Gecko) Chrome/91.0.4472.124 Safari/537.36 Edg/91.0.864.67"
88.116.10.164 - - [14/Jul/2021:13:40:26 +0200] "GET /css/print.css HTTP/1.1" 200 543 "http://renault.activities.at/" "Mozilla/5.0 (Windows NT 10.0; Win64; x64) AppleWebKit/537.36 (KHTML, like Gecko) Chrome/91.0.4472.124 Safari/537.36 Edg/91.0.864.67"
88.116.10.164 - - [14/Jul/2021:13:40:26 +0200] "GET /images/header_block_corner_left_top.gif HTTP/1.1" 200 160 "http://renault.activities.at/css/styles.css" "Mozilla/5.0 (Windows NT 10.0; Win64; x64) AppleWebKit/537.36 (KHTML, like Gecko) Chrome/91.0.4472.124 Safari/537.36 Edg/91.0.864.67"
88.116.10.164 - - [14/Jul/2021:13:40:26 +0200] "GET /images/header_block_corner_right_top.gif HTTP/1.1" 200 160 "http://renault.activities.at/css/styles.css" "Mozilla/5.0 (Windows NT 10.0; Win64; x64) AppleWebKit/537.36 (KHTML, like Gecko) Chrome/91.0.4472.124 Safari/537.36 Edg/91.0.864.67"
88.116.10.164 - - [14/Jul/2021:13:40:26 +0200] "GET /images/main_block_corner_left_top.gif HTTP/1.1" 200 159 "http://renault.activities.at/css/styles.css" "Mozilla/5.0 (Windows NT 10.0; Win64; x64) AppleWebKit/537.36 (KHTML, like Gecko) Chrome/91.0.4472.124 Safari/537.36 Edg/91.0.864.67"
88.116.10.164 - - [14/Jul/2021:13:40:26 +0200] "GET /images/main_block_corner_right_top.gif HTTP/1.1" 200 159 "http://renault.activities.at/css/styles.css" "Mozilla/5.0 (Windows NT 10.0; Win64; x64) AppleWebKit/537.36 (KHTML, like Gecko) Chrome/91.0.4472.124 Safari/537.36 Edg/91.0.864.67"
88.116.10.164 - - [14/Jul/2021:13:40:26 +0200] "GET /images/title_border.jpg HTTP/1.1" 200 304 "http://renault.activities.at/css/styles.css" "Mozilla/5.0 (Windows NT 10.0; Win64; x64) AppleWebKit/537.36 (KHTML, like Gecko) Chrome/91.0.4472.124 Safari/537.36 Edg/91.0.864.67"
88.116.10.164 - - [14/Jul/2021:13:40:26 +0200] "GET /images/title_border_top.jpg HTTP/1.1" 200 336 "http://renault.activities.at/css/styles.css" "Mozilla/5.0 (Windows NT 10.0; Win64; x64) AppleWebKit/537.36 (KHTML, like Gecko) Chrome/91.0.4472.124 Safari/537.36 Edg/91.0.864.67"
88.116.10.164 - - [14/Jul/2021:13:40:26 +0200] "GET /images/title_corner_left_top.jpg HTTP/1.1" 200 372 "http://renault.activities.at/css/styles.css" "Mozilla/5.0 (Windows NT 10.0; Win64; x64) AppleWebKit/537.36 (KHTML, like Gecko) Chrome/91.0.4472.124 Safari/537.36 Edg/91.0.864.67"
88.116.10.164 - - [14/Jul/2021:13:40:26 +0200] "GET /images/title_corner_right_top.jpg HTTP/1.1" 200 389 "http://renault.activities.at/css/styles.css" "Mozilla/5.0 (Windows NT 10.0; Win64; x64) AppleWebKit/537.36 (KHTML, like Gecko) Chrome/91.0.4472.124 Safari/537.36 Edg/91.0.864.67"
88.116.10.164 - - [14/Jul/2021:13:40:26 +0200] "GET /loadthumbnail.php?id=11127982 HTTP/1.1" 200 399614 "http://renault.activities.at/" "Mozilla/5.0 (Windows NT 10.0; Win64; x64) AppleWebKit/537.36 (KHTML, like Gecko) Chrome/91.0.4472.124 Safari/537.36 Edg/91.0.864.67"
88.116.10.164 - - [14/Jul/2021:13:40:27 +0200] "GET /images/favicon.ico HTTP/1.1" 404 305 "http://renault.activities.at/" "Mozilla/5.0 (Windows NT 10.0; Win64; x64) AppleWebKit/537.36 (KHTML, like Gecko) Chrome/91.0.4472.124 Safari/537.36 Edg/91.0.864.67"
88.116.10.164 - - [14/Jul/2021:13:40:28 +0200] "GET /login HTTP/1.1" 200 2085 "http://renault.activities.at/" "Mozilla/5.0 (Windows NT 10.0; Win64; x64) AppleWebKit/537.36 (KHTML, like Gecko) Chrome/91.0.4472.124 Safari/537.36 Edg/91.0.864.67"
88.116.10.164 - - [14/Jul/2021:13:40:28 +0200] "GET /images/button_left_bg.gif HTTP/1.1" 200 564 "http://renault.activities.at/css/styles.css" "Mozilla/5.0 (Windows NT 10.0; Win64; x64) AppleWebKit/537.36 (KHTML, like Gecko) Chrome/91.0.4472.124 Safari/537.36 Edg/91.0.864.67"
88.116.10.164 - - [14/Jul/2021:13:40:28 +0200] "GET /images/button_right_bg.gif HTTP/1.1" 200 561 "http://renault.activities.at/css/styles.css" "Mozilla/5.0 (Windows NT 10.0; Win64; x64) AppleWebKit/537.36 (KHTML, like Gecko) Chrome/91.0.4472.124 Safari/537.36 Edg/91.0.864.67"
88.116.10.164 - - [14/Jul/2021:13:40:28 +0200] "GET /images/button_bg.gif HTTP/1.1" 200 151 "http://renault.activities.at/css/styles.css" "Mozilla/5.0 (Windows NT 10.0; Win64; x64) AppleWebKit/537.36 (KHTML, like Gecko) Chrome/91.0.4472.124 Safari/537.36 Edg/91.0.864.67"
88.116.10.164 - - [14/Jul/2021:13:40:34 +0200] "POST /login HTTP/1.1" 302 140 "http://renault.activities.at/login" "Mozilla/5.0 (Windows NT 10.0; Win64; x64) AppleWebKit/537.36 (KHTML, like Gecko) Chrome/91.0.4472.124 Safari/537.36 Edg/91.0.864.67"
88.116.10.164 - - [14/Jul/2021:13:40:37 +0200] "GET /account HTTP/1.1" 200 5939 "http://renault.activities.at/login" "Mozilla/5.0 (Windows NT 10.0; Win64; x64) AppleWebKit/537.36 (KHTML, like Gecko) Chrome/91.0.4472.124 Safari/537.36 Edg/91.0.864.67"
88.116.10.164 - - [14/Jul/2021:13:40:41 +0200] "GET /js/account.js HTTP/1.1" 200 953 "http://renault.activities.at/account" "Mozilla/5.0 (Windows NT 10.0; Win64; x64) AppleWebKit/537.36 (KHTML, like Gecko) Chrome/91.0.4472.124 Safari/537.36 Edg/91.0.864.67"
88.116.10.164 - - [14/Jul/2021:13:40:41 +0200] "GET /images/top_links_divider.gif HTTP/1.1" 200 44 "http://renault.activities.at/css/styles.css" "Mozilla/5.0 (Windows NT 10.0; Win64; x64) AppleWebKit/537.36 (KHTML, like Gecko) Chrome/91.0.4472.124 Safari/537.36 Edg/91.0.864.67"
88.116.10.164 - - [14/Jul/2021:13:40:41 +0200] "GET /images/menu_button_bg.jpg HTTP/1.1" 200 322 "http://renault.activities.at/css/styles.css" "Mozilla/5.0 (Windows NT 10.0; Win64; x64) AppleWebKit/537.36 (KHTML, like Gecko) Chrome/91.0.4472.124 Safari/537.36 Edg/91.0.864.67"
88.116.10.164 - - [14/Jul/2021:13:40:41 +0200] "GET /images/nav_divider.gif HTTP/1.1" 200 43 "http://renault.activities.at/css/styles.css" "Mozilla/5.0 (Windows NT 10.0; Win64; x64) AppleWebKit/537.36 (KHTML, like Gecko) Chrome/91.0.4472.124 Safari/537.36 Edg/91.0.864.67"
88.116.10.164 - - [14/Jul/2021:13:40:41 +0200] "GET /images/menu_divider.gif HTTP/1.1" 200 176 "http://renault.activities.at/css/styles.css" "Mozilla/5.0 (Windows NT 10.0; Win64; x64) AppleWebKit/537.36 (KHTML, like Gecko) Chrome/91.0.4472.124 Safari/537.36 Edg/91.0.864.67"
88.116.10.164 - - [14/Jul/2021:13:40:41 +0200] "GET /images/search_bg.gif HTTP/1.1" 200 1726 "http://renault.activities.at/css/styles.css" "Mozilla/5.0 (Windows NT 10.0; Win64; x64) AppleWebKit/537.36 (KHTML, like Gecko) Chrome/91.0.4472.124 Safari/537.36 Edg/91.0.864.67"
88.116.10.164 - - [14/Jul/2021:13:40:41 +0200] "GET /images/sidebar_title_border.gif HTTP/1.1" 200 43 "http://renault.activities.at/css/styles.css" "Mozilla/5.0 (Windows NT 10.0; Win64; x64) AppleWebKit/537.36 (KHTML, like Gecko) Chrome/91.0.4472.124 Safari/537.36 Edg/91.0.864.67"
88.116.10.164 - - [14/Jul/2021:13:40:41 +0200] "GET /images/sidebar_title_border_top.gif HTTP/1.1" 200 155 "http://renault.activities.at/css/styles.css" "Mozilla/5.0 (Windows NT 10.0; Win64; x64) AppleWebKit/537.36 (KHTML, like Gecko) Chrome/91.0.4472.124 Safari/537.36 Edg/91.0.864.67"
88.116.10.164 - - [14/Jul/2021:13:40:41 +0200] "GET /images/sidebar_title_corner_left_top.gif HTTP/1.1" 200 1124 "http://renault.activities.at/css/styles.css" "Mozilla/5.0 (Windows NT 10.0; Win64; x64) AppleWebKit/537.36 (KHTML, like Gecko) Chrome/91.0.4472.124 Safari/537.36 Edg/91.0.864.67"
88.116.10.164 - - [14/Jul/2021:13:40:41 +0200] "GET /images/sidebar_title_corner_right_top.gif HTTP/1.1" 200 383 "http://renault.activities.at/css/styles.css" "Mozilla/5.0 (Windows NT 10.0; Win64; x64) AppleWebKit/537.36 (KHTML, like Gecko) Chrome/91.0.4472.124 Safari/537.36 Edg/91.0.864.67"
88.116.10.164 - - [14/Jul/2021:13:40:41 +0200] "GET /images/footer_divider.gif HTTP/1.1" 200 44 "http://renault.activities.at/css/styles.css" "Mozilla/5.0 (Windows NT 10.0; Win64; x64) AppleWebKit/537.36 (KHTML, like Gecko) Chrome/91.0.4472.124 Safari/537.36 Edg/91.0.864.67"
88.116.10.164 - - [14/Jul/2021:13:40:41 +0200] "GET /loadthumbnail.php?id=12414625&width=50&height=50 HTTP/1.1" 200 1303 "http://renault.activities.at/account" "Mozilla/5.0 (Windows NT 10.0; Win64; x64) AppleWebKit/537.36 (KHTML, like Gecko) Chrome/91.0.4472.124 Safari/537.36 Edg/91.0.864.67"
88.116.10.164 - - [14/Jul/2021:13:40:59 +0200] "GET /result?searchterm=true&search=kangoo HTTP/1.1" 200 8454 "http://renault.activities.at/account" "Mozilla/5.0 (Windows NT 10.0; Win64; x64) AppleWebKit/537.36 (KHTML, like Gecko) Chrome/91.0.4472.124 Safari/537.36 Edg/91.0.864.67"
88.116.10.164 - - [14/Jul/2021:13:41:02 +0200] "GET /js/prototip.js HTTP/1.1" 200 4588 "http://renault.activities.at/result?searchterm=true&search=kangoo" "Mozilla/5.0 (Windows NT 10.0; Win64; x64) AppleWebKit/537.36 (KHTML, like Gecko) Chrome/91.0.4472.124 Safari/537.36 Edg/91.0.864.67"
88.116.10.164 - - [14/Jul/2021:13:41:02 +0200] "GET /js/ProduktGrp.js HTTP/1.1" 200 1569 "http://renault.activities.at/result?searchterm=true&search=kangoo" "Mozilla/5.0 (Windows NT 10.0; Win64; x64) AppleWebKit/537.36 (KHTML, like Gecko) Chrome/91.0.4472.124 Safari/537.36 Edg/91.0.864.67"
88.116.10.164 - - [14/Jul/2021:13:41:03 +0200] "GET /images/loading.gif HTTP/1.1" 200 3208 "http://renault.activities.at/result?searchterm=true&search=kangoo" "Mozilla/5.0 (Windows NT 10.0; Win64; x64) AppleWebKit/537.36 (KHTML, like Gecko) Chrome/91.0.4472.124 Safari/537.36 Edg/91.0.864.67"
88.116.10.164 - - [14/Jul/2021:13:41:03 +0200] "GET /loadthumbnail.php?id=10203276 HTTP/1.1" 200 75 "http://renault.activities.at/result?searchterm=true&search=kangoo" "Mozilla/5.0 (Windows NT 10.0; Win64; x64) AppleWebKit/537.36 (KHTML, like Gecko) Chrome/91.0.4472.124 Safari/537.36 Edg/91.0.864.67"
88.116.10.164 - - [14/Jul/2021:13:41:03 +0200] "GET /loadthumbnail.php?id=11181187&width=113 HTTP/1.1" 200 1532 "http://renault.activities.at/result?searchterm=true&search=kangoo" "Mozilla/5.0 (Windows NT 10.0; Win64; x64) AppleWebKit/537.36 (KHTML, like Gecko) Chrome/91.0.4472.124 Safari/537.36 Edg/91.0.864.67"
88.116.10.164 - - [14/Jul/2021:13:41:03 +0200] "GET /loadthumbnail.php?id=11564187&width=113 HTTP/1.1" 200 22491 "http://renault.activities.at/result?searchterm=true&search=kangoo" "Mozilla/5.0 (Windows NT 10.0; Win64; x64) AppleWebKit/537.36 (KHTML, like Gecko) Chrome/91.0.4472.124 Safari/537.36 Edg/91.0.864.67"
88.116.10.164 - - [14/Jul/2021:13:41:03 +0200] "GET /loadthumbnail.php?id=10203255 HTTP/1.1" 200 137 "http://renault.activities.at/result?searchterm=true&search=kangoo" "Mozilla/5.0 (Windows NT 10.0; Win64; x64) AppleWebKit/537.36 (KHTML, like Gecko) Chrome/91.0.4472.124 Safari/537.36 Edg/91.0.864.67"
88.116.10.164 - - [14/Jul/2021:13:41:03 +0200] "GET /loadthumbnail.php?id=11181185&width=113 HTTP/1.1" 200 1532 "http://renault.activities.at/result?searchterm=true&search=kangoo" "Mozilla/5.0 (Windows NT 10.0; Win64; x64) AppleWebKit/537.36 (KHTML, like Gecko) Chrome/91.0.4472.124 Safari/537.36 Edg/91.0.864.67"
88.116.10.164 - - [14/Jul/2021:13:41:03 +0200] "GET /loadthumbnail.php?id=12428351&width=113 HTTP/1.1" 200 5484 "http://renault.activities.at/result?searchterm=true&search=kangoo" "Mozilla/5.0 (Windows NT 10.0; Win64; x64) AppleWebKit/537.36 (KHTML, like Gecko) Chrome/91.0.4472.124 Safari/537.36 Edg/91.0.864.67"
88.116.10.164 - - [14/Jul/2021:13:41:03 +0200] "GET /images/pager_bg.gif HTTP/1.1" 200 150 "http://renault.activities.at/css/styles.css" "Mozilla/5.0 (Windows NT 10.0; Win64; x64) AppleWebKit/537.36 (KHTML, like Gecko) Chrome/91.0.4472.124 Safari/537.36 Edg/91.0.864.67"
88.116.10.164 - - [14/Jul/2021:13:41:03 +0200] "GET /images/vista-up.gif HTTP/1.1" 200 131 "http://renault.activities.at/css/styles.css" "Mozilla/5.0 (Windows NT 10.0; Win64; x64) AppleWebKit/537.36 (KHTML, like Gecko) Chrome/91.0.4472.124 Safari/537.36 Edg/91.0.864.67"
88.116.10.164 - - [14/Jul/2021:13:41:03 +0200] "GET /images/vista-dn.gif HTTP/1.1" 200 128 "http://renault.activities.at/css/styles.css" "Mozilla/5.0 (Windows NT 10.0; Win64; x64) AppleWebKit/537.36 (KHTML, like Gecko) Chrome/91.0.4472.124 Safari/537.36 Edg/91.0.864.67"
88.116.10.164 - - [14/Jul/2021:13:41:03 +0200] "GET /loadthumbnail.php?id=11181180&width=113 HTTP/1.1" 200 1834 "http://renault.activities.at/result?searchterm=true&search=kangoo" "Mozilla/5.0 (Windows NT 10.0; Win64; x64) AppleWebKit/537.36 (KHTML, like Gecko) Chrome/91.0.4472.124 Safari/537.36 Edg/91.0.864.67"
88.116.10.164 - - [14/Jul/2021:13:41:03 +0200] "GET /loadthumbnail.php?id=11186469&width=113 HTTP/1.1" 200 1278 "http://renault.activities.at/result?searchterm=true&search=kangoo" "Mozilla/5.0 (Windows NT 10.0; Win64; x64) AppleWebKit/537.36 (KHTML, like Gecko) Chrome/91.0.4472.124 Safari/537.36 Edg/91.0.864.67"
88.116.10.164 - - [14/Jul/2021:13:41:03 +0200] "GET /loadthumbnail.php?id=11194717&width=113 HTTP/1.1" 200 1278 "http://renault.activities.at/result?searchterm=true&search=kangoo" "Mozilla/5.0 (Windows NT 10.0; Win64; x64) AppleWebKit/537.36 (KHTML, like Gecko) Chrome/91.0.4472.124 Safari/537.36 Edg/91.0.864.67"
88.116.10.164 - - [14/Jul/2021:13:41:03 +0200] "GET /loadthumbnail.php?id=11186457&width=113 HTTP/1.1" 200 1278 "http://renault.activities.at/result?searchterm=true&search=kangoo" "Mozilla/5.0 (Windows NT 10.0; Win64; x64) AppleWebKit/537.36 (KHTML, like Gecko) Chrome/91.0.4472.124 Safari/537.36 Edg/91.0.864.67"
88.116.10.164 - - [14/Jul/2021:13:41:03 +0200] "GET /loadthumbnail.php?id=11181168&width=113 HTTP/1.1" 200 847 "http://renault.activities.at/result?searchterm=true&search=kangoo" "Mozilla/5.0 (Windows NT 10.0; Win64; x64) AppleWebKit/537.36 (KHTML, like Gecko) Chrome/91.0.4472.124 Safari/537.36 Edg/91.0.864.67"
88.116.10.164 - - [14/Jul/2021:13:41:03 +0200] "GET /loadthumbnail.php?id=11181178&width=113 HTTP/1.1" 200 1834 "http://renault.activities.at/result?searchterm=true&search=kangoo" "Mozilla/5.0 (Windows NT 10.0; Win64; x64) AppleWebKit/537.36 (KHTML, like Gecko) Chrome/91.0.4472.124 Safari/537.36 Edg/91.0.864.67"
88.116.10.164 - - [14/Jul/2021:13:41:03 +0200] "GET /loadthumbnail.php?id=11181166&width=113 HTTP/1.1" 200 847 "http://renault.activities.at/result?searchterm=true&search=kangoo" "Mozilla/5.0 (Windows NT 10.0; Win64; x64) AppleWebKit/537.36 (KHTML, like Gecko) Chrome/91.0.4472.124 Safari/537.36 Edg/91.0.864.67"
88.116.10.164 - - [14/Jul/2021:13:41:03 +0200] "GET /loadthumbnail.php?id=11181172&width=113 HTTP/1.1" 200 1576 "http://renault.activities.at/result?searchterm=true&search=kangoo" "Mozilla/5.0 (Windows NT 10.0; Win64; x64) AppleWebKit/537.36 (KHTML, like Gecko) Chrome/91.0.4472.124 Safari/537.36 Edg/91.0.864.67"
88.116.10.164 - - [14/Jul/2021:13:41:03 +0200] "GET /loadthumbnail.php?id=11181170&width=113 HTTP/1.1" 200 1576 "http://renault.activities.at/result?searchterm=true&search=kangoo" "Mozilla/5.0 (Windows NT 10.0; Win64; x64) AppleWebKit/537.36 (KHTML, like Gecko) Chrome/91.0.4472.124 Safari/537.36 Edg/91.0.864.67"
88.116.10.164 - - [14/Jul/2021:13:41:03 +0200] "GET /loadthumbnail.php?id=12358953&width=113 HTTP/1.1" 200 1965 "http://renault.activities.at/result?searchterm=true&search=kangoo" "Mozilla/5.0 (Windows NT 10.0; Win64; x64) AppleWebKit/537.36 (KHTML, like Gecko) Chrome/91.0.4472.124 Safari/537.36 Edg/91.0.864.67"
88.116.10.164 - - [14/Jul/2021:13:41:03 +0200] "GET /loadthumbnail.php?id=12358954&width=113 HTTP/1.1" 200 1711 "http://renault.activities.at/result?searchterm=true&search=kangoo" "Mozilla/5.0 (Windows NT 10.0; Win64; x64) AppleWebKit/537.36 (KHTML, like Gecko) Chrome/91.0.4472.124 Safari/537.36 Edg/91.0.864.67"
88.116.10.164 - - [14/Jul/2021:13:40:59 +0200] "POST /axjaxrequest?mode=suggest HTTP/1.1" 200 112 "http://renault.activities.at/account" "Mozilla/5.0 (Windows NT 10.0; Win64; x64) AppleWebKit/537.36 (KHTML, like Gecko) Chrome/91.0.4472.124 Safari/537.36 Edg/91.0.864.67"
88.116.10.164 - - [14/Jul/2021:13:41:11 +0200] "GET /css/themes/alphacube/top_mid.gif HTTP/1.1" 200 833 "http://renault.activities.at/css/themes/alphacube.css" "Mozilla/5.0 (Windows NT 10.0; Win64; x64) AppleWebKit/537.36 (KHTML, like Gecko) Chrome/91.0.4472.124 Safari/537.36 Edg/91.0.864.67"
88.116.10.164 - - [14/Jul/2021:13:41:11 +0200] "GET /css/themes/alphacube/bottom_middle.gif HTTP/1.1" 200 44 "http://renault.activities.at/css/themes/alphacube.css" "Mozilla/5.0 (Windows NT 10.0; Win64; x64) AppleWebKit/537.36 (KHTML, like Gecko) Chrome/91.0.4472.124 Safari/537.36 Edg/91.0.864.67"
88.116.10.164 - - [14/Jul/2021:13:41:11 +0200] "GET /css/themes/alphacube/frame_right.gif HTTP/1.1" 200 64 "http://renault.activities.at/css/themes/alphacube.css" "Mozilla/5.0 (Windows NT 10.0; Win64; x64) AppleWebKit/537.36 (KHTML, like Gecko) Chrome/91.0.4472.124 Safari/537.36 Edg/91.0.864.67"
88.116.10.164 - - [14/Jul/2021:13:41:11 +0200] "GET /css/themes/alphacube/frame_left.gif HTTP/1.1" 200 64 "http://renault.activities.at/css/themes/alphacube.css" "Mozilla/5.0 (Windows NT 10.0; Win64; x64) AppleWebKit/537.36 (KHTML, like Gecko) Chrome/91.0.4472.124 Safari/537.36 Edg/91.0.864.67"
88.116.10.164 - - [14/Jul/2021:13:41:11 +0200] "GET /css/themes/alphacube/bottom_right-c.gif HTTP/1.1" 200 62 "http://renault.activities.at/css/themes/alphacube.css" "Mozilla/5.0 (Windows NT 10.0; Win64; x64) AppleWebKit/537.36 (KHTML, like Gecko) Chrome/91.0.4472.124 Safari/537.36 Edg/91.0.864.67"
88.116.10.164 - - [14/Jul/2021:13:41:11 +0200] "GET /css/themes/alphacube/button-close-focus.gif HTTP/1.1" 200 699 "http://renault.activities.at/css/themes/alphacube.css" "Mozilla/5.0 (Windows NT 10.0; Win64; x64) AppleWebKit/537.36 (KHTML, like Gecko) Chrome/91.0.4472.124 Safari/537.36 Edg/91.0.864.67"
88.116.10.164 - - [14/Jul/2021:13:41:11 +0200] "GET /css/themes/alphacube/top_left.gif HTTP/1.1" 200 973 "http://renault.activities.at/css/themes/alphacube.css" "Mozilla/5.0 (Windows NT 10.0; Win64; x64) AppleWebKit/537.36 (KHTML, like Gecko) Chrome/91.0.4472.124 Safari/537.36 Edg/91.0.864.67"
88.116.10.164 - - [14/Jul/2021:13:41:11 +0200] "GET /css/themes/alphacube/top_right.gif HTTP/1.1" 200 972 "http://renault.activities.at/css/themes/alphacube.css" "Mozilla/5.0 (Windows NT 10.0; Win64; x64) AppleWebKit/537.36 (KHTML, like Gecko) Chrome/91.0.4472.124 Safari/537.36 Edg/91.0.864.67"
88.116.10.164 - - [14/Jul/2021:13:41:11 +0200] "GET /css/themes/alphacube/bottom_left-c.gif HTTP/1.1" 200 62 "http://renault.activities.at/css/themes/alphacube.css" "Mozilla/5.0 (Windows NT 10.0; Win64; x64) AppleWebKit/537.36 (KHTML, like Gecko) Chrome/91.0.4472.124 Safari/537.36 Edg/91.0.864.67"
80.120.210.179 - - [14/Jul/2021:13:41:10 +0200] "GET /reload?ser=1626262870553 HTTP/1.1" 200 28 "http://renault.activities.at/success" "Mozilla/5.0 (Windows NT 10.0; Win64; x64) AppleWebKit/537.36 (KHTML, like Gecko) Chrome/91.0.4472.124 Safari/537.36"
88.116.10.164 - - [14/Jul/2021:13:41:11 +0200] "GET /11186400?print=true HTTP/1.1" 200 2748 "http://renault.activities.at/result?searchterm=true&search=kangoo" "Mozilla/5.0 (Windows NT 10.0; Win64; x64) AppleWebKit/537.36 (KHTML, like Gecko) Chrome/91.0.4472.124 Safari/537.36 Edg/91.0.864.67"
88.116.10.164 - - [14/Jul/2021:13:41:12 +0200] "GET /js/magiczoom/magiczoom.css HTTP/1.1" 200 1210 "http://renault.activities.at/11186400?print=true" "Mozilla/5.0 (Windows NT 10.0; Win64; x64) AppleWebKit/537.36 (KHTML, like Gecko) Chrome/91.0.4472.124 Safari/537.36 Edg/91.0.864.67"
88.116.10.164 - - [14/Jul/2021:13:41:12 +0200] "GET /js/Produkt.js HTTP/1.1" 200 852 "http://renault.activities.at/11186400?print=true" "Mozilla/5.0 (Windows NT 10.0; Win64; x64) AppleWebKit/537.36 (KHTML, like Gecko) Chrome/91.0.4472.124 Safari/537.36 Edg/91.0.864.67"
88.116.10.164 - - [14/Jul/2021:13:41:12 +0200] "GET /js/magiczoom/magiczoom.js HTTP/1.1" 200 26397 "http://renault.activities.at/11186400?print=true" "Mozilla/5.0 (Windows NT 10.0; Win64; x64) AppleWebKit/537.36 (KHTML, like Gecko) Chrome/91.0.4472.124 Safari/537.36 Edg/91.0.864.67"
88.116.10.164 - - [14/Jul/2021:13:41:12 +0200] "GET /loadthumbnail.php?id=11186469&width=250 HTTP/1.1" 200 2947 "http://renault.activities.at/11186400?print=true" "Mozilla/5.0 (Windows NT 10.0; Win64; x64) AppleWebKit/537.36 (KHTML, like Gecko) Chrome/91.0.4472.124 Safari/537.36 Edg/91.0.864.67"
88.116.10.164 - - [14/Jul/2021:13:41:12 +0200] "GET /loadthumbnail.php?id=11186469&width=83 HTTP/1.1" 200 1028 "http://renault.activities.at/11186400?print=true" "Mozilla/5.0 (Windows NT 10.0; Win64; x64) AppleWebKit/537.36 (KHTML, like Gecko) Chrome/91.0.4472.124 Safari/537.36 Edg/91.0.864.67"
88.116.10.164 - - [14/Jul/2021:13:41:12 +0200] "GET /loadthumbnail.php?id=11186470&width=83 HTTP/1.1" 200 1587 "http://renault.activities.at/11186400?print=true" "Mozilla/5.0 (Windows NT 10.0; Win64; x64) AppleWebKit/537.36 (KHTML, like Gecko) Chrome/91.0.4472.124 Safari/537.36 Edg/91.0.864.67"
88.116.10.164 - - [14/Jul/2021:13:41:12 +0200] "GET /loadthumbnail.php?id=11186469&width=900&height=900 HTTP/1.1" 200 9742 "http://renault.activities.at/11186400?print=true" "Mozilla/5.0 (Windows NT 10.0; Win64; x64) AppleWebKit/537.36 (KHTML, like Gecko) Chrome/91.0.4472.124 Safari/537.36 Edg/91.0.864.67"
88.116.10.164 - - [14/Jul/2021:13:41:12 +0200] "GET /loadthumbnail.php?id=11186470&width=250 HTTP/1.1" 200 6485 "http://renault.activities.at/11186400?print=true" "Mozilla/5.0 (Windows NT 10.0; Win64; x64) AppleWebKit/537.36 (KHTML, like Gecko) Chrome/91.0.4472.124 Safari/537.36 Edg/91.0.864.67"
88.116.10.164 - - [14/Jul/2021:13:41:13 +0200] "GET /js/magiczoom/graphics/hint.gif HTTP/1.1" 200 73 "http://renault.activities.at/js/magiczoom/magiczoom.css" "Mozilla/5.0 (Windows NT 10.0; Win64; x64) AppleWebKit/537.36 (KHTML, like Gecko) Chrome/91.0.4472.124 Safari/537.36 Edg/91.0.864.67"
88.116.10.164 - - [14/Jul/2021:13:41:13 +0200] "GET /js/magiczoom/graphics/zoomin.cur HTTP/1.1" 200 326 "http://renault.activities.at/js/magiczoom/magiczoom.css" "Mozilla/5.0 (Windows NT 10.0; Win64; x64) AppleWebKit/537.36 (KHTML, like Gecko) Chrome/91.0.4472.124 Safari/537.36 Edg/91.0.864.67"
80.122.222.62 - - [14/Jul/2021:13:41:23 +0200] "GET /reload?ser=1626262883618 HTTP/1.1" 200 28 "http://renault.activities.at/10201442?cat=10260249" "Mozilla/5.0 (Windows NT 10.0; Win64; x64) AppleWebKit/537.36 (KHTML, like Gecko) Chrome/91.0.4472.124 Safari/537.36 Edg/91.0.864.67"
88.116.10.164 - - [14/Jul/2021:13:42:03 +0200] "GET /reload?ser=1626262923768 HTTP/1.1" 200 28 "http://renault.activities.at/result?searchterm=true&search=kangoo" "Mozilla/5.0 (Windows NT 10.0; Win64; x64) AppleWebKit/537.36 (KHTML, like Gecko) Chrome/91.0.4472.124 Safari/537.36 Edg/91.0.864.67"
80.120.210.179 - - [14/Jul/2021:13:42:11 +0200] "GET /reload?ser=1626262931552 HTTP/1.1" 200 28 "http://renault.activities.at/success" "Mozilla/5.0 (Windows NT 10.0; Win64; x64) AppleWebKit/537.36 (KHTML, like Gecko) Chrome/91.0.4472.124 Safari/537.36"
80.122.222.62 - - [14/Jul/2021:13:42:24 +0200] "GET /reload?ser=1626262944619 HTTP/1.1" 200 28 "http://renault.activities.at/10201442?cat=10260249" "Mozilla/5.0 (Windows NT 10.0; Win64; x64) AppleWebKit/537.36 (KHTML, like Gecko) Chrome/91.0.4472.124 Safari/537.36 Edg/91.0.864.67"
80.120.210.179 - - [14/Jul/2021:13:43:12 +0200] "GET /reload?ser=1626262992551 HTTP/1.1" 200 28 "http://renault.activities.at/success" "Mozilla/5.0 (Windows NT 10.0; Win64; x64) AppleWebKit/537.36 (KHTML, like Gecko) Chrome/91.0.4472.124 Safari/537.36"
80.122.222.62 - - [14/Jul/2021:13:43:25 +0200] "GET /reload?ser=1626263005621 HTTP/1.1" 200 28 "http://renault.activities.at/10201442?cat=10260249" "Mozilla/5.0 (Windows NT 10.0; Win64; x64) AppleWebKit/537.36 (KHTML, like Gecko) Chrome/91.0.4472.124 Safari/537.36 Edg/91.0.864.67"
80.120.5.131 - - [14/Jul/2021:13:43:37 +0200] "GET / HTTP/1.1" 200 3315 "-" "Mozilla/5.0 (Macintosh; Intel Mac OS X 10_15_7) AppleWebKit/605.1.15 (KHTML, like Gecko)"
80.120.5.131 - - [14/Jul/2021:13:43:38 +0200] "GET /apple-touch-icon-precomposed.png HTTP/1.1" 200 1558 "-" "Safari/15611.2.7.1.6 CFNetwork/1128.1 Darwin/19.6.0 (x86_64)"
80.120.5.131 - - [14/Jul/2021:13:43:39 +0200] "GET /apple-touch-icon.png HTTP/1.1" 200 1558 "-" "Safari/15611.2.7.1.6 CFNetwork/1128.1 Darwin/19.6.0 (x86_64)"
80.120.5.131 - - [14/Jul/2021:13:43:40 +0200] "GET /images/favicon.ico HTTP/1.1" 404 305 "-" "Safari/15611.2.7.1.6 CFNetwork/1128.1 Darwin/19.6.0 (x86_64)"
80.120.5.131 - - [14/Jul/2021:13:43:40 +0200] "GET /images/favicon.ico HTTP/1.1" 404 305 "-" "Safari/15611.2.7.1.6 CFNetwork/1128.1 Darwin/19.6.0 (x86_64)"
80.120.5.131 - - [14/Jul/2021:13:43:40 +0200] "GET /favicon.ico HTTP/1.1" 200 3250 "-" "Safari/15611.2.7.1.6 CFNetwork/1128.1 Darwin/19.6.0 (x86_64)"
80.120.5.131 - - [14/Jul/2021:13:43:40 +0200] "GET /apple-touch-icon-precomposed.png HTTP/1.1" 200 1558 "-" "Safari/15611.2.7.1.6 CFNetwork/1128.1 Darwin/19.6.0 (x86_64)"
80.120.5.131 - - [14/Jul/2021:13:43:41 +0200] "GET /apple-touch-icon.png HTTP/1.1" 200 1558 "-" "Safari/15611.2.7.1.6 CFNetwork/1128.1 Darwin/19.6.0 (x86_64)"
80.120.5.131 - - [14/Jul/2021:13:43:42 +0200] "GET /images/favicon.ico HTTP/1.1" 404 305 "-" "Safari/15611.2.7.1.6 CFNetwork/1128.1 Darwin/19.6.0 (x86_64)"
80.120.5.131 - - [14/Jul/2021:13:43:42 +0200] "GET /images/favicon.ico HTTP/1.1" 404 305 "-" "Safari/15611.2.7.1.6 CFNetwork/1128.1 Darwin/19.6.0 (x86_64)"
80.120.5.131 - - [14/Jul/2021:13:43:42 +0200] "GET / HTTP/1.1" 200 3315 "-" "Mozilla/5.0 (iPhone; CPU iPhone OS 14_0 like Mac OS X) AppleWebKit/605.1.15 (KHTML, like Gecko) Version/14.0 Mobile/15E148 Safari/604.1"
80.120.210.179 - - [14/Jul/2021:13:44:13 +0200] "GET /reload?ser=1626263053556 HTTP/1.1" 200 28 "http://renault.activities.at/success" "Mozilla/5.0 (Windows NT 10.0; Win64; x64) AppleWebKit/537.36 (KHTML, like Gecko) Chrome/91.0.4472.124 Safari/537.36"
80.122.222.62 - - [14/Jul/2021:13:44:27 +0200] "GET /reload?ser=1626263067616 HTTP/1.1" 200 28 "http://renault.activities.at/10201442?cat=10260249" "Mozilla/5.0 (Windows NT 10.0; Win64; x64) AppleWebKit/537.36 (KHTML, like Gecko) Chrome/91.0.4472.124 Safari/537.36 Edg/91.0.864.67"
80.120.210.179 - - [14/Jul/2021:13:45:14 +0200] "GET /reload?ser=1626263114549 HTTP/1.1" 200 28 "http://renault.activities.at/success" "Mozilla/5.0 (Windows NT 10.0; Win64; x64) AppleWebKit/537.36 (KHTML, like Gecko) Chrome/91.0.4472.124 Safari/537.36"
80.122.222.62 - - [14/Jul/2021:13:45:28 +0200] "GET /reload?ser=1626263128621 HTTP/1.1" 200 28 "http://renault.activities.at/10201442?cat=10260249" "Mozilla/5.0 (Windows NT 10.0; Win64; x64) AppleWebKit/537.36 (KHTML, like Gecko) Chrome/91.0.4472.124 Safari/537.36 Edg/91.0.864.67"
80.120.210.179 - - [14/Jul/2021:13:46:15 +0200] "GET /reload?ser=1626263175548 HTTP/1.1" 200 28 "http://renault.activities.at/success" "Mozilla/5.0 (Windows NT 10.0; Win64; x64) AppleWebKit/537.36 (KHTML, like Gecko) Chrome/91.0.4472.124 Safari/537.36"
80.122.222.62 - - [14/Jul/2021:13:46:29 +0200] "GET /reload?ser=1626263189619 HTTP/1.1" 200 28 "http://renault.activities.at/10201442?cat=10260249" "Mozilla/5.0 (Windows NT 10.0; Win64; x64) AppleWebKit/537.36 (KHTML, like Gecko) Chrome/91.0.4472.124 Safari/537.36 Edg/91.0.864.67"
80.120.210.179 - - [14/Jul/2021:13:47:16 +0200] "GET /reload?ser=1626263236549 HTTP/1.1" 200 28 "http://renault.activities.at/success" "Mozilla/5.0 (Windows NT 10.0; Win64; x64) AppleWebKit/537.36 (KHTML, like Gecko) Chrome/91.0.4472.124 Safari/537.36"
80.122.222.62 - - [14/Jul/2021:13:47:30 +0200] "GET /reload?ser=1626263250624 HTTP/1.1" 200 28 "http://renault.activities.at/10201442?cat=10260249" "Mozilla/5.0 (Windows NT 10.0; Win64; x64) AppleWebKit/537.36 (KHTML, like Gecko) Chrome/91.0.4472.124 Safari/537.36 Edg/91.0.864.67"
80.120.210.179 - - [14/Jul/2021:13:48:17 +0200] "GET /reload?ser=1626263297547 HTTP/1.1" 200 28 "http://renault.activities.at/success" "Mozilla/5.0 (Windows NT 10.0; Win64; x64) AppleWebKit/537.36 (KHTML, like Gecko) Chrome/91.0.4472.124 Safari/537.36"
80.122.222.62 - - [14/Jul/2021:13:48:31 +0200] "GET /reload?ser=1626263311625 HTTP/1.1" 200 28 "http://renault.activities.at/10201442?cat=10260249" "Mozilla/5.0 (Windows NT 10.0; Win64; x64) AppleWebKit/537.36 (KHTML, like Gecko) Chrome/91.0.4472.124 Safari/537.36 Edg/91.0.864.67"
80.120.210.179 - - [14/Jul/2021:13:49:18 +0200] "GET /reload?ser=1626263358546 HTTP/1.1" 200 28 "http://renault.activities.at/success" "Mozilla/5.0 (Windows NT 10.0; Win64; x64) AppleWebKit/537.36 (KHTML, like Gecko) Chrome/91.0.4472.124 Safari/537.36"
80.122.222.62 - - [14/Jul/2021:13:49:32 +0200] "GET /reload?ser=1626263372630 HTTP/1.1" 200 28 "http://renault.activities.at/10201442?cat=10260249" "Mozilla/5.0 (Windows NT 10.0; Win64; x64) AppleWebKit/537.36 (KHTML, like Gecko) Chrome/91.0.4472.124 Safari/537.36 Edg/91.0.864.67"
80.120.5.131 - - [14/Jul/2021:13:49:43 +0200] "GET / HTTP/1.1" 200 3315 "-" "Mozilla/5.0 (Macintosh; Intel Mac OS X 10_15_7) AppleWebKit/605.1.15 (KHTML, like Gecko)"
80.120.5.131 - - [14/Jul/2021:13:49:45 +0200] "GET /apple-touch-icon-precomposed.png HTTP/1.1" 200 1558 "-" "Safari/15611.2.7.1.6 CFNetwork/1128.1 Darwin/19.6.0 (x86_64)"
80.120.5.131 - - [14/Jul/2021:13:49:46 +0200] "GET /apple-touch-icon.png HTTP/1.1" 200 1558 "-" "Safari/15611.2.7.1.6 CFNetwork/1128.1 Darwin/19.6.0 (x86_64)"
80.120.5.131 - - [14/Jul/2021:13:49:47 +0200] "GET /images/favicon.ico HTTP/1.1" 404 305 "-" "Safari/15611.2.7.1.6 CFNetwork/1128.1 Darwin/19.6.0 (x86_64)"
80.120.5.131 - - [14/Jul/2021:13:49:47 +0200] "GET /images/favicon.ico HTTP/1.1" 404 305 "-" "Safari/15611.2.7.1.6 CFNetwork/1128.1 Darwin/19.6.0 (x86_64)"
80.120.5.131 - - [14/Jul/2021:13:49:47 +0200] "GET /apple-touch-icon-precomposed.png HTTP/1.1" 200 1558 "-" "Safari/15611.2.7.1.6 CFNetwork/1128.1 Darwin/19.6.0 (x86_64)"
80.120.5.131 - - [14/Jul/2021:13:49:48 +0200] "GET /apple-touch-icon.png HTTP/1.1" 200 1558 "-" "Safari/15611.2.7.1.6 CFNetwork/1128.1 Darwin/19.6.0 (x86_64)"
80.120.5.131 - - [14/Jul/2021:13:49:49 +0200] "GET /images/favicon.ico HTTP/1.1" 404 305 "-" "Safari/15611.2.7.1.6 CFNetwork/1128.1 Darwin/19.6.0 (x86_64)"
80.120.5.131 - - [14/Jul/2021:13:49:49 +0200] "GET /images/favicon.ico HTTP/1.1" 404 305 "-" "Safari/15611.2.7.1.6 CFNetwork/1128.1 Darwin/19.6.0 (x86_64)"
80.120.5.131 - - [14/Jul/2021:13:49:49 +0200] "GET / HTTP/1.1" 200 3315 "-" "Mozilla/5.0 (iPhone; CPU iPhone OS 14_0 like Mac OS X) AppleWebKit/605.1.15 (KHTML, like Gecko) Version/14.0 Mobile/15E148 Safari/604.1"
80.120.5.131 - - [14/Jul/2021:13:49:50 +0200] "GET /apple-touch-icon-precomposed.png HTTP/1.1" 200 1558 "-" "Safari/15611.2.7.1.6 CFNetwork/1128.1 Darwin/19.6.0 (x86_64)"
80.120.5.131 - - [14/Jul/2021:13:49:51 +0200] "GET /apple-touch-icon.png HTTP/1.1" 200 1558 "-" "Safari/15611.2.7.1.6 CFNetwork/1128.1 Darwin/19.6.0 (x86_64)"
80.120.5.131 - - [14/Jul/2021:13:49:52 +0200] "GET /images/favicon.ico HTTP/1.1" 404 305 "-" "Safari/15611.2.7.1.6 CFNetwork/1128.1 Darwin/19.6.0 (x86_64)"
80.120.5.131 - - [14/Jul/2021:13:49:52 +0200] "GET /images/favicon.ico HTTP/1.1" 404 305 "-" "Safari/15611.2.7.1.6 CFNetwork/1128.1 Darwin/19.6.0 (x86_64)"
80.120.5.131 - - [14/Jul/2021:13:49:52 +0200] "GET /apple-touch-icon-precomposed.png HTTP/1.1" 200 1558 "-" "Safari/15611.2.7.1.6 CFNetwork/1128.1 Darwin/19.6.0 (x86_64)"
80.120.5.131 - - [14/Jul/2021:13:49:53 +0200] "GET /apple-touch-icon.png HTTP/1.1" 200 1558 "-" "Safari/15611.2.7.1.6 CFNetwork/1128.1 Darwin/19.6.0 (x86_64)"
80.120.5.131 - - [14/Jul/2021:13:49:54 +0200] "GET /images/favicon.ico HTTP/1.1" 404 305 "-" "Safari/15611.2.7.1.6 CFNetwork/1128.1 Darwin/19.6.0 (x86_64)"
80.120.5.131 - - [14/Jul/2021:13:49:54 +0200] "GET /images/favicon.ico HTTP/1.1" 404 305 "-" "Safari/15611.2.7.1.6 CFNetwork/1128.1 Darwin/19.6.0 (x86_64)"
80.120.210.179 - - [14/Jul/2021:13:50:19 +0200] "GET /reload?ser=1626263419550 HTTP/1.1" 200 28 "http://renault.activities.at/success" "Mozilla/5.0 (Windows NT 10.0; Win64; x64) AppleWebKit/537.36 (KHTML, like Gecko) Chrome/91.0.4472.124 Safari/537.36"
80.122.222.62 - - [14/Jul/2021:13:50:33 +0200] "GET /reload?ser=1626263433603 HTTP/1.1" 200 28 "http://renault.activities.at/10201442?cat=10260249" "Mozilla/5.0 (Windows NT 10.0; Win64; x64) AppleWebKit/537.36 (KHTML, like Gecko) Chrome/91.0.4472.124 Safari/537.36 Edg/91.0.864.67"
80.122.222.62 - - [14/Jul/2021:13:50:44 +0200] "GET /cart HTTP/1.1" 200 5344 "http://renault.activities.at/10201442?cat=10260249" "Mozilla/5.0 (Windows NT 10.0; Win64; x64) AppleWebKit/537.36 (KHTML, like Gecko) Chrome/91.0.4472.124 Safari/537.36 Edg/91.0.864.67"
80.122.222.62 - - [14/Jul/2021:13:50:54 +0200] "POST /cart HTTP/1.1" 200 5402 "http://renault.activities.at/cart" "Mozilla/5.0 (Windows NT 10.0; Win64; x64) AppleWebKit/537.36 (KHTML, like Gecko) Chrome/91.0.4472.124 Safari/537.36 Edg/91.0.864.67"
80.122.222.62 - - [14/Jul/2021:13:51:05 +0200] "GET /checkout HTTP/1.1" 200 10243 "http://renault.activities.at/cart" "Mozilla/5.0 (Windows NT 10.0; Win64; x64) AppleWebKit/537.36 (KHTML, like Gecko) Chrome/91.0.4472.124 Safari/537.36 Edg/91.0.864.67"
80.122.222.62 - - [14/Jul/2021:13:51:09 +0200] "GET /js/checkout2.js HTTP/1.1" 200 4122 "http://renault.activities.at/checkout" "Mozilla/5.0 (Windows NT 10.0; Win64; x64) AppleWebKit/537.36 (KHTML, like Gecko) Chrome/91.0.4472.124 Safari/537.36 Edg/91.0.864.67"
80.122.222.62 - - [14/Jul/2021:13:51:09 +0200] "GET /images/ajax_loading.gif HTTP/1.1" 200 1542 "http://renault.activities.at/checkout" "Mozilla/5.0 (Windows NT 10.0; Win64; x64) AppleWebKit/537.36 (KHTML, like Gecko) Chrome/91.0.4472.124 Safari/537.36 Edg/91.0.864.67"
80.122.222.62 - - [14/Jul/2021:13:51:09 +0200] "GET /images/step_bg.jpg HTTP/1.1" 200 319 "http://renault.activities.at/css/styles.css" "Mozilla/5.0 (Windows NT 10.0; Win64; x64) AppleWebKit/537.36 (KHTML, like Gecko) Chrome/91.0.4472.124 Safari/537.36 Edg/91.0.864.67"
80.122.222.62 - - [14/Jul/2021:13:51:09 +0200] "GET /images/step_marker.gif HTTP/1.1" 200 650 "http://renault.activities.at/css/styles.css" "Mozilla/5.0 (Windows NT 10.0; Win64; x64) AppleWebKit/537.36 (KHTML, like Gecko) Chrome/91.0.4472.124 Safari/537.36 Edg/91.0.864.67"
80.122.222.62 - - [14/Jul/2021:13:51:09 +0200] "GET /images/checkout_border_top.gif HTTP/1.1" 200 156 "http://renault.activities.at/css/styles.css" "Mozilla/5.0 (Windows NT 10.0; Win64; x64) AppleWebKit/537.36 (KHTML, like Gecko) Chrome/91.0.4472.124 Safari/537.36 Edg/91.0.864.67"
80.122.222.62 - - [14/Jul/2021:13:51:09 +0200] "GET /images/checkout_border.gif HTTP/1.1" 200 43 "http://renault.activities.at/css/styles.css" "Mozilla/5.0 (Windows NT 10.0; Win64; x64) AppleWebKit/537.36 (KHTML, like Gecko) Chrome/91.0.4472.124 Safari/537.36 Edg/91.0.864.67"
80.122.222.62 - - [14/Jul/2021:13:51:09 +0200] "GET /loadthumbnail.php?id=10201939 HTTP/1.1" 200 201 "http://renault.activities.at/checkout" "Mozilla/5.0 (Windows NT 10.0; Win64; x64) AppleWebKit/537.36 (KHTML, like Gecko) Chrome/91.0.4472.124 Safari/537.36 Edg/91.0.864.67"
80.122.222.62 - - [14/Jul/2021:13:51:09 +0200] "GET /loadthumbnail.php?id=10202698 HTTP/1.1" 200 16686 "http://renault.activities.at/checkout" "Mozilla/5.0 (Windows NT 10.0; Win64; x64) AppleWebKit/537.36 (KHTML, like Gecko) Chrome/91.0.4472.124 Safari/537.36 Edg/91.0.864.67"
80.120.210.179 - - [14/Jul/2021:13:51:20 +0200] "GET /reload?ser=1626263480555 HTTP/1.1" 200 28 "http://renault.activities.at/success" "Mozilla/5.0 (Windows NT 10.0; Win64; x64) AppleWebKit/537.36 (KHTML, like Gecko) Chrome/91.0.4472.124 Safari/537.36"
80.122.222.62 - - [14/Jul/2021:13:52:12 +0200] "POST /docheckout HTTP/1.1" 200 447 "http://renault.activities.at/checkout" "Mozilla/5.0 (Windows NT 10.0; Win64; x64) AppleWebKit/537.36 (KHTML, like Gecko) Chrome/91.0.4472.124 Safari/537.36 Edg/91.0.864.67"
80.122.222.62 - - [14/Jul/2021:13:52:12 +0200] "GET /reload?ser=1626263530099 HTTP/1.1" 200 28 "http://renault.activities.at/checkout" "Mozilla/5.0 (Windows NT 10.0; Win64; x64) AppleWebKit/537.36 (KHTML, like Gecko) Chrome/91.0.4472.124 Safari/537.36 Edg/91.0.864.67"
80.122.222.62 - - [14/Jul/2021:13:52:16 +0200] "POST /docheckout HTTP/1.1" 200 685 "http://renault.activities.at/checkout" "Mozilla/5.0 (Windows NT 10.0; Win64; x64) AppleWebKit/537.36 (KHTML, like Gecko) Chrome/91.0.4472.124 Safari/537.36 Edg/91.0.864.67"
80.122.222.62 - - [14/Jul/2021:13:52:18 +0200] "GET /images/error_msg_icon.gif HTTP/1.1" 200 1013 "http://renault.activities.at/checkout" "Mozilla/5.0 (Windows NT 10.0; Win64; x64) AppleWebKit/537.36 (KHTML, like Gecko) Chrome/91.0.4472.124 Safari/537.36 Edg/91.0.864.67"
80.120.210.179 - - [14/Jul/2021:13:52:21 +0200] "GET /reload?ser=1626263541553 HTTP/1.1" 200 28 "http://renault.activities.at/success" "Mozilla/5.0 (Windows NT 10.0; Win64; x64) AppleWebKit/537.36 (KHTML, like Gecko) Chrome/91.0.4472.124 Safari/537.36"
80.122.222.62 - - [14/Jul/2021:13:52:30 +0200] "POST /docheckout HTTP/1.1" 200 68 "http://renault.activities.at/checkout" "Mozilla/5.0 (Windows NT 10.0; Win64; x64) AppleWebKit/537.36 (KHTML, like Gecko) Chrome/91.0.4472.124 Safari/537.36 Edg/91.0.864.67"
80.122.222.62 - - [14/Jul/2021:13:52:33 +0200] "GET /success HTTP/1.1" 200 3781 "http://renault.activities.at/checkout" "Mozilla/5.0 (Windows NT 10.0; Win64; x64) AppleWebKit/537.36 (KHTML, like Gecko) Chrome/91.0.4472.124 Safari/537.36 Edg/91.0.864.67"
80.120.210.179 - - [14/Jul/2021:13:53:22 +0200] "GET /reload?ser=1626263602551 HTTP/1.1" 200 28 "http://renault.activities.at/success" "Mozilla/5.0 (Windows NT 10.0; Win64; x64) AppleWebKit/537.36 (KHTML, like Gecko) Chrome/91.0.4472.124 Safari/537.36"
80.120.210.179 - - [14/Jul/2021:13:54:23 +0200] "GET /reload?ser=1626263663551 HTTP/1.1" 200 28 "http://renault.activities.at/success" "Mozilla/5.0 (Windows NT 10.0; Win64; x64) AppleWebKit/537.36 (KHTML, like Gecko) Chrome/91.0.4472.124 Safari/537.36"
