80.120.5.131 - - [22/Jul/2021:09:46:28 +0200] "GET /images/main_block_corner_right_bot.gif HTTP/1.1" 200 158 "http://renault.activities.at/css/styles.css" "Mozilla/5.0 (Windows NT 10.0; Win64; x64) AppleWebKit/537.36 (KHTML, like Gecko) Chrome/91.0.4472.164 Safari/537.36"
80.120.5.131 - - [22/Jul/2021:09:46:28 +0200] "GET /images/header_block_border.gif HTTP/1.1" 200 43 "http://renault.activities.at/css/styles.css" "Mozilla/5.0 (Windows NT 10.0; Win64; x64) AppleWebKit/537.36 (KHTML, like Gecko) Chrome/91.0.4472.164 Safari/537.36"
80.120.5.131 - - [22/Jul/2021:09:46:28 +0200] "GET /images/header_block_corner_left_top.gif HTTP/1.1" 200 160 "http://renault.activities.at/css/styles.css" "Mozilla/5.0 (Windows NT 10.0; Win64; x64) AppleWebKit/537.36 (KHTML, like Gecko) Chrome/91.0.4472.164 Safari/537.36"
80.120.5.131 - - [22/Jul/2021:09:46:28 +0200] "GET /images/header_block_corner_right_top.gif HTTP/1.1" 200 160 "http://renault.activities.at/css/styles.css" "Mozilla/5.0 (Windows NT 10.0; Win64; x64) AppleWebKit/537.36 (KHTML, like Gecko) Chrome/91.0.4472.164 Safari/537.36"
80.120.5.131 - - [22/Jul/2021:09:46:28 +0200] "GET /images/main_block_corner_left_top.gif HTTP/1.1" 200 159 "http://renault.activities.at/css/styles.css" "Mozilla/5.0 (Windows NT 10.0; Win64; x64) AppleWebKit/537.36 (KHTML, like Gecko) Chrome/91.0.4472.164 Safari/537.36"
80.120.5.131 - - [22/Jul/2021:09:46:28 +0200] "GET /images/main_block_corner_right_top.gif HTTP/1.1" 200 159 "http://renault.activities.at/css/styles.css" "Mozilla/5.0 (Windows NT 10.0; Win64; x64) AppleWebKit/537.36 (KHTML, like Gecko) Chrome/91.0.4472.164 Safari/537.36"
80.120.5.131 - - [22/Jul/2021:09:46:28 +0200] "GET /images/title_border.jpg HTTP/1.1" 200 304 "http://renault.activities.at/css/styles.css" "Mozilla/5.0 (Windows NT 10.0; Win64; x64) AppleWebKit/537.36 (KHTML, like Gecko) Chrome/91.0.4472.164 Safari/537.36"
80.120.5.131 - - [22/Jul/2021:09:46:28 +0200] "GET /images/title_border_top.jpg HTTP/1.1" 200 336 "http://renault.activities.at/css/styles.css" "Mozilla/5.0 (Windows NT 10.0; Win64; x64) AppleWebKit/537.36 (KHTML, like Gecko) Chrome/91.0.4472.164 Safari/537.36"
80.120.5.131 - - [22/Jul/2021:09:46:28 +0200] "GET /images/title_corner_left_top.jpg HTTP/1.1" 200 372 "http://renault.activities.at/css/styles.css" "Mozilla/5.0 (Windows NT 10.0; Win64; x64) AppleWebKit/537.36 (KHTML, like Gecko) Chrome/91.0.4472.164 Safari/537.36"
80.120.5.131 - - [22/Jul/2021:09:46:28 +0200] "GET /images/title_corner_right_top.jpg HTTP/1.1" 200 389 "http://renault.activities.at/css/styles.css" "Mozilla/5.0 (Windows NT 10.0; Win64; x64) AppleWebKit/537.36 (KHTML, like Gecko) Chrome/91.0.4472.164 Safari/537.36"
80.120.5.131 - - [22/Jul/2021:09:46:28 +0200] "GET /loadthumbnail.php?id=11127982 HTTP/1.1" 200 399614 "http://renault.activities.at/" "Mozilla/5.0 (Windows NT 10.0; Win64; x64) AppleWebKit/537.36 (KHTML, like Gecko) Chrome/91.0.4472.164 Safari/537.36"
80.120.5.131 - - [22/Jul/2021:09:46:29 +0200] "GET /images/favicon.ico HTTP/1.1" 404 305 "http://renault.activities.at/" "Mozilla/5.0 (Windows NT 10.0; Win64; x64) AppleWebKit/537.36 (KHTML, like Gecko) Chrome/91.0.4472.164 Safari/537.36"
80.120.5.131 - - [22/Jul/2021:09:46:52 +0200] "GET / HTTP/1.1" 200 3086 "https://www.google.com/" "Mozilla/5.0 (Windows NT 10.0; Win64; x64) AppleWebKit/537.36 (KHTML, like Gecko) Chrome/91.0.4472.164 Safari/537.36"
88.117.213.154 - - [22/Jul/2021:09:46:57 +0200] "GET /reload?ser=1626940017110 HTTP/1.1" 200 28 "http://renault.activities.at/result?searchterm=true&search=duster" "Mozilla/5.0 (Windows NT 6.1; Win64; x64; rv:90.0) Gecko/20100101 Firefox/90.0"
80.120.5.131 - - [22/Jul/2021:09:46:58 +0200] "GET /login HTTP/1.1" 200 2085 "http://renault.activities.at/" "Mozilla/5.0 (Windows NT 10.0; Win64; x64) AppleWebKit/537.36 (KHTML, like Gecko) Chrome/91.0.4472.164 Safari/537.36"
80.120.5.131 - - [22/Jul/2021:09:46:59 +0200] "GET /images/button_left_bg.gif HTTP/1.1" 200 564 "http://renault.activities.at/css/styles.css" "Mozilla/5.0 (Windows NT 10.0; Win64; x64) AppleWebKit/537.36 (KHTML, like Gecko) Chrome/91.0.4472.164 Safari/537.36"
80.120.5.131 - - [22/Jul/2021:09:46:59 +0200] "GET /images/button_bg.gif HTTP/1.1" 200 151 "http://renault.activities.at/css/styles.css" "Mozilla/5.0 (Windows NT 10.0; Win64; x64) AppleWebKit/537.36 (KHTML, like Gecko) Chrome/91.0.4472.164 Safari/537.36"
80.120.5.131 - - [22/Jul/2021:09:46:59 +0200] "GET /images/button_right_bg.gif HTTP/1.1" 200 561 "http://renault.activities.at/css/styles.css" "Mozilla/5.0 (Windows NT 10.0; Win64; x64) AppleWebKit/537.36 (KHTML, like Gecko) Chrome/91.0.4472.164 Safari/537.36"
80.120.5.131 - - [22/Jul/2021:09:47:13 +0200] "POST /login HTTP/1.1" 200 2152 "http://renault.activities.at/login" "Mozilla/5.0 (Windows NT 10.0; Win64; x64) AppleWebKit/537.36 (KHTML, like Gecko) Chrome/91.0.4472.164 Safari/537.36"
80.120.5.131 - - [22/Jul/2021:09:47:14 +0200] "GET /images/error_msg_icon.gif HTTP/1.1" 200 1013 "http://renault.activities.at/css/styles.css" "Mozilla/5.0 (Windows NT 10.0; Win64; x64) AppleWebKit/537.36 (KHTML, like Gecko) Chrome/91.0.4472.164 Safari/537.36"
138.21.12.24 - - [22/Jul/2021:09:47:15 +0200] "GET /reload?ser=1626940035521 HTTP/1.1" 200 28 "http://renault.2web.at/account" "Mozilla/5.0 (Windows NT 10.0; Win64; x64) AppleWebKit/537.36 (KHTML, like Gecko) Chrome/91.0.4472.164 Safari/537.36"
80.120.5.131 - - [22/Jul/2021:09:47:34 +0200] "POST /login HTTP/1.1" 200 2150 "http://renault.activities.at/login" "Mozilla/5.0 (Windows NT 10.0; Win64; x64) AppleWebKit/537.36 (KHTML, like Gecko) Chrome/91.0.4472.164 Safari/537.36"
88.117.213.154 - - [22/Jul/2021:09:47:58 +0200] "GET /reload?ser=1626940078080 HTTP/1.1" 200 28 "http://renault.activities.at/result?searchterm=true&search=duster" "Mozilla/5.0 (Windows NT 6.1; Win64; x64; rv:90.0) Gecko/20100101 Firefox/90.0"
138.21.12.24 - - [22/Jul/2021:09:48:17 +0200] "GET /reload?ser=1626940097524 HTTP/1.1" 200 28 "http://renault.2web.at/account" "Mozilla/5.0 (Windows NT 10.0; Win64; x64) AppleWebKit/537.36 (KHTML, like Gecko) Chrome/91.0.4472.164 Safari/537.36"
80.120.5.131 - - [22/Jul/2021:09:48:21 +0200] "POST /login HTTP/1.1" 302 140 "http://renault.activities.at/login" "Mozilla/5.0 (Windows NT 10.0; Win64; x64) AppleWebKit/537.36 (KHTML, like Gecko) Chrome/91.0.4472.164 Safari/537.36"
80.120.5.131 - - [22/Jul/2021:09:48:23 +0200] "GET /account HTTP/1.1" 200 6099 "http://renault.activities.at/login" "Mozilla/5.0 (Windows NT 10.0; Win64; x64) AppleWebKit/537.36 (KHTML, like Gecko) Chrome/91.0.4472.164 Safari/537.36"
80.120.5.131 - - [22/Jul/2021:09:48:26 +0200] "GET /js/account.js HTTP/1.1" 200 953 "http://renault.activities.at/account" "Mozilla/5.0 (Windows NT 10.0; Win64; x64) AppleWebKit/537.36 (KHTML, like Gecko) Chrome/91.0.4472.164 Safari/537.36"
80.120.5.131 - - [22/Jul/2021:09:48:26 +0200] "GET /images/menu_divider.gif HTTP/1.1" 200 176 "http://renault.activities.at/css/styles.css" "Mozilla/5.0 (Windows NT 10.0; Win64; x64) AppleWebKit/537.36 (KHTML, like Gecko) Chrome/91.0.4472.164 Safari/537.36"
80.120.5.131 - - [22/Jul/2021:09:48:26 +0200] "GET /images/menu_button_bg.jpg HTTP/1.1" 200 322 "http://renault.activities.at/css/styles.css" "Mozilla/5.0 (Windows NT 10.0; Win64; x64) AppleWebKit/537.36 (KHTML, like Gecko) Chrome/91.0.4472.164 Safari/537.36"
80.120.5.131 - - [22/Jul/2021:09:48:26 +0200] "GET /images/search_bg.gif HTTP/1.1" 200 1726 "http://renault.activities.at/css/styles.css" "Mozilla/5.0 (Windows NT 10.0; Win64; x64) AppleWebKit/537.36 (KHTML, like Gecko) Chrome/91.0.4472.164 Safari/537.36"
80.120.5.131 - - [22/Jul/2021:09:48:26 +0200] "GET /images/sidebar_title_corner_left_top.gif HTTP/1.1" 200 1124 "http://renault.activities.at/css/styles.css" "Mozilla/5.0 (Windows NT 10.0; Win64; x64) AppleWebKit/537.36 (KHTML, like Gecko) Chrome/91.0.4472.164 Safari/537.36"
80.120.5.131 - - [22/Jul/2021:09:48:26 +0200] "GET /images/sidebar_title_border.gif HTTP/1.1" 200 43 "http://renault.activities.at/css/styles.css" "Mozilla/5.0 (Windows NT 10.0; Win64; x64) AppleWebKit/537.36 (KHTML, like Gecko) Chrome/91.0.4472.164 Safari/537.36"
80.120.5.131 - - [22/Jul/2021:09:48:26 +0200] "GET /images/sidebar_title_border_top.gif HTTP/1.1" 200 155 "http://renault.activities.at/css/styles.css" "Mozilla/5.0 (Windows NT 10.0; Win64; x64) AppleWebKit/537.36 (KHTML, like Gecko) Chrome/91.0.4472.164 Safari/537.36"
80.120.5.131 - - [22/Jul/2021:09:48:26 +0200] "GET /images/sidebar_title_corner_right_top.gif HTTP/1.1" 200 383 "http://renault.activities.at/css/styles.css" "Mozilla/5.0 (Windows NT 10.0; Win64; x64) AppleWebKit/537.36 (KHTML, like Gecko) Chrome/91.0.4472.164 Safari/537.36"
80.120.5.131 - - [22/Jul/2021:09:48:26 +0200] "GET /images/top_links_divider.gif HTTP/1.1" 200 44 "http://renault.activities.at/css/styles.css" "Mozilla/5.0 (Windows NT 10.0; Win64; x64) AppleWebKit/537.36 (KHTML, like Gecko) Chrome/91.0.4472.164 Safari/537.36"
80.120.5.131 - - [22/Jul/2021:09:48:26 +0200] "GET /images/nav_divider.gif HTTP/1.1" 200 43 "http://renault.activities.at/css/styles.css" "Mozilla/5.0 (Windows NT 10.0; Win64; x64) AppleWebKit/537.36 (KHTML, like Gecko) Chrome/91.0.4472.164 Safari/537.36"
80.120.5.131 - - [22/Jul/2021:09:48:26 +0200] "GET /loadthumbnail.php?id=12341634&width=50&height=50 HTTP/1.1" 200 1207 "http://renault.activities.at/account" "Mozilla/5.0 (Windows NT 10.0; Win64; x64) AppleWebKit/537.36 (KHTML, like Gecko) Chrome/91.0.4472.164 Safari/537.36"
80.120.5.131 - - [22/Jul/2021:09:48:26 +0200] "GET /images/footer_divider.gif HTTP/1.1" 200 44 "http://renault.activities.at/css/styles.css" "Mozilla/5.0 (Windows NT 10.0; Win64; x64) AppleWebKit/537.36 (KHTML, like Gecko) Chrome/91.0.4472.164 Safari/537.36"
80.120.5.131 - - [22/Jul/2021:09:48:26 +0200] "GET /loadthumbnail.php?id=12341633&width=50&height=50 HTTP/1.1" 200 1182 "http://renault.activities.at/account" "Mozilla/5.0 (Windows NT 10.0; Win64; x64) AppleWebKit/537.36 (KHTML, like Gecko) Chrome/91.0.4472.164 Safari/537.36"
80.120.5.131 - - [22/Jul/2021:09:48:26 +0200] "GET /loadthumbnail.php?id=12341631&width=50&height=50 HTTP/1.1" 200 1148 "http://renault.activities.at/account" "Mozilla/5.0 (Windows NT 10.0; Win64; x64) AppleWebKit/537.36 (KHTML, like Gecko) Chrome/91.0.4472.164 Safari/537.36"
80.120.5.131 - - [22/Jul/2021:09:48:26 +0200] "GET /loadthumbnail.php?id=12334029&width=50&height=50 HTTP/1.1" 200 1295 "http://renault.activities.at/account" "Mozilla/5.0 (Windows NT 10.0; Win64; x64) AppleWebKit/537.36 (KHTML, like Gecko) Chrome/91.0.4472.164 Safari/537.36"
80.120.5.131 - - [22/Jul/2021:09:48:26 +0200] "GET /loadthumbnail.php?id=10986339&width=50&height=50 HTTP/1.1" 200 1295 "http://renault.activities.at/account" "Mozilla/5.0 (Windows NT 10.0; Win64; x64) AppleWebKit/537.36 (KHTML, like Gecko) Chrome/91.0.4472.164 Safari/537.36"
88.117.213.154 - - [22/Jul/2021:09:48:59 +0200] "GET /reload?ser=1626940139054 HTTP/1.1" 200 28 "http://renault.activities.at/result?searchterm=true&search=duster" "Mozilla/5.0 (Windows NT 6.1; Win64; x64; rv:90.0) Gecko/20100101 Firefox/90.0"
80.120.5.131 - - [22/Jul/2021:09:49:07 +0200] "GET /css/themes/alphacube/top_mid.gif HTTP/1.1" 200 833 "http://renault.activities.at/css/themes/alphacube.css" "Mozilla/5.0 (Windows NT 10.0; Win64; x64) AppleWebKit/537.36 (KHTML, like Gecko) Chrome/91.0.4472.164 Safari/537.36"
80.120.5.131 - - [22/Jul/2021:09:49:07 +0200] "GET /css/themes/alphacube/frame_left.gif HTTP/1.1" 200 64 "http://renault.activities.at/css/themes/alphacube.css" "Mozilla/5.0 (Windows NT 10.0; Win64; x64) AppleWebKit/537.36 (KHTML, like Gecko) Chrome/91.0.4472.164 Safari/537.36"
80.120.5.131 - - [22/Jul/2021:09:49:07 +0200] "GET /css/themes/alphacube/frame_right.gif HTTP/1.1" 200 64 "http://renault.activities.at/css/themes/alphacube.css" "Mozilla/5.0 (Windows NT 10.0; Win64; x64) AppleWebKit/537.36 (KHTML, like Gecko) Chrome/91.0.4472.164 Safari/537.36"
80.120.5.131 - - [22/Jul/2021:09:49:07 +0200] "GET /css/themes/alphacube/bottom_middle.gif HTTP/1.1" 200 44 "http://renault.activities.at/css/themes/alphacube.css" "Mozilla/5.0 (Windows NT 10.0; Win64; x64) AppleWebKit/537.36 (KHTML, like Gecko) Chrome/91.0.4472.164 Safari/537.36"
80.120.5.131 - - [22/Jul/2021:09:49:07 +0200] "GET /css/themes/alphacube/bottom_left-c.gif HTTP/1.1" 200 62 "http://renault.activities.at/css/themes/alphacube.css" "Mozilla/5.0 (Windows NT 10.0; Win64; x64) AppleWebKit/537.36 (KHTML, like Gecko) Chrome/91.0.4472.164 Safari/537.36"
80.120.5.131 - - [22/Jul/2021:09:49:07 +0200] "GET /css/themes/alphacube/bottom_right-c.gif HTTP/1.1" 200 62 "http://renault.activities.at/css/themes/alphacube.css" "Mozilla/5.0 (Windows NT 10.0; Win64; x64) AppleWebKit/537.36 (KHTML, like Gecko) Chrome/91.0.4472.164 Safari/537.36"
80.120.5.131 - - [22/Jul/2021:09:49:07 +0200] "GET /css/themes/alphacube/button-close-focus.gif HTTP/1.1" 200 699 "http://renault.activities.at/css/themes/alphacube.css" "Mozilla/5.0 (Windows NT 10.0; Win64; x64) AppleWebKit/537.36 (KHTML, like Gecko) Chrome/91.0.4472.164 Safari/537.36"
80.120.5.131 - - [22/Jul/2021:09:49:07 +0200] "GET /css/themes/alphacube/top_left.gif HTTP/1.1" 200 973 "http://renault.activities.at/css/themes/alphacube.css" "Mozilla/5.0 (Windows NT 10.0; Win64; x64) AppleWebKit/537.36 (KHTML, like Gecko) Chrome/91.0.4472.164 Safari/537.36"
80.120.5.131 - - [22/Jul/2021:09:49:07 +0200] "GET /css/themes/alphacube/top_right.gif HTTP/1.1" 200 972 "http://renault.activities.at/css/themes/alphacube.css" "Mozilla/5.0 (Windows NT 10.0; Win64; x64) AppleWebKit/537.36 (KHTML, like Gecko) Chrome/91.0.4472.164 Safari/537.36"
80.120.5.131 - - [22/Jul/2021:09:49:07 +0200] "GET /12334026?print=true HTTP/1.1" 200 2406 "http://renault.activities.at/account" "Mozilla/5.0 (Windows NT 10.0; Win64; x64) AppleWebKit/537.36 (KHTML, like Gecko) Chrome/91.0.4472.164 Safari/537.36"
80.120.5.131 - - [22/Jul/2021:09:49:10 +0200] "GET /images/loading.gif HTTP/1.1" 200 3208 "http://renault.activities.at/12334026?print=true" "Mozilla/5.0 (Windows NT 10.0; Win64; x64) AppleWebKit/537.36 (KHTML, like Gecko) Chrome/91.0.4472.164 Safari/537.36"
80.120.5.131 - - [22/Jul/2021:09:49:10 +0200] "GET /js/magiczoom/magiczoom.css HTTP/1.1" 200 1210 "http://renault.activities.at/12334026?print=true" "Mozilla/5.0 (Windows NT 10.0; Win64; x64) AppleWebKit/537.36 (KHTML, like Gecko) Chrome/91.0.4472.164 Safari/537.36"
80.120.5.131 - - [22/Jul/2021:09:49:10 +0200] "GET /js/magiczoom/magiczoom.js HTTP/1.1" 200 26397 "http://renault.activities.at/12334026?print=true" "Mozilla/5.0 (Windows NT 10.0; Win64; x64) AppleWebKit/537.36 (KHTML, like Gecko) Chrome/91.0.4472.164 Safari/537.36"
80.120.5.131 - - [22/Jul/2021:09:49:10 +0200] "GET /js/Produkt.js HTTP/1.1" 200 852 "http://renault.activities.at/12334026?print=true" "Mozilla/5.0 (Windows NT 10.0; Win64; x64) AppleWebKit/537.36 (KHTML, like Gecko) Chrome/91.0.4472.164 Safari/537.36"
80.120.5.131 - - [22/Jul/2021:09:49:10 +0200] "GET /images/vista-up.gif HTTP/1.1" 200 131 "http://renault.activities.at/css/styles.css" "Mozilla/5.0 (Windows NT 10.0; Win64; x64) AppleWebKit/537.36 (KHTML, like Gecko) Chrome/91.0.4472.164 Safari/537.36"
80.120.5.131 - - [22/Jul/2021:09:49:10 +0200] "GET /images/vista-dn.gif HTTP/1.1" 200 128 "http://renault.activities.at/css/styles.css" "Mozilla/5.0 (Windows NT 10.0; Win64; x64) AppleWebKit/537.36 (KHTML, like Gecko) Chrome/91.0.4472.164 Safari/537.36"
80.120.5.131 - - [22/Jul/2021:09:49:10 +0200] "GET /loadthumbnail.php?id=10203650&width=200 HTTP/1.1" 200 4671 "http://renault.activities.at/12334026?print=true" "Mozilla/5.0 (Windows NT 10.0; Win64; x64) AppleWebKit/537.36 (KHTML, like Gecko) Chrome/91.0.4472.164 Safari/537.36"
80.120.5.131 - - [22/Jul/2021:09:49:11 +0200] "GET /images/vista-up-hover.gif HTTP/1.1" 200 130 "http://renault.activities.at/css/styles.css" "Mozilla/5.0 (Windows NT 10.0; Win64; x64) AppleWebKit/537.36 (KHTML, like Gecko) Chrome/91.0.4472.164 Safari/537.36"
80.120.5.131 - - [22/Jul/2021:09:49:12 +0200] "GET /images/vista-dn-hover.gif HTTP/1.1" 200 127 "http://renault.activities.at/css/styles.css" "Mozilla/5.0 (Windows NT 10.0; Win64; x64) AppleWebKit/537.36 (KHTML, like Gecko) Chrome/91.0.4472.164 Safari/537.36"
80.120.5.131 - - [22/Jul/2021:09:49:12 +0200] "GET /images/validation_advice_bg.gif HTTP/1.1" 200 134 "http://renault.activities.at/css/styles.css" "Mozilla/5.0 (Windows NT 10.0; Win64; x64) AppleWebKit/537.36 (KHTML, like Gecko) Chrome/91.0.4472.164 Safari/537.36"
138.21.12.24 - - [22/Jul/2021:09:49:19 +0200] "GET /reload?ser=1626940159527 HTTP/1.1" 200 28 "http://renault.2web.at/account" "Mozilla/5.0 (Windows NT 10.0; Win64; x64) AppleWebKit/537.36 (KHTML, like Gecko) Chrome/91.0.4472.164 Safari/537.36"
80.120.5.131 - - [22/Jul/2021:09:49:26 +0200] "GET /reload?ser=1626940166536 HTTP/1.1" 200 28 "http://renault.activities.at/account" "Mozilla/5.0 (Windows NT 10.0; Win64; x64) AppleWebKit/537.36 (KHTML, like Gecko) Chrome/91.0.4472.164 Safari/537.36"
80.120.5.131 - - [22/Jul/2021:09:49:39 +0200] "GET /10201442 HTTP/1.1" 200 8857 "http://renault.activities.at/account" "Mozilla/5.0 (Windows NT 10.0; Win64; x64) AppleWebKit/537.36 (KHTML, like Gecko) Chrome/91.0.4472.164 Safari/537.36"
80.120.5.131 - - [22/Jul/2021:09:49:40 +0200] "GET /js/prototip.js HTTP/1.1" 200 4588 "http://renault.activities.at/10201442" "Mozilla/5.0 (Windows NT 10.0; Win64; x64) AppleWebKit/537.36 (KHTML, like Gecko) Chrome/91.0.4472.164 Safari/537.36"
80.120.5.131 - - [22/Jul/2021:09:49:40 +0200] "GET /js/ProduktGrp.js HTTP/1.1" 200 1569 "http://renault.activities.at/10201442" "Mozilla/5.0 (Windows NT 10.0; Win64; x64) AppleWebKit/537.36 (KHTML, like Gecko) Chrome/91.0.4472.164 Safari/537.36"
80.120.5.131 - - [22/Jul/2021:09:49:40 +0200] "GET /loadthumbnail.php?id=12329773&width=113 HTTP/1.1" 200 6402 "http://renault.activities.at/10201442" "Mozilla/5.0 (Windows NT 10.0; Win64; x64) AppleWebKit/537.36 (KHTML, like Gecko) Chrome/91.0.4472.164 Safari/537.36"
80.120.5.131 - - [22/Jul/2021:09:49:40 +0200] "GET /loadthumbnail.php?id=12329777&width=113 HTTP/1.1" 200 5924 "http://renault.activities.at/10201442" "Mozilla/5.0 (Windows NT 10.0; Win64; x64) AppleWebKit/537.36 (KHTML, like Gecko) Chrome/91.0.4472.164 Safari/537.36"
80.120.5.131 - - [22/Jul/2021:09:49:40 +0200] "GET /loadthumbnail.php?id=10203276 HTTP/1.1" 200 75 "http://renault.activities.at/10201442" "Mozilla/5.0 (Windows NT 10.0; Win64; x64) AppleWebKit/537.36 (KHTML, like Gecko) Chrome/91.0.4472.164 Safari/537.36"
80.120.5.131 - - [22/Jul/2021:09:49:40 +0200] "GET /loadthumbnail.php?id=10203255 HTTP/1.1" 200 137 "http://renault.activities.at/10201442" "Mozilla/5.0 (Windows NT 10.0; Win64; x64) AppleWebKit/537.36 (KHTML, like Gecko) Chrome/91.0.4472.164 Safari/537.36"
80.120.5.131 - - [22/Jul/2021:09:49:40 +0200] "GET /loadthumbnail.php?id=12428347&width=113 HTTP/1.1" 200 5778 "http://renault.activities.at/10201442" "Mozilla/5.0 (Windows NT 10.0; Win64; x64) AppleWebKit/537.36 (KHTML, like Gecko) Chrome/91.0.4472.164 Safari/537.36"
80.120.5.131 - - [22/Jul/2021:09:49:40 +0200] "GET /loadthumbnail.php?id=12329769&width=113 HTTP/1.1" 200 6281 "http://renault.activities.at/10201442" "Mozilla/5.0 (Windows NT 10.0; Win64; x64) AppleWebKit/537.36 (KHTML, like Gecko) Chrome/91.0.4472.164 Safari/537.36"
80.120.5.131 - - [22/Jul/2021:09:49:40 +0200] "GET /images/pager_bg.gif HTTP/1.1" 200 150 "http://renault.activities.at/css/styles.css" "Mozilla/5.0 (Windows NT 10.0; Win64; x64) AppleWebKit/537.36 (KHTML, like Gecko) Chrome/91.0.4472.164 Safari/537.36"
80.120.5.131 - - [22/Jul/2021:09:49:40 +0200] "GET /images/sub_title_bg.jpg HTTP/1.1" 200 314 "http://renault.activities.at/css/styles.css" "Mozilla/5.0 (Windows NT 10.0; Win64; x64) AppleWebKit/537.36 (KHTML, like Gecko) Chrome/91.0.4472.164 Safari/537.36"
80.120.5.131 - - [22/Jul/2021:09:49:40 +0200] "GET /loadthumbnail.php?id=12329388&width=113 HTTP/1.1" 200 6391 "http://renault.activities.at/10201442" "Mozilla/5.0 (Windows NT 10.0; Win64; x64) AppleWebKit/537.36 (KHTML, like Gecko) Chrome/91.0.4472.164 Safari/537.36"
80.120.5.131 - - [22/Jul/2021:09:49:40 +0200] "GET /loadthumbnail.php?id=12329380&width=113 HTTP/1.1" 200 6136 "http://renault.activities.at/10201442" "Mozilla/5.0 (Windows NT 10.0; Win64; x64) AppleWebKit/537.36 (KHTML, like Gecko) Chrome/91.0.4472.164 Safari/537.36"
80.120.5.131 - - [22/Jul/2021:09:49:40 +0200] "GET /loadthumbnail.php?id=12428343&width=113 HTTP/1.1" 200 5906 "http://renault.activities.at/10201442" "Mozilla/5.0 (Windows NT 10.0; Win64; x64) AppleWebKit/537.36 (KHTML, like Gecko) Chrome/91.0.4472.164 Safari/537.36"
80.120.5.131 - - [22/Jul/2021:09:49:40 +0200] "GET /loadthumbnail.php?id=12329384&width=113 HTTP/1.1" 200 6523 "http://renault.activities.at/10201442" "Mozilla/5.0 (Windows NT 10.0; Win64; x64) AppleWebKit/537.36 (KHTML, like Gecko) Chrome/91.0.4472.164 Safari/537.36"
80.120.5.131 - - [22/Jul/2021:09:49:40 +0200] "GET /loadthumbnail.php?id=12428339&width=113 HTTP/1.1" 200 6161 "http://renault.activities.at/10201442" "Mozilla/5.0 (Windows NT 10.0; Win64; x64) AppleWebKit/537.36 (KHTML, like Gecko) Chrome/91.0.4472.164 Safari/537.36"
80.120.5.131 - - [22/Jul/2021:09:49:40 +0200] "GET /loadthumbnail.php?id=12329742&width=113 HTTP/1.1" 200 6011 "http://renault.activities.at/10201442" "Mozilla/5.0 (Windows NT 10.0; Win64; x64) AppleWebKit/537.36 (KHTML, like Gecko) Chrome/91.0.4472.164 Safari/537.36"
80.120.5.131 - - [22/Jul/2021:09:49:41 +0200] "GET /loadthumbnail.php?id=12329765&width=113 HTTP/1.1" 200 6417 "http://renault.activities.at/10201442" "Mozilla/5.0 (Windows NT 10.0; Win64; x64) AppleWebKit/537.36 (KHTML, like Gecko) Chrome/91.0.4472.164 Safari/537.36"
80.120.5.131 - - [22/Jul/2021:09:49:41 +0200] "GET /loadthumbnail.php?id=12428351&width=113 HTTP/1.1" 200 5484 "http://renault.activities.at/10201442" "Mozilla/5.0 (Windows NT 10.0; Win64; x64) AppleWebKit/537.36 (KHTML, like Gecko) Chrome/91.0.4472.164 Safari/537.36"
80.120.5.131 - - [22/Jul/2021:09:49:41 +0200] "GET /loadthumbnail.php?id=12329758&width=113 HTTP/1.1" 200 6291 "http://renault.activities.at/10201442" "Mozilla/5.0 (Windows NT 10.0; Win64; x64) AppleWebKit/537.36 (KHTML, like Gecko) Chrome/91.0.4472.164 Safari/537.36"
80.120.5.131 - - [22/Jul/2021:09:49:41 +0200] "GET /loadthumbnail.php?id=12428361&width=113 HTTP/1.1" 200 6467 "http://renault.activities.at/10201442" "Mozilla/5.0 (Windows NT 10.0; Win64; x64) AppleWebKit/537.36 (KHTML, like Gecko) Chrome/91.0.4472.164 Safari/537.36"
80.120.5.131 - - [22/Jul/2021:09:49:41 +0200] "GET /loadthumbnail.php?id=12428355&width=113 HTTP/1.1" 200 6350 "http://renault.activities.at/10201442" "Mozilla/5.0 (Windows NT 10.0; Win64; x64) AppleWebKit/537.36 (KHTML, like Gecko) Chrome/91.0.4472.164 Safari/537.36"
80.120.5.131 - - [22/Jul/2021:09:49:48 +0200] "GET /10201442?dir=DESC&mode=grid&order=name&limit=15&page=2 HTTP/1.1" 200 9219 "http://renault.activities.at/10201442" "Mozilla/5.0 (Windows NT 10.0; Win64; x64) AppleWebKit/537.36 (KHTML, like Gecko) Chrome/91.0.4472.164 Safari/537.36"
80.120.5.131 - - [22/Jul/2021:09:49:51 +0200] "GET /loadthumbnail.php?id=10203275 HTTP/1.1" 200 85 "http://renault.activities.at/10201442?dir=DESC&mode=grid&order=name&limit=15&page=2" "Mozilla/5.0 (Windows NT 10.0; Win64; x64) AppleWebKit/537.36 (KHTML, like Gecko) Chrome/91.0.4472.164 Safari/537.36"
80.120.5.131 - - [22/Jul/2021:09:49:51 +0200] "GET /loadthumbnail.php?id=12138224&width=113 HTTP/1.1" 200 3427 "http://renault.activities.at/10201442?dir=DESC&mode=grid&order=name&limit=15&page=2" "Mozilla/5.0 (Windows NT 10.0; Win64; x64) AppleWebKit/537.36 (KHTML, like Gecko) Chrome/91.0.4472.164 Safari/537.36"
80.120.5.131 - - [22/Jul/2021:09:49:51 +0200] "GET /loadthumbnail.php?id=12329395&width=113 HTTP/1.1" 200 6279 "http://renault.activities.at/10201442?dir=DESC&mode=grid&order=name&limit=15&page=2" "Mozilla/5.0 (Windows NT 10.0; Win64; x64) AppleWebKit/537.36 (KHTML, like Gecko) Chrome/91.0.4472.164 Safari/537.36"
80.120.5.131 - - [22/Jul/2021:09:49:51 +0200] "GET /loadthumbnail.php?id=12428314&width=113 HTTP/1.1" 200 5819 "http://renault.activities.at/10201442?dir=DESC&mode=grid&order=name&limit=15&page=2" "Mozilla/5.0 (Windows NT 10.0; Win64; x64) AppleWebKit/537.36 (KHTML, like Gecko) Chrome/91.0.4472.164 Safari/537.36"
80.120.5.131 - - [22/Jul/2021:09:49:51 +0200] "GET /loadthumbnail.php?id=12428324&width=113 HTTP/1.1" 200 6000 "http://renault.activities.at/10201442?dir=DESC&mode=grid&order=name&limit=15&page=2" "Mozilla/5.0 (Windows NT 10.0; Win64; x64) AppleWebKit/537.36 (KHTML, like Gecko) Chrome/91.0.4472.164 Safari/537.36"
80.120.5.131 - - [22/Jul/2021:09:49:51 +0200] "GET /loadthumbnail.php?id=12428318&width=113 HTTP/1.1" 200 6007 "http://renault.activities.at/10201442?dir=DESC&mode=grid&order=name&limit=15&page=2" "Mozilla/5.0 (Windows NT 10.0; Win64; x64) AppleWebKit/537.36 (KHTML, like Gecko) Chrome/91.0.4472.164 Safari/537.36"
80.120.5.131 - - [22/Jul/2021:09:49:51 +0200] "GET /loadthumbnail.php?id=12037190&width=113 HTTP/1.1" 200 19857 "http://renault.activities.at/10201442?dir=DESC&mode=grid&order=name&limit=15&page=2" "Mozilla/5.0 (Windows NT 10.0; Win64; x64) AppleWebKit/537.36 (KHTML, like Gecko) Chrome/91.0.4472.164 Safari/537.36"
80.120.5.131 - - [22/Jul/2021:09:49:51 +0200] "GET /loadthumbnail.php?id=11976076&width=113 HTTP/1.1" 200 17152 "http://renault.activities.at/10201442?dir=DESC&mode=grid&order=name&limit=15&page=2" "Mozilla/5.0 (Windows NT 10.0; Win64; x64) AppleWebKit/537.36 (KHTML, like Gecko) Chrome/91.0.4472.164 Safari/537.36"
80.120.5.131 - - [22/Jul/2021:09:49:51 +0200] "GET /loadthumbnail.php?id=12385971&width=113 HTTP/1.1" 200 3358 "http://renault.activities.at/10201442?dir=DESC&mode=grid&order=name&limit=15&page=2" "Mozilla/5.0 (Windows NT 10.0; Win64; x64) AppleWebKit/537.36 (KHTML, like Gecko) Chrome/91.0.4472.164 Safari/537.36"
80.120.5.131 - - [22/Jul/2021:09:49:51 +0200] "GET /loadthumbnail.php?id=12328160&width=113 HTTP/1.1" 200 2784 "http://renault.activities.at/10201442?dir=DESC&mode=grid&order=name&limit=15&page=2" "Mozilla/5.0 (Windows NT 10.0; Win64; x64) AppleWebKit/537.36 (KHTML, like Gecko) Chrome/91.0.4472.164 Safari/537.36"
80.120.5.131 - - [22/Jul/2021:09:49:51 +0200] "GET /loadthumbnail.php?id=12122446&width=113 HTTP/1.1" 200 3706 "http://renault.activities.at/10201442?dir=DESC&mode=grid&order=name&limit=15&page=2" "Mozilla/5.0 (Windows NT 10.0; Win64; x64) AppleWebKit/537.36 (KHTML, like Gecko) Chrome/91.0.4472.164 Safari/537.36"
80.120.5.131 - - [22/Jul/2021:09:49:51 +0200] "GET /loadthumbnail.php?id=12328871&width=113 HTTP/1.1" 200 3047 "http://renault.activities.at/10201442?dir=DESC&mode=grid&order=name&limit=15&page=2" "Mozilla/5.0 (Windows NT 10.0; Win64; x64) AppleWebKit/537.36 (KHTML, like Gecko) Chrome/91.0.4472.164 Safari/537.36"
80.120.5.131 - - [22/Jul/2021:09:49:51 +0200] "GET /loadthumbnail.php?id=12027671&width=113 HTTP/1.1" 200 19456 "http://renault.activities.at/10201442?dir=DESC&mode=grid&order=name&limit=15&page=2" "Mozilla/5.0 (Windows NT 10.0; Win64; x64) AppleWebKit/537.36 (KHTML, like Gecko) Chrome/91.0.4472.164 Safari/537.36"
80.120.5.131 - - [22/Jul/2021:09:49:51 +0200] "GET /loadthumbnail.php?id=12115542&width=113 HTTP/1.1" 200 6084 "http://renault.activities.at/10201442?dir=DESC&mode=grid&order=name&limit=15&page=2" "Mozilla/5.0 (Windows NT 10.0; Win64; x64) AppleWebKit/537.36 (KHTML, like Gecko) Chrome/91.0.4472.164 Safari/537.36"
80.120.5.131 - - [22/Jul/2021:09:49:51 +0200] "GET /loadthumbnail.php?id=12153811&width=113 HTTP/1.1" 200 2537 "http://renault.activities.at/10201442?dir=DESC&mode=grid&order=name&limit=15&page=2" "Mozilla/5.0 (Windows NT 10.0; Win64; x64) AppleWebKit/537.36 (KHTML, like Gecko) Chrome/91.0.4472.164 Safari/537.36"
80.120.5.131 - - [22/Jul/2021:09:49:51 +0200] "GET /loadthumbnail.php?id=11564187&width=113 HTTP/1.1" 200 22491 "http://renault.activities.at/10201442?dir=DESC&mode=grid&order=name&limit=15&page=2" "Mozilla/5.0 (Windows NT 10.0; Win64; x64) AppleWebKit/537.36 (KHTML, like Gecko) Chrome/91.0.4472.164 Safari/537.36"
88.117.213.154 - - [22/Jul/2021:09:50:00 +0200] "GET /reload?ser=1626940200038 HTTP/1.1" 200 28 "http://renault.activities.at/result?searchterm=true&search=duster" "Mozilla/5.0 (Windows NT 6.1; Win64; x64; rv:90.0) Gecko/20100101 Firefox/90.0"
80.120.5.131 - - [22/Jul/2021:09:50:13 +0200] "GET /10201442?cat=10201634 HTTP/1.1" 200 8971 "http://renault.activities.at/10201442?dir=DESC&mode=grid&order=name&limit=15&page=2" "Mozilla/5.0 (Windows NT 10.0; Win64; x64) AppleWebKit/537.36 (KHTML, like Gecko) Chrome/91.0.4472.164 Safari/537.36"
80.120.5.131 - - [22/Jul/2021:09:50:16 +0200] "GET /loadthumbnail.php?id=10201939&width=15&height=15 HTTP/1.1" 200 201 "http://renault.activities.at/10201442?cat=10201634" "Mozilla/5.0 (Windows NT 10.0; Win64; x64) AppleWebKit/537.36 (KHTML, like Gecko) Chrome/91.0.4472.164 Safari/537.36"
138.21.12.24 - - [22/Jul/2021:09:50:21 +0200] "GET /reload?ser=1626940221529 HTTP/1.1" 200 28 "http://renault.2web.at/account" "Mozilla/5.0 (Windows NT 10.0; Win64; x64) AppleWebKit/537.36 (KHTML, like Gecko) Chrome/91.0.4472.164 Safari/537.36"
80.120.5.131 - - [22/Jul/2021:09:50:29 +0200] "GET /10201442?cat=10260260 HTTP/1.1" 200 9061 "http://renault.activities.at/10201442?cat=10201634" "Mozilla/5.0 (Windows NT 10.0; Win64; x64) AppleWebKit/537.36 (KHTML, like Gecko) Chrome/91.0.4472.164 Safari/537.36"
80.120.5.131 - - [22/Jul/2021:09:50:30 +0200] "GET /10201442?cat=10260260 HTTP/1.1" 200 9061 "http://renault.activities.at/10201442?cat=10201634" "Mozilla/5.0 (Windows NT 10.0; Win64; x64) AppleWebKit/537.36 (KHTML, like Gecko) Chrome/91.0.4472.164 Safari/537.36"
80.120.5.131 - - [22/Jul/2021:09:50:35 +0200] "GET /loadthumbnail.php?id=10203650&width=113 HTTP/1.1" 200 2741 "http://renault.activities.at/10201442?cat=10260260" "Mozilla/5.0 (Windows NT 10.0; Win64; x64) AppleWebKit/537.36 (KHTML, like Gecko) Chrome/91.0.4472.164 Safari/537.36"
80.120.5.131 - - [22/Jul/2021:09:50:35 +0200] "GET /loadthumbnail.php?id=10272696&width=113 HTTP/1.1" 200 6494 "http://renault.activities.at/10201442?cat=10260260" "Mozilla/5.0 (Windows NT 10.0; Win64; x64) AppleWebKit/537.36 (KHTML, like Gecko) Chrome/91.0.4472.164 Safari/537.36"
80.120.5.131 - - [22/Jul/2021:09:50:35 +0200] "GET /loadthumbnail.php?id=12329376&width=113 HTTP/1.1" 200 4961 "http://renault.activities.at/10201442?cat=10260260" "Mozilla/5.0 (Windows NT 10.0; Win64; x64) AppleWebKit/537.36 (KHTML, like Gecko) Chrome/91.0.4472.164 Safari/537.36"
80.120.5.131 - - [22/Jul/2021:09:50:35 +0200] "GET /loadthumbnail.php?id=12243596&width=113 HTTP/1.1" 200 2926 "http://renault.activities.at/10201442?cat=10260260" "Mozilla/5.0 (Windows NT 10.0; Win64; x64) AppleWebKit/537.36 (KHTML, like Gecko) Chrome/91.0.4472.164 Safari/537.36"
80.120.5.131 - - [22/Jul/2021:09:50:35 +0200] "GET /loadthumbnail.php?id=11831340&width=113 HTTP/1.1" 200 4684 "http://renault.activities.at/10201442?cat=10260260" "Mozilla/5.0 (Windows NT 10.0; Win64; x64) AppleWebKit/537.36 (KHTML, like Gecko) Chrome/91.0.4472.164 Safari/537.36"
80.120.5.131 - - [22/Jul/2021:09:50:35 +0200] "GET /loadthumbnail.php?id=11423690&width=113 HTTP/1.1" 200 1470 "http://renault.activities.at/10201442?cat=10260260" "Mozilla/5.0 (Windows NT 10.0; Win64; x64) AppleWebKit/537.36 (KHTML, like Gecko) Chrome/91.0.4472.164 Safari/537.36"
80.120.5.131 - - [22/Jul/2021:09:50:35 +0200] "GET /loadthumbnail.php?id=12243604&width=113 HTTP/1.1" 200 3094 "http://renault.activities.at/10201442?cat=10260260" "Mozilla/5.0 (Windows NT 10.0; Win64; x64) AppleWebKit/537.36 (KHTML, like Gecko) Chrome/91.0.4472.164 Safari/537.36"
80.120.5.131 - - [22/Jul/2021:09:50:35 +0200] "GET /loadthumbnail.php?id=12243600&width=113 HTTP/1.1" 200 3157 "http://renault.activities.at/10201442?cat=10260260" "Mozilla/5.0 (Windows NT 10.0; Win64; x64) AppleWebKit/537.36 (KHTML, like Gecko) Chrome/91.0.4472.164 Safari/537.36"
80.120.5.131 - - [22/Jul/2021:09:50:35 +0200] "GET /loadthumbnail.php?id=11573493&width=113 HTTP/1.1" 200 8256 "http://renault.activities.at/10201442?cat=10260260" "Mozilla/5.0 (Windows NT 10.0; Win64; x64) AppleWebKit/537.36 (KHTML, like Gecko) Chrome/91.0.4472.164 Safari/537.36"
80.120.5.131 - - [22/Jul/2021:09:50:35 +0200] "GET /loadthumbnail.php?id=10260174&width=113 HTTP/1.1" 200 3715 "http://renault.activities.at/10201442?cat=10260260" "Mozilla/5.0 (Windows NT 10.0; Win64; x64) AppleWebKit/537.36 (KHTML, like Gecko) Chrome/91.0.4472.164 Safari/537.36"
80.120.5.131 - - [22/Jul/2021:09:50:35 +0200] "GET /loadthumbnail.php?id=10260190&width=113 HTTP/1.1" 200 4509 "http://renault.activities.at/10201442?cat=10260260" "Mozilla/5.0 (Windows NT 10.0; Win64; x64) AppleWebKit/537.36 (KHTML, like Gecko) Chrome/91.0.4472.164 Safari/537.36"
80.120.5.131 - - [22/Jul/2021:09:50:35 +0200] "GET /loadthumbnail.php?id=11730239&width=113 HTTP/1.1" 200 4665 "http://renault.activities.at/10201442?cat=10260260" "Mozilla/5.0 (Windows NT 10.0; Win64; x64) AppleWebKit/537.36 (KHTML, like Gecko) Chrome/91.0.4472.164 Safari/537.36"
80.120.5.131 - - [22/Jul/2021:09:50:36 +0200] "GET /loadthumbnail.php?id=12247032&width=113 HTTP/1.1" 200 5603 "http://renault.activities.at/10201442?cat=10260260" "Mozilla/5.0 (Windows NT 10.0; Win64; x64) AppleWebKit/537.36 (KHTML, like Gecko) Chrome/91.0.4472.164 Safari/537.36"
80.120.5.131 - - [22/Jul/2021:09:50:36 +0200] "GET /loadthumbnail.php?id=12247019&width=113 HTTP/1.1" 200 3543 "http://renault.activities.at/10201442?cat=10260260" "Mozilla/5.0 (Windows NT 10.0; Win64; x64) AppleWebKit/537.36 (KHTML, like Gecko) Chrome/91.0.4472.164 Safari/537.36"
88.117.213.154 - - [22/Jul/2021:09:51:01 +0200] "GET /reload?ser=1626940261014 HTTP/1.1" 200 28 "http://renault.activities.at/result?searchterm=true&search=duster" "Mozilla/5.0 (Windows NT 6.1; Win64; x64; rv:90.0) Gecko/20100101 Firefox/90.0"
80.120.5.131 - - [22/Jul/2021:09:51:13 +0200] "GET /10201442?dir=DESC&mode=grid&order=name&limit=15&page=2&cat=10260260 HTTP/1.1" 200 7258 "http://renault.activities.at/10201442?cat=10260260" "Mozilla/5.0 (Windows NT 10.0; Win64; x64) AppleWebKit/537.36 (KHTML, like Gecko) Chrome/91.0.4472.164 Safari/537.36"
80.120.5.131 - - [22/Jul/2021:09:51:16 +0200] "GET /loadthumbnail.php?id=11340118&width=113 HTTP/1.1" 200 5862 "http://renault.activities.at/10201442?dir=DESC&mode=grid&order=name&limit=15&page=2&cat=10260260" "Mozilla/5.0 (Windows NT 10.0; Win64; x64) AppleWebKit/537.36 (KHTML, like Gecko) Chrome/91.0.4472.164 Safari/537.36"
80.120.5.131 - - [22/Jul/2021:09:51:16 +0200] "GET /loadthumbnail.php?id=11730248&width=113 HTTP/1.1" 200 4910 "http://renault.activities.at/10201442?dir=DESC&mode=grid&order=name&limit=15&page=2&cat=10260260" "Mozilla/5.0 (Windows NT 10.0; Win64; x64) AppleWebKit/537.36 (KHTML, like Gecko) Chrome/91.0.4472.164 Safari/537.36"
80.120.5.131 - - [22/Jul/2021:09:51:16 +0200] "GET /loadthumbnail.php?id=11340119&width=113 HTTP/1.1" 200 5321 "http://renault.activities.at/10201442?dir=DESC&mode=grid&order=name&limit=15&page=2&cat=10260260" "Mozilla/5.0 (Windows NT 10.0; Win64; x64) AppleWebKit/537.36 (KHTML, like Gecko) Chrome/91.0.4472.164 Safari/537.36"
80.120.5.131 - - [22/Jul/2021:09:51:16 +0200] "GET /loadthumbnail.php?id=12204968&width=113 HTTP/1.1" 200 4284 "http://renault.activities.at/10201442?dir=DESC&mode=grid&order=name&limit=15&page=2&cat=10260260" "Mozilla/5.0 (Windows NT 10.0; Win64; x64) AppleWebKit/537.36 (KHTML, like Gecko) Chrome/91.0.4472.164 Safari/537.36"
80.120.5.131 - - [22/Jul/2021:09:51:16 +0200] "GET /loadthumbnail.php?id=11340120&width=113 HTTP/1.1" 200 2962 "http://renault.activities.at/10201442?dir=DESC&mode=grid&order=name&limit=15&page=2&cat=10260260" "Mozilla/5.0 (Windows NT 10.0; Win64; x64) AppleWebKit/537.36 (KHTML, like Gecko) Chrome/91.0.4472.164 Safari/537.36"
80.120.5.131 - - [22/Jul/2021:09:51:16 +0200] "GET /loadthumbnail.php?id=12363384&width=113 HTTP/1.1" 200 20801 "http://renault.activities.at/10201442?dir=DESC&mode=grid&order=name&limit=15&page=2&cat=10260260" "Mozilla/5.0 (Windows NT 10.0; Win64; x64) AppleWebKit/537.36 (KHTML, like Gecko) Chrome/91.0.4472.164 Safari/537.36"
138.21.12.24 - - [22/Jul/2021:09:51:23 +0200] "GET /reload?ser=1626940283532 HTTP/1.1" 200 28 "http://renault.2web.at/account" "Mozilla/5.0 (Windows NT 10.0; Win64; x64) AppleWebKit/537.36 (KHTML, like Gecko) Chrome/91.0.4472.164 Safari/537.36"
80.120.5.131 - - [22/Jul/2021:09:51:32 +0200] "GET /10201442?dir=DESC&mode=grid&order=name&limit=15&page=1&cat=10260260 HTTP/1.1" 200 9062 "http://renault.activities.at/10201442?dir=DESC&mode=grid&order=name&limit=15&page=2&cat=10260260" "Mozilla/5.0 (Windows NT 10.0; Win64; x64) AppleWebKit/537.36 (KHTML, like Gecko) Chrome/91.0.4472.164 Safari/537.36"
80.120.5.131 - - [22/Jul/2021:09:51:40 +0200] "POST /axjaxrequest?mode=suggest HTTP/1.1" 200 174 "http://renault.activities.at/10201442?dir=DESC&mode=grid&order=name&limit=15&page=1&cat=10260260" "Mozilla/5.0 (Windows NT 10.0; Win64; x64) AppleWebKit/537.36 (KHTML, like Gecko) Chrome/91.0.4472.164 Safari/537.36"
80.120.5.131 - - [22/Jul/2021:09:51:40 +0200] "POST /axjaxrequest?mode=suggest HTTP/1.1" 200 110 "http://renault.activities.at/10201442?dir=DESC&mode=grid&order=name&limit=15&page=1&cat=10260260" "Mozilla/5.0 (Windows NT 10.0; Win64; x64) AppleWebKit/537.36 (KHTML, like Gecko) Chrome/91.0.4472.164 Safari/537.36"
80.120.5.131 - - [22/Jul/2021:09:51:41 +0200] "POST /axjaxrequest?mode=suggest HTTP/1.1" 200 110 "http://renault.activities.at/10201442?dir=DESC&mode=grid&order=name&limit=15&page=1&cat=10260260" "Mozilla/5.0 (Windows NT 10.0; Win64; x64) AppleWebKit/537.36 (KHTML, like Gecko) Chrome/91.0.4472.164 Safari/537.36"
80.120.5.131 - - [22/Jul/2021:09:51:42 +0200] "POST /axjaxrequest?mode=suggest HTTP/1.1" 200 110 "http://renault.activities.at/10201442?dir=DESC&mode=grid&order=name&limit=15&page=1&cat=10260260" "Mozilla/5.0 (Windows NT 10.0; Win64; x64) AppleWebKit/537.36 (KHTML, like Gecko) Chrome/91.0.4472.164 Safari/537.36"
80.120.5.131 - - [22/Jul/2021:09:51:43 +0200] "POST /axjaxrequest?mode=suggest HTTP/1.1" 200 110 "http://renault.activities.at/10201442?dir=DESC&mode=grid&order=name&limit=15&page=1&cat=10260260" "Mozilla/5.0 (Windows NT 10.0; Win64; x64) AppleWebKit/537.36 (KHTML, like Gecko) Chrome/91.0.4472.164 Safari/537.36"
80.120.5.131 - - [22/Jul/2021:09:51:43 +0200] "GET /result?searchterm=true&search=assistance HTTP/1.1" 200 6068 "http://renault.activities.at/10201442?dir=DESC&mode=grid&order=name&limit=15&page=1&cat=10260260" "Mozilla/5.0 (Windows NT 10.0; Win64; x64) AppleWebKit/537.36 (KHTML, like Gecko) Chrome/91.0.4472.164 Safari/537.36"
80.120.5.131 - - [22/Jul/2021:09:51:45 +0200] "GET /result?searchterm=true&search=Assistance HTTP/1.1" 200 6068 "http://renault.activities.at/10201442?dir=DESC&mode=grid&order=name&limit=15&page=1&cat=10260260" "Mozilla/5.0 (Windows NT 10.0; Win64; x64) AppleWebKit/537.36 (KHTML, like Gecko) Chrome/91.0.4472.164 Safari/537.36"
80.120.5.131 - - [22/Jul/2021:09:51:49 +0200] "GET /result?searchterm=true&search=Assistance HTTP/1.1" 200 6068 "http://renault.activities.at/10201442?dir=DESC&mode=grid&order=name&limit=15&page=1&cat=10260260" "Mozilla/5.0 (Windows NT 10.0; Win64; x64) AppleWebKit/537.36 (KHTML, like Gecko) Chrome/91.0.4472.164 Safari/537.36"
80.120.5.131 - - [22/Jul/2021:09:51:50 +0200] "GET /loadthumbnail.php?id=11089820&width=113 HTTP/1.1" 200 2212 "http://renault.activities.at/result?searchterm=true&search=Assistance" "Mozilla/5.0 (Windows NT 10.0; Win64; x64) AppleWebKit/537.36 (KHTML, like Gecko) Chrome/91.0.4472.164 Safari/537.36"
80.120.5.131 - - [22/Jul/2021:09:51:57 +0200] "GET /717168?print=true HTTP/1.1" 200 2688 "http://renault.activities.at/result?searchterm=true&search=Assistance" "Mozilla/5.0 (Windows NT 10.0; Win64; x64) AppleWebKit/537.36 (KHTML, like Gecko) Chrome/91.0.4472.164 Safari/537.36"
80.120.5.131 - - [22/Jul/2021:09:51:58 +0200] "GET /loadthumbnail.php?id=11089820&width=250 HTTP/1.1" 200 6070 "http://renault.activities.at/717168?print=true" "Mozilla/5.0 (Windows NT 10.0; Win64; x64) AppleWebKit/537.36 (KHTML, like Gecko) Chrome/91.0.4472.164 Safari/537.36"
80.120.5.131 - - [22/Jul/2021:09:51:58 +0200] "GET /loadthumbnail.php?id=11089820&width=900&height=900 HTTP/1.1" 200 26252 "http://renault.activities.at/717168?print=true" "Mozilla/5.0 (Windows NT 10.0; Win64; x64) AppleWebKit/537.36 (KHTML, like Gecko) Chrome/91.0.4472.164 Safari/537.36"
80.120.5.131 - - [22/Jul/2021:09:51:59 +0200] "GET /js/magiczoom/graphics/hint.gif HTTP/1.1" 200 73 "http://renault.activities.at/js/magiczoom/magiczoom.css" "Mozilla/5.0 (Windows NT 10.0; Win64; x64) AppleWebKit/537.36 (KHTML, like Gecko) Chrome/91.0.4472.164 Safari/537.36"
80.120.5.131 - - [22/Jul/2021:09:52:00 +0200] "GET /js/magiczoom/graphics/zoomin.cur HTTP/1.1" 200 326 "http://renault.activities.at/js/magiczoom/magiczoom.css" "Mozilla/5.0 (Windows NT 10.0; Win64; x64) AppleWebKit/537.36 (KHTML, like Gecko) Chrome/91.0.4472.164 Safari/537.36"
88.117.213.154 - - [22/Jul/2021:09:52:02 +0200] "GET /reload?ser=1626940321980 HTTP/1.1" 200 28 "http://renault.activities.at/result?searchterm=true&search=duster" "Mozilla/5.0 (Windows NT 6.1; Win64; x64; rv:90.0) Gecko/20100101 Firefox/90.0"
80.120.5.131 - - [22/Jul/2021:09:52:12 +0200] "POST /717168?print=true HTTP/1.1" 200 2797 "http://renault.activities.at/717168?print=true" "Mozilla/5.0 (Windows NT 10.0; Win64; x64) AppleWebKit/537.36 (KHTML, like Gecko) Chrome/91.0.4472.164 Safari/537.36"
80.120.5.131 - - [22/Jul/2021:09:52:14 +0200] "GET /images/success_msg_icon.gif HTTP/1.1" 200 1024 "http://renault.activities.at/css/styles.css" "Mozilla/5.0 (Windows NT 10.0; Win64; x64) AppleWebKit/537.36 (KHTML, like Gecko) Chrome/91.0.4472.164 Safari/537.36"
138.21.12.24 - - [22/Jul/2021:09:52:25 +0200] "GET /reload?ser=1626940345535 HTTP/1.1" 200 28 "http://renault.2web.at/account" "Mozilla/5.0 (Windows NT 10.0; Win64; x64) AppleWebKit/537.36 (KHTML, like Gecko) Chrome/91.0.4472.164 Safari/537.36"
80.120.5.131 - - [22/Jul/2021:09:52:25 +0200] "POST /axjaxrequest?mode=suggest HTTP/1.1" 200 483 "http://renault.activities.at/result?searchterm=true&search=Assistance" "Mozilla/5.0 (Windows NT 10.0; Win64; x64) AppleWebKit/537.36 (KHTML, like Gecko) Chrome/91.0.4472.164 Safari/537.36"
80.120.5.131 - - [22/Jul/2021:09:52:28 +0200] "POST /axjaxrequest?mode=suggest HTTP/1.1" 200 112 "http://renault.activities.at/result?searchterm=true&search=Assistance" "Mozilla/5.0 (Windows NT 10.0; Win64; x64) AppleWebKit/537.36 (KHTML, like Gecko) Chrome/91.0.4472.164 Safari/537.36"
80.120.5.131 - - [22/Jul/2021:09:52:28 +0200] "POST /axjaxrequest?mode=suggest HTTP/1.1" 200 112 "http://renault.activities.at/result?searchterm=true&search=Assistance" "Mozilla/5.0 (Windows NT 10.0; Win64; x64) AppleWebKit/537.36 (KHTML, like Gecko) Chrome/91.0.4472.164 Safari/537.36"
80.120.5.131 - - [22/Jul/2021:09:52:29 +0200] "GET /result?searchterm=true&search=arkana HTTP/1.1" 200 7444 "http://renault.activities.at/result?searchterm=true&search=Assistance" "Mozilla/5.0 (Windows NT 10.0; Win64; x64) AppleWebKit/537.36 (KHTML, like Gecko) Chrome/91.0.4472.164 Safari/537.36"
80.120.5.131 - - [22/Jul/2021:09:52:32 +0200] "GET /loadthumbnail.php?id=12421078&width=113 HTTP/1.1" 200 1888 "http://renault.activities.at/result?searchterm=true&search=arkana" "Mozilla/5.0 (Windows NT 10.0; Win64; x64) AppleWebKit/537.36 (KHTML, like Gecko) Chrome/91.0.4472.164 Safari/537.36"
80.120.5.131 - - [22/Jul/2021:09:52:32 +0200] "GET /loadthumbnail.php?id=12358950&width=113 HTTP/1.1" 200 1680 "http://renault.activities.at/result?searchterm=true&search=arkana" "Mozilla/5.0 (Windows NT 10.0; Win64; x64) AppleWebKit/537.36 (KHTML, like Gecko) Chrome/91.0.4472.164 Safari/537.36"
80.120.5.131 - - [22/Jul/2021:09:52:32 +0200] "GET /loadthumbnail.php?id=12421074&width=113 HTTP/1.1" 200 1888 "http://renault.activities.at/result?searchterm=true&search=arkana" "Mozilla/5.0 (Windows NT 10.0; Win64; x64) AppleWebKit/537.36 (KHTML, like Gecko) Chrome/91.0.4472.164 Safari/537.36"
80.120.5.131 - - [22/Jul/2021:09:52:32 +0200] "GET /loadthumbnail.php?id=12421086&width=113 HTTP/1.1" 200 1910 "http://renault.activities.at/result?searchterm=true&search=arkana" "Mozilla/5.0 (Windows NT 10.0; Win64; x64) AppleWebKit/537.36 (KHTML, like Gecko) Chrome/91.0.4472.164 Safari/537.36"
80.120.5.131 - - [22/Jul/2021:09:52:32 +0200] "GET /loadthumbnail.php?id=12421082&width=113 HTTP/1.1" 200 1910 "http://renault.activities.at/result?searchterm=true&search=arkana" "Mozilla/5.0 (Windows NT 10.0; Win64; x64) AppleWebKit/537.36 (KHTML, like Gecko) Chrome/91.0.4472.164 Safari/537.36"
80.120.5.131 - - [22/Jul/2021:09:52:32 +0200] "GET /loadthumbnail.php?id=12358949&width=113 HTTP/1.1" 200 2061 "http://renault.activities.at/result?searchterm=true&search=arkana" "Mozilla/5.0 (Windows NT 10.0; Win64; x64) AppleWebKit/537.36 (KHTML, like Gecko) Chrome/91.0.4472.164 Safari/537.36"
80.120.5.131 - - [22/Jul/2021:09:52:33 +0200] "GET /loadthumbnail.php?id=12414627&width=113 HTTP/1.1" 200 3273 "http://renault.activities.at/result?searchterm=true&search=arkana" "Mozilla/5.0 (Windows NT 10.0; Win64; x64) AppleWebKit/537.36 (KHTML, like Gecko) Chrome/91.0.4472.164 Safari/537.36"
88.117.213.154 - - [22/Jul/2021:09:52:39 +0200] "POST /result?searchterm=true&search=duster HTTP/1.1" 200 7047 "http://renault.activities.at/result?searchterm=true&search=duster" "Mozilla/5.0 (Windows NT 6.1; Win64; x64; rv:90.0) Gecko/20100101 Firefox/90.0"
88.117.213.154 - - [22/Jul/2021:09:52:42 +0200] "GET /loadthumbnail.php?id=10203255 HTTP/1.1" 200 137 "http://renault.activities.at/result?searchterm=true&search=duster" "Mozilla/5.0 (Windows NT 6.1; Win64; x64; rv:90.0) Gecko/20100101 Firefox/90.0"
88.117.213.154 - - [22/Jul/2021:09:52:42 +0200] "GET /loadthumbnail.php?id=12204968&width=50&height=50 HTTP/1.1" 200 1557 "http://renault.activities.at/result?searchterm=true&search=duster" "Mozilla/5.0 (Windows NT 6.1; Win64; x64; rv:90.0) Gecko/20100101 Firefox/90.0"
88.117.213.154 - - [22/Jul/2021:09:52:42 +0200] "GET /loadthumbnail.php?id=12363384&width=50&height=50 HTTP/1.1" 200 3915 "http://renault.activities.at/result?searchterm=true&search=duster" "Mozilla/5.0 (Windows NT 6.1; Win64; x64; rv:90.0) Gecko/20100101 Firefox/90.0"
88.117.213.154 - - [22/Jul/2021:09:52:42 +0200] "GET /loadthumbnail.php?id=12428361&width=113 HTTP/1.1" 200 6467 "http://renault.activities.at/result?searchterm=true&search=duster" "Mozilla/5.0 (Windows NT 6.1; Win64; x64; rv:90.0) Gecko/20100101 Firefox/90.0"
88.117.213.154 - - [22/Jul/2021:09:52:42 +0200] "GET /loadthumbnail.php?id=12310511&width=113 HTTP/1.1" 200 2831 "http://renault.activities.at/result?searchterm=true&search=duster" "Mozilla/5.0 (Windows NT 6.1; Win64; x64; rv:90.0) Gecko/20100101 Firefox/90.0"
88.117.213.154 - - [22/Jul/2021:09:52:42 +0200] "GET /loadthumbnail.php?id=12022099&width=113 HTTP/1.1" 200 2908 "http://renault.activities.at/result?searchterm=true&search=duster" "Mozilla/5.0 (Windows NT 6.1; Win64; x64; rv:90.0) Gecko/20100101 Firefox/90.0"
88.117.213.154 - - [22/Jul/2021:09:52:43 +0200] "GET /images/success_msg_icon.gif HTTP/1.1" 200 1024 "http://renault.activities.at/css/styles.css" "Mozilla/5.0 (Windows NT 6.1; Win64; x64; rv:90.0) Gecko/20100101 Firefox/90.0"
88.117.213.154 - - [22/Jul/2021:09:52:43 +0200] "GET /loadthumbnail.php?id=10203650&width=113 HTTP/1.1" 200 2741 "http://renault.activities.at/result?searchterm=true&search=duster" "Mozilla/5.0 (Windows NT 6.1; Win64; x64; rv:90.0) Gecko/20100101 Firefox/90.0"
88.117.213.154 - - [22/Jul/2021:09:52:43 +0200] "GET /loadthumbnail.php?id=11877757&width=113 HTTP/1.1" 200 32396 "http://renault.activities.at/result?searchterm=true&search=duster" "Mozilla/5.0 (Windows NT 6.1; Win64; x64; rv:90.0) Gecko/20100101 Firefox/90.0"
88.117.213.154 - - [22/Jul/2021:09:52:43 +0200] "GET /loadthumbnail.php?id=12237270&width=113 HTTP/1.1" 200 2874 "http://renault.activities.at/result?searchterm=true&search=duster" "Mozilla/5.0 (Windows NT 6.1; Win64; x64; rv:90.0) Gecko/20100101 Firefox/90.0"
88.117.213.154 - - [22/Jul/2021:09:52:43 +0200] "GET /loadthumbnail.php?id=11715009&width=113 HTTP/1.1" 200 22295 "http://renault.activities.at/result?searchterm=true&search=duster" "Mozilla/5.0 (Windows NT 6.1; Win64; x64; rv:90.0) Gecko/20100101 Firefox/90.0"
88.117.213.154 - - [22/Jul/2021:09:52:43 +0200] "GET /loadthumbnail.php?id=11127982 HTTP/1.1" 200 399614 "http://renault.activities.at/result?searchterm=true&search=duster" "Mozilla/5.0 (Windows NT 6.1; Win64; x64; rv:90.0) Gecko/20100101 Firefox/90.0"
88.117.213.154 - - [22/Jul/2021:09:52:47 +0200] "POST /result?searchterm=true&search=duster HTTP/1.1" 200 7081 "http://renault.activities.at/result?searchterm=true&search=duster" "Mozilla/5.0 (Windows NT 6.1; Win64; x64; rv:90.0) Gecko/20100101 Firefox/90.0"
88.117.213.154 - - [22/Jul/2021:09:52:49 +0200] "GET /images/error_msg_icon.gif HTTP/1.1" 200 1013 "http://renault.activities.at/css/styles.css" "Mozilla/5.0 (Windows NT 6.1; Win64; x64; rv:90.0) Gecko/20100101 Firefox/90.0"
88.117.213.154 - - [22/Jul/2021:09:52:49 +0200] "GET /loadthumbnail.php?id=12363384&width=50&height=50 HTTP/1.1" 200 3915 "http://renault.activities.at/result?searchterm=true&search=duster" "Mozilla/5.0 (Windows NT 6.1; Win64; x64; rv:90.0) Gecko/20100101 Firefox/90.0"
88.117.213.154 - - [22/Jul/2021:09:52:49 +0200] "GET /loadthumbnail.php?id=12204968&width=50&height=50 HTTP/1.1" 200 1557 "http://renault.activities.at/result?searchterm=true&search=duster" "Mozilla/5.0 (Windows NT 6.1; Win64; x64; rv:90.0) Gecko/20100101 Firefox/90.0"
88.117.213.154 - - [22/Jul/2021:09:52:49 +0200] "GET /loadthumbnail.php?id=10203255 HTTP/1.1" 200 137 "http://renault.activities.at/result?searchterm=true&search=duster" "Mozilla/5.0 (Windows NT 6.1; Win64; x64; rv:90.0) Gecko/20100101 Firefox/90.0"
