80.122.46.22 - - [03/Aug/2021:15:07:11 +0200] "POST /docheckout HTTP/1.1" 200 443 "http://renault.activities.at/checkout" "Mozilla/5.0 (Windows NT 10.0; Win64; x64) AppleWebKit/537.36 (KHTML, like Gecko) Chrome/92.0.4515.107 Safari/537.36"
80.122.46.22 - - [03/Aug/2021:15:07:15 +0200] "POST /docheckout HTTP/1.1" 200 611 "http://renault.activities.at/checkout" "Mozilla/5.0 (Windows NT 10.0; Win64; x64) AppleWebKit/537.36 (KHTML, like Gecko) Chrome/92.0.4515.107 Safari/537.36"
81.223.47.147 - - [03/Aug/2021:15:07:18 +0200] "GET /reload?ser=1627996038515 HTTP/1.1" 200 1246 "http://renault.activities.at/" "Mozilla/5.0 (Windows NT 10.0; Win64; x64) AppleWebKit/537.36 (KHTML, like Gecko) Chrome/92.0.4515.107 Safari/537.36"
139.178.117.135 - - [03/Aug/2021:15:07:47 +0200] "GET /reload?ser=1627996067276 HTTP/1.1" 200 28 "http://renault.activities.at/10260307" "Mozilla/5.0 (Windows NT 10.0; WOW64; Trident/7.0; rv:11.0) like Gecko"
80.122.46.22 - - [03/Aug/2021:15:08:08 +0200] "POST /docheckout HTTP/1.1" 200 68 "http://renault.activities.at/checkout" "Mozilla/5.0 (Windows NT 10.0; Win64; x64) AppleWebKit/537.36 (KHTML, like Gecko) Chrome/92.0.4515.107 Safari/537.36"
138.21.12.30 - - [03/Aug/2021:15:08:11 +0200] "GET /reload?ser=1627996091289 HTTP/1.1" 200 28 "http://renault.2web.at/" "Mozilla/5.0 (Windows NT 10.0; Win64; x64) AppleWebKit/537.36 (KHTML, like Gecko) Chrome/91.0.4472.124 Safari/537.36"
80.122.46.22 - - [03/Aug/2021:15:08:09 +0200] "GET /reload?ser=1627996089161 HTTP/1.1" 200 28 "http://renault.activities.at/checkout" "Mozilla/5.0 (Windows NT 10.0; Win64; x64) AppleWebKit/537.36 (KHTML, like Gecko) Chrome/92.0.4515.107 Safari/537.36"
80.122.46.22 - - [03/Aug/2021:15:08:11 +0200] "GET /success HTTP/1.1" 200 3783 "http://renault.activities.at/checkout" "Mozilla/5.0 (Windows NT 10.0; Win64; x64) AppleWebKit/537.36 (KHTML, like Gecko) Chrome/92.0.4515.107 Safari/537.36"
81.223.47.147 - - [03/Aug/2021:15:08:19 +0200] "GET /reload?ser=1627996099507 HTTP/1.1" 200 1253 "http://renault.activities.at/" "Mozilla/5.0 (Windows NT 10.0; Win64; x64) AppleWebKit/537.36 (KHTML, like Gecko) Chrome/92.0.4515.107 Safari/537.36"
139.178.117.135 - - [03/Aug/2021:15:08:48 +0200] "GET /reload?ser=1627996128241 HTTP/1.1" 200 28 "http://renault.activities.at/10260307" "Mozilla/5.0 (Windows NT 10.0; WOW64; Trident/7.0; rv:11.0) like Gecko"
138.21.12.27 - - [03/Aug/2021:15:09:05 +0200] "GET / HTTP/1.1" 200 3096 "-" "Mozilla/5.0 (Windows NT 10.0; WOW64; Trident/7.0; rv:11.0) like Gecko"
138.21.12.27 - - [03/Aug/2021:15:09:06 +0200] "GET /js/index.php?c=auto&f=,prototype/prototype.js,prototype/validation.js,scriptaculous/builder.js,scriptaculous/effects.js,scriptaculous/dragdrop.js,scriptaculous/controls.js,scriptaculous/slider.js,varien/js.js,varien/form.js,varien/menu.js,mage/translate.js,mage/cookies.js,varien/product.js,spinner/SpinnerControl.jsmin.js,prototype/window.js,prototype/window_ext.js HTTP/1.1" 304 - "http://renault.2web.at/" "Mozilla/5.0 (Windows NT 10.0; WOW64; Trident/7.0; rv:11.0) like Gecko"
138.21.12.27 - - [03/Aug/2021:15:09:06 +0200] "GET /css/styles.css HTTP/1.1" 304 - "http://renault.2web.at/" "Mozilla/5.0 (Windows NT 10.0; WOW64; Trident/7.0; rv:11.0) like Gecko"
138.21.12.27 - - [03/Aug/2021:15:09:07 +0200] "GET /images/favicon.ico HTTP/1.1" 404 300 "-" "Mozilla/5.0 (Windows NT 10.0; Win64; x64; Trident/7.0; rv:11.0) like Gecko"
138.21.12.30 - - [03/Aug/2021:15:09:12 +0200] "GET /reload?ser=1627996152289 HTTP/1.1" 200 28 "http://renault.2web.at/" "Mozilla/5.0 (Windows NT 10.0; Win64; x64) AppleWebKit/537.36 (KHTML, like Gecko) Chrome/91.0.4472.124 Safari/537.36"
81.223.47.147 - - [03/Aug/2021:15:09:20 +0200] "GET /reload?ser=1627996160511 HTTP/1.1" 200 1247 "http://renault.activities.at/" "Mozilla/5.0 (Windows NT 10.0; Win64; x64) AppleWebKit/537.36 (KHTML, like Gecko) Chrome/92.0.4515.107 Safari/537.36"
138.21.12.27 - - [03/Aug/2021:15:09:31 +0200] "GET / HTTP/1.1" 200 3096 "-" "Mozilla/5.0 (Windows NT 10.0; WOW64; Trident/7.0; rv:11.0) like Gecko"
138.21.12.27 - - [03/Aug/2021:15:09:32 +0200] "GET /images/favicon.ico HTTP/1.1" 404 300 "-" "Mozilla/5.0 (Windows NT 10.0; Win64; x64; Trident/7.0; rv:11.0) like Gecko"
138.21.12.27 - - [03/Aug/2021:15:09:32 +0200] "GET /favicon.ico HTTP/1.1" 200 3250 "-" "Mozilla/5.0 (Windows NT 10.0; Win64; x64; Trident/7.0; rv:11.0) like Gecko"
139.178.117.135 - - [03/Aug/2021:15:09:49 +0200] "GET /reload?ser=1627996189196 HTTP/1.1" 200 28 "http://renault.activities.at/10260307" "Mozilla/5.0 (Windows NT 10.0; WOW64; Trident/7.0; rv:11.0) like Gecko"
138.21.12.30 - - [03/Aug/2021:15:10:13 +0200] "GET /reload?ser=1627996213289 HTTP/1.1" 200 28 "http://renault.2web.at/" "Mozilla/5.0 (Windows NT 10.0; Win64; x64) AppleWebKit/537.36 (KHTML, like Gecko) Chrome/91.0.4472.124 Safari/537.36"
81.223.47.147 - - [03/Aug/2021:15:10:21 +0200] "GET /reload?ser=1627996221509 HTTP/1.1" 200 1240 "http://renault.activities.at/" "Mozilla/5.0 (Windows NT 10.0; Win64; x64) AppleWebKit/537.36 (KHTML, like Gecko) Chrome/92.0.4515.107 Safari/537.36"
138.21.12.27 - - [03/Aug/2021:15:10:32 +0200] "GET /reload?ser=1627996232280 HTTP/1.1" 200 28 "http://renault.2web.at/" "Mozilla/5.0 (Windows NT 10.0; WOW64; Trident/7.0; rv:11.0) like Gecko"
139.178.117.135 - - [03/Aug/2021:15:10:50 +0200] "GET /reload?ser=1627996250123 HTTP/1.1" 200 28 "http://renault.activities.at/10260307" "Mozilla/5.0 (Windows NT 10.0; WOW64; Trident/7.0; rv:11.0) like Gecko"
138.21.12.30 - - [03/Aug/2021:15:11:14 +0200] "GET /reload?ser=1627996274289 HTTP/1.1" 200 28 "http://renault.2web.at/" "Mozilla/5.0 (Windows NT 10.0; Win64; x64) AppleWebKit/537.36 (KHTML, like Gecko) Chrome/91.0.4472.124 Safari/537.36"
81.223.47.147 - - [03/Aug/2021:15:11:22 +0200] "GET /reload?ser=1627996282516 HTTP/1.1" 200 1239 "http://renault.activities.at/" "Mozilla/5.0 (Windows NT 10.0; Win64; x64) AppleWebKit/537.36 (KHTML, like Gecko) Chrome/92.0.4515.107 Safari/537.36"
138.21.12.27 - - [03/Aug/2021:15:11:33 +0200] "GET /reload?ser=1627996293032 HTTP/1.1" 200 28 "http://renault.2web.at/" "Mozilla/5.0 (Windows NT 10.0; WOW64; Trident/7.0; rv:11.0) like Gecko"
139.178.117.135 - - [03/Aug/2021:15:11:50 +0200] "GET /reload?ser=1627996311073 HTTP/1.1" 200 28 "http://renault.activities.at/10260307" "Mozilla/5.0 (Windows NT 10.0; WOW64; Trident/7.0; rv:11.0) like Gecko"
138.21.12.30 - - [03/Aug/2021:15:12:15 +0200] "GET /reload?ser=1627996335290 HTTP/1.1" 200 28 "http://renault.2web.at/" "Mozilla/5.0 (Windows NT 10.0; Win64; x64) AppleWebKit/537.36 (KHTML, like Gecko) Chrome/91.0.4472.124 Safari/537.36"
81.223.47.147 - - [03/Aug/2021:15:12:23 +0200] "GET /reload?ser=1627996343518 HTTP/1.1" 200 1250 "http://renault.activities.at/" "Mozilla/5.0 (Windows NT 10.0; Win64; x64) AppleWebKit/537.36 (KHTML, like Gecko) Chrome/92.0.4515.107 Safari/537.36"
138.21.12.27 - - [03/Aug/2021:15:12:33 +0200] "GET /reload?ser=1627996353810 HTTP/1.1" 200 28 "http://renault.2web.at/" "Mozilla/5.0 (Windows NT 10.0; WOW64; Trident/7.0; rv:11.0) like Gecko"
139.178.117.135 - - [03/Aug/2021:15:12:51 +0200] "GET /reload?ser=1627996372028 HTTP/1.1" 200 28 "http://renault.activities.at/10260307" "Mozilla/5.0 (Windows NT 10.0; WOW64; Trident/7.0; rv:11.0) like Gecko"
138.21.12.30 - - [03/Aug/2021:15:13:16 +0200] "GET /reload?ser=1627996396290 HTTP/1.1" 200 28 "http://renault.2web.at/" "Mozilla/5.0 (Windows NT 10.0; Win64; x64) AppleWebKit/537.36 (KHTML, like Gecko) Chrome/91.0.4472.124 Safari/537.36"
81.223.47.147 - - [03/Aug/2021:15:13:24 +0200] "GET /reload?ser=1627996404518 HTTP/1.1" 200 1240 "http://renault.activities.at/" "Mozilla/5.0 (Windows NT 10.0; Win64; x64) AppleWebKit/537.36 (KHTML, like Gecko) Chrome/92.0.4515.107 Safari/537.36"
138.21.12.27 - - [03/Aug/2021:15:13:34 +0200] "GET /reload?ser=1627996414574 HTTP/1.1" 200 28 "http://renault.2web.at/" "Mozilla/5.0 (Windows NT 10.0; WOW64; Trident/7.0; rv:11.0) like Gecko"
139.178.117.135 - - [03/Aug/2021:15:13:52 +0200] "GET /reload?ser=1627996432974 HTTP/1.1" 200 28 "http://renault.activities.at/10260307" "Mozilla/5.0 (Windows NT 10.0; WOW64; Trident/7.0; rv:11.0) like Gecko"
138.21.12.30 - - [03/Aug/2021:15:14:17 +0200] "GET /reload?ser=1627996457289 HTTP/1.1" 200 28 "http://renault.2web.at/" "Mozilla/5.0 (Windows NT 10.0; Win64; x64) AppleWebKit/537.36 (KHTML, like Gecko) Chrome/91.0.4472.124 Safari/537.36"
81.223.47.147 - - [03/Aug/2021:15:14:25 +0200] "GET /reload?ser=1627996465519 HTTP/1.1" 200 1247 "http://renault.activities.at/" "Mozilla/5.0 (Windows NT 10.0; Win64; x64) AppleWebKit/537.36 (KHTML, like Gecko) Chrome/92.0.4515.107 Safari/537.36"
138.21.12.27 - - [03/Aug/2021:15:14:35 +0200] "GET /reload?ser=1627996475288 HTTP/1.1" 200 28 "http://renault.2web.at/" "Mozilla/5.0 (Windows NT 10.0; WOW64; Trident/7.0; rv:11.0) like Gecko"
139.178.117.135 - - [03/Aug/2021:15:14:53 +0200] "GET /reload?ser=1627996493917 HTTP/1.1" 200 28 "http://renault.activities.at/10260307" "Mozilla/5.0 (Windows NT 10.0; WOW64; Trident/7.0; rv:11.0) like Gecko"
138.21.12.30 - - [03/Aug/2021:15:15:18 +0200] "GET /reload?ser=1627996518289 HTTP/1.1" 200 28 "http://renault.2web.at/" "Mozilla/5.0 (Windows NT 10.0; Win64; x64) AppleWebKit/537.36 (KHTML, like Gecko) Chrome/91.0.4472.124 Safari/537.36"
81.223.47.147 - - [03/Aug/2021:15:15:26 +0200] "GET /reload?ser=1627996526520 HTTP/1.1" 200 1244 "http://renault.activities.at/" "Mozilla/5.0 (Windows NT 10.0; Win64; x64) AppleWebKit/537.36 (KHTML, like Gecko) Chrome/92.0.4515.107 Safari/537.36"
138.21.12.27 - - [03/Aug/2021:15:15:36 +0200] "GET /reload?ser=1627996536016 HTTP/1.1" 200 28 "http://renault.2web.at/" "Mozilla/5.0 (Windows NT 10.0; WOW64; Trident/7.0; rv:11.0) like Gecko"
139.178.117.135 - - [03/Aug/2021:15:15:54 +0200] "GET /reload?ser=1627996554872 HTTP/1.1" 200 28 "http://renault.activities.at/10260307" "Mozilla/5.0 (Windows NT 10.0; WOW64; Trident/7.0; rv:11.0) like Gecko"
138.21.12.30 - - [03/Aug/2021:15:16:19 +0200] "GET /reload?ser=1627996579290 HTTP/1.1" 200 28 "http://renault.2web.at/" "Mozilla/5.0 (Windows NT 10.0; Win64; x64) AppleWebKit/537.36 (KHTML, like Gecko) Chrome/91.0.4472.124 Safari/537.36"
81.223.47.147 - - [03/Aug/2021:15:16:27 +0200] "GET /reload?ser=1627996587518 HTTP/1.1" 200 1239 "http://renault.activities.at/" "Mozilla/5.0 (Windows NT 10.0; Win64; x64) AppleWebKit/537.36 (KHTML, like Gecko) Chrome/92.0.4515.107 Safari/537.36"
138.21.12.27 - - [03/Aug/2021:15:16:36 +0200] "GET /reload?ser=1627996596770 HTTP/1.1" 200 28 "http://renault.2web.at/" "Mozilla/5.0 (Windows NT 10.0; WOW64; Trident/7.0; rv:11.0) like Gecko"
139.178.117.135 - - [03/Aug/2021:15:16:55 +0200] "GET /reload?ser=1627996615864 HTTP/1.1" 200 28 "http://renault.activities.at/10260307" "Mozilla/5.0 (Windows NT 10.0; WOW64; Trident/7.0; rv:11.0) like Gecko"
138.21.12.30 - - [03/Aug/2021:15:17:20 +0200] "GET /reload?ser=1627996640291 HTTP/1.1" 200 28 "http://renault.2web.at/" "Mozilla/5.0 (Windows NT 10.0; Win64; x64) AppleWebKit/537.36 (KHTML, like Gecko) Chrome/91.0.4472.124 Safari/537.36"
81.223.47.147 - - [03/Aug/2021:15:17:28 +0200] "GET /reload?ser=1627996648518 HTTP/1.1" 200 1237 "http://renault.activities.at/" "Mozilla/5.0 (Windows NT 10.0; Win64; x64) AppleWebKit/537.36 (KHTML, like Gecko) Chrome/92.0.4515.107 Safari/537.36"
138.21.12.27 - - [03/Aug/2021:15:17:37 +0200] "GET /reload?ser=1627996657494 HTTP/1.1" 200 28 "http://renault.2web.at/" "Mozilla/5.0 (Windows NT 10.0; WOW64; Trident/7.0; rv:11.0) like Gecko"
139.178.117.135 - - [03/Aug/2021:15:17:56 +0200] "GET /reload?ser=1627996676828 HTTP/1.1" 200 28 "http://renault.activities.at/10260307" "Mozilla/5.0 (Windows NT 10.0; WOW64; Trident/7.0; rv:11.0) like Gecko"
138.21.12.30 - - [03/Aug/2021:15:18:21 +0200] "GET /reload?ser=1627996701291 HTTP/1.1" 200 28 "http://renault.2web.at/" "Mozilla/5.0 (Windows NT 10.0; Win64; x64) AppleWebKit/537.36 (KHTML, like Gecko) Chrome/91.0.4472.124 Safari/537.36"
81.223.47.147 - - [03/Aug/2021:15:18:29 +0200] "GET /reload?ser=1627996709507 HTTP/1.1" 200 1243 "http://renault.activities.at/" "Mozilla/5.0 (Windows NT 10.0; Win64; x64) AppleWebKit/537.36 (KHTML, like Gecko) Chrome/92.0.4515.107 Safari/537.36"
138.21.12.27 - - [03/Aug/2021:15:18:38 +0200] "GET /reload?ser=1627996718215 HTTP/1.1" 200 28 "http://renault.2web.at/" "Mozilla/5.0 (Windows NT 10.0; WOW64; Trident/7.0; rv:11.0) like Gecko"
139.178.117.135 - - [03/Aug/2021:15:18:57 +0200] "GET /reload?ser=1627996737802 HTTP/1.1" 200 28 "http://renault.activities.at/10260307" "Mozilla/5.0 (Windows NT 10.0; WOW64; Trident/7.0; rv:11.0) like Gecko"
138.21.12.30 - - [03/Aug/2021:15:19:22 +0200] "GET /reload?ser=1627996762291 HTTP/1.1" 200 28 "http://renault.2web.at/" "Mozilla/5.0 (Windows NT 10.0; Win64; x64) AppleWebKit/537.36 (KHTML, like Gecko) Chrome/91.0.4472.124 Safari/537.36"
81.223.47.147 - - [03/Aug/2021:15:19:30 +0200] "GET /reload?ser=1627996770511 HTTP/1.1" 200 1239 "http://renault.activities.at/" "Mozilla/5.0 (Windows NT 10.0; Win64; x64) AppleWebKit/537.36 (KHTML, like Gecko) Chrome/92.0.4515.107 Safari/537.36"
138.21.12.27 - - [03/Aug/2021:15:19:38 +0200] "GET /reload?ser=1627996778955 HTTP/1.1" 200 28 "http://renault.2web.at/" "Mozilla/5.0 (Windows NT 10.0; WOW64; Trident/7.0; rv:11.0) like Gecko"
139.178.117.135 - - [03/Aug/2021:15:19:58 +0200] "GET /reload?ser=1627996798769 HTTP/1.1" 200 28 "http://renault.activities.at/10260307" "Mozilla/5.0 (Windows NT 10.0; WOW64; Trident/7.0; rv:11.0) like Gecko"
138.21.12.30 - - [03/Aug/2021:15:20:23 +0200] "GET /reload?ser=1627996823291 HTTP/1.1" 200 28 "http://renault.2web.at/" "Mozilla/5.0 (Windows NT 10.0; Win64; x64) AppleWebKit/537.36 (KHTML, like Gecko) Chrome/91.0.4472.124 Safari/537.36"
81.223.47.147 - - [03/Aug/2021:15:20:31 +0200] "GET /reload?ser=1627996831509 HTTP/1.1" 200 1244 "http://renault.activities.at/" "Mozilla/5.0 (Windows NT 10.0; Win64; x64) AppleWebKit/537.36 (KHTML, like Gecko) Chrome/92.0.4515.107 Safari/537.36"
138.21.12.27 - - [03/Aug/2021:15:20:39 +0200] "GET /reload?ser=1627996839703 HTTP/1.1" 200 28 "http://renault.2web.at/" "Mozilla/5.0 (Windows NT 10.0; WOW64; Trident/7.0; rv:11.0) like Gecko"
139.178.117.135 - - [03/Aug/2021:15:20:59 +0200] "GET /reload?ser=1627996859740 HTTP/1.1" 200 28 "http://renault.activities.at/10260307" "Mozilla/5.0 (Windows NT 10.0; WOW64; Trident/7.0; rv:11.0) like Gecko"
138.21.12.30 - - [03/Aug/2021:15:21:24 +0200] "GET /reload?ser=1627996884293 HTTP/1.1" 200 28 "http://renault.2web.at/" "Mozilla/5.0 (Windows NT 10.0; Win64; x64) AppleWebKit/537.36 (KHTML, like Gecko) Chrome/91.0.4472.124 Safari/537.36"
81.223.47.147 - - [03/Aug/2021:15:21:32 +0200] "GET /reload?ser=1627996892513 HTTP/1.1" 200 1237 "http://renault.activities.at/" "Mozilla/5.0 (Windows NT 10.0; Win64; x64) AppleWebKit/537.36 (KHTML, like Gecko) Chrome/92.0.4515.107 Safari/537.36"
138.21.12.27 - - [03/Aug/2021:15:21:40 +0200] "GET /reload?ser=1627996900444 HTTP/1.1" 200 28 "http://renault.2web.at/" "Mozilla/5.0 (Windows NT 10.0; WOW64; Trident/7.0; rv:11.0) like Gecko"
139.178.117.135 - - [03/Aug/2021:15:22:00 +0200] "GET /reload?ser=1627996920696 HTTP/1.1" 200 28 "http://renault.activities.at/10260307" "Mozilla/5.0 (Windows NT 10.0; WOW64; Trident/7.0; rv:11.0) like Gecko"
138.21.12.30 - - [03/Aug/2021:15:22:25 +0200] "GET /reload?ser=1627996945292 HTTP/1.1" 200 28 "http://renault.2web.at/" "Mozilla/5.0 (Windows NT 10.0; Win64; x64) AppleWebKit/537.36 (KHTML, like Gecko) Chrome/91.0.4472.124 Safari/537.36"
81.223.47.147 - - [03/Aug/2021:15:22:33 +0200] "GET /reload?ser=1627996953510 HTTP/1.1" 200 1245 "http://renault.activities.at/" "Mozilla/5.0 (Windows NT 10.0; Win64; x64) AppleWebKit/537.36 (KHTML, like Gecko) Chrome/92.0.4515.107 Safari/537.36"
138.21.12.27 - - [03/Aug/2021:15:22:41 +0200] "GET /reload?ser=1627996961194 HTTP/1.1" 200 28 "http://renault.2web.at/" "Mozilla/5.0 (Windows NT 10.0; WOW64; Trident/7.0; rv:11.0) like Gecko"
139.178.117.135 - - [03/Aug/2021:15:23:01 +0200] "GET /reload?ser=1627996981647 HTTP/1.1" 200 28 "http://renault.activities.at/10260307" "Mozilla/5.0 (Windows NT 10.0; WOW64; Trident/7.0; rv:11.0) like Gecko"
81.223.47.147 - - [03/Aug/2021:15:23:34 +0200] "GET /reload?ser=1627997014518 HTTP/1.1" 200 1236 "http://renault.activities.at/" "Mozilla/5.0 (Windows NT 10.0; Win64; x64) AppleWebKit/537.36 (KHTML, like Gecko) Chrome/92.0.4515.107 Safari/537.36"
138.21.12.27 - - [03/Aug/2021:15:23:41 +0200] "GET /reload?ser=1627997021942 HTTP/1.1" 200 28 "http://renault.2web.at/" "Mozilla/5.0 (Windows NT 10.0; WOW64; Trident/7.0; rv:11.0) like Gecko"
139.178.117.135 - - [03/Aug/2021:15:24:02 +0200] "GET /reload?ser=1627997042577 HTTP/1.1" 200 28 "http://renault.activities.at/10260307" "Mozilla/5.0 (Windows NT 10.0; WOW64; Trident/7.0; rv:11.0) like Gecko"
81.223.47.147 - - [03/Aug/2021:15:24:35 +0200] "GET /reload?ser=1627997075521 HTTP/1.1" 200 1238 "http://renault.activities.at/" "Mozilla/5.0 (Windows NT 10.0; Win64; x64) AppleWebKit/537.36 (KHTML, like Gecko) Chrome/92.0.4515.107 Safari/537.36"
138.21.12.27 - - [03/Aug/2021:15:24:42 +0200] "GET /reload?ser=1627997082676 HTTP/1.1" 200 28 "http://renault.2web.at/" "Mozilla/5.0 (Windows NT 10.0; WOW64; Trident/7.0; rv:11.0) like Gecko"
139.178.117.135 - - [03/Aug/2021:15:25:03 +0200] "GET /reload?ser=1627997103531 HTTP/1.1" 200 28 "http://renault.activities.at/10260307" "Mozilla/5.0 (Windows NT 10.0; WOW64; Trident/7.0; rv:11.0) like Gecko"
81.223.47.147 - - [03/Aug/2021:15:25:36 +0200] "GET /reload?ser=1627997136508 HTTP/1.1" 200 1235 "http://renault.activities.at/" "Mozilla/5.0 (Windows NT 10.0; Win64; x64) AppleWebKit/537.36 (KHTML, like Gecko) Chrome/92.0.4515.107 Safari/537.36"
138.21.12.27 - - [03/Aug/2021:15:25:43 +0200] "GET /reload?ser=1627997143404 HTTP/1.1" 200 28 "http://renault.2web.at/" "Mozilla/5.0 (Windows NT 10.0; WOW64; Trident/7.0; rv:11.0) like Gecko"
139.178.117.135 - - [03/Aug/2021:15:26:04 +0200] "GET /reload?ser=1627997164495 HTTP/1.1" 200 28 "http://renault.activities.at/10260307" "Mozilla/5.0 (Windows NT 10.0; WOW64; Trident/7.0; rv:11.0) like Gecko"
81.223.47.147 - - [03/Aug/2021:15:26:37 +0200] "GET /reload?ser=1627997197521 HTTP/1.1" 200 1245 "http://renault.activities.at/" "Mozilla/5.0 (Windows NT 10.0; Win64; x64) AppleWebKit/537.36 (KHTML, like Gecko) Chrome/92.0.4515.107 Safari/537.36"
138.21.12.27 - - [03/Aug/2021:15:26:44 +0200] "GET /reload?ser=1627997204115 HTTP/1.1" 200 28 "http://renault.2web.at/" "Mozilla/5.0 (Windows NT 10.0; WOW64; Trident/7.0; rv:11.0) like Gecko"
139.178.117.135 - - [03/Aug/2021:15:27:05 +0200] "GET /reload?ser=1627997225470 HTTP/1.1" 200 28 "http://renault.activities.at/10260307" "Mozilla/5.0 (Windows NT 10.0; WOW64; Trident/7.0; rv:11.0) like Gecko"
81.223.47.147 - - [03/Aug/2021:15:27:38 +0200] "GET /reload?ser=1627997258516 HTTP/1.1" 200 1245 "http://renault.activities.at/" "Mozilla/5.0 (Windows NT 10.0; Win64; x64) AppleWebKit/537.36 (KHTML, like Gecko) Chrome/92.0.4515.107 Safari/537.36"
138.21.12.27 - - [03/Aug/2021:15:27:44 +0200] "GET /reload?ser=1627997264864 HTTP/1.1" 200 28 "http://renault.2web.at/" "Mozilla/5.0 (Windows NT 10.0; WOW64; Trident/7.0; rv:11.0) like Gecko"
139.178.117.135 - - [03/Aug/2021:15:28:06 +0200] "GET /reload?ser=1627997286443 HTTP/1.1" 200 28 "http://renault.activities.at/10260307" "Mozilla/5.0 (Windows NT 10.0; WOW64; Trident/7.0; rv:11.0) like Gecko"
81.223.47.147 - - [03/Aug/2021:15:28:39 +0200] "GET /reload?ser=1627997319513 HTTP/1.1" 200 1244 "http://renault.activities.at/" "Mozilla/5.0 (Windows NT 10.0; Win64; x64) AppleWebKit/537.36 (KHTML, like Gecko) Chrome/92.0.4515.107 Safari/537.36"
138.21.12.27 - - [03/Aug/2021:15:28:45 +0200] "GET /reload?ser=1627997325616 HTTP/1.1" 200 28 "http://renault.2web.at/" "Mozilla/5.0 (Windows NT 10.0; WOW64; Trident/7.0; rv:11.0) like Gecko"
139.178.117.135 - - [03/Aug/2021:15:29:07 +0200] "GET /reload?ser=1627997347407 HTTP/1.1" 200 28 "http://renault.activities.at/10260307" "Mozilla/5.0 (Windows NT 10.0; WOW64; Trident/7.0; rv:11.0) like Gecko"
81.223.47.147 - - [03/Aug/2021:15:29:40 +0200] "GET /reload?ser=1627997380510 HTTP/1.1" 200 1246 "http://renault.activities.at/" "Mozilla/5.0 (Windows NT 10.0; Win64; x64) AppleWebKit/537.36 (KHTML, like Gecko) Chrome/92.0.4515.107 Safari/537.36"
138.21.12.27 - - [03/Aug/2021:15:29:46 +0200] "GET /reload?ser=1627997386348 HTTP/1.1" 200 28 "http://renault.2web.at/" "Mozilla/5.0 (Windows NT 10.0; WOW64; Trident/7.0; rv:11.0) like Gecko"
139.178.117.135 - - [03/Aug/2021:15:30:08 +0200] "GET /reload?ser=1627997408401 HTTP/1.1" 200 28 "http://renault.activities.at/10260307" "Mozilla/5.0 (Windows NT 10.0; WOW64; Trident/7.0; rv:11.0) like Gecko"
81.223.47.147 - - [03/Aug/2021:15:30:41 +0200] "GET /reload?ser=1627997441510 HTTP/1.1" 200 1237 "http://renault.activities.at/" "Mozilla/5.0 (Windows NT 10.0; Win64; x64) AppleWebKit/537.36 (KHTML, like Gecko) Chrome/92.0.4515.107 Safari/537.36"
138.21.12.27 - - [03/Aug/2021:15:30:47 +0200] "GET /reload?ser=1627997447089 HTTP/1.1" 200 28 "http://renault.2web.at/" "Mozilla/5.0 (Windows NT 10.0; WOW64; Trident/7.0; rv:11.0) like Gecko"
139.178.117.135 - - [03/Aug/2021:15:31:09 +0200] "GET /reload?ser=1627997469376 HTTP/1.1" 200 28 "http://renault.activities.at/10260307" "Mozilla/5.0 (Windows NT 10.0; WOW64; Trident/7.0; rv:11.0) like Gecko"
81.223.47.147 - - [03/Aug/2021:15:31:42 +0200] "GET /reload?ser=1627997502518 HTTP/1.1" 200 1239 "http://renault.activities.at/" "Mozilla/5.0 (Windows NT 10.0; Win64; x64) AppleWebKit/537.36 (KHTML, like Gecko) Chrome/92.0.4515.107 Safari/537.36"
138.21.12.27 - - [03/Aug/2021:15:31:47 +0200] "GET /reload?ser=1627997507837 HTTP/1.1" 200 28 "http://renault.2web.at/" "Mozilla/5.0 (Windows NT 10.0; WOW64; Trident/7.0; rv:11.0) like Gecko"
139.178.117.135 - - [03/Aug/2021:15:32:10 +0200] "GET /reload?ser=1627997530369 HTTP/1.1" 200 28 "http://renault.activities.at/10260307" "Mozilla/5.0 (Windows NT 10.0; WOW64; Trident/7.0; rv:11.0) like Gecko"
81.223.47.147 - - [03/Aug/2021:15:32:43 +0200] "GET /reload?ser=1627997563515 HTTP/1.1" 200 1238 "http://renault.activities.at/" "Mozilla/5.0 (Windows NT 10.0; Win64; x64) AppleWebKit/537.36 (KHTML, like Gecko) Chrome/92.0.4515.107 Safari/537.36"
138.21.12.27 - - [03/Aug/2021:15:32:48 +0200] "GET /reload?ser=1627997568542 HTTP/1.1" 200 28 "http://renault.2web.at/" "Mozilla/5.0 (Windows NT 10.0; WOW64; Trident/7.0; rv:11.0) like Gecko"
139.178.117.135 - - [03/Aug/2021:15:33:11 +0200] "GET /reload?ser=1627997591305 HTTP/1.1" 200 28 "http://renault.activities.at/10260307" "Mozilla/5.0 (Windows NT 10.0; WOW64; Trident/7.0; rv:11.0) like Gecko"
81.223.47.147 - - [03/Aug/2021:15:33:44 +0200] "GET /reload?ser=1627997624517 HTTP/1.1" 200 1243 "http://renault.activities.at/" "Mozilla/5.0 (Windows NT 10.0; Win64; x64) AppleWebKit/537.36 (KHTML, like Gecko) Chrome/92.0.4515.107 Safari/537.36"
138.21.12.27 - - [03/Aug/2021:15:33:49 +0200] "GET /reload?ser=1627997629286 HTTP/1.1" 200 28 "http://renault.2web.at/" "Mozilla/5.0 (Windows NT 10.0; WOW64; Trident/7.0; rv:11.0) like Gecko"
139.178.117.135 - - [03/Aug/2021:15:34:12 +0200] "GET /reload?ser=1627997652286 HTTP/1.1" 200 28 "http://renault.activities.at/10260307" "Mozilla/5.0 (Windows NT 10.0; WOW64; Trident/7.0; rv:11.0) like Gecko"
81.223.47.147 - - [03/Aug/2021:15:34:45 +0200] "GET /reload?ser=1627997685509 HTTP/1.1" 200 1247 "http://renault.activities.at/" "Mozilla/5.0 (Windows NT 10.0; Win64; x64) AppleWebKit/537.36 (KHTML, like Gecko) Chrome/92.0.4515.107 Safari/537.36"
138.21.12.27 - - [03/Aug/2021:15:34:50 +0200] "GET /reload?ser=1627997690012 HTTP/1.1" 200 28 "http://renault.2web.at/" "Mozilla/5.0 (Windows NT 10.0; WOW64; Trident/7.0; rv:11.0) like Gecko"
139.178.117.135 - - [03/Aug/2021:15:35:13 +0200] "GET /reload?ser=1627997713258 HTTP/1.1" 200 28 "http://renault.activities.at/10260307" "Mozilla/5.0 (Windows NT 10.0; WOW64; Trident/7.0; rv:11.0) like Gecko"
81.223.47.147 - - [03/Aug/2021:15:35:46 +0200] "GET /reload?ser=1627997746518 HTTP/1.1" 200 1239 "http://renault.activities.at/" "Mozilla/5.0 (Windows NT 10.0; Win64; x64) AppleWebKit/537.36 (KHTML, like Gecko) Chrome/92.0.4515.107 Safari/537.36"
138.21.12.27 - - [03/Aug/2021:15:35:50 +0200] "GET /reload?ser=1627997750752 HTTP/1.1" 200 28 "http://renault.2web.at/" "Mozilla/5.0 (Windows NT 10.0; WOW64; Trident/7.0; rv:11.0) like Gecko"
139.178.117.135 - - [03/Aug/2021:15:36:14 +0200] "GET /reload?ser=1627997774216 HTTP/1.1" 200 28 "http://renault.activities.at/10260307" "Mozilla/5.0 (Windows NT 10.0; WOW64; Trident/7.0; rv:11.0) like Gecko"
81.223.47.147 - - [03/Aug/2021:15:36:47 +0200] "GET /reload?ser=1627997807510 HTTP/1.1" 200 1239 "http://renault.activities.at/" "Mozilla/5.0 (Windows NT 10.0; Win64; x64) AppleWebKit/537.36 (KHTML, like Gecko) Chrome/92.0.4515.107 Safari/537.36"
138.21.12.27 - - [03/Aug/2021:15:36:51 +0200] "GET /reload?ser=1627997811460 HTTP/1.1" 200 28 "http://renault.2web.at/" "Mozilla/5.0 (Windows NT 10.0; WOW64; Trident/7.0; rv:11.0) like Gecko"
139.178.117.135 - - [03/Aug/2021:15:37:15 +0200] "GET /reload?ser=1627997835192 HTTP/1.1" 200 28 "http://renault.activities.at/10260307" "Mozilla/5.0 (Windows NT 10.0; WOW64; Trident/7.0; rv:11.0) like Gecko"
81.223.47.147 - - [03/Aug/2021:15:37:48 +0200] "GET /reload?ser=1627997868508 HTTP/1.1" 200 1245 "http://renault.activities.at/" "Mozilla/5.0 (Windows NT 10.0; Win64; x64) AppleWebKit/537.36 (KHTML, like Gecko) Chrome/92.0.4515.107 Safari/537.36"
138.21.12.27 - - [03/Aug/2021:15:37:52 +0200] "GET /reload?ser=1627997872188 HTTP/1.1" 200 28 "http://renault.2web.at/" "Mozilla/5.0 (Windows NT 10.0; WOW64; Trident/7.0; rv:11.0) like Gecko"
139.178.117.135 - - [03/Aug/2021:15:38:16 +0200] "GET /reload?ser=1627997896146 HTTP/1.1" 200 28 "http://renault.activities.at/10260307" "Mozilla/5.0 (Windows NT 10.0; WOW64; Trident/7.0; rv:11.0) like Gecko"
81.223.47.147 - - [03/Aug/2021:15:38:49 +0200] "GET /reload?ser=1627997929524 HTTP/1.1" 200 1243 "http://renault.activities.at/" "Mozilla/5.0 (Windows NT 10.0; Win64; x64) AppleWebKit/537.36 (KHTML, like Gecko) Chrome/92.0.4515.107 Safari/537.36"
138.21.12.27 - - [03/Aug/2021:15:38:52 +0200] "GET /reload?ser=1627997932911 HTTP/1.1" 200 28 "http://renault.2web.at/" "Mozilla/5.0 (Windows NT 10.0; WOW64; Trident/7.0; rv:11.0) like Gecko"
139.178.117.135 - - [03/Aug/2021:15:39:16 +0200] "GET /reload?ser=1627997957077 HTTP/1.1" 200 28 "http://renault.activities.at/10260307" "Mozilla/5.0 (Windows NT 10.0; WOW64; Trident/7.0; rv:11.0) like Gecko"
81.223.47.147 - - [03/Aug/2021:15:39:50 +0200] "GET /reload?ser=1627997990523 HTTP/1.1" 200 1239 "http://renault.activities.at/" "Mozilla/5.0 (Windows NT 10.0; Win64; x64) AppleWebKit/537.36 (KHTML, like Gecko) Chrome/92.0.4515.107 Safari/537.36"
138.21.12.27 - - [03/Aug/2021:15:39:53 +0200] "GET /reload?ser=1627997993663 HTTP/1.1" 200 28 "http://renault.2web.at/" "Mozilla/5.0 (Windows NT 10.0; WOW64; Trident/7.0; rv:11.0) like Gecko"
139.178.117.135 - - [03/Aug/2021:15:40:17 +0200] "GET /reload?ser=1627998018045 HTTP/1.1" 200 28 "http://renault.activities.at/10260307" "Mozilla/5.0 (Windows NT 10.0; WOW64; Trident/7.0; rv:11.0) like Gecko"
81.223.47.147 - - [03/Aug/2021:15:40:51 +0200] "GET /reload?ser=1627998051510 HTTP/1.1" 200 1253 "http://renault.activities.at/" "Mozilla/5.0 (Windows NT 10.0; Win64; x64) AppleWebKit/537.36 (KHTML, like Gecko) Chrome/92.0.4515.107 Safari/537.36"
138.21.12.27 - - [03/Aug/2021:15:40:54 +0200] "GET /reload?ser=1627998054402 HTTP/1.1" 200 28 "http://renault.2web.at/" "Mozilla/5.0 (Windows NT 10.0; WOW64; Trident/7.0; rv:11.0) like Gecko"
139.178.117.135 - - [03/Aug/2021:15:41:18 +0200] "GET /reload?ser=1627998079007 HTTP/1.1" 200 28 "http://renault.activities.at/10260307" "Mozilla/5.0 (Windows NT 10.0; WOW64; Trident/7.0; rv:11.0) like Gecko"
81.223.47.147 - - [03/Aug/2021:15:41:52 +0200] "GET /reload?ser=1627998112509 HTTP/1.1" 200 1241 "http://renault.activities.at/" "Mozilla/5.0 (Windows NT 10.0; Win64; x64) AppleWebKit/537.36 (KHTML, like Gecko) Chrome/92.0.4515.107 Safari/537.36"
138.21.12.27 - - [03/Aug/2021:15:41:55 +0200] "GET /reload?ser=1627998115136 HTTP/1.1" 200 28 "http://renault.2web.at/" "Mozilla/5.0 (Windows NT 10.0; WOW64; Trident/7.0; rv:11.0) like Gecko"
139.178.117.135 - - [03/Aug/2021:15:42:19 +0200] "GET /reload?ser=1627998139978 HTTP/1.1" 200 28 "http://renault.activities.at/10260307" "Mozilla/5.0 (Windows NT 10.0; WOW64; Trident/7.0; rv:11.0) like Gecko"
81.223.47.147 - - [03/Aug/2021:15:42:53 +0200] "GET /reload?ser=1627998173510 HTTP/1.1" 200 1244 "http://renault.activities.at/" "Mozilla/5.0 (Windows NT 10.0; Win64; x64) AppleWebKit/537.36 (KHTML, like Gecko) Chrome/92.0.4515.107 Safari/537.36"
138.21.12.27 - - [03/Aug/2021:15:42:55 +0200] "GET /reload?ser=1627998175879 HTTP/1.1" 200 28 "http://renault.2web.at/" "Mozilla/5.0 (Windows NT 10.0; WOW64; Trident/7.0; rv:11.0) like Gecko"
139.178.117.135 - - [03/Aug/2021:15:43:20 +0200] "GET /reload?ser=1627998200920 HTTP/1.1" 200 28 "http://renault.activities.at/10260307" "Mozilla/5.0 (Windows NT 10.0; WOW64; Trident/7.0; rv:11.0) like Gecko"
81.223.47.147 - - [03/Aug/2021:15:43:54 +0200] "GET /reload?ser=1627998234521 HTTP/1.1" 200 1242 "http://renault.activities.at/" "Mozilla/5.0 (Windows NT 10.0; Win64; x64) AppleWebKit/537.36 (KHTML, like Gecko) Chrome/92.0.4515.107 Safari/537.36"
138.21.12.27 - - [03/Aug/2021:15:43:56 +0200] "GET /reload?ser=1627998236621 HTTP/1.1" 200 28 "http://renault.2web.at/" "Mozilla/5.0 (Windows NT 10.0; WOW64; Trident/7.0; rv:11.0) like Gecko"
139.178.117.135 - - [03/Aug/2021:15:44:21 +0200] "GET /reload?ser=1627998261889 HTTP/1.1" 200 28 "http://renault.activities.at/10260307" "Mozilla/5.0 (Windows NT 10.0; WOW64; Trident/7.0; rv:11.0) like Gecko"
81.223.47.147 - - [03/Aug/2021:15:44:55 +0200] "GET /reload?ser=1627998295516 HTTP/1.1" 200 1240 "http://renault.activities.at/" "Mozilla/5.0 (Windows NT 10.0; Win64; x64) AppleWebKit/537.36 (KHTML, like Gecko) Chrome/92.0.4515.107 Safari/537.36"
138.21.12.27 - - [03/Aug/2021:15:44:57 +0200] "GET /reload?ser=1627998297352 HTTP/1.1" 200 28 "http://renault.2web.at/" "Mozilla/5.0 (Windows NT 10.0; WOW64; Trident/7.0; rv:11.0) like Gecko"
139.178.117.135 - - [03/Aug/2021:15:45:22 +0200] "GET /reload?ser=1627998322858 HTTP/1.1" 200 28 "http://renault.activities.at/10260307" "Mozilla/5.0 (Windows NT 10.0; WOW64; Trident/7.0; rv:11.0) like Gecko"
81.223.47.147 - - [03/Aug/2021:15:45:56 +0200] "GET /reload?ser=1627998356518 HTTP/1.1" 200 1237 "http://renault.activities.at/" "Mozilla/5.0 (Windows NT 10.0; Win64; x64) AppleWebKit/537.36 (KHTML, like Gecko) Chrome/92.0.4515.107 Safari/537.36"
138.21.12.27 - - [03/Aug/2021:15:45:58 +0200] "GET /reload?ser=1627998358091 HTTP/1.1" 200 28 "http://renault.2web.at/" "Mozilla/5.0 (Windows NT 10.0; WOW64; Trident/7.0; rv:11.0) like Gecko"
139.178.117.135 - - [03/Aug/2021:15:46:23 +0200] "GET /reload?ser=1627998383798 HTTP/1.1" 200 28 "http://renault.activities.at/10260307" "Mozilla/5.0 (Windows NT 10.0; WOW64; Trident/7.0; rv:11.0) like Gecko"
81.223.47.147 - - [03/Aug/2021:15:46:57 +0200] "GET /reload?ser=1627998417511 HTTP/1.1" 200 1240 "http://renault.activities.at/" "Mozilla/5.0 (Windows NT 10.0; Win64; x64) AppleWebKit/537.36 (KHTML, like Gecko) Chrome/92.0.4515.107 Safari/537.36"
138.21.12.27 - - [03/Aug/2021:15:46:58 +0200] "GET /reload?ser=1627998418828 HTTP/1.1" 200 28 "http://renault.2web.at/" "Mozilla/5.0 (Windows NT 10.0; WOW64; Trident/7.0; rv:11.0) like Gecko"
139.178.117.135 - - [03/Aug/2021:15:47:24 +0200] "GET /reload?ser=1627998444768 HTTP/1.1" 200 28 "http://renault.activities.at/10260307" "Mozilla/5.0 (Windows NT 10.0; WOW64; Trident/7.0; rv:11.0) like Gecko"
81.223.47.147 - - [03/Aug/2021:15:47:58 +0200] "GET /reload?ser=1627998478526 HTTP/1.1" 200 1253 "http://renault.activities.at/" "Mozilla/5.0 (Windows NT 10.0; Win64; x64) AppleWebKit/537.36 (KHTML, like Gecko) Chrome/92.0.4515.107 Safari/537.36"
138.21.12.27 - - [03/Aug/2021:15:47:59 +0200] "GET /reload?ser=1627998479623 HTTP/1.1" 200 28 "http://renault.2web.at/" "Mozilla/5.0 (Windows NT 10.0; WOW64; Trident/7.0; rv:11.0) like Gecko"
139.178.117.135 - - [03/Aug/2021:15:48:25 +0200] "GET /reload?ser=1627998505742 HTTP/1.1" 200 28 "http://renault.activities.at/10260307" "Mozilla/5.0 (Windows NT 10.0; WOW64; Trident/7.0; rv:11.0) like Gecko"
40.77.167.54 - - [03/Aug/2021:15:48:44 +0200] "GET /10260003?cat=10260290 HTTP/1.1" 200 6239 "-" "Mozilla/5.0 (compatible; bingbot/2.0; +http://www.bing.com/bingbot.htm)"
81.223.47.147 - - [03/Aug/2021:15:48:59 +0200] "GET /reload?ser=1627998539525 HTTP/1.1" 200 1239 "http://renault.activities.at/" "Mozilla/5.0 (Windows NT 10.0; Win64; x64) AppleWebKit/537.36 (KHTML, like Gecko) Chrome/92.0.4515.107 Safari/537.36"
138.21.12.27 - - [03/Aug/2021:15:49:00 +0200] "GET /reload?ser=1627998540369 HTTP/1.1" 200 28 "http://renault.2web.at/" "Mozilla/5.0 (Windows NT 10.0; WOW64; Trident/7.0; rv:11.0) like Gecko"
207.46.13.108 - - [03/Aug/2021:15:49:02 +0200] "GET /loadthumbnail.php?id=10201939&width=15&height=15 HTTP/1.1" 200 201 "-" "Mozilla/5.0 (compatible; bingbot/2.0; +http://www.bing.com/bingbot.htm)"
207.46.13.181 - - [03/Aug/2021:15:49:04 +0200] "GET /css/clears.css HTTP/1.1" 200 851 "-" "Mozilla/5.0 (compatible; bingbot/2.0; +http://www.bing.com/bingbot.htm)"
207.46.13.121 - - [03/Aug/2021:15:49:04 +0200] "GET /loadthumbnail.php?id=12244839&width=113 HTTP/1.1" 200 21692 "-" "Mozilla/5.0 (compatible; bingbot/2.0; +http://www.bing.com/bingbot.htm)"
207.46.13.134 - - [03/Aug/2021:15:49:06 +0200] "GET /css/themes/default.css HTTP/1.1" 200 769 "-" "Mozilla/5.0 (compatible; bingbot/2.0; +http://www.bing.com/bingbot.htm)"
40.77.167.54 - - [03/Aug/2021:15:49:07 +0200] "GET /loadthumbnail.php?id=11127982 HTTP/1.1" 200 399614 "-" "Mozilla/5.0 (compatible; bingbot/2.0; +http://www.bing.com/bingbot.htm)"
40.77.167.54 - - [03/Aug/2021:15:49:08 +0200] "GET /loadthumbnail.php?id=12244847&width=113 HTTP/1.1" 200 5903 "-" "Mozilla/5.0 (compatible; bingbot/2.0; +http://www.bing.com/bingbot.htm)"
157.55.39.186 - - [03/Aug/2021:15:49:09 +0200] "GET /loadthumbnail.php?id=12244843&width=113 HTTP/1.1" 200 6390 "-" "Mozilla/5.0 (compatible; bingbot/2.0; +http://www.bing.com/bingbot.htm)"
157.55.39.129 - - [03/Aug/2021:15:49:11 +0200] "GET /loadthumbnail.php?id=10562346&width=113 HTTP/1.1" 200 5314 "-" "Mozilla/5.0 (compatible; bingbot/2.0; +http://www.bing.com/bingbot.htm)"
40.77.167.17 - - [03/Aug/2021:15:49:11 +0200] "GET /css/prototip.css HTTP/1.1" 200 968 "-" "Mozilla/5.0 (compatible; bingbot/2.0; +http://www.bing.com/bingbot.htm)"
40.77.167.17 - - [03/Aug/2021:15:49:11 +0200] "GET /loadthumbnail.php?id=12294743&width=113 HTTP/1.1" 200 2695 "-" "Mozilla/5.0 (compatible; bingbot/2.0; +http://www.bing.com/bingbot.htm)"
157.55.39.84 - - [03/Aug/2021:15:49:16 +0200] "GET /css/print.css HTTP/1.1" 200 543 "-" "Mozilla/5.0 (compatible; bingbot/2.0; +http://www.bing.com/bingbot.htm)"
157.55.39.84 - - [03/Aug/2021:15:49:16 +0200] "GET /loadthumbnail.php?id=12244856&width=113 HTTP/1.1" 200 5659 "-" "Mozilla/5.0 (compatible; bingbot/2.0; +http://www.bing.com/bingbot.htm)"
157.55.39.129 - - [03/Aug/2021:15:49:22 +0200] "GET /loadthumbnail.php?id=10562347&width=113 HTTP/1.1" 200 4993 "-" "Mozilla/5.0 (compatible; bingbot/2.0; +http://www.bing.com/bingbot.htm)"
207.46.13.121 - - [03/Aug/2021:15:49:24 +0200] "GET /loadthumbnail.php?id=12244860&width=113 HTTP/1.1" 200 18982 "-" "Mozilla/5.0 (compatible; bingbot/2.0; +http://www.bing.com/bingbot.htm)"
207.46.13.134 - - [03/Aug/2021:15:49:27 +0200] "GET /loadthumbnail.php?id=10203255 HTTP/1.1" 200 137 "-" "Mozilla/5.0 (compatible; bingbot/2.0; +http://www.bing.com/bingbot.htm)"
139.178.117.135 - - [03/Aug/2021:15:49:26 +0200] "GET /reload?ser=1627998566695 HTTP/1.1" 200 28 "http://renault.activities.at/10260307" "Mozilla/5.0 (Windows NT 10.0; WOW64; Trident/7.0; rv:11.0) like Gecko"
207.46.13.181 - - [03/Aug/2021:15:49:27 +0200] "GET /css/themes/alphacube.css HTTP/1.1" 200 743 "-" "Mozilla/5.0 (compatible; bingbot/2.0; +http://www.bing.com/bingbot.htm)"
207.46.13.134 - - [03/Aug/2021:15:49:37 +0200] "GET /loadthumbnail.php?id=12244864&width=113 HTTP/1.1" 200 11050 "-" "Mozilla/5.0 (compatible; bingbot/2.0; +http://www.bing.com/bingbot.htm)"
81.223.47.147 - - [03/Aug/2021:15:50:00 +0200] "GET /reload?ser=1627998600517 HTTP/1.1" 200 1248 "http://renault.activities.at/" "Mozilla/5.0 (Windows NT 10.0; Win64; x64) AppleWebKit/537.36 (KHTML, like Gecko) Chrome/92.0.4515.107 Safari/537.36"
138.21.12.27 - - [03/Aug/2021:15:50:01 +0200] "GET /reload?ser=1627998601066 HTTP/1.1" 200 28 "http://renault.2web.at/" "Mozilla/5.0 (Windows NT 10.0; WOW64; Trident/7.0; rv:11.0) like Gecko"
139.178.117.135 - - [03/Aug/2021:15:50:27 +0200] "GET /reload?ser=1627998627636 HTTP/1.1" 200 28 "http://renault.activities.at/10260307" "Mozilla/5.0 (Windows NT 10.0; WOW64; Trident/7.0; rv:11.0) like Gecko"
81.223.47.147 - - [03/Aug/2021:15:51:01 +0200] "GET /reload?ser=1627998661523 HTTP/1.1" 200 1237 "http://renault.activities.at/" "Mozilla/5.0 (Windows NT 10.0; Win64; x64) AppleWebKit/537.36 (KHTML, like Gecko) Chrome/92.0.4515.107 Safari/537.36"
138.21.12.27 - - [03/Aug/2021:15:51:01 +0200] "GET /reload?ser=1627998661785 HTTP/1.1" 200 28 "http://renault.2web.at/" "Mozilla/5.0 (Windows NT 10.0; WOW64; Trident/7.0; rv:11.0) like Gecko"
139.178.117.135 - - [03/Aug/2021:15:51:28 +0200] "GET /reload?ser=1627998688575 HTTP/1.1" 200 28 "http://renault.activities.at/10260307" "Mozilla/5.0 (Windows NT 10.0; WOW64; Trident/7.0; rv:11.0) like Gecko"
81.223.47.147 - - [03/Aug/2021:15:52:02 +0200] "GET /reload?ser=1627998722517 HTTP/1.1" 200 1239 "http://renault.activities.at/" "Mozilla/5.0 (Windows NT 10.0; Win64; x64) AppleWebKit/537.36 (KHTML, like Gecko) Chrome/92.0.4515.107 Safari/537.36"
138.21.12.27 - - [03/Aug/2021:15:52:02 +0200] "GET /reload?ser=1627998722537 HTTP/1.1" 200 28 "http://renault.2web.at/" "Mozilla/5.0 (Windows NT 10.0; WOW64; Trident/7.0; rv:11.0) like Gecko"
139.178.117.135 - - [03/Aug/2021:15:52:29 +0200] "GET /reload?ser=1627998749550 HTTP/1.1" 200 28 "http://renault.activities.at/10260307" "Mozilla/5.0 (Windows NT 10.0; WOW64; Trident/7.0; rv:11.0) like Gecko"
81.223.47.147 - - [03/Aug/2021:15:53:03 +0200] "GET /reload?ser=1627998783519 HTTP/1.1" 200 1249 "http://renault.activities.at/" "Mozilla/5.0 (Windows NT 10.0; Win64; x64) AppleWebKit/537.36 (KHTML, like Gecko) Chrome/92.0.4515.107 Safari/537.36"
138.21.12.27 - - [03/Aug/2021:15:53:03 +0200] "GET /reload?ser=1627998783272 HTTP/1.1" 200 28 "http://renault.2web.at/" "Mozilla/5.0 (Windows NT 10.0; WOW64; Trident/7.0; rv:11.0) like Gecko"
139.178.117.135 - - [03/Aug/2021:15:53:30 +0200] "GET /reload?ser=1627998810499 HTTP/1.1" 200 28 "http://renault.activities.at/10260307" "Mozilla/5.0 (Windows NT 10.0; WOW64; Trident/7.0; rv:11.0) like Gecko"
81.223.47.147 - - [03/Aug/2021:15:54:04 +0200] "GET /reload?ser=1627998844515 HTTP/1.1" 200 1238 "http://renault.activities.at/" "Mozilla/5.0 (Windows NT 10.0; Win64; x64) AppleWebKit/537.36 (KHTML, like Gecko) Chrome/92.0.4515.107 Safari/537.36"
138.21.12.27 - - [03/Aug/2021:15:54:04 +0200] "GET /reload?ser=1627998844041 HTTP/1.1" 200 28 "http://renault.2web.at/" "Mozilla/5.0 (Windows NT 10.0; WOW64; Trident/7.0; rv:11.0) like Gecko"
139.178.117.135 - - [03/Aug/2021:15:54:31 +0200] "GET /reload?ser=1627998871462 HTTP/1.1" 200 28 "http://renault.activities.at/10260307" "Mozilla/5.0 (Windows NT 10.0; WOW64; Trident/7.0; rv:11.0) like Gecko"
138.21.12.27 - - [03/Aug/2021:15:55:04 +0200] "GET /reload?ser=1627998904792 HTTP/1.1" 200 28 "http://renault.2web.at/" "Mozilla/5.0 (Windows NT 10.0; WOW64; Trident/7.0; rv:11.0) like Gecko"
81.223.47.147 - - [03/Aug/2021:15:55:05 +0200] "GET /reload?ser=1627998905525 HTTP/1.1" 200 1244 "http://renault.activities.at/" "Mozilla/5.0 (Windows NT 10.0; Win64; x64) AppleWebKit/537.36 (KHTML, like Gecko) Chrome/92.0.4515.107 Safari/537.36"
139.178.117.135 - - [03/Aug/2021:15:55:32 +0200] "GET /reload?ser=1627998932392 HTTP/1.1" 200 28 "http://renault.activities.at/10260307" "Mozilla/5.0 (Windows NT 10.0; WOW64; Trident/7.0; rv:11.0) like Gecko"
138.21.12.27 - - [03/Aug/2021:15:56:05 +0200] "GET /reload?ser=1627998965556 HTTP/1.1" 200 28 "http://renault.2web.at/" "Mozilla/5.0 (Windows NT 10.0; WOW64; Trident/7.0; rv:11.0) like Gecko"
81.223.47.147 - - [03/Aug/2021:15:56:06 +0200] "GET /reload?ser=1627998966525 HTTP/1.1" 200 1243 "http://renault.activities.at/" "Mozilla/5.0 (Windows NT 10.0; Win64; x64) AppleWebKit/537.36 (KHTML, like Gecko) Chrome/92.0.4515.107 Safari/537.36"
139.178.117.135 - - [03/Aug/2021:15:56:33 +0200] "GET /reload?ser=1627998993333 HTTP/1.1" 200 28 "http://renault.activities.at/10260307" "Mozilla/5.0 (Windows NT 10.0; WOW64; Trident/7.0; rv:11.0) like Gecko"
138.21.12.27 - - [03/Aug/2021:15:57:06 +0200] "GET /reload?ser=1627999026259 HTTP/1.1" 200 28 "http://renault.2web.at/" "Mozilla/5.0 (Windows NT 10.0; WOW64; Trident/7.0; rv:11.0) like Gecko"
81.223.47.147 - - [03/Aug/2021:15:57:07 +0200] "GET /reload?ser=1627999027526 HTTP/1.1" 200 1237 "http://renault.activities.at/" "Mozilla/5.0 (Windows NT 10.0; Win64; x64) AppleWebKit/537.36 (KHTML, like Gecko) Chrome/92.0.4515.107 Safari/537.36"
139.178.117.135 - - [03/Aug/2021:15:57:34 +0200] "GET /reload?ser=1627999054299 HTTP/1.1" 200 28 "http://renault.activities.at/10260307" "Mozilla/5.0 (Windows NT 10.0; WOW64; Trident/7.0; rv:11.0) like Gecko"
138.21.12.27 - - [03/Aug/2021:15:58:07 +0200] "GET /reload?ser=1627999087017 HTTP/1.1" 200 28 "http://renault.2web.at/" "Mozilla/5.0 (Windows NT 10.0; WOW64; Trident/7.0; rv:11.0) like Gecko"
81.223.47.147 - - [03/Aug/2021:15:58:08 +0200] "GET /reload?ser=1627999088529 HTTP/1.1" 200 1247 "http://renault.activities.at/" "Mozilla/5.0 (Windows NT 10.0; Win64; x64) AppleWebKit/537.36 (KHTML, like Gecko) Chrome/92.0.4515.107 Safari/537.36"
139.178.117.135 - - [03/Aug/2021:15:58:35 +0200] "GET /reload?ser=1627999115281 HTTP/1.1" 200 28 "http://renault.activities.at/10260307" "Mozilla/5.0 (Windows NT 10.0; WOW64; Trident/7.0; rv:11.0) like Gecko"
138.21.12.27 - - [03/Aug/2021:15:59:07 +0200] "GET /reload?ser=1627999147734 HTTP/1.1" 200 28 "http://renault.2web.at/" "Mozilla/5.0 (Windows NT 10.0; WOW64; Trident/7.0; rv:11.0) like Gecko"
81.223.47.147 - - [03/Aug/2021:15:59:09 +0200] "GET /reload?ser=1627999149519 HTTP/1.1" 200 1237 "http://renault.activities.at/" "Mozilla/5.0 (Windows NT 10.0; Win64; x64) AppleWebKit/537.36 (KHTML, like Gecko) Chrome/92.0.4515.107 Safari/537.36"
139.178.117.135 - - [03/Aug/2021:15:59:36 +0200] "GET /reload?ser=1627999176258 HTTP/1.1" 200 28 "http://renault.activities.at/10260307" "Mozilla/5.0 (Windows NT 10.0; WOW64; Trident/7.0; rv:11.0) like Gecko"
138.21.12.27 - - [03/Aug/2021:16:00:08 +0200] "GET /reload?ser=1627999208480 HTTP/1.1" 200 28 "http://renault.2web.at/" "Mozilla/5.0 (Windows NT 10.0; WOW64; Trident/7.0; rv:11.0) like Gecko"
81.223.47.147 - - [03/Aug/2021:16:00:10 +0200] "GET /reload?ser=1627999210528 HTTP/1.1" 200 1238 "http://renault.activities.at/" "Mozilla/5.0 (Windows NT 10.0; Win64; x64) AppleWebKit/537.36 (KHTML, like Gecko) Chrome/92.0.4515.107 Safari/537.36"
139.178.117.135 - - [03/Aug/2021:16:00:37 +0200] "GET /reload?ser=1627999237222 HTTP/1.1" 200 28 "http://renault.activities.at/10260307" "Mozilla/5.0 (Windows NT 10.0; WOW64; Trident/7.0; rv:11.0) like Gecko"
138.21.12.27 - - [03/Aug/2021:16:01:09 +0200] "GET /reload?ser=1627999269259 HTTP/1.1" 200 28 "http://renault.2web.at/" "Mozilla/5.0 (Windows NT 10.0; WOW64; Trident/7.0; rv:11.0) like Gecko"
81.223.47.147 - - [03/Aug/2021:16:01:11 +0200] "GET /reload?ser=1627999271520 HTTP/1.1" 200 1242 "http://renault.activities.at/" "Mozilla/5.0 (Windows NT 10.0; Win64; x64) AppleWebKit/537.36 (KHTML, like Gecko) Chrome/92.0.4515.107 Safari/537.36"
139.178.117.135 - - [03/Aug/2021:16:01:38 +0200] "GET /reload?ser=1627999298187 HTTP/1.1" 200 28 "http://renault.activities.at/10260307" "Mozilla/5.0 (Windows NT 10.0; WOW64; Trident/7.0; rv:11.0) like Gecko"
138.21.12.27 - - [03/Aug/2021:16:02:10 +0200] "GET /reload?ser=1627999329994 HTTP/1.1" 200 28 "http://renault.2web.at/" "Mozilla/5.0 (Windows NT 10.0; WOW64; Trident/7.0; rv:11.0) like Gecko"
81.223.47.147 - - [03/Aug/2021:16:02:12 +0200] "GET /reload?ser=1627999332522 HTTP/1.1" 200 1234 "http://renault.activities.at/" "Mozilla/5.0 (Windows NT 10.0; Win64; x64) AppleWebKit/537.36 (KHTML, like Gecko) Chrome/92.0.4515.107 Safari/537.36"
139.178.117.135 - - [03/Aug/2021:16:02:39 +0200] "GET /reload?ser=1627999359170 HTTP/1.1" 200 28 "http://renault.activities.at/10260307" "Mozilla/5.0 (Windows NT 10.0; WOW64; Trident/7.0; rv:11.0) like Gecko"
138.21.12.27 - - [03/Aug/2021:16:03:10 +0200] "GET /reload?ser=1627999390770 HTTP/1.1" 200 28 "http://renault.2web.at/" "Mozilla/5.0 (Windows NT 10.0; WOW64; Trident/7.0; rv:11.0) like Gecko"
81.223.47.147 - - [03/Aug/2021:16:03:13 +0200] "GET /reload?ser=1627999393521 HTTP/1.1" 200 1241 "http://renault.activities.at/" "Mozilla/5.0 (Windows NT 10.0; Win64; x64) AppleWebKit/537.36 (KHTML, like Gecko) Chrome/92.0.4515.107 Safari/537.36"
139.178.117.135 - - [03/Aug/2021:16:03:39 +0200] "GET /reload?ser=1627999420089 HTTP/1.1" 200 28 "http://renault.activities.at/10260307" "Mozilla/5.0 (Windows NT 10.0; WOW64; Trident/7.0; rv:11.0) like Gecko"
138.21.12.27 - - [03/Aug/2021:16:04:11 +0200] "GET /reload?ser=1627999451565 HTTP/1.1" 200 28 "http://renault.2web.at/" "Mozilla/5.0 (Windows NT 10.0; WOW64; Trident/7.0; rv:11.0) like Gecko"
81.223.47.147 - - [03/Aug/2021:16:04:14 +0200] "GET /reload?ser=1627999454530 HTTP/1.1" 200 1241 "http://renault.activities.at/" "Mozilla/5.0 (Windows NT 10.0; Win64; x64) AppleWebKit/537.36 (KHTML, like Gecko) Chrome/92.0.4515.107 Safari/537.36"
139.178.117.135 - - [03/Aug/2021:16:04:40 +0200] "GET /reload?ser=1627999481055 HTTP/1.1" 200 28 "http://renault.activities.at/10260307" "Mozilla/5.0 (Windows NT 10.0; WOW64; Trident/7.0; rv:11.0) like Gecko"
138.21.12.27 - - [03/Aug/2021:16:05:12 +0200] "GET /reload?ser=1627999512326 HTTP/1.1" 200 28 "http://renault.2web.at/" "Mozilla/5.0 (Windows NT 10.0; WOW64; Trident/7.0; rv:11.0) like Gecko"
81.223.47.147 - - [03/Aug/2021:16:05:15 +0200] "GET /reload?ser=1627999515520 HTTP/1.1" 200 1245 "http://renault.activities.at/" "Mozilla/5.0 (Windows NT 10.0; Win64; x64) AppleWebKit/537.36 (KHTML, like Gecko) Chrome/92.0.4515.107 Safari/537.36"
139.178.117.135 - - [03/Aug/2021:16:05:41 +0200] "GET /reload?ser=1627999542016 HTTP/1.1" 200 28 "http://renault.activities.at/10260307" "Mozilla/5.0 (Windows NT 10.0; WOW64; Trident/7.0; rv:11.0) like Gecko"
138.21.12.27 - - [03/Aug/2021:16:06:13 +0200] "GET /reload?ser=1627999573072 HTTP/1.1" 200 28 "http://renault.2web.at/" "Mozilla/5.0 (Windows NT 10.0; WOW64; Trident/7.0; rv:11.0) like Gecko"
81.223.47.147 - - [03/Aug/2021:16:06:16 +0200] "GET /reload?ser=1627999576525 HTTP/1.1" 200 1247 "http://renault.activities.at/" "Mozilla/5.0 (Windows NT 10.0; Win64; x64) AppleWebKit/537.36 (KHTML, like Gecko) Chrome/92.0.4515.107 Safari/537.36"
139.178.117.135 - - [03/Aug/2021:16:06:42 +0200] "GET /reload?ser=1627999603003 HTTP/1.1" 200 28 "http://renault.activities.at/10260307" "Mozilla/5.0 (Windows NT 10.0; WOW64; Trident/7.0; rv:11.0) like Gecko"
138.21.12.27 - - [03/Aug/2021:16:07:13 +0200] "GET /reload?ser=1627999633814 HTTP/1.1" 200 28 "http://renault.2web.at/" "Mozilla/5.0 (Windows NT 10.0; WOW64; Trident/7.0; rv:11.0) like Gecko"
81.223.47.147 - - [03/Aug/2021:16:07:17 +0200] "GET /reload?ser=1627999637524 HTTP/1.1" 200 1245 "http://renault.activities.at/" "Mozilla/5.0 (Windows NT 10.0; Win64; x64) AppleWebKit/537.36 (KHTML, like Gecko) Chrome/92.0.4515.107 Safari/537.36"
139.178.117.135 - - [03/Aug/2021:16:07:43 +0200] "GET /reload?ser=1627999663986 HTTP/1.1" 200 28 "http://renault.activities.at/10260307" "Mozilla/5.0 (Windows NT 10.0; WOW64; Trident/7.0; rv:11.0) like Gecko"
138.21.12.27 - - [03/Aug/2021:16:08:14 +0200] "GET /reload?ser=1627999694571 HTTP/1.1" 200 28 "http://renault.2web.at/" "Mozilla/5.0 (Windows NT 10.0; WOW64; Trident/7.0; rv:11.0) like Gecko"
81.223.47.147 - - [03/Aug/2021:16:08:18 +0200] "GET /reload?ser=1627999698526 HTTP/1.1" 200 1240 "http://renault.activities.at/" "Mozilla/5.0 (Windows NT 10.0; Win64; x64) AppleWebKit/537.36 (KHTML, like Gecko) Chrome/92.0.4515.107 Safari/537.36"
139.178.117.135 - - [03/Aug/2021:16:08:44 +0200] "GET /reload?ser=1627999724956 HTTP/1.1" 200 28 "http://renault.activities.at/10260307" "Mozilla/5.0 (Windows NT 10.0; WOW64; Trident/7.0; rv:11.0) like Gecko"
138.21.12.27 - - [03/Aug/2021:16:09:15 +0200] "GET /reload?ser=1627999755313 HTTP/1.1" 200 28 "http://renault.2web.at/" "Mozilla/5.0 (Windows NT 10.0; WOW64; Trident/7.0; rv:11.0) like Gecko"
139.178.117.135 - - [03/Aug/2021:16:09:45 +0200] "GET /reload?ser=1627999785912 HTTP/1.1" 200 28 "http://renault.activities.at/10260307" "Mozilla/5.0 (Windows NT 10.0; WOW64; Trident/7.0; rv:11.0) like Gecko"
138.21.12.27 - - [03/Aug/2021:16:10:16 +0200] "GET /reload?ser=1627999816081 HTTP/1.1" 200 28 "http://renault.2web.at/" "Mozilla/5.0 (Windows NT 10.0; WOW64; Trident/7.0; rv:11.0) like Gecko"
139.178.117.135 - - [03/Aug/2021:16:10:46 +0200] "GET /reload?ser=1627999846896 HTTP/1.1" 200 28 "http://renault.activities.at/10260307" "Mozilla/5.0 (Windows NT 10.0; WOW64; Trident/7.0; rv:11.0) like Gecko"
138.21.12.27 - - [03/Aug/2021:16:11:16 +0200] "GET /reload?ser=1627999876833 HTTP/1.1" 200 28 "http://renault.2web.at/" "Mozilla/5.0 (Windows NT 10.0; WOW64; Trident/7.0; rv:11.0) like Gecko"
139.178.117.135 - - [03/Aug/2021:16:11:47 +0200] "GET /reload?ser=1627999907861 HTTP/1.1" 200 28 "http://renault.activities.at/10260307" "Mozilla/5.0 (Windows NT 10.0; WOW64; Trident/7.0; rv:11.0) like Gecko"
138.21.12.27 - - [03/Aug/2021:16:12:17 +0200] "GET /reload?ser=1627999937554 HTTP/1.1" 200 28 "http://renault.2web.at/" "Mozilla/5.0 (Windows NT 10.0; WOW64; Trident/7.0; rv:11.0) like Gecko"
