80.120.5.131 - - [05/Aug/2021:13:02:42 +0200] "GET /reload?ser=1628161362082 HTTP/1.1" 200 28 "http://renault.activities.at/" "Mozilla/5.0 (Windows NT 10.0; Win64; x64) AppleWebKit/537.36 (KHTML, like Gecko) Chrome/92.0.4515.131 Safari/537.36"
185.22.23.252 - - [05/Aug/2021:13:02:45 +0200] "GET /reload?ser=1628161366150 HTTP/1.1" 200 28 "http://renault.activities.at/result?searchterm=true&search=folder" "Mozilla/5.0 (Windows NT 6.3; Win64; x64) AppleWebKit/537.36 (KHTML, like Gecko) Chrome/92.0.4515.131 Safari/537.36"
193.194.132.23 - - [05/Aug/2021:13:02:55 +0200] "GET /reload?ser=1628161375480 HTTP/1.1" 200 28 "http://renault.2web.at/12438662" "Mozilla/5.0 (Windows NT 10.0; Win64; x64) AppleWebKit/537.36 (KHTML, like Gecko) Chrome/92.0.4515.131 Safari/537.36"
193.194.132.27 - - [05/Aug/2021:13:02:56 +0200] "GET / HTTP/1.1" 200 3096 "-" "Mozilla/5.0 (Windows NT 10.0; Win64; x64) AppleWebKit/537.36 (KHTML, like Gecko) Chrome/92.0.4515.131 Safari/537.36"
193.194.132.27 - - [05/Aug/2021:13:02:57 +0200] "GET /images/favicon.ico HTTP/1.1" 404 300 "http://renault.2web.at/" "Mozilla/5.0 (Windows NT 10.0; Win64; x64) AppleWebKit/537.36 (KHTML, like Gecko) Chrome/92.0.4515.131 Safari/537.36"
193.194.132.27 - - [05/Aug/2021:13:03:02 +0200] "GET /login HTTP/1.1" 200 2095 "http://renault.2web.at/" "Mozilla/5.0 (Windows NT 10.0; Win64; x64) AppleWebKit/537.36 (KHTML, like Gecko) Chrome/92.0.4515.131 Safari/537.36"
193.194.132.27 - - [05/Aug/2021:13:03:35 +0200] "GET /reload?ser=1628161415077 HTTP/1.1" 200 28 "http://renault.2web.at/account" "Mozilla/5.0 (Windows NT 10.0; WOW64; Trident/7.0; Touch; rv:11.0) like Gecko"
91.113.165.162 - - [05/Aug/2021:13:03:36 +0200] "GET /reload?ser=1628161416456 HTTP/1.1" 200 1242 "http://renault.activities.at/result?searchterm=true&search=arkana" "Mozilla/5.0 (Windows NT 10.0; Win64; x64) AppleWebKit/537.36 (KHTML, like Gecko) Chrome/92.0.4515.107 Safari/537.36"
80.120.5.131 - - [05/Aug/2021:13:03:43 +0200] "GET /reload?ser=1628161423077 HTTP/1.1" 200 28 "http://renault.activities.at/" "Mozilla/5.0 (Windows NT 10.0; Win64; x64) AppleWebKit/537.36 (KHTML, like Gecko) Chrome/92.0.4515.131 Safari/537.36"
185.22.23.252 - - [05/Aug/2021:13:03:46 +0200] "GET /reload?ser=1628161427150 HTTP/1.1" 200 28 "http://renault.activities.at/result?searchterm=true&search=folder" "Mozilla/5.0 (Windows NT 6.3; Win64; x64) AppleWebKit/537.36 (KHTML, like Gecko) Chrome/92.0.4515.131 Safari/537.36"
193.194.132.23 - - [05/Aug/2021:13:03:57 +0200] "GET /reload?ser=1628161437481 HTTP/1.1" 200 28 "http://renault.2web.at/12438662" "Mozilla/5.0 (Windows NT 10.0; Win64; x64) AppleWebKit/537.36 (KHTML, like Gecko) Chrome/92.0.4515.131 Safari/537.36"
193.194.132.27 - - [05/Aug/2021:13:04:04 +0200] "GET /reload?ser=1628161444232 HTTP/1.1" 200 28 "http://renault.2web.at/login" "Mozilla/5.0 (Windows NT 10.0; Win64; x64) AppleWebKit/537.36 (KHTML, like Gecko) Chrome/92.0.4515.131 Safari/537.36"
193.194.132.27 - - [05/Aug/2021:13:04:36 +0200] "GET /reload?ser=1628161476132 HTTP/1.1" 200 28 "http://renault.2web.at/account" "Mozilla/5.0 (Windows NT 10.0; WOW64; Trident/7.0; Touch; rv:11.0) like Gecko"
91.113.165.162 - - [05/Aug/2021:13:04:37 +0200] "GET /reload?ser=1628161477453 HTTP/1.1" 200 1233 "http://renault.activities.at/result?searchterm=true&search=arkana" "Mozilla/5.0 (Windows NT 10.0; Win64; x64) AppleWebKit/537.36 (KHTML, like Gecko) Chrome/92.0.4515.107 Safari/537.36"
80.120.5.131 - - [05/Aug/2021:13:04:44 +0200] "GET /reload?ser=1628161484085 HTTP/1.1" 200 28 "http://renault.activities.at/" "Mozilla/5.0 (Windows NT 10.0; Win64; x64) AppleWebKit/537.36 (KHTML, like Gecko) Chrome/92.0.4515.131 Safari/537.36"
185.22.23.252 - - [05/Aug/2021:13:04:47 +0200] "GET /reload?ser=1628161488149 HTTP/1.1" 200 28 "http://renault.activities.at/result?searchterm=true&search=folder" "Mozilla/5.0 (Windows NT 6.3; Win64; x64) AppleWebKit/537.36 (KHTML, like Gecko) Chrome/92.0.4515.131 Safari/537.36"
193.194.132.23 - - [05/Aug/2021:13:04:59 +0200] "GET /reload?ser=1628161499481 HTTP/1.1" 200 28 "http://renault.2web.at/12438662" "Mozilla/5.0 (Windows NT 10.0; Win64; x64) AppleWebKit/537.36 (KHTML, like Gecko) Chrome/92.0.4515.131 Safari/537.36"
193.194.132.27 - - [05/Aug/2021:13:05:05 +0200] "GET /reload?ser=1628161505232 HTTP/1.1" 200 28 "http://renault.2web.at/login" "Mozilla/5.0 (Windows NT 10.0; Win64; x64) AppleWebKit/537.36 (KHTML, like Gecko) Chrome/92.0.4515.131 Safari/537.36"
91.113.165.162 - - [05/Aug/2021:13:05:38 +0200] "GET /reload?ser=1628161538460 HTTP/1.1" 200 1234 "http://renault.activities.at/result?searchterm=true&search=arkana" "Mozilla/5.0 (Windows NT 10.0; Win64; x64) AppleWebKit/537.36 (KHTML, like Gecko) Chrome/92.0.4515.107 Safari/537.36"
193.194.132.27 - - [05/Aug/2021:13:05:37 +0200] "GET /reload?ser=1628161537185 HTTP/1.1" 200 28 "http://renault.2web.at/account" "Mozilla/5.0 (Windows NT 10.0; WOW64; Trident/7.0; Touch; rv:11.0) like Gecko"
80.120.5.131 - - [05/Aug/2021:13:05:45 +0200] "GET /reload?ser=1628161545079 HTTP/1.1" 200 28 "http://renault.activities.at/" "Mozilla/5.0 (Windows NT 10.0; Win64; x64) AppleWebKit/537.36 (KHTML, like Gecko) Chrome/92.0.4515.131 Safari/537.36"
185.22.23.252 - - [05/Aug/2021:13:05:48 +0200] "GET /reload?ser=1628161549149 HTTP/1.1" 200 28 "http://renault.activities.at/result?searchterm=true&search=folder" "Mozilla/5.0 (Windows NT 6.3; Win64; x64) AppleWebKit/537.36 (KHTML, like Gecko) Chrome/92.0.4515.131 Safari/537.36"
193.194.132.23 - - [05/Aug/2021:13:06:01 +0200] "GET /reload?ser=1628161561481 HTTP/1.1" 200 28 "http://renault.2web.at/12438662" "Mozilla/5.0 (Windows NT 10.0; Win64; x64) AppleWebKit/537.36 (KHTML, like Gecko) Chrome/92.0.4515.131 Safari/537.36"
193.194.132.27 - - [05/Aug/2021:13:06:06 +0200] "GET /reload?ser=1628161566234 HTTP/1.1" 200 28 "http://renault.2web.at/login" "Mozilla/5.0 (Windows NT 10.0; Win64; x64) AppleWebKit/537.36 (KHTML, like Gecko) Chrome/92.0.4515.131 Safari/537.36"
91.113.165.162 - - [05/Aug/2021:13:06:39 +0200] "GET /reload?ser=1628161599449 HTTP/1.1" 200 1243 "http://renault.activities.at/result?searchterm=true&search=arkana" "Mozilla/5.0 (Windows NT 10.0; Win64; x64) AppleWebKit/537.36 (KHTML, like Gecko) Chrome/92.0.4515.107 Safari/537.36"
193.194.132.27 - - [05/Aug/2021:13:06:39 +0200] "GET /reload?ser=1628161599017 HTTP/1.1" 200 28 "http://renault.2web.at/account" "Mozilla/5.0 (Windows NT 10.0; WOW64; Trident/7.0; Touch; rv:11.0) like Gecko"
80.120.5.131 - - [05/Aug/2021:13:06:46 +0200] "GET /reload?ser=1628161606084 HTTP/1.1" 200 28 "http://renault.activities.at/" "Mozilla/5.0 (Windows NT 10.0; Win64; x64) AppleWebKit/537.36 (KHTML, like Gecko) Chrome/92.0.4515.131 Safari/537.36"
185.22.23.252 - - [05/Aug/2021:13:06:49 +0200] "GET /reload?ser=1628161610148 HTTP/1.1" 200 28 "http://renault.activities.at/result?searchterm=true&search=folder" "Mozilla/5.0 (Windows NT 6.3; Win64; x64) AppleWebKit/537.36 (KHTML, like Gecko) Chrome/92.0.4515.131 Safari/537.36"
193.194.132.23 - - [05/Aug/2021:13:07:04 +0200] "GET /reload?ser=1628161623711 HTTP/1.1" 200 28 "http://renault.2web.at/12438662" "Mozilla/5.0 (Windows NT 10.0; Win64; x64) AppleWebKit/537.36 (KHTML, like Gecko) Chrome/92.0.4515.131 Safari/537.36"
193.194.132.27 - - [05/Aug/2021:13:07:07 +0200] "GET /reload?ser=1628161627235 HTTP/1.1" 200 28 "http://renault.2web.at/login" "Mozilla/5.0 (Windows NT 10.0; Win64; x64) AppleWebKit/537.36 (KHTML, like Gecko) Chrome/92.0.4515.131 Safari/537.36"
91.113.165.162 - - [05/Aug/2021:13:07:40 +0200] "GET /reload?ser=1628161660449 HTTP/1.1" 200 1231 "http://renault.activities.at/result?searchterm=true&search=arkana" "Mozilla/5.0 (Windows NT 10.0; Win64; x64) AppleWebKit/537.36 (KHTML, like Gecko) Chrome/92.0.4515.107 Safari/537.36"
193.194.132.27 - - [05/Aug/2021:13:07:40 +0200] "GET /reload?ser=1628161660072 HTTP/1.1" 200 28 "http://renault.2web.at/account" "Mozilla/5.0 (Windows NT 10.0; WOW64; Trident/7.0; Touch; rv:11.0) like Gecko"
80.120.5.131 - - [05/Aug/2021:13:07:47 +0200] "GET /reload?ser=1628161667082 HTTP/1.1" 200 28 "http://renault.activities.at/" "Mozilla/5.0 (Windows NT 10.0; Win64; x64) AppleWebKit/537.36 (KHTML, like Gecko) Chrome/92.0.4515.131 Safari/537.36"
185.22.23.252 - - [05/Aug/2021:13:07:50 +0200] "GET /reload?ser=1628161671148 HTTP/1.1" 200 28 "http://renault.activities.at/result?searchterm=true&search=folder" "Mozilla/5.0 (Windows NT 6.3; Win64; x64) AppleWebKit/537.36 (KHTML, like Gecko) Chrome/92.0.4515.131 Safari/537.36"
193.194.132.23 - - [05/Aug/2021:13:08:05 +0200] "GET /reload?ser=1628161685482 HTTP/1.1" 200 28 "http://renault.2web.at/12438662" "Mozilla/5.0 (Windows NT 10.0; Win64; x64) AppleWebKit/537.36 (KHTML, like Gecko) Chrome/92.0.4515.131 Safari/537.36"
193.194.132.27 - - [05/Aug/2021:13:08:29 +0200] "GET /reload?ser=1628161688235 HTTP/1.1" 200 28 "http://renault.2web.at/login" "Mozilla/5.0 (Windows NT 10.0; Win64; x64) AppleWebKit/537.36 (KHTML, like Gecko) Chrome/92.0.4515.131 Safari/537.36"
91.113.165.162 - - [05/Aug/2021:13:08:41 +0200] "GET /reload?ser=1628161721453 HTTP/1.1" 200 1228 "http://renault.activities.at/result?searchterm=true&search=arkana" "Mozilla/5.0 (Windows NT 10.0; Win64; x64) AppleWebKit/537.36 (KHTML, like Gecko) Chrome/92.0.4515.107 Safari/537.36"
193.194.132.27 - - [05/Aug/2021:13:08:41 +0200] "GET /reload?ser=1628161721094 HTTP/1.1" 200 28 "http://renault.2web.at/account" "Mozilla/5.0 (Windows NT 10.0; WOW64; Trident/7.0; Touch; rv:11.0) like Gecko"
80.120.5.131 - - [05/Aug/2021:13:08:48 +0200] "GET /reload?ser=1628161728070 HTTP/1.1" 200 28 "http://renault.activities.at/" "Mozilla/5.0 (Windows NT 10.0; Win64; x64) AppleWebKit/537.36 (KHTML, like Gecko) Chrome/92.0.4515.131 Safari/537.36"
185.22.23.252 - - [05/Aug/2021:13:08:51 +0200] "GET /reload?ser=1628161732149 HTTP/1.1" 200 28 "http://renault.activities.at/result?searchterm=true&search=folder" "Mozilla/5.0 (Windows NT 6.3; Win64; x64) AppleWebKit/537.36 (KHTML, like Gecko) Chrome/92.0.4515.131 Safari/537.36"
193.194.132.23 - - [05/Aug/2021:13:09:07 +0200] "GET /reload?ser=1628161747483 HTTP/1.1" 200 28 "http://renault.2web.at/12438662" "Mozilla/5.0 (Windows NT 10.0; Win64; x64) AppleWebKit/537.36 (KHTML, like Gecko) Chrome/92.0.4515.131 Safari/537.36"
193.194.132.27 - - [05/Aug/2021:13:09:30 +0200] "GET /reload?ser=1628161770235 HTTP/1.1" 200 28 "http://renault.2web.at/login" "Mozilla/5.0 (Windows NT 10.0; Win64; x64) AppleWebKit/537.36 (KHTML, like Gecko) Chrome/92.0.4515.131 Safari/537.36"
91.113.165.162 - - [05/Aug/2021:13:09:42 +0200] "GET /reload?ser=1628161782454 HTTP/1.1" 200 1229 "http://renault.activities.at/result?searchterm=true&search=arkana" "Mozilla/5.0 (Windows NT 10.0; Win64; x64) AppleWebKit/537.36 (KHTML, like Gecko) Chrome/92.0.4515.107 Safari/537.36"
193.194.132.27 - - [05/Aug/2021:13:09:42 +0200] "GET /reload?ser=1628161782142 HTTP/1.1" 200 28 "http://renault.2web.at/account" "Mozilla/5.0 (Windows NT 10.0; WOW64; Trident/7.0; Touch; rv:11.0) like Gecko"
80.120.5.131 - - [05/Aug/2021:13:09:49 +0200] "GET /reload?ser=1628161789075 HTTP/1.1" 200 28 "http://renault.activities.at/" "Mozilla/5.0 (Windows NT 10.0; Win64; x64) AppleWebKit/537.36 (KHTML, like Gecko) Chrome/92.0.4515.131 Safari/537.36"
185.22.23.252 - - [05/Aug/2021:13:09:52 +0200] "GET /reload?ser=1628161793148 HTTP/1.1" 200 28 "http://renault.activities.at/result?searchterm=true&search=folder" "Mozilla/5.0 (Windows NT 6.3; Win64; x64) AppleWebKit/537.36 (KHTML, like Gecko) Chrome/92.0.4515.131 Safari/537.36"
193.194.132.23 - - [05/Aug/2021:13:10:09 +0200] "GET /reload?ser=1628161809483 HTTP/1.1" 200 28 "http://renault.2web.at/12438662" "Mozilla/5.0 (Windows NT 10.0; Win64; x64) AppleWebKit/537.36 (KHTML, like Gecko) Chrome/92.0.4515.131 Safari/537.36"
193.194.132.27 - - [05/Aug/2021:13:10:31 +0200] "GET /reload?ser=1628161831237 HTTP/1.1" 200 28 "http://renault.2web.at/login" "Mozilla/5.0 (Windows NT 10.0; Win64; x64) AppleWebKit/537.36 (KHTML, like Gecko) Chrome/92.0.4515.131 Safari/537.36"
91.113.165.162 - - [05/Aug/2021:13:10:43 +0200] "GET /reload?ser=1628161843453 HTTP/1.1" 200 1236 "http://renault.activities.at/result?searchterm=true&search=arkana" "Mozilla/5.0 (Windows NT 10.0; Win64; x64) AppleWebKit/537.36 (KHTML, like Gecko) Chrome/92.0.4515.107 Safari/537.36"
193.194.132.27 - - [05/Aug/2021:13:10:43 +0200] "GET /reload?ser=1628161843179 HTTP/1.1" 200 28 "http://renault.2web.at/account" "Mozilla/5.0 (Windows NT 10.0; WOW64; Trident/7.0; Touch; rv:11.0) like Gecko"
80.120.5.131 - - [05/Aug/2021:13:10:50 +0200] "GET /reload?ser=1628161850080 HTTP/1.1" 200 28 "http://renault.activities.at/" "Mozilla/5.0 (Windows NT 10.0; Win64; x64) AppleWebKit/537.36 (KHTML, like Gecko) Chrome/92.0.4515.131 Safari/537.36"
185.22.23.252 - - [05/Aug/2021:13:10:53 +0200] "GET /reload?ser=1628161854146 HTTP/1.1" 200 28 "http://renault.activities.at/result?searchterm=true&search=folder" "Mozilla/5.0 (Windows NT 6.3; Win64; x64) AppleWebKit/537.36 (KHTML, like Gecko) Chrome/92.0.4515.131 Safari/537.36"
193.194.132.23 - - [05/Aug/2021:13:11:11 +0200] "GET /reload?ser=1628161871485 HTTP/1.1" 200 28 "http://renault.2web.at/12438662" "Mozilla/5.0 (Windows NT 10.0; Win64; x64) AppleWebKit/537.36 (KHTML, like Gecko) Chrome/92.0.4515.131 Safari/537.36"
193.194.132.27 - - [05/Aug/2021:13:11:32 +0200] "GET /reload?ser=1628161892237 HTTP/1.1" 200 28 "http://renault.2web.at/login" "Mozilla/5.0 (Windows NT 10.0; Win64; x64) AppleWebKit/537.36 (KHTML, like Gecko) Chrome/92.0.4515.131 Safari/537.36"
91.113.165.162 - - [05/Aug/2021:13:11:44 +0200] "GET /reload?ser=1628161904462 HTTP/1.1" 200 1239 "http://renault.activities.at/result?searchterm=true&search=arkana" "Mozilla/5.0 (Windows NT 10.0; Win64; x64) AppleWebKit/537.36 (KHTML, like Gecko) Chrome/92.0.4515.107 Safari/537.36"
193.194.132.27 - - [05/Aug/2021:13:11:44 +0200] "GET /reload?ser=1628161904206 HTTP/1.1" 200 28 "http://renault.2web.at/account" "Mozilla/5.0 (Windows NT 10.0; WOW64; Trident/7.0; Touch; rv:11.0) like Gecko"
80.120.5.131 - - [05/Aug/2021:13:11:51 +0200] "GET /reload?ser=1628161911074 HTTP/1.1" 200 28 "http://renault.activities.at/" "Mozilla/5.0 (Windows NT 10.0; Win64; x64) AppleWebKit/537.36 (KHTML, like Gecko) Chrome/92.0.4515.131 Safari/537.36"
185.22.23.252 - - [05/Aug/2021:13:11:54 +0200] "GET /reload?ser=1628161915147 HTTP/1.1" 200 28 "http://renault.activities.at/result?searchterm=true&search=folder" "Mozilla/5.0 (Windows NT 6.3; Win64; x64) AppleWebKit/537.36 (KHTML, like Gecko) Chrome/92.0.4515.131 Safari/537.36"
193.194.132.23 - - [05/Aug/2021:13:12:13 +0200] "GET /reload?ser=1628161933485 HTTP/1.1" 200 28 "http://renault.2web.at/12438662" "Mozilla/5.0 (Windows NT 10.0; Win64; x64) AppleWebKit/537.36 (KHTML, like Gecko) Chrome/92.0.4515.131 Safari/537.36"
193.194.132.27 - - [05/Aug/2021:13:12:33 +0200] "GET /reload?ser=1628161953237 HTTP/1.1" 200 28 "http://renault.2web.at/login" "Mozilla/5.0 (Windows NT 10.0; Win64; x64) AppleWebKit/537.36 (KHTML, like Gecko) Chrome/92.0.4515.131 Safari/537.36"
91.113.165.162 - - [05/Aug/2021:13:12:45 +0200] "GET /reload?ser=1628161965460 HTTP/1.1" 200 1236 "http://renault.activities.at/result?searchterm=true&search=arkana" "Mozilla/5.0 (Windows NT 10.0; Win64; x64) AppleWebKit/537.36 (KHTML, like Gecko) Chrome/92.0.4515.107 Safari/537.36"
193.194.132.27 - - [05/Aug/2021:13:12:45 +0200] "GET /reload?ser=1628161965259 HTTP/1.1" 200 28 "http://renault.2web.at/account" "Mozilla/5.0 (Windows NT 10.0; WOW64; Trident/7.0; Touch; rv:11.0) like Gecko"
80.120.5.131 - - [05/Aug/2021:13:12:52 +0200] "GET /reload?ser=1628161972076 HTTP/1.1" 200 28 "http://renault.activities.at/" "Mozilla/5.0 (Windows NT 10.0; Win64; x64) AppleWebKit/537.36 (KHTML, like Gecko) Chrome/92.0.4515.131 Safari/537.36"
185.22.23.252 - - [05/Aug/2021:13:12:55 +0200] "GET /reload?ser=1628161976147 HTTP/1.1" 200 28 "http://renault.activities.at/result?searchterm=true&search=folder" "Mozilla/5.0 (Windows NT 6.3; Win64; x64) AppleWebKit/537.36 (KHTML, like Gecko) Chrome/92.0.4515.131 Safari/537.36"
193.194.132.23 - - [05/Aug/2021:13:13:15 +0200] "GET /reload?ser=1628161995485 HTTP/1.1" 200 28 "http://renault.2web.at/12438662" "Mozilla/5.0 (Windows NT 10.0; Win64; x64) AppleWebKit/537.36 (KHTML, like Gecko) Chrome/92.0.4515.131 Safari/537.36"
91.113.165.162 - - [05/Aug/2021:13:13:46 +0200] "GET /reload?ser=1628162026463 HTTP/1.1" 200 1240 "http://renault.activities.at/result?searchterm=true&search=arkana" "Mozilla/5.0 (Windows NT 10.0; Win64; x64) AppleWebKit/537.36 (KHTML, like Gecko) Chrome/92.0.4515.107 Safari/537.36"
193.194.132.27 - - [05/Aug/2021:13:13:46 +0200] "GET /reload?ser=1628162026295 HTTP/1.1" 200 28 "http://renault.2web.at/account" "Mozilla/5.0 (Windows NT 10.0; WOW64; Trident/7.0; Touch; rv:11.0) like Gecko"
80.120.5.131 - - [05/Aug/2021:13:13:53 +0200] "GET /reload?ser=1628162033069 HTTP/1.1" 200 28 "http://renault.activities.at/" "Mozilla/5.0 (Windows NT 10.0; Win64; x64) AppleWebKit/537.36 (KHTML, like Gecko) Chrome/92.0.4515.131 Safari/537.36"
193.194.132.27 - - [05/Aug/2021:13:13:55 +0200] "GET /reload?ser=1628162014238 HTTP/1.1" 200 28 "http://renault.2web.at/login" "Mozilla/5.0 (Windows NT 10.0; Win64; x64) AppleWebKit/537.36 (KHTML, like Gecko) Chrome/92.0.4515.131 Safari/537.36"
185.22.23.252 - - [05/Aug/2021:13:13:56 +0200] "GET /reload?ser=1628162037145 HTTP/1.1" 200 28 "http://renault.activities.at/result?searchterm=true&search=folder" "Mozilla/5.0 (Windows NT 6.3; Win64; x64) AppleWebKit/537.36 (KHTML, like Gecko) Chrome/92.0.4515.131 Safari/537.36"
193.194.132.23 - - [05/Aug/2021:13:14:17 +0200] "GET /reload?ser=1628162057484 HTTP/1.1" 200 28 "http://renault.2web.at/12438662" "Mozilla/5.0 (Windows NT 10.0; Win64; x64) AppleWebKit/537.36 (KHTML, like Gecko) Chrome/92.0.4515.131 Safari/537.36"
91.113.165.162 - - [05/Aug/2021:13:14:47 +0200] "GET /reload?ser=1628162087464 HTTP/1.1" 200 1241 "http://renault.activities.at/result?searchterm=true&search=arkana" "Mozilla/5.0 (Windows NT 10.0; Win64; x64) AppleWebKit/537.36 (KHTML, like Gecko) Chrome/92.0.4515.107 Safari/537.36"
193.194.132.27 - - [05/Aug/2021:13:14:47 +0200] "GET /reload?ser=1628162087339 HTTP/1.1" 200 28 "http://renault.2web.at/account" "Mozilla/5.0 (Windows NT 10.0; WOW64; Trident/7.0; Touch; rv:11.0) like Gecko"
80.120.5.131 - - [05/Aug/2021:13:14:54 +0200] "GET /reload?ser=1628162094071 HTTP/1.1" 200 28 "http://renault.activities.at/" "Mozilla/5.0 (Windows NT 10.0; Win64; x64) AppleWebKit/537.36 (KHTML, like Gecko) Chrome/92.0.4515.131 Safari/537.36"
193.194.132.27 - - [05/Aug/2021:13:14:56 +0200] "GET /reload?ser=1628162096238 HTTP/1.1" 200 28 "http://renault.2web.at/login" "Mozilla/5.0 (Windows NT 10.0; Win64; x64) AppleWebKit/537.36 (KHTML, like Gecko) Chrome/92.0.4515.131 Safari/537.36"
185.22.23.252 - - [05/Aug/2021:13:14:57 +0200] "GET /reload?ser=1628162098146 HTTP/1.1" 200 28 "http://renault.activities.at/result?searchterm=true&search=folder" "Mozilla/5.0 (Windows NT 6.3; Win64; x64) AppleWebKit/537.36 (KHTML, like Gecko) Chrome/92.0.4515.131 Safari/537.36"
193.194.132.23 - - [05/Aug/2021:13:15:19 +0200] "GET /reload?ser=1628162119485 HTTP/1.1" 200 28 "http://renault.2web.at/12438662" "Mozilla/5.0 (Windows NT 10.0; Win64; x64) AppleWebKit/537.36 (KHTML, like Gecko) Chrome/92.0.4515.131 Safari/537.36"
91.113.165.162 - - [05/Aug/2021:13:15:48 +0200] "GET /reload?ser=1628162148461 HTTP/1.1" 200 1241 "http://renault.activities.at/result?searchterm=true&search=arkana" "Mozilla/5.0 (Windows NT 10.0; Win64; x64) AppleWebKit/537.36 (KHTML, like Gecko) Chrome/92.0.4515.107 Safari/537.36"
193.194.132.27 - - [05/Aug/2021:13:15:48 +0200] "GET /reload?ser=1628162148371 HTTP/1.1" 200 28 "http://renault.2web.at/account" "Mozilla/5.0 (Windows NT 10.0; WOW64; Trident/7.0; Touch; rv:11.0) like Gecko"
80.120.5.131 - - [05/Aug/2021:13:15:55 +0200] "GET /reload?ser=1628162155071 HTTP/1.1" 200 28 "http://renault.activities.at/" "Mozilla/5.0 (Windows NT 10.0; Win64; x64) AppleWebKit/537.36 (KHTML, like Gecko) Chrome/92.0.4515.131 Safari/537.36"
193.194.132.27 - - [05/Aug/2021:13:15:57 +0200] "GET /reload?ser=1628162157238 HTTP/1.1" 200 28 "http://renault.2web.at/login" "Mozilla/5.0 (Windows NT 10.0; Win64; x64) AppleWebKit/537.36 (KHTML, like Gecko) Chrome/92.0.4515.131 Safari/537.36"
185.22.23.252 - - [05/Aug/2021:13:15:58 +0200] "GET /reload?ser=1628162159146 HTTP/1.1" 200 28 "http://renault.activities.at/result?searchterm=true&search=folder" "Mozilla/5.0 (Windows NT 6.3; Win64; x64) AppleWebKit/537.36 (KHTML, like Gecko) Chrome/92.0.4515.131 Safari/537.36"
193.194.132.23 - - [05/Aug/2021:13:16:21 +0200] "GET /reload?ser=1628162181486 HTTP/1.1" 200 28 "http://renault.2web.at/12438662" "Mozilla/5.0 (Windows NT 10.0; Win64; x64) AppleWebKit/537.36 (KHTML, like Gecko) Chrome/92.0.4515.131 Safari/537.36"
91.113.165.162 - - [05/Aug/2021:13:16:49 +0200] "GET /reload?ser=1628162209474 HTTP/1.1" 200 1239 "http://renault.activities.at/result?searchterm=true&search=arkana" "Mozilla/5.0 (Windows NT 10.0; Win64; x64) AppleWebKit/537.36 (KHTML, like Gecko) Chrome/92.0.4515.107 Safari/537.36"
193.194.132.27 - - [05/Aug/2021:13:16:49 +0200] "GET /reload?ser=1628162209418 HTTP/1.1" 200 28 "http://renault.2web.at/account" "Mozilla/5.0 (Windows NT 10.0; WOW64; Trident/7.0; Touch; rv:11.0) like Gecko"
80.120.5.131 - - [05/Aug/2021:13:16:56 +0200] "GET /reload?ser=1628162216081 HTTP/1.1" 200 28 "http://renault.activities.at/" "Mozilla/5.0 (Windows NT 10.0; Win64; x64) AppleWebKit/537.36 (KHTML, like Gecko) Chrome/92.0.4515.131 Safari/537.36"
185.22.23.252 - - [05/Aug/2021:13:16:59 +0200] "GET /reload?ser=1628162220145 HTTP/1.1" 200 28 "http://renault.activities.at/result?searchterm=true&search=folder" "Mozilla/5.0 (Windows NT 6.3; Win64; x64) AppleWebKit/537.36 (KHTML, like Gecko) Chrome/92.0.4515.131 Safari/537.36"
193.194.132.23 - - [05/Aug/2021:13:17:23 +0200] "GET /reload?ser=1628162243486 HTTP/1.1" 200 28 "http://renault.2web.at/12438662" "Mozilla/5.0 (Windows NT 10.0; Win64; x64) AppleWebKit/537.36 (KHTML, like Gecko) Chrome/92.0.4515.131 Safari/537.36"
80.120.148.242 - - [05/Aug/2021:13:17:40 +0200] "GET / HTTP/1.1" 200 3086 "-" "Mozilla/5.0 (Windows NT 10.0; Win64; x64) AppleWebKit/537.36 (KHTML, like Gecko) Chrome/92.0.4515.107 Safari/537.36"
80.120.148.242 - - [05/Aug/2021:13:17:41 +0200] "GET /css/styles.css HTTP/1.1" 200 14664 "http://renault.activities.at/" "Mozilla/5.0 (Windows NT 10.0; Win64; x64) AppleWebKit/537.36 (KHTML, like Gecko) Chrome/92.0.4515.107 Safari/537.36"
80.120.148.242 - - [05/Aug/2021:13:17:42 +0200] "GET /css/reset.css HTTP/1.1" 200 1356 "http://renault.activities.at/" "Mozilla/5.0 (Windows NT 10.0; Win64; x64) AppleWebKit/537.36 (KHTML, like Gecko) Chrome/92.0.4515.107 Safari/537.36"
80.120.148.242 - - [05/Aug/2021:13:17:42 +0200] "GET /css/clears.css HTTP/1.1" 200 851 "http://renault.activities.at/" "Mozilla/5.0 (Windows NT 10.0; Win64; x64) AppleWebKit/537.36 (KHTML, like Gecko) Chrome/92.0.4515.107 Safari/537.36"
80.120.148.242 - - [05/Aug/2021:13:17:42 +0200] "GET /css/themes/default.css HTTP/1.1" 200 769 "http://renault.activities.at/" "Mozilla/5.0 (Windows NT 10.0; Win64; x64) AppleWebKit/537.36 (KHTML, like Gecko) Chrome/92.0.4515.107 Safari/537.36"
80.120.148.242 - - [05/Aug/2021:13:17:42 +0200] "GET /js/checkout.css HTTP/1.1" 200 359 "http://renault.activities.at/" "Mozilla/5.0 (Windows NT 10.0; Win64; x64) AppleWebKit/537.36 (KHTML, like Gecko) Chrome/92.0.4515.107 Safari/537.36"
80.120.148.242 - - [05/Aug/2021:13:17:42 +0200] "GET /css/prototip.css HTTP/1.1" 200 968 "http://renault.activities.at/" "Mozilla/5.0 (Windows NT 10.0; Win64; x64) AppleWebKit/537.36 (KHTML, like Gecko) Chrome/92.0.4515.107 Safari/537.36"
80.120.148.242 - - [05/Aug/2021:13:17:42 +0200] "GET /js/default.js HTTP/1.1" 200 14698 "http://renault.activities.at/" "Mozilla/5.0 (Windows NT 10.0; Win64; x64) AppleWebKit/537.36 (KHTML, like Gecko) Chrome/92.0.4515.107 Safari/537.36"
80.120.148.242 - - [05/Aug/2021:13:17:43 +0200] "GET /js/index.php?c=auto&f=,prototype/prototype.js,prototype/validation.js,scriptaculous/builder.js,scriptaculous/effects.js,scriptaculous/dragdrop.js,scriptaculous/controls.js,scriptaculous/slider.js,varien/js.js,varien/form.js,varien/menu.js,mage/translate.js,mage/cookies.js,varien/product.js,spinner/SpinnerControl.jsmin.js,prototype/window.js,prototype/window_ext.js HTTP/1.1" 200 94182 "http://renault.activities.at/" "Mozilla/5.0 (Windows NT 10.0; Win64; x64) AppleWebKit/537.36 (KHTML, like Gecko) Chrome/92.0.4515.107 Safari/537.36"
80.120.148.242 - - [05/Aug/2021:13:17:43 +0200] "GET /css/themes/alphacube.css HTTP/1.1" 200 743 "http://renault.activities.at/" "Mozilla/5.0 (Windows NT 10.0; Win64; x64) AppleWebKit/537.36 (KHTML, like Gecko) Chrome/92.0.4515.107 Safari/537.36"
80.120.148.242 - - [05/Aug/2021:13:17:43 +0200] "GET /js/flashdetection.js HTTP/1.1" 200 1059 "http://renault.activities.at/" "Mozilla/5.0 (Windows NT 10.0; Win64; x64) AppleWebKit/537.36 (KHTML, like Gecko) Chrome/92.0.4515.107 Safari/537.36"
80.120.148.242 - - [05/Aug/2021:13:17:44 +0200] "GET /images/main_block_border.gif HTTP/1.1" 200 43 "http://renault.activities.at/css/styles.css" "Mozilla/5.0 (Windows NT 10.0; Win64; x64) AppleWebKit/537.36 (KHTML, like Gecko) Chrome/92.0.4515.107 Safari/537.36"
80.120.148.242 - - [05/Aug/2021:13:17:44 +0200] "GET /images/main_block_corner_left_bot.gif HTTP/1.1" 200 159 "http://renault.activities.at/css/styles.css" "Mozilla/5.0 (Windows NT 10.0; Win64; x64) AppleWebKit/537.36 (KHTML, like Gecko) Chrome/92.0.4515.107 Safari/537.36"
80.120.148.242 - - [05/Aug/2021:13:17:44 +0200] "GET /css/print.css HTTP/1.1" 200 543 "http://renault.activities.at/" "Mozilla/5.0 (Windows NT 10.0; Win64; x64) AppleWebKit/537.36 (KHTML, like Gecko) Chrome/92.0.4515.107 Safari/537.36"
80.120.148.242 - - [05/Aug/2021:13:17:44 +0200] "GET /images/header_block_corner_left_top.gif HTTP/1.1" 200 160 "http://renault.activities.at/css/styles.css" "Mozilla/5.0 (Windows NT 10.0; Win64; x64) AppleWebKit/537.36 (KHTML, like Gecko) Chrome/92.0.4515.107 Safari/537.36"
80.120.148.242 - - [05/Aug/2021:13:17:44 +0200] "GET /images/header_block_border.gif HTTP/1.1" 200 43 "http://renault.activities.at/css/styles.css" "Mozilla/5.0 (Windows NT 10.0; Win64; x64) AppleWebKit/537.36 (KHTML, like Gecko) Chrome/92.0.4515.107 Safari/537.36"
80.120.148.242 - - [05/Aug/2021:13:17:45 +0200] "GET /images/main_block_corner_right_bot.gif HTTP/1.1" 200 158 "http://renault.activities.at/css/styles.css" "Mozilla/5.0 (Windows NT 10.0; Win64; x64) AppleWebKit/537.36 (KHTML, like Gecko) Chrome/92.0.4515.107 Safari/537.36"
80.120.148.242 - - [05/Aug/2021:13:17:45 +0200] "GET /images/main_block_corner_right_top.gif HTTP/1.1" 200 159 "http://renault.activities.at/css/styles.css" "Mozilla/5.0 (Windows NT 10.0; Win64; x64) AppleWebKit/537.36 (KHTML, like Gecko) Chrome/92.0.4515.107 Safari/537.36"
80.120.148.242 - - [05/Aug/2021:13:17:45 +0200] "GET /images/title_border_top.jpg HTTP/1.1" 200 336 "http://renault.activities.at/css/styles.css" "Mozilla/5.0 (Windows NT 10.0; Win64; x64) AppleWebKit/537.36 (KHTML, like Gecko) Chrome/92.0.4515.107 Safari/537.36"
80.120.148.242 - - [05/Aug/2021:13:17:45 +0200] "GET /images/title_corner_left_top.jpg HTTP/1.1" 200 372 "http://renault.activities.at/css/styles.css" "Mozilla/5.0 (Windows NT 10.0; Win64; x64) AppleWebKit/537.36 (KHTML, like Gecko) Chrome/92.0.4515.107 Safari/537.36"
80.120.148.242 - - [05/Aug/2021:13:17:46 +0200] "GET /images/main_block_corner_left_top.gif HTTP/1.1" 200 159 "http://renault.activities.at/css/styles.css" "Mozilla/5.0 (Windows NT 10.0; Win64; x64) AppleWebKit/537.36 (KHTML, like Gecko) Chrome/92.0.4515.107 Safari/537.36"
80.120.148.242 - - [05/Aug/2021:13:17:46 +0200] "GET /images/header_block_corner_right_top.gif HTTP/1.1" 200 160 "http://renault.activities.at/css/styles.css" "Mozilla/5.0 (Windows NT 10.0; Win64; x64) AppleWebKit/537.36 (KHTML, like Gecko) Chrome/92.0.4515.107 Safari/537.36"
80.120.148.242 - - [05/Aug/2021:13:17:47 +0200] "GET /images/title_corner_right_top.jpg HTTP/1.1" 200 389 "http://renault.activities.at/css/styles.css" "Mozilla/5.0 (Windows NT 10.0; Win64; x64) AppleWebKit/537.36 (KHTML, like Gecko) Chrome/92.0.4515.107 Safari/537.36"
80.120.148.242 - - [05/Aug/2021:13:17:46 +0200] "GET /login HTTP/1.1" 200 2085 "http://renault.activities.at/" "Mozilla/5.0 (Windows NT 10.0; Win64; x64) AppleWebKit/537.36 (KHTML, like Gecko) Chrome/92.0.4515.107 Safari/537.36"
80.120.148.242 - - [05/Aug/2021:13:17:47 +0200] "GET /loadthumbnail.php?id=11127982 HTTP/1.1" 200 399614 "http://renault.activities.at/" "Mozilla/5.0 (Windows NT 10.0; Win64; x64) AppleWebKit/537.36 (KHTML, like Gecko) Chrome/92.0.4515.107 Safari/537.36"
80.120.148.242 - - [05/Aug/2021:13:17:47 +0200] "GET /images/title_border.jpg HTTP/1.1" 200 304 "http://renault.activities.at/css/styles.css" "Mozilla/5.0 (Windows NT 10.0; Win64; x64) AppleWebKit/537.36 (KHTML, like Gecko) Chrome/92.0.4515.107 Safari/537.36"
80.120.148.242 - - [05/Aug/2021:13:17:48 +0200] "GET /images/button_left_bg.gif HTTP/1.1" 200 564 "http://renault.activities.at/css/styles.css" "Mozilla/5.0 (Windows NT 10.0; Win64; x64) AppleWebKit/537.36 (KHTML, like Gecko) Chrome/92.0.4515.107 Safari/537.36"
80.120.148.242 - - [05/Aug/2021:13:17:48 +0200] "GET /images/button_right_bg.gif HTTP/1.1" 200 561 "http://renault.activities.at/css/styles.css" "Mozilla/5.0 (Windows NT 10.0; Win64; x64) AppleWebKit/537.36 (KHTML, like Gecko) Chrome/92.0.4515.107 Safari/537.36"
80.120.148.242 - - [05/Aug/2021:13:17:48 +0200] "GET /images/button_bg.gif HTTP/1.1" 200 151 "http://renault.activities.at/css/styles.css" "Mozilla/5.0 (Windows NT 10.0; Win64; x64) AppleWebKit/537.36 (KHTML, like Gecko) Chrome/92.0.4515.107 Safari/537.36"
80.120.148.242 - - [05/Aug/2021:13:17:47 +0200] "GET /loadthumbnail.php?id=11127982 HTTP/1.1" 200 399614 "http://renault.activities.at/login" "Mozilla/5.0 (Windows NT 10.0; Win64; x64) AppleWebKit/537.36 (KHTML, like Gecko) Chrome/92.0.4515.107 Safari/537.36"
91.113.165.162 - - [05/Aug/2021:13:17:50 +0200] "GET /reload?ser=1628162270471 HTTP/1.1" 200 1242 "http://renault.activities.at/result?searchterm=true&search=arkana" "Mozilla/5.0 (Windows NT 10.0; Win64; x64) AppleWebKit/537.36 (KHTML, like Gecko) Chrome/92.0.4515.107 Safari/537.36"
193.194.132.27 - - [05/Aug/2021:13:17:50 +0200] "GET /reload?ser=1628162270470 HTTP/1.1" 200 28 "http://renault.2web.at/account" "Mozilla/5.0 (Windows NT 10.0; WOW64; Trident/7.0; Touch; rv:11.0) like Gecko"
80.120.148.242 - - [05/Aug/2021:13:17:51 +0200] "POST /login HTTP/1.1" 302 140 "http://renault.activities.at/login" "Mozilla/5.0 (Windows NT 10.0; Win64; x64) AppleWebKit/537.36 (KHTML, like Gecko) Chrome/92.0.4515.107 Safari/537.36"
80.120.148.242 - - [05/Aug/2021:13:17:53 +0200] "GET /account HTTP/1.1" 200 6008 "http://renault.activities.at/login" "Mozilla/5.0 (Windows NT 10.0; Win64; x64) AppleWebKit/537.36 (KHTML, like Gecko) Chrome/92.0.4515.107 Safari/537.36"
80.120.5.131 - - [05/Aug/2021:13:17:57 +0200] "GET /reload?ser=1628162277075 HTTP/1.1" 200 28 "http://renault.activities.at/" "Mozilla/5.0 (Windows NT 10.0; Win64; x64) AppleWebKit/537.36 (KHTML, like Gecko) Chrome/92.0.4515.131 Safari/537.36"
80.120.148.242 - - [05/Aug/2021:13:17:56 +0200] "POST /login HTTP/1.1" 302 140 "http://renault.activities.at/login" "Mozilla/5.0 (Windows NT 10.0; Win64; x64) AppleWebKit/537.36 (KHTML, like Gecko) Chrome/92.0.4515.107 Safari/537.36"
80.120.148.242 - - [05/Aug/2021:13:17:58 +0200] "GET /account HTTP/1.1" 200 6008 "http://renault.activities.at/login" "Mozilla/5.0 (Windows NT 10.0; Win64; x64) AppleWebKit/537.36 (KHTML, like Gecko) Chrome/92.0.4515.107 Safari/537.36"
185.22.23.252 - - [05/Aug/2021:13:18:00 +0200] "GET /reload?ser=1628162281144 HTTP/1.1" 200 28 "http://renault.activities.at/result?searchterm=true&search=folder" "Mozilla/5.0 (Windows NT 6.3; Win64; x64) AppleWebKit/537.36 (KHTML, like Gecko) Chrome/92.0.4515.131 Safari/537.36"
80.120.148.242 - - [05/Aug/2021:13:17:59 +0200] "POST /login HTTP/1.1" 302 140 "http://renault.activities.at/login" "Mozilla/5.0 (Windows NT 10.0; Win64; x64) AppleWebKit/537.36 (KHTML, like Gecko) Chrome/92.0.4515.107 Safari/537.36"
80.120.148.242 - - [05/Aug/2021:13:18:01 +0200] "POST /login HTTP/1.1" 302 140 "http://renault.activities.at/login" "Mozilla/5.0 (Windows NT 10.0; Win64; x64) AppleWebKit/537.36 (KHTML, like Gecko) Chrome/92.0.4515.107 Safari/537.36"
80.120.148.242 - - [05/Aug/2021:13:18:02 +0200] "POST /login HTTP/1.1" 302 140 "http://renault.activities.at/login" "Mozilla/5.0 (Windows NT 10.0; Win64; x64) AppleWebKit/537.36 (KHTML, like Gecko) Chrome/92.0.4515.107 Safari/537.36"
80.120.148.242 - - [05/Aug/2021:13:18:05 +0200] "GET /account HTTP/1.1" 200 6008 "http://renault.activities.at/login" "Mozilla/5.0 (Windows NT 10.0; Win64; x64) AppleWebKit/537.36 (KHTML, like Gecko) Chrome/92.0.4515.107 Safari/537.36"
80.120.148.242 - - [05/Aug/2021:13:18:08 +0200] "GET /js/account.js HTTP/1.1" 200 953 "http://renault.activities.at/account" "Mozilla/5.0 (Windows NT 10.0; Win64; x64) AppleWebKit/537.36 (KHTML, like Gecko) Chrome/92.0.4515.107 Safari/537.36"
80.120.148.242 - - [05/Aug/2021:13:18:08 +0200] "GET /loadthumbnail.php?id=11181194&width=50&height=50 HTTP/1.1" 200 1025 "http://renault.activities.at/account" "Mozilla/5.0 (Windows NT 10.0; Win64; x64) AppleWebKit/537.36 (KHTML, like Gecko) Chrome/92.0.4515.107 Safari/537.36"
80.120.148.242 - - [05/Aug/2021:13:18:08 +0200] "GET /loadthumbnail.php?id=11181195&width=50&height=50 HTTP/1.1" 200 714 "http://renault.activities.at/account" "Mozilla/5.0 (Windows NT 10.0; Win64; x64) AppleWebKit/537.36 (KHTML, like Gecko) Chrome/92.0.4515.107 Safari/537.36"
80.120.148.242 - - [05/Aug/2021:13:18:08 +0200] "GET /images/top_links_divider.gif HTTP/1.1" 200 44 "http://renault.activities.at/css/styles.css" "Mozilla/5.0 (Windows NT 10.0; Win64; x64) AppleWebKit/537.36 (KHTML, like Gecko) Chrome/92.0.4515.107 Safari/537.36"
80.120.148.242 - - [05/Aug/2021:13:18:09 +0200] "GET /images/nav_divider.gif HTTP/1.1" 200 43 "http://renault.activities.at/css/styles.css" "Mozilla/5.0 (Windows NT 10.0; Win64; x64) AppleWebKit/537.36 (KHTML, like Gecko) Chrome/92.0.4515.107 Safari/537.36"
80.120.148.242 - - [05/Aug/2021:13:18:09 +0200] "GET /images/menu_button_bg.jpg HTTP/1.1" 200 322 "http://renault.activities.at/css/styles.css" "Mozilla/5.0 (Windows NT 10.0; Win64; x64) AppleWebKit/537.36 (KHTML, like Gecko) Chrome/92.0.4515.107 Safari/537.36"
80.120.148.242 - - [05/Aug/2021:13:18:09 +0200] "GET /images/menu_divider.gif HTTP/1.1" 200 176 "http://renault.activities.at/css/styles.css" "Mozilla/5.0 (Windows NT 10.0; Win64; x64) AppleWebKit/537.36 (KHTML, like Gecko) Chrome/92.0.4515.107 Safari/537.36"
80.120.148.242 - - [05/Aug/2021:13:18:09 +0200] "GET /images/search_bg.gif HTTP/1.1" 200 1726 "http://renault.activities.at/css/styles.css" "Mozilla/5.0 (Windows NT 10.0; Win64; x64) AppleWebKit/537.36 (KHTML, like Gecko) Chrome/92.0.4515.107 Safari/537.36"
80.120.148.242 - - [05/Aug/2021:13:18:09 +0200] "GET /images/sidebar_title_border_top.gif HTTP/1.1" 200 155 "http://renault.activities.at/css/styles.css" "Mozilla/5.0 (Windows NT 10.0; Win64; x64) AppleWebKit/537.36 (KHTML, like Gecko) Chrome/92.0.4515.107 Safari/537.36"
80.120.148.242 - - [05/Aug/2021:13:18:10 +0200] "GET /images/sidebar_title_border.gif HTTP/1.1" 200 43 "http://renault.activities.at/css/styles.css" "Mozilla/5.0 (Windows NT 10.0; Win64; x64) AppleWebKit/537.36 (KHTML, like Gecko) Chrome/92.0.4515.107 Safari/537.36"
80.120.148.242 - - [05/Aug/2021:13:18:10 +0200] "GET /images/sidebar_title_corner_left_top.gif HTTP/1.1" 200 1124 "http://renault.activities.at/css/styles.css" "Mozilla/5.0 (Windows NT 10.0; Win64; x64) AppleWebKit/537.36 (KHTML, like Gecko) Chrome/92.0.4515.107 Safari/537.36"
80.120.148.242 - - [05/Aug/2021:13:18:10 +0200] "GET /images/sidebar_title_corner_right_top.gif HTTP/1.1" 200 383 "http://renault.activities.at/css/styles.css" "Mozilla/5.0 (Windows NT 10.0; Win64; x64) AppleWebKit/537.36 (KHTML, like Gecko) Chrome/92.0.4515.107 Safari/537.36"
80.120.148.242 - - [05/Aug/2021:13:18:10 +0200] "GET /images/footer_divider.gif HTTP/1.1" 200 44 "http://renault.activities.at/css/styles.css" "Mozilla/5.0 (Windows NT 10.0; Win64; x64) AppleWebKit/537.36 (KHTML, like Gecko) Chrome/92.0.4515.107 Safari/537.36"
80.120.148.242 - - [05/Aug/2021:13:18:21 +0200] "GET /action HTTP/1.1" 200 3959 "http://renault.activities.at/account" "Mozilla/5.0 (Windows NT 10.0; Win64; x64) AppleWebKit/537.36 (KHTML, like Gecko) Chrome/92.0.4515.107 Safari/537.36"
193.194.132.23 - - [05/Aug/2021:13:18:25 +0200] "GET /reload?ser=1628162305487 HTTP/1.1" 200 28 "http://renault.2web.at/12438662" "Mozilla/5.0 (Windows NT 10.0; Win64; x64) AppleWebKit/537.36 (KHTML, like Gecko) Chrome/92.0.4515.131 Safari/537.36"
80.120.148.242 - - [05/Aug/2021:13:18:25 +0200] "GET /12438662 HTTP/1.1" 200 7592 "http://renault.activities.at/action" "Mozilla/5.0 (Windows NT 10.0; Win64; x64) AppleWebKit/537.36 (KHTML, like Gecko) Chrome/92.0.4515.107 Safari/537.36"
80.120.148.242 - - [05/Aug/2021:13:18:27 +0200] "GET /js/prototip.js HTTP/1.1" 200 4588 "http://renault.activities.at/12438662" "Mozilla/5.0 (Windows NT 10.0; Win64; x64) AppleWebKit/537.36 (KHTML, like Gecko) Chrome/92.0.4515.107 Safari/537.36"
80.120.148.242 - - [05/Aug/2021:13:18:28 +0200] "GET /js/actionorder.js HTTP/1.1" 200 4403 "http://renault.activities.at/12438662" "Mozilla/5.0 (Windows NT 10.0; Win64; x64) AppleWebKit/537.36 (KHTML, like Gecko) Chrome/92.0.4515.107 Safari/537.36"
80.120.148.242 - - [05/Aug/2021:13:18:28 +0200] "GET /js/actiontabs.js HTTP/1.1" 200 519 "http://renault.activities.at/12438662" "Mozilla/5.0 (Windows NT 10.0; Win64; x64) AppleWebKit/537.36 (KHTML, like Gecko) Chrome/92.0.4515.107 Safari/537.36"
80.120.148.242 - - [05/Aug/2021:13:18:28 +0200] "GET /loadthumbnail.php?id=10203651&width=200 HTTP/1.1" 200 4671 "http://renault.activities.at/12438662" "Mozilla/5.0 (Windows NT 10.0; Win64; x64) AppleWebKit/537.36 (KHTML, like Gecko) Chrome/92.0.4515.107 Safari/537.36"
80.120.148.242 - - [05/Aug/2021:13:18:29 +0200] "GET /images/tabs_button_corner_left_top_active.gif HTTP/1.1" 200 138 "http://renault.activities.at/css/styles.css" "Mozilla/5.0 (Windows NT 10.0; Win64; x64) AppleWebKit/537.36 (KHTML, like Gecko) Chrome/92.0.4515.107 Safari/537.36"
80.120.148.242 - - [05/Aug/2021:13:18:29 +0200] "GET /images/loading.gif HTTP/1.1" 200 3208 "http://renault.activities.at/12438662" "Mozilla/5.0 (Windows NT 10.0; Win64; x64) AppleWebKit/537.36 (KHTML, like Gecko) Chrome/92.0.4515.107 Safari/537.36"
80.120.148.242 - - [05/Aug/2021:13:18:29 +0200] "GET /images/ajax_loading.gif HTTP/1.1" 200 1542 "http://renault.activities.at/12438662" "Mozilla/5.0 (Windows NT 10.0; Win64; x64) AppleWebKit/537.36 (KHTML, like Gecko) Chrome/92.0.4515.107 Safari/537.36"
80.120.148.242 - - [05/Aug/2021:13:18:29 +0200] "GET /images/tabs_border.gif HTTP/1.1" 200 43 "http://renault.activities.at/css/styles.css" "Mozilla/5.0 (Windows NT 10.0; Win64; x64) AppleWebKit/537.36 (KHTML, like Gecko) Chrome/92.0.4515.107 Safari/537.36"
80.120.148.242 - - [05/Aug/2021:13:18:30 +0200] "GET /images/tabs_corner_left_bot.gif HTTP/1.1" 200 98 "http://renault.activities.at/css/styles.css" "Mozilla/5.0 (Windows NT 10.0; Win64; x64) AppleWebKit/537.36 (KHTML, like Gecko) Chrome/92.0.4515.107 Safari/537.36"
80.120.148.242 - - [05/Aug/2021:13:18:30 +0200] "GET /images/tabs_button_corner_right_top_active.gif HTTP/1.1" 200 136 "http://renault.activities.at/css/styles.css" "Mozilla/5.0 (Windows NT 10.0; Win64; x64) AppleWebKit/537.36 (KHTML, like Gecko) Chrome/92.0.4515.107 Safari/537.36"
80.120.148.242 - - [05/Aug/2021:13:18:30 +0200] "GET /images/tabs_corner_left_top.gif HTTP/1.1" 200 99 "http://renault.activities.at/css/styles.css" "Mozilla/5.0 (Windows NT 10.0; Win64; x64) AppleWebKit/537.36 (KHTML, like Gecko) Chrome/92.0.4515.107 Safari/537.36"
80.120.148.242 - - [05/Aug/2021:13:18:30 +0200] "GET /images/tabs_corner_right_top.gif HTTP/1.1" 200 98 "http://renault.activities.at/css/styles.css" "Mozilla/5.0 (Windows NT 10.0; Win64; x64) AppleWebKit/537.36 (KHTML, like Gecko) Chrome/92.0.4515.107 Safari/537.36"
80.120.148.242 - - [05/Aug/2021:13:18:31 +0200] "GET /images/tabs_corner_right_bot.gif HTTP/1.1" 200 99 "http://renault.activities.at/css/styles.css" "Mozilla/5.0 (Windows NT 10.0; Win64; x64) AppleWebKit/537.36 (KHTML, like Gecko) Chrome/92.0.4515.107 Safari/537.36"
80.120.148.242 - - [05/Aug/2021:13:18:31 +0200] "GET /images/vista-dn.gif HTTP/1.1" 200 128 "http://renault.activities.at/css/styles.css" "Mozilla/5.0 (Windows NT 10.0; Win64; x64) AppleWebKit/537.36 (KHTML, like Gecko) Chrome/92.0.4515.107 Safari/537.36"
80.120.148.242 - - [05/Aug/2021:13:18:31 +0200] "GET /images/vista-up.gif HTTP/1.1" 200 131 "http://renault.activities.at/css/styles.css" "Mozilla/5.0 (Windows NT 10.0; Win64; x64) AppleWebKit/537.36 (KHTML, like Gecko) Chrome/92.0.4515.107 Safari/537.36"
80.120.148.242 - - [05/Aug/2021:13:18:33 +0200] "GET / HTTP/1.1" 200 5922 "http://renault.activities.at/12438662" "Mozilla/5.0 (Windows NT 10.0; Win64; x64) AppleWebKit/537.36 (KHTML, like Gecko) Chrome/92.0.4515.107 Safari/537.36"
80.120.148.242 - - [05/Aug/2021:13:18:35 +0200] "GET / HTTP/1.1" 200 5922 "http://renault.activities.at/12438662" "Mozilla/5.0 (Windows NT 10.0; Win64; x64) AppleWebKit/537.36 (KHTML, like Gecko) Chrome/92.0.4515.107 Safari/537.36"
80.120.148.242 - - [05/Aug/2021:13:18:40 +0200] "GET /orders HTTP/1.1" 200 5522 "http://renault.activities.at/" "Mozilla/5.0 (Windows NT 10.0; Win64; x64) AppleWebKit/537.36 (KHTML, like Gecko) Chrome/92.0.4515.107 Safari/537.36"
80.120.148.242 - - [05/Aug/2021:13:18:42 +0200] "GET /loadthumbnail.php?id=10203276 HTTP/1.1" 200 75 "http://renault.activities.at/orders" "Mozilla/5.0 (Windows NT 10.0; Win64; x64) AppleWebKit/537.36 (KHTML, like Gecko) Chrome/92.0.4515.107 Safari/537.36"
80.120.148.242 - - [05/Aug/2021:13:18:43 +0200] "GET /images/pager_bg.gif HTTP/1.1" 200 150 "http://renault.activities.at/css/styles.css" "Mozilla/5.0 (Windows NT 10.0; Win64; x64) AppleWebKit/537.36 (KHTML, like Gecko) Chrome/92.0.4515.107 Safari/537.36"
80.120.148.242 - - [05/Aug/2021:13:18:47 +0200] "GET /12434693 HTTP/1.1" 200 5754 "http://renault.activities.at/orders" "Mozilla/5.0 (Windows NT 10.0; Win64; x64) AppleWebKit/537.36 (KHTML, like Gecko) Chrome/92.0.4515.107 Safari/537.36"
91.113.165.162 - - [05/Aug/2021:13:18:51 +0200] "GET /reload?ser=1628162331468 HTTP/1.1" 200 1228 "http://renault.activities.at/result?searchterm=true&search=arkana" "Mozilla/5.0 (Windows NT 10.0; Win64; x64) AppleWebKit/537.36 (KHTML, like Gecko) Chrome/92.0.4515.107 Safari/537.36"
193.194.132.27 - - [05/Aug/2021:13:18:51 +0200] "GET /reload?ser=1628162331515 HTTP/1.1" 200 28 "http://renault.2web.at/account" "Mozilla/5.0 (Windows NT 10.0; WOW64; Trident/7.0; Touch; rv:11.0) like Gecko"
80.120.148.242 - - [05/Aug/2021:13:18:53 +0200] "GET /orders HTTP/1.1" 200 5522 "http://renault.activities.at/" "Mozilla/5.0 (Windows NT 10.0; Win64; x64) AppleWebKit/537.36 (KHTML, like Gecko) Chrome/92.0.4515.107 Safari/537.36"
80.120.5.131 - - [05/Aug/2021:13:18:58 +0200] "GET /reload?ser=1628162338067 HTTP/1.1" 200 28 "http://renault.activities.at/" "Mozilla/5.0 (Windows NT 10.0; Win64; x64) AppleWebKit/537.36 (KHTML, like Gecko) Chrome/92.0.4515.131 Safari/537.36"
80.120.148.242 - - [05/Aug/2021:13:18:57 +0200] "GET /12434045 HTTP/1.1" 200 5896 "http://renault.activities.at/orders" "Mozilla/5.0 (Windows NT 10.0; Win64; x64) AppleWebKit/537.36 (KHTML, like Gecko) Chrome/92.0.4515.107 Safari/537.36"
80.120.148.242 - - [05/Aug/2021:13:19:00 +0200] "GET /images/icons/lupe.gif HTTP/1.1" 200 324 "http://renault.activities.at/12434045" "Mozilla/5.0 (Windows NT 10.0; Win64; x64) AppleWebKit/537.36 (KHTML, like Gecko) Chrome/92.0.4515.107 Safari/537.36"
185.22.23.252 - - [05/Aug/2021:13:19:01 +0200] "GET /reload?ser=1628162342144 HTTP/1.1" 200 28 "http://renault.activities.at/result?searchterm=true&search=folder" "Mozilla/5.0 (Windows NT 6.3; Win64; x64) AppleWebKit/537.36 (KHTML, like Gecko) Chrome/92.0.4515.131 Safari/537.36"
80.120.148.242 - - [05/Aug/2021:13:19:03 +0200] "GET /orders HTTP/1.1" 200 5522 "http://renault.activities.at/" "Mozilla/5.0 (Windows NT 10.0; Win64; x64) AppleWebKit/537.36 (KHTML, like Gecko) Chrome/92.0.4515.107 Safari/537.36"
80.120.148.242 - - [05/Aug/2021:13:19:06 +0200] "GET /12426328 HTTP/1.1" 200 5896 "http://renault.activities.at/orders" "Mozilla/5.0 (Windows NT 10.0; Win64; x64) AppleWebKit/537.36 (KHTML, like Gecko) Chrome/92.0.4515.107 Safari/537.36"
80.120.148.242 - - [05/Aug/2021:13:19:11 +0200] "GET /orders HTTP/1.1" 200 5522 "http://renault.activities.at/" "Mozilla/5.0 (Windows NT 10.0; Win64; x64) AppleWebKit/537.36 (KHTML, like Gecko) Chrome/92.0.4515.107 Safari/537.36"
80.120.148.242 - - [05/Aug/2021:13:19:16 +0200] "GET /result?searchterm=true&search=plakette HTTP/1.1" 200 4629 "http://renault.activities.at/orders" "Mozilla/5.0 (Windows NT 10.0; Win64; x64) AppleWebKit/537.36 (KHTML, like Gecko) Chrome/92.0.4515.107 Safari/537.36"
80.120.148.242 - - [05/Aug/2021:13:19:18 +0200] "GET /js/ProduktGrp.js HTTP/1.1" 200 1569 "http://renault.activities.at/result?searchterm=true&search=plakette" "Mozilla/5.0 (Windows NT 10.0; Win64; x64) AppleWebKit/537.36 (KHTML, like Gecko) Chrome/92.0.4515.107 Safari/537.36"
80.120.148.242 - - [05/Aug/2021:13:19:19 +0200] "GET /images/note_msg_icon.gif HTTP/1.1" 200 1022 "http://renault.activities.at/css/styles.css" "Mozilla/5.0 (Windows NT 10.0; Win64; x64) AppleWebKit/537.36 (KHTML, like Gecko) Chrome/92.0.4515.107 Safari/537.36"
80.120.148.242 - - [05/Aug/2021:13:19:16 +0200] "POST /axjaxrequest?mode=suggest HTTP/1.1" 200 21 "http://renault.activities.at/orders" "Mozilla/5.0 (Windows NT 10.0; Win64; x64) AppleWebKit/537.36 (KHTML, like Gecko) Chrome/92.0.4515.107 Safari/537.36"
80.120.148.242 - - [05/Aug/2021:13:19:22 +0200] "GET /result?searchterm=true&search=typen HTTP/1.1" 200 5851 "http://renault.activities.at/result?searchterm=true&search=plakette" "Mozilla/5.0 (Windows NT 10.0; Win64; x64) AppleWebKit/537.36 (KHTML, like Gecko) Chrome/92.0.4515.107 Safari/537.36"
80.120.148.242 - - [05/Aug/2021:13:19:24 +0200] "GET /loadthumbnail.php?id=10203255 HTTP/1.1" 200 137 "http://renault.activities.at/result?searchterm=true&search=typen" "Mozilla/5.0 (Windows NT 10.0; Win64; x64) AppleWebKit/537.36 (KHTML, like Gecko) Chrome/92.0.4515.107 Safari/537.36"
80.120.148.242 - - [05/Aug/2021:13:19:24 +0200] "GET /loadthumbnail.php?id=10986339&width=113 HTTP/1.1" 200 3068 "http://renault.activities.at/result?searchterm=true&search=typen" "Mozilla/5.0 (Windows NT 10.0; Win64; x64) AppleWebKit/537.36 (KHTML, like Gecko) Chrome/92.0.4515.107 Safari/537.36"
80.120.148.242 - - [05/Aug/2021:13:19:22 +0200] "POST /axjaxrequest?mode=suggest HTTP/1.1" 200 21 "http://renault.activities.at/result?searchterm=true&search=plakette" "Mozilla/5.0 (Windows NT 10.0; Win64; x64) AppleWebKit/537.36 (KHTML, like Gecko) Chrome/92.0.4515.107 Safari/537.36"
80.120.148.242 - - [05/Aug/2021:13:19:26 +0200] "GET /images/vista-dn-hover.gif HTTP/1.1" 200 127 "http://renault.activities.at/css/styles.css" "Mozilla/5.0 (Windows NT 10.0; Win64; x64) AppleWebKit/537.36 (KHTML, like Gecko) Chrome/92.0.4515.107 Safari/537.36"
80.120.148.242 - - [05/Aug/2021:13:19:27 +0200] "GET /images/vista-up-hover.gif HTTP/1.1" 200 130 "http://renault.activities.at/css/styles.css" "Mozilla/5.0 (Windows NT 10.0; Win64; x64) AppleWebKit/537.36 (KHTML, like Gecko) Chrome/92.0.4515.107 Safari/537.36"
193.194.132.23 - - [05/Aug/2021:13:19:27 +0200] "GET /reload?ser=1628162367486 HTTP/1.1" 200 28 "http://renault.2web.at/12438662" "Mozilla/5.0 (Windows NT 10.0; Win64; x64) AppleWebKit/537.36 (KHTML, like Gecko) Chrome/92.0.4515.131 Safari/537.36"
80.120.148.242 - - [05/Aug/2021:13:19:41 +0200] "POST /result?searchterm=true&search=typen HTTP/1.1" 200 6041 "http://renault.activities.at/result?searchterm=true&search=typen" "Mozilla/5.0 (Windows NT 10.0; Win64; x64) AppleWebKit/537.36 (KHTML, like Gecko) Chrome/92.0.4515.107 Safari/537.36"
80.120.148.242 - - [05/Aug/2021:13:19:44 +0200] "GET /images/success_msg_icon.gif HTTP/1.1" 200 1024 "http://renault.activities.at/css/styles.css" "Mozilla/5.0 (Windows NT 10.0; Win64; x64) AppleWebKit/537.36 (KHTML, like Gecko) Chrome/92.0.4515.107 Safari/537.36"
80.120.148.242 - - [05/Aug/2021:13:19:47 +0200] "GET /action HTTP/1.1" 200 3959 "http://renault.activities.at/result?searchterm=true&search=typen" "Mozilla/5.0 (Windows NT 10.0; Win64; x64) AppleWebKit/537.36 (KHTML, like Gecko) Chrome/92.0.4515.107 Safari/537.36"
91.113.165.162 - - [05/Aug/2021:13:19:52 +0200] "GET /reload?ser=1628162392479 HTTP/1.1" 200 1238 "http://renault.activities.at/result?searchterm=true&search=arkana" "Mozilla/5.0 (Windows NT 10.0; Win64; x64) AppleWebKit/537.36 (KHTML, like Gecko) Chrome/92.0.4515.107 Safari/537.36"
80.120.148.242 - - [05/Aug/2021:13:19:49 +0200] "GET /10201442 HTTP/1.1" 200 8747 "http://renault.activities.at/action" "Mozilla/5.0 (Windows NT 10.0; Win64; x64) AppleWebKit/537.36 (KHTML, like Gecko) Chrome/92.0.4515.107 Safari/537.36"
80.120.148.242 - - [05/Aug/2021:13:19:53 +0200] "GET /loadthumbnail.php?id=12329769&width=113 HTTP/1.1" 200 6281 "http://renault.activities.at/10201442" "Mozilla/5.0 (Windows NT 10.0; Win64; x64) AppleWebKit/537.36 (KHTML, like Gecko) Chrome/92.0.4515.107 Safari/537.36"
80.120.148.242 - - [05/Aug/2021:13:19:53 +0200] "GET /loadthumbnail.php?id=12428347&width=113 HTTP/1.1" 200 5778 "http://renault.activities.at/10201442" "Mozilla/5.0 (Windows NT 10.0; Win64; x64) AppleWebKit/537.36 (KHTML, like Gecko) Chrome/92.0.4515.107 Safari/537.36"
