80.123.225.38 - - [05/Aug/2021:08:53:30 +0200] "GET /loadthumbnail.php?id=10203255 HTTP/1.1" 200 137 "http://renault.2web.at/result?searchterm=true&search=duster" "Mozilla/5.0 (Windows NT 10.0; Win64; x64; rv:90.0) Gecko/20100101 Firefox/90.0"
80.123.225.38 - - [05/Aug/2021:08:53:30 +0200] "GET /loadthumbnail.php?id=10203650&width=113 HTTP/1.1" 200 2741 "http://renault.2web.at/result?searchterm=true&search=duster" "Mozilla/5.0 (Windows NT 10.0; Win64; x64; rv:90.0) Gecko/20100101 Firefox/90.0"
91.113.165.162 - - [05/Aug/2021:08:53:30 +0200] "GET /reload?ser=1628146410397 HTTP/1.1" 200 1229 "http://renault.activities.at/result?searchterm=true&search=arkana" "Mozilla/5.0 (Windows NT 10.0; Win64; x64) AppleWebKit/537.36 (KHTML, like Gecko) Chrome/92.0.4515.107 Safari/537.36"
80.123.225.38 - - [05/Aug/2021:08:53:30 +0200] "GET /loadthumbnail.php?id=11127982 HTTP/1.1" 200 399614 "http://renault.2web.at/result?searchterm=true&search=duster" "Mozilla/5.0 (Windows NT 10.0; Win64; x64; rv:90.0) Gecko/20100101 Firefox/90.0"
80.123.225.38 - - [05/Aug/2021:08:53:41 +0200] "POST /axjaxrequest?mode=suggest HTTP/1.1" 200 112 "http://renault.2web.at/result?searchterm=true&search=duster" "Mozilla/5.0 (Windows NT 10.0; Win64; x64; rv:90.0) Gecko/20100101 Firefox/90.0"
80.123.225.38 - - [05/Aug/2021:08:53:42 +0200] "GET /result?searchterm=true&search=arkana HTTP/1.1" 200 7682 "http://renault.2web.at/result?searchterm=true&search=duster" "Mozilla/5.0 (Windows NT 10.0; Win64; x64; rv:90.0) Gecko/20100101 Firefox/90.0"
80.123.225.38 - - [05/Aug/2021:08:53:45 +0200] "GET /loadthumbnail.php?id=12428314&width=113 HTTP/1.1" 200 5819 "http://renault.2web.at/result?searchterm=true&search=arkana" "Mozilla/5.0 (Windows NT 10.0; Win64; x64; rv:90.0) Gecko/20100101 Firefox/90.0"
80.123.225.38 - - [05/Aug/2021:08:53:45 +0200] "GET /loadthumbnail.php?id=12421074&width=113 HTTP/1.1" 200 1888 "http://renault.2web.at/result?searchterm=true&search=arkana" "Mozilla/5.0 (Windows NT 10.0; Win64; x64; rv:90.0) Gecko/20100101 Firefox/90.0"
80.123.225.38 - - [05/Aug/2021:08:53:45 +0200] "GET /loadthumbnail.php?id=12421086&width=113 HTTP/1.1" 200 1910 "http://renault.2web.at/result?searchterm=true&search=arkana" "Mozilla/5.0 (Windows NT 10.0; Win64; x64; rv:90.0) Gecko/20100101 Firefox/90.0"
80.123.225.38 - - [05/Aug/2021:08:53:45 +0200] "GET /loadthumbnail.php?id=12421082&width=113 HTTP/1.1" 200 1910 "http://renault.2web.at/result?searchterm=true&search=arkana" "Mozilla/5.0 (Windows NT 10.0; Win64; x64; rv:90.0) Gecko/20100101 Firefox/90.0"
80.123.225.38 - - [05/Aug/2021:08:53:45 +0200] "GET /loadthumbnail.php?id=12421078&width=113 HTTP/1.1" 200 1888 "http://renault.2web.at/result?searchterm=true&search=arkana" "Mozilla/5.0 (Windows NT 10.0; Win64; x64; rv:90.0) Gecko/20100101 Firefox/90.0"
80.123.225.38 - - [05/Aug/2021:08:53:45 +0200] "GET /loadthumbnail.php?id=12358950&width=113 HTTP/1.1" 200 1680 "http://renault.2web.at/result?searchterm=true&search=arkana" "Mozilla/5.0 (Windows NT 10.0; Win64; x64; rv:90.0) Gecko/20100101 Firefox/90.0"
80.123.225.38 - - [05/Aug/2021:08:53:45 +0200] "GET /loadthumbnail.php?id=12358949&width=113 HTTP/1.1" 200 2061 "http://renault.2web.at/result?searchterm=true&search=arkana" "Mozilla/5.0 (Windows NT 10.0; Win64; x64; rv:90.0) Gecko/20100101 Firefox/90.0"
80.123.225.38 - - [05/Aug/2021:08:53:45 +0200] "GET /loadthumbnail.php?id=11255648&width=50&height=50 HTTP/1.1" 200 748 "http://renault.2web.at/result?searchterm=true&search=arkana" "Mozilla/5.0 (Windows NT 10.0; Win64; x64; rv:90.0) Gecko/20100101 Firefox/90.0"
80.123.225.38 - - [05/Aug/2021:08:53:45 +0200] "GET /loadthumbnail.php?id=12414627&width=113 HTTP/1.1" 200 3273 "http://renault.2web.at/result?searchterm=true&search=arkana" "Mozilla/5.0 (Windows NT 10.0; Win64; x64; rv:90.0) Gecko/20100101 Firefox/90.0"
80.123.225.38 - - [05/Aug/2021:08:53:45 +0200] "GET /loadthumbnail.php?id=11036127&width=50&height=50 HTTP/1.1" 200 684 "http://renault.2web.at/result?searchterm=true&search=arkana" "Mozilla/5.0 (Windows NT 10.0; Win64; x64; rv:90.0) Gecko/20100101 Firefox/90.0"
80.123.225.38 - - [05/Aug/2021:08:53:45 +0200] "GET /loadthumbnail.php?id=11885851&width=50&height=50 HTTP/1.1" 200 751 "http://renault.2web.at/result?searchterm=true&search=arkana" "Mozilla/5.0 (Windows NT 10.0; Win64; x64; rv:90.0) Gecko/20100101 Firefox/90.0"
80.123.225.38 - - [05/Aug/2021:08:53:45 +0200] "GET /loadthumbnail.php?id=10260861&width=50&height=50 HTTP/1.1" 200 734 "http://renault.2web.at/result?searchterm=true&search=arkana" "Mozilla/5.0 (Windows NT 10.0; Win64; x64; rv:90.0) Gecko/20100101 Firefox/90.0"
80.123.225.38 - - [05/Aug/2021:08:53:46 +0200] "GET /loadthumbnail.php?id=10919466&width=50&height=50 HTTP/1.1" 200 762 "http://renault.2web.at/result?searchterm=true&search=arkana" "Mozilla/5.0 (Windows NT 10.0; Win64; x64; rv:90.0) Gecko/20100101 Firefox/90.0"
80.123.225.38 - - [05/Aug/2021:08:53:46 +0200] "GET /loadthumbnail.php?id=10203651&width=50&height=50 HTTP/1.1" 200 1234 "http://renault.2web.at/result?searchterm=true&search=arkana" "Mozilla/5.0 (Windows NT 10.0; Win64; x64; rv:90.0) Gecko/20100101 Firefox/90.0"
80.123.225.38 - - [05/Aug/2021:08:53:46 +0200] "GET /loadthumbnail.php?id=12198629&width=50&height=50 HTTP/1.1" 200 975 "http://renault.2web.at/result?searchterm=true&search=arkana" "Mozilla/5.0 (Windows NT 10.0; Win64; x64; rv:90.0) Gecko/20100101 Firefox/90.0"
80.123.225.38 - - [05/Aug/2021:08:53:46 +0200] "GET /loadthumbnail.php?id=12333874&width=50&height=50 HTTP/1.1" 200 993 "http://renault.2web.at/result?searchterm=true&search=arkana" "Mozilla/5.0 (Windows NT 10.0; Win64; x64; rv:90.0) Gecko/20100101 Firefox/90.0"
80.123.225.38 - - [05/Aug/2021:08:53:46 +0200] "GET /loadthumbnail.php?id=12255325&width=50&height=50 HTTP/1.1" 200 1029 "http://renault.2web.at/result?searchterm=true&search=arkana" "Mozilla/5.0 (Windows NT 10.0; Win64; x64; rv:90.0) Gecko/20100101 Firefox/90.0"
80.123.225.38 - - [05/Aug/2021:08:53:46 +0200] "GET /loadthumbnail.php?id=12333878&width=50&height=50 HTTP/1.1" 200 1005 "http://renault.2web.at/result?searchterm=true&search=arkana" "Mozilla/5.0 (Windows NT 10.0; Win64; x64; rv:90.0) Gecko/20100101 Firefox/90.0"
80.123.225.38 - - [05/Aug/2021:08:53:46 +0200] "GET /loadthumbnail.php?id=10203255 HTTP/1.1" 200 137 "http://renault.2web.at/result?searchterm=true&search=arkana" "Mozilla/5.0 (Windows NT 10.0; Win64; x64; rv:90.0) Gecko/20100101 Firefox/90.0"
80.123.225.38 - - [05/Aug/2021:08:53:46 +0200] "GET /loadthumbnail.php?id=10203650&width=113 HTTP/1.1" 200 2741 "http://renault.2web.at/result?searchterm=true&search=arkana" "Mozilla/5.0 (Windows NT 10.0; Win64; x64; rv:90.0) Gecko/20100101 Firefox/90.0"
80.123.225.38 - - [05/Aug/2021:08:53:46 +0200] "GET /loadthumbnail.php?id=11127982 HTTP/1.1" 200 399614 "http://renault.2web.at/result?searchterm=true&search=arkana" "Mozilla/5.0 (Windows NT 10.0; Win64; x64; rv:90.0) Gecko/20100101 Firefox/90.0"
193.194.132.21 - - [05/Aug/2021:08:53:46 +0200] "GET /reload?ser=1628146426477 HTTP/1.1" 200 28 "http://renault.2web.at/account" "Mozilla/5.0 (Windows NT 10.0; Win64; x64) AppleWebKit/537.36 (KHTML, like Gecko) Chrome/92.0.4515.107 Safari/537.36"
80.123.225.38 - - [05/Aug/2021:08:53:50 +0200] "GET /reload?ser=1628146430066 HTTP/1.1" 200 28 "http://renault.2web.at/forgotpassword" "Mozilla/5.0 (Windows NT 10.0; Win64; x64; rv:90.0) Gecko/20100101 Firefox/90.0"
193.194.132.23 - - [05/Aug/2021:08:53:52 +0200] "GET /reload?ser=1628146432081 HTTP/1.1" 200 28 "http://renault.2web.at/12438662" "Mozilla/5.0 (Windows NT 10.0; Win64; x64) AppleWebKit/537.36 (KHTML, like Gecko) Chrome/92.0.4515.131 Safari/537.36"
80.120.210.179 - - [05/Aug/2021:08:53:56 +0200] "GET /reload?ser=1628146436478 HTTP/1.1" 200 28 "http://renault.activities.at/result?searchterm=true&search=kna" "Mozilla/5.0 (Windows NT 10.0; WOW64; Trident/7.0; rv:11.0) like Gecko"
80.123.225.38 - - [05/Aug/2021:08:54:01 +0200] "GET /css/themes/alphacube/top_mid.gif HTTP/1.1" 200 833 "http://renault.2web.at/css/themes/alphacube.css" "Mozilla/5.0 (Windows NT 10.0; Win64; x64; rv:90.0) Gecko/20100101 Firefox/90.0"
80.123.225.38 - - [05/Aug/2021:08:54:02 +0200] "GET /css/themes/alphacube/frame_right.gif HTTP/1.1" 200 64 "http://renault.2web.at/css/themes/alphacube.css" "Mozilla/5.0 (Windows NT 10.0; Win64; x64; rv:90.0) Gecko/20100101 Firefox/90.0"
80.123.225.38 - - [05/Aug/2021:08:54:02 +0200] "GET /css/themes/alphacube/frame_left.gif HTTP/1.1" 200 64 "http://renault.2web.at/css/themes/alphacube.css" "Mozilla/5.0 (Windows NT 10.0; Win64; x64; rv:90.0) Gecko/20100101 Firefox/90.0"
80.123.225.38 - - [05/Aug/2021:08:54:02 +0200] "GET /css/themes/alphacube/bottom_middle.gif HTTP/1.1" 200 44 "http://renault.2web.at/css/themes/alphacube.css" "Mozilla/5.0 (Windows NT 10.0; Win64; x64; rv:90.0) Gecko/20100101 Firefox/90.0"
80.123.225.38 - - [05/Aug/2021:08:54:02 +0200] "GET /css/themes/alphacube/button-close-focus.gif HTTP/1.1" 200 699 "http://renault.2web.at/css/themes/alphacube.css" "Mozilla/5.0 (Windows NT 10.0; Win64; x64; rv:90.0) Gecko/20100101 Firefox/90.0"
80.123.225.38 - - [05/Aug/2021:08:54:02 +0200] "GET /css/themes/alphacube/top_left.gif HTTP/1.1" 200 973 "http://renault.2web.at/css/themes/alphacube.css" "Mozilla/5.0 (Windows NT 10.0; Win64; x64; rv:90.0) Gecko/20100101 Firefox/90.0"
80.123.225.38 - - [05/Aug/2021:08:54:02 +0200] "GET /css/themes/alphacube/bottom_right-c.gif HTTP/1.1" 200 62 "http://renault.2web.at/css/themes/alphacube.css" "Mozilla/5.0 (Windows NT 10.0; Win64; x64; rv:90.0) Gecko/20100101 Firefox/90.0"
80.123.225.38 - - [05/Aug/2021:08:54:02 +0200] "GET /css/themes/alphacube/top_right.gif HTTP/1.1" 200 972 "http://renault.2web.at/css/themes/alphacube.css" "Mozilla/5.0 (Windows NT 10.0; Win64; x64; rv:90.0) Gecko/20100101 Firefox/90.0"
80.123.225.38 - - [05/Aug/2021:08:54:02 +0200] "GET /css/themes/alphacube/bottom_left-c.gif HTTP/1.1" 200 62 "http://renault.2web.at/css/themes/alphacube.css" "Mozilla/5.0 (Windows NT 10.0; Win64; x64; rv:90.0) Gecko/20100101 Firefox/90.0"
80.123.225.38 - - [05/Aug/2021:08:54:01 +0200] "GET /12400627?print=true HTTP/1.1" 200 2650 "http://renault.2web.at/result?searchterm=true&search=arkana" "Mozilla/5.0 (Windows NT 10.0; Win64; x64; rv:90.0) Gecko/20100101 Firefox/90.0"
80.123.225.38 - - [05/Aug/2021:08:54:06 +0200] "GET /js/magiczoom/magiczoom.css HTTP/1.1" 200 1210 "http://renault.2web.at/12400627?print=true" "Mozilla/5.0 (Windows NT 10.0; Win64; x64; rv:90.0) Gecko/20100101 Firefox/90.0"
80.123.225.38 - - [05/Aug/2021:08:54:06 +0200] "GET /js/Produkt.js HTTP/1.1" 200 852 "http://renault.2web.at/12400627?print=true" "Mozilla/5.0 (Windows NT 10.0; Win64; x64; rv:90.0) Gecko/20100101 Firefox/90.0"
80.123.225.38 - - [05/Aug/2021:08:54:06 +0200] "GET /js/magiczoom/magiczoom.js HTTP/1.1" 200 26397 "http://renault.2web.at/12400627?print=true" "Mozilla/5.0 (Windows NT 10.0; Win64; x64; rv:90.0) Gecko/20100101 Firefox/90.0"
80.123.225.38 - - [05/Aug/2021:08:54:06 +0200] "GET /loadthumbnail.php?id=12414627&width=250 HTTP/1.1" 200 11344 "http://renault.2web.at/12400627?print=true" "Mozilla/5.0 (Windows NT 10.0; Win64; x64; rv:90.0) Gecko/20100101 Firefox/90.0"
80.123.225.38 - - [05/Aug/2021:08:54:06 +0200] "GET /loadthumbnail.php?id=12414627&width=250 HTTP/1.1" 200 11344 "http://renault.2web.at/12400627?print=true" "Mozilla/5.0 (Windows NT 10.0; Win64; x64; rv:90.0) Gecko/20100101 Firefox/90.0"
80.123.225.38 - - [05/Aug/2021:08:54:06 +0200] "GET /loadthumbnail.php?id=12414627&width=900&height=900 HTTP/1.1" 200 90523 "http://renault.2web.at/12400627?print=true" "Mozilla/5.0 (Windows NT 10.0; Win64; x64; rv:90.0) Gecko/20100101 Firefox/90.0"
80.123.225.38 - - [05/Aug/2021:08:54:06 +0200] "GET /js/magiczoom/graphics/hint.gif HTTP/1.1" 200 73 "http://renault.2web.at/js/magiczoom/magiczoom.css" "Mozilla/5.0 (Windows NT 10.0; Win64; x64; rv:90.0) Gecko/20100101 Firefox/90.0"
80.123.225.38 - - [05/Aug/2021:08:54:07 +0200] "GET /images/vista-dn-hover.gif HTTP/1.1" 200 127 "http://renault.2web.at/css/styles.css" "Mozilla/5.0 (Windows NT 10.0; Win64; x64; rv:90.0) Gecko/20100101 Firefox/90.0"
80.123.225.38 - - [05/Aug/2021:08:54:07 +0200] "GET /images/vista-up-hover.gif HTTP/1.1" 200 130 "http://renault.2web.at/css/styles.css" "Mozilla/5.0 (Windows NT 10.0; Win64; x64; rv:90.0) Gecko/20100101 Firefox/90.0"
80.123.225.38 - - [05/Aug/2021:08:54:15 +0200] "POST /12400627?print=true HTTP/1.1" 200 2761 "http://renault.2web.at/12400627?print=true" "Mozilla/5.0 (Windows NT 10.0; Win64; x64; rv:90.0) Gecko/20100101 Firefox/90.0"
80.123.225.38 - - [05/Aug/2021:08:54:17 +0200] "GET /loadthumbnail.php?id=12414627&width=250 HTTP/1.1" 200 11344 "http://renault.2web.at/12400627?print=true" "Mozilla/5.0 (Windows NT 10.0; Win64; x64; rv:90.0) Gecko/20100101 Firefox/90.0"
80.123.225.38 - - [05/Aug/2021:08:54:17 +0200] "GET /loadthumbnail.php?id=12414627&width=900&height=900 HTTP/1.1" 200 90523 "http://renault.2web.at/12400627?print=true" "Mozilla/5.0 (Windows NT 10.0; Win64; x64; rv:90.0) Gecko/20100101 Firefox/90.0"
80.120.5.131 - - [05/Aug/2021:08:54:20 +0200] "GET /reload?ser=1628146460225 HTTP/1.1" 200 28 "http://renault.activities.at/10260273" "Mozilla/5.0 (Windows NT 10.0; Win64; x64) AppleWebKit/537.36 (KHTML, like Gecko) Chrome/92.0.4515.131 Safari/537.36"
91.113.165.162 - - [05/Aug/2021:08:54:31 +0200] "GET /reload?ser=1628146471393 HTTP/1.1" 200 1244 "http://renault.activities.at/result?searchterm=true&search=arkana" "Mozilla/5.0 (Windows NT 10.0; Win64; x64) AppleWebKit/537.36 (KHTML, like Gecko) Chrome/92.0.4515.107 Safari/537.36"
80.123.225.38 - - [05/Aug/2021:08:54:34 +0200] "POST /axjaxrequest?mode=suggest HTTP/1.1" 200 110 "http://renault.2web.at/result?searchterm=true&search=arkana" "Mozilla/5.0 (Windows NT 10.0; Win64; x64; rv:90.0) Gecko/20100101 Firefox/90.0"
80.123.225.38 - - [05/Aug/2021:08:54:34 +0200] "GET /result?searchterm=true&search=express HTTP/1.1" 200 6675 "http://renault.2web.at/result?searchterm=true&search=arkana" "Mozilla/5.0 (Windows NT 10.0; Win64; x64; rv:90.0) Gecko/20100101 Firefox/90.0"
80.123.225.38 - - [05/Aug/2021:08:54:37 +0200] "GET /loadthumbnail.php?id=12414630&width=113 HTTP/1.1" 200 3276 "http://renault.2web.at/result?searchterm=true&search=express" "Mozilla/5.0 (Windows NT 10.0; Win64; x64; rv:90.0) Gecko/20100101 Firefox/90.0"
80.123.225.38 - - [05/Aug/2021:08:54:37 +0200] "GET /loadthumbnail.php?id=12364069&width=113 HTTP/1.1" 200 19275 "http://renault.2web.at/result?searchterm=true&search=express" "Mozilla/5.0 (Windows NT 10.0; Win64; x64; rv:90.0) Gecko/20100101 Firefox/90.0"
80.123.225.38 - - [05/Aug/2021:08:54:37 +0200] "GET /loadthumbnail.php?id=11885851&width=50&height=50 HTTP/1.1" 200 751 "http://renault.2web.at/result?searchterm=true&search=express" "Mozilla/5.0 (Windows NT 10.0; Win64; x64; rv:90.0) Gecko/20100101 Firefox/90.0"
80.123.225.38 - - [05/Aug/2021:08:54:37 +0200] "GET /loadthumbnail.php?id=10260861&width=50&height=50 HTTP/1.1" 200 734 "http://renault.2web.at/result?searchterm=true&search=express" "Mozilla/5.0 (Windows NT 10.0; Win64; x64; rv:90.0) Gecko/20100101 Firefox/90.0"
80.123.225.38 - - [05/Aug/2021:08:54:37 +0200] "GET /loadthumbnail.php?id=11036127&width=50&height=50 HTTP/1.1" 200 684 "http://renault.2web.at/result?searchterm=true&search=express" "Mozilla/5.0 (Windows NT 10.0; Win64; x64; rv:90.0) Gecko/20100101 Firefox/90.0"
80.123.225.38 - - [05/Aug/2021:08:54:37 +0200] "GET /loadthumbnail.php?id=11255648&width=50&height=50 HTTP/1.1" 200 748 "http://renault.2web.at/result?searchterm=true&search=express" "Mozilla/5.0 (Windows NT 10.0; Win64; x64; rv:90.0) Gecko/20100101 Firefox/90.0"
80.123.225.38 - - [05/Aug/2021:08:54:37 +0200] "GET /loadthumbnail.php?id=10919466&width=50&height=50 HTTP/1.1" 200 762 "http://renault.2web.at/result?searchterm=true&search=express" "Mozilla/5.0 (Windows NT 10.0; Win64; x64; rv:90.0) Gecko/20100101 Firefox/90.0"
80.123.225.38 - - [05/Aug/2021:08:54:37 +0200] "GET /loadthumbnail.php?id=10203651&width=50&height=50 HTTP/1.1" 200 1234 "http://renault.2web.at/result?searchterm=true&search=express" "Mozilla/5.0 (Windows NT 10.0; Win64; x64; rv:90.0) Gecko/20100101 Firefox/90.0"
80.123.225.38 - - [05/Aug/2021:08:54:37 +0200] "GET /loadthumbnail.php?id=12198629&width=50&height=50 HTTP/1.1" 200 975 "http://renault.2web.at/result?searchterm=true&search=express" "Mozilla/5.0 (Windows NT 10.0; Win64; x64; rv:90.0) Gecko/20100101 Firefox/90.0"
80.123.225.38 - - [05/Aug/2021:08:54:37 +0200] "GET /loadthumbnail.php?id=12333874&width=50&height=50 HTTP/1.1" 200 993 "http://renault.2web.at/result?searchterm=true&search=express" "Mozilla/5.0 (Windows NT 10.0; Win64; x64; rv:90.0) Gecko/20100101 Firefox/90.0"
80.123.225.38 - - [05/Aug/2021:08:54:37 +0200] "GET /loadthumbnail.php?id=12333878&width=50&height=50 HTTP/1.1" 200 1005 "http://renault.2web.at/result?searchterm=true&search=express" "Mozilla/5.0 (Windows NT 10.0; Win64; x64; rv:90.0) Gecko/20100101 Firefox/90.0"
80.123.225.38 - - [05/Aug/2021:08:54:37 +0200] "GET /loadthumbnail.php?id=12255325&width=50&height=50 HTTP/1.1" 200 1029 "http://renault.2web.at/result?searchterm=true&search=express" "Mozilla/5.0 (Windows NT 10.0; Win64; x64; rv:90.0) Gecko/20100101 Firefox/90.0"
80.123.225.38 - - [05/Aug/2021:08:54:37 +0200] "GET /loadthumbnail.php?id=10203255 HTTP/1.1" 200 137 "http://renault.2web.at/result?searchterm=true&search=express" "Mozilla/5.0 (Windows NT 10.0; Win64; x64; rv:90.0) Gecko/20100101 Firefox/90.0"
80.123.225.38 - - [05/Aug/2021:08:54:37 +0200] "GET /loadthumbnail.php?id=11127982 HTTP/1.1" 200 399614 "http://renault.2web.at/result?searchterm=true&search=express" "Mozilla/5.0 (Windows NT 10.0; Win64; x64; rv:90.0) Gecko/20100101 Firefox/90.0"
80.123.225.38 - - [05/Aug/2021:08:54:46 +0200] "POST /axjaxrequest?mode=suggest HTTP/1.1" 200 123 "http://renault.2web.at/result?searchterm=true&search=express" "Mozilla/5.0 (Windows NT 10.0; Win64; x64; rv:90.0) Gecko/20100101 Firefox/90.0"
193.194.132.21 - - [05/Aug/2021:08:54:48 +0200] "GET /reload?ser=1628146488477 HTTP/1.1" 200 28 "http://renault.2web.at/account" "Mozilla/5.0 (Windows NT 10.0; Win64; x64) AppleWebKit/537.36 (KHTML, like Gecko) Chrome/92.0.4515.107 Safari/537.36"
80.123.225.38 - - [05/Aug/2021:08:54:46 +0200] "GET /result?searchterm=true&search=kennzeichenblenden HTTP/1.1" 200 9001 "http://renault.2web.at/result?searchterm=true&search=express" "Mozilla/5.0 (Windows NT 10.0; Win64; x64; rv:90.0) Gecko/20100101 Firefox/90.0"
80.123.225.38 - - [05/Aug/2021:08:54:51 +0200] "GET /loadthumbnail.php?id=10203276 HTTP/1.1" 200 75 "http://renault.2web.at/result?searchterm=true&search=kennzeichenblenden" "Mozilla/5.0 (Windows NT 10.0; Win64; x64; rv:90.0) Gecko/20100101 Firefox/90.0"
80.123.225.38 - - [05/Aug/2021:08:54:51 +0200] "GET /loadthumbnail.php?id=11036127&width=113 HTTP/1.1" 200 1099 "http://renault.2web.at/result?searchterm=true&search=kennzeichenblenden" "Mozilla/5.0 (Windows NT 10.0; Win64; x64; rv:90.0) Gecko/20100101 Firefox/90.0"
80.123.225.38 - - [05/Aug/2021:08:54:51 +0200] "GET /loadthumbnail.php?id=10261230&width=113 HTTP/1.1" 200 1170 "http://renault.2web.at/result?searchterm=true&search=kennzeichenblenden" "Mozilla/5.0 (Windows NT 10.0; Win64; x64; rv:90.0) Gecko/20100101 Firefox/90.0"
80.123.225.38 - - [05/Aug/2021:08:54:51 +0200] "GET /loadthumbnail.php?id=10260877&width=113 HTTP/1.1" 200 1170 "http://renault.2web.at/result?searchterm=true&search=kennzeichenblenden" "Mozilla/5.0 (Windows NT 10.0; Win64; x64; rv:90.0) Gecko/20100101 Firefox/90.0"
80.123.225.38 - - [05/Aug/2021:08:54:51 +0200] "GET /loadthumbnail.php?id=10260910&width=113 HTTP/1.1" 200 3135 "http://renault.2web.at/result?searchterm=true&search=kennzeichenblenden" "Mozilla/5.0 (Windows NT 10.0; Win64; x64; rv:90.0) Gecko/20100101 Firefox/90.0"
80.123.225.38 - - [05/Aug/2021:08:54:52 +0200] "GET /loadthumbnail.php?id=11036339&width=113 HTTP/1.1" 200 1330 "http://renault.2web.at/result?searchterm=true&search=kennzeichenblenden" "Mozilla/5.0 (Windows NT 10.0; Win64; x64; rv:90.0) Gecko/20100101 Firefox/90.0"
80.123.225.38 - - [05/Aug/2021:08:54:52 +0200] "GET /loadthumbnail.php?id=10260863&width=113 HTTP/1.1" 200 1170 "http://renault.2web.at/result?searchterm=true&search=kennzeichenblenden" "Mozilla/5.0 (Windows NT 10.0; Win64; x64; rv:90.0) Gecko/20100101 Firefox/90.0"
80.123.225.38 - - [05/Aug/2021:08:54:52 +0200] "GET /loadthumbnail.php?id=12294743&width=113 HTTP/1.1" 200 2695 "http://renault.2web.at/result?searchterm=true&search=kennzeichenblenden" "Mozilla/5.0 (Windows NT 10.0; Win64; x64; rv:90.0) Gecko/20100101 Firefox/90.0"
80.123.225.38 - - [05/Aug/2021:08:54:52 +0200] "GET /loadthumbnail.php?id=10260861&width=113 HTTP/1.1" 200 1170 "http://renault.2web.at/result?searchterm=true&search=kennzeichenblenden" "Mozilla/5.0 (Windows NT 10.0; Win64; x64; rv:90.0) Gecko/20100101 Firefox/90.0"
80.123.225.38 - - [05/Aug/2021:08:54:52 +0200] "GET /loadthumbnail.php?id=11036124&width=113 HTTP/1.1" 200 1328 "http://renault.2web.at/result?searchterm=true&search=kennzeichenblenden" "Mozilla/5.0 (Windows NT 10.0; Win64; x64; rv:90.0) Gecko/20100101 Firefox/90.0"
80.123.225.38 - - [05/Aug/2021:08:54:52 +0200] "GET /loadthumbnail.php?id=11885850&width=113 HTTP/1.1" 200 1552 "http://renault.2web.at/result?searchterm=true&search=kennzeichenblenden" "Mozilla/5.0 (Windows NT 10.0; Win64; x64; rv:90.0) Gecko/20100101 Firefox/90.0"
80.123.225.38 - - [05/Aug/2021:08:54:52 +0200] "GET /loadthumbnail.php?id=10260875&width=113 HTTP/1.1" 200 1170 "http://renault.2web.at/result?searchterm=true&search=kennzeichenblenden" "Mozilla/5.0 (Windows NT 10.0; Win64; x64; rv:90.0) Gecko/20100101 Firefox/90.0"
80.123.225.38 - - [05/Aug/2021:08:54:52 +0200] "GET /loadthumbnail.php?id=11885851&width=113 HTTP/1.1" 200 1576 "http://renault.2web.at/result?searchterm=true&search=kennzeichenblenden" "Mozilla/5.0 (Windows NT 10.0; Win64; x64; rv:90.0) Gecko/20100101 Firefox/90.0"
80.123.225.38 - - [05/Aug/2021:08:54:52 +0200] "GET /loadthumbnail.php?id=10915652&width=113 HTTP/1.1" 200 1387 "http://renault.2web.at/result?searchterm=true&search=kennzeichenblenden" "Mozilla/5.0 (Windows NT 10.0; Win64; x64; rv:90.0) Gecko/20100101 Firefox/90.0"
80.123.225.38 - - [05/Aug/2021:08:54:51 +0200] "GET /reload?ser=1628146491028 HTTP/1.1" 200 28 "http://renault.2web.at/forgotpassword" "Mozilla/5.0 (Windows NT 10.0; Win64; x64; rv:90.0) Gecko/20100101 Firefox/90.0"
80.123.225.38 - - [05/Aug/2021:08:54:52 +0200] "GET /loadthumbnail.php?id=11255648&width=50&height=50 HTTP/1.1" 200 748 "http://renault.2web.at/result?searchterm=true&search=kennzeichenblenden" "Mozilla/5.0 (Windows NT 10.0; Win64; x64; rv:90.0) Gecko/20100101 Firefox/90.0"
80.123.225.38 - - [05/Aug/2021:08:54:52 +0200] "GET /loadthumbnail.php?id=11036127&width=50&height=50 HTTP/1.1" 200 684 "http://renault.2web.at/result?searchterm=true&search=kennzeichenblenden" "Mozilla/5.0 (Windows NT 10.0; Win64; x64; rv:90.0) Gecko/20100101 Firefox/90.0"
80.123.225.38 - - [05/Aug/2021:08:54:52 +0200] "GET /loadthumbnail.php?id=10260861&width=50&height=50 HTTP/1.1" 200 734 "http://renault.2web.at/result?searchterm=true&search=kennzeichenblenden" "Mozilla/5.0 (Windows NT 10.0; Win64; x64; rv:90.0) Gecko/20100101 Firefox/90.0"
80.123.225.38 - - [05/Aug/2021:08:54:52 +0200] "GET /loadthumbnail.php?id=11885851&width=50&height=50 HTTP/1.1" 200 751 "http://renault.2web.at/result?searchterm=true&search=kennzeichenblenden" "Mozilla/5.0 (Windows NT 10.0; Win64; x64; rv:90.0) Gecko/20100101 Firefox/90.0"
80.123.225.38 - - [05/Aug/2021:08:54:52 +0200] "GET /loadthumbnail.php?id=10919466&width=50&height=50 HTTP/1.1" 200 762 "http://renault.2web.at/result?searchterm=true&search=kennzeichenblenden" "Mozilla/5.0 (Windows NT 10.0; Win64; x64; rv:90.0) Gecko/20100101 Firefox/90.0"
80.123.225.38 - - [05/Aug/2021:08:54:52 +0200] "GET /loadthumbnail.php?id=10203651&width=50&height=50 HTTP/1.1" 200 1234 "http://renault.2web.at/result?searchterm=true&search=kennzeichenblenden" "Mozilla/5.0 (Windows NT 10.0; Win64; x64; rv:90.0) Gecko/20100101 Firefox/90.0"
80.123.225.38 - - [05/Aug/2021:08:54:52 +0200] "GET /loadthumbnail.php?id=12198629&width=50&height=50 HTTP/1.1" 200 975 "http://renault.2web.at/result?searchterm=true&search=kennzeichenblenden" "Mozilla/5.0 (Windows NT 10.0; Win64; x64; rv:90.0) Gecko/20100101 Firefox/90.0"
80.123.225.38 - - [05/Aug/2021:08:54:52 +0200] "GET /loadthumbnail.php?id=12333874&width=50&height=50 HTTP/1.1" 200 993 "http://renault.2web.at/result?searchterm=true&search=kennzeichenblenden" "Mozilla/5.0 (Windows NT 10.0; Win64; x64; rv:90.0) Gecko/20100101 Firefox/90.0"
80.123.225.38 - - [05/Aug/2021:08:54:52 +0200] "GET /loadthumbnail.php?id=12333878&width=50&height=50 HTTP/1.1" 200 1005 "http://renault.2web.at/result?searchterm=true&search=kennzeichenblenden" "Mozilla/5.0 (Windows NT 10.0; Win64; x64; rv:90.0) Gecko/20100101 Firefox/90.0"
80.123.225.38 - - [05/Aug/2021:08:54:52 +0200] "GET /loadthumbnail.php?id=12255325&width=50&height=50 HTTP/1.1" 200 1029 "http://renault.2web.at/result?searchterm=true&search=kennzeichenblenden" "Mozilla/5.0 (Windows NT 10.0; Win64; x64; rv:90.0) Gecko/20100101 Firefox/90.0"
80.123.225.38 - - [05/Aug/2021:08:54:52 +0200] "GET /loadthumbnail.php?id=10203255 HTTP/1.1" 200 137 "http://renault.2web.at/result?searchterm=true&search=kennzeichenblenden" "Mozilla/5.0 (Windows NT 10.0; Win64; x64; rv:90.0) Gecko/20100101 Firefox/90.0"
80.123.225.38 - - [05/Aug/2021:08:54:52 +0200] "GET /loadthumbnail.php?id=10203650&width=113 HTTP/1.1" 200 2741 "http://renault.2web.at/result?searchterm=true&search=kennzeichenblenden" "Mozilla/5.0 (Windows NT 10.0; Win64; x64; rv:90.0) Gecko/20100101 Firefox/90.0"
80.123.225.38 - - [05/Aug/2021:08:54:52 +0200] "GET /loadthumbnail.php?id=11127982 HTTP/1.1" 200 399614 "http://renault.2web.at/result?searchterm=true&search=kennzeichenblenden" "Mozilla/5.0 (Windows NT 10.0; Win64; x64; rv:90.0) Gecko/20100101 Firefox/90.0"
193.194.132.23 - - [05/Aug/2021:08:54:54 +0200] "GET /reload?ser=1628146494081 HTTP/1.1" 200 28 "http://renault.2web.at/12438662" "Mozilla/5.0 (Windows NT 10.0; Win64; x64) AppleWebKit/537.36 (KHTML, like Gecko) Chrome/92.0.4515.131 Safari/537.36"
80.120.210.179 - - [05/Aug/2021:08:54:57 +0200] "GET /reload?ser=1628146497438 HTTP/1.1" 200 28 "http://renault.activities.at/result?searchterm=true&search=kna" "Mozilla/5.0 (Windows NT 10.0; WOW64; Trident/7.0; rv:11.0) like Gecko"
80.120.5.131 - - [05/Aug/2021:08:54:57 +0200] "POST /10260273 HTTP/1.1" 200 9010 "http://renault.activities.at/10260273" "Mozilla/5.0 (Windows NT 10.0; Win64; x64) AppleWebKit/537.36 (KHTML, like Gecko) Chrome/92.0.4515.131 Safari/537.36"
80.123.225.38 - - [05/Aug/2021:08:55:07 +0200] "GET /result?dir=DESC&mode=grid&order=name&limit=15&page=2&search=kennzeichenblenden HTTP/1.1" 200 7601 "http://renault.2web.at/result?searchterm=true&search=kennzeichenblenden" "Mozilla/5.0 (Windows NT 10.0; Win64; x64; rv:90.0) Gecko/20100101 Firefox/90.0"
80.123.225.38 - - [05/Aug/2021:08:55:09 +0200] "GET /loadthumbnail.php?id=10919466&width=113 HTTP/1.1" 200 1477 "http://renault.2web.at/result?dir=DESC&mode=grid&order=name&limit=15&page=2&search=kennzeichenblenden" "Mozilla/5.0 (Windows NT 10.0; Win64; x64; rv:90.0) Gecko/20100101 Firefox/90.0"
80.123.225.38 - - [05/Aug/2021:08:55:09 +0200] "GET /loadthumbnail.php?id=10203275 HTTP/1.1" 200 85 "http://renault.2web.at/result?dir=DESC&mode=grid&order=name&limit=15&page=2&search=kennzeichenblenden" "Mozilla/5.0 (Windows NT 10.0; Win64; x64; rv:90.0) Gecko/20100101 Firefox/90.0"
80.123.225.38 - - [05/Aug/2021:08:55:09 +0200] "GET /loadthumbnail.php?id=10995605&width=113 HTTP/1.1" 200 1252 "http://renault.2web.at/result?dir=DESC&mode=grid&order=name&limit=15&page=2&search=kennzeichenblenden" "Mozilla/5.0 (Windows NT 10.0; Win64; x64; rv:90.0) Gecko/20100101 Firefox/90.0"
80.123.225.38 - - [05/Aug/2021:08:55:09 +0200] "GET /loadthumbnail.php?id=11243081&width=113 HTTP/1.1" 200 1218 "http://renault.2web.at/result?dir=DESC&mode=grid&order=name&limit=15&page=2&search=kennzeichenblenden" "Mozilla/5.0 (Windows NT 10.0; Win64; x64; rv:90.0) Gecko/20100101 Firefox/90.0"
80.123.225.38 - - [05/Aug/2021:08:55:09 +0200] "GET /loadthumbnail.php?id=10915886&width=113 HTTP/1.1" 200 1376 "http://renault.2web.at/result?dir=DESC&mode=grid&order=name&limit=15&page=2&search=kennzeichenblenden" "Mozilla/5.0 (Windows NT 10.0; Win64; x64; rv:90.0) Gecko/20100101 Firefox/90.0"
80.123.225.38 - - [05/Aug/2021:08:55:09 +0200] "GET /loadthumbnail.php?id=11141133&width=113 HTTP/1.1" 200 1050 "http://renault.2web.at/result?dir=DESC&mode=grid&order=name&limit=15&page=2&search=kennzeichenblenden" "Mozilla/5.0 (Windows NT 10.0; Win64; x64; rv:90.0) Gecko/20100101 Firefox/90.0"
80.123.225.38 - - [05/Aug/2021:08:55:10 +0200] "GET /loadthumbnail.php?id=12244856&width=113 HTTP/1.1" 200 5659 "http://renault.2web.at/result?dir=DESC&mode=grid&order=name&limit=15&page=2&search=kennzeichenblenden" "Mozilla/5.0 (Windows NT 10.0; Win64; x64; rv:90.0) Gecko/20100101 Firefox/90.0"
80.123.225.38 - - [05/Aug/2021:08:55:10 +0200] "GET /loadthumbnail.php?id=11255648&width=50&height=50 HTTP/1.1" 200 748 "http://renault.2web.at/result?dir=DESC&mode=grid&order=name&limit=15&page=2&search=kennzeichenblenden" "Mozilla/5.0 (Windows NT 10.0; Win64; x64; rv:90.0) Gecko/20100101 Firefox/90.0"
80.123.225.38 - - [05/Aug/2021:08:55:10 +0200] "GET /loadthumbnail.php?id=11036127&width=50&height=50 HTTP/1.1" 200 684 "http://renault.2web.at/result?dir=DESC&mode=grid&order=name&limit=15&page=2&search=kennzeichenblenden" "Mozilla/5.0 (Windows NT 10.0; Win64; x64; rv:90.0) Gecko/20100101 Firefox/90.0"
80.123.225.38 - - [05/Aug/2021:08:55:10 +0200] "GET /loadthumbnail.php?id=10260861&width=50&height=50 HTTP/1.1" 200 734 "http://renault.2web.at/result?dir=DESC&mode=grid&order=name&limit=15&page=2&search=kennzeichenblenden" "Mozilla/5.0 (Windows NT 10.0; Win64; x64; rv:90.0) Gecko/20100101 Firefox/90.0"
80.123.225.38 - - [05/Aug/2021:08:55:10 +0200] "GET /loadthumbnail.php?id=11885851&width=50&height=50 HTTP/1.1" 200 751 "http://renault.2web.at/result?dir=DESC&mode=grid&order=name&limit=15&page=2&search=kennzeichenblenden" "Mozilla/5.0 (Windows NT 10.0; Win64; x64; rv:90.0) Gecko/20100101 Firefox/90.0"
80.123.225.38 - - [05/Aug/2021:08:55:10 +0200] "GET /loadthumbnail.php?id=10919466&width=50&height=50 HTTP/1.1" 200 762 "http://renault.2web.at/result?dir=DESC&mode=grid&order=name&limit=15&page=2&search=kennzeichenblenden" "Mozilla/5.0 (Windows NT 10.0; Win64; x64; rv:90.0) Gecko/20100101 Firefox/90.0"
80.123.225.38 - - [05/Aug/2021:08:55:10 +0200] "GET /loadthumbnail.php?id=10203651&width=50&height=50 HTTP/1.1" 200 1234 "http://renault.2web.at/result?dir=DESC&mode=grid&order=name&limit=15&page=2&search=kennzeichenblenden" "Mozilla/5.0 (Windows NT 10.0; Win64; x64; rv:90.0) Gecko/20100101 Firefox/90.0"
80.123.225.38 - - [05/Aug/2021:08:55:10 +0200] "GET /loadthumbnail.php?id=12333874&width=50&height=50 HTTP/1.1" 200 993 "http://renault.2web.at/result?dir=DESC&mode=grid&order=name&limit=15&page=2&search=kennzeichenblenden" "Mozilla/5.0 (Windows NT 10.0; Win64; x64; rv:90.0) Gecko/20100101 Firefox/90.0"
80.123.225.38 - - [05/Aug/2021:08:55:10 +0200] "GET /loadthumbnail.php?id=12198629&width=50&height=50 HTTP/1.1" 200 975 "http://renault.2web.at/result?dir=DESC&mode=grid&order=name&limit=15&page=2&search=kennzeichenblenden" "Mozilla/5.0 (Windows NT 10.0; Win64; x64; rv:90.0) Gecko/20100101 Firefox/90.0"
80.123.225.38 - - [05/Aug/2021:08:55:10 +0200] "GET /loadthumbnail.php?id=12333878&width=50&height=50 HTTP/1.1" 200 1005 "http://renault.2web.at/result?dir=DESC&mode=grid&order=name&limit=15&page=2&search=kennzeichenblenden" "Mozilla/5.0 (Windows NT 10.0; Win64; x64; rv:90.0) Gecko/20100101 Firefox/90.0"
80.123.225.38 - - [05/Aug/2021:08:55:10 +0200] "GET /loadthumbnail.php?id=12255325&width=50&height=50 HTTP/1.1" 200 1029 "http://renault.2web.at/result?dir=DESC&mode=grid&order=name&limit=15&page=2&search=kennzeichenblenden" "Mozilla/5.0 (Windows NT 10.0; Win64; x64; rv:90.0) Gecko/20100101 Firefox/90.0"
80.123.225.38 - - [05/Aug/2021:08:55:10 +0200] "GET /loadthumbnail.php?id=10203255 HTTP/1.1" 200 137 "http://renault.2web.at/result?dir=DESC&mode=grid&order=name&limit=15&page=2&search=kennzeichenblenden" "Mozilla/5.0 (Windows NT 10.0; Win64; x64; rv:90.0) Gecko/20100101 Firefox/90.0"
80.123.225.38 - - [05/Aug/2021:08:55:10 +0200] "GET /loadthumbnail.php?id=10203650&width=113 HTTP/1.1" 200 2741 "http://renault.2web.at/result?dir=DESC&mode=grid&order=name&limit=15&page=2&search=kennzeichenblenden" "Mozilla/5.0 (Windows NT 10.0; Win64; x64; rv:90.0) Gecko/20100101 Firefox/90.0"
80.123.225.38 - - [05/Aug/2021:08:55:10 +0200] "GET /loadthumbnail.php?id=11127982 HTTP/1.1" 200 399614 "http://renault.2web.at/result?dir=DESC&mode=grid&order=name&limit=15&page=2&search=kennzeichenblenden" "Mozilla/5.0 (Windows NT 10.0; Win64; x64; rv:90.0) Gecko/20100101 Firefox/90.0"
91.113.165.162 - - [05/Aug/2021:08:55:32 +0200] "GET /reload?ser=1628146532404 HTTP/1.1" 200 1245 "http://renault.activities.at/result?searchterm=true&search=arkana" "Mozilla/5.0 (Windows NT 10.0; Win64; x64) AppleWebKit/537.36 (KHTML, like Gecko) Chrome/92.0.4515.107 Safari/537.36"
193.194.132.21 - - [05/Aug/2021:08:55:50 +0200] "GET /reload?ser=1628146550477 HTTP/1.1" 200 28 "http://renault.2web.at/account" "Mozilla/5.0 (Windows NT 10.0; Win64; x64) AppleWebKit/537.36 (KHTML, like Gecko) Chrome/92.0.4515.107 Safari/537.36"
80.123.225.38 - - [05/Aug/2021:08:55:52 +0200] "GET /reload?ser=1628146552738 HTTP/1.1" 200 28 "http://renault.2web.at/forgotpassword" "Mozilla/5.0 (Windows NT 10.0; Win64; x64; rv:90.0) Gecko/20100101 Firefox/90.0"
193.194.132.23 - - [05/Aug/2021:08:55:56 +0200] "GET /reload?ser=1628146556081 HTTP/1.1" 200 28 "http://renault.2web.at/12438662" "Mozilla/5.0 (Windows NT 10.0; Win64; x64) AppleWebKit/537.36 (KHTML, like Gecko) Chrome/92.0.4515.131 Safari/537.36"
80.120.210.179 - - [05/Aug/2021:08:55:58 +0200] "GET /reload?ser=1628146558425 HTTP/1.1" 200 28 "http://renault.activities.at/result?searchterm=true&search=kna" "Mozilla/5.0 (Windows NT 10.0; WOW64; Trident/7.0; rv:11.0) like Gecko"
80.120.5.131 - - [05/Aug/2021:08:55:59 +0200] "GET /reload?ser=1628146559450 HTTP/1.1" 200 28 "http://renault.activities.at/10260273" "Mozilla/5.0 (Windows NT 10.0; Win64; x64) AppleWebKit/537.36 (KHTML, like Gecko) Chrome/92.0.4515.131 Safari/537.36"
80.123.225.38 - - [05/Aug/2021:08:56:11 +0200] "GET /reload?ser=1628146571043 HTTP/1.1" 200 28 "http://renault.2web.at/result?dir=DESC&mode=grid&order=name&limit=15&page=2&search=kennzeichenblenden" "Mozilla/5.0 (Windows NT 10.0; Win64; x64; rv:90.0) Gecko/20100101 Firefox/90.0"
80.120.5.131 - - [05/Aug/2021:08:56:15 +0200] "GET /10260273?dir=DESC&mode=grid&order=name&limit=15&page=2 HTTP/1.1" 200 8309 "http://renault.activities.at/10260273" "Mozilla/5.0 (Windows NT 10.0; Win64; x64) AppleWebKit/537.36 (KHTML, like Gecko) Chrome/92.0.4515.131 Safari/537.36"
80.120.5.131 - - [05/Aug/2021:08:56:18 +0200] "GET /loadthumbnail.php?id=10203275 HTTP/1.1" 200 85 "http://renault.activities.at/10260273?dir=DESC&mode=grid&order=name&limit=15&page=2" "Mozilla/5.0 (Windows NT 10.0; Win64; x64) AppleWebKit/537.36 (KHTML, like Gecko) Chrome/92.0.4515.131 Safari/537.36"
80.120.5.131 - - [05/Aug/2021:08:56:18 +0200] "GET /loadthumbnail.php?id=12333892&width=113 HTTP/1.1" 200 3396 "http://renault.activities.at/10260273?dir=DESC&mode=grid&order=name&limit=15&page=2" "Mozilla/5.0 (Windows NT 10.0; Win64; x64) AppleWebKit/537.36 (KHTML, like Gecko) Chrome/92.0.4515.131 Safari/537.36"
80.120.5.131 - - [05/Aug/2021:08:56:18 +0200] "GET /loadthumbnail.php?id=12414625&width=113 HTTP/1.1" 200 3615 "http://renault.activities.at/10260273?dir=DESC&mode=grid&order=name&limit=15&page=2" "Mozilla/5.0 (Windows NT 10.0; Win64; x64) AppleWebKit/537.36 (KHTML, like Gecko) Chrome/92.0.4515.131 Safari/537.36"
80.120.5.131 - - [05/Aug/2021:08:56:18 +0200] "GET /loadthumbnail.php?id=12266125&width=113 HTTP/1.1" 200 2955 "http://renault.activities.at/10260273?dir=DESC&mode=grid&order=name&limit=15&page=2" "Mozilla/5.0 (Windows NT 10.0; Win64; x64) AppleWebKit/537.36 (KHTML, like Gecko) Chrome/92.0.4515.131 Safari/537.36"
80.120.5.131 - - [05/Aug/2021:08:56:18 +0200] "GET /loadthumbnail.php?id=12333882&width=113 HTTP/1.1" 200 2749 "http://renault.activities.at/10260273?dir=DESC&mode=grid&order=name&limit=15&page=2" "Mozilla/5.0 (Windows NT 10.0; Win64; x64) AppleWebKit/537.36 (KHTML, like Gecko) Chrome/92.0.4515.131 Safari/537.36"
80.120.5.131 - - [05/Aug/2021:08:56:18 +0200] "GET /loadthumbnail.php?id=12414629&width=113 HTTP/1.1" 200 3404 "http://renault.activities.at/10260273?dir=DESC&mode=grid&order=name&limit=15&page=2" "Mozilla/5.0 (Windows NT 10.0; Win64; x64) AppleWebKit/537.36 (KHTML, like Gecko) Chrome/92.0.4515.131 Safari/537.36"
80.120.5.131 - - [05/Aug/2021:08:56:18 +0200] "GET /loadthumbnail.php?id=12414627&width=113 HTTP/1.1" 200 3273 "http://renault.activities.at/10260273?dir=DESC&mode=grid&order=name&limit=15&page=2" "Mozilla/5.0 (Windows NT 10.0; Win64; x64) AppleWebKit/537.36 (KHTML, like Gecko) Chrome/92.0.4515.131 Safari/537.36"
80.120.5.131 - - [05/Aug/2021:08:56:18 +0200] "GET /loadthumbnail.php?id=12333948&width=113 HTTP/1.1" 200 3218 "http://renault.activities.at/10260273?dir=DESC&mode=grid&order=name&limit=15&page=2" "Mozilla/5.0 (Windows NT 10.0; Win64; x64) AppleWebKit/537.36 (KHTML, like Gecko) Chrome/92.0.4515.131 Safari/537.36"
80.120.5.131 - - [05/Aug/2021:08:56:18 +0200] "GET /loadthumbnail.php?id=12237270&width=113 HTTP/1.1" 200 2874 "http://renault.activities.at/10260273?dir=DESC&mode=grid&order=name&limit=15&page=2" "Mozilla/5.0 (Windows NT 10.0; Win64; x64) AppleWebKit/537.36 (KHTML, like Gecko) Chrome/92.0.4515.131 Safari/537.36"
80.120.5.131 - - [05/Aug/2021:08:56:18 +0200] "GET /loadthumbnail.php?id=12234960&width=113 HTTP/1.1" 200 3148 "http://renault.activities.at/10260273?dir=DESC&mode=grid&order=name&limit=15&page=2" "Mozilla/5.0 (Windows NT 10.0; Win64; x64) AppleWebKit/537.36 (KHTML, like Gecko) Chrome/92.0.4515.131 Safari/537.36"
80.120.5.131 - - [05/Aug/2021:08:56:18 +0200] "GET /loadthumbnail.php?id=12367879&width=113 HTTP/1.1" 200 3151 "http://renault.activities.at/10260273?dir=DESC&mode=grid&order=name&limit=15&page=2" "Mozilla/5.0 (Windows NT 10.0; Win64; x64) AppleWebKit/537.36 (KHTML, like Gecko) Chrome/92.0.4515.131 Safari/537.36"
80.120.5.131 - - [05/Aug/2021:08:56:18 +0200] "GET /loadthumbnail.php?id=12421770&width=113 HTTP/1.1" 200 3431 "http://renault.activities.at/10260273?dir=DESC&mode=grid&order=name&limit=15&page=2" "Mozilla/5.0 (Windows NT 10.0; Win64; x64) AppleWebKit/537.36 (KHTML, like Gecko) Chrome/92.0.4515.131 Safari/537.36"
91.113.165.162 - - [05/Aug/2021:08:56:33 +0200] "GET /reload?ser=1628146593403 HTTP/1.1" 200 1234 "http://renault.activities.at/result?searchterm=true&search=arkana" "Mozilla/5.0 (Windows NT 10.0; Win64; x64) AppleWebKit/537.36 (KHTML, like Gecko) Chrome/92.0.4515.107 Safari/537.36"
193.194.132.21 - - [05/Aug/2021:08:56:52 +0200] "GET /reload?ser=1628146612478 HTTP/1.1" 200 28 "http://renault.2web.at/account" "Mozilla/5.0 (Windows NT 10.0; Win64; x64) AppleWebKit/537.36 (KHTML, like Gecko) Chrome/92.0.4515.107 Safari/537.36"
80.123.225.38 - - [05/Aug/2021:08:56:53 +0200] "GET /reload?ser=1628146613731 HTTP/1.1" 200 28 "http://renault.2web.at/forgotpassword" "Mozilla/5.0 (Windows NT 10.0; Win64; x64; rv:90.0) Gecko/20100101 Firefox/90.0"
193.194.132.23 - - [05/Aug/2021:08:56:58 +0200] "GET /reload?ser=1628146618128 HTTP/1.1" 200 28 "http://renault.2web.at/12438662" "Mozilla/5.0 (Windows NT 10.0; Win64; x64) AppleWebKit/537.36 (KHTML, like Gecko) Chrome/92.0.4515.131 Safari/537.36"
80.120.210.179 - - [05/Aug/2021:08:56:59 +0200] "GET /reload?ser=1628146619413 HTTP/1.1" 200 28 "http://renault.activities.at/result?searchterm=true&search=kna" "Mozilla/5.0 (Windows NT 10.0; WOW64; Trident/7.0; rv:11.0) like Gecko"
80.123.225.38 - - [05/Aug/2021:08:57:12 +0200] "GET /reload?ser=1628146632017 HTTP/1.1" 200 28 "http://renault.2web.at/result?dir=DESC&mode=grid&order=name&limit=15&page=2&search=kennzeichenblenden" "Mozilla/5.0 (Windows NT 10.0; Win64; x64; rv:90.0) Gecko/20100101 Firefox/90.0"
80.120.5.131 - - [05/Aug/2021:08:57:18 +0200] "GET /reload?ser=1628146638869 HTTP/1.1" 200 28 "http://renault.activities.at/10260273?dir=DESC&mode=grid&order=name&limit=15&page=2" "Mozilla/5.0 (Windows NT 10.0; Win64; x64) AppleWebKit/537.36 (KHTML, like Gecko) Chrome/92.0.4515.131 Safari/537.36"
91.113.165.162 - - [05/Aug/2021:08:57:34 +0200] "GET /reload?ser=1628146654399 HTTP/1.1" 200 1235 "http://renault.activities.at/result?searchterm=true&search=arkana" "Mozilla/5.0 (Windows NT 10.0; Win64; x64) AppleWebKit/537.36 (KHTML, like Gecko) Chrome/92.0.4515.107 Safari/537.36"
193.194.132.21 - - [05/Aug/2021:08:57:54 +0200] "GET /reload?ser=1628146674477 HTTP/1.1" 200 28 "http://renault.2web.at/account" "Mozilla/5.0 (Windows NT 10.0; Win64; x64) AppleWebKit/537.36 (KHTML, like Gecko) Chrome/92.0.4515.107 Safari/537.36"
80.123.225.38 - - [05/Aug/2021:08:57:54 +0200] "GET /reload?ser=1628146674730 HTTP/1.1" 200 28 "http://renault.2web.at/forgotpassword" "Mozilla/5.0 (Windows NT 10.0; Win64; x64; rv:90.0) Gecko/20100101 Firefox/90.0"
80.120.5.131 - - [05/Aug/2021:08:57:54 +0200] "POST /10260273?dir=DESC&mode=grid&order=name&limit=15&page=2 HTTP/1.1" 200 8418 "http://renault.activities.at/10260273?dir=DESC&mode=grid&order=name&limit=15&page=2" "Mozilla/5.0 (Windows NT 10.0; Win64; x64) AppleWebKit/537.36 (KHTML, like Gecko) Chrome/92.0.4515.131 Safari/537.36"
80.120.210.179 - - [05/Aug/2021:08:58:00 +0200] "GET /reload?ser=1628146680389 HTTP/1.1" 200 28 "http://renault.activities.at/result?searchterm=true&search=kna" "Mozilla/5.0 (Windows NT 10.0; WOW64; Trident/7.0; rv:11.0) like Gecko"
193.194.132.23 - - [05/Aug/2021:08:58:00 +0200] "GET /reload?ser=1628146680083 HTTP/1.1" 200 28 "http://renault.2web.at/12438662" "Mozilla/5.0 (Windows NT 10.0; Win64; x64) AppleWebKit/537.36 (KHTML, like Gecko) Chrome/92.0.4515.131 Safari/537.36"
80.123.225.38 - - [05/Aug/2021:08:58:13 +0200] "GET /reload?ser=1628146692979 HTTP/1.1" 200 28 "http://renault.2web.at/result?dir=DESC&mode=grid&order=name&limit=15&page=2&search=kennzeichenblenden" "Mozilla/5.0 (Windows NT 10.0; Win64; x64; rv:90.0) Gecko/20100101 Firefox/90.0"
80.120.5.131 - - [05/Aug/2021:08:58:17 +0200] "POST /10260273?dir=DESC&mode=grid&order=name&limit=15&page=2 HTTP/1.1" 200 8415 "http://renault.activities.at/10260273?dir=DESC&mode=grid&order=name&limit=15&page=2" "Mozilla/5.0 (Windows NT 10.0; Win64; x64) AppleWebKit/537.36 (KHTML, like Gecko) Chrome/92.0.4515.131 Safari/537.36"
91.113.165.162 - - [05/Aug/2021:08:58:35 +0200] "GET /reload?ser=1628146715398 HTTP/1.1" 200 1234 "http://renault.activities.at/result?searchterm=true&search=arkana" "Mozilla/5.0 (Windows NT 10.0; Win64; x64) AppleWebKit/537.36 (KHTML, like Gecko) Chrome/92.0.4515.107 Safari/537.36"
80.123.225.38 - - [05/Aug/2021:08:58:55 +0200] "GET /reload?ser=1628146735737 HTTP/1.1" 200 28 "http://renault.2web.at/forgotpassword" "Mozilla/5.0 (Windows NT 10.0; Win64; x64; rv:90.0) Gecko/20100101 Firefox/90.0"
193.194.132.21 - - [05/Aug/2021:08:58:56 +0200] "GET /reload?ser=1628146736477 HTTP/1.1" 200 28 "http://renault.2web.at/account" "Mozilla/5.0 (Windows NT 10.0; Win64; x64) AppleWebKit/537.36 (KHTML, like Gecko) Chrome/92.0.4515.107 Safari/537.36"
80.120.210.179 - - [05/Aug/2021:08:59:01 +0200] "GET /reload?ser=1628146741324 HTTP/1.1" 200 28 "http://renault.activities.at/result?searchterm=true&search=kna" "Mozilla/5.0 (Windows NT 10.0; WOW64; Trident/7.0; rv:11.0) like Gecko"
193.194.132.23 - - [05/Aug/2021:08:59:02 +0200] "GET /reload?ser=1628146742084 HTTP/1.1" 200 28 "http://renault.2web.at/12438662" "Mozilla/5.0 (Windows NT 10.0; Win64; x64) AppleWebKit/537.36 (KHTML, like Gecko) Chrome/92.0.4515.131 Safari/537.36"
80.123.225.38 - - [05/Aug/2021:08:59:14 +0200] "GET /reload?ser=1628146753972 HTTP/1.1" 200 28 "http://renault.2web.at/result?dir=DESC&mode=grid&order=name&limit=15&page=2&search=kennzeichenblenden" "Mozilla/5.0 (Windows NT 10.0; Win64; x64; rv:90.0) Gecko/20100101 Firefox/90.0"
80.120.5.131 - - [05/Aug/2021:08:59:19 +0200] "GET /reload?ser=1628146759942 HTTP/1.1" 200 28 "http://renault.activities.at/10260273?dir=DESC&mode=grid&order=name&limit=15&page=2" "Mozilla/5.0 (Windows NT 10.0; Win64; x64) AppleWebKit/537.36 (KHTML, like Gecko) Chrome/92.0.4515.131 Safari/537.36"
91.113.165.162 - - [05/Aug/2021:08:59:36 +0200] "GET /reload?ser=1628146776398 HTTP/1.1" 200 1243 "http://renault.activities.at/result?searchterm=true&search=arkana" "Mozilla/5.0 (Windows NT 10.0; Win64; x64) AppleWebKit/537.36 (KHTML, like Gecko) Chrome/92.0.4515.107 Safari/537.36"
80.123.225.38 - - [05/Aug/2021:08:59:57 +0200] "GET /reload?ser=1628146796730 HTTP/1.1" 200 28 "http://renault.2web.at/forgotpassword" "Mozilla/5.0 (Windows NT 10.0; Win64; x64; rv:90.0) Gecko/20100101 Firefox/90.0"
193.194.132.21 - - [05/Aug/2021:08:59:58 +0200] "GET /reload?ser=1628146798477 HTTP/1.1" 200 28 "http://renault.2web.at/account" "Mozilla/5.0 (Windows NT 10.0; Win64; x64) AppleWebKit/537.36 (KHTML, like Gecko) Chrome/92.0.4515.107 Safari/537.36"
80.120.210.179 - - [05/Aug/2021:09:00:02 +0200] "GET /reload?ser=1628146802328 HTTP/1.1" 200 28 "http://renault.activities.at/result?searchterm=true&search=kna" "Mozilla/5.0 (Windows NT 10.0; WOW64; Trident/7.0; rv:11.0) like Gecko"
193.194.132.23 - - [05/Aug/2021:09:00:04 +0200] "GET /reload?ser=1628146804085 HTTP/1.1" 200 28 "http://renault.2web.at/12438662" "Mozilla/5.0 (Windows NT 10.0; Win64; x64) AppleWebKit/537.36 (KHTML, like Gecko) Chrome/92.0.4515.131 Safari/537.36"
80.123.225.38 - - [05/Aug/2021:09:00:15 +0200] "GET /reload?ser=1628146814986 HTTP/1.1" 200 28 "http://renault.2web.at/result?dir=DESC&mode=grid&order=name&limit=15&page=2&search=kennzeichenblenden" "Mozilla/5.0 (Windows NT 10.0; Win64; x64; rv:90.0) Gecko/20100101 Firefox/90.0"
80.120.5.131 - - [05/Aug/2021:09:00:20 +0200] "GET /reload?ser=1628146820884 HTTP/1.1" 200 28 "http://renault.activities.at/10260273?dir=DESC&mode=grid&order=name&limit=15&page=2" "Mozilla/5.0 (Windows NT 10.0; Win64; x64) AppleWebKit/537.36 (KHTML, like Gecko) Chrome/92.0.4515.131 Safari/537.36"
91.113.165.162 - - [05/Aug/2021:09:00:37 +0200] "GET /reload?ser=1628146837396 HTTP/1.1" 200 1240 "http://renault.activities.at/result?searchterm=true&search=arkana" "Mozilla/5.0 (Windows NT 10.0; Win64; x64) AppleWebKit/537.36 (KHTML, like Gecko) Chrome/92.0.4515.107 Safari/537.36"
80.123.225.38 - - [05/Aug/2021:09:00:57 +0200] "GET /reload?ser=1628146857959 HTTP/1.1" 200 28 "http://renault.2web.at/forgotpassword" "Mozilla/5.0 (Windows NT 10.0; Win64; x64; rv:90.0) Gecko/20100101 Firefox/90.0"
193.194.132.21 - - [05/Aug/2021:09:01:00 +0200] "GET /reload?ser=1628146860478 HTTP/1.1" 200 28 "http://renault.2web.at/account" "Mozilla/5.0 (Windows NT 10.0; Win64; x64) AppleWebKit/537.36 (KHTML, like Gecko) Chrome/92.0.4515.107 Safari/537.36"
80.120.210.179 - - [05/Aug/2021:09:01:03 +0200] "GET /reload?ser=1628146863298 HTTP/1.1" 200 28 "http://renault.activities.at/result?searchterm=true&search=kna" "Mozilla/5.0 (Windows NT 10.0; WOW64; Trident/7.0; rv:11.0) like Gecko"
193.194.132.23 - - [05/Aug/2021:09:01:06 +0200] "GET /reload?ser=1628146866085 HTTP/1.1" 200 28 "http://renault.2web.at/12438662" "Mozilla/5.0 (Windows NT 10.0; Win64; x64) AppleWebKit/537.36 (KHTML, like Gecko) Chrome/92.0.4515.131 Safari/537.36"
80.123.225.38 - - [05/Aug/2021:09:01:15 +0200] "GET /reload?ser=1628146875947 HTTP/1.1" 200 28 "http://renault.2web.at/result?dir=DESC&mode=grid&order=name&limit=15&page=2&search=kennzeichenblenden" "Mozilla/5.0 (Windows NT 10.0; Win64; x64; rv:90.0) Gecko/20100101 Firefox/90.0"
80.120.5.131 - - [05/Aug/2021:09:01:21 +0200] "GET /reload?ser=1628146881853 HTTP/1.1" 200 28 "http://renault.activities.at/10260273?dir=DESC&mode=grid&order=name&limit=15&page=2" "Mozilla/5.0 (Windows NT 10.0; Win64; x64) AppleWebKit/537.36 (KHTML, like Gecko) Chrome/92.0.4515.131 Safari/537.36"
91.113.165.162 - - [05/Aug/2021:09:01:38 +0200] "GET /reload?ser=1628146898402 HTTP/1.1" 200 1237 "http://renault.activities.at/result?searchterm=true&search=arkana" "Mozilla/5.0 (Windows NT 10.0; Win64; x64) AppleWebKit/537.36 (KHTML, like Gecko) Chrome/92.0.4515.107 Safari/537.36"
80.123.225.38 - - [05/Aug/2021:09:01:58 +0200] "GET /reload?ser=1628146918906 HTTP/1.1" 200 28 "http://renault.2web.at/forgotpassword" "Mozilla/5.0 (Windows NT 10.0; Win64; x64; rv:90.0) Gecko/20100101 Firefox/90.0"
193.194.132.21 - - [05/Aug/2021:09:02:01 +0200] "GET /reload?ser=1628146921478 HTTP/1.1" 200 28 "http://renault.2web.at/account" "Mozilla/5.0 (Windows NT 10.0; Win64; x64) AppleWebKit/537.36 (KHTML, like Gecko) Chrome/92.0.4515.107 Safari/537.36"
80.120.210.179 - - [05/Aug/2021:09:02:04 +0200] "GET /reload?ser=1628146924239 HTTP/1.1" 200 28 "http://renault.activities.at/result?searchterm=true&search=kna" "Mozilla/5.0 (Windows NT 10.0; WOW64; Trident/7.0; rv:11.0) like Gecko"
193.194.132.23 - - [05/Aug/2021:09:02:08 +0200] "GET /reload?ser=1628146928092 HTTP/1.1" 200 28 "http://renault.2web.at/12438662" "Mozilla/5.0 (Windows NT 10.0; Win64; x64) AppleWebKit/537.36 (KHTML, like Gecko) Chrome/92.0.4515.131 Safari/537.36"
80.123.225.38 - - [05/Aug/2021:09:02:16 +0200] "GET /reload?ser=1628146936908 HTTP/1.1" 200 28 "http://renault.2web.at/result?dir=DESC&mode=grid&order=name&limit=15&page=2&search=kennzeichenblenden" "Mozilla/5.0 (Windows NT 10.0; Win64; x64; rv:90.0) Gecko/20100101 Firefox/90.0"
80.120.5.131 - - [05/Aug/2021:09:02:22 +0200] "GET /reload?ser=1628146942799 HTTP/1.1" 200 28 "http://renault.activities.at/10260273?dir=DESC&mode=grid&order=name&limit=15&page=2" "Mozilla/5.0 (Windows NT 10.0; Win64; x64) AppleWebKit/537.36 (KHTML, like Gecko) Chrome/92.0.4515.131 Safari/537.36"
