185.22.23.252 - - [05/Aug/2021:10:52:46 +0200] "GET /loadthumbnail.php?id=11577924&width=113 HTTP/1.1" 200 28282 "http://renault.activities.at/result?dir=DESC&mode=grid&order=name&limit=15&page=6&search=ze" "Mozilla/5.0 (Windows NT 6.3; Win64; x64) AppleWebKit/537.36 (KHTML, like Gecko) Chrome/92.0.4515.131 Safari/537.36"
138.21.148.248 - - [05/Aug/2021:10:52:47 +0200] "GET /reload?ser=1628153567501 HTTP/1.1" 200 28 "http://renault.2web.at/" "Mozilla/5.0 (Windows NT 10.0; Win64; x64) AppleWebKit/537.36 (KHTML, like Gecko) Chrome/92.0.4515.131 Safari/537.36"
185.22.23.252 - - [05/Aug/2021:10:52:53 +0200] "GET /result?dir=DESC&mode=grid&order=name&limit=15&page=7&search=ze HTTP/1.1" 200 6854 "http://renault.activities.at/result?dir=DESC&mode=grid&order=name&limit=15&page=6&search=ze" "Mozilla/5.0 (Windows NT 6.3; Win64; x64) AppleWebKit/537.36 (KHTML, like Gecko) Chrome/92.0.4515.131 Safari/537.36"
185.22.23.252 - - [05/Aug/2021:10:52:55 +0200] "GET /loadthumbnail.php?id=11334755&width=113 HTTP/1.1" 200 23865 "http://renault.activities.at/result?dir=DESC&mode=grid&order=name&limit=15&page=7&search=ze" "Mozilla/5.0 (Windows NT 6.3; Win64; x64) AppleWebKit/537.36 (KHTML, like Gecko) Chrome/92.0.4515.131 Safari/537.36"
185.22.23.252 - - [05/Aug/2021:10:52:55 +0200] "GET /loadthumbnail.php?id=11658108&width=113 HTTP/1.1" 200 27184 "http://renault.activities.at/result?dir=DESC&mode=grid&order=name&limit=15&page=7&search=ze" "Mozilla/5.0 (Windows NT 6.3; Win64; x64) AppleWebKit/537.36 (KHTML, like Gecko) Chrome/92.0.4515.131 Safari/537.36"
185.22.23.252 - - [05/Aug/2021:10:52:55 +0200] "GET /loadthumbnail.php?id=11715009&width=113 HTTP/1.1" 200 22295 "http://renault.activities.at/result?dir=DESC&mode=grid&order=name&limit=15&page=7&search=ze" "Mozilla/5.0 (Windows NT 6.3; Win64; x64) AppleWebKit/537.36 (KHTML, like Gecko) Chrome/92.0.4515.131 Safari/537.36"
185.22.23.252 - - [05/Aug/2021:10:52:55 +0200] "GET /loadthumbnail.php?id=11877811&width=113 HTTP/1.1" 200 27053 "http://renault.activities.at/result?dir=DESC&mode=grid&order=name&limit=15&page=7&search=ze" "Mozilla/5.0 (Windows NT 6.3; Win64; x64) AppleWebKit/537.36 (KHTML, like Gecko) Chrome/92.0.4515.131 Safari/537.36"
185.22.23.252 - - [05/Aug/2021:10:52:55 +0200] "GET /loadthumbnail.php?id=12363384&width=113 HTTP/1.1" 200 20801 "http://renault.activities.at/result?dir=DESC&mode=grid&order=name&limit=15&page=7&search=ze" "Mozilla/5.0 (Windows NT 6.3; Win64; x64) AppleWebKit/537.36 (KHTML, like Gecko) Chrome/92.0.4515.131 Safari/537.36"
185.22.23.252 - - [05/Aug/2021:10:52:55 +0200] "GET /loadthumbnail.php?id=11715005&width=113 HTTP/1.1" 200 30128 "http://renault.activities.at/result?dir=DESC&mode=grid&order=name&limit=15&page=7&search=ze" "Mozilla/5.0 (Windows NT 6.3; Win64; x64) AppleWebKit/537.36 (KHTML, like Gecko) Chrome/92.0.4515.131 Safari/537.36"
185.22.23.252 - - [05/Aug/2021:10:53:14 +0200] "GET /result?searchterm=true&search=coc HTTP/1.1" 200 6194 "http://renault.activities.at/result?dir=DESC&mode=grid&order=name&limit=15&page=7&search=ze" "Mozilla/5.0 (Windows NT 6.3; Win64; x64) AppleWebKit/537.36 (KHTML, like Gecko) Chrome/92.0.4515.131 Safari/537.36"
185.22.23.252 - - [05/Aug/2021:10:53:16 +0200] "GET /loadthumbnail.php?id=11776453&width=113 HTTP/1.1" 200 1248 "http://renault.activities.at/result?searchterm=true&search=coc" "Mozilla/5.0 (Windows NT 6.3; Win64; x64) AppleWebKit/537.36 (KHTML, like Gecko) Chrome/92.0.4515.131 Safari/537.36"
185.22.23.252 - - [05/Aug/2021:10:53:16 +0200] "GET /loadthumbnail.php?id=11146700&width=113 HTTP/1.1" 200 1415 "http://renault.activities.at/result?searchterm=true&search=coc" "Mozilla/5.0 (Windows NT 6.3; Win64; x64) AppleWebKit/537.36 (KHTML, like Gecko) Chrome/92.0.4515.131 Safari/537.36"
80.120.210.179 - - [05/Aug/2021:10:53:16 +0200] "GET /reload?ser=1628153595468 HTTP/1.1" 200 28 "http://renault.activities.at/result?searchterm=true&search=talisman" "Mozilla/5.0 (Windows NT 10.0; Win64; x64) AppleWebKit/537.36 (KHTML, like Gecko) Chrome/92.0.4515.131 Safari/537.36"
185.22.23.252 - - [05/Aug/2021:10:53:14 +0200] "POST /axjaxrequest?mode=suggest HTTP/1.1" 200 153 "http://renault.activities.at/result?dir=DESC&mode=grid&order=name&limit=15&page=7&search=ze" "Mozilla/5.0 (Windows NT 6.3; Win64; x64) AppleWebKit/537.36 (KHTML, like Gecko) Chrome/92.0.4515.131 Safari/537.36"
185.22.23.252 - - [05/Aug/2021:10:53:25 +0200] "GET /result?searchterm=true&search=h%FClle HTTP/1.1" 200 6554 "http://renault.activities.at/result?searchterm=true&search=coc" "Mozilla/5.0 (Windows NT 6.3; Win64; x64) AppleWebKit/537.36 (KHTML, like Gecko) Chrome/92.0.4515.131 Safari/537.36"
185.22.23.252 - - [05/Aug/2021:10:53:25 +0200] "POST /axjaxrequest?mode=suggest HTTP/1.1" 200 182 "http://renault.activities.at/result?searchterm=true&search=coc" "Mozilla/5.0 (Windows NT 6.3; Win64; x64) AppleWebKit/537.36 (KHTML, like Gecko) Chrome/92.0.4515.131 Safari/537.36"
91.113.165.162 - - [05/Aug/2021:10:53:28 +0200] "GET /reload?ser=1628153608427 HTTP/1.1" 200 1257 "http://renault.activities.at/result?searchterm=true&search=arkana" "Mozilla/5.0 (Windows NT 10.0; Win64; x64) AppleWebKit/537.36 (KHTML, like Gecko) Chrome/92.0.4515.107 Safari/537.36"
80.120.5.131 - - [05/Aug/2021:10:53:35 +0200] "GET /reload?ser=1628153615111 HTTP/1.1" 200 28 "http://renault.activities.at/" "Mozilla/5.0 (Windows NT 10.0; Win64; x64) AppleWebKit/537.36 (KHTML, like Gecko) Chrome/92.0.4515.131 Safari/537.36"
138.21.148.248 - - [05/Aug/2021:10:53:36 +0200] "GET /reload?ser=1628153617096 HTTP/1.1" 200 28 "http://renault.2web.at/account" "Mozilla/5.0 (Windows NT 10.0; WOW64; Trident/7.0; Touch; rv:11.0) like Gecko"
185.22.23.252 - - [05/Aug/2021:10:53:37 +0200] "GET /result?searchterm=true&search=folder HTTP/1.1" 200 8670 "http://renault.activities.at/result?searchterm=true&search=h%FClle" "Mozilla/5.0 (Windows NT 6.3; Win64; x64) AppleWebKit/537.36 (KHTML, like Gecko) Chrome/92.0.4515.131 Safari/537.36"
185.22.23.252 - - [05/Aug/2021:10:53:40 +0200] "GET /loadthumbnail.php?id=11117056&width=113 HTTP/1.1" 200 2184 "http://renault.activities.at/result?searchterm=true&search=folder" "Mozilla/5.0 (Windows NT 6.3; Win64; x64) AppleWebKit/537.36 (KHTML, like Gecko) Chrome/92.0.4515.131 Safari/537.36"
185.22.23.252 - - [05/Aug/2021:10:53:40 +0200] "GET /loadthumbnail.php?id=12399603&width=113 HTTP/1.1" 200 4763 "http://renault.activities.at/result?searchterm=true&search=folder" "Mozilla/5.0 (Windows NT 6.3; Win64; x64) AppleWebKit/537.36 (KHTML, like Gecko) Chrome/92.0.4515.131 Safari/537.36"
185.22.23.252 - - [05/Aug/2021:10:53:40 +0200] "GET /loadthumbnail.php?id=12094811&width=113 HTTP/1.1" 200 27912 "http://renault.activities.at/result?searchterm=true&search=folder" "Mozilla/5.0 (Windows NT 6.3; Win64; x64) AppleWebKit/537.36 (KHTML, like Gecko) Chrome/92.0.4515.131 Safari/537.36"
185.22.23.252 - - [05/Aug/2021:10:53:40 +0200] "GET /loadthumbnail.php?id=11194750&width=113 HTTP/1.1" 200 2347 "http://renault.activities.at/result?searchterm=true&search=folder" "Mozilla/5.0 (Windows NT 6.3; Win64; x64) AppleWebKit/537.36 (KHTML, like Gecko) Chrome/92.0.4515.131 Safari/537.36"
185.22.23.252 - - [05/Aug/2021:10:53:40 +0200] "GET /loadthumbnail.php?id=12197903&width=113 HTTP/1.1" 200 30608 "http://renault.activities.at/result?searchterm=true&search=folder" "Mozilla/5.0 (Windows NT 6.3; Win64; x64) AppleWebKit/537.36 (KHTML, like Gecko) Chrome/92.0.4515.131 Safari/537.36"
185.22.23.252 - - [05/Aug/2021:10:53:40 +0200] "GET /loadthumbnail.php?id=11308855&width=113 HTTP/1.1" 200 4521 "http://renault.activities.at/result?searchterm=true&search=folder" "Mozilla/5.0 (Windows NT 6.3; Win64; x64) AppleWebKit/537.36 (KHTML, like Gecko) Chrome/92.0.4515.131 Safari/537.36"
185.22.23.252 - - [05/Aug/2021:10:53:40 +0200] "GET /loadthumbnail.php?id=12010095&width=113 HTTP/1.1" 200 20832 "http://renault.activities.at/result?searchterm=true&search=folder" "Mozilla/5.0 (Windows NT 6.3; Win64; x64) AppleWebKit/537.36 (KHTML, like Gecko) Chrome/92.0.4515.131 Safari/537.36"
185.22.23.252 - - [05/Aug/2021:10:53:40 +0200] "GET /loadthumbnail.php?id=12348146&width=113 HTTP/1.1" 200 38739 "http://renault.activities.at/result?searchterm=true&search=folder" "Mozilla/5.0 (Windows NT 6.3; Win64; x64) AppleWebKit/537.36 (KHTML, like Gecko) Chrome/92.0.4515.131 Safari/537.36"
185.22.23.252 - - [05/Aug/2021:10:53:40 +0200] "GET /loadthumbnail.php?id=12088443&width=113 HTTP/1.1" 200 7201 "http://renault.activities.at/result?searchterm=true&search=folder" "Mozilla/5.0 (Windows NT 6.3; Win64; x64) AppleWebKit/537.36 (KHTML, like Gecko) Chrome/92.0.4515.131 Safari/537.36"
185.22.23.252 - - [05/Aug/2021:10:53:40 +0200] "GET /loadthumbnail.php?id=10745359&width=113 HTTP/1.1" 200 4202 "http://renault.activities.at/result?searchterm=true&search=folder" "Mozilla/5.0 (Windows NT 6.3; Win64; x64) AppleWebKit/537.36 (KHTML, like Gecko) Chrome/92.0.4515.131 Safari/537.36"
185.22.23.252 - - [05/Aug/2021:10:53:40 +0200] "GET /loadthumbnail.php?id=12364065&width=113 HTTP/1.1" 200 5991 "http://renault.activities.at/result?searchterm=true&search=folder" "Mozilla/5.0 (Windows NT 6.3; Win64; x64) AppleWebKit/537.36 (KHTML, like Gecko) Chrome/92.0.4515.131 Safari/537.36"
185.22.23.252 - - [05/Aug/2021:10:53:37 +0200] "POST /axjaxrequest?mode=suggest HTTP/1.1" 200 138 "http://renault.activities.at/result?searchterm=true&search=h%FClle" "Mozilla/5.0 (Windows NT 6.3; Win64; x64) AppleWebKit/537.36 (KHTML, like Gecko) Chrome/92.0.4515.131 Safari/537.36"
193.194.132.23 - - [05/Aug/2021:10:53:45 +0200] "GET /reload?ser=1628153625317 HTTP/1.1" 200 28 "http://renault.2web.at/12438662" "Mozilla/5.0 (Windows NT 10.0; Win64; x64) AppleWebKit/537.36 (KHTML, like Gecko) Chrome/92.0.4515.131 Safari/537.36"
138.21.148.248 - - [05/Aug/2021:10:53:48 +0200] "GET /reload?ser=1628153628501 HTTP/1.1" 200 28 "http://renault.2web.at/" "Mozilla/5.0 (Windows NT 10.0; Win64; x64) AppleWebKit/537.36 (KHTML, like Gecko) Chrome/92.0.4515.131 Safari/537.36"
80.120.210.179 - - [05/Aug/2021:10:54:17 +0200] "GET /reload?ser=1628153656470 HTTP/1.1" 200 28 "http://renault.activities.at/result?searchterm=true&search=talisman" "Mozilla/5.0 (Windows NT 10.0; Win64; x64) AppleWebKit/537.36 (KHTML, like Gecko) Chrome/92.0.4515.131 Safari/537.36"
91.113.165.162 - - [05/Aug/2021:10:54:29 +0200] "GET /reload?ser=1628153669421 HTTP/1.1" 200 1250 "http://renault.activities.at/result?searchterm=true&search=arkana" "Mozilla/5.0 (Windows NT 10.0; Win64; x64) AppleWebKit/537.36 (KHTML, like Gecko) Chrome/92.0.4515.107 Safari/537.36"
80.120.5.131 - - [05/Aug/2021:10:54:36 +0200] "GET /reload?ser=1628153676119 HTTP/1.1" 200 28 "http://renault.activities.at/" "Mozilla/5.0 (Windows NT 10.0; Win64; x64) AppleWebKit/537.36 (KHTML, like Gecko) Chrome/92.0.4515.131 Safari/537.36"
138.21.148.248 - - [05/Aug/2021:10:54:37 +0200] "GET /reload?ser=1628153678141 HTTP/1.1" 200 28 "http://renault.2web.at/account" "Mozilla/5.0 (Windows NT 10.0; WOW64; Trident/7.0; Touch; rv:11.0) like Gecko"
185.22.23.252 - - [05/Aug/2021:10:54:40 +0200] "GET /reload?ser=1628153681070 HTTP/1.1" 200 28 "http://renault.activities.at/result?searchterm=true&search=folder" "Mozilla/5.0 (Windows NT 6.3; Win64; x64) AppleWebKit/537.36 (KHTML, like Gecko) Chrome/92.0.4515.131 Safari/537.36"
193.194.132.23 - - [05/Aug/2021:10:54:47 +0200] "GET /reload?ser=1628153687323 HTTP/1.1" 200 28 "http://renault.2web.at/12438662" "Mozilla/5.0 (Windows NT 10.0; Win64; x64) AppleWebKit/537.36 (KHTML, like Gecko) Chrome/92.0.4515.131 Safari/537.36"
138.21.148.248 - - [05/Aug/2021:10:54:49 +0200] "GET /reload?ser=1628153689501 HTTP/1.1" 200 28 "http://renault.2web.at/" "Mozilla/5.0 (Windows NT 10.0; Win64; x64) AppleWebKit/537.36 (KHTML, like Gecko) Chrome/92.0.4515.131 Safari/537.36"
80.120.210.179 - - [05/Aug/2021:10:55:18 +0200] "GET /reload?ser=1628153717472 HTTP/1.1" 200 28 "http://renault.activities.at/result?searchterm=true&search=talisman" "Mozilla/5.0 (Windows NT 10.0; Win64; x64) AppleWebKit/537.36 (KHTML, like Gecko) Chrome/92.0.4515.131 Safari/537.36"
91.113.165.162 - - [05/Aug/2021:10:55:30 +0200] "GET /reload?ser=1628153730435 HTTP/1.1" 200 1236 "http://renault.activities.at/result?searchterm=true&search=arkana" "Mozilla/5.0 (Windows NT 10.0; Win64; x64) AppleWebKit/537.36 (KHTML, like Gecko) Chrome/92.0.4515.107 Safari/537.36"
80.120.5.131 - - [05/Aug/2021:10:55:37 +0200] "GET /reload?ser=1628153737112 HTTP/1.1" 200 28 "http://renault.activities.at/" "Mozilla/5.0 (Windows NT 10.0; Win64; x64) AppleWebKit/537.36 (KHTML, like Gecko) Chrome/92.0.4515.131 Safari/537.36"
138.21.148.248 - - [05/Aug/2021:10:55:39 +0200] "GET /reload?ser=1628153739175 HTTP/1.1" 200 28 "http://renault.2web.at/account" "Mozilla/5.0 (Windows NT 10.0; WOW64; Trident/7.0; Touch; rv:11.0) like Gecko"
80.120.210.179 - - [05/Aug/2021:10:55:37 +0200] "GET /cart HTTP/1.1" 200 6073 "http://renault.activities.at/result?searchterm=true&search=talisman" "Mozilla/5.0 (Windows NT 10.0; Win64; x64) AppleWebKit/537.36 (KHTML, like Gecko) Chrome/92.0.4515.131 Safari/537.36"
80.120.210.179 - - [05/Aug/2021:10:55:40 +0200] "GET /loadthumbnail.php?id=10232009&width=16&height=16 HTTP/1.1" 200 700 "http://renault.activities.at/cart" "Mozilla/5.0 (Windows NT 10.0; Win64; x64) AppleWebKit/537.36 (KHTML, like Gecko) Chrome/92.0.4515.131 Safari/537.36"
80.120.210.179 - - [05/Aug/2021:10:55:40 +0200] "GET /loadthumbnail.php?id=12414629&width=100 HTTP/1.1" 200 2822 "http://renault.activities.at/cart" "Mozilla/5.0 (Windows NT 10.0; Win64; x64) AppleWebKit/537.36 (KHTML, like Gecko) Chrome/92.0.4515.131 Safari/537.36"
80.120.210.179 - - [05/Aug/2021:10:55:40 +0200] "GET /loadthumbnail.php?id=12367878&width=100 HTTP/1.1" 200 2602 "http://renault.activities.at/cart" "Mozilla/5.0 (Windows NT 10.0; Win64; x64) AppleWebKit/537.36 (KHTML, like Gecko) Chrome/92.0.4515.131 Safari/537.36"
80.120.210.179 - - [05/Aug/2021:10:55:40 +0200] "GET /loadthumbnail.php?id=12421770&width=100 HTTP/1.1" 200 2826 "http://renault.activities.at/cart" "Mozilla/5.0 (Windows NT 10.0; Win64; x64) AppleWebKit/537.36 (KHTML, like Gecko) Chrome/92.0.4515.131 Safari/537.36"
80.120.210.179 - - [05/Aug/2021:10:55:40 +0200] "GET /loadthumbnail.php?id=12414627&width=100 HTTP/1.1" 200 2700 "http://renault.activities.at/cart" "Mozilla/5.0 (Windows NT 10.0; Win64; x64) AppleWebKit/537.36 (KHTML, like Gecko) Chrome/92.0.4515.131 Safari/537.36"
80.120.210.179 - - [05/Aug/2021:10:55:40 +0200] "GET /loadthumbnail.php?id=12234960&width=100 HTTP/1.1" 200 2648 "http://renault.activities.at/cart" "Mozilla/5.0 (Windows NT 10.0; Win64; x64) AppleWebKit/537.36 (KHTML, like Gecko) Chrome/92.0.4515.131 Safari/537.36"
80.120.210.179 - - [05/Aug/2021:10:55:40 +0200] "GET /loadthumbnail.php?id=11228566&width=100 HTTP/1.1" 200 3387 "http://renault.activities.at/cart" "Mozilla/5.0 (Windows NT 10.0; Win64; x64) AppleWebKit/537.36 (KHTML, like Gecko) Chrome/92.0.4515.131 Safari/537.36"
80.120.210.179 - - [05/Aug/2021:10:55:40 +0200] "GET /loadthumbnail.php?id=12421069&width=100 HTTP/1.1" 200 2785 "http://renault.activities.at/cart" "Mozilla/5.0 (Windows NT 10.0; Win64; x64) AppleWebKit/537.36 (KHTML, like Gecko) Chrome/92.0.4515.131 Safari/537.36"
80.120.210.179 - - [05/Aug/2021:10:55:41 +0200] "GET /loadthumbnail.php?id=12266125&width=100 HTTP/1.1" 200 2456 "http://renault.activities.at/cart" "Mozilla/5.0 (Windows NT 10.0; Win64; x64) AppleWebKit/537.36 (KHTML, like Gecko) Chrome/92.0.4515.131 Safari/537.36"
185.22.23.252 - - [05/Aug/2021:10:55:41 +0200] "GET /reload?ser=1628153742014 HTTP/1.1" 200 28 "http://renault.activities.at/result?searchterm=true&search=folder" "Mozilla/5.0 (Windows NT 6.3; Win64; x64) AppleWebKit/537.36 (KHTML, like Gecko) Chrome/92.0.4515.131 Safari/537.36"
193.194.132.23 - - [05/Aug/2021:10:55:49 +0200] "GET /reload?ser=1628153749319 HTTP/1.1" 200 28 "http://renault.2web.at/12438662" "Mozilla/5.0 (Windows NT 10.0; Win64; x64) AppleWebKit/537.36 (KHTML, like Gecko) Chrome/92.0.4515.131 Safari/537.36"
138.21.148.248 - - [05/Aug/2021:10:55:50 +0200] "GET /reload?ser=1628153750502 HTTP/1.1" 200 28 "http://renault.2web.at/" "Mozilla/5.0 (Windows NT 10.0; Win64; x64) AppleWebKit/537.36 (KHTML, like Gecko) Chrome/92.0.4515.131 Safari/537.36"
91.113.165.162 - - [05/Aug/2021:10:56:31 +0200] "GET /reload?ser=1628153791432 HTTP/1.1" 200 1227 "http://renault.activities.at/result?searchterm=true&search=arkana" "Mozilla/5.0 (Windows NT 10.0; Win64; x64) AppleWebKit/537.36 (KHTML, like Gecko) Chrome/92.0.4515.107 Safari/537.36"
80.120.5.131 - - [05/Aug/2021:10:56:38 +0200] "GET /reload?ser=1628153798120 HTTP/1.1" 200 28 "http://renault.activities.at/" "Mozilla/5.0 (Windows NT 10.0; Win64; x64) AppleWebKit/537.36 (KHTML, like Gecko) Chrome/92.0.4515.131 Safari/537.36"
138.21.148.248 - - [05/Aug/2021:10:56:38 +0200] "GET /login HTTP/1.1" 200 2095 "http://renault.2web.at/" "Mozilla/5.0 (Windows NT 10.0; Win64; x64) AppleWebKit/537.36 (KHTML, like Gecko) Chrome/92.0.4515.131 Safari/537.36"
138.21.148.248 - - [05/Aug/2021:10:56:40 +0200] "GET /reload?ser=1628153800234 HTTP/1.1" 200 28 "http://renault.2web.at/account" "Mozilla/5.0 (Windows NT 10.0; WOW64; Trident/7.0; Touch; rv:11.0) like Gecko"
80.120.210.179 - - [05/Aug/2021:10:56:41 +0200] "GET /reload?ser=1628153800249 HTTP/1.1" 200 28 "http://renault.activities.at/cart" "Mozilla/5.0 (Windows NT 10.0; Win64; x64) AppleWebKit/537.36 (KHTML, like Gecko) Chrome/92.0.4515.131 Safari/537.36"
185.22.23.252 - - [05/Aug/2021:10:56:42 +0200] "GET /reload?ser=1628153802920 HTTP/1.1" 200 28 "http://renault.activities.at/result?searchterm=true&search=folder" "Mozilla/5.0 (Windows NT 6.3; Win64; x64) AppleWebKit/537.36 (KHTML, like Gecko) Chrome/92.0.4515.131 Safari/537.36"
138.21.148.248 - - [05/Aug/2021:10:56:43 +0200] "POST /login HTTP/1.1" 302 137 "http://renault.2web.at/login" "Mozilla/5.0 (Windows NT 10.0; Win64; x64) AppleWebKit/537.36 (KHTML, like Gecko) Chrome/92.0.4515.131 Safari/537.36"
138.21.148.248 - - [05/Aug/2021:10:56:45 +0200] "GET /account HTTP/1.1" 200 8696 "http://renault.2web.at/login" "Mozilla/5.0 (Windows NT 10.0; Win64; x64) AppleWebKit/537.36 (KHTML, like Gecko) Chrome/92.0.4515.131 Safari/537.36"
193.194.132.23 - - [05/Aug/2021:10:56:51 +0200] "GET /reload?ser=1628153811321 HTTP/1.1" 200 28 "http://renault.2web.at/12438662" "Mozilla/5.0 (Windows NT 10.0; Win64; x64) AppleWebKit/537.36 (KHTML, like Gecko) Chrome/92.0.4515.131 Safari/537.36"
138.21.148.248 - - [05/Aug/2021:10:57:00 +0200] "POST /axjaxrequest?mode=suggest HTTP/1.1" 200 697 "http://renault.2web.at/account" "Mozilla/5.0 (Windows NT 10.0; Win64; x64) AppleWebKit/537.36 (KHTML, like Gecko) Chrome/92.0.4515.131 Safari/537.36"
153.92.113.152 - - [05/Aug/2021:10:57:00 +0200] "GET / HTTP/1.1" 200 3086 "-" "Mozilla/5.0 (Windows NT 6.1; WOW64) AppleWebKit/537.36 (KHTML, like Gecko) Chrome/92.0.4515.131 Safari/537.36"
153.92.113.152 - - [05/Aug/2021:10:57:02 +0200] "GET /images/favicon.ico HTTP/1.1" 404 305 "http://renault.activities.at/" "Mozilla/5.0 (Windows NT 6.1; WOW64) AppleWebKit/537.36 (KHTML, like Gecko) Chrome/92.0.4515.131 Safari/537.36"
138.21.148.248 - - [05/Aug/2021:10:57:01 +0200] "POST /axjaxrequest?mode=suggest HTTP/1.1" 200 21 "http://renault.2web.at/account" "Mozilla/5.0 (Windows NT 10.0; Win64; x64) AppleWebKit/537.36 (KHTML, like Gecko) Chrome/92.0.4515.131 Safari/537.36"
153.92.113.152 - - [05/Aug/2021:10:57:03 +0200] "GET /login HTTP/1.1" 200 2085 "http://renault.activities.at/" "Mozilla/5.0 (Windows NT 6.1; WOW64) AppleWebKit/537.36 (KHTML, like Gecko) Chrome/92.0.4515.131 Safari/537.36"
138.21.148.248 - - [05/Aug/2021:10:57:01 +0200] "GET /result?searchterm=true&search=pos578 HTTP/1.1" 200 6710 "http://renault.2web.at/account" "Mozilla/5.0 (Windows NT 10.0; Win64; x64) AppleWebKit/537.36 (KHTML, like Gecko) Chrome/92.0.4515.131 Safari/537.36"
138.21.148.248 - - [05/Aug/2021:10:57:04 +0200] "GET /images/note_msg_icon.gif HTTP/1.1" 200 1022 "http://renault.2web.at/css/styles.css" "Mozilla/5.0 (Windows NT 10.0; Win64; x64) AppleWebKit/537.36 (KHTML, like Gecko) Chrome/92.0.4515.131 Safari/537.36"
153.92.113.152 - - [05/Aug/2021:10:57:20 +0200] "POST /login HTTP/1.1" 302 140 "http://renault.activities.at/login" "Mozilla/5.0 (Windows NT 6.1; WOW64) AppleWebKit/537.36 (KHTML, like Gecko) Chrome/92.0.4515.131 Safari/537.36"
153.92.113.152 - - [05/Aug/2021:10:57:21 +0200] "GET /account HTTP/1.1" 200 5910 "http://renault.activities.at/login" "Mozilla/5.0 (Windows NT 6.1; WOW64) AppleWebKit/537.36 (KHTML, like Gecko) Chrome/92.0.4515.131 Safari/537.36"
153.92.113.152 - - [05/Aug/2021:10:57:30 +0200] "POST /axjaxrequest?mode=suggest HTTP/1.1" 200 270 "http://renault.activities.at/account" "Mozilla/5.0 (Windows NT 6.1; WOW64) AppleWebKit/537.36 (KHTML, like Gecko) Chrome/92.0.4515.131 Safari/537.36"
91.113.165.162 - - [05/Aug/2021:10:57:32 +0200] "GET /reload?ser=1628153852431 HTTP/1.1" 200 1234 "http://renault.activities.at/result?searchterm=true&search=arkana" "Mozilla/5.0 (Windows NT 10.0; Win64; x64) AppleWebKit/537.36 (KHTML, like Gecko) Chrome/92.0.4515.107 Safari/537.36"
153.92.113.152 - - [05/Aug/2021:10:57:31 +0200] "POST /axjaxrequest?mode=suggest HTTP/1.1" 200 111 "http://renault.activities.at/account" "Mozilla/5.0 (Windows NT 6.1; WOW64) AppleWebKit/537.36 (KHTML, like Gecko) Chrome/92.0.4515.131 Safari/537.36"
153.92.113.152 - - [05/Aug/2021:10:57:32 +0200] "POST /axjaxrequest?mode=suggest HTTP/1.1" 200 111 "http://renault.activities.at/account" "Mozilla/5.0 (Windows NT 6.1; WOW64) AppleWebKit/537.36 (KHTML, like Gecko) Chrome/92.0.4515.131 Safari/537.36"
153.92.113.152 - - [05/Aug/2021:10:57:33 +0200] "GET /result?searchterm=true&search=lodgy HTTP/1.1" 200 6453 "http://renault.activities.at/account" "Mozilla/5.0 (Windows NT 6.1; WOW64) AppleWebKit/537.36 (KHTML, like Gecko) Chrome/92.0.4515.131 Safari/537.36"
80.120.5.131 - - [05/Aug/2021:10:57:39 +0200] "GET /reload?ser=1628153859113 HTTP/1.1" 200 28 "http://renault.activities.at/" "Mozilla/5.0 (Windows NT 10.0; Win64; x64) AppleWebKit/537.36 (KHTML, like Gecko) Chrome/92.0.4515.131 Safari/537.36"
138.21.148.248 - - [05/Aug/2021:10:57:41 +0200] "GET /reload?ser=1628153861285 HTTP/1.1" 200 28 "http://renault.2web.at/account" "Mozilla/5.0 (Windows NT 10.0; WOW64; Trident/7.0; Touch; rv:11.0) like Gecko"
80.120.210.179 - - [05/Aug/2021:10:57:42 +0200] "GET /reload?ser=1628153861232 HTTP/1.1" 200 28 "http://renault.activities.at/cart" "Mozilla/5.0 (Windows NT 10.0; Win64; x64) AppleWebKit/537.36 (KHTML, like Gecko) Chrome/92.0.4515.131 Safari/537.36"
185.22.23.252 - - [05/Aug/2021:10:57:43 +0200] "GET /reload?ser=1628153863863 HTTP/1.1" 200 28 "http://renault.activities.at/result?searchterm=true&search=folder" "Mozilla/5.0 (Windows NT 6.3; Win64; x64) AppleWebKit/537.36 (KHTML, like Gecko) Chrome/92.0.4515.131 Safari/537.36"
153.92.113.152 - - [05/Aug/2021:10:57:44 +0200] "POST /axjaxrequest?mode=suggest HTTP/1.1" 200 109 "http://renault.activities.at/result?searchterm=true&search=lodgy" "Mozilla/5.0 (Windows NT 6.1; WOW64) AppleWebKit/537.36 (KHTML, like Gecko) Chrome/92.0.4515.131 Safari/537.36"
80.120.210.179 - - [05/Aug/2021:10:57:45 +0200] "POST /cart HTTP/1.1" 200 5750 "http://renault.activities.at/cart" "Mozilla/5.0 (Windows NT 10.0; Win64; x64) AppleWebKit/537.36 (KHTML, like Gecko) Chrome/92.0.4515.131 Safari/537.36"
153.92.113.152 - - [05/Aug/2021:10:57:46 +0200] "GET /result?searchterm=true&search=logan HTTP/1.1" 200 6170 "http://renault.activities.at/result?searchterm=true&search=lodgy" "Mozilla/5.0 (Windows NT 6.1; WOW64) AppleWebKit/537.36 (KHTML, like Gecko) Chrome/92.0.4515.131 Safari/537.36"
193.194.132.23 - - [05/Aug/2021:10:57:53 +0200] "GET /reload?ser=1628153873323 HTTP/1.1" 200 28 "http://renault.2web.at/12438662" "Mozilla/5.0 (Windows NT 10.0; Win64; x64) AppleWebKit/537.36 (KHTML, like Gecko) Chrome/92.0.4515.131 Safari/537.36"
153.92.113.152 - - [05/Aug/2021:10:57:57 +0200] "GET /result?searchterm=true&search=lodgy HTTP/1.1" 200 6453 "http://renault.activities.at/account" "Mozilla/5.0 (Windows NT 6.1; WOW64) AppleWebKit/537.36 (KHTML, like Gecko) Chrome/92.0.4515.131 Safari/537.36"
138.21.148.248 - - [05/Aug/2021:10:58:05 +0200] "GET /reload?ser=1628153885501 HTTP/1.1" 200 28 "http://renault.2web.at/result?searchterm=true&search=pos578" "Mozilla/5.0 (Windows NT 10.0; Win64; x64) AppleWebKit/537.36 (KHTML, like Gecko) Chrome/92.0.4515.131 Safari/537.36"
91.113.165.162 - - [05/Aug/2021:10:58:33 +0200] "GET /reload?ser=1628153913425 HTTP/1.1" 200 1231 "http://renault.activities.at/result?searchterm=true&search=arkana" "Mozilla/5.0 (Windows NT 10.0; Win64; x64) AppleWebKit/537.36 (KHTML, like Gecko) Chrome/92.0.4515.107 Safari/537.36"
80.120.210.179 - - [05/Aug/2021:10:58:39 +0200] "POST /axjaxrequest?mode=suggest HTTP/1.1" 200 112 "http://renault.activities.at/cart" "Mozilla/5.0 (Windows NT 10.0; Win64; x64) AppleWebKit/537.36 (KHTML, like Gecko) Chrome/92.0.4515.131 Safari/537.36"
80.120.5.131 - - [05/Aug/2021:10:58:40 +0200] "GET /reload?ser=1628153920117 HTTP/1.1" 200 28 "http://renault.activities.at/" "Mozilla/5.0 (Windows NT 10.0; Win64; x64) AppleWebKit/537.36 (KHTML, like Gecko) Chrome/92.0.4515.131 Safari/537.36"
153.92.113.152 - - [05/Aug/2021:10:58:41 +0200] "GET /images/vista-dn-hover.gif HTTP/1.1" 200 127 "http://renault.activities.at/css/styles.css" "Mozilla/5.0 (Windows NT 6.1; WOW64) AppleWebKit/537.36 (KHTML, like Gecko) Chrome/92.0.4515.131 Safari/537.36"
153.92.113.152 - - [05/Aug/2021:10:58:42 +0200] "GET /images/vista-up-hover.gif HTTP/1.1" 200 130 "http://renault.activities.at/css/styles.css" "Mozilla/5.0 (Windows NT 6.1; WOW64) AppleWebKit/537.36 (KHTML, like Gecko) Chrome/92.0.4515.131 Safari/537.36"
138.21.148.248 - - [05/Aug/2021:10:58:42 +0200] "GET /reload?ser=1628153922318 HTTP/1.1" 200 28 "http://renault.2web.at/account" "Mozilla/5.0 (Windows NT 10.0; WOW64; Trident/7.0; Touch; rv:11.0) like Gecko"
80.120.210.179 - - [05/Aug/2021:10:58:39 +0200] "GET /result?searchterm=true&search=kangoo HTTP/1.1" 200 8538 "http://renault.activities.at/cart" "Mozilla/5.0 (Windows NT 10.0; Win64; x64) AppleWebKit/537.36 (KHTML, like Gecko) Chrome/92.0.4515.131 Safari/537.36"
185.22.23.252 - - [05/Aug/2021:10:58:44 +0200] "GET /reload?ser=1628153924772 HTTP/1.1" 200 28 "http://renault.activities.at/result?searchterm=true&search=folder" "Mozilla/5.0 (Windows NT 6.3; Win64; x64) AppleWebKit/537.36 (KHTML, like Gecko) Chrome/92.0.4515.131 Safari/537.36"
80.120.210.179 - - [05/Aug/2021:10:58:41 +0200] "GET /result?searchterm=true&search=kangoo HTTP/1.1" 200 8538 "http://renault.activities.at/cart" "Mozilla/5.0 (Windows NT 10.0; Win64; x64) AppleWebKit/537.36 (KHTML, like Gecko) Chrome/92.0.4515.131 Safari/537.36"
153.92.113.152 - - [05/Aug/2021:10:58:48 +0200] "POST /result?searchterm=true&search=lodgy HTTP/1.1" 200 6645 "http://renault.activities.at/result?searchterm=true&search=lodgy" "Mozilla/5.0 (Windows NT 6.1; WOW64) AppleWebKit/537.36 (KHTML, like Gecko) Chrome/92.0.4515.131 Safari/537.36"
153.92.113.152 - - [05/Aug/2021:10:58:51 +0200] "GET /images/success_msg_icon.gif HTTP/1.1" 200 1024 "http://renault.activities.at/css/styles.css" "Mozilla/5.0 (Windows NT 6.1; WOW64) AppleWebKit/537.36 (KHTML, like Gecko) Chrome/92.0.4515.131 Safari/537.36"
193.194.132.23 - - [05/Aug/2021:10:58:55 +0200] "GET /reload?ser=1628153935325 HTTP/1.1" 200 28 "http://renault.2web.at/12438662" "Mozilla/5.0 (Windows NT 10.0; Win64; x64) AppleWebKit/537.36 (KHTML, like Gecko) Chrome/92.0.4515.131 Safari/537.36"
80.120.210.179 - - [05/Aug/2021:10:58:55 +0200] "GET /result?dir=DESC&mode=grid&order=name&limit=15&page=2&search=kangoo HTTP/1.1" 200 6748 "http://renault.activities.at/result?searchterm=true&search=kangoo" "Mozilla/5.0 (Windows NT 10.0; Win64; x64) AppleWebKit/537.36 (KHTML, like Gecko) Chrome/92.0.4515.131 Safari/537.36"
138.21.148.248 - - [05/Aug/2021:10:59:07 +0200] "GET /reload?ser=1628153947501 HTTP/1.1" 200 28 "http://renault.2web.at/result?searchterm=true&search=pos578" "Mozilla/5.0 (Windows NT 10.0; Win64; x64) AppleWebKit/537.36 (KHTML, like Gecko) Chrome/92.0.4515.131 Safari/537.36"
91.113.165.162 - - [05/Aug/2021:10:59:34 +0200] "GET /reload?ser=1628153974423 HTTP/1.1" 200 1245 "http://renault.activities.at/result?searchterm=true&search=arkana" "Mozilla/5.0 (Windows NT 10.0; Win64; x64) AppleWebKit/537.36 (KHTML, like Gecko) Chrome/92.0.4515.107 Safari/537.36"
80.120.5.131 - - [05/Aug/2021:10:59:41 +0200] "GET /reload?ser=1628153981112 HTTP/1.1" 200 28 "http://renault.activities.at/" "Mozilla/5.0 (Windows NT 10.0; Win64; x64) AppleWebKit/537.36 (KHTML, like Gecko) Chrome/92.0.4515.131 Safari/537.36"
138.21.148.248 - - [05/Aug/2021:10:59:43 +0200] "GET /reload?ser=1628153983374 HTTP/1.1" 200 28 "http://renault.2web.at/account" "Mozilla/5.0 (Windows NT 10.0; WOW64; Trident/7.0; Touch; rv:11.0) like Gecko"
185.22.23.252 - - [05/Aug/2021:10:59:45 +0200] "GET /reload?ser=1628153985712 HTTP/1.1" 200 28 "http://renault.activities.at/result?searchterm=true&search=folder" "Mozilla/5.0 (Windows NT 6.3; Win64; x64) AppleWebKit/537.36 (KHTML, like Gecko) Chrome/92.0.4515.131 Safari/537.36"
153.92.113.152 - - [05/Aug/2021:10:59:51 +0200] "GET /reload?ser=1628153991265 HTTP/1.1" 200 28 "http://renault.activities.at/result?searchterm=true&search=lodgy" "Mozilla/5.0 (Windows NT 6.1; WOW64) AppleWebKit/537.36 (KHTML, like Gecko) Chrome/92.0.4515.131 Safari/537.36"
193.194.132.23 - - [05/Aug/2021:10:59:57 +0200] "GET /reload?ser=1628153997327 HTTP/1.1" 200 28 "http://renault.2web.at/12438662" "Mozilla/5.0 (Windows NT 10.0; Win64; x64) AppleWebKit/537.36 (KHTML, like Gecko) Chrome/92.0.4515.131 Safari/537.36"
80.120.210.179 - - [05/Aug/2021:10:59:57 +0200] "GET /reload?ser=1628153996870 HTTP/1.1" 200 28 "http://renault.activities.at/result?dir=DESC&mode=grid&order=name&limit=15&page=2&search=kangoo" "Mozilla/5.0 (Windows NT 10.0; Win64; x64) AppleWebKit/537.36 (KHTML, like Gecko) Chrome/92.0.4515.131 Safari/537.36"
138.21.148.248 - - [05/Aug/2021:11:00:09 +0200] "GET /reload?ser=1628154009501 HTTP/1.1" 200 28 "http://renault.2web.at/result?searchterm=true&search=pos578" "Mozilla/5.0 (Windows NT 10.0; Win64; x64) AppleWebKit/537.36 (KHTML, like Gecko) Chrome/92.0.4515.131 Safari/537.36"
138.21.148.248 - - [05/Aug/2021:11:00:33 +0200] "GET /logout HTTP/1.1" 302 136 "http://renault.2web.at/result?searchterm=true&search=pos578" "Mozilla/5.0 (Windows NT 10.0; Win64; x64) AppleWebKit/537.36 (KHTML, like Gecko) Chrome/92.0.4515.131 Safari/537.36"
138.21.148.248 - - [05/Aug/2021:11:00:34 +0200] "GET /logout HTTP/1.1" 200 1592 "http://renault.2web.at/result?searchterm=true&search=pos578" "Mozilla/5.0 (Windows NT 10.0; Win64; x64) AppleWebKit/537.36 (KHTML, like Gecko) Chrome/92.0.4515.131 Safari/537.36"
91.113.165.162 - - [05/Aug/2021:11:00:35 +0200] "GET /reload?ser=1628154035438 HTTP/1.1" 200 1230 "http://renault.activities.at/result?searchterm=true&search=arkana" "Mozilla/5.0 (Windows NT 10.0; Win64; x64) AppleWebKit/537.36 (KHTML, like Gecko) Chrome/92.0.4515.107 Safari/537.36"
80.120.5.131 - - [05/Aug/2021:11:00:42 +0200] "GET /reload?ser=1628154042119 HTTP/1.1" 200 28 "http://renault.activities.at/" "Mozilla/5.0 (Windows NT 10.0; Win64; x64) AppleWebKit/537.36 (KHTML, like Gecko) Chrome/92.0.4515.131 Safari/537.36"
138.21.148.248 - - [05/Aug/2021:11:00:44 +0200] "GET /reload?ser=1628154044408 HTTP/1.1" 200 28 "http://renault.2web.at/account" "Mozilla/5.0 (Windows NT 10.0; WOW64; Trident/7.0; Touch; rv:11.0) like Gecko"
185.22.23.252 - - [05/Aug/2021:11:00:46 +0200] "GET /reload?ser=1628154046645 HTTP/1.1" 200 28 "http://renault.activities.at/result?searchterm=true&search=folder" "Mozilla/5.0 (Windows NT 6.3; Win64; x64) AppleWebKit/537.36 (KHTML, like Gecko) Chrome/92.0.4515.131 Safari/537.36"
153.92.113.152 - - [05/Aug/2021:11:00:52 +0200] "GET /reload?ser=1628154052246 HTTP/1.1" 200 28 "http://renault.activities.at/result?searchterm=true&search=lodgy" "Mozilla/5.0 (Windows NT 6.1; WOW64) AppleWebKit/537.36 (KHTML, like Gecko) Chrome/92.0.4515.131 Safari/537.36"
80.120.210.179 - - [05/Aug/2021:11:00:58 +0200] "GET /reload?ser=1628154057853 HTTP/1.1" 200 28 "http://renault.activities.at/result?dir=DESC&mode=grid&order=name&limit=15&page=2&search=kangoo" "Mozilla/5.0 (Windows NT 10.0; Win64; x64) AppleWebKit/537.36 (KHTML, like Gecko) Chrome/92.0.4515.131 Safari/537.36"
193.194.132.23 - - [05/Aug/2021:11:00:59 +0200] "GET /reload?ser=1628154059328 HTTP/1.1" 200 28 "http://renault.2web.at/12438662" "Mozilla/5.0 (Windows NT 10.0; Win64; x64) AppleWebKit/537.36 (KHTML, like Gecko) Chrome/92.0.4515.131 Safari/537.36"
91.113.165.162 - - [05/Aug/2021:11:01:36 +0200] "GET /reload?ser=1628154096434 HTTP/1.1" 200 1246 "http://renault.activities.at/result?searchterm=true&search=arkana" "Mozilla/5.0 (Windows NT 10.0; Win64; x64) AppleWebKit/537.36 (KHTML, like Gecko) Chrome/92.0.4515.107 Safari/537.36"
80.120.5.131 - - [05/Aug/2021:11:01:43 +0200] "GET /reload?ser=1628154103115 HTTP/1.1" 200 28 "http://renault.activities.at/" "Mozilla/5.0 (Windows NT 10.0; Win64; x64) AppleWebKit/537.36 (KHTML, like Gecko) Chrome/92.0.4515.131 Safari/537.36"
193.194.132.27 - - [05/Aug/2021:11:01:45 +0200] "GET /reload?ser=1628154105473 HTTP/1.1" 200 28 "http://renault.2web.at/account" "Mozilla/5.0 (Windows NT 10.0; WOW64; Trident/7.0; Touch; rv:11.0) like Gecko"
185.22.23.252 - - [05/Aug/2021:11:01:47 +0200] "GET /reload?ser=1628154107591 HTTP/1.1" 200 28 "http://renault.activities.at/result?searchterm=true&search=folder" "Mozilla/5.0 (Windows NT 6.3; Win64; x64) AppleWebKit/537.36 (KHTML, like Gecko) Chrome/92.0.4515.131 Safari/537.36"
153.92.113.152 - - [05/Aug/2021:11:01:53 +0200] "GET /reload?ser=1628154113191 HTTP/1.1" 200 28 "http://renault.activities.at/result?searchterm=true&search=lodgy" "Mozilla/5.0 (Windows NT 6.1; WOW64) AppleWebKit/537.36 (KHTML, like Gecko) Chrome/92.0.4515.131 Safari/537.36"
80.120.210.179 - - [05/Aug/2021:11:01:58 +0200] "GET /checkout HTTP/1.1" 200 10243 "http://renault.activities.at/result?dir=DESC&mode=grid&order=name&limit=15&page=2&search=kangoo" "Mozilla/5.0 (Windows NT 10.0; Win64; x64) AppleWebKit/537.36 (KHTML, like Gecko) Chrome/92.0.4515.131 Safari/537.36"
80.120.210.179 - - [05/Aug/2021:11:02:02 +0200] "GET /loadthumbnail.php?id=10202698 HTTP/1.1" 200 16686 "http://renault.activities.at/checkout" "Mozilla/5.0 (Windows NT 10.0; Win64; x64) AppleWebKit/537.36 (KHTML, like Gecko) Chrome/92.0.4515.131 Safari/537.36"
80.120.210.179 - - [05/Aug/2021:11:02:02 +0200] "GET /loadthumbnail.php?id=10201939 HTTP/1.1" 200 201 "http://renault.activities.at/checkout" "Mozilla/5.0 (Windows NT 10.0; Win64; x64) AppleWebKit/537.36 (KHTML, like Gecko) Chrome/92.0.4515.131 Safari/537.36"
193.194.132.23 - - [05/Aug/2021:11:02:01 +0200] "GET /reload?ser=1628154121329 HTTP/1.1" 200 28 "http://renault.2web.at/12438662" "Mozilla/5.0 (Windows NT 10.0; Win64; x64) AppleWebKit/537.36 (KHTML, like Gecko) Chrome/92.0.4515.131 Safari/537.36"
80.120.210.179 - - [05/Aug/2021:11:01:59 +0200] "GET /reload?ser=1628154118795 HTTP/1.1" 200 28 "http://renault.activities.at/result?dir=DESC&mode=grid&order=name&limit=15&page=2&search=kangoo" "Mozilla/5.0 (Windows NT 10.0; Win64; x64) AppleWebKit/537.36 (KHTML, like Gecko) Chrome/92.0.4515.131 Safari/537.36"
80.120.210.179 - - [05/Aug/2021:11:02:22 +0200] "POST /docheckout HTTP/1.1" 200 433 "http://renault.activities.at/checkout" "Mozilla/5.0 (Windows NT 10.0; Win64; x64) AppleWebKit/537.36 (KHTML, like Gecko) Chrome/92.0.4515.131 Safari/537.36"
80.120.210.179 - - [05/Aug/2021:11:02:26 +0200] "POST /docheckout HTTP/1.1" 200 789 "http://renault.activities.at/checkout" "Mozilla/5.0 (Windows NT 10.0; Win64; x64) AppleWebKit/537.36 (KHTML, like Gecko) Chrome/92.0.4515.131 Safari/537.36"
91.113.165.162 - - [05/Aug/2021:11:02:37 +0200] "GET /reload?ser=1628154157432 HTTP/1.1" 200 1234 "http://renault.activities.at/result?searchterm=true&search=arkana" "Mozilla/5.0 (Windows NT 10.0; Win64; x64) AppleWebKit/537.36 (KHTML, like Gecko) Chrome/92.0.4515.107 Safari/537.36"
80.120.5.131 - - [05/Aug/2021:11:02:44 +0200] "GET /reload?ser=1628154164109 HTTP/1.1" 200 28 "http://renault.activities.at/" "Mozilla/5.0 (Windows NT 10.0; Win64; x64) AppleWebKit/537.36 (KHTML, like Gecko) Chrome/92.0.4515.131 Safari/537.36"
80.120.210.179 - - [05/Aug/2021:11:02:42 +0200] "POST /docheckout HTTP/1.1" 200 68 "http://renault.activities.at/checkout" "Mozilla/5.0 (Windows NT 10.0; Win64; x64) AppleWebKit/537.36 (KHTML, like Gecko) Chrome/92.0.4515.131 Safari/537.36"
193.194.132.27 - - [05/Aug/2021:11:02:46 +0200] "GET /reload?ser=1628154167018 HTTP/1.1" 200 28 "http://renault.2web.at/account" "Mozilla/5.0 (Windows NT 10.0; WOW64; Trident/7.0; Touch; rv:11.0) like Gecko"
80.120.210.179 - - [05/Aug/2021:11:02:45 +0200] "GET /success HTTP/1.1" 200 3782 "http://renault.activities.at/checkout" "Mozilla/5.0 (Windows NT 10.0; Win64; x64) AppleWebKit/537.36 (KHTML, like Gecko) Chrome/92.0.4515.131 Safari/537.36"
185.22.23.252 - - [05/Aug/2021:11:02:48 +0200] "GET /reload?ser=1628154168491 HTTP/1.1" 200 28 "http://renault.activities.at/result?searchterm=true&search=folder" "Mozilla/5.0 (Windows NT 6.3; Win64; x64) AppleWebKit/537.36 (KHTML, like Gecko) Chrome/92.0.4515.131 Safari/537.36"
153.92.113.152 - - [05/Aug/2021:11:02:54 +0200] "GET /reload?ser=1628154174111 HTTP/1.1" 200 28 "http://renault.activities.at/result?searchterm=true&search=lodgy" "Mozilla/5.0 (Windows NT 6.1; WOW64) AppleWebKit/537.36 (KHTML, like Gecko) Chrome/92.0.4515.131 Safari/537.36"
193.194.132.23 - - [05/Aug/2021:11:03:03 +0200] "GET /reload?ser=1628154183330 HTTP/1.1" 200 28 "http://renault.2web.at/12438662" "Mozilla/5.0 (Windows NT 10.0; Win64; x64) AppleWebKit/537.36 (KHTML, like Gecko) Chrome/92.0.4515.131 Safari/537.36"
91.113.165.162 - - [05/Aug/2021:11:03:38 +0200] "GET /reload?ser=1628154218426 HTTP/1.1" 200 1231 "http://renault.activities.at/result?searchterm=true&search=arkana" "Mozilla/5.0 (Windows NT 10.0; Win64; x64) AppleWebKit/537.36 (KHTML, like Gecko) Chrome/92.0.4515.107 Safari/537.36"
80.120.5.131 - - [05/Aug/2021:11:03:45 +0200] "GET /reload?ser=1628154225109 HTTP/1.1" 200 28 "http://renault.activities.at/" "Mozilla/5.0 (Windows NT 10.0; Win64; x64) AppleWebKit/537.36 (KHTML, like Gecko) Chrome/92.0.4515.131 Safari/537.36"
193.194.132.27 - - [05/Aug/2021:11:03:48 +0200] "GET /reload?ser=1628154228144 HTTP/1.1" 200 28 "http://renault.2web.at/account" "Mozilla/5.0 (Windows NT 10.0; WOW64; Trident/7.0; Touch; rv:11.0) like Gecko"
80.120.210.179 - - [05/Aug/2021:11:03:48 +0200] "GET /reload?ser=1628154227474 HTTP/1.1" 200 28 "http://renault.activities.at/success" "Mozilla/5.0 (Windows NT 10.0; Win64; x64) AppleWebKit/537.36 (KHTML, like Gecko) Chrome/92.0.4515.131 Safari/537.36"
185.22.23.252 - - [05/Aug/2021:11:03:49 +0200] "GET /reload?ser=1628154229406 HTTP/1.1" 200 28 "http://renault.activities.at/result?searchterm=true&search=folder" "Mozilla/5.0 (Windows NT 6.3; Win64; x64) AppleWebKit/537.36 (KHTML, like Gecko) Chrome/92.0.4515.131 Safari/537.36"
153.92.113.152 - - [05/Aug/2021:11:03:55 +0200] "GET /reload?ser=1628154235031 HTTP/1.1" 200 28 "http://renault.activities.at/result?searchterm=true&search=lodgy" "Mozilla/5.0 (Windows NT 6.1; WOW64) AppleWebKit/537.36 (KHTML, like Gecko) Chrome/92.0.4515.131 Safari/537.36"
193.194.132.23 - - [05/Aug/2021:11:04:05 +0200] "GET /reload?ser=1628154245331 HTTP/1.1" 200 28 "http://renault.2web.at/12438662" "Mozilla/5.0 (Windows NT 10.0; Win64; x64) AppleWebKit/537.36 (KHTML, like Gecko) Chrome/92.0.4515.131 Safari/537.36"
91.113.165.162 - - [05/Aug/2021:11:04:39 +0200] "GET /reload?ser=1628154279442 HTTP/1.1" 200 1240 "http://renault.activities.at/result?searchterm=true&search=arkana" "Mozilla/5.0 (Windows NT 10.0; Win64; x64) AppleWebKit/537.36 (KHTML, like Gecko) Chrome/92.0.4515.107 Safari/537.36"
80.120.5.131 - - [05/Aug/2021:11:04:46 +0200] "GET /reload?ser=1628154286112 HTTP/1.1" 200 28 "http://renault.activities.at/" "Mozilla/5.0 (Windows NT 10.0; Win64; x64) AppleWebKit/537.36 (KHTML, like Gecko) Chrome/92.0.4515.131 Safari/537.36"
193.194.132.27 - - [05/Aug/2021:11:04:49 +0200] "GET /reload?ser=1628154289239 HTTP/1.1" 200 28 "http://renault.2web.at/account" "Mozilla/5.0 (Windows NT 10.0; WOW64; Trident/7.0; Touch; rv:11.0) like Gecko"
80.120.210.179 - - [05/Aug/2021:11:04:49 +0200] "GET /reload?ser=1628154288445 HTTP/1.1" 200 28 "http://renault.activities.at/success" "Mozilla/5.0 (Windows NT 10.0; Win64; x64) AppleWebKit/537.36 (KHTML, like Gecko) Chrome/92.0.4515.131 Safari/537.36"
185.22.23.252 - - [05/Aug/2021:11:04:50 +0200] "GET /reload?ser=1628154290320 HTTP/1.1" 200 28 "http://renault.activities.at/result?searchterm=true&search=folder" "Mozilla/5.0 (Windows NT 6.3; Win64; x64) AppleWebKit/537.36 (KHTML, like Gecko) Chrome/92.0.4515.131 Safari/537.36"
153.92.113.152 - - [05/Aug/2021:11:04:55 +0200] "GET /reload?ser=1628154295982 HTTP/1.1" 200 28 "http://renault.activities.at/result?searchterm=true&search=lodgy" "Mozilla/5.0 (Windows NT 6.1; WOW64) AppleWebKit/537.36 (KHTML, like Gecko) Chrome/92.0.4515.131 Safari/537.36"
193.194.132.23 - - [05/Aug/2021:11:05:07 +0200] "GET /reload?ser=1628154307332 HTTP/1.1" 200 28 "http://renault.2web.at/12438662" "Mozilla/5.0 (Windows NT 10.0; Win64; x64) AppleWebKit/537.36 (KHTML, like Gecko) Chrome/92.0.4515.131 Safari/537.36"
91.113.165.162 - - [05/Aug/2021:11:05:40 +0200] "GET /reload?ser=1628154340437 HTTP/1.1" 200 1250 "http://renault.activities.at/result?searchterm=true&search=arkana" "Mozilla/5.0 (Windows NT 10.0; Win64; x64) AppleWebKit/537.36 (KHTML, like Gecko) Chrome/92.0.4515.107 Safari/537.36"
80.120.5.131 - - [05/Aug/2021:11:05:47 +0200] "GET /reload?ser=1628154347118 HTTP/1.1" 200 28 "http://renault.activities.at/" "Mozilla/5.0 (Windows NT 10.0; Win64; x64) AppleWebKit/537.36 (KHTML, like Gecko) Chrome/92.0.4515.131 Safari/537.36"
193.194.132.27 - - [05/Aug/2021:11:05:50 +0200] "GET /reload?ser=1628154350305 HTTP/1.1" 200 28 "http://renault.2web.at/account" "Mozilla/5.0 (Windows NT 10.0; WOW64; Trident/7.0; Touch; rv:11.0) like Gecko"
80.120.210.179 - - [05/Aug/2021:11:05:50 +0200] "GET /reload?ser=1628154349472 HTTP/1.1" 200 28 "http://renault.activities.at/success" "Mozilla/5.0 (Windows NT 10.0; Win64; x64) AppleWebKit/537.36 (KHTML, like Gecko) Chrome/92.0.4515.131 Safari/537.36"
185.22.23.252 - - [05/Aug/2021:11:05:50 +0200] "GET /reload?ser=1628154351277 HTTP/1.1" 200 28 "http://renault.activities.at/result?searchterm=true&search=folder" "Mozilla/5.0 (Windows NT 6.3; Win64; x64) AppleWebKit/537.36 (KHTML, like Gecko) Chrome/92.0.4515.131 Safari/537.36"
153.92.113.152 - - [05/Aug/2021:11:05:56 +0200] "GET /reload?ser=1628154356945 HTTP/1.1" 200 28 "http://renault.activities.at/result?searchterm=true&search=lodgy" "Mozilla/5.0 (Windows NT 6.1; WOW64) AppleWebKit/537.36 (KHTML, like Gecko) Chrome/92.0.4515.131 Safari/537.36"
193.194.132.23 - - [05/Aug/2021:11:06:09 +0200] "GET /reload?ser=1628154369334 HTTP/1.1" 200 28 "http://renault.2web.at/12438662" "Mozilla/5.0 (Windows NT 10.0; Win64; x64) AppleWebKit/537.36 (KHTML, like Gecko) Chrome/92.0.4515.131 Safari/537.36"
91.113.165.162 - - [05/Aug/2021:11:06:41 +0200] "GET /reload?ser=1628154401435 HTTP/1.1" 200 1234 "http://renault.activities.at/result?searchterm=true&search=arkana" "Mozilla/5.0 (Windows NT 10.0; Win64; x64) AppleWebKit/537.36 (KHTML, like Gecko) Chrome/92.0.4515.107 Safari/537.36"
80.120.5.131 - - [05/Aug/2021:11:06:48 +0200] "GET /reload?ser=1628154408116 HTTP/1.1" 200 28 "http://renault.activities.at/" "Mozilla/5.0 (Windows NT 10.0; Win64; x64) AppleWebKit/537.36 (KHTML, like Gecko) Chrome/92.0.4515.131 Safari/537.36"
193.194.132.27 - - [05/Aug/2021:11:06:51 +0200] "GET /reload?ser=1628154411444 HTTP/1.1" 200 28 "http://renault.2web.at/account" "Mozilla/5.0 (Windows NT 10.0; WOW64; Trident/7.0; Touch; rv:11.0) like Gecko"
80.120.210.179 - - [05/Aug/2021:11:06:51 +0200] "GET /reload?ser=1628154410472 HTTP/1.1" 200 28 "http://renault.activities.at/success" "Mozilla/5.0 (Windows NT 10.0; Win64; x64) AppleWebKit/537.36 (KHTML, like Gecko) Chrome/92.0.4515.131 Safari/537.36"
185.22.23.252 - - [05/Aug/2021:11:06:51 +0200] "GET /reload?ser=1628154412238 HTTP/1.1" 200 28 "http://renault.activities.at/result?searchterm=true&search=folder" "Mozilla/5.0 (Windows NT 6.3; Win64; x64) AppleWebKit/537.36 (KHTML, like Gecko) Chrome/92.0.4515.131 Safari/537.36"
153.92.113.152 - - [05/Aug/2021:11:06:57 +0200] "GET /reload?ser=1628154417869 HTTP/1.1" 200 28 "http://renault.activities.at/result?searchterm=true&search=lodgy" "Mozilla/5.0 (Windows NT 6.1; WOW64) AppleWebKit/537.36 (KHTML, like Gecko) Chrome/92.0.4515.131 Safari/537.36"
193.194.132.23 - - [05/Aug/2021:11:07:11 +0200] "GET /reload?ser=1628154431334 HTTP/1.1" 200 28 "http://renault.2web.at/12438662" "Mozilla/5.0 (Windows NT 10.0; Win64; x64) AppleWebKit/537.36 (KHTML, like Gecko) Chrome/92.0.4515.131 Safari/537.36"
91.113.165.162 - - [05/Aug/2021:11:07:42 +0200] "GET /reload?ser=1628154462432 HTTP/1.1" 200 1235 "http://renault.activities.at/result?searchterm=true&search=arkana" "Mozilla/5.0 (Windows NT 10.0; Win64; x64) AppleWebKit/537.36 (KHTML, like Gecko) Chrome/92.0.4515.107 Safari/537.36"
80.120.5.131 - - [05/Aug/2021:11:07:49 +0200] "GET /reload?ser=1628154469116 HTTP/1.1" 200 28 "http://renault.activities.at/" "Mozilla/5.0 (Windows NT 10.0; Win64; x64) AppleWebKit/537.36 (KHTML, like Gecko) Chrome/92.0.4515.131 Safari/537.36"
193.194.132.27 - - [05/Aug/2021:11:07:52 +0200] "GET /reload?ser=1628154472465 HTTP/1.1" 200 28 "http://renault.2web.at/account" "Mozilla/5.0 (Windows NT 10.0; WOW64; Trident/7.0; Touch; rv:11.0) like Gecko"
80.120.210.179 - - [05/Aug/2021:11:07:52 +0200] "GET /reload?ser=1628154471474 HTTP/1.1" 200 28 "http://renault.activities.at/success" "Mozilla/5.0 (Windows NT 10.0; Win64; x64) AppleWebKit/537.36 (KHTML, like Gecko) Chrome/92.0.4515.131 Safari/537.36"
185.22.23.252 - - [05/Aug/2021:11:07:52 +0200] "GET /reload?ser=1628154473156 HTTP/1.1" 200 28 "http://renault.activities.at/result?searchterm=true&search=folder" "Mozilla/5.0 (Windows NT 6.3; Win64; x64) AppleWebKit/537.36 (KHTML, like Gecko) Chrome/92.0.4515.131 Safari/537.36"
153.92.113.152 - - [05/Aug/2021:11:07:58 +0200] "GET /reload?ser=1628154478836 HTTP/1.1" 200 28 "http://renault.activities.at/result?searchterm=true&search=lodgy" "Mozilla/5.0 (Windows NT 6.1; WOW64) AppleWebKit/537.36 (KHTML, like Gecko) Chrome/92.0.4515.131 Safari/537.36"
193.194.132.23 - - [05/Aug/2021:11:08:13 +0200] "GET /reload?ser=1628154493335 HTTP/1.1" 200 28 "http://renault.2web.at/12438662" "Mozilla/5.0 (Windows NT 10.0; Win64; x64) AppleWebKit/537.36 (KHTML, like Gecko) Chrome/92.0.4515.131 Safari/537.36"
91.113.165.162 - - [05/Aug/2021:11:08:43 +0200] "GET /reload?ser=1628154523427 HTTP/1.1" 200 1237 "http://renault.activities.at/result?searchterm=true&search=arkana" "Mozilla/5.0 (Windows NT 10.0; Win64; x64) AppleWebKit/537.36 (KHTML, like Gecko) Chrome/92.0.4515.107 Safari/537.36"
80.120.5.131 - - [05/Aug/2021:11:08:50 +0200] "GET /reload?ser=1628154530111 HTTP/1.1" 200 28 "http://renault.activities.at/" "Mozilla/5.0 (Windows NT 10.0; Win64; x64) AppleWebKit/537.36 (KHTML, like Gecko) Chrome/92.0.4515.131 Safari/537.36"
193.194.132.27 - - [05/Aug/2021:11:08:53 +0200] "GET /reload?ser=1628154533531 HTTP/1.1" 200 28 "http://renault.2web.at/account" "Mozilla/5.0 (Windows NT 10.0; WOW64; Trident/7.0; Touch; rv:11.0) like Gecko"
80.120.210.179 - - [05/Aug/2021:11:08:53 +0200] "GET /reload?ser=1628154532474 HTTP/1.1" 200 28 "http://renault.activities.at/success" "Mozilla/5.0 (Windows NT 10.0; Win64; x64) AppleWebKit/537.36 (KHTML, like Gecko) Chrome/92.0.4515.131 Safari/537.36"
185.22.23.252 - - [05/Aug/2021:11:08:53 +0200] "GET /reload?ser=1628154534110 HTTP/1.1" 200 28 "http://renault.activities.at/result?searchterm=true&search=folder" "Mozilla/5.0 (Windows NT 6.3; Win64; x64) AppleWebKit/537.36 (KHTML, like Gecko) Chrome/92.0.4515.131 Safari/537.36"
153.92.113.152 - - [05/Aug/2021:11:08:59 +0200] "GET /reload?ser=1628154539805 HTTP/1.1" 200 28 "http://renault.activities.at/result?searchterm=true&search=lodgy" "Mozilla/5.0 (Windows NT 6.1; WOW64) AppleWebKit/537.36 (KHTML, like Gecko) Chrome/92.0.4515.131 Safari/537.36"
193.194.132.23 - - [05/Aug/2021:11:09:15 +0200] "GET /reload?ser=1628154555337 HTTP/1.1" 200 28 "http://renault.2web.at/12438662" "Mozilla/5.0 (Windows NT 10.0; Win64; x64) AppleWebKit/537.36 (KHTML, like Gecko) Chrome/92.0.4515.131 Safari/537.36"
91.113.165.162 - - [05/Aug/2021:11:09:44 +0200] "GET /reload?ser=1628154584435 HTTP/1.1" 200 1232 "http://renault.activities.at/result?searchterm=true&search=arkana" "Mozilla/5.0 (Windows NT 10.0; Win64; x64) AppleWebKit/537.36 (KHTML, like Gecko) Chrome/92.0.4515.107 Safari/537.36"
80.120.5.131 - - [05/Aug/2021:11:09:51 +0200] "GET /reload?ser=1628154591110 HTTP/1.1" 200 28 "http://renault.activities.at/" "Mozilla/5.0 (Windows NT 10.0; Win64; x64) AppleWebKit/537.36 (KHTML, like Gecko) Chrome/92.0.4515.131 Safari/537.36"
193.194.132.27 - - [05/Aug/2021:11:09:54 +0200] "GET /reload?ser=1628154594561 HTTP/1.1" 200 28 "http://renault.2web.at/account" "Mozilla/5.0 (Windows NT 10.0; WOW64; Trident/7.0; Touch; rv:11.0) like Gecko"
185.22.23.252 - - [05/Aug/2021:11:09:54 +0200] "GET /reload?ser=1628154595042 HTTP/1.1" 200 28 "http://renault.activities.at/result?searchterm=true&search=folder" "Mozilla/5.0 (Windows NT 6.3; Win64; x64) AppleWebKit/537.36 (KHTML, like Gecko) Chrome/92.0.4515.131 Safari/537.36"
80.120.210.179 - - [05/Aug/2021:11:09:55 +0200] "GET /reload?ser=1628154594463 HTTP/1.1" 200 28 "http://renault.activities.at/success" "Mozilla/5.0 (Windows NT 10.0; Win64; x64) AppleWebKit/537.36 (KHTML, like Gecko) Chrome/92.0.4515.131 Safari/537.36"
