80.123.225.38 - - [05/Aug/2021:09:28:35 +0200] "GET /loadthumbnail.php?id=11967857&width=113 HTTP/1.1" 200 2260 "http://renault.2web.at/10260280" "Mozilla/5.0 (Windows NT 10.0; Win64; x64; rv:90.0) Gecko/20100101 Firefox/90.0"
80.123.225.38 - - [05/Aug/2021:09:28:35 +0200] "GET /loadthumbnail.php?id=10203650&width=113 HTTP/1.1" 200 2741 "http://renault.2web.at/10260280" "Mozilla/5.0 (Windows NT 10.0; Win64; x64; rv:90.0) Gecko/20100101 Firefox/90.0"
80.123.225.38 - - [05/Aug/2021:09:28:35 +0200] "GET /loadthumbnail.php?id=12431848&width=113 HTTP/1.1" 200 1733 "http://renault.2web.at/10260280" "Mozilla/5.0 (Windows NT 10.0; Win64; x64; rv:90.0) Gecko/20100101 Firefox/90.0"
80.123.225.38 - - [05/Aug/2021:09:28:35 +0200] "GET /loadthumbnail.php?id=11181187&width=113 HTTP/1.1" 200 1532 "http://renault.2web.at/10260280" "Mozilla/5.0 (Windows NT 10.0; Win64; x64; rv:90.0) Gecko/20100101 Firefox/90.0"
80.123.225.38 - - [05/Aug/2021:09:28:35 +0200] "GET /loadthumbnail.php?id=12431847&width=113 HTTP/1.1" 200 1733 "http://renault.2web.at/10260280" "Mozilla/5.0 (Windows NT 10.0; Win64; x64; rv:90.0) Gecko/20100101 Firefox/90.0"
80.123.225.38 - - [05/Aug/2021:09:28:35 +0200] "GET /loadthumbnail.php?id=11181185&width=113 HTTP/1.1" 200 1532 "http://renault.2web.at/10260280" "Mozilla/5.0 (Windows NT 10.0; Win64; x64; rv:90.0) Gecko/20100101 Firefox/90.0"
80.123.225.38 - - [05/Aug/2021:09:28:35 +0200] "GET /loadthumbnail.php?id=11181180&width=113 HTTP/1.1" 200 1834 "http://renault.2web.at/10260280" "Mozilla/5.0 (Windows NT 10.0; Win64; x64; rv:90.0) Gecko/20100101 Firefox/90.0"
80.123.225.38 - - [05/Aug/2021:09:28:35 +0200] "GET /loadthumbnail.php?id=11181178&width=113 HTTP/1.1" 200 1834 "http://renault.2web.at/10260280" "Mozilla/5.0 (Windows NT 10.0; Win64; x64; rv:90.0) Gecko/20100101 Firefox/90.0"
80.123.225.38 - - [05/Aug/2021:09:28:35 +0200] "GET /loadthumbnail.php?id=11186502&width=113 HTTP/1.1" 200 2016 "http://renault.2web.at/10260280" "Mozilla/5.0 (Windows NT 10.0; Win64; x64; rv:90.0) Gecko/20100101 Firefox/90.0"
80.123.225.38 - - [05/Aug/2021:09:28:35 +0200] "GET /loadthumbnail.php?id=11195848&width=113 HTTP/1.1" 200 2016 "http://renault.2web.at/10260280" "Mozilla/5.0 (Windows NT 10.0; Win64; x64; rv:90.0) Gecko/20100101 Firefox/90.0"
80.123.225.38 - - [05/Aug/2021:09:28:36 +0200] "GET /loadthumbnail.php?id=11186518&width=113 HTTP/1.1" 200 1516 "http://renault.2web.at/10260280" "Mozilla/5.0 (Windows NT 10.0; Win64; x64; rv:90.0) Gecko/20100101 Firefox/90.0"
80.123.225.38 - - [05/Aug/2021:09:28:35 +0200] "GET /loadthumbnail.php?id=11186498&width=113 HTTP/1.1" 200 2016 "http://renault.2web.at/10260280" "Mozilla/5.0 (Windows NT 10.0; Win64; x64; rv:90.0) Gecko/20100101 Firefox/90.0"
80.123.225.38 - - [05/Aug/2021:09:28:36 +0200] "GET /loadthumbnail.php?id=11186505&width=113 HTTP/1.1" 200 1516 "http://renault.2web.at/10260280" "Mozilla/5.0 (Windows NT 10.0; Win64; x64; rv:90.0) Gecko/20100101 Firefox/90.0"
80.123.225.38 - - [05/Aug/2021:09:28:36 +0200] "GET /loadthumbnail.php?id=11127982 HTTP/1.1" 200 399614 "http://renault.2web.at/10260280" "Mozilla/5.0 (Windows NT 10.0; Win64; x64; rv:90.0) Gecko/20100101 Firefox/90.0"
80.123.225.38 - - [05/Aug/2021:09:28:42 +0200] "GET /10260280?dir=DESC&mode=grid&order=name&limit=15&page=4 HTTP/1.1" 200 9372 "http://renault.2web.at/10260280" "Mozilla/5.0 (Windows NT 10.0; Win64; x64; rv:90.0) Gecko/20100101 Firefox/90.0"
80.123.225.38 - - [05/Aug/2021:09:28:46 +0200] "GET /loadthumbnail.php?id=10203275 HTTP/1.1" 200 85 "http://renault.2web.at/10260280?dir=DESC&mode=grid&order=name&limit=15&page=4" "Mozilla/5.0 (Windows NT 10.0; Win64; x64; rv:90.0) Gecko/20100101 Firefox/90.0"
80.123.225.38 - - [05/Aug/2021:09:28:46 +0200] "GET /loadthumbnail.php?id=11181213&width=113 HTTP/1.1" 200 2121 "http://renault.2web.at/10260280?dir=DESC&mode=grid&order=name&limit=15&page=4" "Mozilla/5.0 (Windows NT 10.0; Win64; x64; rv:90.0) Gecko/20100101 Firefox/90.0"
80.123.225.38 - - [05/Aug/2021:09:28:46 +0200] "GET /loadthumbnail.php?id=11181221&width=113 HTTP/1.1" 200 1171 "http://renault.2web.at/10260280?dir=DESC&mode=grid&order=name&limit=15&page=4" "Mozilla/5.0 (Windows NT 10.0; Win64; x64; rv:90.0) Gecko/20100101 Firefox/90.0"
80.123.225.38 - - [05/Aug/2021:09:28:46 +0200] "GET /loadthumbnail.php?id=11181168&width=113 HTTP/1.1" 200 847 "http://renault.2web.at/10260280?dir=DESC&mode=grid&order=name&limit=15&page=4" "Mozilla/5.0 (Windows NT 10.0; Win64; x64; rv:90.0) Gecko/20100101 Firefox/90.0"
80.123.225.38 - - [05/Aug/2021:09:28:46 +0200] "GET /loadthumbnail.php?id=11181223&width=113 HTTP/1.1" 200 1171 "http://renault.2web.at/10260280?dir=DESC&mode=grid&order=name&limit=15&page=4" "Mozilla/5.0 (Windows NT 10.0; Win64; x64; rv:90.0) Gecko/20100101 Firefox/90.0"
80.123.225.38 - - [05/Aug/2021:09:28:46 +0200] "GET /loadthumbnail.php?id=11194713&width=113 HTTP/1.1" 200 1171 "http://renault.2web.at/10260280?dir=DESC&mode=grid&order=name&limit=15&page=4" "Mozilla/5.0 (Windows NT 10.0; Win64; x64; rv:90.0) Gecko/20100101 Firefox/90.0"
80.123.225.38 - - [05/Aug/2021:09:28:46 +0200] "GET /loadthumbnail.php?id=11181166&width=113 HTTP/1.1" 200 847 "http://renault.2web.at/10260280?dir=DESC&mode=grid&order=name&limit=15&page=4" "Mozilla/5.0 (Windows NT 10.0; Win64; x64; rv:90.0) Gecko/20100101 Firefox/90.0"
80.123.225.38 - - [05/Aug/2021:09:28:46 +0200] "GET /loadthumbnail.php?id=12255323&width=113 HTTP/1.1" 200 2018 "http://renault.2web.at/10260280?dir=DESC&mode=grid&order=name&limit=15&page=4" "Mozilla/5.0 (Windows NT 10.0; Win64; x64; rv:90.0) Gecko/20100101 Firefox/90.0"
80.123.225.38 - - [05/Aug/2021:09:28:46 +0200] "GET /loadthumbnail.php?id=12255321&width=113 HTTP/1.1" 200 2018 "http://renault.2web.at/10260280?dir=DESC&mode=grid&order=name&limit=15&page=4" "Mozilla/5.0 (Windows NT 10.0; Win64; x64; rv:90.0) Gecko/20100101 Firefox/90.0"
80.123.225.38 - - [05/Aug/2021:09:28:46 +0200] "GET /loadthumbnail.php?id=11555219&width=113 HTTP/1.1" 200 2237 "http://renault.2web.at/10260280?dir=DESC&mode=grid&order=name&limit=15&page=4" "Mozilla/5.0 (Windows NT 10.0; Win64; x64; rv:90.0) Gecko/20100101 Firefox/90.0"
80.123.225.38 - - [05/Aug/2021:09:28:46 +0200] "GET /loadthumbnail.php?id=11181172&width=113 HTTP/1.1" 200 1576 "http://renault.2web.at/10260280?dir=DESC&mode=grid&order=name&limit=15&page=4" "Mozilla/5.0 (Windows NT 10.0; Win64; x64; rv:90.0) Gecko/20100101 Firefox/90.0"
80.123.225.38 - - [05/Aug/2021:09:28:46 +0200] "GET /loadthumbnail.php?id=11555218&width=113 HTTP/1.1" 200 2237 "http://renault.2web.at/10260280?dir=DESC&mode=grid&order=name&limit=15&page=4" "Mozilla/5.0 (Windows NT 10.0; Win64; x64; rv:90.0) Gecko/20100101 Firefox/90.0"
80.123.225.38 - - [05/Aug/2021:09:28:46 +0200] "GET /loadthumbnail.php?id=11181170&width=113 HTTP/1.1" 200 1576 "http://renault.2web.at/10260280?dir=DESC&mode=grid&order=name&limit=15&page=4" "Mozilla/5.0 (Windows NT 10.0; Win64; x64; rv:90.0) Gecko/20100101 Firefox/90.0"
80.123.225.38 - - [05/Aug/2021:09:28:46 +0200] "GET /loadthumbnail.php?id=12333874&width=113 HTTP/1.1" 200 1957 "http://renault.2web.at/10260280?dir=DESC&mode=grid&order=name&limit=15&page=4" "Mozilla/5.0 (Windows NT 10.0; Win64; x64; rv:90.0) Gecko/20100101 Firefox/90.0"
80.123.225.38 - - [05/Aug/2021:09:28:46 +0200] "GET /loadthumbnail.php?id=12358272&width=113 HTTP/1.1" 200 2569 "http://renault.2web.at/10260280?dir=DESC&mode=grid&order=name&limit=15&page=4" "Mozilla/5.0 (Windows NT 10.0; Win64; x64; rv:90.0) Gecko/20100101 Firefox/90.0"
80.123.225.38 - - [05/Aug/2021:09:28:46 +0200] "GET /loadthumbnail.php?id=11255648&width=50&height=50 HTTP/1.1" 200 748 "http://renault.2web.at/10260280?dir=DESC&mode=grid&order=name&limit=15&page=4" "Mozilla/5.0 (Windows NT 10.0; Win64; x64; rv:90.0) Gecko/20100101 Firefox/90.0"
80.123.225.38 - - [05/Aug/2021:09:28:46 +0200] "GET /loadthumbnail.php?id=11036127&width=50&height=50 HTTP/1.1" 200 684 "http://renault.2web.at/10260280?dir=DESC&mode=grid&order=name&limit=15&page=4" "Mozilla/5.0 (Windows NT 10.0; Win64; x64; rv:90.0) Gecko/20100101 Firefox/90.0"
80.123.225.38 - - [05/Aug/2021:09:28:46 +0200] "GET /loadthumbnail.php?id=10260861&width=50&height=50 HTTP/1.1" 200 734 "http://renault.2web.at/10260280?dir=DESC&mode=grid&order=name&limit=15&page=4" "Mozilla/5.0 (Windows NT 10.0; Win64; x64; rv:90.0) Gecko/20100101 Firefox/90.0"
80.123.225.38 - - [05/Aug/2021:09:28:46 +0200] "GET /loadthumbnail.php?id=11885851&width=50&height=50 HTTP/1.1" 200 751 "http://renault.2web.at/10260280?dir=DESC&mode=grid&order=name&limit=15&page=4" "Mozilla/5.0 (Windows NT 10.0; Win64; x64; rv:90.0) Gecko/20100101 Firefox/90.0"
80.123.225.38 - - [05/Aug/2021:09:28:46 +0200] "GET /loadthumbnail.php?id=10919466&width=50&height=50 HTTP/1.1" 200 762 "http://renault.2web.at/10260280?dir=DESC&mode=grid&order=name&limit=15&page=4" "Mozilla/5.0 (Windows NT 10.0; Win64; x64; rv:90.0) Gecko/20100101 Firefox/90.0"
80.123.225.38 - - [05/Aug/2021:09:28:46 +0200] "GET /loadthumbnail.php?id=10203651&width=50&height=50 HTTP/1.1" 200 1234 "http://renault.2web.at/10260280?dir=DESC&mode=grid&order=name&limit=15&page=4" "Mozilla/5.0 (Windows NT 10.0; Win64; x64; rv:90.0) Gecko/20100101 Firefox/90.0"
80.123.225.38 - - [05/Aug/2021:09:28:46 +0200] "GET /loadthumbnail.php?id=12333874&width=50&height=50 HTTP/1.1" 200 993 "http://renault.2web.at/10260280?dir=DESC&mode=grid&order=name&limit=15&page=4" "Mozilla/5.0 (Windows NT 10.0; Win64; x64; rv:90.0) Gecko/20100101 Firefox/90.0"
80.123.225.38 - - [05/Aug/2021:09:28:46 +0200] "GET /loadthumbnail.php?id=12198629&width=50&height=50 HTTP/1.1" 200 975 "http://renault.2web.at/10260280?dir=DESC&mode=grid&order=name&limit=15&page=4" "Mozilla/5.0 (Windows NT 10.0; Win64; x64; rv:90.0) Gecko/20100101 Firefox/90.0"
80.123.225.38 - - [05/Aug/2021:09:28:46 +0200] "GET /loadthumbnail.php?id=12333878&width=50&height=50 HTTP/1.1" 200 1005 "http://renault.2web.at/10260280?dir=DESC&mode=grid&order=name&limit=15&page=4" "Mozilla/5.0 (Windows NT 10.0; Win64; x64; rv:90.0) Gecko/20100101 Firefox/90.0"
80.123.225.38 - - [05/Aug/2021:09:28:47 +0200] "GET /loadthumbnail.php?id=12255325&width=50&height=50 HTTP/1.1" 200 1029 "http://renault.2web.at/10260280?dir=DESC&mode=grid&order=name&limit=15&page=4" "Mozilla/5.0 (Windows NT 10.0; Win64; x64; rv:90.0) Gecko/20100101 Firefox/90.0"
80.123.225.38 - - [05/Aug/2021:09:28:47 +0200] "GET /loadthumbnail.php?id=10203276 HTTP/1.1" 200 75 "http://renault.2web.at/10260280?dir=DESC&mode=grid&order=name&limit=15&page=4" "Mozilla/5.0 (Windows NT 10.0; Win64; x64; rv:90.0) Gecko/20100101 Firefox/90.0"
80.123.225.38 - - [05/Aug/2021:09:28:47 +0200] "GET /loadthumbnail.php?id=10203255 HTTP/1.1" 200 137 "http://renault.2web.at/10260280?dir=DESC&mode=grid&order=name&limit=15&page=4" "Mozilla/5.0 (Windows NT 10.0; Win64; x64; rv:90.0) Gecko/20100101 Firefox/90.0"
80.123.225.38 - - [05/Aug/2021:09:28:47 +0200] "GET /loadthumbnail.php?id=10203650&width=113 HTTP/1.1" 200 2741 "http://renault.2web.at/10260280?dir=DESC&mode=grid&order=name&limit=15&page=4" "Mozilla/5.0 (Windows NT 10.0; Win64; x64; rv:90.0) Gecko/20100101 Firefox/90.0"
80.123.225.38 - - [05/Aug/2021:09:28:47 +0200] "GET /loadthumbnail.php?id=11127982 HTTP/1.1" 200 399614 "http://renault.2web.at/10260280?dir=DESC&mode=grid&order=name&limit=15&page=4" "Mozilla/5.0 (Windows NT 10.0; Win64; x64; rv:90.0) Gecko/20100101 Firefox/90.0"
193.194.132.21 - - [05/Aug/2021:09:28:51 +0200] "GET /reload?ser=1628148531506 HTTP/1.1" 200 28 "http://renault.2web.at/account" "Mozilla/5.0 (Windows NT 10.0; Win64; x64) AppleWebKit/537.36 (KHTML, like Gecko) Chrome/92.0.4515.107 Safari/537.36"
193.194.132.23 - - [05/Aug/2021:09:29:00 +0200] "GET /reload?ser=1628148540177 HTTP/1.1" 200 28 "http://renault.2web.at/12438662" "Mozilla/5.0 (Windows NT 10.0; Win64; x64) AppleWebKit/537.36 (KHTML, like Gecko) Chrome/92.0.4515.131 Safari/537.36"
91.113.165.162 - - [05/Aug/2021:09:29:05 +0200] "GET /reload?ser=1628148545407 HTTP/1.1" 200 1234 "http://renault.activities.at/result?searchterm=true&search=arkana" "Mozilla/5.0 (Windows NT 10.0; Win64; x64) AppleWebKit/537.36 (KHTML, like Gecko) Chrome/92.0.4515.107 Safari/537.36"
80.120.5.131 - - [05/Aug/2021:09:29:12 +0200] "GET /reload?ser=1628148552147 HTTP/1.1" 200 28 "http://renault.activities.at/" "Mozilla/5.0 (Windows NT 10.0; Win64; x64) AppleWebKit/537.36 (KHTML, like Gecko) Chrome/92.0.4515.131 Safari/537.36"
193.194.132.21 - - [05/Aug/2021:09:29:53 +0200] "GET /reload?ser=1628148593506 HTTP/1.1" 200 28 "http://renault.2web.at/account" "Mozilla/5.0 (Windows NT 10.0; Win64; x64) AppleWebKit/537.36 (KHTML, like Gecko) Chrome/92.0.4515.107 Safari/537.36"
193.194.132.23 - - [05/Aug/2021:09:30:02 +0200] "GET /reload?ser=1628148602178 HTTP/1.1" 200 28 "http://renault.2web.at/12438662" "Mozilla/5.0 (Windows NT 10.0; Win64; x64) AppleWebKit/537.36 (KHTML, like Gecko) Chrome/92.0.4515.131 Safari/537.36"
91.113.165.162 - - [05/Aug/2021:09:30:06 +0200] "GET /reload?ser=1628148606403 HTTP/1.1" 200 1230 "http://renault.activities.at/result?searchterm=true&search=arkana" "Mozilla/5.0 (Windows NT 10.0; Win64; x64) AppleWebKit/537.36 (KHTML, like Gecko) Chrome/92.0.4515.107 Safari/537.36"
80.120.5.131 - - [05/Aug/2021:09:30:13 +0200] "GET /reload?ser=1628148613149 HTTP/1.1" 200 28 "http://renault.activities.at/" "Mozilla/5.0 (Windows NT 10.0; Win64; x64) AppleWebKit/537.36 (KHTML, like Gecko) Chrome/92.0.4515.131 Safari/537.36"
193.194.132.21 - - [05/Aug/2021:09:30:55 +0200] "GET /reload?ser=1628148655507 HTTP/1.1" 200 28 "http://renault.2web.at/account" "Mozilla/5.0 (Windows NT 10.0; Win64; x64) AppleWebKit/537.36 (KHTML, like Gecko) Chrome/92.0.4515.107 Safari/537.36"
193.194.132.23 - - [05/Aug/2021:09:31:04 +0200] "GET /reload?ser=1628148664179 HTTP/1.1" 200 28 "http://renault.2web.at/12438662" "Mozilla/5.0 (Windows NT 10.0; Win64; x64) AppleWebKit/537.36 (KHTML, like Gecko) Chrome/92.0.4515.131 Safari/537.36"
91.113.165.162 - - [05/Aug/2021:09:31:07 +0200] "GET /reload?ser=1628148667402 HTTP/1.1" 200 1237 "http://renault.activities.at/result?searchterm=true&search=arkana" "Mozilla/5.0 (Windows NT 10.0; Win64; x64) AppleWebKit/537.36 (KHTML, like Gecko) Chrome/92.0.4515.107 Safari/537.36"
80.120.5.131 - - [05/Aug/2021:09:31:14 +0200] "GET /reload?ser=1628148674149 HTTP/1.1" 200 28 "http://renault.activities.at/" "Mozilla/5.0 (Windows NT 10.0; Win64; x64) AppleWebKit/537.36 (KHTML, like Gecko) Chrome/92.0.4515.131 Safari/537.36"
193.194.132.21 - - [05/Aug/2021:09:31:57 +0200] "GET /reload?ser=1628148717507 HTTP/1.1" 200 28 "http://renault.2web.at/account" "Mozilla/5.0 (Windows NT 10.0; Win64; x64) AppleWebKit/537.36 (KHTML, like Gecko) Chrome/92.0.4515.107 Safari/537.36"
193.194.132.23 - - [05/Aug/2021:09:32:06 +0200] "GET /reload?ser=1628148726180 HTTP/1.1" 200 28 "http://renault.2web.at/12438662" "Mozilla/5.0 (Windows NT 10.0; Win64; x64) AppleWebKit/537.36 (KHTML, like Gecko) Chrome/92.0.4515.131 Safari/537.36"
91.113.165.162 - - [05/Aug/2021:09:32:08 +0200] "GET /reload?ser=1628148728415 HTTP/1.1" 200 1234 "http://renault.activities.at/result?searchterm=true&search=arkana" "Mozilla/5.0 (Windows NT 10.0; Win64; x64) AppleWebKit/537.36 (KHTML, like Gecko) Chrome/92.0.4515.107 Safari/537.36"
80.120.5.131 - - [05/Aug/2021:09:32:15 +0200] "GET /reload?ser=1628148735146 HTTP/1.1" 200 28 "http://renault.activities.at/" "Mozilla/5.0 (Windows NT 10.0; Win64; x64) AppleWebKit/537.36 (KHTML, like Gecko) Chrome/92.0.4515.131 Safari/537.36"
193.194.132.21 - - [05/Aug/2021:09:32:59 +0200] "GET /reload?ser=1628148779507 HTTP/1.1" 200 28 "http://renault.2web.at/account" "Mozilla/5.0 (Windows NT 10.0; Win64; x64) AppleWebKit/537.36 (KHTML, like Gecko) Chrome/92.0.4515.107 Safari/537.36"
193.194.132.23 - - [05/Aug/2021:09:33:08 +0200] "GET /reload?ser=1628148788180 HTTP/1.1" 200 28 "http://renault.2web.at/12438662" "Mozilla/5.0 (Windows NT 10.0; Win64; x64) AppleWebKit/537.36 (KHTML, like Gecko) Chrome/92.0.4515.131 Safari/537.36"
91.113.165.162 - - [05/Aug/2021:09:33:09 +0200] "GET /reload?ser=1628148789417 HTTP/1.1" 200 1238 "http://renault.activities.at/result?searchterm=true&search=arkana" "Mozilla/5.0 (Windows NT 10.0; Win64; x64) AppleWebKit/537.36 (KHTML, like Gecko) Chrome/92.0.4515.107 Safari/537.36"
80.120.5.131 - - [05/Aug/2021:09:33:16 +0200] "GET /reload?ser=1628148796144 HTTP/1.1" 200 28 "http://renault.activities.at/" "Mozilla/5.0 (Windows NT 10.0; Win64; x64) AppleWebKit/537.36 (KHTML, like Gecko) Chrome/92.0.4515.131 Safari/537.36"
193.194.132.21 - - [05/Aug/2021:09:34:00 +0200] "GET /reload?ser=1628148840506 HTTP/1.1" 200 28 "http://renault.2web.at/account" "Mozilla/5.0 (Windows NT 10.0; Win64; x64) AppleWebKit/537.36 (KHTML, like Gecko) Chrome/92.0.4515.107 Safari/537.36"
91.113.165.162 - - [05/Aug/2021:09:34:10 +0200] "GET /reload?ser=1628148850408 HTTP/1.1" 200 1233 "http://renault.activities.at/result?searchterm=true&search=arkana" "Mozilla/5.0 (Windows NT 10.0; Win64; x64) AppleWebKit/537.36 (KHTML, like Gecko) Chrome/92.0.4515.107 Safari/537.36"
193.194.132.23 - - [05/Aug/2021:09:34:10 +0200] "GET /reload?ser=1628148850181 HTTP/1.1" 200 28 "http://renault.2web.at/12438662" "Mozilla/5.0 (Windows NT 10.0; Win64; x64) AppleWebKit/537.36 (KHTML, like Gecko) Chrome/92.0.4515.131 Safari/537.36"
80.120.5.131 - - [05/Aug/2021:09:34:17 +0200] "GET /reload?ser=1628148857142 HTTP/1.1" 200 28 "http://renault.activities.at/" "Mozilla/5.0 (Windows NT 10.0; Win64; x64) AppleWebKit/537.36 (KHTML, like Gecko) Chrome/92.0.4515.131 Safari/537.36"
193.194.132.21 - - [05/Aug/2021:09:35:02 +0200] "GET /reload?ser=1628148902507 HTTP/1.1" 200 28 "http://renault.2web.at/account" "Mozilla/5.0 (Windows NT 10.0; Win64; x64) AppleWebKit/537.36 (KHTML, like Gecko) Chrome/92.0.4515.107 Safari/537.36"
91.113.165.162 - - [05/Aug/2021:09:35:11 +0200] "GET /reload?ser=1628148911406 HTTP/1.1" 200 1238 "http://renault.activities.at/result?searchterm=true&search=arkana" "Mozilla/5.0 (Windows NT 10.0; Win64; x64) AppleWebKit/537.36 (KHTML, like Gecko) Chrome/92.0.4515.107 Safari/537.36"
193.194.132.23 - - [05/Aug/2021:09:35:12 +0200] "GET /reload?ser=1628148912182 HTTP/1.1" 200 28 "http://renault.2web.at/12438662" "Mozilla/5.0 (Windows NT 10.0; Win64; x64) AppleWebKit/537.36 (KHTML, like Gecko) Chrome/92.0.4515.131 Safari/537.36"
80.120.5.131 - - [05/Aug/2021:09:35:18 +0200] "GET /reload?ser=1628148918147 HTTP/1.1" 200 28 "http://renault.activities.at/" "Mozilla/5.0 (Windows NT 10.0; Win64; x64) AppleWebKit/537.36 (KHTML, like Gecko) Chrome/92.0.4515.131 Safari/537.36"
193.194.132.21 - - [05/Aug/2021:09:36:04 +0200] "GET /reload?ser=1628148964507 HTTP/1.1" 200 28 "http://renault.2web.at/account" "Mozilla/5.0 (Windows NT 10.0; Win64; x64) AppleWebKit/537.36 (KHTML, like Gecko) Chrome/92.0.4515.107 Safari/537.36"
91.113.165.162 - - [05/Aug/2021:09:36:12 +0200] "GET /reload?ser=1628148972403 HTTP/1.1" 200 1233 "http://renault.activities.at/result?searchterm=true&search=arkana" "Mozilla/5.0 (Windows NT 10.0; Win64; x64) AppleWebKit/537.36 (KHTML, like Gecko) Chrome/92.0.4515.107 Safari/537.36"
193.194.132.23 - - [05/Aug/2021:09:36:14 +0200] "GET /reload?ser=1628148974186 HTTP/1.1" 200 28 "http://renault.2web.at/12438662" "Mozilla/5.0 (Windows NT 10.0; Win64; x64) AppleWebKit/537.36 (KHTML, like Gecko) Chrome/92.0.4515.131 Safari/537.36"
80.120.5.131 - - [05/Aug/2021:09:36:19 +0200] "GET /reload?ser=1628148979143 HTTP/1.1" 200 28 "http://renault.activities.at/" "Mozilla/5.0 (Windows NT 10.0; Win64; x64) AppleWebKit/537.36 (KHTML, like Gecko) Chrome/92.0.4515.131 Safari/537.36"
193.194.132.21 - - [05/Aug/2021:09:37:06 +0200] "GET /reload?ser=1628149026507 HTTP/1.1" 200 28 "http://renault.2web.at/account" "Mozilla/5.0 (Windows NT 10.0; Win64; x64) AppleWebKit/537.36 (KHTML, like Gecko) Chrome/92.0.4515.107 Safari/537.36"
91.113.165.162 - - [05/Aug/2021:09:37:13 +0200] "GET /reload?ser=1628149033429 HTTP/1.1" 200 1230 "http://renault.activities.at/result?searchterm=true&search=arkana" "Mozilla/5.0 (Windows NT 10.0; Win64; x64) AppleWebKit/537.36 (KHTML, like Gecko) Chrome/92.0.4515.107 Safari/537.36"
193.194.132.23 - - [05/Aug/2021:09:37:16 +0200] "GET /reload?ser=1628149036190 HTTP/1.1" 200 28 "http://renault.2web.at/12438662" "Mozilla/5.0 (Windows NT 10.0; Win64; x64) AppleWebKit/537.36 (KHTML, like Gecko) Chrome/92.0.4515.131 Safari/537.36"
80.120.5.131 - - [05/Aug/2021:09:37:20 +0200] "GET /reload?ser=1628149040139 HTTP/1.1" 200 28 "http://renault.activities.at/" "Mozilla/5.0 (Windows NT 10.0; Win64; x64) AppleWebKit/537.36 (KHTML, like Gecko) Chrome/92.0.4515.131 Safari/537.36"
193.194.132.21 - - [05/Aug/2021:09:38:07 +0200] "GET /reload?ser=1628149087507 HTTP/1.1" 200 28 "http://renault.2web.at/account" "Mozilla/5.0 (Windows NT 10.0; Win64; x64) AppleWebKit/537.36 (KHTML, like Gecko) Chrome/92.0.4515.107 Safari/537.36"
91.113.165.162 - - [05/Aug/2021:09:38:14 +0200] "GET /reload?ser=1628149094413 HTTP/1.1" 200 1232 "http://renault.activities.at/result?searchterm=true&search=arkana" "Mozilla/5.0 (Windows NT 10.0; Win64; x64) AppleWebKit/537.36 (KHTML, like Gecko) Chrome/92.0.4515.107 Safari/537.36"
193.194.132.23 - - [05/Aug/2021:09:38:18 +0200] "GET /reload?ser=1628149098194 HTTP/1.1" 200 28 "http://renault.2web.at/12438662" "Mozilla/5.0 (Windows NT 10.0; Win64; x64) AppleWebKit/537.36 (KHTML, like Gecko) Chrome/92.0.4515.131 Safari/537.36"
80.120.5.131 - - [05/Aug/2021:09:38:21 +0200] "GET /reload?ser=1628149101143 HTTP/1.1" 200 28 "http://renault.activities.at/" "Mozilla/5.0 (Windows NT 10.0; Win64; x64) AppleWebKit/537.36 (KHTML, like Gecko) Chrome/92.0.4515.131 Safari/537.36"
193.194.132.21 - - [05/Aug/2021:09:39:09 +0200] "GET /reload?ser=1628149149507 HTTP/1.1" 200 28 "http://renault.2web.at/account" "Mozilla/5.0 (Windows NT 10.0; Win64; x64) AppleWebKit/537.36 (KHTML, like Gecko) Chrome/92.0.4515.107 Safari/537.36"
91.113.165.162 - - [05/Aug/2021:09:39:15 +0200] "GET /reload?ser=1628149155409 HTTP/1.1" 200 1234 "http://renault.activities.at/result?searchterm=true&search=arkana" "Mozilla/5.0 (Windows NT 10.0; Win64; x64) AppleWebKit/537.36 (KHTML, like Gecko) Chrome/92.0.4515.107 Safari/537.36"
193.194.132.23 - - [05/Aug/2021:09:39:20 +0200] "GET /reload?ser=1628149160198 HTTP/1.1" 200 28 "http://renault.2web.at/12438662" "Mozilla/5.0 (Windows NT 10.0; Win64; x64) AppleWebKit/537.36 (KHTML, like Gecko) Chrome/92.0.4515.131 Safari/537.36"
80.120.5.131 - - [05/Aug/2021:09:39:22 +0200] "GET /reload?ser=1628149162147 HTTP/1.1" 200 28 "http://renault.activities.at/" "Mozilla/5.0 (Windows NT 10.0; Win64; x64) AppleWebKit/537.36 (KHTML, like Gecko) Chrome/92.0.4515.131 Safari/537.36"
80.120.210.179 - - [05/Aug/2021:09:40:03 +0200] "GET /login HTTP/1.1" 200 2085 "-" "Mozilla/5.0 (Windows NT 10.0; Win64; x64) AppleWebKit/537.36 (KHTML, like Gecko) Chrome/92.0.4515.131 Safari/537.36"
80.120.210.179 - - [05/Aug/2021:09:40:04 +0200] "GET /loadthumbnail.php?id=11127982 HTTP/1.1" 200 399614 "http://renault.activities.at/login" "Mozilla/5.0 (Windows NT 10.0; Win64; x64) AppleWebKit/537.36 (KHTML, like Gecko) Chrome/92.0.4515.131 Safari/537.36"
80.120.210.179 - - [05/Aug/2021:09:40:05 +0200] "GET /images/favicon.ico HTTP/1.1" 404 305 "http://renault.activities.at/login" "Mozilla/5.0 (Windows NT 10.0; Win64; x64) AppleWebKit/537.36 (KHTML, like Gecko) Chrome/92.0.4515.131 Safari/537.36"
193.194.132.21 - - [05/Aug/2021:09:40:11 +0200] "GET /reload?ser=1628149211506 HTTP/1.1" 200 28 "http://renault.2web.at/account" "Mozilla/5.0 (Windows NT 10.0; Win64; x64) AppleWebKit/537.36 (KHTML, like Gecko) Chrome/92.0.4515.107 Safari/537.36"
91.113.165.162 - - [05/Aug/2021:09:40:16 +0200] "GET /reload?ser=1628149216404 HTTP/1.1" 200 1239 "http://renault.activities.at/result?searchterm=true&search=arkana" "Mozilla/5.0 (Windows NT 10.0; Win64; x64) AppleWebKit/537.36 (KHTML, like Gecko) Chrome/92.0.4515.107 Safari/537.36"
193.194.132.23 - - [05/Aug/2021:09:40:22 +0200] "GET /reload?ser=1628149222200 HTTP/1.1" 200 28 "http://renault.2web.at/12438662" "Mozilla/5.0 (Windows NT 10.0; Win64; x64) AppleWebKit/537.36 (KHTML, like Gecko) Chrome/92.0.4515.131 Safari/537.36"
80.120.5.131 - - [05/Aug/2021:09:40:23 +0200] "GET /reload?ser=1628149223149 HTTP/1.1" 200 28 "http://renault.activities.at/" "Mozilla/5.0 (Windows NT 10.0; Win64; x64) AppleWebKit/537.36 (KHTML, like Gecko) Chrome/92.0.4515.131 Safari/537.36"
80.120.210.179 - - [05/Aug/2021:09:40:29 +0200] "POST /login HTTP/1.1" 302 140 "http://renault.activities.at/login" "Mozilla/5.0 (Windows NT 10.0; Win64; x64) AppleWebKit/537.36 (KHTML, like Gecko) Chrome/92.0.4515.131 Safari/537.36"
80.120.210.179 - - [05/Aug/2021:09:40:30 +0200] "GET /account HTTP/1.1" 200 5875 "http://renault.activities.at/login" "Mozilla/5.0 (Windows NT 10.0; Win64; x64) AppleWebKit/537.36 (KHTML, like Gecko) Chrome/92.0.4515.131 Safari/537.36"
80.120.210.179 - - [05/Aug/2021:09:40:33 +0200] "GET /loadthumbnail.php?id=12243596&width=50&height=50 HTTP/1.1" 200 1200 "http://renault.activities.at/account" "Mozilla/5.0 (Windows NT 10.0; Win64; x64) AppleWebKit/537.36 (KHTML, like Gecko) Chrome/92.0.4515.131 Safari/537.36"
193.194.132.21 - - [05/Aug/2021:09:41:13 +0200] "GET /reload?ser=1628149273506 HTTP/1.1" 200 28 "http://renault.2web.at/account" "Mozilla/5.0 (Windows NT 10.0; Win64; x64) AppleWebKit/537.36 (KHTML, like Gecko) Chrome/92.0.4515.107 Safari/537.36"
91.113.165.162 - - [05/Aug/2021:09:41:17 +0200] "GET /reload?ser=1628149277404 HTTP/1.1" 200 1237 "http://renault.activities.at/result?searchterm=true&search=arkana" "Mozilla/5.0 (Windows NT 10.0; Win64; x64) AppleWebKit/537.36 (KHTML, like Gecko) Chrome/92.0.4515.107 Safari/537.36"
80.120.5.131 - - [05/Aug/2021:09:41:24 +0200] "GET /reload?ser=1628149284142 HTTP/1.1" 200 28 "http://renault.activities.at/" "Mozilla/5.0 (Windows NT 10.0; Win64; x64) AppleWebKit/537.36 (KHTML, like Gecko) Chrome/92.0.4515.131 Safari/537.36"
193.194.132.23 - - [05/Aug/2021:09:41:24 +0200] "GET /reload?ser=1628149284202 HTTP/1.1" 200 28 "http://renault.2web.at/12438662" "Mozilla/5.0 (Windows NT 10.0; Win64; x64) AppleWebKit/537.36 (KHTML, like Gecko) Chrome/92.0.4515.131 Safari/537.36"
80.120.210.179 - - [05/Aug/2021:09:41:34 +0200] "GET /reload?ser=1628149293464 HTTP/1.1" 200 28 "http://renault.activities.at/account" "Mozilla/5.0 (Windows NT 10.0; Win64; x64) AppleWebKit/537.36 (KHTML, like Gecko) Chrome/92.0.4515.131 Safari/537.36"
193.194.132.21 - - [05/Aug/2021:09:42:14 +0200] "GET /reload?ser=1628149334506 HTTP/1.1" 200 28 "http://renault.2web.at/account" "Mozilla/5.0 (Windows NT 10.0; Win64; x64) AppleWebKit/537.36 (KHTML, like Gecko) Chrome/92.0.4515.107 Safari/537.36"
91.113.165.162 - - [05/Aug/2021:09:42:18 +0200] "GET /reload?ser=1628149338411 HTTP/1.1" 200 1232 "http://renault.activities.at/result?searchterm=true&search=arkana" "Mozilla/5.0 (Windows NT 10.0; Win64; x64) AppleWebKit/537.36 (KHTML, like Gecko) Chrome/92.0.4515.107 Safari/537.36"
80.120.5.131 - - [05/Aug/2021:09:42:25 +0200] "GET /reload?ser=1628149345137 HTTP/1.1" 200 28 "http://renault.activities.at/" "Mozilla/5.0 (Windows NT 10.0; Win64; x64) AppleWebKit/537.36 (KHTML, like Gecko) Chrome/92.0.4515.131 Safari/537.36"
193.194.132.23 - - [05/Aug/2021:09:42:26 +0200] "GET /reload?ser=1628149346203 HTTP/1.1" 200 28 "http://renault.2web.at/12438662" "Mozilla/5.0 (Windows NT 10.0; Win64; x64) AppleWebKit/537.36 (KHTML, like Gecko) Chrome/92.0.4515.131 Safari/537.36"
80.120.210.179 - - [05/Aug/2021:09:42:35 +0200] "GET /reload?ser=1628149354462 HTTP/1.1" 200 28 "http://renault.activities.at/account" "Mozilla/5.0 (Windows NT 10.0; Win64; x64) AppleWebKit/537.36 (KHTML, like Gecko) Chrome/92.0.4515.131 Safari/537.36"
193.194.132.21 - - [05/Aug/2021:09:43:16 +0200] "GET /reload?ser=1628149396505 HTTP/1.1" 200 28 "http://renault.2web.at/account" "Mozilla/5.0 (Windows NT 10.0; Win64; x64) AppleWebKit/537.36 (KHTML, like Gecko) Chrome/92.0.4515.107 Safari/537.36"
91.113.165.162 - - [05/Aug/2021:09:43:19 +0200] "GET /reload?ser=1628149399412 HTTP/1.1" 200 1253 "http://renault.activities.at/result?searchterm=true&search=arkana" "Mozilla/5.0 (Windows NT 10.0; Win64; x64) AppleWebKit/537.36 (KHTML, like Gecko) Chrome/92.0.4515.107 Safari/537.36"
80.120.5.131 - - [05/Aug/2021:09:43:26 +0200] "GET /reload?ser=1628149406150 HTTP/1.1" 200 28 "http://renault.activities.at/" "Mozilla/5.0 (Windows NT 10.0; Win64; x64) AppleWebKit/537.36 (KHTML, like Gecko) Chrome/92.0.4515.131 Safari/537.36"
193.194.132.23 - - [05/Aug/2021:09:43:28 +0200] "GET /reload?ser=1628149408205 HTTP/1.1" 200 28 "http://renault.2web.at/12438662" "Mozilla/5.0 (Windows NT 10.0; Win64; x64) AppleWebKit/537.36 (KHTML, like Gecko) Chrome/92.0.4515.131 Safari/537.36"
80.120.210.179 - - [05/Aug/2021:09:43:36 +0200] "GET /reload?ser=1628149415462 HTTP/1.1" 200 28 "http://renault.activities.at/account" "Mozilla/5.0 (Windows NT 10.0; Win64; x64) AppleWebKit/537.36 (KHTML, like Gecko) Chrome/92.0.4515.131 Safari/537.36"
193.194.132.21 - - [05/Aug/2021:09:44:18 +0200] "GET /reload?ser=1628149458506 HTTP/1.1" 200 28 "http://renault.2web.at/account" "Mozilla/5.0 (Windows NT 10.0; Win64; x64) AppleWebKit/537.36 (KHTML, like Gecko) Chrome/92.0.4515.107 Safari/537.36"
91.113.165.162 - - [05/Aug/2021:09:44:20 +0200] "GET /reload?ser=1628149460407 HTTP/1.1" 200 1234 "http://renault.activities.at/result?searchterm=true&search=arkana" "Mozilla/5.0 (Windows NT 10.0; Win64; x64) AppleWebKit/537.36 (KHTML, like Gecko) Chrome/92.0.4515.107 Safari/537.36"
80.120.5.131 - - [05/Aug/2021:09:44:27 +0200] "GET /reload?ser=1628149467145 HTTP/1.1" 200 28 "http://renault.activities.at/" "Mozilla/5.0 (Windows NT 10.0; Win64; x64) AppleWebKit/537.36 (KHTML, like Gecko) Chrome/92.0.4515.131 Safari/537.36"
193.194.132.23 - - [05/Aug/2021:09:44:30 +0200] "GET /reload?ser=1628149470207 HTTP/1.1" 200 28 "http://renault.2web.at/12438662" "Mozilla/5.0 (Windows NT 10.0; Win64; x64) AppleWebKit/537.36 (KHTML, like Gecko) Chrome/92.0.4515.131 Safari/537.36"
80.120.210.179 - - [05/Aug/2021:09:44:37 +0200] "GET /reload?ser=1628149476476 HTTP/1.1" 200 28 "http://renault.activities.at/account" "Mozilla/5.0 (Windows NT 10.0; Win64; x64) AppleWebKit/537.36 (KHTML, like Gecko) Chrome/92.0.4515.131 Safari/537.36"
193.194.132.21 - - [05/Aug/2021:09:45:20 +0200] "GET /reload?ser=1628149520505 HTTP/1.1" 200 28 "http://renault.2web.at/account" "Mozilla/5.0 (Windows NT 10.0; Win64; x64) AppleWebKit/537.36 (KHTML, like Gecko) Chrome/92.0.4515.107 Safari/537.36"
91.113.165.162 - - [05/Aug/2021:09:45:21 +0200] "GET /reload?ser=1628149521407 HTTP/1.1" 200 1229 "http://renault.activities.at/result?searchterm=true&search=arkana" "Mozilla/5.0 (Windows NT 10.0; Win64; x64) AppleWebKit/537.36 (KHTML, like Gecko) Chrome/92.0.4515.107 Safari/537.36"
80.120.5.131 - - [05/Aug/2021:09:45:28 +0200] "GET /reload?ser=1628149528143 HTTP/1.1" 200 28 "http://renault.activities.at/" "Mozilla/5.0 (Windows NT 10.0; Win64; x64) AppleWebKit/537.36 (KHTML, like Gecko) Chrome/92.0.4515.131 Safari/537.36"
193.194.132.23 - - [05/Aug/2021:09:45:32 +0200] "GET /reload?ser=1628149532208 HTTP/1.1" 200 28 "http://renault.2web.at/12438662" "Mozilla/5.0 (Windows NT 10.0; Win64; x64) AppleWebKit/537.36 (KHTML, like Gecko) Chrome/92.0.4515.131 Safari/537.36"
80.120.210.179 - - [05/Aug/2021:09:45:38 +0200] "GET /reload?ser=1628149537477 HTTP/1.1" 200 28 "http://renault.activities.at/account" "Mozilla/5.0 (Windows NT 10.0; Win64; x64) AppleWebKit/537.36 (KHTML, like Gecko) Chrome/92.0.4515.131 Safari/537.36"
91.113.165.162 - - [05/Aug/2021:09:46:22 +0200] "GET /reload?ser=1628149582420 HTTP/1.1" 200 1246 "http://renault.activities.at/result?searchterm=true&search=arkana" "Mozilla/5.0 (Windows NT 10.0; Win64; x64) AppleWebKit/537.36 (KHTML, like Gecko) Chrome/92.0.4515.107 Safari/537.36"
193.194.132.21 - - [05/Aug/2021:09:46:22 +0200] "GET /reload?ser=1628149582506 HTTP/1.1" 200 28 "http://renault.2web.at/account" "Mozilla/5.0 (Windows NT 10.0; Win64; x64) AppleWebKit/537.36 (KHTML, like Gecko) Chrome/92.0.4515.107 Safari/537.36"
80.120.5.131 - - [05/Aug/2021:09:46:29 +0200] "GET /reload?ser=1628149589141 HTTP/1.1" 200 28 "http://renault.activities.at/" "Mozilla/5.0 (Windows NT 10.0; Win64; x64) AppleWebKit/537.36 (KHTML, like Gecko) Chrome/92.0.4515.131 Safari/537.36"
193.194.132.23 - - [05/Aug/2021:09:46:34 +0200] "GET /reload?ser=1628149594209 HTTP/1.1" 200 28 "http://renault.2web.at/12438662" "Mozilla/5.0 (Windows NT 10.0; Win64; x64) AppleWebKit/537.36 (KHTML, like Gecko) Chrome/92.0.4515.131 Safari/537.36"
80.120.210.179 - - [05/Aug/2021:09:46:39 +0200] "GET /reload?ser=1628149598475 HTTP/1.1" 200 28 "http://renault.activities.at/account" "Mozilla/5.0 (Windows NT 10.0; Win64; x64) AppleWebKit/537.36 (KHTML, like Gecko) Chrome/92.0.4515.131 Safari/537.36"
91.113.165.162 - - [05/Aug/2021:09:47:23 +0200] "GET /reload?ser=1628149643407 HTTP/1.1" 200 1238 "http://renault.activities.at/result?searchterm=true&search=arkana" "Mozilla/5.0 (Windows NT 10.0; Win64; x64) AppleWebKit/537.36 (KHTML, like Gecko) Chrome/92.0.4515.107 Safari/537.36"
193.194.132.21 - - [05/Aug/2021:09:47:24 +0200] "GET /reload?ser=1628149644505 HTTP/1.1" 200 28 "http://renault.2web.at/account" "Mozilla/5.0 (Windows NT 10.0; Win64; x64) AppleWebKit/537.36 (KHTML, like Gecko) Chrome/92.0.4515.107 Safari/537.36"
80.120.5.131 - - [05/Aug/2021:09:47:30 +0200] "GET /reload?ser=1628149650139 HTTP/1.1" 200 28 "http://renault.activities.at/" "Mozilla/5.0 (Windows NT 10.0; Win64; x64) AppleWebKit/537.36 (KHTML, like Gecko) Chrome/92.0.4515.131 Safari/537.36"
193.194.132.23 - - [05/Aug/2021:09:47:36 +0200] "GET /reload?ser=1628149656210 HTTP/1.1" 200 28 "http://renault.2web.at/12438662" "Mozilla/5.0 (Windows NT 10.0; Win64; x64) AppleWebKit/537.36 (KHTML, like Gecko) Chrome/92.0.4515.131 Safari/537.36"
80.120.210.179 - - [05/Aug/2021:09:47:40 +0200] "GET /reload?ser=1628149659473 HTTP/1.1" 200 28 "http://renault.activities.at/account" "Mozilla/5.0 (Windows NT 10.0; Win64; x64) AppleWebKit/537.36 (KHTML, like Gecko) Chrome/92.0.4515.131 Safari/537.36"
91.113.165.162 - - [05/Aug/2021:09:48:24 +0200] "GET /reload?ser=1628149704415 HTTP/1.1" 200 1232 "http://renault.activities.at/result?searchterm=true&search=arkana" "Mozilla/5.0 (Windows NT 10.0; Win64; x64) AppleWebKit/537.36 (KHTML, like Gecko) Chrome/92.0.4515.107 Safari/537.36"
193.194.132.21 - - [05/Aug/2021:09:48:26 +0200] "GET /reload?ser=1628149706506 HTTP/1.1" 200 28 "http://renault.2web.at/account" "Mozilla/5.0 (Windows NT 10.0; Win64; x64) AppleWebKit/537.36 (KHTML, like Gecko) Chrome/92.0.4515.107 Safari/537.36"
80.120.5.131 - - [05/Aug/2021:09:48:31 +0200] "GET /reload?ser=1628149711141 HTTP/1.1" 200 28 "http://renault.activities.at/" "Mozilla/5.0 (Windows NT 10.0; Win64; x64) AppleWebKit/537.36 (KHTML, like Gecko) Chrome/92.0.4515.131 Safari/537.36"
193.194.132.23 - - [05/Aug/2021:09:48:38 +0200] "GET /reload?ser=1628149718263 HTTP/1.1" 200 28 "http://renault.2web.at/12438662" "Mozilla/5.0 (Windows NT 10.0; Win64; x64) AppleWebKit/537.36 (KHTML, like Gecko) Chrome/92.0.4515.131 Safari/537.36"
80.120.210.179 - - [05/Aug/2021:09:48:41 +0200] "GET /reload?ser=1628149720472 HTTP/1.1" 200 28 "http://renault.activities.at/account" "Mozilla/5.0 (Windows NT 10.0; Win64; x64) AppleWebKit/537.36 (KHTML, like Gecko) Chrome/92.0.4515.131 Safari/537.36"
91.113.165.162 - - [05/Aug/2021:09:49:25 +0200] "GET /reload?ser=1628149765412 HTTP/1.1" 200 1238 "http://renault.activities.at/result?searchterm=true&search=arkana" "Mozilla/5.0 (Windows NT 10.0; Win64; x64) AppleWebKit/537.36 (KHTML, like Gecko) Chrome/92.0.4515.107 Safari/537.36"
193.194.132.21 - - [05/Aug/2021:09:49:28 +0200] "GET /reload?ser=1628149768505 HTTP/1.1" 200 28 "http://renault.2web.at/account" "Mozilla/5.0 (Windows NT 10.0; Win64; x64) AppleWebKit/537.36 (KHTML, like Gecko) Chrome/92.0.4515.107 Safari/537.36"
80.120.5.131 - - [05/Aug/2021:09:49:32 +0200] "GET /reload?ser=1628149772148 HTTP/1.1" 200 28 "http://renault.activities.at/" "Mozilla/5.0 (Windows NT 10.0; Win64; x64) AppleWebKit/537.36 (KHTML, like Gecko) Chrome/92.0.4515.131 Safari/537.36"
193.194.132.23 - - [05/Aug/2021:09:49:40 +0200] "GET /reload?ser=1628149780212 HTTP/1.1" 200 28 "http://renault.2web.at/12438662" "Mozilla/5.0 (Windows NT 10.0; Win64; x64) AppleWebKit/537.36 (KHTML, like Gecko) Chrome/92.0.4515.131 Safari/537.36"
80.120.210.179 - - [05/Aug/2021:09:49:42 +0200] "GET /reload?ser=1628149781472 HTTP/1.1" 200 28 "http://renault.activities.at/account" "Mozilla/5.0 (Windows NT 10.0; Win64; x64) AppleWebKit/537.36 (KHTML, like Gecko) Chrome/92.0.4515.131 Safari/537.36"
91.113.165.162 - - [05/Aug/2021:09:50:26 +0200] "GET /reload?ser=1628149826417 HTTP/1.1" 200 1237 "http://renault.activities.at/result?searchterm=true&search=arkana" "Mozilla/5.0 (Windows NT 10.0; Win64; x64) AppleWebKit/537.36 (KHTML, like Gecko) Chrome/92.0.4515.107 Safari/537.36"
193.194.132.21 - - [05/Aug/2021:09:50:30 +0200] "GET /reload?ser=1628149830505 HTTP/1.1" 200 28 "http://renault.2web.at/account" "Mozilla/5.0 (Windows NT 10.0; Win64; x64) AppleWebKit/537.36 (KHTML, like Gecko) Chrome/92.0.4515.107 Safari/537.36"
80.120.5.131 - - [05/Aug/2021:09:50:33 +0200] "GET /reload?ser=1628149833139 HTTP/1.1" 200 28 "http://renault.activities.at/" "Mozilla/5.0 (Windows NT 10.0; Win64; x64) AppleWebKit/537.36 (KHTML, like Gecko) Chrome/92.0.4515.131 Safari/537.36"
193.194.132.23 - - [05/Aug/2021:09:50:42 +0200] "GET /reload?ser=1628149842212 HTTP/1.1" 200 28 "http://renault.2web.at/12438662" "Mozilla/5.0 (Windows NT 10.0; Win64; x64) AppleWebKit/537.36 (KHTML, like Gecko) Chrome/92.0.4515.131 Safari/537.36"
80.120.210.179 - - [05/Aug/2021:09:50:43 +0200] "GET /reload?ser=1628149842470 HTTP/1.1" 200 28 "http://renault.activities.at/account" "Mozilla/5.0 (Windows NT 10.0; Win64; x64) AppleWebKit/537.36 (KHTML, like Gecko) Chrome/92.0.4515.131 Safari/537.36"
91.113.165.162 - - [05/Aug/2021:09:51:27 +0200] "GET /reload?ser=1628149887421 HTTP/1.1" 200 1234 "http://renault.activities.at/result?searchterm=true&search=arkana" "Mozilla/5.0 (Windows NT 10.0; Win64; x64) AppleWebKit/537.36 (KHTML, like Gecko) Chrome/92.0.4515.107 Safari/537.36"
193.194.132.21 - - [05/Aug/2021:09:51:32 +0200] "GET /reload?ser=1628149892505 HTTP/1.1" 200 28 "http://renault.2web.at/account" "Mozilla/5.0 (Windows NT 10.0; Win64; x64) AppleWebKit/537.36 (KHTML, like Gecko) Chrome/92.0.4515.107 Safari/537.36"
80.120.5.131 - - [05/Aug/2021:09:51:34 +0200] "GET /reload?ser=1628149894135 HTTP/1.1" 200 28 "http://renault.activities.at/" "Mozilla/5.0 (Windows NT 10.0; Win64; x64) AppleWebKit/537.36 (KHTML, like Gecko) Chrome/92.0.4515.131 Safari/537.36"
80.120.210.179 - - [05/Aug/2021:09:51:44 +0200] "GET /reload?ser=1628149903469 HTTP/1.1" 200 28 "http://renault.activities.at/account" "Mozilla/5.0 (Windows NT 10.0; Win64; x64) AppleWebKit/537.36 (KHTML, like Gecko) Chrome/92.0.4515.131 Safari/537.36"
193.194.132.23 - - [05/Aug/2021:09:51:45 +0200] "GET /reload?ser=1628149905269 HTTP/1.1" 200 28 "http://renault.2web.at/12438662" "Mozilla/5.0 (Windows NT 10.0; Win64; x64) AppleWebKit/537.36 (KHTML, like Gecko) Chrome/92.0.4515.131 Safari/537.36"
91.113.165.162 - - [05/Aug/2021:09:52:28 +0200] "GET /reload?ser=1628149948412 HTTP/1.1" 200 1238 "http://renault.activities.at/result?searchterm=true&search=arkana" "Mozilla/5.0 (Windows NT 10.0; Win64; x64) AppleWebKit/537.36 (KHTML, like Gecko) Chrome/92.0.4515.107 Safari/537.36"
193.194.132.21 - - [05/Aug/2021:09:52:34 +0200] "GET /reload?ser=1628149954504 HTTP/1.1" 200 28 "http://renault.2web.at/account" "Mozilla/5.0 (Windows NT 10.0; Win64; x64) AppleWebKit/537.36 (KHTML, like Gecko) Chrome/92.0.4515.107 Safari/537.36"
80.120.5.131 - - [05/Aug/2021:09:52:35 +0200] "GET /reload?ser=1628149955139 HTTP/1.1" 200 28 "http://renault.activities.at/" "Mozilla/5.0 (Windows NT 10.0; Win64; x64) AppleWebKit/537.36 (KHTML, like Gecko) Chrome/92.0.4515.131 Safari/537.36"
80.120.210.179 - - [05/Aug/2021:09:52:45 +0200] "GET /reload?ser=1628149964467 HTTP/1.1" 200 28 "http://renault.activities.at/account" "Mozilla/5.0 (Windows NT 10.0; Win64; x64) AppleWebKit/537.36 (KHTML, like Gecko) Chrome/92.0.4515.131 Safari/537.36"
193.194.132.23 - - [05/Aug/2021:09:52:47 +0200] "GET /reload?ser=1628149967215 HTTP/1.1" 200 28 "http://renault.2web.at/12438662" "Mozilla/5.0 (Windows NT 10.0; Win64; x64) AppleWebKit/537.36 (KHTML, like Gecko) Chrome/92.0.4515.131 Safari/537.36"
193.194.132.21 - - [05/Aug/2021:09:53:15 +0200] "POST /axjaxrequest?mode=suggest HTTP/1.1" 200 192 "http://renault.2web.at/account" "Mozilla/5.0 (Windows NT 10.0; Win64; x64) AppleWebKit/537.36 (KHTML, like Gecko) Chrome/92.0.4515.107 Safari/537.36"
91.113.165.162 - - [05/Aug/2021:09:53:29 +0200] "GET /reload?ser=1628150009415 HTTP/1.1" 200 1232 "http://renault.activities.at/result?searchterm=true&search=arkana" "Mozilla/5.0 (Windows NT 10.0; Win64; x64) AppleWebKit/537.36 (KHTML, like Gecko) Chrome/92.0.4515.107 Safari/537.36"
193.194.132.21 - - [05/Aug/2021:09:53:26 +0200] "GET /result?searchterm=true&search=Brosch%FCre HTTP/1.1" 200 11015 "http://renault.2web.at/account" "Mozilla/5.0 (Windows NT 10.0; Win64; x64) AppleWebKit/537.36 (KHTML, like Gecko) Chrome/92.0.4515.107 Safari/537.36"
193.194.132.21 - - [05/Aug/2021:09:53:30 +0200] "GET /loadthumbnail.php?id=10203276 HTTP/1.1" 200 75 "http://renault.2web.at/result?searchterm=true&search=Brosch%FCre" "Mozilla/5.0 (Windows NT 10.0; Win64; x64) AppleWebKit/537.36 (KHTML, like Gecko) Chrome/92.0.4515.107 Safari/537.36"
193.194.132.21 - - [05/Aug/2021:09:53:30 +0200] "GET /loadthumbnail.php?id=10203255 HTTP/1.1" 200 137 "http://renault.2web.at/result?searchterm=true&search=Brosch%FCre" "Mozilla/5.0 (Windows NT 10.0; Win64; x64) AppleWebKit/537.36 (KHTML, like Gecko) Chrome/92.0.4515.107 Safari/537.36"
193.194.132.21 - - [05/Aug/2021:09:53:30 +0200] "GET /loadthumbnail.php?id=11976076&width=113 HTTP/1.1" 200 17152 "http://renault.2web.at/result?searchterm=true&search=Brosch%FCre" "Mozilla/5.0 (Windows NT 10.0; Win64; x64) AppleWebKit/537.36 (KHTML, like Gecko) Chrome/92.0.4515.107 Safari/537.36"
193.194.132.21 - - [05/Aug/2021:09:53:30 +0200] "GET /loadthumbnail.php?id=12328871&width=113 HTTP/1.1" 200 3047 "http://renault.2web.at/result?searchterm=true&search=Brosch%FCre" "Mozilla/5.0 (Windows NT 10.0; Win64; x64) AppleWebKit/537.36 (KHTML, like Gecko) Chrome/92.0.4515.107 Safari/537.36"
193.194.132.21 - - [05/Aug/2021:09:53:30 +0200] "GET /loadthumbnail.php?id=12138224&width=113 HTTP/1.1" 200 3427 "http://renault.2web.at/result?searchterm=true&search=Brosch%FCre" "Mozilla/5.0 (Windows NT 10.0; Win64; x64) AppleWebKit/537.36 (KHTML, like Gecko) Chrome/92.0.4515.107 Safari/537.36"
193.194.132.21 - - [05/Aug/2021:09:53:30 +0200] "GET /loadthumbnail.php?id=12037190&width=113 HTTP/1.1" 200 19857 "http://renault.2web.at/result?searchterm=true&search=Brosch%FCre" "Mozilla/5.0 (Windows NT 10.0; Win64; x64) AppleWebKit/537.36 (KHTML, like Gecko) Chrome/92.0.4515.107 Safari/537.36"
193.194.132.21 - - [05/Aug/2021:09:53:30 +0200] "GET /loadthumbnail.php?id=12122446&width=113 HTTP/1.1" 200 3706 "http://renault.2web.at/result?searchterm=true&search=Brosch%FCre" "Mozilla/5.0 (Windows NT 10.0; Win64; x64) AppleWebKit/537.36 (KHTML, like Gecko) Chrome/92.0.4515.107 Safari/537.36"
193.194.132.21 - - [05/Aug/2021:09:53:30 +0200] "GET /loadthumbnail.php?id=12385971&width=113 HTTP/1.1" 200 3358 "http://renault.2web.at/result?searchterm=true&search=Brosch%FCre" "Mozilla/5.0 (Windows NT 10.0; Win64; x64) AppleWebKit/537.36 (KHTML, like Gecko) Chrome/92.0.4515.107 Safari/537.36"
193.194.132.21 - - [05/Aug/2021:09:53:30 +0200] "GET /loadthumbnail.php?id=12027671&width=113 HTTP/1.1" 200 19456 "http://renault.2web.at/result?searchterm=true&search=Brosch%FCre" "Mozilla/5.0 (Windows NT 10.0; Win64; x64) AppleWebKit/537.36 (KHTML, like Gecko) Chrome/92.0.4515.107 Safari/537.36"
193.194.132.21 - - [05/Aug/2021:09:53:30 +0200] "GET /loadthumbnail.php?id=12115542&width=113 HTTP/1.1" 200 6084 "http://renault.2web.at/result?searchterm=true&search=Brosch%FCre" "Mozilla/5.0 (Windows NT 10.0; Win64; x64) AppleWebKit/537.36 (KHTML, like Gecko) Chrome/92.0.4515.107 Safari/537.36"
193.194.132.21 - - [05/Aug/2021:09:53:30 +0200] "GET /loadthumbnail.php?id=12328160&width=113 HTTP/1.1" 200 2784 "http://renault.2web.at/result?searchterm=true&search=Brosch%FCre" "Mozilla/5.0 (Windows NT 10.0; Win64; x64) AppleWebKit/537.36 (KHTML, like Gecko) Chrome/92.0.4515.107 Safari/537.36"
193.194.132.21 - - [05/Aug/2021:09:53:30 +0200] "GET /loadthumbnail.php?id=12153811&width=113 HTTP/1.1" 200 2537 "http://renault.2web.at/result?searchterm=true&search=Brosch%FCre" "Mozilla/5.0 (Windows NT 10.0; Win64; x64) AppleWebKit/537.36 (KHTML, like Gecko) Chrome/92.0.4515.107 Safari/537.36"
193.194.132.21 - - [05/Aug/2021:09:53:30 +0200] "GET /loadthumbnail.php?id=11564187&width=113 HTTP/1.1" 200 22491 "http://renault.2web.at/result?searchterm=true&search=Brosch%FCre" "Mozilla/5.0 (Windows NT 10.0; Win64; x64) AppleWebKit/537.36 (KHTML, like Gecko) Chrome/92.0.4515.107 Safari/537.36"
193.194.132.21 - - [05/Aug/2021:09:53:30 +0200] "GET /loadthumbnail.php?id=11976092&width=113 HTTP/1.1" 200 22943 "http://renault.2web.at/result?searchterm=true&search=Brosch%FCre" "Mozilla/5.0 (Windows NT 10.0; Win64; x64) AppleWebKit/537.36 (KHTML, like Gecko) Chrome/92.0.4515.107 Safari/537.36"
193.194.132.21 - - [05/Aug/2021:09:53:31 +0200] "GET /loadthumbnail.php?id=12310511&width=113 HTTP/1.1" 200 2831 "http://renault.2web.at/result?searchterm=true&search=Brosch%FCre" "Mozilla/5.0 (Windows NT 10.0; Win64; x64) AppleWebKit/537.36 (KHTML, like Gecko) Chrome/92.0.4515.107 Safari/537.36"
193.194.132.21 - - [05/Aug/2021:09:53:31 +0200] "GET /loadthumbnail.php?id=11878139&width=113 HTTP/1.1" 200 19930 "http://renault.2web.at/result?searchterm=true&search=Brosch%FCre" "Mozilla/5.0 (Windows NT 10.0; Win64; x64) AppleWebKit/537.36 (KHTML, like Gecko) Chrome/92.0.4515.107 Safari/537.36"
193.194.132.21 - - [05/Aug/2021:09:53:31 +0200] "GET /loadthumbnail.php?id=12310521&width=113 HTTP/1.1" 200 3088 "http://renault.2web.at/result?searchterm=true&search=Brosch%FCre" "Mozilla/5.0 (Windows NT 10.0; Win64; x64) AppleWebKit/537.36 (KHTML, like Gecko) Chrome/92.0.4515.107 Safari/537.36"
80.120.5.131 - - [05/Aug/2021:09:53:36 +0200] "GET /reload?ser=1628150016128 HTTP/1.1" 200 28 "http://renault.activities.at/" "Mozilla/5.0 (Windows NT 10.0; Win64; x64) AppleWebKit/537.36 (KHTML, like Gecko) Chrome/92.0.4515.131 Safari/537.36"
80.120.210.179 - - [05/Aug/2021:09:53:46 +0200] "GET /reload?ser=1628150025467 HTTP/1.1" 200 28 "http://renault.activities.at/account" "Mozilla/5.0 (Windows NT 10.0; Win64; x64) AppleWebKit/537.36 (KHTML, like Gecko) Chrome/92.0.4515.131 Safari/537.36"
193.194.132.23 - - [05/Aug/2021:09:53:49 +0200] "GET /reload?ser=1628150029219 HTTP/1.1" 200 28 "http://renault.2web.at/12438662" "Mozilla/5.0 (Windows NT 10.0; Win64; x64) AppleWebKit/537.36 (KHTML, like Gecko) Chrome/92.0.4515.131 Safari/537.36"
193.194.132.21 - - [05/Aug/2021:09:54:06 +0200] "GET /result?dir=DESC&mode=grid&order=name&limit=15&page=2&search=Brosch%C3%BCre HTTP/1.1" 200 10830 "http://renault.2web.at/result?searchterm=true&search=Brosch%FCre" "Mozilla/5.0 (Windows NT 10.0; Win64; x64) AppleWebKit/537.36 (KHTML, like Gecko) Chrome/92.0.4515.107 Safari/537.36"
193.194.132.21 - - [05/Aug/2021:09:54:09 +0200] "GET /loadthumbnail.php?id=12273107&width=113 HTTP/1.1" 200 2790 "http://renault.2web.at/result?dir=DESC&mode=grid&order=name&limit=15&page=2&search=Brosch%C3%BCre" "Mozilla/5.0 (Windows NT 10.0; Win64; x64) AppleWebKit/537.36 (KHTML, like Gecko) Chrome/92.0.4515.107 Safari/537.36"
193.194.132.21 - - [05/Aug/2021:09:54:09 +0200] "GET /loadthumbnail.php?id=12273108&width=113 HTTP/1.1" 200 3033 "http://renault.2web.at/result?dir=DESC&mode=grid&order=name&limit=15&page=2&search=Brosch%C3%BCre" "Mozilla/5.0 (Windows NT 10.0; Win64; x64) AppleWebKit/537.36 (KHTML, like Gecko) Chrome/92.0.4515.107 Safari/537.36"
193.194.132.21 - - [05/Aug/2021:09:54:09 +0200] "GET /loadthumbnail.php?id=10203275 HTTP/1.1" 200 85 "http://renault.2web.at/result?dir=DESC&mode=grid&order=name&limit=15&page=2&search=Brosch%C3%BCre" "Mozilla/5.0 (Windows NT 10.0; Win64; x64) AppleWebKit/537.36 (KHTML, like Gecko) Chrome/92.0.4515.107 Safari/537.36"
193.194.132.21 - - [05/Aug/2021:09:54:09 +0200] "GET /loadthumbnail.php?id=12385967&width=113 HTTP/1.1" 200 3114 "http://renault.2web.at/result?dir=DESC&mode=grid&order=name&limit=15&page=2&search=Brosch%C3%BCre" "Mozilla/5.0 (Windows NT 10.0; Win64; x64) AppleWebKit/537.36 (KHTML, like Gecko) Chrome/92.0.4515.107 Safari/537.36"
193.194.132.21 - - [05/Aug/2021:09:54:09 +0200] "GET /loadthumbnail.php?id=12153814&width=113 HTTP/1.1" 200 3262 "http://renault.2web.at/result?dir=DESC&mode=grid&order=name&limit=15&page=2&search=Brosch%C3%BCre" "Mozilla/5.0 (Windows NT 10.0; Win64; x64) AppleWebKit/537.36 (KHTML, like Gecko) Chrome/92.0.4515.107 Safari/537.36"
193.194.132.21 - - [05/Aug/2021:09:54:09 +0200] "GET /loadthumbnail.php?id=12010091&width=113 HTTP/1.1" 200 18044 "http://renault.2web.at/result?dir=DESC&mode=grid&order=name&limit=15&page=2&search=Brosch%C3%BCre" "Mozilla/5.0 (Windows NT 10.0; Win64; x64) AppleWebKit/537.36 (KHTML, like Gecko) Chrome/92.0.4515.107 Safari/537.36"
193.194.132.21 - - [05/Aug/2021:09:54:10 +0200] "GET /loadthumbnail.php?id=12025504&width=113 HTTP/1.1" 200 19297 "http://renault.2web.at/result?dir=DESC&mode=grid&order=name&limit=15&page=2&search=Brosch%C3%BCre" "Mozilla/5.0 (Windows NT 10.0; Win64; x64) AppleWebKit/537.36 (KHTML, like Gecko) Chrome/92.0.4515.107 Safari/537.36"
193.194.132.21 - - [05/Aug/2021:09:54:10 +0200] "GET /loadthumbnail.php?id=12137758&width=113 HTTP/1.1" 200 36121 "http://renault.2web.at/result?dir=DESC&mode=grid&order=name&limit=15&page=2&search=Brosch%C3%BCre" "Mozilla/5.0 (Windows NT 10.0; Win64; x64) AppleWebKit/537.36 (KHTML, like Gecko) Chrome/92.0.4515.107 Safari/537.36"
