193.194.132.26 - - [10/Aug/2021:17:11:54 +0200] "GET /reload?ser=1628608314822 HTTP/1.1" 200 28 "http://renault.2web.at/result?searchterm=true&search=pos576" "Mozilla/5.0 (Windows NT 10.0; Win64; x64) AppleWebKit/537.36 (KHTML, like Gecko) Chrome/92.0.4515.131 Safari/537.36"
93.83.167.130 - - [10/Aug/2021:17:12:14 +0200] "GET /reload?ser=1628608333434 HTTP/1.1" 200 28 "http://renault.activities.at/login?required=true" "Mozilla/5.0 (Windows NT 10.0; Win64; x64) AppleWebKit/537.36 (KHTML, like Gecko) Chrome/92.0.4515.131 Safari/537.36"
193.194.132.26 - - [10/Aug/2021:17:12:56 +0200] "GET /reload?ser=1628608376822 HTTP/1.1" 200 28 "http://renault.2web.at/result?searchterm=true&search=pos576" "Mozilla/5.0 (Windows NT 10.0; Win64; x64) AppleWebKit/537.36 (KHTML, like Gecko) Chrome/92.0.4515.131 Safari/537.36"
93.83.167.130 - - [10/Aug/2021:17:13:15 +0200] "GET /reload?ser=1628608394435 HTTP/1.1" 200 28 "http://renault.activities.at/login?required=true" "Mozilla/5.0 (Windows NT 10.0; Win64; x64) AppleWebKit/537.36 (KHTML, like Gecko) Chrome/92.0.4515.131 Safari/537.36"
193.194.132.26 - - [10/Aug/2021:17:13:58 +0200] "GET /reload?ser=1628608438823 HTTP/1.1" 200 28 "http://renault.2web.at/result?searchterm=true&search=pos576" "Mozilla/5.0 (Windows NT 10.0; Win64; x64) AppleWebKit/537.36 (KHTML, like Gecko) Chrome/92.0.4515.131 Safari/537.36"
93.83.167.130 - - [10/Aug/2021:17:14:16 +0200] "GET /reload?ser=1628608455423 HTTP/1.1" 200 28 "http://renault.activities.at/login?required=true" "Mozilla/5.0 (Windows NT 10.0; Win64; x64) AppleWebKit/537.36 (KHTML, like Gecko) Chrome/92.0.4515.131 Safari/537.36"
193.194.132.26 - - [10/Aug/2021:17:15:00 +0200] "GET /reload?ser=1628608500824 HTTP/1.1" 200 28 "http://renault.2web.at/result?searchterm=true&search=pos576" "Mozilla/5.0 (Windows NT 10.0; Win64; x64) AppleWebKit/537.36 (KHTML, like Gecko) Chrome/92.0.4515.131 Safari/537.36"
93.83.167.130 - - [10/Aug/2021:17:15:17 +0200] "GET /reload?ser=1628608516431 HTTP/1.1" 200 28 "http://renault.activities.at/login?required=true" "Mozilla/5.0 (Windows NT 10.0; Win64; x64) AppleWebKit/537.36 (KHTML, like Gecko) Chrome/92.0.4515.131 Safari/537.36"
40.77.167.100 - - [10/Aug/2021:17:15:53 +0200] "GET /10260003?dir=ASC&mode=list&order=name&limit=10&detail=10919461 HTTP/1.1" 200 3309 "-" "Mozilla/5.0 (compatible; bingbot/2.0; +http://www.bing.com/bingbot.htm)"
193.194.132.26 - - [10/Aug/2021:17:16:02 +0200] "GET /reload?ser=1628608562824 HTTP/1.1" 200 28 "http://renault.2web.at/result?searchterm=true&search=pos576" "Mozilla/5.0 (Windows NT 10.0; Win64; x64) AppleWebKit/537.36 (KHTML, like Gecko) Chrome/92.0.4515.131 Safari/537.36"
93.83.167.130 - - [10/Aug/2021:17:16:18 +0200] "GET /reload?ser=1628608577421 HTTP/1.1" 200 28 "http://renault.activities.at/login?required=true" "Mozilla/5.0 (Windows NT 10.0; Win64; x64) AppleWebKit/537.36 (KHTML, like Gecko) Chrome/92.0.4515.131 Safari/537.36"
193.194.132.26 - - [10/Aug/2021:17:17:04 +0200] "GET /reload?ser=1628608624824 HTTP/1.1" 200 28 "http://renault.2web.at/result?searchterm=true&search=pos576" "Mozilla/5.0 (Windows NT 10.0; Win64; x64) AppleWebKit/537.36 (KHTML, like Gecko) Chrome/92.0.4515.131 Safari/537.36"
93.83.167.130 - - [10/Aug/2021:17:17:19 +0200] "GET /reload?ser=1628608638421 HTTP/1.1" 200 28 "http://renault.activities.at/login?required=true" "Mozilla/5.0 (Windows NT 10.0; Win64; x64) AppleWebKit/537.36 (KHTML, like Gecko) Chrome/92.0.4515.131 Safari/537.36"
193.194.132.26 - - [10/Aug/2021:17:18:06 +0200] "GET /reload?ser=1628608686824 HTTP/1.1" 200 28 "http://renault.2web.at/result?searchterm=true&search=pos576" "Mozilla/5.0 (Windows NT 10.0; Win64; x64) AppleWebKit/537.36 (KHTML, like Gecko) Chrome/92.0.4515.131 Safari/537.36"
93.83.167.130 - - [10/Aug/2021:17:18:20 +0200] "GET /reload?ser=1628608699425 HTTP/1.1" 200 28 "http://renault.activities.at/login?required=true" "Mozilla/5.0 (Windows NT 10.0; Win64; x64) AppleWebKit/537.36 (KHTML, like Gecko) Chrome/92.0.4515.131 Safari/537.36"
193.194.132.26 - - [10/Aug/2021:17:19:08 +0200] "GET /reload?ser=1628608748824 HTTP/1.1" 200 28 "http://renault.2web.at/result?searchterm=true&search=pos576" "Mozilla/5.0 (Windows NT 10.0; Win64; x64) AppleWebKit/537.36 (KHTML, like Gecko) Chrome/92.0.4515.131 Safari/537.36"
93.83.167.130 - - [10/Aug/2021:17:19:21 +0200] "GET /reload?ser=1628608760435 HTTP/1.1" 200 28 "http://renault.activities.at/login?required=true" "Mozilla/5.0 (Windows NT 10.0; Win64; x64) AppleWebKit/537.36 (KHTML, like Gecko) Chrome/92.0.4515.131 Safari/537.36"
193.194.132.26 - - [10/Aug/2021:17:20:10 +0200] "GET /reload?ser=1628608810825 HTTP/1.1" 200 28 "http://renault.2web.at/result?searchterm=true&search=pos576" "Mozilla/5.0 (Windows NT 10.0; Win64; x64) AppleWebKit/537.36 (KHTML, like Gecko) Chrome/92.0.4515.131 Safari/537.36"
93.83.167.130 - - [10/Aug/2021:17:20:22 +0200] "GET /reload?ser=1628608821427 HTTP/1.1" 200 28 "http://renault.activities.at/login?required=true" "Mozilla/5.0 (Windows NT 10.0; Win64; x64) AppleWebKit/537.36 (KHTML, like Gecko) Chrome/92.0.4515.131 Safari/537.36"
193.194.132.26 - - [10/Aug/2021:17:21:12 +0200] "GET /reload?ser=1628608872825 HTTP/1.1" 200 28 "http://renault.2web.at/result?searchterm=true&search=pos576" "Mozilla/5.0 (Windows NT 10.0; Win64; x64) AppleWebKit/537.36 (KHTML, like Gecko) Chrome/92.0.4515.131 Safari/537.36"
93.83.167.130 - - [10/Aug/2021:17:21:23 +0200] "GET /reload?ser=1628608882429 HTTP/1.1" 200 28 "http://renault.activities.at/login?required=true" "Mozilla/5.0 (Windows NT 10.0; Win64; x64) AppleWebKit/537.36 (KHTML, like Gecko) Chrome/92.0.4515.131 Safari/537.36"
193.194.132.26 - - [10/Aug/2021:17:22:14 +0200] "GET /reload?ser=1628608934825 HTTP/1.1" 200 28 "http://renault.2web.at/result?searchterm=true&search=pos576" "Mozilla/5.0 (Windows NT 10.0; Win64; x64) AppleWebKit/537.36 (KHTML, like Gecko) Chrome/92.0.4515.131 Safari/537.36"
93.83.167.130 - - [10/Aug/2021:17:22:24 +0200] "GET /reload?ser=1628608943430 HTTP/1.1" 200 28 "http://renault.activities.at/login?required=true" "Mozilla/5.0 (Windows NT 10.0; Win64; x64) AppleWebKit/537.36 (KHTML, like Gecko) Chrome/92.0.4515.131 Safari/537.36"
193.194.132.26 - - [10/Aug/2021:17:23:16 +0200] "GET /reload?ser=1628608996825 HTTP/1.1" 200 28 "http://renault.2web.at/result?searchterm=true&search=pos576" "Mozilla/5.0 (Windows NT 10.0; Win64; x64) AppleWebKit/537.36 (KHTML, like Gecko) Chrome/92.0.4515.131 Safari/537.36"
93.83.167.130 - - [10/Aug/2021:17:23:25 +0200] "GET /reload?ser=1628609004433 HTTP/1.1" 200 28 "http://renault.activities.at/login?required=true" "Mozilla/5.0 (Windows NT 10.0; Win64; x64) AppleWebKit/537.36 (KHTML, like Gecko) Chrome/92.0.4515.131 Safari/537.36"
193.194.132.26 - - [10/Aug/2021:17:24:18 +0200] "GET /reload?ser=1628609058827 HTTP/1.1" 200 28 "http://renault.2web.at/result?searchterm=true&search=pos576" "Mozilla/5.0 (Windows NT 10.0; Win64; x64) AppleWebKit/537.36 (KHTML, like Gecko) Chrome/92.0.4515.131 Safari/537.36"
93.83.167.130 - - [10/Aug/2021:17:24:26 +0200] "GET /reload?ser=1628609065434 HTTP/1.1" 200 28 "http://renault.activities.at/login?required=true" "Mozilla/5.0 (Windows NT 10.0; Win64; x64) AppleWebKit/537.36 (KHTML, like Gecko) Chrome/92.0.4515.131 Safari/537.36"
193.194.132.26 - - [10/Aug/2021:17:25:20 +0200] "GET /reload?ser=1628609120826 HTTP/1.1" 200 28 "http://renault.2web.at/result?searchterm=true&search=pos576" "Mozilla/5.0 (Windows NT 10.0; Win64; x64) AppleWebKit/537.36 (KHTML, like Gecko) Chrome/92.0.4515.131 Safari/537.36"
93.83.167.130 - - [10/Aug/2021:17:25:27 +0200] "GET /reload?ser=1628609126421 HTTP/1.1" 200 28 "http://renault.activities.at/login?required=true" "Mozilla/5.0 (Windows NT 10.0; Win64; x64) AppleWebKit/537.36 (KHTML, like Gecko) Chrome/92.0.4515.131 Safari/537.36"
193.194.132.26 - - [10/Aug/2021:17:26:22 +0200] "GET /reload?ser=1628609182826 HTTP/1.1" 200 28 "http://renault.2web.at/result?searchterm=true&search=pos576" "Mozilla/5.0 (Windows NT 10.0; Win64; x64) AppleWebKit/537.36 (KHTML, like Gecko) Chrome/92.0.4515.131 Safari/537.36"
93.83.167.130 - - [10/Aug/2021:17:26:28 +0200] "GET /reload?ser=1628609187435 HTTP/1.1" 200 28 "http://renault.activities.at/login?required=true" "Mozilla/5.0 (Windows NT 10.0; Win64; x64) AppleWebKit/537.36 (KHTML, like Gecko) Chrome/92.0.4515.131 Safari/537.36"
193.194.132.26 - - [10/Aug/2021:17:27:24 +0200] "GET /reload?ser=1628609244827 HTTP/1.1" 200 28 "http://renault.2web.at/result?searchterm=true&search=pos576" "Mozilla/5.0 (Windows NT 10.0; Win64; x64) AppleWebKit/537.36 (KHTML, like Gecko) Chrome/92.0.4515.131 Safari/537.36"
93.83.167.130 - - [10/Aug/2021:17:27:29 +0200] "GET /reload?ser=1628609248426 HTTP/1.1" 200 28 "http://renault.activities.at/login?required=true" "Mozilla/5.0 (Windows NT 10.0; Win64; x64) AppleWebKit/537.36 (KHTML, like Gecko) Chrome/92.0.4515.131 Safari/537.36"
193.194.132.26 - - [10/Aug/2021:17:28:26 +0200] "GET /reload?ser=1628609306826 HTTP/1.1" 200 28 "http://renault.2web.at/result?searchterm=true&search=pos576" "Mozilla/5.0 (Windows NT 10.0; Win64; x64) AppleWebKit/537.36 (KHTML, like Gecko) Chrome/92.0.4515.131 Safari/537.36"
93.83.167.130 - - [10/Aug/2021:17:28:30 +0200] "GET /reload?ser=1628609309430 HTTP/1.1" 200 28 "http://renault.activities.at/login?required=true" "Mozilla/5.0 (Windows NT 10.0; Win64; x64) AppleWebKit/537.36 (KHTML, like Gecko) Chrome/92.0.4515.131 Safari/537.36"
193.194.132.26 - - [10/Aug/2021:17:29:28 +0200] "GET /reload?ser=1628609368827 HTTP/1.1" 200 28 "http://renault.2web.at/result?searchterm=true&search=pos576" "Mozilla/5.0 (Windows NT 10.0; Win64; x64) AppleWebKit/537.36 (KHTML, like Gecko) Chrome/92.0.4515.131 Safari/537.36"
93.83.167.130 - - [10/Aug/2021:17:29:31 +0200] "GET /reload?ser=1628609370430 HTTP/1.1" 200 28 "http://renault.activities.at/login?required=true" "Mozilla/5.0 (Windows NT 10.0; Win64; x64) AppleWebKit/537.36 (KHTML, like Gecko) Chrome/92.0.4515.131 Safari/537.36"
193.194.132.26 - - [10/Aug/2021:17:30:30 +0200] "GET /reload?ser=1628609430827 HTTP/1.1" 200 28 "http://renault.2web.at/result?searchterm=true&search=pos576" "Mozilla/5.0 (Windows NT 10.0; Win64; x64) AppleWebKit/537.36 (KHTML, like Gecko) Chrome/92.0.4515.131 Safari/537.36"
93.83.167.130 - - [10/Aug/2021:17:30:32 +0200] "GET /reload?ser=1628609431432 HTTP/1.1" 200 28 "http://renault.activities.at/login?required=true" "Mozilla/5.0 (Windows NT 10.0; Win64; x64) AppleWebKit/537.36 (KHTML, like Gecko) Chrome/92.0.4515.131 Safari/537.36"
93.83.167.130 - - [10/Aug/2021:17:31:33 +0200] "GET /reload?ser=1628609492433 HTTP/1.1" 200 28 "http://renault.activities.at/login?required=true" "Mozilla/5.0 (Windows NT 10.0; Win64; x64) AppleWebKit/537.36 (KHTML, like Gecko) Chrome/92.0.4515.131 Safari/537.36"
193.194.132.26 - - [10/Aug/2021:17:31:32 +0200] "GET /reload?ser=1628609492827 HTTP/1.1" 200 28 "http://renault.2web.at/result?searchterm=true&search=pos576" "Mozilla/5.0 (Windows NT 10.0; Win64; x64) AppleWebKit/537.36 (KHTML, like Gecko) Chrome/92.0.4515.131 Safari/537.36"
93.83.167.130 - - [10/Aug/2021:17:32:34 +0200] "GET /reload?ser=1628609553434 HTTP/1.1" 200 28 "http://renault.activities.at/login?required=true" "Mozilla/5.0 (Windows NT 10.0; Win64; x64) AppleWebKit/537.36 (KHTML, like Gecko) Chrome/92.0.4515.131 Safari/537.36"
193.194.132.26 - - [10/Aug/2021:17:32:34 +0200] "GET /reload?ser=1628609554827 HTTP/1.1" 200 28 "http://renault.2web.at/result?searchterm=true&search=pos576" "Mozilla/5.0 (Windows NT 10.0; Win64; x64) AppleWebKit/537.36 (KHTML, like Gecko) Chrome/92.0.4515.131 Safari/537.36"
93.83.167.130 - - [10/Aug/2021:17:33:35 +0200] "GET /reload?ser=1628609614422 HTTP/1.1" 200 28 "http://renault.activities.at/login?required=true" "Mozilla/5.0 (Windows NT 10.0; Win64; x64) AppleWebKit/537.36 (KHTML, like Gecko) Chrome/92.0.4515.131 Safari/537.36"
193.194.132.26 - - [10/Aug/2021:17:33:36 +0200] "GET /reload?ser=1628609616828 HTTP/1.1" 200 28 "http://renault.2web.at/result?searchterm=true&search=pos576" "Mozilla/5.0 (Windows NT 10.0; Win64; x64) AppleWebKit/537.36 (KHTML, like Gecko) Chrome/92.0.4515.131 Safari/537.36"
93.83.167.130 - - [10/Aug/2021:17:34:36 +0200] "GET /reload?ser=1628609675424 HTTP/1.1" 200 28 "http://renault.activities.at/login?required=true" "Mozilla/5.0 (Windows NT 10.0; Win64; x64) AppleWebKit/537.36 (KHTML, like Gecko) Chrome/92.0.4515.131 Safari/537.36"
193.194.132.26 - - [10/Aug/2021:17:34:38 +0200] "GET /reload?ser=1628609678828 HTTP/1.1" 200 28 "http://renault.2web.at/result?searchterm=true&search=pos576" "Mozilla/5.0 (Windows NT 10.0; Win64; x64) AppleWebKit/537.36 (KHTML, like Gecko) Chrome/92.0.4515.131 Safari/537.36"
93.83.167.130 - - [10/Aug/2021:17:35:37 +0200] "GET /reload?ser=1628609736426 HTTP/1.1" 200 28 "http://renault.activities.at/login?required=true" "Mozilla/5.0 (Windows NT 10.0; Win64; x64) AppleWebKit/537.36 (KHTML, like Gecko) Chrome/92.0.4515.131 Safari/537.36"
193.194.132.26 - - [10/Aug/2021:17:35:40 +0200] "GET /reload?ser=1628609740828 HTTP/1.1" 200 28 "http://renault.2web.at/result?searchterm=true&search=pos576" "Mozilla/5.0 (Windows NT 10.0; Win64; x64) AppleWebKit/537.36 (KHTML, like Gecko) Chrome/92.0.4515.131 Safari/537.36"
93.83.167.130 - - [10/Aug/2021:17:36:38 +0200] "GET /reload?ser=1628609797429 HTTP/1.1" 200 28 "http://renault.activities.at/login?required=true" "Mozilla/5.0 (Windows NT 10.0; Win64; x64) AppleWebKit/537.36 (KHTML, like Gecko) Chrome/92.0.4515.131 Safari/537.36"
193.194.132.26 - - [10/Aug/2021:17:36:42 +0200] "GET /reload?ser=1628609802828 HTTP/1.1" 200 28 "http://renault.2web.at/result?searchterm=true&search=pos576" "Mozilla/5.0 (Windows NT 10.0; Win64; x64) AppleWebKit/537.36 (KHTML, like Gecko) Chrome/92.0.4515.131 Safari/537.36"
93.83.167.130 - - [10/Aug/2021:17:37:39 +0200] "GET /reload?ser=1628609858431 HTTP/1.1" 200 28 "http://renault.activities.at/login?required=true" "Mozilla/5.0 (Windows NT 10.0; Win64; x64) AppleWebKit/537.36 (KHTML, like Gecko) Chrome/92.0.4515.131 Safari/537.36"
193.194.132.26 - - [10/Aug/2021:17:37:44 +0200] "GET /reload?ser=1628609864828 HTTP/1.1" 200 28 "http://renault.2web.at/result?searchterm=true&search=pos576" "Mozilla/5.0 (Windows NT 10.0; Win64; x64) AppleWebKit/537.36 (KHTML, like Gecko) Chrome/92.0.4515.131 Safari/537.36"
93.83.167.130 - - [10/Aug/2021:17:38:40 +0200] "GET /reload?ser=1628609919433 HTTP/1.1" 200 28 "http://renault.activities.at/login?required=true" "Mozilla/5.0 (Windows NT 10.0; Win64; x64) AppleWebKit/537.36 (KHTML, like Gecko) Chrome/92.0.4515.131 Safari/537.36"
193.194.132.26 - - [10/Aug/2021:17:38:46 +0200] "GET /reload?ser=1628609926829 HTTP/1.1" 200 28 "http://renault.2web.at/result?searchterm=true&search=pos576" "Mozilla/5.0 (Windows NT 10.0; Win64; x64) AppleWebKit/537.36 (KHTML, like Gecko) Chrome/92.0.4515.131 Safari/537.36"
93.83.167.130 - - [10/Aug/2021:17:39:41 +0200] "GET /reload?ser=1628609980434 HTTP/1.1" 200 28 "http://renault.activities.at/login?required=true" "Mozilla/5.0 (Windows NT 10.0; Win64; x64) AppleWebKit/537.36 (KHTML, like Gecko) Chrome/92.0.4515.131 Safari/537.36"
193.194.132.26 - - [10/Aug/2021:17:39:48 +0200] "GET /reload?ser=1628609988829 HTTP/1.1" 200 28 "http://renault.2web.at/result?searchterm=true&search=pos576" "Mozilla/5.0 (Windows NT 10.0; Win64; x64) AppleWebKit/537.36 (KHTML, like Gecko) Chrome/92.0.4515.131 Safari/537.36"
93.83.167.130 - - [10/Aug/2021:17:40:42 +0200] "GET /reload?ser=1628610041420 HTTP/1.1" 200 28 "http://renault.activities.at/login?required=true" "Mozilla/5.0 (Windows NT 10.0; Win64; x64) AppleWebKit/537.36 (KHTML, like Gecko) Chrome/92.0.4515.131 Safari/537.36"
93.83.167.130 - - [10/Aug/2021:17:41:43 +0200] "GET /reload?ser=1628610102423 HTTP/1.1" 200 28 "http://renault.activities.at/login?required=true" "Mozilla/5.0 (Windows NT 10.0; Win64; x64) AppleWebKit/537.36 (KHTML, like Gecko) Chrome/92.0.4515.131 Safari/537.36"
93.83.167.130 - - [10/Aug/2021:17:42:44 +0200] "GET /reload?ser=1628610163425 HTTP/1.1" 200 28 "http://renault.activities.at/login?required=true" "Mozilla/5.0 (Windows NT 10.0; Win64; x64) AppleWebKit/537.36 (KHTML, like Gecko) Chrome/92.0.4515.131 Safari/537.36"
93.83.167.130 - - [10/Aug/2021:17:43:45 +0200] "GET /reload?ser=1628610224427 HTTP/1.1" 200 28 "http://renault.activities.at/login?required=true" "Mozilla/5.0 (Windows NT 10.0; Win64; x64) AppleWebKit/537.36 (KHTML, like Gecko) Chrome/92.0.4515.131 Safari/537.36"
93.83.167.130 - - [10/Aug/2021:17:44:46 +0200] "GET /reload?ser=1628610285429 HTTP/1.1" 200 28 "http://renault.activities.at/login?required=true" "Mozilla/5.0 (Windows NT 10.0; Win64; x64) AppleWebKit/537.36 (KHTML, like Gecko) Chrome/92.0.4515.131 Safari/537.36"
93.83.167.130 - - [10/Aug/2021:17:45:47 +0200] "GET /reload?ser=1628610346427 HTTP/1.1" 200 28 "http://renault.activities.at/login?required=true" "Mozilla/5.0 (Windows NT 10.0; Win64; x64) AppleWebKit/537.36 (KHTML, like Gecko) Chrome/92.0.4515.131 Safari/537.36"
93.83.167.130 - - [10/Aug/2021:17:46:48 +0200] "GET /reload?ser=1628610407434 HTTP/1.1" 200 28 "http://renault.activities.at/login?required=true" "Mozilla/5.0 (Windows NT 10.0; Win64; x64) AppleWebKit/537.36 (KHTML, like Gecko) Chrome/92.0.4515.131 Safari/537.36"
93.83.167.130 - - [10/Aug/2021:17:47:49 +0200] "GET /reload?ser=1628610468435 HTTP/1.1" 200 28 "http://renault.activities.at/login?required=true" "Mozilla/5.0 (Windows NT 10.0; Win64; x64) AppleWebKit/537.36 (KHTML, like Gecko) Chrome/92.0.4515.131 Safari/537.36"
93.83.167.130 - - [10/Aug/2021:17:48:50 +0200] "GET /reload?ser=1628610529422 HTTP/1.1" 200 28 "http://renault.activities.at/login?required=true" "Mozilla/5.0 (Windows NT 10.0; Win64; x64) AppleWebKit/537.36 (KHTML, like Gecko) Chrome/92.0.4515.131 Safari/537.36"
93.83.167.130 - - [10/Aug/2021:17:49:51 +0200] "GET /reload?ser=1628610590424 HTTP/1.1" 200 28 "http://renault.activities.at/login?required=true" "Mozilla/5.0 (Windows NT 10.0; Win64; x64) AppleWebKit/537.36 (KHTML, like Gecko) Chrome/92.0.4515.131 Safari/537.36"
93.83.167.130 - - [10/Aug/2021:17:50:52 +0200] "GET /reload?ser=1628610651426 HTTP/1.1" 200 28 "http://renault.activities.at/login?required=true" "Mozilla/5.0 (Windows NT 10.0; Win64; x64) AppleWebKit/537.36 (KHTML, like Gecko) Chrome/92.0.4515.131 Safari/537.36"
93.83.167.130 - - [10/Aug/2021:17:51:53 +0200] "GET /reload?ser=1628610712428 HTTP/1.1" 200 28 "http://renault.activities.at/login?required=true" "Mozilla/5.0 (Windows NT 10.0; Win64; x64) AppleWebKit/537.36 (KHTML, like Gecko) Chrome/92.0.4515.131 Safari/537.36"
93.83.167.130 - - [10/Aug/2021:17:52:54 +0200] "GET /reload?ser=1628610773430 HTTP/1.1" 200 28 "http://renault.activities.at/login?required=true" "Mozilla/5.0 (Windows NT 10.0; Win64; x64) AppleWebKit/537.36 (KHTML, like Gecko) Chrome/92.0.4515.131 Safari/537.36"
93.83.167.130 - - [10/Aug/2021:17:53:55 +0200] "GET /reload?ser=1628610834431 HTTP/1.1" 200 28 "http://renault.activities.at/login?required=true" "Mozilla/5.0 (Windows NT 10.0; Win64; x64) AppleWebKit/537.36 (KHTML, like Gecko) Chrome/92.0.4515.131 Safari/537.36"
93.83.167.130 - - [10/Aug/2021:17:54:56 +0200] "GET /reload?ser=1628610895435 HTTP/1.1" 200 28 "http://renault.activities.at/login?required=true" "Mozilla/5.0 (Windows NT 10.0; Win64; x64) AppleWebKit/537.36 (KHTML, like Gecko) Chrome/92.0.4515.131 Safari/537.36"
93.83.167.130 - - [10/Aug/2021:17:55:57 +0200] "GET /reload?ser=1628610956436 HTTP/1.1" 200 28 "http://renault.activities.at/login?required=true" "Mozilla/5.0 (Windows NT 10.0; Win64; x64) AppleWebKit/537.36 (KHTML, like Gecko) Chrome/92.0.4515.131 Safari/537.36"
93.83.167.130 - - [10/Aug/2021:17:56:58 +0200] "GET /reload?ser=1628611017422 HTTP/1.1" 200 28 "http://renault.activities.at/login?required=true" "Mozilla/5.0 (Windows NT 10.0; Win64; x64) AppleWebKit/537.36 (KHTML, like Gecko) Chrome/92.0.4515.131 Safari/537.36"
93.83.167.130 - - [10/Aug/2021:17:57:59 +0200] "GET /reload?ser=1628611078421 HTTP/1.1" 200 28 "http://renault.activities.at/login?required=true" "Mozilla/5.0 (Windows NT 10.0; Win64; x64) AppleWebKit/537.36 (KHTML, like Gecko) Chrome/92.0.4515.131 Safari/537.36"
93.83.167.130 - - [10/Aug/2021:17:59:00 +0200] "GET /reload?ser=1628611139427 HTTP/1.1" 200 28 "http://renault.activities.at/login?required=true" "Mozilla/5.0 (Windows NT 10.0; Win64; x64) AppleWebKit/537.36 (KHTML, like Gecko) Chrome/92.0.4515.131 Safari/537.36"
93.83.167.130 - - [10/Aug/2021:18:00:01 +0200] "GET /reload?ser=1628611200429 HTTP/1.1" 200 28 "http://renault.activities.at/login?required=true" "Mozilla/5.0 (Windows NT 10.0; Win64; x64) AppleWebKit/537.36 (KHTML, like Gecko) Chrome/92.0.4515.131 Safari/537.36"
93.83.167.130 - - [10/Aug/2021:18:01:02 +0200] "GET /reload?ser=1628611261431 HTTP/1.1" 200 28 "http://renault.activities.at/login?required=true" "Mozilla/5.0 (Windows NT 10.0; Win64; x64) AppleWebKit/537.36 (KHTML, like Gecko) Chrome/92.0.4515.131 Safari/537.36"
93.83.167.130 - - [10/Aug/2021:18:02:03 +0200] "GET /reload?ser=1628611322433 HTTP/1.1" 200 28 "http://renault.activities.at/login?required=true" "Mozilla/5.0 (Windows NT 10.0; Win64; x64) AppleWebKit/537.36 (KHTML, like Gecko) Chrome/92.0.4515.131 Safari/537.36"
93.83.167.130 - - [10/Aug/2021:18:03:04 +0200] "GET /reload?ser=1628611383434 HTTP/1.1" 200 28 "http://renault.activities.at/login?required=true" "Mozilla/5.0 (Windows NT 10.0; Win64; x64) AppleWebKit/537.36 (KHTML, like Gecko) Chrome/92.0.4515.131 Safari/537.36"
93.83.167.130 - - [10/Aug/2021:18:04:05 +0200] "GET /reload?ser=1628611444421 HTTP/1.1" 200 28 "http://renault.activities.at/login?required=true" "Mozilla/5.0 (Windows NT 10.0; Win64; x64) AppleWebKit/537.36 (KHTML, like Gecko) Chrome/92.0.4515.131 Safari/537.36"
93.83.167.130 - - [10/Aug/2021:18:05:06 +0200] "GET /reload?ser=1628611505423 HTTP/1.1" 200 28 "http://renault.activities.at/login?required=true" "Mozilla/5.0 (Windows NT 10.0; Win64; x64) AppleWebKit/537.36 (KHTML, like Gecko) Chrome/92.0.4515.131 Safari/537.36"
93.83.167.130 - - [10/Aug/2021:18:06:07 +0200] "GET /reload?ser=1628611566425 HTTP/1.1" 200 28 "http://renault.activities.at/login?required=true" "Mozilla/5.0 (Windows NT 10.0; Win64; x64) AppleWebKit/537.36 (KHTML, like Gecko) Chrome/92.0.4515.131 Safari/537.36"
93.83.167.130 - - [10/Aug/2021:18:07:08 +0200] "GET /reload?ser=1628611627427 HTTP/1.1" 200 28 "http://renault.activities.at/login?required=true" "Mozilla/5.0 (Windows NT 10.0; Win64; x64) AppleWebKit/537.36 (KHTML, like Gecko) Chrome/92.0.4515.131 Safari/537.36"
93.83.167.130 - - [10/Aug/2021:18:08:09 +0200] "GET /reload?ser=1628611688427 HTTP/1.1" 200 28 "http://renault.activities.at/login?required=true" "Mozilla/5.0 (Windows NT 10.0; Win64; x64) AppleWebKit/537.36 (KHTML, like Gecko) Chrome/92.0.4515.131 Safari/537.36"
93.83.167.130 - - [10/Aug/2021:18:09:10 +0200] "GET /reload?ser=1628611749432 HTTP/1.1" 200 28 "http://renault.activities.at/login?required=true" "Mozilla/5.0 (Windows NT 10.0; Win64; x64) AppleWebKit/537.36 (KHTML, like Gecko) Chrome/92.0.4515.131 Safari/537.36"
93.83.167.130 - - [10/Aug/2021:18:10:11 +0200] "GET /reload?ser=1628611810434 HTTP/1.1" 200 28 "http://renault.activities.at/login?required=true" "Mozilla/5.0 (Windows NT 10.0; Win64; x64) AppleWebKit/537.36 (KHTML, like Gecko) Chrome/92.0.4515.131 Safari/537.36"
93.83.167.130 - - [10/Aug/2021:18:11:12 +0200] "GET /reload?ser=1628611871435 HTTP/1.1" 200 28 "http://renault.activities.at/login?required=true" "Mozilla/5.0 (Windows NT 10.0; Win64; x64) AppleWebKit/537.36 (KHTML, like Gecko) Chrome/92.0.4515.131 Safari/537.36"
93.83.167.130 - - [10/Aug/2021:18:12:13 +0200] "GET /reload?ser=1628611932422 HTTP/1.1" 200 28 "http://renault.activities.at/login?required=true" "Mozilla/5.0 (Windows NT 10.0; Win64; x64) AppleWebKit/537.36 (KHTML, like Gecko) Chrome/92.0.4515.131 Safari/537.36"
93.83.167.130 - - [10/Aug/2021:18:13:14 +0200] "GET /reload?ser=1628611993424 HTTP/1.1" 200 28 "http://renault.activities.at/login?required=true" "Mozilla/5.0 (Windows NT 10.0; Win64; x64) AppleWebKit/537.36 (KHTML, like Gecko) Chrome/92.0.4515.131 Safari/537.36"
93.83.167.130 - - [10/Aug/2021:18:14:15 +0200] "GET /reload?ser=1628612054426 HTTP/1.1" 200 28 "http://renault.activities.at/login?required=true" "Mozilla/5.0 (Windows NT 10.0; Win64; x64) AppleWebKit/537.36 (KHTML, like Gecko) Chrome/92.0.4515.131 Safari/537.36"
93.83.167.130 - - [10/Aug/2021:18:15:16 +0200] "GET /reload?ser=1628612115428 HTTP/1.1" 200 28 "http://renault.activities.at/login?required=true" "Mozilla/5.0 (Windows NT 10.0; Win64; x64) AppleWebKit/537.36 (KHTML, like Gecko) Chrome/92.0.4515.131 Safari/537.36"
93.83.167.130 - - [10/Aug/2021:18:16:17 +0200] "GET /reload?ser=1628612176431 HTTP/1.1" 200 28 "http://renault.activities.at/login?required=true" "Mozilla/5.0 (Windows NT 10.0; Win64; x64) AppleWebKit/537.36 (KHTML, like Gecko) Chrome/92.0.4515.131 Safari/537.36"
93.83.167.130 - - [10/Aug/2021:18:17:18 +0200] "GET /reload?ser=1628612237433 HTTP/1.1" 200 28 "http://renault.activities.at/login?required=true" "Mozilla/5.0 (Windows NT 10.0; Win64; x64) AppleWebKit/537.36 (KHTML, like Gecko) Chrome/92.0.4515.131 Safari/537.36"
93.83.167.130 - - [10/Aug/2021:18:18:19 +0200] "GET /reload?ser=1628612298431 HTTP/1.1" 200 28 "http://renault.activities.at/login?required=true" "Mozilla/5.0 (Windows NT 10.0; Win64; x64) AppleWebKit/537.36 (KHTML, like Gecko) Chrome/92.0.4515.131 Safari/537.36"
93.83.167.130 - - [10/Aug/2021:18:19:20 +0200] "GET /reload?ser=1628612359435 HTTP/1.1" 200 28 "http://renault.activities.at/login?required=true" "Mozilla/5.0 (Windows NT 10.0; Win64; x64) AppleWebKit/537.36 (KHTML, like Gecko) Chrome/92.0.4515.131 Safari/537.36"
93.83.167.130 - - [10/Aug/2021:18:20:21 +0200] "GET /reload?ser=1628612420423 HTTP/1.1" 200 28 "http://renault.activities.at/login?required=true" "Mozilla/5.0 (Windows NT 10.0; Win64; x64) AppleWebKit/537.36 (KHTML, like Gecko) Chrome/92.0.4515.131 Safari/537.36"
93.83.167.130 - - [10/Aug/2021:18:21:22 +0200] "GET /reload?ser=1628612481424 HTTP/1.1" 200 28 "http://renault.activities.at/login?required=true" "Mozilla/5.0 (Windows NT 10.0; Win64; x64) AppleWebKit/537.36 (KHTML, like Gecko) Chrome/92.0.4515.131 Safari/537.36"
93.83.167.130 - - [10/Aug/2021:18:22:23 +0200] "GET /reload?ser=1628612542426 HTTP/1.1" 200 28 "http://renault.activities.at/login?required=true" "Mozilla/5.0 (Windows NT 10.0; Win64; x64) AppleWebKit/537.36 (KHTML, like Gecko) Chrome/92.0.4515.131 Safari/537.36"
93.83.167.130 - - [10/Aug/2021:18:23:24 +0200] "GET /reload?ser=1628612603428 HTTP/1.1" 200 28 "http://renault.activities.at/login?required=true" "Mozilla/5.0 (Windows NT 10.0; Win64; x64) AppleWebKit/537.36 (KHTML, like Gecko) Chrome/92.0.4515.131 Safari/537.36"
93.83.167.130 - - [10/Aug/2021:18:24:25 +0200] "GET /reload?ser=1628612664430 HTTP/1.1" 200 28 "http://renault.activities.at/login?required=true" "Mozilla/5.0 (Windows NT 10.0; Win64; x64) AppleWebKit/537.36 (KHTML, like Gecko) Chrome/92.0.4515.131 Safari/537.36"
93.83.167.130 - - [10/Aug/2021:18:25:26 +0200] "GET /reload?ser=1628612725433 HTTP/1.1" 200 28 "http://renault.activities.at/login?required=true" "Mozilla/5.0 (Windows NT 10.0; Win64; x64) AppleWebKit/537.36 (KHTML, like Gecko) Chrome/92.0.4515.131 Safari/537.36"
93.83.167.130 - - [10/Aug/2021:18:26:27 +0200] "GET /reload?ser=1628612786434 HTTP/1.1" 200 28 "http://renault.activities.at/login?required=true" "Mozilla/5.0 (Windows NT 10.0; Win64; x64) AppleWebKit/537.36 (KHTML, like Gecko) Chrome/92.0.4515.131 Safari/537.36"
93.83.167.130 - - [10/Aug/2021:18:27:28 +0200] "GET /reload?ser=1628612847421 HTTP/1.1" 200 28 "http://renault.activities.at/login?required=true" "Mozilla/5.0 (Windows NT 10.0; Win64; x64) AppleWebKit/537.36 (KHTML, like Gecko) Chrome/92.0.4515.131 Safari/537.36"
93.83.167.130 - - [10/Aug/2021:18:28:29 +0200] "GET /reload?ser=1628612908422 HTTP/1.1" 200 28 "http://renault.activities.at/login?required=true" "Mozilla/5.0 (Windows NT 10.0; Win64; x64) AppleWebKit/537.36 (KHTML, like Gecko) Chrome/92.0.4515.131 Safari/537.36"
93.83.167.130 - - [10/Aug/2021:18:29:30 +0200] "GET /reload?ser=1628612969425 HTTP/1.1" 200 28 "http://renault.activities.at/login?required=true" "Mozilla/5.0 (Windows NT 10.0; Win64; x64) AppleWebKit/537.36 (KHTML, like Gecko) Chrome/92.0.4515.131 Safari/537.36"
93.83.167.130 - - [10/Aug/2021:18:30:31 +0200] "GET /reload?ser=1628613030428 HTTP/1.1" 200 28 "http://renault.activities.at/login?required=true" "Mozilla/5.0 (Windows NT 10.0; Win64; x64) AppleWebKit/537.36 (KHTML, like Gecko) Chrome/92.0.4515.131 Safari/537.36"
93.83.167.130 - - [10/Aug/2021:18:31:32 +0200] "GET /reload?ser=1628613091430 HTTP/1.1" 200 28 "http://renault.activities.at/login?required=true" "Mozilla/5.0 (Windows NT 10.0; Win64; x64) AppleWebKit/537.36 (KHTML, like Gecko) Chrome/92.0.4515.131 Safari/537.36"
93.83.167.130 - - [10/Aug/2021:18:32:33 +0200] "GET /reload?ser=1628613152434 HTTP/1.1" 200 28 "http://renault.activities.at/login?required=true" "Mozilla/5.0 (Windows NT 10.0; Win64; x64) AppleWebKit/537.36 (KHTML, like Gecko) Chrome/92.0.4515.131 Safari/537.36"
93.83.167.130 - - [10/Aug/2021:18:33:34 +0200] "GET /reload?ser=1628613213434 HTTP/1.1" 200 28 "http://renault.activities.at/login?required=true" "Mozilla/5.0 (Windows NT 10.0; Win64; x64) AppleWebKit/537.36 (KHTML, like Gecko) Chrome/92.0.4515.131 Safari/537.36"
93.83.167.130 - - [10/Aug/2021:18:34:35 +0200] "GET /reload?ser=1628613274435 HTTP/1.1" 200 28 "http://renault.activities.at/login?required=true" "Mozilla/5.0 (Windows NT 10.0; Win64; x64) AppleWebKit/537.36 (KHTML, like Gecko) Chrome/92.0.4515.131 Safari/537.36"
93.83.167.130 - - [10/Aug/2021:18:35:36 +0200] "GET /reload?ser=1628613335422 HTTP/1.1" 200 28 "http://renault.activities.at/login?required=true" "Mozilla/5.0 (Windows NT 10.0; Win64; x64) AppleWebKit/537.36 (KHTML, like Gecko) Chrome/92.0.4515.131 Safari/537.36"
93.83.167.130 - - [10/Aug/2021:18:36:37 +0200] "GET /reload?ser=1628613396424 HTTP/1.1" 200 28 "http://renault.activities.at/login?required=true" "Mozilla/5.0 (Windows NT 10.0; Win64; x64) AppleWebKit/537.36 (KHTML, like Gecko) Chrome/92.0.4515.131 Safari/537.36"
93.83.167.130 - - [10/Aug/2021:18:37:38 +0200] "GET /reload?ser=1628613457426 HTTP/1.1" 200 28 "http://renault.activities.at/login?required=true" "Mozilla/5.0 (Windows NT 10.0; Win64; x64) AppleWebKit/537.36 (KHTML, like Gecko) Chrome/92.0.4515.131 Safari/537.36"
93.83.167.130 - - [10/Aug/2021:18:38:39 +0200] "GET /reload?ser=1628613518429 HTTP/1.1" 200 28 "http://renault.activities.at/login?required=true" "Mozilla/5.0 (Windows NT 10.0; Win64; x64) AppleWebKit/537.36 (KHTML, like Gecko) Chrome/92.0.4515.131 Safari/537.36"
93.83.167.130 - - [10/Aug/2021:18:39:40 +0200] "GET /reload?ser=1628613579427 HTTP/1.1" 200 28 "http://renault.activities.at/login?required=true" "Mozilla/5.0 (Windows NT 10.0; Win64; x64) AppleWebKit/537.36 (KHTML, like Gecko) Chrome/92.0.4515.131 Safari/537.36"
93.83.167.130 - - [10/Aug/2021:18:40:41 +0200] "GET /reload?ser=1628613640437 HTTP/1.1" 200 28 "http://renault.activities.at/login?required=true" "Mozilla/5.0 (Windows NT 10.0; Win64; x64) AppleWebKit/537.36 (KHTML, like Gecko) Chrome/92.0.4515.131 Safari/537.36"
93.83.167.130 - - [10/Aug/2021:18:41:42 +0200] "GET /reload?ser=1628613701422 HTTP/1.1" 200 28 "http://renault.activities.at/login?required=true" "Mozilla/5.0 (Windows NT 10.0; Win64; x64) AppleWebKit/537.36 (KHTML, like Gecko) Chrome/92.0.4515.131 Safari/537.36"
93.83.167.130 - - [10/Aug/2021:18:42:43 +0200] "GET /reload?ser=1628613762429 HTTP/1.1" 200 28 "http://renault.activities.at/login?required=true" "Mozilla/5.0 (Windows NT 10.0; Win64; x64) AppleWebKit/537.36 (KHTML, like Gecko) Chrome/92.0.4515.131 Safari/537.36"
93.83.167.130 - - [10/Aug/2021:18:43:44 +0200] "GET /reload?ser=1628613823423 HTTP/1.1" 200 28 "http://renault.activities.at/login?required=true" "Mozilla/5.0 (Windows NT 10.0; Win64; x64) AppleWebKit/537.36 (KHTML, like Gecko) Chrome/92.0.4515.131 Safari/537.36"
93.83.167.130 - - [10/Aug/2021:18:44:45 +0200] "GET /reload?ser=1628613884425 HTTP/1.1" 200 28 "http://renault.activities.at/login?required=true" "Mozilla/5.0 (Windows NT 10.0; Win64; x64) AppleWebKit/537.36 (KHTML, like Gecko) Chrome/92.0.4515.131 Safari/537.36"
93.83.167.130 - - [10/Aug/2021:18:45:46 +0200] "GET /reload?ser=1628613945427 HTTP/1.1" 200 28 "http://renault.activities.at/login?required=true" "Mozilla/5.0 (Windows NT 10.0; Win64; x64) AppleWebKit/537.36 (KHTML, like Gecko) Chrome/92.0.4515.131 Safari/537.36"
93.83.167.130 - - [10/Aug/2021:18:46:47 +0200] "GET /reload?ser=1628614006429 HTTP/1.1" 200 28 "http://renault.activities.at/login?required=true" "Mozilla/5.0 (Windows NT 10.0; Win64; x64) AppleWebKit/537.36 (KHTML, like Gecko) Chrome/92.0.4515.131 Safari/537.36"
93.83.167.130 - - [10/Aug/2021:18:47:48 +0200] "GET /reload?ser=1628614067431 HTTP/1.1" 200 28 "http://renault.activities.at/login?required=true" "Mozilla/5.0 (Windows NT 10.0; Win64; x64) AppleWebKit/537.36 (KHTML, like Gecko) Chrome/92.0.4515.131 Safari/537.36"
93.83.167.130 - - [10/Aug/2021:18:48:49 +0200] "GET /reload?ser=1628614128430 HTTP/1.1" 200 28 "http://renault.activities.at/login?required=true" "Mozilla/5.0 (Windows NT 10.0; Win64; x64) AppleWebKit/537.36 (KHTML, like Gecko) Chrome/92.0.4515.131 Safari/537.36"
93.83.167.130 - - [10/Aug/2021:18:49:50 +0200] "GET /reload?ser=1628614189435 HTTP/1.1" 200 28 "http://renault.activities.at/login?required=true" "Mozilla/5.0 (Windows NT 10.0; Win64; x64) AppleWebKit/537.36 (KHTML, like Gecko) Chrome/92.0.4515.131 Safari/537.36"
93.83.167.130 - - [10/Aug/2021:18:50:51 +0200] "GET /reload?ser=1628614250422 HTTP/1.1" 200 28 "http://renault.activities.at/login?required=true" "Mozilla/5.0 (Windows NT 10.0; Win64; x64) AppleWebKit/537.36 (KHTML, like Gecko) Chrome/92.0.4515.131 Safari/537.36"
93.83.167.130 - - [10/Aug/2021:18:51:52 +0200] "GET /reload?ser=1628614311424 HTTP/1.1" 200 28 "http://renault.activities.at/login?required=true" "Mozilla/5.0 (Windows NT 10.0; Win64; x64) AppleWebKit/537.36 (KHTML, like Gecko) Chrome/92.0.4515.131 Safari/537.36"
93.83.167.130 - - [10/Aug/2021:18:52:53 +0200] "GET /reload?ser=1628614372426 HTTP/1.1" 200 28 "http://renault.activities.at/login?required=true" "Mozilla/5.0 (Windows NT 10.0; Win64; x64) AppleWebKit/537.36 (KHTML, like Gecko) Chrome/92.0.4515.131 Safari/537.36"
93.83.167.130 - - [10/Aug/2021:18:53:54 +0200] "GET /reload?ser=1628614433428 HTTP/1.1" 200 28 "http://renault.activities.at/login?required=true" "Mozilla/5.0 (Windows NT 10.0; Win64; x64) AppleWebKit/537.36 (KHTML, like Gecko) Chrome/92.0.4515.131 Safari/537.36"
157.55.39.84 - - [10/Aug/2021:18:54:11 +0200] "GET /10260003?dir=DESC&mode=grid&order=name&limit=15&page=3&cat=10260300 HTTP/1.1" 200 5083 "-" "Mozilla/5.0 (compatible; bingbot/2.0; +http://www.bing.com/bingbot.htm)"
93.83.167.130 - - [10/Aug/2021:18:54:55 +0200] "GET /reload?ser=1628614494429 HTTP/1.1" 200 28 "http://renault.activities.at/login?required=true" "Mozilla/5.0 (Windows NT 10.0; Win64; x64) AppleWebKit/537.36 (KHTML, like Gecko) Chrome/92.0.4515.131 Safari/537.36"
93.83.167.130 - - [10/Aug/2021:18:55:56 +0200] "GET /reload?ser=1628614555432 HTTP/1.1" 200 28 "http://renault.activities.at/login?required=true" "Mozilla/5.0 (Windows NT 10.0; Win64; x64) AppleWebKit/537.36 (KHTML, like Gecko) Chrome/92.0.4515.131 Safari/537.36"
93.83.167.130 - - [10/Aug/2021:18:56:57 +0200] "GET /reload?ser=1628614616434 HTTP/1.1" 200 28 "http://renault.activities.at/login?required=true" "Mozilla/5.0 (Windows NT 10.0; Win64; x64) AppleWebKit/537.36 (KHTML, like Gecko) Chrome/92.0.4515.131 Safari/537.36"
93.83.167.130 - - [10/Aug/2021:18:57:58 +0200] "GET /reload?ser=1628614677435 HTTP/1.1" 200 28 "http://renault.activities.at/login?required=true" "Mozilla/5.0 (Windows NT 10.0; Win64; x64) AppleWebKit/537.36 (KHTML, like Gecko) Chrome/92.0.4515.131 Safari/537.36"
93.83.167.130 - - [10/Aug/2021:18:58:59 +0200] "GET /reload?ser=1628614738424 HTTP/1.1" 200 28 "http://renault.activities.at/login?required=true" "Mozilla/5.0 (Windows NT 10.0; Win64; x64) AppleWebKit/537.36 (KHTML, like Gecko) Chrome/92.0.4515.131 Safari/537.36"
93.83.167.130 - - [10/Aug/2021:19:00:00 +0200] "GET /reload?ser=1628614799425 HTTP/1.1" 200 28 "http://renault.activities.at/login?required=true" "Mozilla/5.0 (Windows NT 10.0; Win64; x64) AppleWebKit/537.36 (KHTML, like Gecko) Chrome/92.0.4515.131 Safari/537.36"
93.83.167.130 - - [10/Aug/2021:19:01:01 +0200] "GET /reload?ser=1628614860427 HTTP/1.1" 200 28 "http://renault.activities.at/login?required=true" "Mozilla/5.0 (Windows NT 10.0; Win64; x64) AppleWebKit/537.36 (KHTML, like Gecko) Chrome/92.0.4515.131 Safari/537.36"
93.83.167.130 - - [10/Aug/2021:19:02:02 +0200] "GET /reload?ser=1628614921429 HTTP/1.1" 200 28 "http://renault.activities.at/login?required=true" "Mozilla/5.0 (Windows NT 10.0; Win64; x64) AppleWebKit/537.36 (KHTML, like Gecko) Chrome/92.0.4515.131 Safari/537.36"
93.83.167.130 - - [10/Aug/2021:19:03:03 +0200] "GET /reload?ser=1628614982431 HTTP/1.1" 200 28 "http://renault.activities.at/login?required=true" "Mozilla/5.0 (Windows NT 10.0; Win64; x64) AppleWebKit/537.36 (KHTML, like Gecko) Chrome/92.0.4515.131 Safari/537.36"
93.83.167.130 - - [10/Aug/2021:19:04:04 +0200] "GET /reload?ser=1628615043431 HTTP/1.1" 200 28 "http://renault.activities.at/login?required=true" "Mozilla/5.0 (Windows NT 10.0; Win64; x64) AppleWebKit/537.36 (KHTML, like Gecko) Chrome/92.0.4515.131 Safari/537.36"
93.83.167.130 - - [10/Aug/2021:19:05:05 +0200] "GET /reload?ser=1628615104434 HTTP/1.1" 200 28 "http://renault.activities.at/login?required=true" "Mozilla/5.0 (Windows NT 10.0; Win64; x64) AppleWebKit/537.36 (KHTML, like Gecko) Chrome/92.0.4515.131 Safari/537.36"
40.77.167.100 - - [10/Aug/2021:19:06:03 +0200] "GET / HTTP/1.1" 200 3086 "-" "Mozilla/5.0 (compatible; bingbot/2.0; +http://www.bing.com/bingbot.htm)"
93.83.167.130 - - [10/Aug/2021:19:06:06 +0200] "GET /reload?ser=1628615165421 HTTP/1.1" 200 28 "http://renault.activities.at/login?required=true" "Mozilla/5.0 (Windows NT 10.0; Win64; x64) AppleWebKit/537.36 (KHTML, like Gecko) Chrome/92.0.4515.131 Safari/537.36"
40.77.188.92 - - [10/Aug/2021:19:06:10 +0200] "GET /js/flashdetection.js HTTP/1.1" 200 2841 "-" "Mozilla/5.0 (Windows NT 6.1; WOW64) AppleWebKit/534+ (KHTML, like Gecko) BingPreview/1.0b"
40.77.188.161 - - [10/Aug/2021:19:06:10 +0200] "GET /css/reset.css HTTP/1.1" 200 3591 "-" "Mozilla/5.0 (Windows NT 6.1; WOW64) AppleWebKit/534+ (KHTML, like Gecko) BingPreview/1.0b"
40.77.189.53 - - [10/Aug/2021:19:06:10 +0200] "GET /css/clears.css HTTP/1.1" 200 1978 "-" "Mozilla/5.0 (Windows NT 6.1; WOW64) AppleWebKit/534+ (KHTML, like Gecko) BingPreview/1.0b"
40.77.189.249 - - [10/Aug/2021:19:06:10 +0200] "GET /js/checkout.css HTTP/1.1" 200 767 "-" "Mozilla/5.0 (Windows NT 6.1; WOW64) AppleWebKit/534+ (KHTML, like Gecko) BingPreview/1.0b"
40.77.190.218 - - [10/Aug/2021:19:06:11 +0200] "GET /css/prototip.css HTTP/1.1" 200 3299 "-" "Mozilla/5.0 (Windows NT 6.1; WOW64) AppleWebKit/534+ (KHTML, like Gecko) BingPreview/1.0b"
40.77.189.47 - - [10/Aug/2021:19:06:11 +0200] "GET /css/themes/alphacube.css HTTP/1.1" 200 2665 "-" "Mozilla/5.0 (Windows NT 6.1; WOW64) AppleWebKit/534+ (KHTML, like Gecko) BingPreview/1.0b"
40.77.189.12 - - [10/Aug/2021:19:06:11 +0200] "GET /css/themes/default.css HTTP/1.1" 200 2674 "-" "Mozilla/5.0 (Windows NT 6.1; WOW64) AppleWebKit/534+ (KHTML, like Gecko) BingPreview/1.0b"
40.77.189.182 - - [10/Aug/2021:19:06:10 +0200] "GET /css/styles.css HTTP/1.1" 200 78636 "-" "Mozilla/5.0 (Windows NT 6.1; WOW64) AppleWebKit/534+ (KHTML, like Gecko) BingPreview/1.0b"
40.77.189.249 - - [10/Aug/2021:19:06:11 +0200] "GET /css/print.css HTTP/1.1" 200 1042 "-" "Mozilla/5.0 (Windows NT 6.1; WOW64) AppleWebKit/534+ (KHTML, like Gecko) BingPreview/1.0b"
40.77.190.67 - - [10/Aug/2021:19:06:11 +0200] "GET /loadthumbnail.php?id=11127982 HTTP/1.1" 200 586642 "-" "Mozilla/5.0 (Windows NT 6.1; WOW64) AppleWebKit/534+ (KHTML, like Gecko) BingPreview/1.0b"
93.83.167.130 - - [10/Aug/2021:19:07:07 +0200] "GET /reload?ser=1628615226422 HTTP/1.1" 200 28 "http://renault.activities.at/login?required=true" "Mozilla/5.0 (Windows NT 10.0; Win64; x64) AppleWebKit/537.36 (KHTML, like Gecko) Chrome/92.0.4515.131 Safari/537.36"
93.83.167.130 - - [10/Aug/2021:19:08:08 +0200] "GET /reload?ser=1628615287426 HTTP/1.1" 200 28 "http://renault.activities.at/login?required=true" "Mozilla/5.0 (Windows NT 10.0; Win64; x64) AppleWebKit/537.36 (KHTML, like Gecko) Chrome/92.0.4515.131 Safari/537.36"
93.83.167.130 - - [10/Aug/2021:19:09:09 +0200] "GET /reload?ser=1628615348425 HTTP/1.1" 200 28 "http://renault.activities.at/login?required=true" "Mozilla/5.0 (Windows NT 10.0; Win64; x64) AppleWebKit/537.36 (KHTML, like Gecko) Chrome/92.0.4515.131 Safari/537.36"
93.83.167.130 - - [10/Aug/2021:19:10:10 +0200] "GET /reload?ser=1628615409430 HTTP/1.1" 200 28 "http://renault.activities.at/login?required=true" "Mozilla/5.0 (Windows NT 10.0; Win64; x64) AppleWebKit/537.36 (KHTML, like Gecko) Chrome/92.0.4515.131 Safari/537.36"
93.83.167.130 - - [10/Aug/2021:19:11:11 +0200] "GET /reload?ser=1628615470432 HTTP/1.1" 200 28 "http://renault.activities.at/login?required=true" "Mozilla/5.0 (Windows NT 10.0; Win64; x64) AppleWebKit/537.36 (KHTML, like Gecko) Chrome/92.0.4515.131 Safari/537.36"
93.83.167.130 - - [10/Aug/2021:19:12:12 +0200] "GET /reload?ser=1628615531434 HTTP/1.1" 200 28 "http://renault.activities.at/login?required=true" "Mozilla/5.0 (Windows NT 10.0; Win64; x64) AppleWebKit/537.36 (KHTML, like Gecko) Chrome/92.0.4515.131 Safari/537.36"
93.83.167.130 - - [10/Aug/2021:19:13:13 +0200] "GET /reload?ser=1628615592435 HTTP/1.1" 200 28 "http://renault.activities.at/login?required=true" "Mozilla/5.0 (Windows NT 10.0; Win64; x64) AppleWebKit/537.36 (KHTML, like Gecko) Chrome/92.0.4515.131 Safari/537.36"
93.83.167.130 - - [10/Aug/2021:19:14:14 +0200] "GET /reload?ser=1628615653422 HTTP/1.1" 200 28 "http://renault.activities.at/login?required=true" "Mozilla/5.0 (Windows NT 10.0; Win64; x64) AppleWebKit/537.36 (KHTML, like Gecko) Chrome/92.0.4515.131 Safari/537.36"
93.83.167.130 - - [10/Aug/2021:19:15:15 +0200] "GET /reload?ser=1628615714424 HTTP/1.1" 200 28 "http://renault.activities.at/login?required=true" "Mozilla/5.0 (Windows NT 10.0; Win64; x64) AppleWebKit/537.36 (KHTML, like Gecko) Chrome/92.0.4515.131 Safari/537.36"
93.83.167.130 - - [10/Aug/2021:19:16:16 +0200] "GET /reload?ser=1628615775426 HTTP/1.1" 200 28 "http://renault.activities.at/login?required=true" "Mozilla/5.0 (Windows NT 10.0; Win64; x64) AppleWebKit/537.36 (KHTML, like Gecko) Chrome/92.0.4515.131 Safari/537.36"
93.83.167.130 - - [10/Aug/2021:19:17:17 +0200] "GET /reload?ser=1628615836428 HTTP/1.1" 200 28 "http://renault.activities.at/login?required=true" "Mozilla/5.0 (Windows NT 10.0; Win64; x64) AppleWebKit/537.36 (KHTML, like Gecko) Chrome/92.0.4515.131 Safari/537.36"
93.83.167.130 - - [10/Aug/2021:19:18:18 +0200] "GET /reload?ser=1628615897430 HTTP/1.1" 200 28 "http://renault.activities.at/login?required=true" "Mozilla/5.0 (Windows NT 10.0; Win64; x64) AppleWebKit/537.36 (KHTML, like Gecko) Chrome/92.0.4515.131 Safari/537.36"
93.83.167.130 - - [10/Aug/2021:19:19:19 +0200] "GET /reload?ser=1628615958432 HTTP/1.1" 200 28 "http://renault.activities.at/login?required=true" "Mozilla/5.0 (Windows NT 10.0; Win64; x64) AppleWebKit/537.36 (KHTML, like Gecko) Chrome/92.0.4515.131 Safari/537.36"
93.83.167.130 - - [10/Aug/2021:19:20:20 +0200] "GET /reload?ser=1628616019434 HTTP/1.1" 200 28 "http://renault.activities.at/login?required=true" "Mozilla/5.0 (Windows NT 10.0; Win64; x64) AppleWebKit/537.36 (KHTML, like Gecko) Chrome/92.0.4515.131 Safari/537.36"
93.83.167.130 - - [10/Aug/2021:19:21:21 +0200] "GET /reload?ser=1628616080436 HTTP/1.1" 200 28 "http://renault.activities.at/login?required=true" "Mozilla/5.0 (Windows NT 10.0; Win64; x64) AppleWebKit/537.36 (KHTML, like Gecko) Chrome/92.0.4515.131 Safari/537.36"
93.83.167.130 - - [10/Aug/2021:19:22:22 +0200] "GET /reload?ser=1628616141432 HTTP/1.1" 200 28 "http://renault.activities.at/login?required=true" "Mozilla/5.0 (Windows NT 10.0; Win64; x64) AppleWebKit/537.36 (KHTML, like Gecko) Chrome/92.0.4515.131 Safari/537.36"
93.83.167.130 - - [10/Aug/2021:19:23:23 +0200] "GET /reload?ser=1628616202432 HTTP/1.1" 200 28 "http://renault.activities.at/login?required=true" "Mozilla/5.0 (Windows NT 10.0; Win64; x64) AppleWebKit/537.36 (KHTML, like Gecko) Chrome/92.0.4515.131 Safari/537.36"
93.83.167.130 - - [10/Aug/2021:19:24:24 +0200] "GET /reload?ser=1628616263426 HTTP/1.1" 200 28 "http://renault.activities.at/login?required=true" "Mozilla/5.0 (Windows NT 10.0; Win64; x64) AppleWebKit/537.36 (KHTML, like Gecko) Chrome/92.0.4515.131 Safari/537.36"
93.83.167.130 - - [10/Aug/2021:19:25:25 +0200] "GET /reload?ser=1628616324429 HTTP/1.1" 200 28 "http://renault.activities.at/login?required=true" "Mozilla/5.0 (Windows NT 10.0; Win64; x64) AppleWebKit/537.36 (KHTML, like Gecko) Chrome/92.0.4515.131 Safari/537.36"
93.83.167.130 - - [10/Aug/2021:19:26:26 +0200] "GET /reload?ser=1628616385432 HTTP/1.1" 200 28 "http://renault.activities.at/login?required=true" "Mozilla/5.0 (Windows NT 10.0; Win64; x64) AppleWebKit/537.36 (KHTML, like Gecko) Chrome/92.0.4515.131 Safari/537.36"
93.83.167.130 - - [10/Aug/2021:19:27:27 +0200] "GET /reload?ser=1628616446434 HTTP/1.1" 200 28 "http://renault.activities.at/login?required=true" "Mozilla/5.0 (Windows NT 10.0; Win64; x64) AppleWebKit/537.36 (KHTML, like Gecko) Chrome/92.0.4515.131 Safari/537.36"
93.83.167.130 - - [10/Aug/2021:19:28:28 +0200] "GET /reload?ser=1628616507434 HTTP/1.1" 200 28 "http://renault.activities.at/login?required=true" "Mozilla/5.0 (Windows NT 10.0; Win64; x64) AppleWebKit/537.36 (KHTML, like Gecko) Chrome/92.0.4515.131 Safari/537.36"
93.83.167.130 - - [10/Aug/2021:19:29:29 +0200] "GET /reload?ser=1628616568421 HTTP/1.1" 200 28 "http://renault.activities.at/login?required=true" "Mozilla/5.0 (Windows NT 10.0; Win64; x64) AppleWebKit/537.36 (KHTML, like Gecko) Chrome/92.0.4515.131 Safari/537.36"
93.83.167.130 - - [10/Aug/2021:19:30:30 +0200] "GET /reload?ser=1628616629424 HTTP/1.1" 200 28 "http://renault.activities.at/login?required=true" "Mozilla/5.0 (Windows NT 10.0; Win64; x64) AppleWebKit/537.36 (KHTML, like Gecko) Chrome/92.0.4515.131 Safari/537.36"
93.83.167.130 - - [10/Aug/2021:19:31:31 +0200] "GET /reload?ser=1628616690426 HTTP/1.1" 200 28 "http://renault.activities.at/login?required=true" "Mozilla/5.0 (Windows NT 10.0; Win64; x64) AppleWebKit/537.36 (KHTML, like Gecko) Chrome/92.0.4515.131 Safari/537.36"
93.83.167.130 - - [10/Aug/2021:19:32:32 +0200] "GET /reload?ser=1628616751424 HTTP/1.1" 200 28 "http://renault.activities.at/login?required=true" "Mozilla/5.0 (Windows NT 10.0; Win64; x64) AppleWebKit/537.36 (KHTML, like Gecko) Chrome/92.0.4515.131 Safari/537.36"
93.83.167.130 - - [10/Aug/2021:19:33:33 +0200] "GET /reload?ser=1628616812430 HTTP/1.1" 200 28 "http://renault.activities.at/login?required=true" "Mozilla/5.0 (Windows NT 10.0; Win64; x64) AppleWebKit/537.36 (KHTML, like Gecko) Chrome/92.0.4515.131 Safari/537.36"
93.83.167.130 - - [10/Aug/2021:19:34:34 +0200] "GET /reload?ser=1628616873432 HTTP/1.1" 200 28 "http://renault.activities.at/login?required=true" "Mozilla/5.0 (Windows NT 10.0; Win64; x64) AppleWebKit/537.36 (KHTML, like Gecko) Chrome/92.0.4515.131 Safari/537.36"
93.83.167.130 - - [10/Aug/2021:19:35:35 +0200] "GET /reload?ser=1628616934434 HTTP/1.1" 200 28 "http://renault.activities.at/login?required=true" "Mozilla/5.0 (Windows NT 10.0; Win64; x64) AppleWebKit/537.36 (KHTML, like Gecko) Chrome/92.0.4515.131 Safari/537.36"
93.83.167.130 - - [10/Aug/2021:19:36:36 +0200] "GET /reload?ser=1628616995435 HTTP/1.1" 200 28 "http://renault.activities.at/login?required=true" "Mozilla/5.0 (Windows NT 10.0; Win64; x64) AppleWebKit/537.36 (KHTML, like Gecko) Chrome/92.0.4515.131 Safari/537.36"
93.83.167.130 - - [10/Aug/2021:19:37:37 +0200] "GET /reload?ser=1628617056422 HTTP/1.1" 200 28 "http://renault.activities.at/login?required=true" "Mozilla/5.0 (Windows NT 10.0; Win64; x64) AppleWebKit/537.36 (KHTML, like Gecko) Chrome/92.0.4515.131 Safari/537.36"
93.83.167.130 - - [10/Aug/2021:19:38:38 +0200] "GET /reload?ser=1628617117424 HTTP/1.1" 200 28 "http://renault.activities.at/login?required=true" "Mozilla/5.0 (Windows NT 10.0; Win64; x64) AppleWebKit/537.36 (KHTML, like Gecko) Chrome/92.0.4515.131 Safari/537.36"
93.83.167.130 - - [10/Aug/2021:19:39:39 +0200] "GET /reload?ser=1628617178436 HTTP/1.1" 200 28 "http://renault.activities.at/login?required=true" "Mozilla/5.0 (Windows NT 10.0; Win64; x64) AppleWebKit/537.36 (KHTML, like Gecko) Chrome/92.0.4515.131 Safari/537.36"
93.83.167.130 - - [10/Aug/2021:19:40:40 +0200] "GET /reload?ser=1628617239429 HTTP/1.1" 200 28 "http://renault.activities.at/login?required=true" "Mozilla/5.0 (Windows NT 10.0; Win64; x64) AppleWebKit/537.36 (KHTML, like Gecko) Chrome/92.0.4515.131 Safari/537.36"
93.83.167.130 - - [10/Aug/2021:19:41:41 +0200] "GET /reload?ser=1628617300433 HTTP/1.1" 200 28 "http://renault.activities.at/login?required=true" "Mozilla/5.0 (Windows NT 10.0; Win64; x64) AppleWebKit/537.36 (KHTML, like Gecko) Chrome/92.0.4515.131 Safari/537.36"
93.83.167.130 - - [10/Aug/2021:19:42:42 +0200] "GET /reload?ser=1628617361427 HTTP/1.1" 200 28 "http://renault.activities.at/login?required=true" "Mozilla/5.0 (Windows NT 10.0; Win64; x64) AppleWebKit/537.36 (KHTML, like Gecko) Chrome/92.0.4515.131 Safari/537.36"
93.83.167.130 - - [10/Aug/2021:19:43:43 +0200] "GET /reload?ser=1628617422433 HTTP/1.1" 200 28 "http://renault.activities.at/login?required=true" "Mozilla/5.0 (Windows NT 10.0; Win64; x64) AppleWebKit/537.36 (KHTML, like Gecko) Chrome/92.0.4515.131 Safari/537.36"
