80.120.210.179 - - [13/Aug/2021:11:37:44 +0200] "GET /loadthumbnail.php?id=11538169&width=113 HTTP/1.1" 200 20088 "http://renault.activities.at/10201442?dir=ASC&mode=grid&order=price&limit=15&page=3" "Mozilla/5.0 (Windows NT 10.0; Win64; x64) AppleWebKit/537.36 (KHTML, like Gecko) Chrome/92.0.4515.131 Safari/537.36"
80.120.210.179 - - [13/Aug/2021:11:37:53 +0200] "GET /reload?ser=1628847473901 HTTP/1.1" 200 28 "http://renault.activities.at/result?searchterm=true&search=Werbung" "Mozilla/5.0 (Windows NT 10.0; WOW64; Trident/7.0; rv:11.0) like Gecko"
80.120.210.179 - - [13/Aug/2021:11:37:52 +0200] "GET /10201442?dir=ASC&mode=grid&order=price&limit=15&page=4 HTTP/1.1" 200 9464 "http://renault.activities.at/10201442?dir=ASC&mode=grid&order=price&limit=15&page=3" "Mozilla/5.0 (Windows NT 10.0; Win64; x64) AppleWebKit/537.36 (KHTML, like Gecko) Chrome/92.0.4515.131 Safari/537.36"
80.120.210.179 - - [13/Aug/2021:11:37:55 +0200] "GET /loadthumbnail.php?id=11976076&width=113 HTTP/1.1" 200 17152 "http://renault.activities.at/10201442?dir=ASC&mode=grid&order=price&limit=15&page=4" "Mozilla/5.0 (Windows NT 10.0; Win64; x64) AppleWebKit/537.36 (KHTML, like Gecko) Chrome/92.0.4515.131 Safari/537.36"
80.120.210.179 - - [13/Aug/2021:11:37:55 +0200] "GET /loadthumbnail.php?id=12244839&width=113 HTTP/1.1" 200 21692 "http://renault.activities.at/10201442?dir=ASC&mode=grid&order=price&limit=15&page=4" "Mozilla/5.0 (Windows NT 10.0; Win64; x64) AppleWebKit/537.36 (KHTML, like Gecko) Chrome/92.0.4515.131 Safari/537.36"
80.120.210.179 - - [13/Aug/2021:11:37:55 +0200] "GET /loadthumbnail.php?id=12230318&width=113 HTTP/1.1" 200 2255 "http://renault.activities.at/10201442?dir=ASC&mode=grid&order=price&limit=15&page=4" "Mozilla/5.0 (Windows NT 10.0; Win64; x64) AppleWebKit/537.36 (KHTML, like Gecko) Chrome/92.0.4515.131 Safari/537.36"
80.120.210.179 - - [13/Aug/2021:11:37:55 +0200] "GET /loadthumbnail.php?id=12388134&width=113 HTTP/1.1" 200 1524 "http://renault.activities.at/10201442?dir=ASC&mode=grid&order=price&limit=15&page=4" "Mozilla/5.0 (Windows NT 10.0; Win64; x64) AppleWebKit/537.36 (KHTML, like Gecko) Chrome/92.0.4515.131 Safari/537.36"
80.122.35.214 - - [13/Aug/2021:11:38:03 +0200] "GET /reload?ser=1628847482188 HTTP/1.1" 200 28 "http://renault.2web.at/success" "Mozilla/5.0 (Windows NT 10.0; WOW64; Trident/7.0; rv:11.0) like Gecko"
80.120.210.179 - - [13/Aug/2021:11:38:12 +0200] "GET /10201442?dir=ASC&mode=grid&order=price&limit=15&page=5 HTTP/1.1" 200 9419 "http://renault.activities.at/10201442?dir=ASC&mode=grid&order=price&limit=15&page=4" "Mozilla/5.0 (Windows NT 10.0; Win64; x64) AppleWebKit/537.36 (KHTML, like Gecko) Chrome/92.0.4515.131 Safari/537.36"
80.120.210.179 - - [13/Aug/2021:11:38:16 +0200] "GET /loadthumbnail.php?id=12230337&width=113 HTTP/1.1" 200 2209 "http://renault.activities.at/10201442?dir=ASC&mode=grid&order=price&limit=15&page=5" "Mozilla/5.0 (Windows NT 10.0; Win64; x64) AppleWebKit/537.36 (KHTML, like Gecko) Chrome/92.0.4515.131 Safari/537.36"
80.120.210.179 - - [13/Aug/2021:11:38:16 +0200] "GET /loadthumbnail.php?id=11831340&width=113 HTTP/1.1" 200 4684 "http://renault.activities.at/10201442?dir=ASC&mode=grid&order=price&limit=15&page=5" "Mozilla/5.0 (Windows NT 10.0; Win64; x64) AppleWebKit/537.36 (KHTML, like Gecko) Chrome/92.0.4515.131 Safari/537.36"
80.120.210.179 - - [13/Aug/2021:11:38:16 +0200] "GET /loadthumbnail.php?id=12244843&width=113 HTTP/1.1" 200 6390 "http://renault.activities.at/10201442?dir=ASC&mode=grid&order=price&limit=15&page=5" "Mozilla/5.0 (Windows NT 10.0; Win64; x64) AppleWebKit/537.36 (KHTML, like Gecko) Chrome/92.0.4515.131 Safari/537.36"
80.120.210.179 - - [13/Aug/2021:11:38:16 +0200] "GET /loadthumbnail.php?id=12299988&width=113 HTTP/1.1" 200 2207 "http://renault.activities.at/10201442?dir=ASC&mode=grid&order=price&limit=15&page=5" "Mozilla/5.0 (Windows NT 10.0; Win64; x64) AppleWebKit/537.36 (KHTML, like Gecko) Chrome/92.0.4515.131 Safari/537.36"
193.81.230.171 - - [13/Aug/2021:11:38:37 +0200] "GET /reload?ser=1628847517020 HTTP/1.1" 200 28 "http://renault.activities.at/12438662" "Mozilla/5.0 (Windows NT 10.0; Win64; x64) AppleWebKit/537.36 (KHTML, like Gecko) Chrome/92.0.4515.131 Safari/537.36"
80.120.210.179 - - [13/Aug/2021:11:38:33 +0200] "GET /checkout HTTP/1.1" 200 10264 "http://renault.activities.at/10201442?dir=ASC&mode=grid&order=price&limit=15&page=5" "Mozilla/5.0 (Windows NT 10.0; Win64; x64) AppleWebKit/537.36 (KHTML, like Gecko) Chrome/92.0.4515.131 Safari/537.36"
80.120.210.179 - - [13/Aug/2021:11:38:38 +0200] "GET /js/checkout2.js HTTP/1.1" 200 4122 "http://renault.activities.at/checkout" "Mozilla/5.0 (Windows NT 10.0; Win64; x64) AppleWebKit/537.36 (KHTML, like Gecko) Chrome/92.0.4515.131 Safari/537.36"
80.120.210.179 - - [13/Aug/2021:11:38:38 +0200] "GET /loadthumbnail.php?id=10201939 HTTP/1.1" 200 201 "http://renault.activities.at/checkout" "Mozilla/5.0 (Windows NT 10.0; Win64; x64) AppleWebKit/537.36 (KHTML, like Gecko) Chrome/92.0.4515.131 Safari/537.36"
80.120.210.179 - - [13/Aug/2021:11:38:38 +0200] "GET /images/step_bg.jpg HTTP/1.1" 200 319 "http://renault.activities.at/css/styles.css" "Mozilla/5.0 (Windows NT 10.0; Win64; x64) AppleWebKit/537.36 (KHTML, like Gecko) Chrome/92.0.4515.131 Safari/537.36"
80.120.210.179 - - [13/Aug/2021:11:38:38 +0200] "GET /images/step_marker.gif HTTP/1.1" 200 650 "http://renault.activities.at/css/styles.css" "Mozilla/5.0 (Windows NT 10.0; Win64; x64) AppleWebKit/537.36 (KHTML, like Gecko) Chrome/92.0.4515.131 Safari/537.36"
80.120.210.179 - - [13/Aug/2021:11:38:38 +0200] "GET /images/checkout_border_top.gif HTTP/1.1" 200 156 "http://renault.activities.at/css/styles.css" "Mozilla/5.0 (Windows NT 10.0; Win64; x64) AppleWebKit/537.36 (KHTML, like Gecko) Chrome/92.0.4515.131 Safari/537.36"
80.120.210.179 - - [13/Aug/2021:11:38:38 +0200] "GET /images/checkout_border.gif HTTP/1.1" 200 43 "http://renault.activities.at/css/styles.css" "Mozilla/5.0 (Windows NT 10.0; Win64; x64) AppleWebKit/537.36 (KHTML, like Gecko) Chrome/92.0.4515.131 Safari/537.36"
80.120.210.179 - - [13/Aug/2021:11:38:38 +0200] "GET /loadthumbnail.php?id=10202698 HTTP/1.1" 200 16686 "http://renault.activities.at/checkout" "Mozilla/5.0 (Windows NT 10.0; Win64; x64) AppleWebKit/537.36 (KHTML, like Gecko) Chrome/92.0.4515.131 Safari/537.36"
80.120.210.179 - - [13/Aug/2021:11:38:40 +0200] "GET /action HTTP/1.1" 200 3967 "http://renault.activities.at/checkout" "Mozilla/5.0 (Windows NT 10.0; Win64; x64) AppleWebKit/537.36 (KHTML, like Gecko) Chrome/92.0.4515.131 Safari/537.36"
80.120.210.179 - - [13/Aug/2021:11:38:45 +0200] "GET /action?mode=1 HTTP/1.1" 200 3967 "http://renault.activities.at/action" "Mozilla/5.0 (Windows NT 10.0; Win64; x64) AppleWebKit/537.36 (KHTML, like Gecko) Chrome/92.0.4515.131 Safari/537.36"
80.122.35.214 - - [13/Aug/2021:11:39:04 +0200] "GET /reload?ser=1628847543164 HTTP/1.1" 200 28 "http://renault.2web.at/success" "Mozilla/5.0 (Windows NT 10.0; WOW64; Trident/7.0; rv:11.0) like Gecko"
80.120.210.179 - - [13/Aug/2021:11:39:15 +0200] "GET /12438662 HTTP/1.1" 200 8325 "http://renault.activities.at/action?mode=1" "Mozilla/5.0 (Windows NT 10.0; Win64; x64) AppleWebKit/537.36 (KHTML, like Gecko) Chrome/92.0.4515.131 Safari/537.36"
80.120.210.179 - - [13/Aug/2021:11:39:20 +0200] "GET /account HTTP/1.1" 200 6193 "http://renault.activities.at/12438662" "Mozilla/5.0 (Windows NT 10.0; Win64; x64) AppleWebKit/537.36 (KHTML, like Gecko) Chrome/92.0.4515.131 Safari/537.36"
80.120.210.179 - - [13/Aug/2021:11:39:29 +0200] "GET /12425295 HTTP/1.1" 200 6165 "http://renault.activities.at/account" "Mozilla/5.0 (Windows NT 10.0; Win64; x64) AppleWebKit/537.36 (KHTML, like Gecko) Chrome/92.0.4515.131 Safari/537.36"
80.120.210.179 - - [13/Aug/2021:11:39:32 +0200] "GET /images/icons/lupe.gif HTTP/1.1" 200 324 "http://renault.activities.at/12425295" "Mozilla/5.0 (Windows NT 10.0; Win64; x64) AppleWebKit/537.36 (KHTML, like Gecko) Chrome/92.0.4515.131 Safari/537.36"
193.81.230.171 - - [13/Aug/2021:11:39:38 +0200] "GET /reload?ser=1628847578017 HTTP/1.1" 200 28 "http://renault.activities.at/12438662" "Mozilla/5.0 (Windows NT 10.0; Win64; x64) AppleWebKit/537.36 (KHTML, like Gecko) Chrome/92.0.4515.131 Safari/537.36"
80.122.35.214 - - [13/Aug/2021:11:40:05 +0200] "GET /reload?ser=1628847604113 HTTP/1.1" 200 28 "http://renault.2web.at/success" "Mozilla/5.0 (Windows NT 10.0; WOW64; Trident/7.0; rv:11.0) like Gecko"
80.120.210.179 - - [13/Aug/2021:11:40:32 +0200] "GET /reload?ser=1628847632966 HTTP/1.1" 200 28 "http://renault.activities.at/12425295" "Mozilla/5.0 (Windows NT 10.0; Win64; x64) AppleWebKit/537.36 (KHTML, like Gecko) Chrome/92.0.4515.131 Safari/537.36"
193.81.230.171 - - [13/Aug/2021:11:40:39 +0200] "GET /reload?ser=1628847639012 HTTP/1.1" 200 28 "http://renault.activities.at/12438662" "Mozilla/5.0 (Windows NT 10.0; Win64; x64) AppleWebKit/537.36 (KHTML, like Gecko) Chrome/92.0.4515.131 Safari/537.36"
80.122.35.214 - - [13/Aug/2021:11:41:06 +0200] "GET /reload?ser=1628847665066 HTTP/1.1" 200 28 "http://renault.2web.at/success" "Mozilla/5.0 (Windows NT 10.0; WOW64; Trident/7.0; rv:11.0) like Gecko"
80.120.210.179 - - [13/Aug/2021:11:41:33 +0200] "GET /reload?ser=1628847693962 HTTP/1.1" 200 28 "http://renault.activities.at/12425295" "Mozilla/5.0 (Windows NT 10.0; Win64; x64) AppleWebKit/537.36 (KHTML, like Gecko) Chrome/92.0.4515.131 Safari/537.36"
193.81.230.171 - - [13/Aug/2021:11:41:40 +0200] "GET /reload?ser=1628847700011 HTTP/1.1" 200 28 "http://renault.activities.at/12438662" "Mozilla/5.0 (Windows NT 10.0; Win64; x64) AppleWebKit/537.36 (KHTML, like Gecko) Chrome/92.0.4515.131 Safari/537.36"
80.120.210.179 - - [13/Aug/2021:11:41:54 +0200] "GET /action HTTP/1.1" 200 3967 "http://renault.activities.at/12425295" "Mozilla/5.0 (Windows NT 10.0; Win64; x64) AppleWebKit/537.36 (KHTML, like Gecko) Chrome/92.0.4515.131 Safari/537.36"
80.120.210.179 - - [13/Aug/2021:11:41:58 +0200] "GET /account HTTP/1.1" 200 6193 "http://renault.activities.at/action" "Mozilla/5.0 (Windows NT 10.0; Win64; x64) AppleWebKit/537.36 (KHTML, like Gecko) Chrome/92.0.4515.131 Safari/537.36"
80.120.210.179 - - [13/Aug/2021:11:42:02 +0200] "GET /cart HTTP/1.1" 200 5053 "http://renault.activities.at/account" "Mozilla/5.0 (Windows NT 10.0; Win64; x64) AppleWebKit/537.36 (KHTML, like Gecko) Chrome/92.0.4515.131 Safari/537.36"
80.120.210.179 - - [13/Aug/2021:11:42:04 +0200] "GET /loadthumbnail.php?id=10232009&width=16&height=16 HTTP/1.1" 200 700 "http://renault.activities.at/cart" "Mozilla/5.0 (Windows NT 10.0; Win64; x64) AppleWebKit/537.36 (KHTML, like Gecko) Chrome/92.0.4515.131 Safari/537.36"
80.120.210.179 - - [13/Aug/2021:11:42:04 +0200] "GET /loadthumbnail.php?id=11730248&width=100 HTTP/1.1" 200 3924 "http://renault.activities.at/cart" "Mozilla/5.0 (Windows NT 10.0; Win64; x64) AppleWebKit/537.36 (KHTML, like Gecko) Chrome/92.0.4515.131 Safari/537.36"
80.122.35.214 - - [13/Aug/2021:11:42:07 +0200] "GET /reload?ser=1628847726019 HTTP/1.1" 200 28 "http://renault.2web.at/success" "Mozilla/5.0 (Windows NT 10.0; WOW64; Trident/7.0; rv:11.0) like Gecko"
80.120.210.179 - - [13/Aug/2021:11:42:10 +0200] "POST /cart HTTP/1.1" 200 3857 "http://renault.activities.at/cart" "Mozilla/5.0 (Windows NT 10.0; Win64; x64) AppleWebKit/537.36 (KHTML, like Gecko) Chrome/92.0.4515.131 Safari/537.36"
80.120.210.179 - - [13/Aug/2021:11:42:12 +0200] "GET /action HTTP/1.1" 200 3967 "http://renault.activities.at/cart" "Mozilla/5.0 (Windows NT 10.0; Win64; x64) AppleWebKit/537.36 (KHTML, like Gecko) Chrome/92.0.4515.131 Safari/537.36"
80.120.210.179 - - [13/Aug/2021:11:42:15 +0200] "GET /12438662 HTTP/1.1" 200 8325 "http://renault.activities.at/action" "Mozilla/5.0 (Windows NT 10.0; Win64; x64) AppleWebKit/537.36 (KHTML, like Gecko) Chrome/92.0.4515.131 Safari/537.36"
80.120.210.179 - - [13/Aug/2021:11:42:19 +0200] "GET /insertactionorder?print=true&Document=12446755&Event=12438662&action=insert&article=12438625&amount=1 HTTP/1.1" 200 2357 "http://renault.activities.at/12438662" "Mozilla/5.0 (Windows NT 10.0; Win64; x64) AppleWebKit/537.36 (KHTML, like Gecko) Chrome/92.0.4515.131 Safari/537.36"
80.120.210.179 - - [13/Aug/2021:11:42:30 +0200] "GET /cart HTTP/1.1" 200 3768 "http://renault.activities.at/12438662" "Mozilla/5.0 (Windows NT 10.0; Win64; x64) AppleWebKit/537.36 (KHTML, like Gecko) Chrome/92.0.4515.131 Safari/537.36"
80.120.210.179 - - [13/Aug/2021:11:42:34 +0200] "GET /account HTTP/1.1" 200 6099 "http://renault.activities.at/cart" "Mozilla/5.0 (Windows NT 10.0; Win64; x64) AppleWebKit/537.36 (KHTML, like Gecko) Chrome/92.0.4515.131 Safari/537.36"
80.120.210.179 - - [13/Aug/2021:11:42:39 +0200] "GET /action HTTP/1.1" 200 3967 "http://renault.activities.at/account" "Mozilla/5.0 (Windows NT 10.0; Win64; x64) AppleWebKit/537.36 (KHTML, like Gecko) Chrome/92.0.4515.131 Safari/537.36"
193.81.230.171 - - [13/Aug/2021:11:42:41 +0200] "GET /reload?ser=1628847761011 HTTP/1.1" 200 28 "http://renault.activities.at/12438662" "Mozilla/5.0 (Windows NT 10.0; Win64; x64) AppleWebKit/537.36 (KHTML, like Gecko) Chrome/92.0.4515.131 Safari/537.36"
80.120.210.179 - - [13/Aug/2021:11:42:47 +0200] "GET /12438662 HTTP/1.1" 200 8334 "http://renault.activities.at/action" "Mozilla/5.0 (Windows NT 10.0; Win64; x64) AppleWebKit/537.36 (KHTML, like Gecko) Chrome/92.0.4515.131 Safari/537.36"
80.120.210.179 - - [13/Aug/2021:11:43:01 +0200] "POST /updateactionorder?req=true HTTP/1.1" 200 1232 "http://renault.activities.at/12438662" "Mozilla/5.0 (Windows NT 10.0; Win64; x64) AppleWebKit/537.36 (KHTML, like Gecko) Chrome/92.0.4515.131 Safari/537.36"
80.122.35.214 - - [13/Aug/2021:11:43:08 +0200] "GET /reload?ser=1628847787006 HTTP/1.1" 200 28 "http://renault.2web.at/success" "Mozilla/5.0 (Windows NT 10.0; WOW64; Trident/7.0; rv:11.0) like Gecko"
80.120.210.179 - - [13/Aug/2021:11:43:18 +0200] "GET /12446755?print=true HTTP/1.1" 200 2067 "http://renault.activities.at/12438662" "Mozilla/5.0 (Windows NT 10.0; Win64; x64) AppleWebKit/537.36 (KHTML, like Gecko) Chrome/92.0.4515.131 Safari/537.36"
193.81.230.171 - - [13/Aug/2021:11:43:43 +0200] "GET /reload?ser=1628847823012 HTTP/1.1" 200 28 "http://renault.activities.at/12438662" "Mozilla/5.0 (Windows NT 10.0; Win64; x64) AppleWebKit/537.36 (KHTML, like Gecko) Chrome/92.0.4515.131 Safari/537.36"
80.120.210.179 - - [13/Aug/2021:11:43:50 +0200] "GET /reload?ser=1628847831044 HTTP/1.1" 200 28 "http://renault.activities.at/12438662" "Mozilla/5.0 (Windows NT 10.0; Win64; x64) AppleWebKit/537.36 (KHTML, like Gecko) Chrome/92.0.4515.131 Safari/537.36"
80.122.35.214 - - [13/Aug/2021:11:44:09 +0200] "GET /reload?ser=1628847847943 HTTP/1.1" 200 28 "http://renault.2web.at/success" "Mozilla/5.0 (Windows NT 10.0; WOW64; Trident/7.0; rv:11.0) like Gecko"
193.81.230.171 - - [13/Aug/2021:11:44:44 +0200] "GET /reload?ser=1628847884009 HTTP/1.1" 200 28 "http://renault.activities.at/12438662" "Mozilla/5.0 (Windows NT 10.0; Win64; x64) AppleWebKit/537.36 (KHTML, like Gecko) Chrome/92.0.4515.131 Safari/537.36"
80.120.210.179 - - [13/Aug/2021:11:44:52 +0200] "GET /reload?ser=1628847893037 HTTP/1.1" 200 28 "http://renault.activities.at/12438662" "Mozilla/5.0 (Windows NT 10.0; Win64; x64) AppleWebKit/537.36 (KHTML, like Gecko) Chrome/92.0.4515.131 Safari/537.36"
80.122.35.214 - - [13/Aug/2021:11:45:10 +0200] "GET /reload?ser=1628847908913 HTTP/1.1" 200 28 "http://renault.2web.at/success" "Mozilla/5.0 (Windows NT 10.0; WOW64; Trident/7.0; rv:11.0) like Gecko"
193.81.230.171 - - [13/Aug/2021:11:45:45 +0200] "GET /reload?ser=1628847945020 HTTP/1.1" 200 28 "http://renault.activities.at/12438662" "Mozilla/5.0 (Windows NT 10.0; Win64; x64) AppleWebKit/537.36 (KHTML, like Gecko) Chrome/92.0.4515.131 Safari/537.36"
80.120.210.179 - - [13/Aug/2021:11:45:54 +0200] "GET /reload?ser=1628847955041 HTTP/1.1" 200 28 "http://renault.activities.at/12438662" "Mozilla/5.0 (Windows NT 10.0; Win64; x64) AppleWebKit/537.36 (KHTML, like Gecko) Chrome/92.0.4515.131 Safari/537.36"
80.122.35.214 - - [13/Aug/2021:11:46:11 +0200] "GET /reload?ser=1628847969857 HTTP/1.1" 200 28 "http://renault.2web.at/success" "Mozilla/5.0 (Windows NT 10.0; WOW64; Trident/7.0; rv:11.0) like Gecko"
193.81.230.171 - - [13/Aug/2021:11:46:47 +0200] "GET /reload?ser=1628848007015 HTTP/1.1" 200 28 "http://renault.activities.at/12438662" "Mozilla/5.0 (Windows NT 10.0; Win64; x64) AppleWebKit/537.36 (KHTML, like Gecko) Chrome/92.0.4515.131 Safari/537.36"
80.120.210.179 - - [13/Aug/2021:11:46:55 +0200] "GET /reload?ser=1628848016037 HTTP/1.1" 200 28 "http://renault.activities.at/12438662" "Mozilla/5.0 (Windows NT 10.0; Win64; x64) AppleWebKit/537.36 (KHTML, like Gecko) Chrome/92.0.4515.131 Safari/537.36"
80.122.35.214 - - [13/Aug/2021:11:47:11 +0200] "GET /reload?ser=1628848030824 HTTP/1.1" 200 28 "http://renault.2web.at/success" "Mozilla/5.0 (Windows NT 10.0; WOW64; Trident/7.0; rv:11.0) like Gecko"
193.81.230.171 - - [13/Aug/2021:11:47:48 +0200] "GET /reload?ser=1628848068014 HTTP/1.1" 200 28 "http://renault.activities.at/12438662" "Mozilla/5.0 (Windows NT 10.0; Win64; x64) AppleWebKit/537.36 (KHTML, like Gecko) Chrome/92.0.4515.131 Safari/537.36"
80.120.210.179 - - [13/Aug/2021:11:47:56 +0200] "GET /reload?ser=1628848077044 HTTP/1.1" 200 28 "http://renault.activities.at/12438662" "Mozilla/5.0 (Windows NT 10.0; Win64; x64) AppleWebKit/537.36 (KHTML, like Gecko) Chrome/92.0.4515.131 Safari/537.36"
80.122.35.214 - - [13/Aug/2021:11:48:12 +0200] "GET /reload?ser=1628848091758 HTTP/1.1" 200 28 "http://renault.2web.at/success" "Mozilla/5.0 (Windows NT 10.0; WOW64; Trident/7.0; rv:11.0) like Gecko"
193.81.230.171 - - [13/Aug/2021:11:48:50 +0200] "GET /reload?ser=1628848130013 HTTP/1.1" 200 28 "http://renault.activities.at/12438662" "Mozilla/5.0 (Windows NT 10.0; Win64; x64) AppleWebKit/537.36 (KHTML, like Gecko) Chrome/92.0.4515.131 Safari/537.36"
80.120.210.179 - - [13/Aug/2021:11:48:58 +0200] "GET /reload?ser=1628848139041 HTTP/1.1" 200 28 "http://renault.activities.at/12438662" "Mozilla/5.0 (Windows NT 10.0; Win64; x64) AppleWebKit/537.36 (KHTML, like Gecko) Chrome/92.0.4515.131 Safari/537.36"
80.122.35.214 - - [13/Aug/2021:11:49:13 +0200] "GET /reload?ser=1628848152749 HTTP/1.1" 200 28 "http://renault.2web.at/success" "Mozilla/5.0 (Windows NT 10.0; WOW64; Trident/7.0; rv:11.0) like Gecko"
193.81.230.171 - - [13/Aug/2021:11:49:51 +0200] "GET /reload?ser=1628848191009 HTTP/1.1" 200 28 "http://renault.activities.at/12438662" "Mozilla/5.0 (Windows NT 10.0; Win64; x64) AppleWebKit/537.36 (KHTML, like Gecko) Chrome/92.0.4515.131 Safari/537.36"
80.120.210.179 - - [13/Aug/2021:11:50:00 +0200] "GET /reload?ser=1628848201042 HTTP/1.1" 200 28 "http://renault.activities.at/12438662" "Mozilla/5.0 (Windows NT 10.0; Win64; x64) AppleWebKit/537.36 (KHTML, like Gecko) Chrome/92.0.4515.131 Safari/537.36"
80.122.35.214 - - [13/Aug/2021:11:50:14 +0200] "GET /reload?ser=1628848213719 HTTP/1.1" 200 28 "http://renault.2web.at/success" "Mozilla/5.0 (Windows NT 10.0; WOW64; Trident/7.0; rv:11.0) like Gecko"
193.81.230.171 - - [13/Aug/2021:11:50:53 +0200] "GET /reload?ser=1628848253013 HTTP/1.1" 200 28 "http://renault.activities.at/12438662" "Mozilla/5.0 (Windows NT 10.0; Win64; x64) AppleWebKit/537.36 (KHTML, like Gecko) Chrome/92.0.4515.131 Safari/537.36"
80.120.210.179 - - [13/Aug/2021:11:51:01 +0200] "GET /reload?ser=1628848262036 HTTP/1.1" 200 28 "http://renault.activities.at/12438662" "Mozilla/5.0 (Windows NT 10.0; Win64; x64) AppleWebKit/537.36 (KHTML, like Gecko) Chrome/92.0.4515.131 Safari/537.36"
80.122.35.214 - - [13/Aug/2021:11:51:15 +0200] "GET /reload?ser=1628848274663 HTTP/1.1" 200 28 "http://renault.2web.at/success" "Mozilla/5.0 (Windows NT 10.0; WOW64; Trident/7.0; rv:11.0) like Gecko"
193.81.230.171 - - [13/Aug/2021:11:51:54 +0200] "GET /reload?ser=1628848314014 HTTP/1.1" 200 28 "http://renault.activities.at/12438662" "Mozilla/5.0 (Windows NT 10.0; Win64; x64) AppleWebKit/537.36 (KHTML, like Gecko) Chrome/92.0.4515.131 Safari/537.36"
80.120.210.179 - - [13/Aug/2021:11:52:03 +0200] "GET /reload?ser=1628848324042 HTTP/1.1" 200 28 "http://renault.activities.at/12438662" "Mozilla/5.0 (Windows NT 10.0; Win64; x64) AppleWebKit/537.36 (KHTML, like Gecko) Chrome/92.0.4515.131 Safari/537.36"
80.122.35.214 - - [13/Aug/2021:11:52:16 +0200] "GET /reload?ser=1628848335627 HTTP/1.1" 200 28 "http://renault.2web.at/success" "Mozilla/5.0 (Windows NT 10.0; WOW64; Trident/7.0; rv:11.0) like Gecko"
193.81.230.171 - - [13/Aug/2021:11:52:56 +0200] "GET /reload?ser=1628848376013 HTTP/1.1" 200 28 "http://renault.activities.at/12438662" "Mozilla/5.0 (Windows NT 10.0; Win64; x64) AppleWebKit/537.36 (KHTML, like Gecko) Chrome/92.0.4515.131 Safari/537.36"
80.120.210.179 - - [13/Aug/2021:11:53:05 +0200] "GET /reload?ser=1628848386046 HTTP/1.1" 200 28 "http://renault.activities.at/12438662" "Mozilla/5.0 (Windows NT 10.0; Win64; x64) AppleWebKit/537.36 (KHTML, like Gecko) Chrome/92.0.4515.131 Safari/537.36"
80.122.35.214 - - [13/Aug/2021:11:53:17 +0200] "GET /reload?ser=1628848396603 HTTP/1.1" 200 28 "http://renault.2web.at/success" "Mozilla/5.0 (Windows NT 10.0; WOW64; Trident/7.0; rv:11.0) like Gecko"
193.81.230.171 - - [13/Aug/2021:11:53:58 +0200] "GET /reload?ser=1628848438010 HTTP/1.1" 200 28 "http://renault.activities.at/12438662" "Mozilla/5.0 (Windows NT 10.0; Win64; x64) AppleWebKit/537.36 (KHTML, like Gecko) Chrome/92.0.4515.131 Safari/537.36"
80.120.210.179 - - [13/Aug/2021:11:54:07 +0200] "GET /reload?ser=1628848448053 HTTP/1.1" 200 28 "http://renault.activities.at/12438662" "Mozilla/5.0 (Windows NT 10.0; Win64; x64) AppleWebKit/537.36 (KHTML, like Gecko) Chrome/92.0.4515.131 Safari/537.36"
80.122.35.214 - - [13/Aug/2021:11:54:18 +0200] "GET /reload?ser=1628848457567 HTTP/1.1" 200 28 "http://renault.2web.at/success" "Mozilla/5.0 (Windows NT 10.0; WOW64; Trident/7.0; rv:11.0) like Gecko"
193.81.230.171 - - [13/Aug/2021:11:54:59 +0200] "GET /reload?ser=1628848499027 HTTP/1.1" 200 28 "http://renault.activities.at/12438662" "Mozilla/5.0 (Windows NT 10.0; Win64; x64) AppleWebKit/537.36 (KHTML, like Gecko) Chrome/92.0.4515.131 Safari/537.36"
80.120.210.179 - - [13/Aug/2021:11:55:09 +0200] "GET /reload?ser=1628848510044 HTTP/1.1" 200 28 "http://renault.activities.at/12438662" "Mozilla/5.0 (Windows NT 10.0; Win64; x64) AppleWebKit/537.36 (KHTML, like Gecko) Chrome/92.0.4515.131 Safari/537.36"
80.122.35.214 - - [13/Aug/2021:11:55:19 +0200] "GET /reload?ser=1628848518537 HTTP/1.1" 200 28 "http://renault.2web.at/success" "Mozilla/5.0 (Windows NT 10.0; WOW64; Trident/7.0; rv:11.0) like Gecko"
193.81.230.171 - - [13/Aug/2021:11:56:01 +0200] "GET /reload?ser=1628848561029 HTTP/1.1" 200 28 "http://renault.activities.at/12438662" "Mozilla/5.0 (Windows NT 10.0; Win64; x64) AppleWebKit/537.36 (KHTML, like Gecko) Chrome/92.0.4515.131 Safari/537.36"
80.120.210.179 - - [13/Aug/2021:11:56:11 +0200] "GET /reload?ser=1628848572045 HTTP/1.1" 200 28 "http://renault.activities.at/12438662" "Mozilla/5.0 (Windows NT 10.0; Win64; x64) AppleWebKit/537.36 (KHTML, like Gecko) Chrome/92.0.4515.131 Safari/537.36"
80.122.35.214 - - [13/Aug/2021:11:56:20 +0200] "GET /reload?ser=1628848579501 HTTP/1.1" 200 28 "http://renault.2web.at/success" "Mozilla/5.0 (Windows NT 10.0; WOW64; Trident/7.0; rv:11.0) like Gecko"
193.81.230.171 - - [13/Aug/2021:11:57:03 +0200] "GET /reload?ser=1628848623012 HTTP/1.1" 200 28 "http://renault.activities.at/12438662" "Mozilla/5.0 (Windows NT 10.0; Win64; x64) AppleWebKit/537.36 (KHTML, like Gecko) Chrome/92.0.4515.131 Safari/537.36"
80.120.210.179 - - [13/Aug/2021:11:57:13 +0200] "GET /reload?ser=1628848634036 HTTP/1.1" 200 28 "http://renault.activities.at/12438662" "Mozilla/5.0 (Windows NT 10.0; Win64; x64) AppleWebKit/537.36 (KHTML, like Gecko) Chrome/92.0.4515.131 Safari/537.36"
80.122.35.214 - - [13/Aug/2021:11:57:21 +0200] "GET /reload?ser=1628848640471 HTTP/1.1" 200 28 "http://renault.2web.at/success" "Mozilla/5.0 (Windows NT 10.0; WOW64; Trident/7.0; rv:11.0) like Gecko"
193.81.230.171 - - [13/Aug/2021:11:58:05 +0200] "GET /reload?ser=1628848685014 HTTP/1.1" 200 28 "http://renault.activities.at/12438662" "Mozilla/5.0 (Windows NT 10.0; Win64; x64) AppleWebKit/537.36 (KHTML, like Gecko) Chrome/92.0.4515.131 Safari/537.36"
80.120.210.179 - - [13/Aug/2021:11:58:15 +0200] "GET /reload?ser=1628848696042 HTTP/1.1" 200 28 "http://renault.activities.at/12438662" "Mozilla/5.0 (Windows NT 10.0; Win64; x64) AppleWebKit/537.36 (KHTML, like Gecko) Chrome/92.0.4515.131 Safari/537.36"
80.122.35.214 - - [13/Aug/2021:11:58:22 +0200] "GET /reload?ser=1628848701438 HTTP/1.1" 200 28 "http://renault.2web.at/success" "Mozilla/5.0 (Windows NT 10.0; WOW64; Trident/7.0; rv:11.0) like Gecko"
193.81.230.171 - - [13/Aug/2021:11:59:07 +0200] "GET /reload?ser=1628848747015 HTTP/1.1" 200 28 "http://renault.activities.at/12438662" "Mozilla/5.0 (Windows NT 10.0; Win64; x64) AppleWebKit/537.36 (KHTML, like Gecko) Chrome/92.0.4515.131 Safari/537.36"
80.120.210.179 - - [13/Aug/2021:11:59:17 +0200] "GET /reload?ser=1628848758041 HTTP/1.1" 200 28 "http://renault.activities.at/12438662" "Mozilla/5.0 (Windows NT 10.0; Win64; x64) AppleWebKit/537.36 (KHTML, like Gecko) Chrome/92.0.4515.131 Safari/537.36"
80.122.35.214 - - [13/Aug/2021:11:59:23 +0200] "GET /reload?ser=1628848762382 HTTP/1.1" 200 28 "http://renault.2web.at/success" "Mozilla/5.0 (Windows NT 10.0; WOW64; Trident/7.0; rv:11.0) like Gecko"
193.81.230.171 - - [13/Aug/2021:12:00:08 +0200] "GET /reload?ser=1628848808022 HTTP/1.1" 200 28 "http://renault.activities.at/12438662" "Mozilla/5.0 (Windows NT 10.0; Win64; x64) AppleWebKit/537.36 (KHTML, like Gecko) Chrome/92.0.4515.131 Safari/537.36"
80.120.210.179 - - [13/Aug/2021:12:00:19 +0200] "GET /reload?ser=1628848820049 HTTP/1.1" 200 28 "http://renault.activities.at/12438662" "Mozilla/5.0 (Windows NT 10.0; Win64; x64) AppleWebKit/537.36 (KHTML, like Gecko) Chrome/92.0.4515.131 Safari/537.36"
80.122.35.214 - - [13/Aug/2021:12:00:24 +0200] "GET /reload?ser=1628848823342 HTTP/1.1" 200 28 "http://renault.2web.at/success" "Mozilla/5.0 (Windows NT 10.0; WOW64; Trident/7.0; rv:11.0) like Gecko"
193.81.230.171 - - [13/Aug/2021:12:01:09 +0200] "GET /reload?ser=1628848869019 HTTP/1.1" 200 28 "http://renault.activities.at/12438662" "Mozilla/5.0 (Windows NT 10.0; Win64; x64) AppleWebKit/537.36 (KHTML, like Gecko) Chrome/92.0.4515.131 Safari/537.36"
80.120.210.179 - - [13/Aug/2021:12:01:21 +0200] "GET /reload?ser=1628848882048 HTTP/1.1" 200 28 "http://renault.activities.at/12438662" "Mozilla/5.0 (Windows NT 10.0; Win64; x64) AppleWebKit/537.36 (KHTML, like Gecko) Chrome/92.0.4515.131 Safari/537.36"
80.122.35.214 - - [13/Aug/2021:12:01:25 +0200] "GET /reload?ser=1628848884282 HTTP/1.1" 200 28 "http://renault.2web.at/success" "Mozilla/5.0 (Windows NT 10.0; WOW64; Trident/7.0; rv:11.0) like Gecko"
193.81.230.171 - - [13/Aug/2021:12:02:10 +0200] "GET /reload?ser=1628848930010 HTTP/1.1" 200 28 "http://renault.activities.at/12438662" "Mozilla/5.0 (Windows NT 10.0; Win64; x64) AppleWebKit/537.36 (KHTML, like Gecko) Chrome/92.0.4515.131 Safari/537.36"
80.120.210.179 - - [13/Aug/2021:12:02:23 +0200] "GET /reload?ser=1628848944036 HTTP/1.1" 200 28 "http://renault.activities.at/12438662" "Mozilla/5.0 (Windows NT 10.0; Win64; x64) AppleWebKit/537.36 (KHTML, like Gecko) Chrome/92.0.4515.131 Safari/537.36"
80.122.35.214 - - [13/Aug/2021:12:02:26 +0200] "GET /reload?ser=1628848945226 HTTP/1.1" 200 28 "http://renault.2web.at/success" "Mozilla/5.0 (Windows NT 10.0; WOW64; Trident/7.0; rv:11.0) like Gecko"
193.81.230.171 - - [13/Aug/2021:12:03:11 +0200] "GET /reload?ser=1628848991023 HTTP/1.1" 200 28 "http://renault.activities.at/12438662" "Mozilla/5.0 (Windows NT 10.0; Win64; x64) AppleWebKit/537.36 (KHTML, like Gecko) Chrome/92.0.4515.131 Safari/537.36"
80.120.210.179 - - [13/Aug/2021:12:03:25 +0200] "GET /reload?ser=1628849006048 HTTP/1.1" 200 28 "http://renault.activities.at/12438662" "Mozilla/5.0 (Windows NT 10.0; Win64; x64) AppleWebKit/537.36 (KHTML, like Gecko) Chrome/92.0.4515.131 Safari/537.36"
80.122.35.214 - - [13/Aug/2021:12:03:27 +0200] "GET /reload?ser=1628849006223 HTTP/1.1" 200 28 "http://renault.2web.at/success" "Mozilla/5.0 (Windows NT 10.0; WOW64; Trident/7.0; rv:11.0) like Gecko"
193.81.230.171 - - [13/Aug/2021:12:04:13 +0200] "GET /reload?ser=1628849053022 HTTP/1.1" 200 28 "http://renault.activities.at/12438662" "Mozilla/5.0 (Windows NT 10.0; Win64; x64) AppleWebKit/537.36 (KHTML, like Gecko) Chrome/92.0.4515.131 Safari/537.36"
80.120.210.179 - - [13/Aug/2021:12:04:27 +0200] "GET /reload?ser=1628849068043 HTTP/1.1" 200 28 "http://renault.activities.at/12438662" "Mozilla/5.0 (Windows NT 10.0; Win64; x64) AppleWebKit/537.36 (KHTML, like Gecko) Chrome/92.0.4515.131 Safari/537.36"
80.122.35.214 - - [13/Aug/2021:12:04:28 +0200] "GET /reload?ser=1628849067177 HTTP/1.1" 200 28 "http://renault.2web.at/success" "Mozilla/5.0 (Windows NT 10.0; WOW64; Trident/7.0; rv:11.0) like Gecko"
193.81.230.171 - - [13/Aug/2021:12:05:15 +0200] "GET /reload?ser=1628849115015 HTTP/1.1" 200 28 "http://renault.activities.at/12438662" "Mozilla/5.0 (Windows NT 10.0; Win64; x64) AppleWebKit/537.36 (KHTML, like Gecko) Chrome/92.0.4515.131 Safari/537.36"
80.122.35.214 - - [13/Aug/2021:12:05:29 +0200] "GET /reload?ser=1628849128159 HTTP/1.1" 200 28 "http://renault.2web.at/success" "Mozilla/5.0 (Windows NT 10.0; WOW64; Trident/7.0; rv:11.0) like Gecko"
80.120.210.179 - - [13/Aug/2021:12:05:29 +0200] "GET /reload?ser=1628849130046 HTTP/1.1" 200 28 "http://renault.activities.at/12438662" "Mozilla/5.0 (Windows NT 10.0; Win64; x64) AppleWebKit/537.36 (KHTML, like Gecko) Chrome/92.0.4515.131 Safari/537.36"
193.81.230.171 - - [13/Aug/2021:12:06:17 +0200] "GET /reload?ser=1628849177009 HTTP/1.1" 200 28 "http://renault.activities.at/12438662" "Mozilla/5.0 (Windows NT 10.0; Win64; x64) AppleWebKit/537.36 (KHTML, like Gecko) Chrome/92.0.4515.131 Safari/537.36"
80.122.35.214 - - [13/Aug/2021:12:06:30 +0200] "GET /reload?ser=1628849189105 HTTP/1.1" 200 28 "http://renault.2web.at/success" "Mozilla/5.0 (Windows NT 10.0; WOW64; Trident/7.0; rv:11.0) like Gecko"
80.120.210.179 - - [13/Aug/2021:12:06:31 +0200] "GET /reload?ser=1628849192043 HTTP/1.1" 200 28 "http://renault.activities.at/12438662" "Mozilla/5.0 (Windows NT 10.0; Win64; x64) AppleWebKit/537.36 (KHTML, like Gecko) Chrome/92.0.4515.131 Safari/537.36"
193.81.230.171 - - [13/Aug/2021:12:07:19 +0200] "GET /reload?ser=1628849239013 HTTP/1.1" 200 28 "http://renault.activities.at/12438662" "Mozilla/5.0 (Windows NT 10.0; Win64; x64) AppleWebKit/537.36 (KHTML, like Gecko) Chrome/92.0.4515.131 Safari/537.36"
80.122.35.214 - - [13/Aug/2021:12:07:31 +0200] "GET /reload?ser=1628849250038 HTTP/1.1" 200 28 "http://renault.2web.at/success" "Mozilla/5.0 (Windows NT 10.0; WOW64; Trident/7.0; rv:11.0) like Gecko"
80.120.210.179 - - [13/Aug/2021:12:07:32 +0200] "GET /reload?ser=1628849253039 HTTP/1.1" 200 28 "http://renault.activities.at/12438662" "Mozilla/5.0 (Windows NT 10.0; Win64; x64) AppleWebKit/537.36 (KHTML, like Gecko) Chrome/92.0.4515.131 Safari/537.36"
193.81.230.171 - - [13/Aug/2021:12:08:20 +0200] "GET /reload?ser=1628849300014 HTTP/1.1" 200 28 "http://renault.activities.at/12438662" "Mozilla/5.0 (Windows NT 10.0; Win64; x64) AppleWebKit/537.36 (KHTML, like Gecko) Chrome/92.0.4515.131 Safari/537.36"
80.122.35.214 - - [13/Aug/2021:12:08:32 +0200] "GET /reload?ser=1628849311017 HTTP/1.1" 200 28 "http://renault.2web.at/success" "Mozilla/5.0 (Windows NT 10.0; WOW64; Trident/7.0; rv:11.0) like Gecko"
80.120.210.179 - - [13/Aug/2021:12:08:34 +0200] "GET /reload?ser=1628849315044 HTTP/1.1" 200 28 "http://renault.activities.at/12438662" "Mozilla/5.0 (Windows NT 10.0; Win64; x64) AppleWebKit/537.36 (KHTML, like Gecko) Chrome/92.0.4515.131 Safari/537.36"
193.81.230.171 - - [13/Aug/2021:12:09:21 +0200] "GET /reload?ser=1628849361015 HTTP/1.1" 200 28 "http://renault.activities.at/12438662" "Mozilla/5.0 (Windows NT 10.0; Win64; x64) AppleWebKit/537.36 (KHTML, like Gecko) Chrome/92.0.4515.131 Safari/537.36"
80.122.35.214 - - [13/Aug/2021:12:09:33 +0200] "GET /reload?ser=1628849371950 HTTP/1.1" 200 28 "http://renault.2web.at/success" "Mozilla/5.0 (Windows NT 10.0; WOW64; Trident/7.0; rv:11.0) like Gecko"
80.120.210.179 - - [13/Aug/2021:12:09:36 +0200] "GET /reload?ser=1628849377034 HTTP/1.1" 200 28 "http://renault.activities.at/12438662" "Mozilla/5.0 (Windows NT 10.0; Win64; x64) AppleWebKit/537.36 (KHTML, like Gecko) Chrome/92.0.4515.131 Safari/537.36"
193.81.230.171 - - [13/Aug/2021:12:10:23 +0200] "GET /reload?ser=1628849423012 HTTP/1.1" 200 28 "http://renault.activities.at/12438662" "Mozilla/5.0 (Windows NT 10.0; Win64; x64) AppleWebKit/537.36 (KHTML, like Gecko) Chrome/92.0.4515.131 Safari/537.36"
80.122.35.214 - - [13/Aug/2021:12:10:34 +0200] "GET /reload?ser=1628849432894 HTTP/1.1" 200 28 "http://renault.2web.at/success" "Mozilla/5.0 (Windows NT 10.0; WOW64; Trident/7.0; rv:11.0) like Gecko"
80.120.210.179 - - [13/Aug/2021:12:10:38 +0200] "GET /reload?ser=1628849439045 HTTP/1.1" 200 28 "http://renault.activities.at/12438662" "Mozilla/5.0 (Windows NT 10.0; Win64; x64) AppleWebKit/537.36 (KHTML, like Gecko) Chrome/92.0.4515.131 Safari/537.36"
193.81.230.171 - - [13/Aug/2021:12:11:24 +0200] "GET /reload?ser=1628849484016 HTTP/1.1" 200 28 "http://renault.activities.at/12438662" "Mozilla/5.0 (Windows NT 10.0; Win64; x64) AppleWebKit/537.36 (KHTML, like Gecko) Chrome/92.0.4515.131 Safari/537.36"
80.122.35.214 - - [13/Aug/2021:12:11:35 +0200] "GET /reload?ser=1628849493858 HTTP/1.1" 200 28 "http://renault.2web.at/success" "Mozilla/5.0 (Windows NT 10.0; WOW64; Trident/7.0; rv:11.0) like Gecko"
80.120.210.179 - - [13/Aug/2021:12:11:40 +0200] "GET /reload?ser=1628849501036 HTTP/1.1" 200 28 "http://renault.activities.at/12438662" "Mozilla/5.0 (Windows NT 10.0; Win64; x64) AppleWebKit/537.36 (KHTML, like Gecko) Chrome/92.0.4515.131 Safari/537.36"
193.81.230.171 - - [13/Aug/2021:12:12:25 +0200] "GET /reload?ser=1628849545009 HTTP/1.1" 200 28 "http://renault.activities.at/12438662" "Mozilla/5.0 (Windows NT 10.0; Win64; x64) AppleWebKit/537.36 (KHTML, like Gecko) Chrome/92.0.4515.131 Safari/537.36"
80.122.35.214 - - [13/Aug/2021:12:12:35 +0200] "GET /reload?ser=1628849554797 HTTP/1.1" 200 28 "http://renault.2web.at/success" "Mozilla/5.0 (Windows NT 10.0; WOW64; Trident/7.0; rv:11.0) like Gecko"
80.120.210.179 - - [13/Aug/2021:12:12:42 +0200] "GET /reload?ser=1628849563043 HTTP/1.1" 200 28 "http://renault.activities.at/12438662" "Mozilla/5.0 (Windows NT 10.0; Win64; x64) AppleWebKit/537.36 (KHTML, like Gecko) Chrome/92.0.4515.131 Safari/537.36"
193.81.230.171 - - [13/Aug/2021:12:13:26 +0200] "GET /reload?ser=1628849606011 HTTP/1.1" 200 28 "http://renault.activities.at/12438662" "Mozilla/5.0 (Windows NT 10.0; Win64; x64) AppleWebKit/537.36 (KHTML, like Gecko) Chrome/92.0.4515.131 Safari/537.36"
80.122.35.214 - - [13/Aug/2021:12:13:36 +0200] "GET /reload?ser=1628849615751 HTTP/1.1" 200 28 "http://renault.2web.at/success" "Mozilla/5.0 (Windows NT 10.0; WOW64; Trident/7.0; rv:11.0) like Gecko"
80.120.210.179 - - [13/Aug/2021:12:13:44 +0200] "GET /reload?ser=1628849625036 HTTP/1.1" 200 28 "http://renault.activities.at/12438662" "Mozilla/5.0 (Windows NT 10.0; Win64; x64) AppleWebKit/537.36 (KHTML, like Gecko) Chrome/92.0.4515.131 Safari/537.36"
193.81.230.171 - - [13/Aug/2021:12:14:27 +0200] "GET /reload?ser=1628849667012 HTTP/1.1" 200 28 "http://renault.activities.at/12438662" "Mozilla/5.0 (Windows NT 10.0; Win64; x64) AppleWebKit/537.36 (KHTML, like Gecko) Chrome/92.0.4515.131 Safari/537.36"
80.122.35.214 - - [13/Aug/2021:12:14:37 +0200] "GET /reload?ser=1628849676695 HTTP/1.1" 200 28 "http://renault.2web.at/success" "Mozilla/5.0 (Windows NT 10.0; WOW64; Trident/7.0; rv:11.0) like Gecko"
80.120.210.179 - - [13/Aug/2021:12:14:46 +0200] "GET /reload?ser=1628849687045 HTTP/1.1" 200 28 "http://renault.activities.at/12438662" "Mozilla/5.0 (Windows NT 10.0; Win64; x64) AppleWebKit/537.36 (KHTML, like Gecko) Chrome/92.0.4515.131 Safari/537.36"
193.81.230.171 - - [13/Aug/2021:12:15:29 +0200] "GET /reload?ser=1628849729009 HTTP/1.1" 200 28 "http://renault.activities.at/12438662" "Mozilla/5.0 (Windows NT 10.0; Win64; x64) AppleWebKit/537.36 (KHTML, like Gecko) Chrome/92.0.4515.131 Safari/537.36"
80.122.35.214 - - [13/Aug/2021:12:15:38 +0200] "GET /reload?ser=1628849737684 HTTP/1.1" 200 28 "http://renault.2web.at/success" "Mozilla/5.0 (Windows NT 10.0; WOW64; Trident/7.0; rv:11.0) like Gecko"
80.120.210.179 - - [13/Aug/2021:12:15:48 +0200] "GET /reload?ser=1628849749046 HTTP/1.1" 200 28 "http://renault.activities.at/12438662" "Mozilla/5.0 (Windows NT 10.0; Win64; x64) AppleWebKit/537.36 (KHTML, like Gecko) Chrome/92.0.4515.131 Safari/537.36"
193.81.230.171 - - [13/Aug/2021:12:16:31 +0200] "GET /reload?ser=1628849790016 HTTP/1.1" 200 28 "http://renault.activities.at/12438662" "Mozilla/5.0 (Windows NT 10.0; Win64; x64) AppleWebKit/537.36 (KHTML, like Gecko) Chrome/92.0.4515.131 Safari/537.36"
80.122.35.214 - - [13/Aug/2021:12:16:39 +0200] "GET /reload?ser=1628849798642 HTTP/1.1" 200 28 "http://renault.2web.at/success" "Mozilla/5.0 (Windows NT 10.0; WOW64; Trident/7.0; rv:11.0) like Gecko"
80.120.210.179 - - [13/Aug/2021:12:16:50 +0200] "GET /reload?ser=1628849811034 HTTP/1.1" 200 28 "http://renault.activities.at/12438662" "Mozilla/5.0 (Windows NT 10.0; Win64; x64) AppleWebKit/537.36 (KHTML, like Gecko) Chrome/92.0.4515.131 Safari/537.36"
193.81.230.171 - - [13/Aug/2021:12:17:33 +0200] "GET /reload?ser=1628849853017 HTTP/1.1" 200 28 "http://renault.activities.at/12438662" "Mozilla/5.0 (Windows NT 10.0; Win64; x64) AppleWebKit/537.36 (KHTML, like Gecko) Chrome/92.0.4515.131 Safari/537.36"
80.122.35.214 - - [13/Aug/2021:12:17:40 +0200] "GET /reload?ser=1628849859577 HTTP/1.1" 200 28 "http://renault.2web.at/success" "Mozilla/5.0 (Windows NT 10.0; WOW64; Trident/7.0; rv:11.0) like Gecko"
80.120.210.179 - - [13/Aug/2021:12:17:52 +0200] "GET /reload?ser=1628849873048 HTTP/1.1" 200 28 "http://renault.activities.at/12438662" "Mozilla/5.0 (Windows NT 10.0; Win64; x64) AppleWebKit/537.36 (KHTML, like Gecko) Chrome/92.0.4515.131 Safari/537.36"
193.81.230.171 - - [13/Aug/2021:12:18:34 +0200] "GET /reload?ser=1628849914012 HTTP/1.1" 200 28 "http://renault.activities.at/12438662" "Mozilla/5.0 (Windows NT 10.0; Win64; x64) AppleWebKit/537.36 (KHTML, like Gecko) Chrome/92.0.4515.131 Safari/537.36"
80.122.35.214 - - [13/Aug/2021:12:18:41 +0200] "GET /reload?ser=1628849920515 HTTP/1.1" 200 28 "http://renault.2web.at/success" "Mozilla/5.0 (Windows NT 10.0; WOW64; Trident/7.0; rv:11.0) like Gecko"
80.120.210.179 - - [13/Aug/2021:12:18:54 +0200] "GET /reload?ser=1628849935045 HTTP/1.1" 200 28 "http://renault.activities.at/12438662" "Mozilla/5.0 (Windows NT 10.0; Win64; x64) AppleWebKit/537.36 (KHTML, like Gecko) Chrome/92.0.4515.131 Safari/537.36"
193.81.230.171 - - [13/Aug/2021:12:19:36 +0200] "GET /reload?ser=1628849976010 HTTP/1.1" 200 28 "http://renault.activities.at/12438662" "Mozilla/5.0 (Windows NT 10.0; Win64; x64) AppleWebKit/537.36 (KHTML, like Gecko) Chrome/92.0.4515.131 Safari/537.36"
80.122.35.214 - - [13/Aug/2021:12:19:42 +0200] "GET /reload?ser=1628849981467 HTTP/1.1" 200 28 "http://renault.2web.at/success" "Mozilla/5.0 (Windows NT 10.0; WOW64; Trident/7.0; rv:11.0) like Gecko"
80.120.210.179 - - [13/Aug/2021:12:19:55 +0200] "GET /reload?ser=1628849996035 HTTP/1.1" 200 28 "http://renault.activities.at/12438662" "Mozilla/5.0 (Windows NT 10.0; Win64; x64) AppleWebKit/537.36 (KHTML, like Gecko) Chrome/92.0.4515.131 Safari/537.36"
193.81.230.171 - - [13/Aug/2021:12:20:37 +0200] "GET /reload?ser=1628850037015 HTTP/1.1" 200 28 "http://renault.activities.at/12438662" "Mozilla/5.0 (Windows NT 10.0; Win64; x64) AppleWebKit/537.36 (KHTML, like Gecko) Chrome/92.0.4515.131 Safari/537.36"
80.122.35.214 - - [13/Aug/2021:12:20:43 +0200] "GET /reload?ser=1628850042435 HTTP/1.1" 200 28 "http://renault.2web.at/success" "Mozilla/5.0 (Windows NT 10.0; WOW64; Trident/7.0; rv:11.0) like Gecko"
80.120.210.179 - - [13/Aug/2021:12:20:57 +0200] "GET /reload?ser=1628850058036 HTTP/1.1" 200 28 "http://renault.activities.at/12438662" "Mozilla/5.0 (Windows NT 10.0; Win64; x64) AppleWebKit/537.36 (KHTML, like Gecko) Chrome/92.0.4515.131 Safari/537.36"
193.81.230.171 - - [13/Aug/2021:12:21:39 +0200] "GET /reload?ser=1628850099009 HTTP/1.1" 200 28 "http://renault.activities.at/12438662" "Mozilla/5.0 (Windows NT 10.0; Win64; x64) AppleWebKit/537.36 (KHTML, like Gecko) Chrome/92.0.4515.131 Safari/537.36"
80.122.35.214 - - [13/Aug/2021:12:21:44 +0200] "GET /reload?ser=1628850103401 HTTP/1.1" 200 28 "http://renault.2web.at/success" "Mozilla/5.0 (Windows NT 10.0; WOW64; Trident/7.0; rv:11.0) like Gecko"
80.120.210.179 - - [13/Aug/2021:12:21:58 +0200] "GET /reload?ser=1628850119038 HTTP/1.1" 200 28 "http://renault.activities.at/12438662" "Mozilla/5.0 (Windows NT 10.0; Win64; x64) AppleWebKit/537.36 (KHTML, like Gecko) Chrome/92.0.4515.131 Safari/537.36"
193.81.230.171 - - [13/Aug/2021:12:22:40 +0200] "GET /reload?ser=1628850160009 HTTP/1.1" 200 28 "http://renault.activities.at/12438662" "Mozilla/5.0 (Windows NT 10.0; Win64; x64) AppleWebKit/537.36 (KHTML, like Gecko) Chrome/92.0.4515.131 Safari/537.36"
80.122.35.214 - - [13/Aug/2021:12:22:45 +0200] "GET /reload?ser=1628850164361 HTTP/1.1" 200 28 "http://renault.2web.at/success" "Mozilla/5.0 (Windows NT 10.0; WOW64; Trident/7.0; rv:11.0) like Gecko"
80.120.210.179 - - [13/Aug/2021:12:22:59 +0200] "GET /reload?ser=1628850180034 HTTP/1.1" 200 28 "http://renault.activities.at/12438662" "Mozilla/5.0 (Windows NT 10.0; Win64; x64) AppleWebKit/537.36 (KHTML, like Gecko) Chrome/92.0.4515.131 Safari/537.36"
193.81.230.171 - - [13/Aug/2021:12:23:42 +0200] "GET /reload?ser=1628850222009 HTTP/1.1" 200 28 "http://renault.activities.at/12438662" "Mozilla/5.0 (Windows NT 10.0; Win64; x64) AppleWebKit/537.36 (KHTML, like Gecko) Chrome/92.0.4515.131 Safari/537.36"
80.122.35.214 - - [13/Aug/2021:12:23:46 +0200] "GET /reload?ser=1628850225329 HTTP/1.1" 200 28 "http://renault.2web.at/success" "Mozilla/5.0 (Windows NT 10.0; WOW64; Trident/7.0; rv:11.0) like Gecko"
80.120.210.179 - - [13/Aug/2021:12:24:01 +0200] "GET /reload?ser=1628850242042 HTTP/1.1" 200 28 "http://renault.activities.at/12438662" "Mozilla/5.0 (Windows NT 10.0; Win64; x64) AppleWebKit/537.36 (KHTML, like Gecko) Chrome/92.0.4515.131 Safari/537.36"
193.81.230.171 - - [13/Aug/2021:12:24:43 +0200] "GET /reload?ser=1628850283011 HTTP/1.1" 200 28 "http://renault.activities.at/12438662" "Mozilla/5.0 (Windows NT 10.0; Win64; x64) AppleWebKit/537.36 (KHTML, like Gecko) Chrome/92.0.4515.131 Safari/537.36"
80.122.35.214 - - [13/Aug/2021:12:24:47 +0200] "GET /reload?ser=1628850286278 HTTP/1.1" 200 28 "http://renault.2web.at/success" "Mozilla/5.0 (Windows NT 10.0; WOW64; Trident/7.0; rv:11.0) like Gecko"
80.120.210.179 - - [13/Aug/2021:12:25:02 +0200] "GET /reload?ser=1628850303035 HTTP/1.1" 200 28 "http://renault.activities.at/12438662" "Mozilla/5.0 (Windows NT 10.0; Win64; x64) AppleWebKit/537.36 (KHTML, like Gecko) Chrome/92.0.4515.131 Safari/537.36"
193.81.230.171 - - [13/Aug/2021:12:25:44 +0200] "GET /reload?ser=1628850344012 HTTP/1.1" 200 28 "http://renault.activities.at/12438662" "Mozilla/5.0 (Windows NT 10.0; Win64; x64) AppleWebKit/537.36 (KHTML, like Gecko) Chrome/92.0.4515.131 Safari/537.36"
80.122.35.214 - - [13/Aug/2021:12:25:48 +0200] "GET /reload?ser=1628850347219 HTTP/1.1" 200 28 "http://renault.2web.at/success" "Mozilla/5.0 (Windows NT 10.0; WOW64; Trident/7.0; rv:11.0) like Gecko"
80.120.210.179 - - [13/Aug/2021:12:26:04 +0200] "GET /reload?ser=1628850365042 HTTP/1.1" 200 28 "http://renault.activities.at/12438662" "Mozilla/5.0 (Windows NT 10.0; Win64; x64) AppleWebKit/537.36 (KHTML, like Gecko) Chrome/92.0.4515.131 Safari/537.36"
193.81.230.171 - - [13/Aug/2021:12:26:45 +0200] "GET /reload?ser=1628850405020 HTTP/1.1" 200 28 "http://renault.activities.at/12438662" "Mozilla/5.0 (Windows NT 10.0; Win64; x64) AppleWebKit/537.36 (KHTML, like Gecko) Chrome/92.0.4515.131 Safari/537.36"
80.122.35.214 - - [13/Aug/2021:12:26:49 +0200] "GET /reload?ser=1628850408188 HTTP/1.1" 200 28 "http://renault.2web.at/success" "Mozilla/5.0 (Windows NT 10.0; WOW64; Trident/7.0; rv:11.0) like Gecko"
80.120.210.179 - - [13/Aug/2021:12:27:06 +0200] "GET /reload?ser=1628850427041 HTTP/1.1" 200 28 "http://renault.activities.at/12438662" "Mozilla/5.0 (Windows NT 10.0; Win64; x64) AppleWebKit/537.36 (KHTML, like Gecko) Chrome/92.0.4515.131 Safari/537.36"
193.81.230.171 - - [13/Aug/2021:12:27:46 +0200] "GET /reload?ser=1628850466011 HTTP/1.1" 200 28 "http://renault.activities.at/12438662" "Mozilla/5.0 (Windows NT 10.0; Win64; x64) AppleWebKit/537.36 (KHTML, like Gecko) Chrome/92.0.4515.131 Safari/537.36"
80.122.35.214 - - [13/Aug/2021:12:27:50 +0200] "GET /reload?ser=1628850469144 HTTP/1.1" 200 28 "http://renault.2web.at/success" "Mozilla/5.0 (Windows NT 10.0; WOW64; Trident/7.0; rv:11.0) like Gecko"
80.120.210.179 - - [13/Aug/2021:12:28:08 +0200] "GET /reload?ser=1628850489047 HTTP/1.1" 200 28 "http://renault.activities.at/12438662" "Mozilla/5.0 (Windows NT 10.0; Win64; x64) AppleWebKit/537.36 (KHTML, like Gecko) Chrome/92.0.4515.131 Safari/537.36"
193.81.230.171 - - [13/Aug/2021:12:28:48 +0200] "GET /reload?ser=1628850528023 HTTP/1.1" 200 28 "http://renault.activities.at/12438662" "Mozilla/5.0 (Windows NT 10.0; Win64; x64) AppleWebKit/537.36 (KHTML, like Gecko) Chrome/92.0.4515.131 Safari/537.36"
80.122.35.214 - - [13/Aug/2021:12:28:51 +0200] "GET /reload?ser=1628850530098 HTTP/1.1" 200 28 "http://renault.2web.at/success" "Mozilla/5.0 (Windows NT 10.0; WOW64; Trident/7.0; rv:11.0) like Gecko"
80.120.210.179 - - [13/Aug/2021:12:29:10 +0200] "GET /reload?ser=1628850551047 HTTP/1.1" 200 28 "http://renault.activities.at/12438662" "Mozilla/5.0 (Windows NT 10.0; Win64; x64) AppleWebKit/537.36 (KHTML, like Gecko) Chrome/92.0.4515.131 Safari/537.36"
193.81.230.171 - - [13/Aug/2021:12:29:49 +0200] "GET /reload?ser=1628850589018 HTTP/1.1" 200 28 "http://renault.activities.at/12438662" "Mozilla/5.0 (Windows NT 10.0; Win64; x64) AppleWebKit/537.36 (KHTML, like Gecko) Chrome/92.0.4515.131 Safari/537.36"
80.122.35.214 - - [13/Aug/2021:12:29:52 +0200] "GET /reload?ser=1628850591062 HTTP/1.1" 200 28 "http://renault.2web.at/success" "Mozilla/5.0 (Windows NT 10.0; WOW64; Trident/7.0; rv:11.0) like Gecko"
80.120.210.179 - - [13/Aug/2021:12:30:11 +0200] "GET /reload?ser=1628850612037 HTTP/1.1" 200 28 "http://renault.activities.at/12438662" "Mozilla/5.0 (Windows NT 10.0; Win64; x64) AppleWebKit/537.36 (KHTML, like Gecko) Chrome/92.0.4515.131 Safari/537.36"
193.81.230.171 - - [13/Aug/2021:12:30:50 +0200] "GET /reload?ser=1628850650005 HTTP/1.1" 200 28 "http://renault.activities.at/12438662" "Mozilla/5.0 (Windows NT 10.0; Win64; x64) AppleWebKit/537.36 (KHTML, like Gecko) Chrome/92.0.4515.131 Safari/537.36"
80.122.35.214 - - [13/Aug/2021:12:30:53 +0200] "GET /reload?ser=1628850652009 HTTP/1.1" 200 28 "http://renault.2web.at/success" "Mozilla/5.0 (Windows NT 10.0; WOW64; Trident/7.0; rv:11.0) like Gecko"
80.120.210.179 - - [13/Aug/2021:12:31:12 +0200] "GET /reload?ser=1628850673040 HTTP/1.1" 200 28 "http://renault.activities.at/12438662" "Mozilla/5.0 (Windows NT 10.0; Win64; x64) AppleWebKit/537.36 (KHTML, like Gecko) Chrome/92.0.4515.131 Safari/537.36"
193.81.230.171 - - [13/Aug/2021:12:31:52 +0200] "GET /reload?ser=1628850711998 HTTP/1.1" 200 28 "http://renault.activities.at/12438662" "Mozilla/5.0 (Windows NT 10.0; Win64; x64) AppleWebKit/537.36 (KHTML, like Gecko) Chrome/92.0.4515.131 Safari/537.36"
80.122.35.214 - - [13/Aug/2021:12:31:54 +0200] "GET /reload?ser=1628850712996 HTTP/1.1" 200 28 "http://renault.2web.at/success" "Mozilla/5.0 (Windows NT 10.0; WOW64; Trident/7.0; rv:11.0) like Gecko"
80.120.210.179 - - [13/Aug/2021:12:32:14 +0200] "GET /reload?ser=1628850735043 HTTP/1.1" 200 28 "http://renault.activities.at/12438662" "Mozilla/5.0 (Windows NT 10.0; Win64; x64) AppleWebKit/537.36 (KHTML, like Gecko) Chrome/92.0.4515.131 Safari/537.36"
193.81.230.171 - - [13/Aug/2021:12:32:53 +0200] "GET /reload?ser=1628850773011 HTTP/1.1" 200 28 "http://renault.activities.at/12438662" "Mozilla/5.0 (Windows NT 10.0; Win64; x64) AppleWebKit/537.36 (KHTML, like Gecko) Chrome/92.0.4515.131 Safari/537.36"
80.122.35.214 - - [13/Aug/2021:12:32:55 +0200] "GET /reload?ser=1628850773966 HTTP/1.1" 200 28 "http://renault.2web.at/success" "Mozilla/5.0 (Windows NT 10.0; WOW64; Trident/7.0; rv:11.0) like Gecko"
80.120.210.179 - - [13/Aug/2021:12:33:16 +0200] "GET /reload?ser=1628850797044 HTTP/1.1" 200 28 "http://renault.activities.at/12438662" "Mozilla/5.0 (Windows NT 10.0; Win64; x64) AppleWebKit/537.36 (KHTML, like Gecko) Chrome/92.0.4515.131 Safari/537.36"
193.81.230.171 - - [13/Aug/2021:12:33:54 +0200] "GET /reload?ser=1628850833992 HTTP/1.1" 200 28 "http://renault.activities.at/12438662" "Mozilla/5.0 (Windows NT 10.0; Win64; x64) AppleWebKit/537.36 (KHTML, like Gecko) Chrome/92.0.4515.131 Safari/537.36"
80.122.35.214 - - [13/Aug/2021:12:33:56 +0200] "GET /reload?ser=1628850834904 HTTP/1.1" 200 28 "http://renault.2web.at/success" "Mozilla/5.0 (Windows NT 10.0; WOW64; Trident/7.0; rv:11.0) like Gecko"
80.120.210.179 - - [13/Aug/2021:12:34:18 +0200] "GET /reload?ser=1628850859046 HTTP/1.1" 200 28 "http://renault.activities.at/12438662" "Mozilla/5.0 (Windows NT 10.0; Win64; x64) AppleWebKit/537.36 (KHTML, like Gecko) Chrome/92.0.4515.131 Safari/537.36"
193.81.230.171 - - [13/Aug/2021:12:34:55 +0200] "GET /reload?ser=1628850894995 HTTP/1.1" 200 28 "http://renault.activities.at/12438662" "Mozilla/5.0 (Windows NT 10.0; Win64; x64) AppleWebKit/537.36 (KHTML, like Gecko) Chrome/92.0.4515.131 Safari/537.36"
80.122.35.214 - - [13/Aug/2021:12:34:57 +0200] "GET /reload?ser=1628850895850 HTTP/1.1" 200 28 "http://renault.2web.at/success" "Mozilla/5.0 (Windows NT 10.0; WOW64; Trident/7.0; rv:11.0) like Gecko"
