212.95.8.252 - - [16/Aug/2021:10:40:55 +0200] "GET /reload?ser=1629103254927 HTTP/1.1" 200 28 "http://renault.2web.at/result?searchterm=true&search=give+away" "Mozilla/5.0 (Windows NT 10.0; Win64; x64) AppleWebKit/537.36 (KHTML, like Gecko) Chrome/91.0.4472.164 Safari/537.36 Edg/91.0.864.71"
18.237.8.2 - - [16/Aug/2021:10:41:28 +0200] "GET / HTTP/1.1" 200 11924 "-" "Mozilla/5.0 (Windows NT 6.1; Win64; x64) AppleWebKit/537.36 (KHTML, like Gecko) Chrome/72.0.3626.109 Safari/537.36"
80.80.251.48 - - [16/Aug/2021:10:41:49 +0200] "GET /reload?ser=1629103309007 HTTP/1.1" 200 28 "http://renault.activities.at/forgotpassword" "Mozilla/5.0 (Windows NT 10.0; Win64; x64) AppleWebKit/537.36 (KHTML, like Gecko) Chrome/92.0.4515.131 Safari/537.36"
212.95.8.252 - - [16/Aug/2021:10:41:57 +0200] "GET /reload?ser=1629103316938 HTTP/1.1" 200 28 "http://renault.2web.at/result?searchterm=true&search=give+away" "Mozilla/5.0 (Windows NT 10.0; Win64; x64) AppleWebKit/537.36 (KHTML, like Gecko) Chrome/91.0.4472.164 Safari/537.36 Edg/91.0.864.71"
80.80.251.48 - - [16/Aug/2021:10:42:50 +0200] "GET /reload?ser=1629103370004 HTTP/1.1" 200 28 "http://renault.activities.at/forgotpassword" "Mozilla/5.0 (Windows NT 10.0; Win64; x64) AppleWebKit/537.36 (KHTML, like Gecko) Chrome/92.0.4515.131 Safari/537.36"
212.95.8.252 - - [16/Aug/2021:10:42:59 +0200] "GET /reload?ser=1629103378941 HTTP/1.1" 200 28 "http://renault.2web.at/result?searchterm=true&search=give+away" "Mozilla/5.0 (Windows NT 10.0; Win64; x64) AppleWebKit/537.36 (KHTML, like Gecko) Chrome/91.0.4472.164 Safari/537.36 Edg/91.0.864.71"
80.80.251.48 - - [16/Aug/2021:10:43:51 +0200] "GET /reload?ser=1629103431008 HTTP/1.1" 200 28 "http://renault.activities.at/forgotpassword" "Mozilla/5.0 (Windows NT 10.0; Win64; x64) AppleWebKit/537.36 (KHTML, like Gecko) Chrome/92.0.4515.131 Safari/537.36"
212.95.8.252 - - [16/Aug/2021:10:44:01 +0200] "GET /reload?ser=1629103440924 HTTP/1.1" 200 28 "http://renault.2web.at/result?searchterm=true&search=give+away" "Mozilla/5.0 (Windows NT 10.0; Win64; x64) AppleWebKit/537.36 (KHTML, like Gecko) Chrome/91.0.4472.164 Safari/537.36 Edg/91.0.864.71"
80.80.251.48 - - [16/Aug/2021:10:44:52 +0200] "GET /reload?ser=1629103491997 HTTP/1.1" 200 28 "http://renault.activities.at/forgotpassword" "Mozilla/5.0 (Windows NT 10.0; Win64; x64) AppleWebKit/537.36 (KHTML, like Gecko) Chrome/92.0.4515.131 Safari/537.36"
212.95.8.252 - - [16/Aug/2021:10:45:03 +0200] "GET /reload?ser=1629103502934 HTTP/1.1" 200 28 "http://renault.2web.at/result?searchterm=true&search=give+away" "Mozilla/5.0 (Windows NT 10.0; Win64; x64) AppleWebKit/537.36 (KHTML, like Gecko) Chrome/91.0.4472.164 Safari/537.36 Edg/91.0.864.71"
80.80.251.48 - - [16/Aug/2021:10:45:53 +0200] "GET /reload?ser=1629103553007 HTTP/1.1" 200 28 "http://renault.activities.at/forgotpassword" "Mozilla/5.0 (Windows NT 10.0; Win64; x64) AppleWebKit/537.36 (KHTML, like Gecko) Chrome/92.0.4515.131 Safari/537.36"
212.95.8.252 - - [16/Aug/2021:10:46:05 +0200] "GET /reload?ser=1629103564926 HTTP/1.1" 200 28 "http://renault.2web.at/result?searchterm=true&search=give+away" "Mozilla/5.0 (Windows NT 10.0; Win64; x64) AppleWebKit/537.36 (KHTML, like Gecko) Chrome/91.0.4472.164 Safari/537.36 Edg/91.0.864.71"
80.80.251.48 - - [16/Aug/2021:10:46:54 +0200] "GET /reload?ser=1629103614003 HTTP/1.1" 200 28 "http://renault.activities.at/forgotpassword" "Mozilla/5.0 (Windows NT 10.0; Win64; x64) AppleWebKit/537.36 (KHTML, like Gecko) Chrome/92.0.4515.131 Safari/537.36"
212.95.8.252 - - [16/Aug/2021:10:47:06 +0200] "GET /reload?ser=1629103625942 HTTP/1.1" 200 28 "http://renault.2web.at/result?searchterm=true&search=give+away" "Mozilla/5.0 (Windows NT 10.0; Win64; x64) AppleWebKit/537.36 (KHTML, like Gecko) Chrome/91.0.4472.164 Safari/537.36 Edg/91.0.864.71"
80.80.251.48 - - [16/Aug/2021:10:47:55 +0200] "GET /reload?ser=1629103675002 HTTP/1.1" 200 28 "http://renault.activities.at/forgotpassword" "Mozilla/5.0 (Windows NT 10.0; Win64; x64) AppleWebKit/537.36 (KHTML, like Gecko) Chrome/92.0.4515.131 Safari/537.36"
212.95.8.252 - - [16/Aug/2021:10:48:08 +0200] "GET /reload?ser=1629103687939 HTTP/1.1" 200 28 "http://renault.2web.at/result?searchterm=true&search=give+away" "Mozilla/5.0 (Windows NT 10.0; Win64; x64) AppleWebKit/537.36 (KHTML, like Gecko) Chrome/91.0.4472.164 Safari/537.36 Edg/91.0.864.71"
80.80.251.48 - - [16/Aug/2021:10:48:56 +0200] "GET /reload?ser=1629103736002 HTTP/1.1" 200 28 "http://renault.activities.at/forgotpassword" "Mozilla/5.0 (Windows NT 10.0; Win64; x64) AppleWebKit/537.36 (KHTML, like Gecko) Chrome/92.0.4515.131 Safari/537.36"
212.95.8.252 - - [16/Aug/2021:10:49:10 +0200] "GET /reload?ser=1629103749955 HTTP/1.1" 200 28 "http://renault.2web.at/result?searchterm=true&search=give+away" "Mozilla/5.0 (Windows NT 10.0; Win64; x64) AppleWebKit/537.36 (KHTML, like Gecko) Chrome/91.0.4472.164 Safari/537.36 Edg/91.0.864.71"
80.80.251.48 - - [16/Aug/2021:10:49:57 +0200] "GET /reload?ser=1629103797008 HTTP/1.1" 200 28 "http://renault.activities.at/forgotpassword" "Mozilla/5.0 (Windows NT 10.0; Win64; x64) AppleWebKit/537.36 (KHTML, like Gecko) Chrome/92.0.4515.131 Safari/537.36"
212.95.8.252 - - [16/Aug/2021:10:50:12 +0200] "GET /reload?ser=1629103811963 HTTP/1.1" 200 28 "http://renault.2web.at/result?searchterm=true&search=give+away" "Mozilla/5.0 (Windows NT 10.0; Win64; x64) AppleWebKit/537.36 (KHTML, like Gecko) Chrome/91.0.4472.164 Safari/537.36 Edg/91.0.864.71"
80.80.251.48 - - [16/Aug/2021:10:50:58 +0200] "GET /reload?ser=1629103857994 HTTP/1.1" 200 28 "http://renault.activities.at/forgotpassword" "Mozilla/5.0 (Windows NT 10.0; Win64; x64) AppleWebKit/537.36 (KHTML, like Gecko) Chrome/92.0.4515.131 Safari/537.36"
212.95.8.252 - - [16/Aug/2021:10:51:14 +0200] "GET /reload?ser=1629103873967 HTTP/1.1" 200 28 "http://renault.2web.at/result?searchterm=true&search=give+away" "Mozilla/5.0 (Windows NT 10.0; Win64; x64) AppleWebKit/537.36 (KHTML, like Gecko) Chrome/91.0.4472.164 Safari/537.36 Edg/91.0.864.71"
80.80.251.48 - - [16/Aug/2021:10:51:59 +0200] "GET /reload?ser=1629103919003 HTTP/1.1" 200 28 "http://renault.activities.at/forgotpassword" "Mozilla/5.0 (Windows NT 10.0; Win64; x64) AppleWebKit/537.36 (KHTML, like Gecko) Chrome/92.0.4515.131 Safari/537.36"
212.95.8.252 - - [16/Aug/2021:10:52:16 +0200] "GET /reload?ser=1629103935965 HTTP/1.1" 200 28 "http://renault.2web.at/result?searchterm=true&search=give+away" "Mozilla/5.0 (Windows NT 10.0; Win64; x64) AppleWebKit/537.36 (KHTML, like Gecko) Chrome/91.0.4472.164 Safari/537.36 Edg/91.0.864.71"
80.80.251.48 - - [16/Aug/2021:10:53:00 +0200] "GET /reload?ser=1629103979995 HTTP/1.1" 200 28 "http://renault.activities.at/forgotpassword" "Mozilla/5.0 (Windows NT 10.0; Win64; x64) AppleWebKit/537.36 (KHTML, like Gecko) Chrome/92.0.4515.131 Safari/537.36"
212.95.8.252 - - [16/Aug/2021:10:53:18 +0200] "GET /reload?ser=1629103997974 HTTP/1.1" 200 28 "http://renault.2web.at/result?searchterm=true&search=give+away" "Mozilla/5.0 (Windows NT 10.0; Win64; x64) AppleWebKit/537.36 (KHTML, like Gecko) Chrome/91.0.4472.164 Safari/537.36 Edg/91.0.864.71"
80.80.251.48 - - [16/Aug/2021:10:54:01 +0200] "GET /reload?ser=1629104040997 HTTP/1.1" 200 28 "http://renault.activities.at/forgotpassword" "Mozilla/5.0 (Windows NT 10.0; Win64; x64) AppleWebKit/537.36 (KHTML, like Gecko) Chrome/92.0.4515.131 Safari/537.36"
212.95.8.252 - - [16/Aug/2021:10:54:20 +0200] "GET /reload?ser=1629104059983 HTTP/1.1" 200 28 "http://renault.2web.at/result?searchterm=true&search=give+away" "Mozilla/5.0 (Windows NT 10.0; Win64; x64) AppleWebKit/537.36 (KHTML, like Gecko) Chrome/91.0.4472.164 Safari/537.36 Edg/91.0.864.71"
80.80.251.48 - - [16/Aug/2021:10:55:02 +0200] "GET /reload?ser=1629104102005 HTTP/1.1" 200 28 "http://renault.activities.at/forgotpassword" "Mozilla/5.0 (Windows NT 10.0; Win64; x64) AppleWebKit/537.36 (KHTML, like Gecko) Chrome/92.0.4515.131 Safari/537.36"
212.95.8.252 - - [16/Aug/2021:10:55:25 +0200] "GET /reload?ser=1629104124980 HTTP/1.1" 200 28 "http://renault.2web.at/result?searchterm=true&search=give+away" "Mozilla/5.0 (Windows NT 10.0; Win64; x64) AppleWebKit/537.36 (KHTML, like Gecko) Chrome/91.0.4472.164 Safari/537.36 Edg/91.0.864.71"
80.80.251.48 - - [16/Aug/2021:10:56:03 +0200] "GET /reload?ser=1629104162999 HTTP/1.1" 200 28 "http://renault.activities.at/forgotpassword" "Mozilla/5.0 (Windows NT 10.0; Win64; x64) AppleWebKit/537.36 (KHTML, like Gecko) Chrome/92.0.4515.131 Safari/537.36"
212.95.8.252 - - [16/Aug/2021:10:56:27 +0200] "GET /reload?ser=1629104186999 HTTP/1.1" 200 28 "http://renault.2web.at/result?searchterm=true&search=give+away" "Mozilla/5.0 (Windows NT 10.0; Win64; x64) AppleWebKit/537.36 (KHTML, like Gecko) Chrome/91.0.4472.164 Safari/537.36 Edg/91.0.864.71"
80.80.251.48 - - [16/Aug/2021:10:57:04 +0200] "GET /reload?ser=1629104223997 HTTP/1.1" 200 28 "http://renault.activities.at/forgotpassword" "Mozilla/5.0 (Windows NT 10.0; Win64; x64) AppleWebKit/537.36 (KHTML, like Gecko) Chrome/92.0.4515.131 Safari/537.36"
212.95.8.252 - - [16/Aug/2021:10:57:29 +0200] "GET /reload?ser=1629104248979 HTTP/1.1" 200 28 "http://renault.2web.at/result?searchterm=true&search=give+away" "Mozilla/5.0 (Windows NT 10.0; Win64; x64) AppleWebKit/537.36 (KHTML, like Gecko) Chrome/91.0.4472.164 Safari/537.36 Edg/91.0.864.71"
80.80.251.48 - - [16/Aug/2021:10:58:05 +0200] "GET /reload?ser=1629104284990 HTTP/1.1" 200 28 "http://renault.activities.at/forgotpassword" "Mozilla/5.0 (Windows NT 10.0; Win64; x64) AppleWebKit/537.36 (KHTML, like Gecko) Chrome/92.0.4515.131 Safari/537.36"
212.95.8.252 - - [16/Aug/2021:10:58:31 +0200] "GET /reload?ser=1629104310991 HTTP/1.1" 200 28 "http://renault.2web.at/result?searchterm=true&search=give+away" "Mozilla/5.0 (Windows NT 10.0; Win64; x64) AppleWebKit/537.36 (KHTML, like Gecko) Chrome/91.0.4472.164 Safari/537.36 Edg/91.0.864.71"
80.80.251.48 - - [16/Aug/2021:10:59:06 +0200] "GET /reload?ser=1629104346001 HTTP/1.1" 200 28 "http://renault.activities.at/forgotpassword" "Mozilla/5.0 (Windows NT 10.0; Win64; x64) AppleWebKit/537.36 (KHTML, like Gecko) Chrome/92.0.4515.131 Safari/537.36"
212.95.8.252 - - [16/Aug/2021:10:59:33 +0200] "GET /reload?ser=1629104372995 HTTP/1.1" 200 28 "http://renault.2web.at/result?searchterm=true&search=give+away" "Mozilla/5.0 (Windows NT 10.0; Win64; x64) AppleWebKit/537.36 (KHTML, like Gecko) Chrome/91.0.4472.164 Safari/537.36 Edg/91.0.864.71"
80.80.251.48 - - [16/Aug/2021:11:00:07 +0200] "GET /reload?ser=1629104406992 HTTP/1.1" 200 28 "http://renault.activities.at/forgotpassword" "Mozilla/5.0 (Windows NT 10.0; Win64; x64) AppleWebKit/537.36 (KHTML, like Gecko) Chrome/92.0.4515.131 Safari/537.36"
212.95.8.252 - - [16/Aug/2021:11:00:35 +0200] "GET /reload?ser=1629104434992 HTTP/1.1" 200 28 "http://renault.2web.at/result?searchterm=true&search=give+away" "Mozilla/5.0 (Windows NT 10.0; Win64; x64) AppleWebKit/537.36 (KHTML, like Gecko) Chrome/91.0.4472.164 Safari/537.36 Edg/91.0.864.71"
80.80.251.48 - - [16/Aug/2021:11:01:08 +0200] "GET /reload?ser=1629104468000 HTTP/1.1" 200 28 "http://renault.activities.at/forgotpassword" "Mozilla/5.0 (Windows NT 10.0; Win64; x64) AppleWebKit/537.36 (KHTML, like Gecko) Chrome/92.0.4515.131 Safari/537.36"
212.95.8.252 - - [16/Aug/2021:11:01:37 +0200] "GET /reload?ser=1629104496995 HTTP/1.1" 200 28 "http://renault.2web.at/result?searchterm=true&search=give+away" "Mozilla/5.0 (Windows NT 10.0; Win64; x64) AppleWebKit/537.36 (KHTML, like Gecko) Chrome/91.0.4472.164 Safari/537.36 Edg/91.0.864.71"
80.80.251.48 - - [16/Aug/2021:11:02:09 +0200] "GET /reload?ser=1629104528990 HTTP/1.1" 200 28 "http://renault.activities.at/forgotpassword" "Mozilla/5.0 (Windows NT 10.0; Win64; x64) AppleWebKit/537.36 (KHTML, like Gecko) Chrome/92.0.4515.131 Safari/537.36"
212.95.8.252 - - [16/Aug/2021:11:02:39 +0200] "GET /reload?ser=1629104558997 HTTP/1.1" 200 28 "http://renault.2web.at/result?searchterm=true&search=give+away" "Mozilla/5.0 (Windows NT 10.0; Win64; x64) AppleWebKit/537.36 (KHTML, like Gecko) Chrome/91.0.4472.164 Safari/537.36 Edg/91.0.864.71"
207.46.13.159 - - [16/Aug/2021:11:03:05 +0200] "GET /10260003?dir=DESC&mode=grid&order=name&limit=15&page=2 HTTP/1.1" 200 6370 "-" "Mozilla/5.0 (compatible; bingbot/2.0; +http://www.bing.com/bingbot.htm)"
80.80.251.48 - - [16/Aug/2021:11:03:10 +0200] "GET /reload?ser=1629104589993 HTTP/1.1" 200 28 "http://renault.activities.at/forgotpassword" "Mozilla/5.0 (Windows NT 10.0; Win64; x64) AppleWebKit/537.36 (KHTML, like Gecko) Chrome/92.0.4515.131 Safari/537.36"
207.46.13.159 - - [16/Aug/2021:11:03:23 +0200] "GET /css/prototip.css HTTP/1.1" 200 968 "-" "Mozilla/5.0 (compatible; bingbot/2.0; +http://www.bing.com/bingbot.htm)"
207.46.13.159 - - [16/Aug/2021:11:03:23 +0200] "GET /css/reset.css HTTP/1.1" 200 1356 "-" "Mozilla/5.0 (compatible; bingbot/2.0; +http://www.bing.com/bingbot.htm)"
207.46.13.159 - - [16/Aug/2021:11:03:23 +0200] "GET /loadthumbnail.php?id=10203650&width=113 HTTP/1.1" 200 2741 "-" "Mozilla/5.0 (compatible; bingbot/2.0; +http://www.bing.com/bingbot.htm)"
207.46.13.159 - - [16/Aug/2021:11:03:24 +0200] "GET /loadthumbnail.php?id=12294743&width=113 HTTP/1.1" 200 2695 "-" "Mozilla/5.0 (compatible; bingbot/2.0; +http://www.bing.com/bingbot.htm)"
157.55.39.53 - - [16/Aug/2021:11:03:26 +0200] "GET /loadthumbnail.php?id=10260861&width=113 HTTP/1.1" 200 1170 "-" "Mozilla/5.0 (compatible; bingbot/2.0; +http://www.bing.com/bingbot.htm)"
207.46.13.181 - - [16/Aug/2021:11:03:27 +0200] "GET /css/clears.css HTTP/1.1" 200 851 "-" "Mozilla/5.0 (compatible; bingbot/2.0; +http://www.bing.com/bingbot.htm)"
207.46.13.33 - - [16/Aug/2021:11:03:27 +0200] "GET /css/styles.css HTTP/1.1" 200 14664 "-" "Mozilla/5.0 (compatible; bingbot/2.0; +http://www.bing.com/bingbot.htm)"
207.46.13.108 - - [16/Aug/2021:11:03:30 +0200] "GET /loadthumbnail.php?id=10260890&width=113 HTTP/1.1" 200 1170 "-" "Mozilla/5.0 (compatible; bingbot/2.0; +http://www.bing.com/bingbot.htm)"
207.46.13.13 - - [16/Aug/2021:11:03:32 +0200] "GET /css/print.css HTTP/1.1" 200 543 "-" "Mozilla/5.0 (compatible; bingbot/2.0; +http://www.bing.com/bingbot.htm)"
157.55.39.186 - - [16/Aug/2021:11:03:32 +0200] "GET /loadthumbnail.php?id=10203275 HTTP/1.1" 200 85 "-" "Mozilla/5.0 (compatible; bingbot/2.0; +http://www.bing.com/bingbot.htm)"
40.77.167.62 - - [16/Aug/2021:11:03:32 +0200] "GET /css/themes/default.css HTTP/1.1" 200 769 "-" "Mozilla/5.0 (compatible; bingbot/2.0; +http://www.bing.com/bingbot.htm)"
40.77.167.4 - - [16/Aug/2021:11:03:37 +0200] "GET /loadthumbnail.php?id=10203276 HTTP/1.1" 200 75 "-" "Mozilla/5.0 (compatible; bingbot/2.0; +http://www.bing.com/bingbot.htm)"
40.77.167.4 - - [16/Aug/2021:11:03:37 +0200] "GET /loadthumbnail.php?id=11127982 HTTP/1.1" 200 399614 "-" "Mozilla/5.0 (compatible; bingbot/2.0; +http://www.bing.com/bingbot.htm)"
212.95.8.252 - - [16/Aug/2021:11:03:41 +0200] "GET /reload?ser=1629104620995 HTTP/1.1" 200 28 "http://renault.2web.at/result?searchterm=true&search=give+away" "Mozilla/5.0 (Windows NT 10.0; Win64; x64) AppleWebKit/537.36 (KHTML, like Gecko) Chrome/91.0.4472.164 Safari/537.36 Edg/91.0.864.71"
207.46.13.108 - - [16/Aug/2021:11:03:42 +0200] "GET /loadthumbnail.php?id=11243081&width=113 HTTP/1.1" 200 1218 "-" "Mozilla/5.0 (compatible; bingbot/2.0; +http://www.bing.com/bingbot.htm)"
207.46.13.108 - - [16/Aug/2021:11:03:43 +0200] "GET /loadthumbnail.php?id=11885851&width=113 HTTP/1.1" 200 1576 "-" "Mozilla/5.0 (compatible; bingbot/2.0; +http://www.bing.com/bingbot.htm)"
207.46.13.181 - - [16/Aug/2021:11:03:46 +0200] "GET /css/themes/alphacube.css HTTP/1.1" 200 743 "-" "Mozilla/5.0 (compatible; bingbot/2.0; +http://www.bing.com/bingbot.htm)"
157.55.39.53 - - [16/Aug/2021:11:03:47 +0200] "GET /loadthumbnail.php?id=11036126&width=113 HTTP/1.1" 200 1377 "-" "Mozilla/5.0 (compatible; bingbot/2.0; +http://www.bing.com/bingbot.htm)"
40.77.167.62 - - [16/Aug/2021:11:03:47 +0200] "GET /loadthumbnail.php?id=10203255 HTTP/1.1" 200 137 "-" "Mozilla/5.0 (compatible; bingbot/2.0; +http://www.bing.com/bingbot.htm)"
207.46.13.13 - - [16/Aug/2021:11:03:52 +0200] "GET /loadthumbnail.php?id=10260875&width=113 HTTP/1.1" 200 1170 "-" "Mozilla/5.0 (compatible; bingbot/2.0; +http://www.bing.com/bingbot.htm)"
207.46.13.13 - - [16/Aug/2021:11:03:53 +0200] "GET /loadthumbnail.php?id=10919466&width=113 HTTP/1.1" 200 1477 "-" "Mozilla/5.0 (compatible; bingbot/2.0; +http://www.bing.com/bingbot.htm)"
207.46.13.13 - - [16/Aug/2021:11:03:53 +0200] "GET /loadthumbnail.php?id=11885850&width=113 HTTP/1.1" 200 1552 "-" "Mozilla/5.0 (compatible; bingbot/2.0; +http://www.bing.com/bingbot.htm)"
207.46.13.181 - - [16/Aug/2021:11:03:57 +0200] "GET /loadthumbnail.php?id=10915652&width=113 HTTP/1.1" 200 1387 "-" "Mozilla/5.0 (compatible; bingbot/2.0; +http://www.bing.com/bingbot.htm)"
207.46.13.181 - - [16/Aug/2021:11:03:58 +0200] "GET /loadthumbnail.php?id=10915886&width=113 HTTP/1.1" 200 1376 "-" "Mozilla/5.0 (compatible; bingbot/2.0; +http://www.bing.com/bingbot.htm)"
207.46.13.181 - - [16/Aug/2021:11:03:58 +0200] "GET /loadthumbnail.php?id=11036124&width=113 HTTP/1.1" 200 1328 "-" "Mozilla/5.0 (compatible; bingbot/2.0; +http://www.bing.com/bingbot.htm)"
80.80.251.48 - - [16/Aug/2021:11:04:11 +0200] "GET /reload?ser=1629104651002 HTTP/1.1" 200 28 "http://renault.activities.at/forgotpassword" "Mozilla/5.0 (Windows NT 10.0; Win64; x64) AppleWebKit/537.36 (KHTML, like Gecko) Chrome/92.0.4515.131 Safari/537.36"
212.95.8.252 - - [16/Aug/2021:11:04:43 +0200] "GET /reload?ser=1629104682983 HTTP/1.1" 200 28 "http://renault.2web.at/result?searchterm=true&search=give+away" "Mozilla/5.0 (Windows NT 10.0; Win64; x64) AppleWebKit/537.36 (KHTML, like Gecko) Chrome/91.0.4472.164 Safari/537.36 Edg/91.0.864.71"
80.80.251.48 - - [16/Aug/2021:11:05:12 +0200] "GET /reload?ser=1629104712001 HTTP/1.1" 200 28 "http://renault.activities.at/forgotpassword" "Mozilla/5.0 (Windows NT 10.0; Win64; x64) AppleWebKit/537.36 (KHTML, like Gecko) Chrome/92.0.4515.131 Safari/537.36"
212.95.8.252 - - [16/Aug/2021:11:05:45 +0200] "GET /reload?ser=1629104744996 HTTP/1.1" 200 28 "http://renault.2web.at/result?searchterm=true&search=give+away" "Mozilla/5.0 (Windows NT 10.0; Win64; x64) AppleWebKit/537.36 (KHTML, like Gecko) Chrome/91.0.4472.164 Safari/537.36 Edg/91.0.864.71"
80.80.251.48 - - [16/Aug/2021:11:06:13 +0200] "GET /reload?ser=1629104773000 HTTP/1.1" 200 28 "http://renault.activities.at/forgotpassword" "Mozilla/5.0 (Windows NT 10.0; Win64; x64) AppleWebKit/537.36 (KHTML, like Gecko) Chrome/92.0.4515.131 Safari/537.36"
212.95.8.252 - - [16/Aug/2021:11:06:47 +0200] "GET /reload?ser=1629104806999 HTTP/1.1" 200 28 "http://renault.2web.at/result?searchterm=true&search=give+away" "Mozilla/5.0 (Windows NT 10.0; Win64; x64) AppleWebKit/537.36 (KHTML, like Gecko) Chrome/91.0.4472.164 Safari/537.36 Edg/91.0.864.71"
80.80.251.48 - - [16/Aug/2021:11:07:14 +0200] "GET /reload?ser=1629104834000 HTTP/1.1" 200 28 "http://renault.activities.at/forgotpassword" "Mozilla/5.0 (Windows NT 10.0; Win64; x64) AppleWebKit/537.36 (KHTML, like Gecko) Chrome/92.0.4515.131 Safari/537.36"
212.95.8.252 - - [16/Aug/2021:11:07:49 +0200] "GET /reload?ser=1629104868997 HTTP/1.1" 200 28 "http://renault.2web.at/result?searchterm=true&search=give+away" "Mozilla/5.0 (Windows NT 10.0; Win64; x64) AppleWebKit/537.36 (KHTML, like Gecko) Chrome/91.0.4472.164 Safari/537.36 Edg/91.0.864.71"
80.80.251.48 - - [16/Aug/2021:11:08:15 +0200] "GET /reload?ser=1629104894992 HTTP/1.1" 200 28 "http://renault.activities.at/forgotpassword" "Mozilla/5.0 (Windows NT 10.0; Win64; x64) AppleWebKit/537.36 (KHTML, like Gecko) Chrome/92.0.4515.131 Safari/537.36"
212.95.8.252 - - [16/Aug/2021:11:08:51 +0200] "GET /reload?ser=1629104930994 HTTP/1.1" 200 28 "http://renault.2web.at/result?searchterm=true&search=give+away" "Mozilla/5.0 (Windows NT 10.0; Win64; x64) AppleWebKit/537.36 (KHTML, like Gecko) Chrome/91.0.4472.164 Safari/537.36 Edg/91.0.864.71"
80.80.251.48 - - [16/Aug/2021:11:09:16 +0200] "GET /reload?ser=1629104955989 HTTP/1.1" 200 28 "http://renault.activities.at/forgotpassword" "Mozilla/5.0 (Windows NT 10.0; Win64; x64) AppleWebKit/537.36 (KHTML, like Gecko) Chrome/92.0.4515.131 Safari/537.36"
212.95.8.252 - - [16/Aug/2021:11:09:53 +0200] "GET /reload?ser=1629104992994 HTTP/1.1" 200 28 "http://renault.2web.at/result?searchterm=true&search=give+away" "Mozilla/5.0 (Windows NT 10.0; Win64; x64) AppleWebKit/537.36 (KHTML, like Gecko) Chrome/91.0.4472.164 Safari/537.36 Edg/91.0.864.71"
80.80.251.48 - - [16/Aug/2021:11:10:17 +0200] "GET /reload?ser=1629105016987 HTTP/1.1" 200 28 "http://renault.activities.at/forgotpassword" "Mozilla/5.0 (Windows NT 10.0; Win64; x64) AppleWebKit/537.36 (KHTML, like Gecko) Chrome/92.0.4515.131 Safari/537.36"
212.95.8.252 - - [16/Aug/2021:11:10:55 +0200] "GET /reload?ser=1629105054998 HTTP/1.1" 200 28 "http://renault.2web.at/result?searchterm=true&search=give+away" "Mozilla/5.0 (Windows NT 10.0; Win64; x64) AppleWebKit/537.36 (KHTML, like Gecko) Chrome/91.0.4472.164 Safari/537.36 Edg/91.0.864.71"
80.80.251.48 - - [16/Aug/2021:11:11:18 +0200] "GET /reload?ser=1629105077996 HTTP/1.1" 200 28 "http://renault.activities.at/forgotpassword" "Mozilla/5.0 (Windows NT 10.0; Win64; x64) AppleWebKit/537.36 (KHTML, like Gecko) Chrome/92.0.4515.131 Safari/537.36"
212.95.8.252 - - [16/Aug/2021:11:11:57 +0200] "GET /reload?ser=1629105116986 HTTP/1.1" 200 28 "http://renault.2web.at/result?searchterm=true&search=give+away" "Mozilla/5.0 (Windows NT 10.0; Win64; x64) AppleWebKit/537.36 (KHTML, like Gecko) Chrome/91.0.4472.164 Safari/537.36 Edg/91.0.864.71"
80.80.251.48 - - [16/Aug/2021:11:12:19 +0200] "GET /reload?ser=1629105138998 HTTP/1.1" 200 28 "http://renault.activities.at/forgotpassword" "Mozilla/5.0 (Windows NT 10.0; Win64; x64) AppleWebKit/537.36 (KHTML, like Gecko) Chrome/92.0.4515.131 Safari/537.36"
212.95.8.252 - - [16/Aug/2021:11:12:59 +0200] "GET /reload?ser=1629105178995 HTTP/1.1" 200 28 "http://renault.2web.at/result?searchterm=true&search=give+away" "Mozilla/5.0 (Windows NT 10.0; Win64; x64) AppleWebKit/537.36 (KHTML, like Gecko) Chrome/91.0.4472.164 Safari/537.36 Edg/91.0.864.71"
80.80.251.48 - - [16/Aug/2021:11:13:20 +0200] "GET /reload?ser=1629105200000 HTTP/1.1" 200 28 "http://renault.activities.at/forgotpassword" "Mozilla/5.0 (Windows NT 10.0; Win64; x64) AppleWebKit/537.36 (KHTML, like Gecko) Chrome/92.0.4515.131 Safari/537.36"
213.153.47.173 - - [16/Aug/2021:11:13:59 +0200] "GET /layout.php HTTP/1.1" 200 1558 "-" "Mozilla/5.0 (Windows NT 10.0; Win64; x64) AppleWebKit/537.36 (KHTML, like Gecko) Chrome/91.0.4472.164 Safari/537.36 OPR/77.0.4054.277"
213.153.47.173 - - [16/Aug/2021:11:14:00 +0200] "GET /images/favicon.ico HTTP/1.1" 404 305 "-" "Mozilla/5.0 (Windows NT 10.0; Win64; x64) AppleWebKit/537.36 (KHTML, like Gecko) Chrome/91.0.4472.164 Safari/537.36 OPR/77.0.4054.277"
212.95.8.252 - - [16/Aug/2021:11:14:01 +0200] "GET /reload?ser=1629105240995 HTTP/1.1" 200 28 "http://renault.2web.at/result?searchterm=true&search=give+away" "Mozilla/5.0 (Windows NT 10.0; Win64; x64) AppleWebKit/537.36 (KHTML, like Gecko) Chrome/91.0.4472.164 Safari/537.36 Edg/91.0.864.71"
80.80.251.48 - - [16/Aug/2021:11:14:21 +0200] "GET /reload?ser=1629105260986 HTTP/1.1" 200 28 "http://renault.activities.at/forgotpassword" "Mozilla/5.0 (Windows NT 10.0; Win64; x64) AppleWebKit/537.36 (KHTML, like Gecko) Chrome/92.0.4515.131 Safari/537.36"
212.95.8.252 - - [16/Aug/2021:11:15:03 +0200] "GET /reload?ser=1629105302984 HTTP/1.1" 200 28 "http://renault.2web.at/result?searchterm=true&search=give+away" "Mozilla/5.0 (Windows NT 10.0; Win64; x64) AppleWebKit/537.36 (KHTML, like Gecko) Chrome/91.0.4472.164 Safari/537.36 Edg/91.0.864.71"
80.80.251.48 - - [16/Aug/2021:11:15:22 +0200] "GET /reload?ser=1629105321997 HTTP/1.1" 200 28 "http://renault.activities.at/forgotpassword" "Mozilla/5.0 (Windows NT 10.0; Win64; x64) AppleWebKit/537.36 (KHTML, like Gecko) Chrome/92.0.4515.131 Safari/537.36"
212.95.8.252 - - [16/Aug/2021:11:16:05 +0200] "GET /reload?ser=1629105364993 HTTP/1.1" 200 28 "http://renault.2web.at/result?searchterm=true&search=give+away" "Mozilla/5.0 (Windows NT 10.0; Win64; x64) AppleWebKit/537.36 (KHTML, like Gecko) Chrome/91.0.4472.164 Safari/537.36 Edg/91.0.864.71"
80.80.251.48 - - [16/Aug/2021:11:16:23 +0200] "GET /reload?ser=1629105382986 HTTP/1.1" 200 28 "http://renault.activities.at/forgotpassword" "Mozilla/5.0 (Windows NT 10.0; Win64; x64) AppleWebKit/537.36 (KHTML, like Gecko) Chrome/92.0.4515.131 Safari/537.36"
212.95.8.252 - - [16/Aug/2021:11:17:07 +0200] "GET /reload?ser=1629105426984 HTTP/1.1" 200 28 "http://renault.2web.at/result?searchterm=true&search=give+away" "Mozilla/5.0 (Windows NT 10.0; Win64; x64) AppleWebKit/537.36 (KHTML, like Gecko) Chrome/91.0.4472.164 Safari/537.36 Edg/91.0.864.71"
80.80.251.48 - - [16/Aug/2021:11:17:24 +0200] "GET /reload?ser=1629105443985 HTTP/1.1" 200 28 "http://renault.activities.at/forgotpassword" "Mozilla/5.0 (Windows NT 10.0; Win64; x64) AppleWebKit/537.36 (KHTML, like Gecko) Chrome/92.0.4515.131 Safari/537.36"
212.95.8.252 - - [16/Aug/2021:11:18:09 +0200] "GET /reload?ser=1629105488984 HTTP/1.1" 200 28 "http://renault.2web.at/result?searchterm=true&search=give+away" "Mozilla/5.0 (Windows NT 10.0; Win64; x64) AppleWebKit/537.36 (KHTML, like Gecko) Chrome/91.0.4472.164 Safari/537.36 Edg/91.0.864.71"
80.80.251.48 - - [16/Aug/2021:11:18:25 +0200] "GET /reload?ser=1629105504996 HTTP/1.1" 200 28 "http://renault.activities.at/forgotpassword" "Mozilla/5.0 (Windows NT 10.0; Win64; x64) AppleWebKit/537.36 (KHTML, like Gecko) Chrome/92.0.4515.131 Safari/537.36"
212.95.8.252 - - [16/Aug/2021:11:19:10 +0200] "GET /reload?ser=1629105549990 HTTP/1.1" 200 28 "http://renault.2web.at/result?searchterm=true&search=give+away" "Mozilla/5.0 (Windows NT 10.0; Win64; x64) AppleWebKit/537.36 (KHTML, like Gecko) Chrome/91.0.4472.164 Safari/537.36 Edg/91.0.864.71"
80.80.251.48 - - [16/Aug/2021:11:19:26 +0200] "GET /reload?ser=1629105565994 HTTP/1.1" 200 28 "http://renault.activities.at/forgotpassword" "Mozilla/5.0 (Windows NT 10.0; Win64; x64) AppleWebKit/537.36 (KHTML, like Gecko) Chrome/92.0.4515.131 Safari/537.36"
212.95.8.252 - - [16/Aug/2021:11:20:12 +0200] "GET /reload?ser=1629105611983 HTTP/1.1" 200 28 "http://renault.2web.at/result?searchterm=true&search=give+away" "Mozilla/5.0 (Windows NT 10.0; Win64; x64) AppleWebKit/537.36 (KHTML, like Gecko) Chrome/91.0.4472.164 Safari/537.36 Edg/91.0.864.71"
80.80.251.48 - - [16/Aug/2021:11:20:27 +0200] "GET /reload?ser=1629105626997 HTTP/1.1" 200 28 "http://renault.activities.at/forgotpassword" "Mozilla/5.0 (Windows NT 10.0; Win64; x64) AppleWebKit/537.36 (KHTML, like Gecko) Chrome/92.0.4515.131 Safari/537.36"
212.95.8.252 - - [16/Aug/2021:11:21:14 +0200] "GET /reload?ser=1629105673994 HTTP/1.1" 200 28 "http://renault.2web.at/result?searchterm=true&search=give+away" "Mozilla/5.0 (Windows NT 10.0; Win64; x64) AppleWebKit/537.36 (KHTML, like Gecko) Chrome/91.0.4472.164 Safari/537.36 Edg/91.0.864.71"
80.80.251.48 - - [16/Aug/2021:11:21:28 +0200] "GET /reload?ser=1629105687995 HTTP/1.1" 200 28 "http://renault.activities.at/forgotpassword" "Mozilla/5.0 (Windows NT 10.0; Win64; x64) AppleWebKit/537.36 (KHTML, like Gecko) Chrome/92.0.4515.131 Safari/537.36"
212.95.8.252 - - [16/Aug/2021:11:22:16 +0200] "GET /reload?ser=1629105735993 HTTP/1.1" 200 28 "http://renault.2web.at/result?searchterm=true&search=give+away" "Mozilla/5.0 (Windows NT 10.0; Win64; x64) AppleWebKit/537.36 (KHTML, like Gecko) Chrome/91.0.4472.164 Safari/537.36 Edg/91.0.864.71"
80.80.251.48 - - [16/Aug/2021:11:22:29 +0200] "GET /reload?ser=1629105748993 HTTP/1.1" 200 28 "http://renault.activities.at/forgotpassword" "Mozilla/5.0 (Windows NT 10.0; Win64; x64) AppleWebKit/537.36 (KHTML, like Gecko) Chrome/92.0.4515.131 Safari/537.36"
212.95.8.252 - - [16/Aug/2021:11:23:18 +0200] "GET /reload?ser=1629105797995 HTTP/1.1" 200 28 "http://renault.2web.at/result?searchterm=true&search=give+away" "Mozilla/5.0 (Windows NT 10.0; Win64; x64) AppleWebKit/537.36 (KHTML, like Gecko) Chrome/91.0.4472.164 Safari/537.36 Edg/91.0.864.71"
80.80.251.48 - - [16/Aug/2021:11:23:30 +0200] "GET /reload?ser=1629105809989 HTTP/1.1" 200 28 "http://renault.activities.at/forgotpassword" "Mozilla/5.0 (Windows NT 10.0; Win64; x64) AppleWebKit/537.36 (KHTML, like Gecko) Chrome/92.0.4515.131 Safari/537.36"
212.95.8.252 - - [16/Aug/2021:11:24:20 +0200] "GET /reload?ser=1629105859993 HTTP/1.1" 200 28 "http://renault.2web.at/result?searchterm=true&search=give+away" "Mozilla/5.0 (Windows NT 10.0; Win64; x64) AppleWebKit/537.36 (KHTML, like Gecko) Chrome/91.0.4472.164 Safari/537.36 Edg/91.0.864.71"
80.80.251.48 - - [16/Aug/2021:11:24:31 +0200] "GET /reload?ser=1629105870992 HTTP/1.1" 200 28 "http://renault.activities.at/forgotpassword" "Mozilla/5.0 (Windows NT 10.0; Win64; x64) AppleWebKit/537.36 (KHTML, like Gecko) Chrome/92.0.4515.131 Safari/537.36"
212.95.8.252 - - [16/Aug/2021:11:25:22 +0200] "GET /reload?ser=1629105921984 HTTP/1.1" 200 28 "http://renault.2web.at/result?searchterm=true&search=give+away" "Mozilla/5.0 (Windows NT 10.0; Win64; x64) AppleWebKit/537.36 (KHTML, like Gecko) Chrome/91.0.4472.164 Safari/537.36 Edg/91.0.864.71"
80.80.251.48 - - [16/Aug/2021:11:25:32 +0200] "GET /reload?ser=1629105931998 HTTP/1.1" 200 28 "http://renault.activities.at/forgotpassword" "Mozilla/5.0 (Windows NT 10.0; Win64; x64) AppleWebKit/537.36 (KHTML, like Gecko) Chrome/92.0.4515.131 Safari/537.36"
212.95.8.252 - - [16/Aug/2021:11:26:24 +0200] "GET /reload?ser=1629105983993 HTTP/1.1" 200 28 "http://renault.2web.at/result?searchterm=true&search=give+away" "Mozilla/5.0 (Windows NT 10.0; Win64; x64) AppleWebKit/537.36 (KHTML, like Gecko) Chrome/91.0.4472.164 Safari/537.36 Edg/91.0.864.71"
80.80.251.48 - - [16/Aug/2021:11:26:33 +0200] "GET /reload?ser=1629105992988 HTTP/1.1" 200 28 "http://renault.activities.at/forgotpassword" "Mozilla/5.0 (Windows NT 10.0; Win64; x64) AppleWebKit/537.36 (KHTML, like Gecko) Chrome/92.0.4515.131 Safari/537.36"
212.95.8.252 - - [16/Aug/2021:11:27:26 +0200] "GET /reload?ser=1629106045993 HTTP/1.1" 200 28 "http://renault.2web.at/result?searchterm=true&search=give+away" "Mozilla/5.0 (Windows NT 10.0; Win64; x64) AppleWebKit/537.36 (KHTML, like Gecko) Chrome/91.0.4472.164 Safari/537.36 Edg/91.0.864.71"
80.80.251.48 - - [16/Aug/2021:11:27:34 +0200] "GET /reload?ser=1629106053989 HTTP/1.1" 200 28 "http://renault.activities.at/forgotpassword" "Mozilla/5.0 (Windows NT 10.0; Win64; x64) AppleWebKit/537.36 (KHTML, like Gecko) Chrome/92.0.4515.131 Safari/537.36"
212.95.8.252 - - [16/Aug/2021:11:28:28 +0200] "GET /reload?ser=1629106107990 HTTP/1.1" 200 28 "http://renault.2web.at/result?searchterm=true&search=give+away" "Mozilla/5.0 (Windows NT 10.0; Win64; x64) AppleWebKit/537.36 (KHTML, like Gecko) Chrome/91.0.4472.164 Safari/537.36 Edg/91.0.864.71"
80.80.251.48 - - [16/Aug/2021:11:28:35 +0200] "GET /reload?ser=1629106114990 HTTP/1.1" 200 28 "http://renault.activities.at/forgotpassword" "Mozilla/5.0 (Windows NT 10.0; Win64; x64) AppleWebKit/537.36 (KHTML, like Gecko) Chrome/92.0.4515.131 Safari/537.36"
212.95.8.252 - - [16/Aug/2021:11:29:30 +0200] "GET /reload?ser=1629106169988 HTTP/1.1" 200 28 "http://renault.2web.at/result?searchterm=true&search=give+away" "Mozilla/5.0 (Windows NT 10.0; Win64; x64) AppleWebKit/537.36 (KHTML, like Gecko) Chrome/91.0.4472.164 Safari/537.36 Edg/91.0.864.71"
80.80.251.48 - - [16/Aug/2021:11:29:36 +0200] "GET /reload?ser=1629106175989 HTTP/1.1" 200 28 "http://renault.activities.at/forgotpassword" "Mozilla/5.0 (Windows NT 10.0; Win64; x64) AppleWebKit/537.36 (KHTML, like Gecko) Chrome/92.0.4515.131 Safari/537.36"
212.95.8.252 - - [16/Aug/2021:11:30:32 +0200] "GET /reload?ser=1629106231989 HTTP/1.1" 200 28 "http://renault.2web.at/result?searchterm=true&search=give+away" "Mozilla/5.0 (Windows NT 10.0; Win64; x64) AppleWebKit/537.36 (KHTML, like Gecko) Chrome/91.0.4472.164 Safari/537.36 Edg/91.0.864.71"
80.80.251.48 - - [16/Aug/2021:11:30:37 +0200] "GET /reload?ser=1629106236987 HTTP/1.1" 200 28 "http://renault.activities.at/forgotpassword" "Mozilla/5.0 (Windows NT 10.0; Win64; x64) AppleWebKit/537.36 (KHTML, like Gecko) Chrome/92.0.4515.131 Safari/537.36"
212.95.8.252 - - [16/Aug/2021:11:31:34 +0200] "GET /reload?ser=1629106293992 HTTP/1.1" 200 28 "http://renault.2web.at/result?searchterm=true&search=give+away" "Mozilla/5.0 (Windows NT 10.0; Win64; x64) AppleWebKit/537.36 (KHTML, like Gecko) Chrome/91.0.4472.164 Safari/537.36 Edg/91.0.864.71"
80.80.251.48 - - [16/Aug/2021:11:31:38 +0200] "GET /reload?ser=1629106297985 HTTP/1.1" 200 28 "http://renault.activities.at/forgotpassword" "Mozilla/5.0 (Windows NT 10.0; Win64; x64) AppleWebKit/537.36 (KHTML, like Gecko) Chrome/92.0.4515.131 Safari/537.36"
212.95.8.252 - - [16/Aug/2021:11:32:36 +0200] "GET /reload?ser=1629106355980 HTTP/1.1" 200 28 "http://renault.2web.at/result?searchterm=true&search=give+away" "Mozilla/5.0 (Windows NT 10.0; Win64; x64) AppleWebKit/537.36 (KHTML, like Gecko) Chrome/91.0.4472.164 Safari/537.36 Edg/91.0.864.71"
80.80.251.48 - - [16/Aug/2021:11:32:39 +0200] "GET /reload?ser=1629106358990 HTTP/1.1" 200 28 "http://renault.activities.at/forgotpassword" "Mozilla/5.0 (Windows NT 10.0; Win64; x64) AppleWebKit/537.36 (KHTML, like Gecko) Chrome/92.0.4515.131 Safari/537.36"
212.95.8.252 - - [16/Aug/2021:11:33:37 +0200] "GET /reload?ser=1629106416980 HTTP/1.1" 200 28 "http://renault.2web.at/result?searchterm=true&search=give+away" "Mozilla/5.0 (Windows NT 10.0; Win64; x64) AppleWebKit/537.36 (KHTML, like Gecko) Chrome/91.0.4472.164 Safari/537.36 Edg/91.0.864.71"
80.80.251.48 - - [16/Aug/2021:11:33:40 +0200] "GET /reload?ser=1629106419985 HTTP/1.1" 200 28 "http://renault.activities.at/forgotpassword" "Mozilla/5.0 (Windows NT 10.0; Win64; x64) AppleWebKit/537.36 (KHTML, like Gecko) Chrome/92.0.4515.131 Safari/537.36"
212.95.8.252 - - [16/Aug/2021:11:34:39 +0200] "GET /reload?ser=1629106478992 HTTP/1.1" 200 28 "http://renault.2web.at/result?searchterm=true&search=give+away" "Mozilla/5.0 (Windows NT 10.0; Win64; x64) AppleWebKit/537.36 (KHTML, like Gecko) Chrome/91.0.4472.164 Safari/537.36 Edg/91.0.864.71"
80.80.251.48 - - [16/Aug/2021:11:34:44 +0200] "GET /reload?ser=1629106483991 HTTP/1.1" 200 28 "http://renault.activities.at/forgotpassword" "Mozilla/5.0 (Windows NT 10.0; Win64; x64) AppleWebKit/537.36 (KHTML, like Gecko) Chrome/92.0.4515.131 Safari/537.36"
212.95.8.252 - - [16/Aug/2021:11:35:41 +0200] "GET /reload?ser=1629106540983 HTTP/1.1" 200 28 "http://renault.2web.at/result?searchterm=true&search=give+away" "Mozilla/5.0 (Windows NT 10.0; Win64; x64) AppleWebKit/537.36 (KHTML, like Gecko) Chrome/91.0.4472.164 Safari/537.36 Edg/91.0.864.71"
80.80.251.48 - - [16/Aug/2021:11:35:45 +0200] "GET /reload?ser=1629106544997 HTTP/1.1" 200 28 "http://renault.activities.at/forgotpassword" "Mozilla/5.0 (Windows NT 10.0; Win64; x64) AppleWebKit/537.36 (KHTML, like Gecko) Chrome/92.0.4515.131 Safari/537.36"
212.95.8.252 - - [16/Aug/2021:11:36:43 +0200] "GET /reload?ser=1629106602980 HTTP/1.1" 200 28 "http://renault.2web.at/result?searchterm=true&search=give+away" "Mozilla/5.0 (Windows NT 10.0; Win64; x64) AppleWebKit/537.36 (KHTML, like Gecko) Chrome/91.0.4472.164 Safari/537.36 Edg/91.0.864.71"
80.80.251.48 - - [16/Aug/2021:11:36:46 +0200] "GET /reload?ser=1629106605646 HTTP/1.1" 200 28 "http://renault.activities.at/forgotpassword" "Mozilla/5.0 (Windows NT 10.0; Win64; x64) AppleWebKit/537.36 (KHTML, like Gecko) Chrome/92.0.4515.131 Safari/537.36"
212.95.8.252 - - [16/Aug/2021:11:37:45 +0200] "GET /reload?ser=1629106664982 HTTP/1.1" 200 28 "http://renault.2web.at/result?searchterm=true&search=give+away" "Mozilla/5.0 (Windows NT 10.0; Win64; x64) AppleWebKit/537.36 (KHTML, like Gecko) Chrome/91.0.4472.164 Safari/537.36 Edg/91.0.864.71"
80.80.251.48 - - [16/Aug/2021:11:37:47 +0200] "GET /reload?ser=1629106666983 HTTP/1.1" 200 28 "http://renault.activities.at/forgotpassword" "Mozilla/5.0 (Windows NT 10.0; Win64; x64) AppleWebKit/537.36 (KHTML, like Gecko) Chrome/92.0.4515.131 Safari/537.36"
212.95.8.252 - - [16/Aug/2021:11:38:47 +0200] "GET /reload?ser=1629106726977 HTTP/1.1" 200 28 "http://renault.2web.at/result?searchterm=true&search=give+away" "Mozilla/5.0 (Windows NT 10.0; Win64; x64) AppleWebKit/537.36 (KHTML, like Gecko) Chrome/91.0.4472.164 Safari/537.36 Edg/91.0.864.71"
80.80.251.48 - - [16/Aug/2021:11:38:48 +0200] "GET /reload?ser=1629106727988 HTTP/1.1" 200 28 "http://renault.activities.at/forgotpassword" "Mozilla/5.0 (Windows NT 10.0; Win64; x64) AppleWebKit/537.36 (KHTML, like Gecko) Chrome/92.0.4515.131 Safari/537.36"
212.95.8.252 - - [16/Aug/2021:11:39:49 +0200] "GET /reload?ser=1629106788993 HTTP/1.1" 200 28 "http://renault.2web.at/result?searchterm=true&search=give+away" "Mozilla/5.0 (Windows NT 10.0; Win64; x64) AppleWebKit/537.36 (KHTML, like Gecko) Chrome/91.0.4472.164 Safari/537.36 Edg/91.0.864.71"
80.80.251.48 - - [16/Aug/2021:11:39:49 +0200] "GET /reload?ser=1629106788992 HTTP/1.1" 200 28 "http://renault.activities.at/forgotpassword" "Mozilla/5.0 (Windows NT 10.0; Win64; x64) AppleWebKit/537.36 (KHTML, like Gecko) Chrome/92.0.4515.131 Safari/537.36"
80.80.251.48 - - [16/Aug/2021:11:40:50 +0200] "GET /reload?ser=1629106849997 HTTP/1.1" 200 28 "http://renault.activities.at/forgotpassword" "Mozilla/5.0 (Windows NT 10.0; Win64; x64) AppleWebKit/537.36 (KHTML, like Gecko) Chrome/92.0.4515.131 Safari/537.36"
212.95.8.252 - - [16/Aug/2021:11:40:51 +0200] "GET /reload?ser=1629106850977 HTTP/1.1" 200 28 "http://renault.2web.at/result?searchterm=true&search=give+away" "Mozilla/5.0 (Windows NT 10.0; Win64; x64) AppleWebKit/537.36 (KHTML, like Gecko) Chrome/91.0.4472.164 Safari/537.36 Edg/91.0.864.71"
80.80.251.48 - - [16/Aug/2021:11:41:51 +0200] "GET /reload?ser=1629106910993 HTTP/1.1" 200 28 "http://renault.activities.at/forgotpassword" "Mozilla/5.0 (Windows NT 10.0; Win64; x64) AppleWebKit/537.36 (KHTML, like Gecko) Chrome/92.0.4515.131 Safari/537.36"
212.95.8.252 - - [16/Aug/2021:11:41:53 +0200] "GET /reload?ser=1629106912987 HTTP/1.1" 200 28 "http://renault.2web.at/result?searchterm=true&search=give+away" "Mozilla/5.0 (Windows NT 10.0; Win64; x64) AppleWebKit/537.36 (KHTML, like Gecko) Chrome/91.0.4472.164 Safari/537.36 Edg/91.0.864.71"
80.80.251.48 - - [16/Aug/2021:11:42:52 +0200] "GET /reload?ser=1629106971992 HTTP/1.1" 200 28 "http://renault.activities.at/forgotpassword" "Mozilla/5.0 (Windows NT 10.0; Win64; x64) AppleWebKit/537.36 (KHTML, like Gecko) Chrome/92.0.4515.131 Safari/537.36"
212.95.8.252 - - [16/Aug/2021:11:42:55 +0200] "GET /reload?ser=1629106974977 HTTP/1.1" 200 28 "http://renault.2web.at/result?searchterm=true&search=give+away" "Mozilla/5.0 (Windows NT 10.0; Win64; x64) AppleWebKit/537.36 (KHTML, like Gecko) Chrome/91.0.4472.164 Safari/537.36 Edg/91.0.864.71"
80.80.251.48 - - [16/Aug/2021:11:43:53 +0200] "GET /reload?ser=1629107032992 HTTP/1.1" 200 28 "http://renault.activities.at/forgotpassword" "Mozilla/5.0 (Windows NT 10.0; Win64; x64) AppleWebKit/537.36 (KHTML, like Gecko) Chrome/92.0.4515.131 Safari/537.36"
212.95.8.252 - - [16/Aug/2021:11:43:57 +0200] "GET /reload?ser=1629107036979 HTTP/1.1" 200 28 "http://renault.2web.at/result?searchterm=true&search=give+away" "Mozilla/5.0 (Windows NT 10.0; Win64; x64) AppleWebKit/537.36 (KHTML, like Gecko) Chrome/91.0.4472.164 Safari/537.36 Edg/91.0.864.71"
80.80.251.48 - - [16/Aug/2021:11:44:54 +0200] "GET /reload?ser=1629107093989 HTTP/1.1" 200 28 "http://renault.activities.at/forgotpassword" "Mozilla/5.0 (Windows NT 10.0; Win64; x64) AppleWebKit/537.36 (KHTML, like Gecko) Chrome/92.0.4515.131 Safari/537.36"
212.95.8.252 - - [16/Aug/2021:11:44:59 +0200] "GET /reload?ser=1629107098984 HTTP/1.1" 200 28 "http://renault.2web.at/result?searchterm=true&search=give+away" "Mozilla/5.0 (Windows NT 10.0; Win64; x64) AppleWebKit/537.36 (KHTML, like Gecko) Chrome/91.0.4472.164 Safari/537.36 Edg/91.0.864.71"
80.80.251.48 - - [16/Aug/2021:11:45:55 +0200] "GET /reload?ser=1629107154992 HTTP/1.1" 200 28 "http://renault.activities.at/forgotpassword" "Mozilla/5.0 (Windows NT 10.0; Win64; x64) AppleWebKit/537.36 (KHTML, like Gecko) Chrome/92.0.4515.131 Safari/537.36"
212.95.8.252 - - [16/Aug/2021:11:46:01 +0200] "GET /reload?ser=1629107160990 HTTP/1.1" 200 28 "http://renault.2web.at/result?searchterm=true&search=give+away" "Mozilla/5.0 (Windows NT 10.0; Win64; x64) AppleWebKit/537.36 (KHTML, like Gecko) Chrome/91.0.4472.164 Safari/537.36 Edg/91.0.864.71"
80.80.251.48 - - [16/Aug/2021:11:46:56 +0200] "GET /reload?ser=1629107215990 HTTP/1.1" 200 28 "http://renault.activities.at/forgotpassword" "Mozilla/5.0 (Windows NT 10.0; Win64; x64) AppleWebKit/537.36 (KHTML, like Gecko) Chrome/92.0.4515.131 Safari/537.36"
212.95.8.252 - - [16/Aug/2021:11:47:03 +0200] "GET /reload?ser=1629107222981 HTTP/1.1" 200 28 "http://renault.2web.at/result?searchterm=true&search=give+away" "Mozilla/5.0 (Windows NT 10.0; Win64; x64) AppleWebKit/537.36 (KHTML, like Gecko) Chrome/91.0.4472.164 Safari/537.36 Edg/91.0.864.71"
80.80.251.48 - - [16/Aug/2021:11:47:57 +0200] "GET /reload?ser=1629107276990 HTTP/1.1" 200 28 "http://renault.activities.at/forgotpassword" "Mozilla/5.0 (Windows NT 10.0; Win64; x64) AppleWebKit/537.36 (KHTML, like Gecko) Chrome/92.0.4515.131 Safari/537.36"
212.95.8.252 - - [16/Aug/2021:11:48:05 +0200] "GET /reload?ser=1629107284987 HTTP/1.1" 200 28 "http://renault.2web.at/result?searchterm=true&search=give+away" "Mozilla/5.0 (Windows NT 10.0; Win64; x64) AppleWebKit/537.36 (KHTML, like Gecko) Chrome/91.0.4472.164 Safari/537.36 Edg/91.0.864.71"
80.80.251.48 - - [16/Aug/2021:11:48:58 +0200] "GET /reload?ser=1629107337986 HTTP/1.1" 200 28 "http://renault.activities.at/forgotpassword" "Mozilla/5.0 (Windows NT 10.0; Win64; x64) AppleWebKit/537.36 (KHTML, like Gecko) Chrome/92.0.4515.131 Safari/537.36"
212.95.8.252 - - [16/Aug/2021:11:49:07 +0200] "GET /reload?ser=1629107346987 HTTP/1.1" 200 28 "http://renault.2web.at/result?searchterm=true&search=give+away" "Mozilla/5.0 (Windows NT 10.0; Win64; x64) AppleWebKit/537.36 (KHTML, like Gecko) Chrome/91.0.4472.164 Safari/537.36 Edg/91.0.864.71"
80.80.251.48 - - [16/Aug/2021:11:49:59 +0200] "GET /reload?ser=1629107398991 HTTP/1.1" 200 28 "http://renault.activities.at/forgotpassword" "Mozilla/5.0 (Windows NT 10.0; Win64; x64) AppleWebKit/537.36 (KHTML, like Gecko) Chrome/92.0.4515.131 Safari/537.36"
212.95.8.252 - - [16/Aug/2021:11:50:09 +0200] "GET /reload?ser=1629107408980 HTTP/1.1" 200 28 "http://renault.2web.at/result?searchterm=true&search=give+away" "Mozilla/5.0 (Windows NT 10.0; Win64; x64) AppleWebKit/537.36 (KHTML, like Gecko) Chrome/91.0.4472.164 Safari/537.36 Edg/91.0.864.71"
80.80.251.48 - - [16/Aug/2021:11:51:00 +0200] "GET /reload?ser=1629107459975 HTTP/1.1" 200 28 "http://renault.activities.at/forgotpassword" "Mozilla/5.0 (Windows NT 10.0; Win64; x64) AppleWebKit/537.36 (KHTML, like Gecko) Chrome/92.0.4515.131 Safari/537.36"
212.95.8.252 - - [16/Aug/2021:11:51:11 +0200] "GET /reload?ser=1629107470973 HTTP/1.1" 200 28 "http://renault.2web.at/result?searchterm=true&search=give+away" "Mozilla/5.0 (Windows NT 10.0; Win64; x64) AppleWebKit/537.36 (KHTML, like Gecko) Chrome/91.0.4472.164 Safari/537.36 Edg/91.0.864.71"
80.80.251.48 - - [16/Aug/2021:11:52:01 +0200] "GET /reload?ser=1629107520986 HTTP/1.1" 200 28 "http://renault.activities.at/forgotpassword" "Mozilla/5.0 (Windows NT 10.0; Win64; x64) AppleWebKit/537.36 (KHTML, like Gecko) Chrome/92.0.4515.131 Safari/537.36"
212.95.8.252 - - [16/Aug/2021:11:52:13 +0200] "GET /reload?ser=1629107532980 HTTP/1.1" 200 28 "http://renault.2web.at/result?searchterm=true&search=give+away" "Mozilla/5.0 (Windows NT 10.0; Win64; x64) AppleWebKit/537.36 (KHTML, like Gecko) Chrome/91.0.4472.164 Safari/537.36 Edg/91.0.864.71"
80.80.251.48 - - [16/Aug/2021:11:53:02 +0200] "GET /reload?ser=1629107581980 HTTP/1.1" 200 28 "http://renault.activities.at/forgotpassword" "Mozilla/5.0 (Windows NT 10.0; Win64; x64) AppleWebKit/537.36 (KHTML, like Gecko) Chrome/92.0.4515.131 Safari/537.36"
212.95.8.252 - - [16/Aug/2021:11:53:15 +0200] "GET /reload?ser=1629107594980 HTTP/1.1" 200 28 "http://renault.2web.at/result?searchterm=true&search=give+away" "Mozilla/5.0 (Windows NT 10.0; Win64; x64) AppleWebKit/537.36 (KHTML, like Gecko) Chrome/91.0.4472.164 Safari/537.36 Edg/91.0.864.71"
212.95.8.252 - - [16/Aug/2021:11:53:23 +0200] "POST /axjaxrequest?mode=suggest HTTP/1.1" 200 772 "http://renault.2web.at/result?searchterm=true&search=give+away" "Mozilla/5.0 (Windows NT 10.0; Win64; x64) AppleWebKit/537.36 (KHTML, like Gecko) Chrome/91.0.4472.164 Safari/537.36 Edg/91.0.864.71"
212.95.8.252 - - [16/Aug/2021:11:53:23 +0200] "POST /axjaxrequest?mode=suggest HTTP/1.1" 200 245 "http://renault.2web.at/result?searchterm=true&search=give+away" "Mozilla/5.0 (Windows NT 10.0; Win64; x64) AppleWebKit/537.36 (KHTML, like Gecko) Chrome/91.0.4472.164 Safari/537.36 Edg/91.0.864.71"
212.95.8.252 - - [16/Aug/2021:11:53:24 +0200] "POST /axjaxrequest?mode=suggest HTTP/1.1" 200 112 "http://renault.2web.at/result?searchterm=true&search=give+away" "Mozilla/5.0 (Windows NT 10.0; Win64; x64) AppleWebKit/537.36 (KHTML, like Gecko) Chrome/91.0.4472.164 Safari/537.36 Edg/91.0.864.71"
212.95.8.252 - - [16/Aug/2021:11:53:24 +0200] "POST /axjaxrequest?mode=suggest HTTP/1.1" 200 112 "http://renault.2web.at/result?searchterm=true&search=give+away" "Mozilla/5.0 (Windows NT 10.0; Win64; x64) AppleWebKit/537.36 (KHTML, like Gecko) Chrome/91.0.4472.164 Safari/537.36 Edg/91.0.864.71"
212.95.8.252 - - [16/Aug/2021:11:53:25 +0200] "POST /axjaxrequest?mode=suggest HTTP/1.1" 200 112 "http://renault.2web.at/result?searchterm=true&search=give+away" "Mozilla/5.0 (Windows NT 10.0; Win64; x64) AppleWebKit/537.36 (KHTML, like Gecko) Chrome/91.0.4472.164 Safari/537.36 Edg/91.0.864.71"
212.95.8.252 - - [16/Aug/2021:11:53:27 +0200] "GET /result?searchterm=true&search=eiskratzer HTTP/1.1" 200 8020 "http://renault.2web.at/result?searchterm=true&search=give+away" "Mozilla/5.0 (Windows NT 10.0; Win64; x64) AppleWebKit/537.36 (KHTML, like Gecko) Chrome/91.0.4472.164 Safari/537.36 Edg/91.0.864.71"
80.80.251.48 - - [16/Aug/2021:11:54:03 +0200] "GET /reload?ser=1629107642969 HTTP/1.1" 200 28 "http://renault.activities.at/forgotpassword" "Mozilla/5.0 (Windows NT 10.0; Win64; x64) AppleWebKit/537.36 (KHTML, like Gecko) Chrome/92.0.4515.131 Safari/537.36"
212.95.8.252 - - [16/Aug/2021:11:54:33 +0200] "GET /reload?ser=1629107672967 HTTP/1.1" 200 28 "http://renault.2web.at/result?searchterm=true&search=eiskratzer" "Mozilla/5.0 (Windows NT 10.0; Win64; x64) AppleWebKit/537.36 (KHTML, like Gecko) Chrome/91.0.4472.164 Safari/537.36 Edg/91.0.864.71"
80.80.251.48 - - [16/Aug/2021:11:55:04 +0200] "GET /reload?ser=1629107703979 HTTP/1.1" 200 28 "http://renault.activities.at/forgotpassword" "Mozilla/5.0 (Windows NT 10.0; Win64; x64) AppleWebKit/537.36 (KHTML, like Gecko) Chrome/92.0.4515.131 Safari/537.36"
212.95.8.252 - - [16/Aug/2021:11:55:34 +0200] "GET /reload?ser=1629107734283 HTTP/1.1" 200 28 "http://renault.2web.at/result?searchterm=true&search=eiskratzer" "Mozilla/5.0 (Windows NT 10.0; Win64; x64) AppleWebKit/537.36 (KHTML, like Gecko) Chrome/91.0.4472.164 Safari/537.36 Edg/91.0.864.71"
80.80.251.48 - - [16/Aug/2021:11:56:05 +0200] "GET /reload?ser=1629107764965 HTTP/1.1" 200 28 "http://renault.activities.at/forgotpassword" "Mozilla/5.0 (Windows NT 10.0; Win64; x64) AppleWebKit/537.36 (KHTML, like Gecko) Chrome/92.0.4515.131 Safari/537.36"
212.95.8.252 - - [16/Aug/2021:11:56:36 +0200] "GET /reload?ser=1629107795966 HTTP/1.1" 200 28 "http://renault.2web.at/result?searchterm=true&search=eiskratzer" "Mozilla/5.0 (Windows NT 10.0; Win64; x64) AppleWebKit/537.36 (KHTML, like Gecko) Chrome/91.0.4472.164 Safari/537.36 Edg/91.0.864.71"
80.80.251.48 - - [16/Aug/2021:11:57:06 +0200] "GET /reload?ser=1629107825965 HTTP/1.1" 200 28 "http://renault.activities.at/forgotpassword" "Mozilla/5.0 (Windows NT 10.0; Win64; x64) AppleWebKit/537.36 (KHTML, like Gecko) Chrome/92.0.4515.131 Safari/537.36"
212.95.8.252 - - [16/Aug/2021:11:57:38 +0200] "GET /reload?ser=1629107857967 HTTP/1.1" 200 28 "http://renault.2web.at/result?searchterm=true&search=eiskratzer" "Mozilla/5.0 (Windows NT 10.0; Win64; x64) AppleWebKit/537.36 (KHTML, like Gecko) Chrome/91.0.4472.164 Safari/537.36 Edg/91.0.864.71"
34.224.26.36 - - [16/Aug/2021:11:57:52 +0200] "GET / HTTP/1.1" 200 3096 "-" "Mozilla/5.0 (Windows NT 10.0; Win64; x64) AppleWebKit/537.36 (KHTML, like Gecko) Chrome/63.0.3239.84 Safari/537.36"
34.224.26.36 - - [16/Aug/2021:11:57:54 +0200] "GET /images/favicon.ico HTTP/1.1" 404 300 "-" "Mozilla/5.0 (Windows NT 10.0; Win64; x64) AppleWebKit/537.36 (KHTML, like Gecko) Chrome/63.0.3239.84 Safari/537.36"
80.80.251.48 - - [16/Aug/2021:11:58:07 +0200] "GET /reload?ser=1629107886965 HTTP/1.1" 200 28 "http://renault.activities.at/forgotpassword" "Mozilla/5.0 (Windows NT 10.0; Win64; x64) AppleWebKit/537.36 (KHTML, like Gecko) Chrome/92.0.4515.131 Safari/537.36"
212.95.8.252 - - [16/Aug/2021:11:58:40 +0200] "GET /reload?ser=1629107919968 HTTP/1.1" 200 28 "http://renault.2web.at/result?searchterm=true&search=eiskratzer" "Mozilla/5.0 (Windows NT 10.0; Win64; x64) AppleWebKit/537.36 (KHTML, like Gecko) Chrome/91.0.4472.164 Safari/537.36 Edg/91.0.864.71"
80.80.251.48 - - [16/Aug/2021:11:59:08 +0200] "GET /reload?ser=1629107947971 HTTP/1.1" 200 28 "http://renault.activities.at/forgotpassword" "Mozilla/5.0 (Windows NT 10.0; Win64; x64) AppleWebKit/537.36 (KHTML, like Gecko) Chrome/92.0.4515.131 Safari/537.36"
212.95.8.252 - - [16/Aug/2021:11:59:42 +0200] "GET /reload?ser=1629107980962 HTTP/1.1" 200 28 "http://renault.2web.at/result?searchterm=true&search=eiskratzer" "Mozilla/5.0 (Windows NT 10.0; Win64; x64) AppleWebKit/537.36 (KHTML, like Gecko) Chrome/91.0.4472.164 Safari/537.36 Edg/91.0.864.71"
