80.80.251.48 - - [16/Aug/2021:12:00:09 +0200] "GET /reload?ser=1629108008959 HTTP/1.1" 200 28 "http://renault.activities.at/forgotpassword" "Mozilla/5.0 (Windows NT 10.0; Win64; x64) AppleWebKit/537.36 (KHTML, like Gecko) Chrome/92.0.4515.131 Safari/537.36"
212.95.8.252 - - [16/Aug/2021:12:00:44 +0200] "GET /reload?ser=1629108043970 HTTP/1.1" 200 28 "http://renault.2web.at/result?searchterm=true&search=eiskratzer" "Mozilla/5.0 (Windows NT 10.0; Win64; x64) AppleWebKit/537.36 (KHTML, like Gecko) Chrome/91.0.4472.164 Safari/537.36 Edg/91.0.864.71"
80.80.251.48 - - [16/Aug/2021:12:01:10 +0200] "GET /reload?ser=1629108069972 HTTP/1.1" 200 28 "http://renault.activities.at/forgotpassword" "Mozilla/5.0 (Windows NT 10.0; Win64; x64) AppleWebKit/537.36 (KHTML, like Gecko) Chrome/92.0.4515.131 Safari/537.36"
212.95.8.252 - - [16/Aug/2021:12:01:46 +0200] "GET /reload?ser=1629108105978 HTTP/1.1" 200 28 "http://renault.2web.at/result?searchterm=true&search=eiskratzer" "Mozilla/5.0 (Windows NT 10.0; Win64; x64) AppleWebKit/537.36 (KHTML, like Gecko) Chrome/91.0.4472.164 Safari/537.36 Edg/91.0.864.71"
80.80.251.48 - - [16/Aug/2021:12:02:11 +0200] "GET /reload?ser=1629108130969 HTTP/1.1" 200 28 "http://renault.activities.at/forgotpassword" "Mozilla/5.0 (Windows NT 10.0; Win64; x64) AppleWebKit/537.36 (KHTML, like Gecko) Chrome/92.0.4515.131 Safari/537.36"
212.95.8.252 - - [16/Aug/2021:12:02:48 +0200] "GET /reload?ser=1629108167963 HTTP/1.1" 200 28 "http://renault.2web.at/result?searchterm=true&search=eiskratzer" "Mozilla/5.0 (Windows NT 10.0; Win64; x64) AppleWebKit/537.36 (KHTML, like Gecko) Chrome/91.0.4472.164 Safari/537.36 Edg/91.0.864.71"
80.80.251.48 - - [16/Aug/2021:12:03:12 +0200] "GET /reload?ser=1629108191964 HTTP/1.1" 200 28 "http://renault.activities.at/forgotpassword" "Mozilla/5.0 (Windows NT 10.0; Win64; x64) AppleWebKit/537.36 (KHTML, like Gecko) Chrome/92.0.4515.131 Safari/537.36"
212.95.8.252 - - [16/Aug/2021:12:03:50 +0200] "GET /reload?ser=1629108229971 HTTP/1.1" 200 28 "http://renault.2web.at/result?searchterm=true&search=eiskratzer" "Mozilla/5.0 (Windows NT 10.0; Win64; x64) AppleWebKit/537.36 (KHTML, like Gecko) Chrome/91.0.4472.164 Safari/537.36 Edg/91.0.864.71"
80.80.251.48 - - [16/Aug/2021:12:04:13 +0200] "GET /reload?ser=1629108252964 HTTP/1.1" 200 28 "http://renault.activities.at/forgotpassword" "Mozilla/5.0 (Windows NT 10.0; Win64; x64) AppleWebKit/537.36 (KHTML, like Gecko) Chrome/92.0.4515.131 Safari/537.36"
212.95.8.252 - - [16/Aug/2021:12:04:52 +0200] "GET /reload?ser=1629108291969 HTTP/1.1" 200 28 "http://renault.2web.at/result?searchterm=true&search=eiskratzer" "Mozilla/5.0 (Windows NT 10.0; Win64; x64) AppleWebKit/537.36 (KHTML, like Gecko) Chrome/91.0.4472.164 Safari/537.36 Edg/91.0.864.71"
80.80.251.48 - - [16/Aug/2021:12:05:14 +0200] "GET /reload?ser=1629108313965 HTTP/1.1" 200 28 "http://renault.activities.at/forgotpassword" "Mozilla/5.0 (Windows NT 10.0; Win64; x64) AppleWebKit/537.36 (KHTML, like Gecko) Chrome/92.0.4515.131 Safari/537.36"
212.95.8.252 - - [16/Aug/2021:12:05:54 +0200] "GET /reload?ser=1629108353971 HTTP/1.1" 200 28 "http://renault.2web.at/result?searchterm=true&search=eiskratzer" "Mozilla/5.0 (Windows NT 10.0; Win64; x64) AppleWebKit/537.36 (KHTML, like Gecko) Chrome/91.0.4472.164 Safari/537.36 Edg/91.0.864.71"
80.80.251.48 - - [16/Aug/2021:12:06:15 +0200] "GET /reload?ser=1629108374954 HTTP/1.1" 200 28 "http://renault.activities.at/forgotpassword" "Mozilla/5.0 (Windows NT 10.0; Win64; x64) AppleWebKit/537.36 (KHTML, like Gecko) Chrome/92.0.4515.131 Safari/537.36"
212.95.8.252 - - [16/Aug/2021:12:06:56 +0200] "GET /reload?ser=1629108415960 HTTP/1.1" 200 28 "http://renault.2web.at/result?searchterm=true&search=eiskratzer" "Mozilla/5.0 (Windows NT 10.0; Win64; x64) AppleWebKit/537.36 (KHTML, like Gecko) Chrome/91.0.4472.164 Safari/537.36 Edg/91.0.864.71"
80.80.251.48 - - [16/Aug/2021:12:07:16 +0200] "GET /reload?ser=1629108435964 HTTP/1.1" 200 28 "http://renault.activities.at/forgotpassword" "Mozilla/5.0 (Windows NT 10.0; Win64; x64) AppleWebKit/537.36 (KHTML, like Gecko) Chrome/92.0.4515.131 Safari/537.36"
212.95.8.252 - - [16/Aug/2021:12:07:58 +0200] "GET /reload?ser=1629108477960 HTTP/1.1" 200 28 "http://renault.2web.at/result?searchterm=true&search=eiskratzer" "Mozilla/5.0 (Windows NT 10.0; Win64; x64) AppleWebKit/537.36 (KHTML, like Gecko) Chrome/91.0.4472.164 Safari/537.36 Edg/91.0.864.71"
80.80.251.48 - - [16/Aug/2021:12:08:17 +0200] "GET /reload?ser=1629108496964 HTTP/1.1" 200 28 "http://renault.activities.at/forgotpassword" "Mozilla/5.0 (Windows NT 10.0; Win64; x64) AppleWebKit/537.36 (KHTML, like Gecko) Chrome/92.0.4515.131 Safari/537.36"
212.95.8.252 - - [16/Aug/2021:12:09:00 +0200] "GET /reload?ser=1629108539971 HTTP/1.1" 200 28 "http://renault.2web.at/result?searchterm=true&search=eiskratzer" "Mozilla/5.0 (Windows NT 10.0; Win64; x64) AppleWebKit/537.36 (KHTML, like Gecko) Chrome/91.0.4472.164 Safari/537.36 Edg/91.0.864.71"
80.80.251.48 - - [16/Aug/2021:12:09:18 +0200] "GET /reload?ser=1629108557965 HTTP/1.1" 200 28 "http://renault.activities.at/forgotpassword" "Mozilla/5.0 (Windows NT 10.0; Win64; x64) AppleWebKit/537.36 (KHTML, like Gecko) Chrome/92.0.4515.131 Safari/537.36"
212.95.8.252 - - [16/Aug/2021:12:10:02 +0200] "GET /reload?ser=1629108601966 HTTP/1.1" 200 28 "http://renault.2web.at/result?searchterm=true&search=eiskratzer" "Mozilla/5.0 (Windows NT 10.0; Win64; x64) AppleWebKit/537.36 (KHTML, like Gecko) Chrome/91.0.4472.164 Safari/537.36 Edg/91.0.864.71"
80.80.251.48 - - [16/Aug/2021:12:10:19 +0200] "GET /reload?ser=1629108618957 HTTP/1.1" 200 28 "http://renault.activities.at/forgotpassword" "Mozilla/5.0 (Windows NT 10.0; Win64; x64) AppleWebKit/537.36 (KHTML, like Gecko) Chrome/92.0.4515.131 Safari/537.36"
212.95.8.252 - - [16/Aug/2021:12:11:04 +0200] "GET /reload?ser=1629108663960 HTTP/1.1" 200 28 "http://renault.2web.at/result?searchterm=true&search=eiskratzer" "Mozilla/5.0 (Windows NT 10.0; Win64; x64) AppleWebKit/537.36 (KHTML, like Gecko) Chrome/91.0.4472.164 Safari/537.36 Edg/91.0.864.71"
80.80.251.48 - - [16/Aug/2021:12:11:20 +0200] "GET /reload?ser=1629108679955 HTTP/1.1" 200 28 "http://renault.activities.at/forgotpassword" "Mozilla/5.0 (Windows NT 10.0; Win64; x64) AppleWebKit/537.36 (KHTML, like Gecko) Chrome/92.0.4515.131 Safari/537.36"
212.95.8.252 - - [16/Aug/2021:12:12:06 +0200] "GET /reload?ser=1629108725962 HTTP/1.1" 200 28 "http://renault.2web.at/result?searchterm=true&search=eiskratzer" "Mozilla/5.0 (Windows NT 10.0; Win64; x64) AppleWebKit/537.36 (KHTML, like Gecko) Chrome/91.0.4472.164 Safari/537.36 Edg/91.0.864.71"
80.80.251.48 - - [16/Aug/2021:12:12:21 +0200] "GET /reload?ser=1629108740951 HTTP/1.1" 200 28 "http://renault.activities.at/forgotpassword" "Mozilla/5.0 (Windows NT 10.0; Win64; x64) AppleWebKit/537.36 (KHTML, like Gecko) Chrome/92.0.4515.131 Safari/537.36"
212.95.8.252 - - [16/Aug/2021:12:13:07 +0200] "GET /reload?ser=1629108786973 HTTP/1.1" 200 28 "http://renault.2web.at/result?searchterm=true&search=eiskratzer" "Mozilla/5.0 (Windows NT 10.0; Win64; x64) AppleWebKit/537.36 (KHTML, like Gecko) Chrome/91.0.4472.164 Safari/537.36 Edg/91.0.864.71"
80.80.251.48 - - [16/Aug/2021:12:13:22 +0200] "GET /reload?ser=1629108801957 HTTP/1.1" 200 28 "http://renault.activities.at/forgotpassword" "Mozilla/5.0 (Windows NT 10.0; Win64; x64) AppleWebKit/537.36 (KHTML, like Gecko) Chrome/92.0.4515.131 Safari/537.36"
212.95.8.252 - - [16/Aug/2021:12:14:09 +0200] "GET /reload?ser=1629108848967 HTTP/1.1" 200 28 "http://renault.2web.at/result?searchterm=true&search=eiskratzer" "Mozilla/5.0 (Windows NT 10.0; Win64; x64) AppleWebKit/537.36 (KHTML, like Gecko) Chrome/91.0.4472.164 Safari/537.36 Edg/91.0.864.71"
80.80.251.48 - - [16/Aug/2021:12:14:23 +0200] "GET /reload?ser=1629108862951 HTTP/1.1" 200 28 "http://renault.activities.at/forgotpassword" "Mozilla/5.0 (Windows NT 10.0; Win64; x64) AppleWebKit/537.36 (KHTML, like Gecko) Chrome/92.0.4515.131 Safari/537.36"
212.95.8.252 - - [16/Aug/2021:12:15:11 +0200] "GET /reload?ser=1629108910956 HTTP/1.1" 200 28 "http://renault.2web.at/result?searchterm=true&search=eiskratzer" "Mozilla/5.0 (Windows NT 10.0; Win64; x64) AppleWebKit/537.36 (KHTML, like Gecko) Chrome/91.0.4472.164 Safari/537.36 Edg/91.0.864.71"
80.80.251.48 - - [16/Aug/2021:12:15:24 +0200] "GET /reload?ser=1629108923962 HTTP/1.1" 200 28 "http://renault.activities.at/forgotpassword" "Mozilla/5.0 (Windows NT 10.0; Win64; x64) AppleWebKit/537.36 (KHTML, like Gecko) Chrome/92.0.4515.131 Safari/537.36"
212.95.8.252 - - [16/Aug/2021:12:16:13 +0200] "GET /reload?ser=1629108972969 HTTP/1.1" 200 28 "http://renault.2web.at/result?searchterm=true&search=eiskratzer" "Mozilla/5.0 (Windows NT 10.0; Win64; x64) AppleWebKit/537.36 (KHTML, like Gecko) Chrome/91.0.4472.164 Safari/537.36 Edg/91.0.864.71"
80.80.251.48 - - [16/Aug/2021:12:16:25 +0200] "GET /reload?ser=1629108984950 HTTP/1.1" 200 28 "http://renault.activities.at/forgotpassword" "Mozilla/5.0 (Windows NT 10.0; Win64; x64) AppleWebKit/537.36 (KHTML, like Gecko) Chrome/92.0.4515.131 Safari/537.36"
212.95.8.252 - - [16/Aug/2021:12:17:15 +0200] "GET /reload?ser=1629109034967 HTTP/1.1" 200 28 "http://renault.2web.at/result?searchterm=true&search=eiskratzer" "Mozilla/5.0 (Windows NT 10.0; Win64; x64) AppleWebKit/537.36 (KHTML, like Gecko) Chrome/91.0.4472.164 Safari/537.36 Edg/91.0.864.71"
80.80.251.48 - - [16/Aug/2021:12:17:26 +0200] "GET /reload?ser=1629109045951 HTTP/1.1" 200 28 "http://renault.activities.at/forgotpassword" "Mozilla/5.0 (Windows NT 10.0; Win64; x64) AppleWebKit/537.36 (KHTML, like Gecko) Chrome/92.0.4515.131 Safari/537.36"
212.95.8.252 - - [16/Aug/2021:12:18:17 +0200] "GET /reload?ser=1629109096956 HTTP/1.1" 200 28 "http://renault.2web.at/result?searchterm=true&search=eiskratzer" "Mozilla/5.0 (Windows NT 10.0; Win64; x64) AppleWebKit/537.36 (KHTML, like Gecko) Chrome/91.0.4472.164 Safari/537.36 Edg/91.0.864.71"
80.80.251.48 - - [16/Aug/2021:12:18:27 +0200] "GET /reload?ser=1629109106957 HTTP/1.1" 200 28 "http://renault.activities.at/forgotpassword" "Mozilla/5.0 (Windows NT 10.0; Win64; x64) AppleWebKit/537.36 (KHTML, like Gecko) Chrome/92.0.4515.131 Safari/537.36"
212.95.8.252 - - [16/Aug/2021:12:19:19 +0200] "GET /reload?ser=1629109158955 HTTP/1.1" 200 28 "http://renault.2web.at/result?searchterm=true&search=eiskratzer" "Mozilla/5.0 (Windows NT 10.0; Win64; x64) AppleWebKit/537.36 (KHTML, like Gecko) Chrome/91.0.4472.164 Safari/537.36 Edg/91.0.864.71"
80.80.251.48 - - [16/Aug/2021:12:19:28 +0200] "GET /reload?ser=1629109167946 HTTP/1.1" 200 28 "http://renault.activities.at/forgotpassword" "Mozilla/5.0 (Windows NT 10.0; Win64; x64) AppleWebKit/537.36 (KHTML, like Gecko) Chrome/92.0.4515.131 Safari/537.36"
212.95.8.252 - - [16/Aug/2021:12:20:21 +0200] "GET /reload?ser=1629109220960 HTTP/1.1" 200 28 "http://renault.2web.at/result?searchterm=true&search=eiskratzer" "Mozilla/5.0 (Windows NT 10.0; Win64; x64) AppleWebKit/537.36 (KHTML, like Gecko) Chrome/91.0.4472.164 Safari/537.36 Edg/91.0.864.71"
80.80.251.48 - - [16/Aug/2021:12:20:29 +0200] "GET /reload?ser=1629109228961 HTTP/1.1" 200 28 "http://renault.activities.at/forgotpassword" "Mozilla/5.0 (Windows NT 10.0; Win64; x64) AppleWebKit/537.36 (KHTML, like Gecko) Chrome/92.0.4515.131 Safari/537.36"
212.95.8.252 - - [16/Aug/2021:12:21:23 +0200] "GET /reload?ser=1629109282969 HTTP/1.1" 200 28 "http://renault.2web.at/result?searchterm=true&search=eiskratzer" "Mozilla/5.0 (Windows NT 10.0; Win64; x64) AppleWebKit/537.36 (KHTML, like Gecko) Chrome/91.0.4472.164 Safari/537.36 Edg/91.0.864.71"
80.80.251.48 - - [16/Aug/2021:12:21:30 +0200] "GET /reload?ser=1629109289947 HTTP/1.1" 200 28 "http://renault.activities.at/forgotpassword" "Mozilla/5.0 (Windows NT 10.0; Win64; x64) AppleWebKit/537.36 (KHTML, like Gecko) Chrome/92.0.4515.131 Safari/537.36"
212.95.8.252 - - [16/Aug/2021:12:22:25 +0200] "GET /reload?ser=1629109344956 HTTP/1.1" 200 28 "http://renault.2web.at/result?searchterm=true&search=eiskratzer" "Mozilla/5.0 (Windows NT 10.0; Win64; x64) AppleWebKit/537.36 (KHTML, like Gecko) Chrome/91.0.4472.164 Safari/537.36 Edg/91.0.864.71"
80.80.251.48 - - [16/Aug/2021:12:22:31 +0200] "GET /reload?ser=1629109350953 HTTP/1.1" 200 28 "http://renault.activities.at/forgotpassword" "Mozilla/5.0 (Windows NT 10.0; Win64; x64) AppleWebKit/537.36 (KHTML, like Gecko) Chrome/92.0.4515.131 Safari/537.36"
212.95.8.252 - - [16/Aug/2021:12:23:27 +0200] "GET /reload?ser=1629109406967 HTTP/1.1" 200 28 "http://renault.2web.at/result?searchterm=true&search=eiskratzer" "Mozilla/5.0 (Windows NT 10.0; Win64; x64) AppleWebKit/537.36 (KHTML, like Gecko) Chrome/91.0.4472.164 Safari/537.36 Edg/91.0.864.71"
80.80.251.48 - - [16/Aug/2021:12:23:32 +0200] "GET /reload?ser=1629109411956 HTTP/1.1" 200 28 "http://renault.activities.at/forgotpassword" "Mozilla/5.0 (Windows NT 10.0; Win64; x64) AppleWebKit/537.36 (KHTML, like Gecko) Chrome/92.0.4515.131 Safari/537.36"
212.95.8.252 - - [16/Aug/2021:12:24:29 +0200] "GET /reload?ser=1629109468957 HTTP/1.1" 200 28 "http://renault.2web.at/result?searchterm=true&search=eiskratzer" "Mozilla/5.0 (Windows NT 10.0; Win64; x64) AppleWebKit/537.36 (KHTML, like Gecko) Chrome/91.0.4472.164 Safari/537.36 Edg/91.0.864.71"
80.80.251.48 - - [16/Aug/2021:12:24:33 +0200] "GET /reload?ser=1629109472949 HTTP/1.1" 200 28 "http://renault.activities.at/forgotpassword" "Mozilla/5.0 (Windows NT 10.0; Win64; x64) AppleWebKit/537.36 (KHTML, like Gecko) Chrome/92.0.4515.131 Safari/537.36"
212.95.8.252 - - [16/Aug/2021:12:25:31 +0200] "GET /reload?ser=1629109530951 HTTP/1.1" 200 28 "http://renault.2web.at/result?searchterm=true&search=eiskratzer" "Mozilla/5.0 (Windows NT 10.0; Win64; x64) AppleWebKit/537.36 (KHTML, like Gecko) Chrome/91.0.4472.164 Safari/537.36 Edg/91.0.864.71"
80.80.251.48 - - [16/Aug/2021:12:25:34 +0200] "GET /reload?ser=1629109533957 HTTP/1.1" 200 28 "http://renault.activities.at/forgotpassword" "Mozilla/5.0 (Windows NT 10.0; Win64; x64) AppleWebKit/537.36 (KHTML, like Gecko) Chrome/92.0.4515.131 Safari/537.36"
212.95.8.252 - - [16/Aug/2021:12:26:33 +0200] "GET /reload?ser=1629109592950 HTTP/1.1" 200 28 "http://renault.2web.at/result?searchterm=true&search=eiskratzer" "Mozilla/5.0 (Windows NT 10.0; Win64; x64) AppleWebKit/537.36 (KHTML, like Gecko) Chrome/91.0.4472.164 Safari/537.36 Edg/91.0.864.71"
80.80.251.48 - - [16/Aug/2021:12:26:35 +0200] "GET /reload?ser=1629109594944 HTTP/1.1" 200 28 "http://renault.activities.at/forgotpassword" "Mozilla/5.0 (Windows NT 10.0; Win64; x64) AppleWebKit/537.36 (KHTML, like Gecko) Chrome/92.0.4515.131 Safari/537.36"
212.95.8.252 - - [16/Aug/2021:12:27:35 +0200] "GET /reload?ser=1629109654965 HTTP/1.1" 200 28 "http://renault.2web.at/result?searchterm=true&search=eiskratzer" "Mozilla/5.0 (Windows NT 10.0; Win64; x64) AppleWebKit/537.36 (KHTML, like Gecko) Chrome/91.0.4472.164 Safari/537.36 Edg/91.0.864.71"
80.80.251.48 - - [16/Aug/2021:12:27:36 +0200] "GET /reload?ser=1629109655956 HTTP/1.1" 200 28 "http://renault.activities.at/forgotpassword" "Mozilla/5.0 (Windows NT 10.0; Win64; x64) AppleWebKit/537.36 (KHTML, like Gecko) Chrome/92.0.4515.131 Safari/537.36"
212.95.8.252 - - [16/Aug/2021:12:28:37 +0200] "GET /reload?ser=1629109716964 HTTP/1.1" 200 28 "http://renault.2web.at/result?searchterm=true&search=eiskratzer" "Mozilla/5.0 (Windows NT 10.0; Win64; x64) AppleWebKit/537.36 (KHTML, like Gecko) Chrome/91.0.4472.164 Safari/537.36 Edg/91.0.864.71"
80.80.251.48 - - [16/Aug/2021:12:28:37 +0200] "GET /reload?ser=1629109716950 HTTP/1.1" 200 28 "http://renault.activities.at/forgotpassword" "Mozilla/5.0 (Windows NT 10.0; Win64; x64) AppleWebKit/537.36 (KHTML, like Gecko) Chrome/92.0.4515.131 Safari/537.36"
80.80.251.48 - - [16/Aug/2021:12:29:38 +0200] "GET /reload?ser=1629109777949 HTTP/1.1" 200 28 "http://renault.activities.at/forgotpassword" "Mozilla/5.0 (Windows NT 10.0; Win64; x64) AppleWebKit/537.36 (KHTML, like Gecko) Chrome/92.0.4515.131 Safari/537.36"
212.95.8.252 - - [16/Aug/2021:12:29:39 +0200] "GET /reload?ser=1629109778958 HTTP/1.1" 200 28 "http://renault.2web.at/result?searchterm=true&search=eiskratzer" "Mozilla/5.0 (Windows NT 10.0; Win64; x64) AppleWebKit/537.36 (KHTML, like Gecko) Chrome/91.0.4472.164 Safari/537.36 Edg/91.0.864.71"
80.80.251.48 - - [16/Aug/2021:12:30:39 +0200] "GET /reload?ser=1629109838954 HTTP/1.1" 200 28 "http://renault.activities.at/forgotpassword" "Mozilla/5.0 (Windows NT 10.0; Win64; x64) AppleWebKit/537.36 (KHTML, like Gecko) Chrome/92.0.4515.131 Safari/537.36"
212.95.8.252 - - [16/Aug/2021:12:30:41 +0200] "GET /reload?ser=1629109840958 HTTP/1.1" 200 28 "http://renault.2web.at/result?searchterm=true&search=eiskratzer" "Mozilla/5.0 (Windows NT 10.0; Win64; x64) AppleWebKit/537.36 (KHTML, like Gecko) Chrome/91.0.4472.164 Safari/537.36 Edg/91.0.864.71"
80.80.251.48 - - [16/Aug/2021:12:31:40 +0200] "GET /reload?ser=1629109899955 HTTP/1.1" 200 28 "http://renault.activities.at/forgotpassword" "Mozilla/5.0 (Windows NT 10.0; Win64; x64) AppleWebKit/537.36 (KHTML, like Gecko) Chrome/92.0.4515.131 Safari/537.36"
212.95.8.252 - - [16/Aug/2021:12:31:43 +0200] "GET /reload?ser=1629109902968 HTTP/1.1" 200 28 "http://renault.2web.at/result?searchterm=true&search=eiskratzer" "Mozilla/5.0 (Windows NT 10.0; Win64; x64) AppleWebKit/537.36 (KHTML, like Gecko) Chrome/91.0.4472.164 Safari/537.36 Edg/91.0.864.71"
80.80.251.48 - - [16/Aug/2021:12:32:41 +0200] "GET /reload?ser=1629109960952 HTTP/1.1" 200 28 "http://renault.activities.at/forgotpassword" "Mozilla/5.0 (Windows NT 10.0; Win64; x64) AppleWebKit/537.36 (KHTML, like Gecko) Chrome/92.0.4515.131 Safari/537.36"
212.95.8.252 - - [16/Aug/2021:12:32:45 +0200] "GET /reload?ser=1629109964956 HTTP/1.1" 200 28 "http://renault.2web.at/result?searchterm=true&search=eiskratzer" "Mozilla/5.0 (Windows NT 10.0; Win64; x64) AppleWebKit/537.36 (KHTML, like Gecko) Chrome/91.0.4472.164 Safari/537.36 Edg/91.0.864.71"
80.80.251.48 - - [16/Aug/2021:12:33:42 +0200] "GET /reload?ser=1629110021947 HTTP/1.1" 200 28 "http://renault.activities.at/forgotpassword" "Mozilla/5.0 (Windows NT 10.0; Win64; x64) AppleWebKit/537.36 (KHTML, like Gecko) Chrome/92.0.4515.131 Safari/537.36"
212.95.8.252 - - [16/Aug/2021:12:33:47 +0200] "GET /reload?ser=1629110026957 HTTP/1.1" 200 28 "http://renault.2web.at/result?searchterm=true&search=eiskratzer" "Mozilla/5.0 (Windows NT 10.0; Win64; x64) AppleWebKit/537.36 (KHTML, like Gecko) Chrome/91.0.4472.164 Safari/537.36 Edg/91.0.864.71"
80.80.251.48 - - [16/Aug/2021:12:34:43 +0200] "GET /reload?ser=1629110082947 HTTP/1.1" 200 28 "http://renault.activities.at/forgotpassword" "Mozilla/5.0 (Windows NT 10.0; Win64; x64) AppleWebKit/537.36 (KHTML, like Gecko) Chrome/92.0.4515.131 Safari/537.36"
212.95.8.252 - - [16/Aug/2021:12:34:49 +0200] "GET /reload?ser=1629110088958 HTTP/1.1" 200 28 "http://renault.2web.at/result?searchterm=true&search=eiskratzer" "Mozilla/5.0 (Windows NT 10.0; Win64; x64) AppleWebKit/537.36 (KHTML, like Gecko) Chrome/91.0.4472.164 Safari/537.36 Edg/91.0.864.71"
80.80.251.48 - - [16/Aug/2021:12:35:44 +0200] "GET /reload?ser=1629110143950 HTTP/1.1" 200 28 "http://renault.activities.at/forgotpassword" "Mozilla/5.0 (Windows NT 10.0; Win64; x64) AppleWebKit/537.36 (KHTML, like Gecko) Chrome/92.0.4515.131 Safari/537.36"
212.95.8.252 - - [16/Aug/2021:12:35:51 +0200] "GET /reload?ser=1629110150946 HTTP/1.1" 200 28 "http://renault.2web.at/result?searchterm=true&search=eiskratzer" "Mozilla/5.0 (Windows NT 10.0; Win64; x64) AppleWebKit/537.36 (KHTML, like Gecko) Chrome/91.0.4472.164 Safari/537.36 Edg/91.0.864.71"
80.80.251.48 - - [16/Aug/2021:12:36:45 +0200] "GET /reload?ser=1629110204955 HTTP/1.1" 200 28 "http://renault.activities.at/forgotpassword" "Mozilla/5.0 (Windows NT 10.0; Win64; x64) AppleWebKit/537.36 (KHTML, like Gecko) Chrome/92.0.4515.131 Safari/537.36"
212.95.8.252 - - [16/Aug/2021:12:36:53 +0200] "GET /reload?ser=1629110212956 HTTP/1.1" 200 28 "http://renault.2web.at/result?searchterm=true&search=eiskratzer" "Mozilla/5.0 (Windows NT 10.0; Win64; x64) AppleWebKit/537.36 (KHTML, like Gecko) Chrome/91.0.4472.164 Safari/537.36 Edg/91.0.864.71"
80.80.251.48 - - [16/Aug/2021:12:37:46 +0200] "GET /reload?ser=1629110265942 HTTP/1.1" 200 28 "http://renault.activities.at/forgotpassword" "Mozilla/5.0 (Windows NT 10.0; Win64; x64) AppleWebKit/537.36 (KHTML, like Gecko) Chrome/92.0.4515.131 Safari/537.36"
212.95.8.252 - - [16/Aug/2021:12:37:55 +0200] "GET /reload?ser=1629110274960 HTTP/1.1" 200 28 "http://renault.2web.at/result?searchterm=true&search=eiskratzer" "Mozilla/5.0 (Windows NT 10.0; Win64; x64) AppleWebKit/537.36 (KHTML, like Gecko) Chrome/91.0.4472.164 Safari/537.36 Edg/91.0.864.71"
80.80.251.48 - - [16/Aug/2021:12:38:47 +0200] "GET /reload?ser=1629110326950 HTTP/1.1" 200 28 "http://renault.activities.at/forgotpassword" "Mozilla/5.0 (Windows NT 10.0; Win64; x64) AppleWebKit/537.36 (KHTML, like Gecko) Chrome/92.0.4515.131 Safari/537.36"
212.95.8.252 - - [16/Aug/2021:12:38:57 +0200] "GET /reload?ser=1629110336960 HTTP/1.1" 200 28 "http://renault.2web.at/result?searchterm=true&search=eiskratzer" "Mozilla/5.0 (Windows NT 10.0; Win64; x64) AppleWebKit/537.36 (KHTML, like Gecko) Chrome/91.0.4472.164 Safari/537.36 Edg/91.0.864.71"
80.80.251.48 - - [16/Aug/2021:12:39:48 +0200] "GET /reload?ser=1629110387950 HTTP/1.1" 200 28 "http://renault.activities.at/forgotpassword" "Mozilla/5.0 (Windows NT 10.0; Win64; x64) AppleWebKit/537.36 (KHTML, like Gecko) Chrome/92.0.4515.131 Safari/537.36"
212.95.8.252 - - [16/Aug/2021:12:39:59 +0200] "GET /reload?ser=1629110398954 HTTP/1.1" 200 28 "http://renault.2web.at/result?searchterm=true&search=eiskratzer" "Mozilla/5.0 (Windows NT 10.0; Win64; x64) AppleWebKit/537.36 (KHTML, like Gecko) Chrome/91.0.4472.164 Safari/537.36 Edg/91.0.864.71"
80.80.251.48 - - [16/Aug/2021:12:40:49 +0200] "GET /reload?ser=1629110448941 HTTP/1.1" 200 28 "http://renault.activities.at/forgotpassword" "Mozilla/5.0 (Windows NT 10.0; Win64; x64) AppleWebKit/537.36 (KHTML, like Gecko) Chrome/92.0.4515.131 Safari/537.36"
212.95.8.252 - - [16/Aug/2021:12:41:01 +0200] "GET /reload?ser=1629110460946 HTTP/1.1" 200 28 "http://renault.2web.at/result?searchterm=true&search=eiskratzer" "Mozilla/5.0 (Windows NT 10.0; Win64; x64) AppleWebKit/537.36 (KHTML, like Gecko) Chrome/91.0.4472.164 Safari/537.36 Edg/91.0.864.71"
80.80.251.48 - - [16/Aug/2021:12:41:50 +0200] "GET /reload?ser=1629110509946 HTTP/1.1" 200 28 "http://renault.activities.at/forgotpassword" "Mozilla/5.0 (Windows NT 10.0; Win64; x64) AppleWebKit/537.36 (KHTML, like Gecko) Chrome/92.0.4515.131 Safari/537.36"
212.95.8.252 - - [16/Aug/2021:12:42:03 +0200] "GET /reload?ser=1629110522945 HTTP/1.1" 200 28 "http://renault.2web.at/result?searchterm=true&search=eiskratzer" "Mozilla/5.0 (Windows NT 10.0; Win64; x64) AppleWebKit/537.36 (KHTML, like Gecko) Chrome/91.0.4472.164 Safari/537.36 Edg/91.0.864.71"
80.80.251.48 - - [16/Aug/2021:12:42:51 +0200] "GET /reload?ser=1629110570949 HTTP/1.1" 200 28 "http://renault.activities.at/forgotpassword" "Mozilla/5.0 (Windows NT 10.0; Win64; x64) AppleWebKit/537.36 (KHTML, like Gecko) Chrome/92.0.4515.131 Safari/537.36"
212.95.8.252 - - [16/Aug/2021:12:43:06 +0200] "GET /reload?ser=1629110585944 HTTP/1.1" 200 28 "http://renault.2web.at/result?searchterm=true&search=eiskratzer" "Mozilla/5.0 (Windows NT 10.0; Win64; x64) AppleWebKit/537.36 (KHTML, like Gecko) Chrome/91.0.4472.164 Safari/537.36 Edg/91.0.864.71"
80.80.251.48 - - [16/Aug/2021:12:43:52 +0200] "GET /reload?ser=1629110631949 HTTP/1.1" 200 28 "http://renault.activities.at/forgotpassword" "Mozilla/5.0 (Windows NT 10.0; Win64; x64) AppleWebKit/537.36 (KHTML, like Gecko) Chrome/92.0.4515.131 Safari/537.36"
212.95.8.252 - - [16/Aug/2021:12:44:08 +0200] "GET /reload?ser=1629110647944 HTTP/1.1" 200 28 "http://renault.2web.at/result?searchterm=true&search=eiskratzer" "Mozilla/5.0 (Windows NT 10.0; Win64; x64) AppleWebKit/537.36 (KHTML, like Gecko) Chrome/91.0.4472.164 Safari/537.36 Edg/91.0.864.71"
80.80.251.48 - - [16/Aug/2021:12:44:53 +0200] "GET /reload?ser=1629110692951 HTTP/1.1" 200 28 "http://renault.activities.at/forgotpassword" "Mozilla/5.0 (Windows NT 10.0; Win64; x64) AppleWebKit/537.36 (KHTML, like Gecko) Chrome/92.0.4515.131 Safari/537.36"
212.95.8.252 - - [16/Aug/2021:12:45:10 +0200] "GET /reload?ser=1629110709957 HTTP/1.1" 200 28 "http://renault.2web.at/result?searchterm=true&search=eiskratzer" "Mozilla/5.0 (Windows NT 10.0; Win64; x64) AppleWebKit/537.36 (KHTML, like Gecko) Chrome/91.0.4472.164 Safari/537.36 Edg/91.0.864.71"
80.80.251.48 - - [16/Aug/2021:12:45:54 +0200] "GET /reload?ser=1629110753947 HTTP/1.1" 200 28 "http://renault.activities.at/forgotpassword" "Mozilla/5.0 (Windows NT 10.0; Win64; x64) AppleWebKit/537.36 (KHTML, like Gecko) Chrome/92.0.4515.131 Safari/537.36"
212.95.8.252 - - [16/Aug/2021:12:46:12 +0200] "GET /reload?ser=1629110771957 HTTP/1.1" 200 28 "http://renault.2web.at/result?searchterm=true&search=eiskratzer" "Mozilla/5.0 (Windows NT 10.0; Win64; x64) AppleWebKit/537.36 (KHTML, like Gecko) Chrome/91.0.4472.164 Safari/537.36 Edg/91.0.864.71"
80.80.251.48 - - [16/Aug/2021:12:46:55 +0200] "GET /reload?ser=1629110814947 HTTP/1.1" 200 28 "http://renault.activities.at/forgotpassword" "Mozilla/5.0 (Windows NT 10.0; Win64; x64) AppleWebKit/537.36 (KHTML, like Gecko) Chrome/92.0.4515.131 Safari/537.36"
212.95.8.252 - - [16/Aug/2021:12:47:14 +0200] "GET /reload?ser=1629110833964 HTTP/1.1" 200 28 "http://renault.2web.at/result?searchterm=true&search=eiskratzer" "Mozilla/5.0 (Windows NT 10.0; Win64; x64) AppleWebKit/537.36 (KHTML, like Gecko) Chrome/91.0.4472.164 Safari/537.36 Edg/91.0.864.71"
80.80.251.48 - - [16/Aug/2021:12:47:56 +0200] "GET /reload?ser=1629110875941 HTTP/1.1" 200 28 "http://renault.activities.at/forgotpassword" "Mozilla/5.0 (Windows NT 10.0; Win64; x64) AppleWebKit/537.36 (KHTML, like Gecko) Chrome/92.0.4515.131 Safari/537.36"
212.95.8.252 - - [16/Aug/2021:12:48:16 +0200] "GET /reload?ser=1629110895948 HTTP/1.1" 200 28 "http://renault.2web.at/result?searchterm=true&search=eiskratzer" "Mozilla/5.0 (Windows NT 10.0; Win64; x64) AppleWebKit/537.36 (KHTML, like Gecko) Chrome/91.0.4472.164 Safari/537.36 Edg/91.0.864.71"
80.80.251.48 - - [16/Aug/2021:12:48:57 +0200] "GET /reload?ser=1629110936941 HTTP/1.1" 200 28 "http://renault.activities.at/forgotpassword" "Mozilla/5.0 (Windows NT 10.0; Win64; x64) AppleWebKit/537.36 (KHTML, like Gecko) Chrome/92.0.4515.131 Safari/537.36"
212.95.8.252 - - [16/Aug/2021:12:49:18 +0200] "GET /reload?ser=1629110957949 HTTP/1.1" 200 28 "http://renault.2web.at/result?searchterm=true&search=eiskratzer" "Mozilla/5.0 (Windows NT 10.0; Win64; x64) AppleWebKit/537.36 (KHTML, like Gecko) Chrome/91.0.4472.164 Safari/537.36 Edg/91.0.864.71"
80.80.251.48 - - [16/Aug/2021:12:49:58 +0200] "GET /reload?ser=1629110997953 HTTP/1.1" 200 28 "http://renault.activities.at/forgotpassword" "Mozilla/5.0 (Windows NT 10.0; Win64; x64) AppleWebKit/537.36 (KHTML, like Gecko) Chrome/92.0.4515.131 Safari/537.36"
212.95.8.252 - - [16/Aug/2021:12:50:20 +0200] "GET /reload?ser=1629111019955 HTTP/1.1" 200 28 "http://renault.2web.at/result?searchterm=true&search=eiskratzer" "Mozilla/5.0 (Windows NT 10.0; Win64; x64) AppleWebKit/537.36 (KHTML, like Gecko) Chrome/91.0.4472.164 Safari/537.36 Edg/91.0.864.71"
80.80.251.48 - - [16/Aug/2021:12:50:59 +0200] "GET /reload?ser=1629111058943 HTTP/1.1" 200 28 "http://renault.activities.at/forgotpassword" "Mozilla/5.0 (Windows NT 10.0; Win64; x64) AppleWebKit/537.36 (KHTML, like Gecko) Chrome/92.0.4515.131 Safari/537.36"
212.95.8.252 - - [16/Aug/2021:12:51:22 +0200] "GET /reload?ser=1629111081945 HTTP/1.1" 200 28 "http://renault.2web.at/result?searchterm=true&search=eiskratzer" "Mozilla/5.0 (Windows NT 10.0; Win64; x64) AppleWebKit/537.36 (KHTML, like Gecko) Chrome/91.0.4472.164 Safari/537.36 Edg/91.0.864.71"
80.80.251.48 - - [16/Aug/2021:12:52:00 +0200] "GET /reload?ser=1629111119944 HTTP/1.1" 200 28 "http://renault.activities.at/forgotpassword" "Mozilla/5.0 (Windows NT 10.0; Win64; x64) AppleWebKit/537.36 (KHTML, like Gecko) Chrome/92.0.4515.131 Safari/537.36"
212.95.8.252 - - [16/Aug/2021:12:52:24 +0200] "GET /reload?ser=1629111143944 HTTP/1.1" 200 28 "http://renault.2web.at/result?searchterm=true&search=eiskratzer" "Mozilla/5.0 (Windows NT 10.0; Win64; x64) AppleWebKit/537.36 (KHTML, like Gecko) Chrome/91.0.4472.164 Safari/537.36 Edg/91.0.864.71"
80.80.251.48 - - [16/Aug/2021:12:53:01 +0200] "GET /reload?ser=1629111180950 HTTP/1.1" 200 28 "http://renault.activities.at/forgotpassword" "Mozilla/5.0 (Windows NT 10.0; Win64; x64) AppleWebKit/537.36 (KHTML, like Gecko) Chrome/92.0.4515.131 Safari/537.36"
212.95.8.252 - - [16/Aug/2021:12:53:26 +0200] "GET /reload?ser=1629111205957 HTTP/1.1" 200 28 "http://renault.2web.at/result?searchterm=true&search=eiskratzer" "Mozilla/5.0 (Windows NT 10.0; Win64; x64) AppleWebKit/537.36 (KHTML, like Gecko) Chrome/91.0.4472.164 Safari/537.36 Edg/91.0.864.71"
80.80.251.48 - - [16/Aug/2021:12:54:02 +0200] "GET /reload?ser=1629111241951 HTTP/1.1" 200 28 "http://renault.activities.at/forgotpassword" "Mozilla/5.0 (Windows NT 10.0; Win64; x64) AppleWebKit/537.36 (KHTML, like Gecko) Chrome/92.0.4515.131 Safari/537.36"
212.95.8.252 - - [16/Aug/2021:12:54:28 +0200] "GET /reload?ser=1629111267963 HTTP/1.1" 200 28 "http://renault.2web.at/result?searchterm=true&search=eiskratzer" "Mozilla/5.0 (Windows NT 10.0; Win64; x64) AppleWebKit/537.36 (KHTML, like Gecko) Chrome/91.0.4472.164 Safari/537.36 Edg/91.0.864.71"
80.80.251.48 - - [16/Aug/2021:12:55:03 +0200] "GET /reload?ser=1629111302948 HTTP/1.1" 200 28 "http://renault.activities.at/forgotpassword" "Mozilla/5.0 (Windows NT 10.0; Win64; x64) AppleWebKit/537.36 (KHTML, like Gecko) Chrome/92.0.4515.131 Safari/537.36"
212.95.8.252 - - [16/Aug/2021:12:55:30 +0200] "GET /reload?ser=1629111329947 HTTP/1.1" 200 28 "http://renault.2web.at/result?searchterm=true&search=eiskratzer" "Mozilla/5.0 (Windows NT 10.0; Win64; x64) AppleWebKit/537.36 (KHTML, like Gecko) Chrome/91.0.4472.164 Safari/537.36 Edg/91.0.864.71"
80.80.251.48 - - [16/Aug/2021:12:56:04 +0200] "GET /reload?ser=1629111363948 HTTP/1.1" 200 28 "http://renault.activities.at/forgotpassword" "Mozilla/5.0 (Windows NT 10.0; Win64; x64) AppleWebKit/537.36 (KHTML, like Gecko) Chrome/92.0.4515.131 Safari/537.36"
212.95.8.252 - - [16/Aug/2021:12:56:32 +0200] "GET /reload?ser=1629111391962 HTTP/1.1" 200 28 "http://renault.2web.at/result?searchterm=true&search=eiskratzer" "Mozilla/5.0 (Windows NT 10.0; Win64; x64) AppleWebKit/537.36 (KHTML, like Gecko) Chrome/91.0.4472.164 Safari/537.36 Edg/91.0.864.71"
80.80.251.48 - - [16/Aug/2021:12:57:05 +0200] "GET /reload?ser=1629111424941 HTTP/1.1" 200 28 "http://renault.activities.at/forgotpassword" "Mozilla/5.0 (Windows NT 10.0; Win64; x64) AppleWebKit/537.36 (KHTML, like Gecko) Chrome/92.0.4515.131 Safari/537.36"
212.95.8.252 - - [16/Aug/2021:12:57:34 +0200] "GET /reload?ser=1629111453942 HTTP/1.1" 200 28 "http://renault.2web.at/result?searchterm=true&search=eiskratzer" "Mozilla/5.0 (Windows NT 10.0; Win64; x64) AppleWebKit/537.36 (KHTML, like Gecko) Chrome/91.0.4472.164 Safari/537.36 Edg/91.0.864.71"
81.223.47.147 - - [16/Aug/2021:12:57:50 +0200] "GET / HTTP/1.1" 200 3086 "-" "Mozilla/5.0 (Windows NT 10.0; Win64; x64) AppleWebKit/537.36 (KHTML, like Gecko) Chrome/92.0.4515.131 Safari/537.36 Edg/92.0.902.73"
81.223.47.147 - - [16/Aug/2021:12:57:51 +0200] "GET /css/reset.css HTTP/1.1" 200 1356 "http://renault.activities.at/" "Mozilla/5.0 (Windows NT 10.0; Win64; x64) AppleWebKit/537.36 (KHTML, like Gecko) Chrome/92.0.4515.131 Safari/537.36 Edg/92.0.902.73"
81.223.47.147 - - [16/Aug/2021:12:57:51 +0200] "GET /css/clears.css HTTP/1.1" 200 851 "http://renault.activities.at/" "Mozilla/5.0 (Windows NT 10.0; Win64; x64) AppleWebKit/537.36 (KHTML, like Gecko) Chrome/92.0.4515.131 Safari/537.36 Edg/92.0.902.73"
81.223.47.147 - - [16/Aug/2021:12:57:51 +0200] "GET /css/prototip.css HTTP/1.1" 200 968 "http://renault.activities.at/" "Mozilla/5.0 (Windows NT 10.0; Win64; x64) AppleWebKit/537.36 (KHTML, like Gecko) Chrome/92.0.4515.131 Safari/537.36 Edg/92.0.902.73"
81.223.47.147 - - [16/Aug/2021:12:57:51 +0200] "GET /js/checkout.css HTTP/1.1" 200 359 "http://renault.activities.at/" "Mozilla/5.0 (Windows NT 10.0; Win64; x64) AppleWebKit/537.36 (KHTML, like Gecko) Chrome/92.0.4515.131 Safari/537.36 Edg/92.0.902.73"
81.223.47.147 - - [16/Aug/2021:12:57:51 +0200] "GET /js/default.js HTTP/1.1" 200 14698 "http://renault.activities.at/" "Mozilla/5.0 (Windows NT 10.0; Win64; x64) AppleWebKit/537.36 (KHTML, like Gecko) Chrome/92.0.4515.131 Safari/537.36 Edg/92.0.902.73"
81.223.47.147 - - [16/Aug/2021:12:57:51 +0200] "GET /css/styles.css HTTP/1.1" 200 14664 "http://renault.activities.at/" "Mozilla/5.0 (Windows NT 10.0; Win64; x64) AppleWebKit/537.36 (KHTML, like Gecko) Chrome/92.0.4515.131 Safari/537.36 Edg/92.0.902.73"
81.223.47.147 - - [16/Aug/2021:12:57:51 +0200] "GET /css/themes/default.css HTTP/1.1" 200 769 "http://renault.activities.at/" "Mozilla/5.0 (Windows NT 10.0; Win64; x64) AppleWebKit/537.36 (KHTML, like Gecko) Chrome/92.0.4515.131 Safari/537.36 Edg/92.0.902.73"
81.223.47.147 - - [16/Aug/2021:12:57:51 +0200] "GET /css/themes/alphacube.css HTTP/1.1" 200 743 "http://renault.activities.at/" "Mozilla/5.0 (Windows NT 10.0; Win64; x64) AppleWebKit/537.36 (KHTML, like Gecko) Chrome/92.0.4515.131 Safari/537.36 Edg/92.0.902.73"
81.223.47.147 - - [16/Aug/2021:12:57:51 +0200] "GET /js/flashdetection.js HTTP/1.1" 200 1059 "http://renault.activities.at/" "Mozilla/5.0 (Windows NT 10.0; Win64; x64) AppleWebKit/537.36 (KHTML, like Gecko) Chrome/92.0.4515.131 Safari/537.36 Edg/92.0.902.73"
81.223.47.147 - - [16/Aug/2021:12:57:51 +0200] "GET /js/index.php?c=auto&f=,prototype/prototype.js,prototype/validation.js,scriptaculous/builder.js,scriptaculous/effects.js,scriptaculous/dragdrop.js,scriptaculous/controls.js,scriptaculous/slider.js,varien/js.js,varien/form.js,varien/menu.js,mage/translate.js,mage/cookies.js,varien/product.js,spinner/SpinnerControl.jsmin.js,prototype/window.js,prototype/window_ext.js HTTP/1.1" 200 94182 "http://renault.activities.at/" "Mozilla/5.0 (Windows NT 10.0; Win64; x64) AppleWebKit/537.36 (KHTML, like Gecko) Chrome/92.0.4515.131 Safari/537.36 Edg/92.0.902.73"
81.223.47.147 - - [16/Aug/2021:12:57:52 +0200] "GET /images/main_block_border.gif HTTP/1.1" 200 43 "http://renault.activities.at/css/styles.css" "Mozilla/5.0 (Windows NT 10.0; Win64; x64) AppleWebKit/537.36 (KHTML, like Gecko) Chrome/92.0.4515.131 Safari/537.36 Edg/92.0.902.73"
81.223.47.147 - - [16/Aug/2021:12:57:52 +0200] "GET /images/main_block_corner_left_bot.gif HTTP/1.1" 200 159 "http://renault.activities.at/css/styles.css" "Mozilla/5.0 (Windows NT 10.0; Win64; x64) AppleWebKit/537.36 (KHTML, like Gecko) Chrome/92.0.4515.131 Safari/537.36 Edg/92.0.902.73"
81.223.47.147 - - [16/Aug/2021:12:57:52 +0200] "GET /images/header_block_border.gif HTTP/1.1" 200 43 "http://renault.activities.at/css/styles.css" "Mozilla/5.0 (Windows NT 10.0; Win64; x64) AppleWebKit/537.36 (KHTML, like Gecko) Chrome/92.0.4515.131 Safari/537.36 Edg/92.0.902.73"
81.223.47.147 - - [16/Aug/2021:12:57:52 +0200] "GET /images/main_block_corner_right_bot.gif HTTP/1.1" 200 158 "http://renault.activities.at/css/styles.css" "Mozilla/5.0 (Windows NT 10.0; Win64; x64) AppleWebKit/537.36 (KHTML, like Gecko) Chrome/92.0.4515.131 Safari/537.36 Edg/92.0.902.73"
81.223.47.147 - - [16/Aug/2021:12:57:52 +0200] "GET /css/print.css HTTP/1.1" 200 543 "http://renault.activities.at/" "Mozilla/5.0 (Windows NT 10.0; Win64; x64) AppleWebKit/537.36 (KHTML, like Gecko) Chrome/92.0.4515.131 Safari/537.36 Edg/92.0.902.73"
81.223.47.147 - - [16/Aug/2021:12:57:52 +0200] "GET /images/header_block_corner_left_top.gif HTTP/1.1" 200 160 "http://renault.activities.at/css/styles.css" "Mozilla/5.0 (Windows NT 10.0; Win64; x64) AppleWebKit/537.36 (KHTML, like Gecko) Chrome/92.0.4515.131 Safari/537.36 Edg/92.0.902.73"
81.223.47.147 - - [16/Aug/2021:12:57:52 +0200] "GET /images/header_block_corner_right_top.gif HTTP/1.1" 200 160 "http://renault.activities.at/css/styles.css" "Mozilla/5.0 (Windows NT 10.0; Win64; x64) AppleWebKit/537.36 (KHTML, like Gecko) Chrome/92.0.4515.131 Safari/537.36 Edg/92.0.902.73"
81.223.47.147 - - [16/Aug/2021:12:57:52 +0200] "GET /images/main_block_corner_left_top.gif HTTP/1.1" 200 159 "http://renault.activities.at/css/styles.css" "Mozilla/5.0 (Windows NT 10.0; Win64; x64) AppleWebKit/537.36 (KHTML, like Gecko) Chrome/92.0.4515.131 Safari/537.36 Edg/92.0.902.73"
81.223.47.147 - - [16/Aug/2021:12:57:52 +0200] "GET /images/main_block_corner_right_top.gif HTTP/1.1" 200 159 "http://renault.activities.at/css/styles.css" "Mozilla/5.0 (Windows NT 10.0; Win64; x64) AppleWebKit/537.36 (KHTML, like Gecko) Chrome/92.0.4515.131 Safari/537.36 Edg/92.0.902.73"
81.223.47.147 - - [16/Aug/2021:12:57:52 +0200] "GET /images/title_border.jpg HTTP/1.1" 200 304 "http://renault.activities.at/css/styles.css" "Mozilla/5.0 (Windows NT 10.0; Win64; x64) AppleWebKit/537.36 (KHTML, like Gecko) Chrome/92.0.4515.131 Safari/537.36 Edg/92.0.902.73"
81.223.47.147 - - [16/Aug/2021:12:57:52 +0200] "GET /images/title_border_top.jpg HTTP/1.1" 200 336 "http://renault.activities.at/css/styles.css" "Mozilla/5.0 (Windows NT 10.0; Win64; x64) AppleWebKit/537.36 (KHTML, like Gecko) Chrome/92.0.4515.131 Safari/537.36 Edg/92.0.902.73"
81.223.47.147 - - [16/Aug/2021:12:57:52 +0200] "GET /images/title_corner_left_top.jpg HTTP/1.1" 200 372 "http://renault.activities.at/css/styles.css" "Mozilla/5.0 (Windows NT 10.0; Win64; x64) AppleWebKit/537.36 (KHTML, like Gecko) Chrome/92.0.4515.131 Safari/537.36 Edg/92.0.902.73"
81.223.47.147 - - [16/Aug/2021:12:57:52 +0200] "GET /images/title_corner_right_top.jpg HTTP/1.1" 200 389 "http://renault.activities.at/css/styles.css" "Mozilla/5.0 (Windows NT 10.0; Win64; x64) AppleWebKit/537.36 (KHTML, like Gecko) Chrome/92.0.4515.131 Safari/537.36 Edg/92.0.902.73"
81.223.47.147 - - [16/Aug/2021:12:57:52 +0200] "GET /loadthumbnail.php?id=11127982 HTTP/1.1" 200 399614 "http://renault.activities.at/" "Mozilla/5.0 (Windows NT 10.0; Win64; x64) AppleWebKit/537.36 (KHTML, like Gecko) Chrome/92.0.4515.131 Safari/537.36 Edg/92.0.902.73"
81.223.47.147 - - [16/Aug/2021:12:57:52 +0200] "GET /images/favicon.ico HTTP/1.1" 404 305 "http://renault.activities.at/" "Mozilla/5.0 (Windows NT 10.0; Win64; x64) AppleWebKit/537.36 (KHTML, like Gecko) Chrome/92.0.4515.131 Safari/537.36 Edg/92.0.902.73"
80.80.251.48 - - [16/Aug/2021:12:58:06 +0200] "GET /reload?ser=1629111485939 HTTP/1.1" 200 28 "http://renault.activities.at/forgotpassword" "Mozilla/5.0 (Windows NT 10.0; Win64; x64) AppleWebKit/537.36 (KHTML, like Gecko) Chrome/92.0.4515.131 Safari/537.36"
212.95.8.252 - - [16/Aug/2021:12:58:36 +0200] "GET /reload?ser=1629111515944 HTTP/1.1" 200 28 "http://renault.2web.at/result?searchterm=true&search=eiskratzer" "Mozilla/5.0 (Windows NT 10.0; Win64; x64) AppleWebKit/537.36 (KHTML, like Gecko) Chrome/91.0.4472.164 Safari/537.36 Edg/91.0.864.71"
80.80.251.48 - - [16/Aug/2021:12:59:07 +0200] "GET /reload?ser=1629111546940 HTTP/1.1" 200 28 "http://renault.activities.at/forgotpassword" "Mozilla/5.0 (Windows NT 10.0; Win64; x64) AppleWebKit/537.36 (KHTML, like Gecko) Chrome/92.0.4515.131 Safari/537.36"
212.95.8.252 - - [16/Aug/2021:12:59:38 +0200] "GET /reload?ser=1629111577946 HTTP/1.1" 200 28 "http://renault.2web.at/result?searchterm=true&search=eiskratzer" "Mozilla/5.0 (Windows NT 10.0; Win64; x64) AppleWebKit/537.36 (KHTML, like Gecko) Chrome/91.0.4472.164 Safari/537.36 Edg/91.0.864.71"
80.80.251.48 - - [16/Aug/2021:13:00:08 +0200] "GET /reload?ser=1629111607943 HTTP/1.1" 200 28 "http://renault.activities.at/forgotpassword" "Mozilla/5.0 (Windows NT 10.0; Win64; x64) AppleWebKit/537.36 (KHTML, like Gecko) Chrome/92.0.4515.131 Safari/537.36"
212.95.8.252 - - [16/Aug/2021:13:00:40 +0200] "GET /reload?ser=1629111639942 HTTP/1.1" 200 28 "http://renault.2web.at/result?searchterm=true&search=eiskratzer" "Mozilla/5.0 (Windows NT 10.0; Win64; x64) AppleWebKit/537.36 (KHTML, like Gecko) Chrome/91.0.4472.164 Safari/537.36 Edg/91.0.864.71"
80.80.251.48 - - [16/Aug/2021:13:01:09 +0200] "GET /reload?ser=1629111668937 HTTP/1.1" 200 28 "http://renault.activities.at/forgotpassword" "Mozilla/5.0 (Windows NT 10.0; Win64; x64) AppleWebKit/537.36 (KHTML, like Gecko) Chrome/92.0.4515.131 Safari/537.36"
212.95.8.252 - - [16/Aug/2021:13:01:42 +0200] "GET /reload?ser=1629111701940 HTTP/1.1" 200 28 "http://renault.2web.at/result?searchterm=true&search=eiskratzer" "Mozilla/5.0 (Windows NT 10.0; Win64; x64) AppleWebKit/537.36 (KHTML, like Gecko) Chrome/91.0.4472.164 Safari/537.36 Edg/91.0.864.71"
80.80.251.48 - - [16/Aug/2021:13:02:10 +0200] "GET /reload?ser=1629111729936 HTTP/1.1" 200 28 "http://renault.activities.at/forgotpassword" "Mozilla/5.0 (Windows NT 10.0; Win64; x64) AppleWebKit/537.36 (KHTML, like Gecko) Chrome/92.0.4515.131 Safari/537.36"
212.95.8.252 - - [16/Aug/2021:13:02:44 +0200] "GET /reload?ser=1629111763942 HTTP/1.1" 200 28 "http://renault.2web.at/result?searchterm=true&search=eiskratzer" "Mozilla/5.0 (Windows NT 10.0; Win64; x64) AppleWebKit/537.36 (KHTML, like Gecko) Chrome/91.0.4472.164 Safari/537.36 Edg/91.0.864.71"
80.80.251.48 - - [16/Aug/2021:13:03:11 +0200] "GET /reload?ser=1629111790926 HTTP/1.1" 200 28 "http://renault.activities.at/forgotpassword" "Mozilla/5.0 (Windows NT 10.0; Win64; x64) AppleWebKit/537.36 (KHTML, like Gecko) Chrome/92.0.4515.131 Safari/537.36"
212.95.8.252 - - [16/Aug/2021:13:03:46 +0200] "GET /reload?ser=1629111825940 HTTP/1.1" 200 28 "http://renault.2web.at/result?searchterm=true&search=eiskratzer" "Mozilla/5.0 (Windows NT 10.0; Win64; x64) AppleWebKit/537.36 (KHTML, like Gecko) Chrome/91.0.4472.164 Safari/537.36 Edg/91.0.864.71"
80.80.251.48 - - [16/Aug/2021:13:04:12 +0200] "GET /reload?ser=1629111851923 HTTP/1.1" 200 28 "http://renault.activities.at/forgotpassword" "Mozilla/5.0 (Windows NT 10.0; Win64; x64) AppleWebKit/537.36 (KHTML, like Gecko) Chrome/92.0.4515.131 Safari/537.36"
212.95.8.252 - - [16/Aug/2021:13:04:47 +0200] "GET /reload?ser=1629111886955 HTTP/1.1" 200 28 "http://renault.2web.at/result?searchterm=true&search=eiskratzer" "Mozilla/5.0 (Windows NT 10.0; Win64; x64) AppleWebKit/537.36 (KHTML, like Gecko) Chrome/91.0.4472.164 Safari/537.36 Edg/91.0.864.71"
80.80.251.48 - - [16/Aug/2021:13:05:13 +0200] "GET /reload?ser=1629111912930 HTTP/1.1" 200 28 "http://renault.activities.at/forgotpassword" "Mozilla/5.0 (Windows NT 10.0; Win64; x64) AppleWebKit/537.36 (KHTML, like Gecko) Chrome/92.0.4515.131 Safari/537.36"
212.95.8.252 - - [16/Aug/2021:13:05:49 +0200] "GET /reload?ser=1629111948940 HTTP/1.1" 200 28 "http://renault.2web.at/result?searchterm=true&search=eiskratzer" "Mozilla/5.0 (Windows NT 10.0; Win64; x64) AppleWebKit/537.36 (KHTML, like Gecko) Chrome/91.0.4472.164 Safari/537.36 Edg/91.0.864.71"
80.80.251.48 - - [16/Aug/2021:13:06:14 +0200] "GET /reload?ser=1629111973931 HTTP/1.1" 200 28 "http://renault.activities.at/forgotpassword" "Mozilla/5.0 (Windows NT 10.0; Win64; x64) AppleWebKit/537.36 (KHTML, like Gecko) Chrome/92.0.4515.131 Safari/537.36"
212.95.8.252 - - [16/Aug/2021:13:06:51 +0200] "GET /reload?ser=1629112010953 HTTP/1.1" 200 28 "http://renault.2web.at/result?searchterm=true&search=eiskratzer" "Mozilla/5.0 (Windows NT 10.0; Win64; x64) AppleWebKit/537.36 (KHTML, like Gecko) Chrome/91.0.4472.164 Safari/537.36 Edg/91.0.864.71"
80.80.251.48 - - [16/Aug/2021:13:07:15 +0200] "GET /reload?ser=1629112034925 HTTP/1.1" 200 28 "http://renault.activities.at/forgotpassword" "Mozilla/5.0 (Windows NT 10.0; Win64; x64) AppleWebKit/537.36 (KHTML, like Gecko) Chrome/92.0.4515.131 Safari/537.36"
212.95.8.252 - - [16/Aug/2021:13:07:53 +0200] "GET /reload?ser=1629112072939 HTTP/1.1" 200 28 "http://renault.2web.at/result?searchterm=true&search=eiskratzer" "Mozilla/5.0 (Windows NT 10.0; Win64; x64) AppleWebKit/537.36 (KHTML, like Gecko) Chrome/91.0.4472.164 Safari/537.36 Edg/91.0.864.71"
80.80.251.48 - - [16/Aug/2021:13:08:16 +0200] "GET /reload?ser=1629112095933 HTTP/1.1" 200 28 "http://renault.activities.at/forgotpassword" "Mozilla/5.0 (Windows NT 10.0; Win64; x64) AppleWebKit/537.36 (KHTML, like Gecko) Chrome/92.0.4515.131 Safari/537.36"
81.223.47.147 - - [16/Aug/2021:13:08:43 +0200] "GET / HTTP/1.1" 200 3086 "-" "Mozilla/5.0 (Windows NT 10.0; Win64; x64) AppleWebKit/537.36 (KHTML, like Gecko) Chrome/92.0.4515.131 Safari/537.36 Edg/92.0.902.73"
212.95.8.252 - - [16/Aug/2021:13:08:55 +0200] "GET /reload?ser=1629112134938 HTTP/1.1" 200 28 "http://renault.2web.at/result?searchterm=true&search=eiskratzer" "Mozilla/5.0 (Windows NT 10.0; Win64; x64) AppleWebKit/537.36 (KHTML, like Gecko) Chrome/91.0.4472.164 Safari/537.36 Edg/91.0.864.71"
80.80.251.48 - - [16/Aug/2021:13:09:17 +0200] "GET /reload?ser=1629112156917 HTTP/1.1" 200 28 "http://renault.activities.at/forgotpassword" "Mozilla/5.0 (Windows NT 10.0; Win64; x64) AppleWebKit/537.36 (KHTML, like Gecko) Chrome/92.0.4515.131 Safari/537.36"
212.95.8.252 - - [16/Aug/2021:13:09:57 +0200] "GET /reload?ser=1629112196953 HTTP/1.1" 200 28 "http://renault.2web.at/result?searchterm=true&search=eiskratzer" "Mozilla/5.0 (Windows NT 10.0; Win64; x64) AppleWebKit/537.36 (KHTML, like Gecko) Chrome/91.0.4472.164 Safari/537.36 Edg/91.0.864.71"
80.80.251.48 - - [16/Aug/2021:13:10:18 +0200] "GET /reload?ser=1629112217921 HTTP/1.1" 200 28 "http://renault.activities.at/forgotpassword" "Mozilla/5.0 (Windows NT 10.0; Win64; x64) AppleWebKit/537.36 (KHTML, like Gecko) Chrome/92.0.4515.131 Safari/537.36"
212.95.8.252 - - [16/Aug/2021:13:10:59 +0200] "GET /reload?ser=1629112258947 HTTP/1.1" 200 28 "http://renault.2web.at/result?searchterm=true&search=eiskratzer" "Mozilla/5.0 (Windows NT 10.0; Win64; x64) AppleWebKit/537.36 (KHTML, like Gecko) Chrome/91.0.4472.164 Safari/537.36 Edg/91.0.864.71"
80.80.251.48 - - [16/Aug/2021:13:11:19 +0200] "GET /reload?ser=1629112278922 HTTP/1.1" 200 28 "http://renault.activities.at/forgotpassword" "Mozilla/5.0 (Windows NT 10.0; Win64; x64) AppleWebKit/537.36 (KHTML, like Gecko) Chrome/92.0.4515.131 Safari/537.36"
212.95.8.252 - - [16/Aug/2021:13:12:01 +0200] "GET /reload?ser=1629112320939 HTTP/1.1" 200 28 "http://renault.2web.at/result?searchterm=true&search=eiskratzer" "Mozilla/5.0 (Windows NT 10.0; Win64; x64) AppleWebKit/537.36 (KHTML, like Gecko) Chrome/91.0.4472.164 Safari/537.36 Edg/91.0.864.71"
80.123.225.38 - - [16/Aug/2021:13:12:05 +0200] "GET /account HTTP/1.1" 302 150 "-" "Mozilla/5.0 (Windows NT 6.1; Win64; x64) AppleWebKit/537.36 (KHTML, like Gecko) Chrome/92.0.4515.131 Safari/537.36"
80.123.225.38 - - [16/Aug/2021:13:12:05 +0200] "GET /login?required=true HTTP/1.1" 200 2085 "-" "Mozilla/5.0 (Windows NT 6.1; Win64; x64) AppleWebKit/537.36 (KHTML, like Gecko) Chrome/92.0.4515.131 Safari/537.36"
80.123.225.38 - - [16/Aug/2021:13:12:06 +0200] "GET /loadthumbnail.php?id=11127982 HTTP/1.1" 200 399614 "http://renault.activities.at/login?required=true" "Mozilla/5.0 (Windows NT 6.1; Win64; x64) AppleWebKit/537.36 (KHTML, like Gecko) Chrome/92.0.4515.131 Safari/537.36"
80.123.225.38 - - [16/Aug/2021:13:12:07 +0200] "GET /images/favicon.ico HTTP/1.1" 404 305 "http://renault.activities.at/login?required=true" "Mozilla/5.0 (Windows NT 6.1; Win64; x64) AppleWebKit/537.36 (KHTML, like Gecko) Chrome/92.0.4515.131 Safari/537.36"
80.123.225.38 - - [16/Aug/2021:13:12:14 +0200] "POST /login HTTP/1.1" 302 152 "http://renault.activities.at/login?required=true" "Mozilla/5.0 (Windows NT 6.1; Win64; x64) AppleWebKit/537.36 (KHTML, like Gecko) Chrome/92.0.4515.131 Safari/537.36"
80.123.225.38 - - [16/Aug/2021:13:12:16 +0200] "GET /account?loadrequest=true HTTP/1.1" 200 6079 "http://renault.activities.at/login?required=true" "Mozilla/5.0 (Windows NT 6.1; Win64; x64) AppleWebKit/537.36 (KHTML, like Gecko) Chrome/92.0.4515.131 Safari/537.36"
80.123.225.38 - - [16/Aug/2021:13:12:20 +0200] "GET /loadthumbnail.php?id=12025504&width=50&height=50 HTTP/1.1" 200 4346 "http://renault.activities.at/account?loadrequest=true" "Mozilla/5.0 (Windows NT 6.1; Win64; x64) AppleWebKit/537.36 (KHTML, like Gecko) Chrome/92.0.4515.131 Safari/537.36"
80.123.225.38 - - [16/Aug/2021:13:12:20 +0200] "GET /loadthumbnail.php?id=12137758&width=50&height=50 HTTP/1.1" 200 4576 "http://renault.activities.at/account?loadrequest=true" "Mozilla/5.0 (Windows NT 6.1; Win64; x64) AppleWebKit/537.36 (KHTML, like Gecko) Chrome/92.0.4515.131 Safari/537.36"
80.123.225.38 - - [16/Aug/2021:13:12:20 +0200] "GET /loadthumbnail.php?id=11500416&width=50&height=50 HTTP/1.1" 200 4825 "http://renault.activities.at/account?loadrequest=true" "Mozilla/5.0 (Windows NT 6.1; Win64; x64) AppleWebKit/537.36 (KHTML, like Gecko) Chrome/92.0.4515.131 Safari/537.36"
80.80.251.48 - - [16/Aug/2021:13:12:20 +0200] "GET /reload?ser=1629112339929 HTTP/1.1" 200 28 "http://renault.activities.at/forgotpassword" "Mozilla/5.0 (Windows NT 10.0; Win64; x64) AppleWebKit/537.36 (KHTML, like Gecko) Chrome/92.0.4515.131 Safari/537.36"
80.123.225.38 - - [16/Aug/2021:13:12:27 +0200] "GET /result?searchterm=true&search=duster+neu HTTP/1.1" 200 6286 "http://renault.activities.at/account?loadrequest=true" "Mozilla/5.0 (Windows NT 6.1; Win64; x64) AppleWebKit/537.36 (KHTML, like Gecko) Chrome/92.0.4515.131 Safari/537.36"
80.123.225.38 - - [16/Aug/2021:13:12:29 +0200] "GET /js/prototip.js HTTP/1.1" 200 4588 "http://renault.activities.at/result?searchterm=true&search=duster+neu" "Mozilla/5.0 (Windows NT 6.1; Win64; x64) AppleWebKit/537.36 (KHTML, like Gecko) Chrome/92.0.4515.131 Safari/537.36"
80.123.225.38 - - [16/Aug/2021:13:12:29 +0200] "GET /js/ProduktGrp.js HTTP/1.1" 200 1569 "http://renault.activities.at/result?searchterm=true&search=duster+neu" "Mozilla/5.0 (Windows NT 6.1; Win64; x64) AppleWebKit/537.36 (KHTML, like Gecko) Chrome/92.0.4515.131 Safari/537.36"
