212.152.229.244 - - [17/Aug/2021:14:56:58 +0200] "GET /loadthumbnail.php?id=10986339&width=113 HTTP/1.1" 200 3068 "http://renault.activities.at/result?searchterm=true&search=typenschild" "Mozilla/5.0 (Windows NT 10.0; Win64; x64) AppleWebKit/537.36 (KHTML, like Gecko) Chrome/92.0.4515.131 Safari/537.36"
212.152.229.244 - - [17/Aug/2021:14:56:58 +0200] "GET /loadthumbnail.php?id=10203255 HTTP/1.1" 200 137 "http://renault.activities.at/result?searchterm=true&search=typenschild" "Mozilla/5.0 (Windows NT 10.0; Win64; x64) AppleWebKit/537.36 (KHTML, like Gecko) Chrome/92.0.4515.131 Safari/537.36"
212.152.229.244 - - [17/Aug/2021:14:56:56 +0200] "POST /axjaxrequest?mode=suggest HTTP/1.1" 200 21 "http://renault.activities.at/account" "Mozilla/5.0 (Windows NT 10.0; Win64; x64) AppleWebKit/537.36 (KHTML, like Gecko) Chrome/92.0.4515.131 Safari/537.36"
80.123.225.38 - - [17/Aug/2021:14:57:00 +0200] "GET /reload?ser=1629205020936 HTTP/1.1" 200 28 "http://renault.activities.at/success" "Mozilla/5.0 (Windows NT 6.1; WOW64; Trident/7.0; rv:11.0) like Gecko"
212.152.229.244 - - [17/Aug/2021:14:57:08 +0200] "POST /result?searchterm=true&search=typenschild HTTP/1.1" 200 6219 "http://renault.activities.at/result?searchterm=true&search=typenschild" "Mozilla/5.0 (Windows NT 10.0; Win64; x64) AppleWebKit/537.36 (KHTML, like Gecko) Chrome/92.0.4515.131 Safari/537.36"
80.123.225.38 - - [17/Aug/2021:14:58:01 +0200] "GET /reload?ser=1629205081910 HTTP/1.1" 200 28 "http://renault.activities.at/success" "Mozilla/5.0 (Windows NT 6.1; WOW64; Trident/7.0; rv:11.0) like Gecko"
212.152.229.244 - - [17/Aug/2021:14:58:11 +0200] "GET /reload?ser=1629205091200 HTTP/1.1" 200 28 "http://renault.activities.at/result?searchterm=true&search=typenschild" "Mozilla/5.0 (Windows NT 10.0; Win64; x64) AppleWebKit/537.36 (KHTML, like Gecko) Chrome/92.0.4515.131 Safari/537.36"
80.123.225.38 - - [17/Aug/2021:14:59:02 +0200] "GET /reload?ser=1629205142908 HTTP/1.1" 200 28 "http://renault.activities.at/success" "Mozilla/5.0 (Windows NT 6.1; WOW64; Trident/7.0; rv:11.0) like Gecko"
212.152.229.244 - - [17/Aug/2021:14:59:12 +0200] "GET /reload?ser=1629205152152 HTTP/1.1" 200 28 "http://renault.activities.at/result?searchterm=true&search=typenschild" "Mozilla/5.0 (Windows NT 10.0; Win64; x64) AppleWebKit/537.36 (KHTML, like Gecko) Chrome/92.0.4515.131 Safari/537.36"
80.123.225.38 - - [17/Aug/2021:15:00:03 +0200] "GET /reload?ser=1629205203879 HTTP/1.1" 200 28 "http://renault.activities.at/success" "Mozilla/5.0 (Windows NT 6.1; WOW64; Trident/7.0; rv:11.0) like Gecko"
212.152.229.244 - - [17/Aug/2021:15:00:13 +0200] "GET /reload?ser=1629205213113 HTTP/1.1" 200 28 "http://renault.activities.at/result?searchterm=true&search=typenschild" "Mozilla/5.0 (Windows NT 10.0; Win64; x64) AppleWebKit/537.36 (KHTML, like Gecko) Chrome/92.0.4515.131 Safari/537.36"
80.123.225.38 - - [17/Aug/2021:15:01:04 +0200] "GET /reload?ser=1629205264868 HTTP/1.1" 200 28 "http://renault.activities.at/success" "Mozilla/5.0 (Windows NT 6.1; WOW64; Trident/7.0; rv:11.0) like Gecko"
212.152.229.244 - - [17/Aug/2021:15:01:14 +0200] "GET /reload?ser=1629205274082 HTTP/1.1" 200 28 "http://renault.activities.at/result?searchterm=true&search=typenschild" "Mozilla/5.0 (Windows NT 10.0; Win64; x64) AppleWebKit/537.36 (KHTML, like Gecko) Chrome/92.0.4515.131 Safari/537.36"
212.152.229.244 - - [17/Aug/2021:15:01:29 +0200] "GET /checkout HTTP/1.1" 200 10239 "http://renault.activities.at/result?searchterm=true&search=typenschild" "Mozilla/5.0 (Windows NT 10.0; Win64; x64) AppleWebKit/537.36 (KHTML, like Gecko) Chrome/92.0.4515.131 Safari/537.36"
212.152.229.244 - - [17/Aug/2021:15:01:34 +0200] "GET /loadthumbnail.php?id=10201939 HTTP/1.1" 200 201 "http://renault.activities.at/checkout" "Mozilla/5.0 (Windows NT 10.0; Win64; x64) AppleWebKit/537.36 (KHTML, like Gecko) Chrome/92.0.4515.131 Safari/537.36"
212.152.229.244 - - [17/Aug/2021:15:01:34 +0200] "GET /loadthumbnail.php?id=10202698 HTTP/1.1" 200 16686 "http://renault.activities.at/checkout" "Mozilla/5.0 (Windows NT 10.0; Win64; x64) AppleWebKit/537.36 (KHTML, like Gecko) Chrome/92.0.4515.131 Safari/537.36"
212.152.229.244 - - [17/Aug/2021:15:01:37 +0200] "POST /docheckout HTTP/1.1" 200 442 "http://renault.activities.at/checkout" "Mozilla/5.0 (Windows NT 10.0; Win64; x64) AppleWebKit/537.36 (KHTML, like Gecko) Chrome/92.0.4515.131 Safari/537.36"
212.152.229.244 - - [17/Aug/2021:15:01:41 +0200] "POST /docheckout HTTP/1.1" 200 607 "http://renault.activities.at/checkout" "Mozilla/5.0 (Windows NT 10.0; Win64; x64) AppleWebKit/537.36 (KHTML, like Gecko) Chrome/92.0.4515.131 Safari/537.36"
212.152.229.244 - - [17/Aug/2021:15:01:45 +0200] "POST /docheckout HTTP/1.1" 200 68 "http://renault.activities.at/checkout" "Mozilla/5.0 (Windows NT 10.0; Win64; x64) AppleWebKit/537.36 (KHTML, like Gecko) Chrome/92.0.4515.131 Safari/537.36"
212.152.229.244 - - [17/Aug/2021:15:01:47 +0200] "GET /success HTTP/1.1" 200 3779 "http://renault.activities.at/checkout" "Mozilla/5.0 (Windows NT 10.0; Win64; x64) AppleWebKit/537.36 (KHTML, like Gecko) Chrome/92.0.4515.131 Safari/537.36"
80.123.225.38 - - [17/Aug/2021:15:02:05 +0200] "GET /reload?ser=1629205325877 HTTP/1.1" 200 28 "http://renault.activities.at/success" "Mozilla/5.0 (Windows NT 6.1; WOW64; Trident/7.0; rv:11.0) like Gecko"
80.123.225.38 - - [17/Aug/2021:15:03:06 +0200] "GET /reload?ser=1629205386831 HTTP/1.1" 200 28 "http://renault.activities.at/success" "Mozilla/5.0 (Windows NT 6.1; WOW64; Trident/7.0; rv:11.0) like Gecko"
80.123.225.38 - - [17/Aug/2021:15:04:07 +0200] "GET /reload?ser=1629205447779 HTTP/1.1" 200 28 "http://renault.activities.at/success" "Mozilla/5.0 (Windows NT 6.1; WOW64; Trident/7.0; rv:11.0) like Gecko"
80.123.225.38 - - [17/Aug/2021:15:05:08 +0200] "GET /reload?ser=1629205508794 HTTP/1.1" 200 28 "http://renault.activities.at/success" "Mozilla/5.0 (Windows NT 6.1; WOW64; Trident/7.0; rv:11.0) like Gecko"
80.123.225.38 - - [17/Aug/2021:15:06:09 +0200] "GET /reload?ser=1629205569802 HTTP/1.1" 200 28 "http://renault.activities.at/success" "Mozilla/5.0 (Windows NT 6.1; WOW64; Trident/7.0; rv:11.0) like Gecko"
80.123.225.38 - - [17/Aug/2021:15:07:10 +0200] "GET /reload?ser=1629205630786 HTTP/1.1" 200 28 "http://renault.activities.at/success" "Mozilla/5.0 (Windows NT 6.1; WOW64; Trident/7.0; rv:11.0) like Gecko"
80.123.225.38 - - [17/Aug/2021:15:08:11 +0200] "GET /reload?ser=1629205691788 HTTP/1.1" 200 28 "http://renault.activities.at/success" "Mozilla/5.0 (Windows NT 6.1; WOW64; Trident/7.0; rv:11.0) like Gecko"
80.123.225.38 - - [17/Aug/2021:15:09:12 +0200] "GET /reload?ser=1629205752767 HTTP/1.1" 200 28 "http://renault.activities.at/success" "Mozilla/5.0 (Windows NT 6.1; WOW64; Trident/7.0; rv:11.0) like Gecko"
80.123.225.38 - - [17/Aug/2021:15:10:13 +0200] "GET /reload?ser=1629205813758 HTTP/1.1" 200 28 "http://renault.activities.at/success" "Mozilla/5.0 (Windows NT 6.1; WOW64; Trident/7.0; rv:11.0) like Gecko"
80.123.225.38 - - [17/Aug/2021:15:11:14 +0200] "GET /reload?ser=1629205874740 HTTP/1.1" 200 28 "http://renault.activities.at/success" "Mozilla/5.0 (Windows NT 6.1; WOW64; Trident/7.0; rv:11.0) like Gecko"
80.123.225.38 - - [17/Aug/2021:15:12:15 +0200] "GET /reload?ser=1629205935734 HTTP/1.1" 200 28 "http://renault.activities.at/success" "Mozilla/5.0 (Windows NT 6.1; WOW64; Trident/7.0; rv:11.0) like Gecko"
80.123.225.38 - - [17/Aug/2021:15:13:16 +0200] "GET /reload?ser=1629205996728 HTTP/1.1" 200 28 "http://renault.activities.at/success" "Mozilla/5.0 (Windows NT 6.1; WOW64; Trident/7.0; rv:11.0) like Gecko"
80.123.225.38 - - [17/Aug/2021:15:14:17 +0200] "GET /reload?ser=1629206057721 HTTP/1.1" 200 28 "http://renault.activities.at/success" "Mozilla/5.0 (Windows NT 6.1; WOW64; Trident/7.0; rv:11.0) like Gecko"
80.123.225.38 - - [17/Aug/2021:15:15:18 +0200] "GET /reload?ser=1629206118705 HTTP/1.1" 200 28 "http://renault.activities.at/success" "Mozilla/5.0 (Windows NT 6.1; WOW64; Trident/7.0; rv:11.0) like Gecko"
80.123.225.38 - - [17/Aug/2021:15:16:19 +0200] "GET /reload?ser=1629206179714 HTTP/1.1" 200 28 "http://renault.activities.at/success" "Mozilla/5.0 (Windows NT 6.1; WOW64; Trident/7.0; rv:11.0) like Gecko"
80.123.225.38 - - [17/Aug/2021:15:17:20 +0200] "GET /reload?ser=1629206240703 HTTP/1.1" 200 28 "http://renault.activities.at/success" "Mozilla/5.0 (Windows NT 6.1; WOW64; Trident/7.0; rv:11.0) like Gecko"
80.123.225.38 - - [17/Aug/2021:15:18:21 +0200] "GET /reload?ser=1629206301726 HTTP/1.1" 200 28 "http://renault.activities.at/success" "Mozilla/5.0 (Windows NT 6.1; WOW64; Trident/7.0; rv:11.0) like Gecko"
80.123.225.38 - - [17/Aug/2021:15:19:22 +0200] "GET /reload?ser=1629206362706 HTTP/1.1" 200 28 "http://renault.activities.at/success" "Mozilla/5.0 (Windows NT 6.1; WOW64; Trident/7.0; rv:11.0) like Gecko"
80.123.225.38 - - [17/Aug/2021:15:20:23 +0200] "GET /reload?ser=1629206423665 HTTP/1.1" 200 28 "http://renault.activities.at/success" "Mozilla/5.0 (Windows NT 6.1; WOW64; Trident/7.0; rv:11.0) like Gecko"
80.123.225.38 - - [17/Aug/2021:15:21:24 +0200] "GET /reload?ser=1629206484664 HTTP/1.1" 200 28 "http://renault.activities.at/success" "Mozilla/5.0 (Windows NT 6.1; WOW64; Trident/7.0; rv:11.0) like Gecko"
80.123.225.38 - - [17/Aug/2021:15:22:25 +0200] "GET /reload?ser=1629206545627 HTTP/1.1" 200 28 "http://renault.activities.at/success" "Mozilla/5.0 (Windows NT 6.1; WOW64; Trident/7.0; rv:11.0) like Gecko"
80.123.225.38 - - [17/Aug/2021:15:23:26 +0200] "GET /reload?ser=1629206606637 HTTP/1.1" 200 28 "http://renault.activities.at/success" "Mozilla/5.0 (Windows NT 6.1; WOW64; Trident/7.0; rv:11.0) like Gecko"
80.123.225.38 - - [17/Aug/2021:15:24:27 +0200] "GET /reload?ser=1629206667642 HTTP/1.1" 200 28 "http://renault.activities.at/success" "Mozilla/5.0 (Windows NT 6.1; WOW64; Trident/7.0; rv:11.0) like Gecko"
80.123.225.38 - - [17/Aug/2021:15:25:28 +0200] "GET /reload?ser=1629206728652 HTTP/1.1" 200 28 "http://renault.activities.at/success" "Mozilla/5.0 (Windows NT 6.1; WOW64; Trident/7.0; rv:11.0) like Gecko"
80.123.225.38 - - [17/Aug/2021:15:26:29 +0200] "GET /reload?ser=1629206789665 HTTP/1.1" 200 28 "http://renault.activities.at/success" "Mozilla/5.0 (Windows NT 6.1; WOW64; Trident/7.0; rv:11.0) like Gecko"
80.123.225.38 - - [17/Aug/2021:15:27:30 +0200] "GET /reload?ser=1629206850666 HTTP/1.1" 200 28 "http://renault.activities.at/success" "Mozilla/5.0 (Windows NT 6.1; WOW64; Trident/7.0; rv:11.0) like Gecko"
80.123.225.38 - - [17/Aug/2021:15:28:31 +0200] "GET /reload?ser=1629206911678 HTTP/1.1" 200 28 "http://renault.activities.at/success" "Mozilla/5.0 (Windows NT 6.1; WOW64; Trident/7.0; rv:11.0) like Gecko"
80.123.225.38 - - [17/Aug/2021:15:29:32 +0200] "GET /reload?ser=1629206972643 HTTP/1.1" 200 28 "http://renault.activities.at/success" "Mozilla/5.0 (Windows NT 6.1; WOW64; Trident/7.0; rv:11.0) like Gecko"
80.123.225.38 - - [17/Aug/2021:15:30:33 +0200] "GET /reload?ser=1629207033632 HTTP/1.1" 200 28 "http://renault.activities.at/success" "Mozilla/5.0 (Windows NT 6.1; WOW64; Trident/7.0; rv:11.0) like Gecko"
80.123.225.38 - - [17/Aug/2021:15:31:34 +0200] "GET /reload?ser=1629207094615 HTTP/1.1" 200 28 "http://renault.activities.at/success" "Mozilla/5.0 (Windows NT 6.1; WOW64; Trident/7.0; rv:11.0) like Gecko"
80.123.225.38 - - [17/Aug/2021:15:32:35 +0200] "GET /reload?ser=1629207155597 HTTP/1.1" 200 28 "http://renault.activities.at/success" "Mozilla/5.0 (Windows NT 6.1; WOW64; Trident/7.0; rv:11.0) like Gecko"
80.120.148.242 - - [17/Aug/2021:15:32:40 +0200] "GET / HTTP/1.1" 200 3086 "-" "Mozilla/5.0 (Windows NT 10.0; Win64; x64) AppleWebKit/537.36 (KHTML, like Gecko) Chrome/92.0.4515.131 Safari/537.36"
80.120.148.242 - - [17/Aug/2021:15:32:41 +0200] "GET /js/default.js HTTP/1.1" 200 14698 "http://renault.activities.at/" "Mozilla/5.0 (Windows NT 10.0; Win64; x64) AppleWebKit/537.36 (KHTML, like Gecko) Chrome/92.0.4515.131 Safari/537.36"
80.120.148.242 - - [17/Aug/2021:15:32:41 +0200] "GET /account HTTP/1.1" 302 150 "-" "Mozilla/5.0 (Windows NT 10.0; Win64; x64) AppleWebKit/537.36 (KHTML, like Gecko) Chrome/92.0.4515.131 Safari/537.36"
80.120.148.242 - - [17/Aug/2021:15:32:42 +0200] "GET /js/flashdetection.js HTTP/1.1" 200 1059 "http://renault.activities.at/" "Mozilla/5.0 (Windows NT 10.0; Win64; x64) AppleWebKit/537.36 (KHTML, like Gecko) Chrome/92.0.4515.131 Safari/537.36"
80.120.148.242 - - [17/Aug/2021:15:32:41 +0200] "GET /js/index.php?c=auto&f=,prototype/prototype.js,prototype/validation.js,scriptaculous/builder.js,scriptaculous/effects.js,scriptaculous/dragdrop.js,scriptaculous/controls.js,scriptaculous/slider.js,varien/js.js,varien/form.js,varien/menu.js,mage/translate.js,mage/cookies.js,varien/product.js,spinner/SpinnerControl.jsmin.js,prototype/window.js,prototype/window_ext.js HTTP/1.1" 200 94182 "http://renault.activities.at/" "Mozilla/5.0 (Windows NT 10.0; Win64; x64) AppleWebKit/537.36 (KHTML, like Gecko) Chrome/92.0.4515.131 Safari/537.36"
80.120.148.242 - - [17/Aug/2021:15:32:42 +0200] "GET /css/reset.css HTTP/1.1" 200 1356 "http://renault.activities.at/" "Mozilla/5.0 (Windows NT 10.0; Win64; x64) AppleWebKit/537.36 (KHTML, like Gecko) Chrome/92.0.4515.131 Safari/537.36"
80.120.148.242 - - [17/Aug/2021:15:32:42 +0200] "GET /css/styles.css HTTP/1.1" 200 14664 "http://renault.activities.at/" "Mozilla/5.0 (Windows NT 10.0; Win64; x64) AppleWebKit/537.36 (KHTML, like Gecko) Chrome/92.0.4515.131 Safari/537.36"
80.120.148.242 - - [17/Aug/2021:15:32:42 +0200] "GET /css/clears.css HTTP/1.1" 200 851 "http://renault.activities.at/" "Mozilla/5.0 (Windows NT 10.0; Win64; x64) AppleWebKit/537.36 (KHTML, like Gecko) Chrome/92.0.4515.131 Safari/537.36"
80.120.148.242 - - [17/Aug/2021:15:32:42 +0200] "GET /js/checkout.css HTTP/1.1" 200 359 "http://renault.activities.at/" "Mozilla/5.0 (Windows NT 10.0; Win64; x64) AppleWebKit/537.36 (KHTML, like Gecko) Chrome/92.0.4515.131 Safari/537.36"
80.120.148.242 - - [17/Aug/2021:15:32:43 +0200] "GET /css/prototip.css HTTP/1.1" 200 968 "http://renault.activities.at/" "Mozilla/5.0 (Windows NT 10.0; Win64; x64) AppleWebKit/537.36 (KHTML, like Gecko) Chrome/92.0.4515.131 Safari/537.36"
80.120.148.242 - - [17/Aug/2021:15:32:43 +0200] "GET /css/themes/default.css HTTP/1.1" 200 769 "http://renault.activities.at/" "Mozilla/5.0 (Windows NT 10.0; Win64; x64) AppleWebKit/537.36 (KHTML, like Gecko) Chrome/92.0.4515.131 Safari/537.36"
80.120.148.242 - - [17/Aug/2021:15:32:42 +0200] "GET /login?required=true HTTP/1.1" 200 2085 "-" "Mozilla/5.0 (Windows NT 10.0; Win64; x64) AppleWebKit/537.36 (KHTML, like Gecko) Chrome/92.0.4515.131 Safari/537.36"
80.120.148.242 - - [17/Aug/2021:15:32:44 +0200] "GET /css/themes/alphacube.css HTTP/1.1" 200 743 "http://renault.activities.at/login?required=true" "Mozilla/5.0 (Windows NT 10.0; Win64; x64) AppleWebKit/537.36 (KHTML, like Gecko) Chrome/92.0.4515.131 Safari/537.36"
80.120.148.242 - - [17/Aug/2021:15:32:44 +0200] "GET /css/print.css HTTP/1.1" 200 543 "http://renault.activities.at/login?required=true" "Mozilla/5.0 (Windows NT 10.0; Win64; x64) AppleWebKit/537.36 (KHTML, like Gecko) Chrome/92.0.4515.131 Safari/537.36"
80.120.148.242 - - [17/Aug/2021:15:32:44 +0200] "GET /images/main_block_corner_left_bot.gif HTTP/1.1" 200 159 "http://renault.activities.at/css/styles.css" "Mozilla/5.0 (Windows NT 10.0; Win64; x64) AppleWebKit/537.36 (KHTML, like Gecko) Chrome/92.0.4515.131 Safari/537.36"
80.120.148.242 - - [17/Aug/2021:15:32:44 +0200] "GET /images/header_block_corner_left_top.gif HTTP/1.1" 200 160 "http://renault.activities.at/css/styles.css" "Mozilla/5.0 (Windows NT 10.0; Win64; x64) AppleWebKit/537.36 (KHTML, like Gecko) Chrome/92.0.4515.131 Safari/537.36"
80.120.148.242 - - [17/Aug/2021:15:32:44 +0200] "GET /images/main_block_border.gif HTTP/1.1" 200 43 "http://renault.activities.at/css/styles.css" "Mozilla/5.0 (Windows NT 10.0; Win64; x64) AppleWebKit/537.36 (KHTML, like Gecko) Chrome/92.0.4515.131 Safari/537.36"
80.120.148.242 - - [17/Aug/2021:15:32:45 +0200] "GET /images/main_block_corner_right_bot.gif HTTP/1.1" 200 158 "http://renault.activities.at/css/styles.css" "Mozilla/5.0 (Windows NT 10.0; Win64; x64) AppleWebKit/537.36 (KHTML, like Gecko) Chrome/92.0.4515.131 Safari/537.36"
80.120.148.242 - - [17/Aug/2021:15:32:45 +0200] "GET /images/header_block_corner_right_top.gif HTTP/1.1" 200 160 "http://renault.activities.at/css/styles.css" "Mozilla/5.0 (Windows NT 10.0; Win64; x64) AppleWebKit/537.36 (KHTML, like Gecko) Chrome/92.0.4515.131 Safari/537.36"
80.120.148.242 - - [17/Aug/2021:15:32:45 +0200] "GET /images/header_block_border.gif HTTP/1.1" 200 43 "http://renault.activities.at/css/styles.css" "Mozilla/5.0 (Windows NT 10.0; Win64; x64) AppleWebKit/537.36 (KHTML, like Gecko) Chrome/92.0.4515.131 Safari/537.36"
80.120.148.242 - - [17/Aug/2021:15:32:45 +0200] "GET /images/title_corner_right_top.jpg HTTP/1.1" 200 389 "http://renault.activities.at/css/styles.css" "Mozilla/5.0 (Windows NT 10.0; Win64; x64) AppleWebKit/537.36 (KHTML, like Gecko) Chrome/92.0.4515.131 Safari/537.36"
80.120.148.242 - - [17/Aug/2021:15:32:46 +0200] "GET /images/title_corner_left_top.jpg HTTP/1.1" 200 372 "http://renault.activities.at/css/styles.css" "Mozilla/5.0 (Windows NT 10.0; Win64; x64) AppleWebKit/537.36 (KHTML, like Gecko) Chrome/92.0.4515.131 Safari/537.36"
80.120.148.242 - - [17/Aug/2021:15:32:46 +0200] "GET /images/main_block_corner_right_top.gif HTTP/1.1" 200 159 "http://renault.activities.at/css/styles.css" "Mozilla/5.0 (Windows NT 10.0; Win64; x64) AppleWebKit/537.36 (KHTML, like Gecko) Chrome/92.0.4515.131 Safari/537.36"
80.120.148.242 - - [17/Aug/2021:15:32:46 +0200] "GET /images/title_border_top.jpg HTTP/1.1" 200 336 "http://renault.activities.at/css/styles.css" "Mozilla/5.0 (Windows NT 10.0; Win64; x64) AppleWebKit/537.36 (KHTML, like Gecko) Chrome/92.0.4515.131 Safari/537.36"
80.120.148.242 - - [17/Aug/2021:15:32:47 +0200] "GET /images/button_bg.gif HTTP/1.1" 200 151 "http://renault.activities.at/css/styles.css" "Mozilla/5.0 (Windows NT 10.0; Win64; x64) AppleWebKit/537.36 (KHTML, like Gecko) Chrome/92.0.4515.131 Safari/537.36"
80.120.148.242 - - [17/Aug/2021:15:32:47 +0200] "GET /images/button_right_bg.gif HTTP/1.1" 200 561 "http://renault.activities.at/css/styles.css" "Mozilla/5.0 (Windows NT 10.0; Win64; x64) AppleWebKit/537.36 (KHTML, like Gecko) Chrome/92.0.4515.131 Safari/537.36"
80.120.148.242 - - [17/Aug/2021:15:32:46 +0200] "GET /loadthumbnail.php?id=11127982 HTTP/1.1" 200 399614 "http://renault.activities.at/login?required=true" "Mozilla/5.0 (Windows NT 10.0; Win64; x64) AppleWebKit/537.36 (KHTML, like Gecko) Chrome/92.0.4515.131 Safari/537.36"
80.120.148.242 - - [17/Aug/2021:15:32:47 +0200] "GET /images/main_block_corner_left_top.gif HTTP/1.1" 200 159 "http://renault.activities.at/css/styles.css" "Mozilla/5.0 (Windows NT 10.0; Win64; x64) AppleWebKit/537.36 (KHTML, like Gecko) Chrome/92.0.4515.131 Safari/537.36"
80.120.148.242 - - [17/Aug/2021:15:32:48 +0200] "GET /images/title_border.jpg HTTP/1.1" 200 304 "http://renault.activities.at/css/styles.css" "Mozilla/5.0 (Windows NT 10.0; Win64; x64) AppleWebKit/537.36 (KHTML, like Gecko) Chrome/92.0.4515.131 Safari/537.36"
80.120.148.242 - - [17/Aug/2021:15:32:48 +0200] "GET /images/button_left_bg.gif HTTP/1.1" 200 564 "http://renault.activities.at/css/styles.css" "Mozilla/5.0 (Windows NT 10.0; Win64; x64) AppleWebKit/537.36 (KHTML, like Gecko) Chrome/92.0.4515.131 Safari/537.36"
80.120.148.242 - - [17/Aug/2021:15:32:48 +0200] "POST /login HTTP/1.1" 302 152 "http://renault.activities.at/login?required=true" "Mozilla/5.0 (Windows NT 10.0; Win64; x64) AppleWebKit/537.36 (KHTML, like Gecko) Chrome/92.0.4515.131 Safari/537.36"
80.120.148.242 - - [17/Aug/2021:15:32:50 +0200] "GET /account?loadrequest=true HTTP/1.1" 200 5962 "http://renault.activities.at/login?required=true" "Mozilla/5.0 (Windows NT 10.0; Win64; x64) AppleWebKit/537.36 (KHTML, like Gecko) Chrome/92.0.4515.131 Safari/537.36"
80.120.148.242 - - [17/Aug/2021:15:32:53 +0200] "GET /loadthumbnail.php?id=10986339&width=50&height=50 HTTP/1.1" 200 1295 "http://renault.activities.at/account?loadrequest=true" "Mozilla/5.0 (Windows NT 10.0; Win64; x64) AppleWebKit/537.36 (KHTML, like Gecko) Chrome/92.0.4515.131 Safari/537.36"
80.120.148.242 - - [17/Aug/2021:15:32:54 +0200] "GET /js/account.js HTTP/1.1" 200 953 "http://renault.activities.at/account?loadrequest=true" "Mozilla/5.0 (Windows NT 10.0; Win64; x64) AppleWebKit/537.36 (KHTML, like Gecko) Chrome/92.0.4515.131 Safari/537.36"
80.120.148.242 - - [17/Aug/2021:15:32:54 +0200] "GET /images/nav_divider.gif HTTP/1.1" 200 43 "http://renault.activities.at/css/styles.css" "Mozilla/5.0 (Windows NT 10.0; Win64; x64) AppleWebKit/537.36 (KHTML, like Gecko) Chrome/92.0.4515.131 Safari/537.36"
80.120.148.242 - - [17/Aug/2021:15:32:55 +0200] "GET /images/menu_button_bg.jpg HTTP/1.1" 200 322 "http://renault.activities.at/css/styles.css" "Mozilla/5.0 (Windows NT 10.0; Win64; x64) AppleWebKit/537.36 (KHTML, like Gecko) Chrome/92.0.4515.131 Safari/537.36"
80.120.148.242 - - [17/Aug/2021:15:32:55 +0200] "GET /images/sidebar_title_corner_right_top.gif HTTP/1.1" 200 383 "http://renault.activities.at/css/styles.css" "Mozilla/5.0 (Windows NT 10.0; Win64; x64) AppleWebKit/537.36 (KHTML, like Gecko) Chrome/92.0.4515.131 Safari/537.36"
80.120.148.242 - - [17/Aug/2021:15:32:55 +0200] "GET /images/top_links_divider.gif HTTP/1.1" 200 44 "http://renault.activities.at/css/styles.css" "Mozilla/5.0 (Windows NT 10.0; Win64; x64) AppleWebKit/537.36 (KHTML, like Gecko) Chrome/92.0.4515.131 Safari/537.36"
80.120.148.242 - - [17/Aug/2021:15:32:55 +0200] "GET /images/menu_divider.gif HTTP/1.1" 200 176 "http://renault.activities.at/css/styles.css" "Mozilla/5.0 (Windows NT 10.0; Win64; x64) AppleWebKit/537.36 (KHTML, like Gecko) Chrome/92.0.4515.131 Safari/537.36"
80.120.148.242 - - [17/Aug/2021:15:32:55 +0200] "GET /images/search_bg.gif HTTP/1.1" 200 1726 "http://renault.activities.at/css/styles.css" "Mozilla/5.0 (Windows NT 10.0; Win64; x64) AppleWebKit/537.36 (KHTML, like Gecko) Chrome/92.0.4515.131 Safari/537.36"
80.120.148.242 - - [17/Aug/2021:15:32:55 +0200] "GET /images/footer_divider.gif HTTP/1.1" 200 44 "http://renault.activities.at/css/styles.css" "Mozilla/5.0 (Windows NT 10.0; Win64; x64) AppleWebKit/537.36 (KHTML, like Gecko) Chrome/92.0.4515.131 Safari/537.36"
80.120.148.242 - - [17/Aug/2021:15:32:56 +0200] "GET /images/sidebar_title_corner_left_top.gif HTTP/1.1" 200 1124 "http://renault.activities.at/css/styles.css" "Mozilla/5.0 (Windows NT 10.0; Win64; x64) AppleWebKit/537.36 (KHTML, like Gecko) Chrome/92.0.4515.131 Safari/537.36"
80.120.148.242 - - [17/Aug/2021:15:32:56 +0200] "GET /images/sidebar_title_border_top.gif HTTP/1.1" 200 155 "http://renault.activities.at/css/styles.css" "Mozilla/5.0 (Windows NT 10.0; Win64; x64) AppleWebKit/537.36 (KHTML, like Gecko) Chrome/92.0.4515.131 Safari/537.36"
80.120.148.242 - - [17/Aug/2021:15:32:57 +0200] "GET /images/sidebar_title_border.gif HTTP/1.1" 200 43 "http://renault.activities.at/css/styles.css" "Mozilla/5.0 (Windows NT 10.0; Win64; x64) AppleWebKit/537.36 (KHTML, like Gecko) Chrome/92.0.4515.131 Safari/537.36"
80.120.148.242 - - [17/Aug/2021:15:33:27 +0200] "GET /10201442 HTTP/1.1" 200 8605 "http://renault.activities.at/account?loadrequest=true" "Mozilla/5.0 (Windows NT 10.0; Win64; x64) AppleWebKit/537.36 (KHTML, like Gecko) Chrome/92.0.4515.131 Safari/537.36"
80.120.148.242 - - [17/Aug/2021:15:33:28 +0200] "GET /action HTTP/1.1" 200 3927 "http://renault.activities.at/account?loadrequest=true" "Mozilla/5.0 (Windows NT 10.0; Win64; x64) AppleWebKit/537.36 (KHTML, like Gecko) Chrome/92.0.4515.131 Safari/537.36"
80.120.148.242 - - [17/Aug/2021:15:33:29 +0200] "GET /action HTTP/1.1" 200 3927 "http://renault.activities.at/account?loadrequest=true" "Mozilla/5.0 (Windows NT 10.0; Win64; x64) AppleWebKit/537.36 (KHTML, like Gecko) Chrome/92.0.4515.131 Safari/537.36"
80.120.148.242 - - [17/Aug/2021:15:33:34 +0200] "GET /images/note_msg_icon.gif HTTP/1.1" 200 1022 "http://renault.activities.at/css/styles.css" "Mozilla/5.0 (Windows NT 10.0; Win64; x64) AppleWebKit/537.36 (KHTML, like Gecko) Chrome/92.0.4515.131 Safari/537.36"
80.123.225.38 - - [17/Aug/2021:15:33:36 +0200] "GET /reload?ser=1629207216628 HTTP/1.1" 200 28 "http://renault.activities.at/success" "Mozilla/5.0 (Windows NT 6.1; WOW64; Trident/7.0; rv:11.0) like Gecko"
80.120.148.242 - - [17/Aug/2021:15:33:36 +0200] "GET /action?mode=2 HTTP/1.1" 200 5179 "http://renault.activities.at/action" "Mozilla/5.0 (Windows NT 10.0; Win64; x64) AppleWebKit/537.36 (KHTML, like Gecko) Chrome/92.0.4515.131 Safari/537.36"
80.120.148.242 - - [17/Aug/2021:15:33:44 +0200] "GET /10201442 HTTP/1.1" 200 8605 "http://renault.activities.at/action?mode=2" "Mozilla/5.0 (Windows NT 10.0; Win64; x64) AppleWebKit/537.36 (KHTML, like Gecko) Chrome/92.0.4515.131 Safari/537.36"
80.120.148.242 - - [17/Aug/2021:15:33:46 +0200] "GET /js/prototip.js HTTP/1.1" 200 4588 "http://renault.activities.at/10201442" "Mozilla/5.0 (Windows NT 10.0; Win64; x64) AppleWebKit/537.36 (KHTML, like Gecko) Chrome/92.0.4515.131 Safari/537.36"
80.120.148.242 - - [17/Aug/2021:15:33:46 +0200] "GET /js/ProduktGrp.js HTTP/1.1" 200 1569 "http://renault.activities.at/10201442" "Mozilla/5.0 (Windows NT 10.0; Win64; x64) AppleWebKit/537.36 (KHTML, like Gecko) Chrome/92.0.4515.131 Safari/537.36"
80.120.148.242 - - [17/Aug/2021:15:33:47 +0200] "GET /loadthumbnail.php?id=10203276 HTTP/1.1" 200 75 "http://renault.activities.at/10201442" "Mozilla/5.0 (Windows NT 10.0; Win64; x64) AppleWebKit/537.36 (KHTML, like Gecko) Chrome/92.0.4515.131 Safari/537.36"
80.120.148.242 - - [17/Aug/2021:15:33:47 +0200] "GET /loadthumbnail.php?id=10203255 HTTP/1.1" 200 137 "http://renault.activities.at/10201442" "Mozilla/5.0 (Windows NT 10.0; Win64; x64) AppleWebKit/537.36 (KHTML, like Gecko) Chrome/92.0.4515.131 Safari/537.36"
80.120.148.242 - - [17/Aug/2021:15:33:47 +0200] "GET /loadthumbnail.php?id=12329773&width=113 HTTP/1.1" 200 6402 "http://renault.activities.at/10201442" "Mozilla/5.0 (Windows NT 10.0; Win64; x64) AppleWebKit/537.36 (KHTML, like Gecko) Chrome/92.0.4515.131 Safari/537.36"
80.120.148.242 - - [17/Aug/2021:15:33:47 +0200] "GET /loadthumbnail.php?id=12329777&width=113 HTTP/1.1" 200 5924 "http://renault.activities.at/10201442" "Mozilla/5.0 (Windows NT 10.0; Win64; x64) AppleWebKit/537.36 (KHTML, like Gecko) Chrome/92.0.4515.131 Safari/537.36"
80.120.148.242 - - [17/Aug/2021:15:33:47 +0200] "GET /images/loading.gif HTTP/1.1" 200 3208 "http://renault.activities.at/10201442" "Mozilla/5.0 (Windows NT 10.0; Win64; x64) AppleWebKit/537.36 (KHTML, like Gecko) Chrome/92.0.4515.131 Safari/537.36"
80.120.148.242 - - [17/Aug/2021:15:33:47 +0200] "GET /images/sub_title_bg.jpg HTTP/1.1" 200 314 "http://renault.activities.at/css/styles.css" "Mozilla/5.0 (Windows NT 10.0; Win64; x64) AppleWebKit/537.36 (KHTML, like Gecko) Chrome/92.0.4515.131 Safari/537.36"
80.120.148.242 - - [17/Aug/2021:15:33:48 +0200] "GET /images/vista-up.gif HTTP/1.1" 200 131 "http://renault.activities.at/css/styles.css" "Mozilla/5.0 (Windows NT 10.0; Win64; x64) AppleWebKit/537.36 (KHTML, like Gecko) Chrome/92.0.4515.131 Safari/537.36"
80.120.148.242 - - [17/Aug/2021:15:33:48 +0200] "GET /loadthumbnail.php?id=12329380&width=113 HTTP/1.1" 200 6136 "http://renault.activities.at/10201442" "Mozilla/5.0 (Windows NT 10.0; Win64; x64) AppleWebKit/537.36 (KHTML, like Gecko) Chrome/92.0.4515.131 Safari/537.36"
80.120.148.242 - - [17/Aug/2021:15:33:48 +0200] "GET /loadthumbnail.php?id=12329769&width=113 HTTP/1.1" 200 6281 "http://renault.activities.at/10201442" "Mozilla/5.0 (Windows NT 10.0; Win64; x64) AppleWebKit/537.36 (KHTML, like Gecko) Chrome/92.0.4515.131 Safari/537.36"
80.120.148.242 - - [17/Aug/2021:15:33:48 +0200] "GET /loadthumbnail.php?id=12428347&width=113 HTTP/1.1" 200 5778 "http://renault.activities.at/10201442" "Mozilla/5.0 (Windows NT 10.0; Win64; x64) AppleWebKit/537.36 (KHTML, like Gecko) Chrome/92.0.4515.131 Safari/537.36"
80.120.148.242 - - [17/Aug/2021:15:33:48 +0200] "GET /loadthumbnail.php?id=12329384&width=113 HTTP/1.1" 200 6523 "http://renault.activities.at/10201442" "Mozilla/5.0 (Windows NT 10.0; Win64; x64) AppleWebKit/537.36 (KHTML, like Gecko) Chrome/92.0.4515.131 Safari/537.36"
80.120.148.242 - - [17/Aug/2021:15:33:48 +0200] "GET /loadthumbnail.php?id=12428339&width=113 HTTP/1.1" 200 6161 "http://renault.activities.at/10201442" "Mozilla/5.0 (Windows NT 10.0; Win64; x64) AppleWebKit/537.36 (KHTML, like Gecko) Chrome/92.0.4515.131 Safari/537.36"
80.120.148.242 - - [17/Aug/2021:15:33:49 +0200] "GET /images/vista-dn.gif HTTP/1.1" 200 128 "http://renault.activities.at/css/styles.css" "Mozilla/5.0 (Windows NT 10.0; Win64; x64) AppleWebKit/537.36 (KHTML, like Gecko) Chrome/92.0.4515.131 Safari/537.36"
80.120.148.242 - - [17/Aug/2021:15:33:49 +0200] "GET /images/pager_bg.gif HTTP/1.1" 200 150 "http://renault.activities.at/css/styles.css" "Mozilla/5.0 (Windows NT 10.0; Win64; x64) AppleWebKit/537.36 (KHTML, like Gecko) Chrome/92.0.4515.131 Safari/537.36"
80.120.148.242 - - [17/Aug/2021:15:33:49 +0200] "GET /loadthumbnail.php?id=12428343&width=113 HTTP/1.1" 200 5906 "http://renault.activities.at/10201442" "Mozilla/5.0 (Windows NT 10.0; Win64; x64) AppleWebKit/537.36 (KHTML, like Gecko) Chrome/92.0.4515.131 Safari/537.36"
80.120.148.242 - - [17/Aug/2021:15:33:49 +0200] "GET /loadthumbnail.php?id=12428351&width=113 HTTP/1.1" 200 5484 "http://renault.activities.at/10201442" "Mozilla/5.0 (Windows NT 10.0; Win64; x64) AppleWebKit/537.36 (KHTML, like Gecko) Chrome/92.0.4515.131 Safari/537.36"
80.120.148.242 - - [17/Aug/2021:15:33:49 +0200] "GET /loadthumbnail.php?id=12329388&width=113 HTTP/1.1" 200 6391 "http://renault.activities.at/10201442" "Mozilla/5.0 (Windows NT 10.0; Win64; x64) AppleWebKit/537.36 (KHTML, like Gecko) Chrome/92.0.4515.131 Safari/537.36"
80.120.148.242 - - [17/Aug/2021:15:33:49 +0200] "GET /loadthumbnail.php?id=12329758&width=113 HTTP/1.1" 200 6291 "http://renault.activities.at/10201442" "Mozilla/5.0 (Windows NT 10.0; Win64; x64) AppleWebKit/537.36 (KHTML, like Gecko) Chrome/92.0.4515.131 Safari/537.36"
80.120.148.242 - - [17/Aug/2021:15:33:49 +0200] "GET /loadthumbnail.php?id=12428355&width=113 HTTP/1.1" 200 6350 "http://renault.activities.at/10201442" "Mozilla/5.0 (Windows NT 10.0; Win64; x64) AppleWebKit/537.36 (KHTML, like Gecko) Chrome/92.0.4515.131 Safari/537.36"
80.120.148.242 - - [17/Aug/2021:15:33:49 +0200] "GET /loadthumbnail.php?id=12329742&width=113 HTTP/1.1" 200 6011 "http://renault.activities.at/10201442" "Mozilla/5.0 (Windows NT 10.0; Win64; x64) AppleWebKit/537.36 (KHTML, like Gecko) Chrome/92.0.4515.131 Safari/537.36"
80.120.148.242 - - [17/Aug/2021:15:33:49 +0200] "GET /loadthumbnail.php?id=12428361&width=113 HTTP/1.1" 200 6467 "http://renault.activities.at/10201442" "Mozilla/5.0 (Windows NT 10.0; Win64; x64) AppleWebKit/537.36 (KHTML, like Gecko) Chrome/92.0.4515.131 Safari/537.36"
80.120.148.242 - - [17/Aug/2021:15:33:49 +0200] "GET /loadthumbnail.php?id=12329765&width=113 HTTP/1.1" 200 6417 "http://renault.activities.at/10201442" "Mozilla/5.0 (Windows NT 10.0; Win64; x64) AppleWebKit/537.36 (KHTML, like Gecko) Chrome/92.0.4515.131 Safari/537.36"
80.120.148.242 - - [17/Aug/2021:15:34:00 +0200] "GET /10260015 HTTP/1.1" 200 4800 "http://renault.activities.at/10201442" "Mozilla/5.0 (Windows NT 10.0; Win64; x64) AppleWebKit/537.36 (KHTML, like Gecko) Chrome/92.0.4515.131 Safari/537.36"
80.120.148.242 - - [17/Aug/2021:15:34:08 +0200] "GET /10260279 HTTP/1.1" 200 6137 "http://renault.activities.at/10260015" "Mozilla/5.0 (Windows NT 10.0; Win64; x64) AppleWebKit/537.36 (KHTML, like Gecko) Chrome/92.0.4515.131 Safari/537.36"
80.120.148.242 - - [17/Aug/2021:15:34:10 +0200] "GET /loadthumbnail.php?id=10309491&width=113 HTTP/1.1" 200 2476 "http://renault.activities.at/10260279" "Mozilla/5.0 (Windows NT 10.0; Win64; x64) AppleWebKit/537.36 (KHTML, like Gecko) Chrome/92.0.4515.131 Safari/537.36"
80.120.148.242 - - [17/Aug/2021:15:34:10 +0200] "GET /loadthumbnail.php?id=10271875&width=113 HTTP/1.1" 200 1262 "http://renault.activities.at/10260279" "Mozilla/5.0 (Windows NT 10.0; Win64; x64) AppleWebKit/537.36 (KHTML, like Gecko) Chrome/92.0.4515.131 Safari/537.36"
80.120.148.242 - - [17/Aug/2021:15:34:23 +0200] "GET /10260298 HTTP/1.1" 200 4800 "http://renault.activities.at/10260279" "Mozilla/5.0 (Windows NT 10.0; Win64; x64) AppleWebKit/537.36 (KHTML, like Gecko) Chrome/92.0.4515.131 Safari/537.36"
80.120.148.242 - - [17/Aug/2021:15:34:31 +0200] "GET /10260299 HTTP/1.1" 200 4800 "http://renault.activities.at/10260298" "Mozilla/5.0 (Windows NT 10.0; Win64; x64) AppleWebKit/537.36 (KHTML, like Gecko) Chrome/92.0.4515.131 Safari/537.36"
40.77.167.83 - - [17/Aug/2021:15:34:37 +0200] "GET /robots.txt HTTP/1.1" 404 300 "-" "Mozilla/5.0 (compatible; bingbot/2.0; +http://www.bing.com/bingbot.htm)"
80.123.225.38 - - [17/Aug/2021:15:34:37 +0200] "GET /reload?ser=1629207277605 HTTP/1.1" 200 28 "http://renault.activities.at/success" "Mozilla/5.0 (Windows NT 6.1; WOW64; Trident/7.0; rv:11.0) like Gecko"
80.120.148.242 - - [17/Aug/2021:15:34:39 +0200] "POST /axjaxrequest?mode=suggest HTTP/1.1" 200 138 "http://renault.activities.at/10260299" "Mozilla/5.0 (Windows NT 10.0; Win64; x64) AppleWebKit/537.36 (KHTML, like Gecko) Chrome/92.0.4515.131 Safari/537.36"
80.120.148.242 - - [17/Aug/2021:15:34:40 +0200] "GET /result?searchterm=true&search=luftballon HTTP/1.1" 200 6213 "http://renault.activities.at/10260299" "Mozilla/5.0 (Windows NT 10.0; Win64; x64) AppleWebKit/537.36 (KHTML, like Gecko) Chrome/92.0.4515.131 Safari/537.36"
80.120.148.242 - - [17/Aug/2021:15:34:42 +0200] "GET /loadthumbnail.php?id=11489786&width=113 HTTP/1.1" 200 2751 "http://renault.activities.at/result?searchterm=true&search=luftballon" "Mozilla/5.0 (Windows NT 10.0; Win64; x64) AppleWebKit/537.36 (KHTML, like Gecko) Chrome/92.0.4515.131 Safari/537.36"
80.120.148.242 - - [17/Aug/2021:15:34:42 +0200] "GET /loadthumbnail.php?id=11521730&width=113 HTTP/1.1" 200 2841 "http://renault.activities.at/result?searchterm=true&search=luftballon" "Mozilla/5.0 (Windows NT 10.0; Win64; x64) AppleWebKit/537.36 (KHTML, like Gecko) Chrome/92.0.4515.131 Safari/537.36"
80.120.148.242 - - [17/Aug/2021:15:34:40 +0200] "POST /axjaxrequest?mode=suggest HTTP/1.1" 200 138 "http://renault.activities.at/10260299" "Mozilla/5.0 (Windows NT 10.0; Win64; x64) AppleWebKit/537.36 (KHTML, like Gecko) Chrome/92.0.4515.131 Safari/537.36"
207.46.13.59 - - [17/Aug/2021:15:34:42 +0200] "GET /10260003?dir=ASC&mode=list&order=name&limit=10&page=4&cat=10260003 HTTP/1.1" 200 5869 "-" "Mozilla/5.0 (compatible; bingbot/2.0; +http://www.bing.com/bingbot.htm)"
80.123.225.38 - - [17/Aug/2021:15:35:38 +0200] "GET /reload?ser=1629207338594 HTTP/1.1" 200 28 "http://renault.activities.at/success" "Mozilla/5.0 (Windows NT 6.1; WOW64; Trident/7.0; rv:11.0) like Gecko"
80.120.148.242 - - [17/Aug/2021:15:35:43 +0200] "GET /reload?ser=1629207343123 HTTP/1.1" 200 28 "http://renault.activities.at/result?searchterm=true&search=luftballon" "Mozilla/5.0 (Windows NT 10.0; Win64; x64) AppleWebKit/537.36 (KHTML, like Gecko) Chrome/92.0.4515.131 Safari/537.36"
80.123.225.38 - - [17/Aug/2021:15:36:39 +0200] "GET /reload?ser=1629207399579 HTTP/1.1" 200 28 "http://renault.activities.at/success" "Mozilla/5.0 (Windows NT 6.1; WOW64; Trident/7.0; rv:11.0) like Gecko"
80.120.148.242 - - [17/Aug/2021:15:36:45 +0200] "GET /reload?ser=1629207405122 HTTP/1.1" 200 28 "http://renault.activities.at/result?searchterm=true&search=luftballon" "Mozilla/5.0 (Windows NT 10.0; Win64; x64) AppleWebKit/537.36 (KHTML, like Gecko) Chrome/92.0.4515.131 Safari/537.36"
80.123.225.38 - - [17/Aug/2021:15:37:40 +0200] "GET /reload?ser=1629207460575 HTTP/1.1" 200 28 "http://renault.activities.at/success" "Mozilla/5.0 (Windows NT 6.1; WOW64; Trident/7.0; rv:11.0) like Gecko"
80.120.148.242 - - [17/Aug/2021:15:37:46 +0200] "GET /reload?ser=1629207466127 HTTP/1.1" 200 28 "http://renault.activities.at/result?searchterm=true&search=luftballon" "Mozilla/5.0 (Windows NT 10.0; Win64; x64) AppleWebKit/537.36 (KHTML, like Gecko) Chrome/92.0.4515.131 Safari/537.36"
80.123.225.38 - - [17/Aug/2021:15:38:41 +0200] "GET /reload?ser=1629207521561 HTTP/1.1" 200 28 "http://renault.activities.at/success" "Mozilla/5.0 (Windows NT 6.1; WOW64; Trident/7.0; rv:11.0) like Gecko"
80.120.148.242 - - [17/Aug/2021:15:38:47 +0200] "GET /reload?ser=1629207527128 HTTP/1.1" 200 28 "http://renault.activities.at/result?searchterm=true&search=luftballon" "Mozilla/5.0 (Windows NT 10.0; Win64; x64) AppleWebKit/537.36 (KHTML, like Gecko) Chrome/92.0.4515.131 Safari/537.36"
80.123.225.38 - - [17/Aug/2021:15:39:42 +0200] "GET /reload?ser=1629207582541 HTTP/1.1" 200 28 "http://renault.activities.at/success" "Mozilla/5.0 (Windows NT 6.1; WOW64; Trident/7.0; rv:11.0) like Gecko"
80.120.148.242 - - [17/Aug/2021:15:39:49 +0200] "GET /reload?ser=1629207589119 HTTP/1.1" 200 28 "http://renault.activities.at/result?searchterm=true&search=luftballon" "Mozilla/5.0 (Windows NT 10.0; Win64; x64) AppleWebKit/537.36 (KHTML, like Gecko) Chrome/92.0.4515.131 Safari/537.36"
80.123.225.38 - - [17/Aug/2021:15:40:43 +0200] "GET /reload?ser=1629207643530 HTTP/1.1" 200 28 "http://renault.activities.at/success" "Mozilla/5.0 (Windows NT 6.1; WOW64; Trident/7.0; rv:11.0) like Gecko"
80.120.148.242 - - [17/Aug/2021:15:40:50 +0200] "GET /reload?ser=1629207650123 HTTP/1.1" 200 28 "http://renault.activities.at/result?searchterm=true&search=luftballon" "Mozilla/5.0 (Windows NT 10.0; Win64; x64) AppleWebKit/537.36 (KHTML, like Gecko) Chrome/92.0.4515.131 Safari/537.36"
80.123.225.38 - - [17/Aug/2021:15:41:44 +0200] "GET /reload?ser=1629207704509 HTTP/1.1" 200 28 "http://renault.activities.at/success" "Mozilla/5.0 (Windows NT 6.1; WOW64; Trident/7.0; rv:11.0) like Gecko"
80.120.148.242 - - [17/Aug/2021:15:41:52 +0200] "GET /reload?ser=1629207712122 HTTP/1.1" 200 28 "http://renault.activities.at/result?searchterm=true&search=luftballon" "Mozilla/5.0 (Windows NT 10.0; Win64; x64) AppleWebKit/537.36 (KHTML, like Gecko) Chrome/92.0.4515.131 Safari/537.36"
80.123.225.38 - - [17/Aug/2021:15:42:45 +0200] "GET /reload?ser=1629207765490 HTTP/1.1" 200 28 "http://renault.activities.at/success" "Mozilla/5.0 (Windows NT 6.1; WOW64; Trident/7.0; rv:11.0) like Gecko"
80.120.148.242 - - [17/Aug/2021:15:42:53 +0200] "GET /reload?ser=1629207773121 HTTP/1.1" 200 28 "http://renault.activities.at/result?searchterm=true&search=luftballon" "Mozilla/5.0 (Windows NT 10.0; Win64; x64) AppleWebKit/537.36 (KHTML, like Gecko) Chrome/92.0.4515.131 Safari/537.36"
80.123.225.38 - - [17/Aug/2021:15:43:46 +0200] "GET /reload?ser=1629207826516 HTTP/1.1" 200 28 "http://renault.activities.at/success" "Mozilla/5.0 (Windows NT 6.1; WOW64; Trident/7.0; rv:11.0) like Gecko"
80.120.148.242 - - [17/Aug/2021:15:43:54 +0200] "GET /reload?ser=1629207834128 HTTP/1.1" 200 28 "http://renault.activities.at/result?searchterm=true&search=luftballon" "Mozilla/5.0 (Windows NT 10.0; Win64; x64) AppleWebKit/537.36 (KHTML, like Gecko) Chrome/92.0.4515.131 Safari/537.36"
80.123.225.38 - - [17/Aug/2021:15:44:47 +0200] "GET /reload?ser=1629207887500 HTTP/1.1" 200 28 "http://renault.activities.at/success" "Mozilla/5.0 (Windows NT 6.1; WOW64; Trident/7.0; rv:11.0) like Gecko"
80.120.148.242 - - [17/Aug/2021:15:44:55 +0200] "GET /reload?ser=1629207895126 HTTP/1.1" 200 28 "http://renault.activities.at/result?searchterm=true&search=luftballon" "Mozilla/5.0 (Windows NT 10.0; Win64; x64) AppleWebKit/537.36 (KHTML, like Gecko) Chrome/92.0.4515.131 Safari/537.36"
80.123.225.38 - - [17/Aug/2021:15:45:48 +0200] "GET /reload?ser=1629207948493 HTTP/1.1" 200 28 "http://renault.activities.at/success" "Mozilla/5.0 (Windows NT 6.1; WOW64; Trident/7.0; rv:11.0) like Gecko"
80.120.148.242 - - [17/Aug/2021:15:45:56 +0200] "GET /reload?ser=1629207956125 HTTP/1.1" 200 28 "http://renault.activities.at/result?searchterm=true&search=luftballon" "Mozilla/5.0 (Windows NT 10.0; Win64; x64) AppleWebKit/537.36 (KHTML, like Gecko) Chrome/92.0.4515.131 Safari/537.36"
80.123.225.38 - - [17/Aug/2021:15:46:49 +0200] "GET /reload?ser=1629208009489 HTTP/1.1" 200 28 "http://renault.activities.at/success" "Mozilla/5.0 (Windows NT 6.1; WOW64; Trident/7.0; rv:11.0) like Gecko"
80.120.148.242 - - [17/Aug/2021:15:46:57 +0200] "GET /reload?ser=1629208017126 HTTP/1.1" 200 28 "http://renault.activities.at/result?searchterm=true&search=luftballon" "Mozilla/5.0 (Windows NT 10.0; Win64; x64) AppleWebKit/537.36 (KHTML, like Gecko) Chrome/92.0.4515.131 Safari/537.36"
80.123.225.38 - - [17/Aug/2021:15:47:50 +0200] "GET /reload?ser=1629208070485 HTTP/1.1" 200 28 "http://renault.activities.at/success" "Mozilla/5.0 (Windows NT 6.1; WOW64; Trident/7.0; rv:11.0) like Gecko"
80.120.148.242 - - [17/Aug/2021:15:47:58 +0200] "GET /reload?ser=1629208078132 HTTP/1.1" 200 28 "http://renault.activities.at/result?searchterm=true&search=luftballon" "Mozilla/5.0 (Windows NT 10.0; Win64; x64) AppleWebKit/537.36 (KHTML, like Gecko) Chrome/92.0.4515.131 Safari/537.36"
80.123.225.38 - - [17/Aug/2021:15:48:51 +0200] "GET /reload?ser=1629208131468 HTTP/1.1" 200 28 "http://renault.activities.at/success" "Mozilla/5.0 (Windows NT 6.1; WOW64; Trident/7.0; rv:11.0) like Gecko"
80.120.148.242 - - [17/Aug/2021:15:48:59 +0200] "GET /reload?ser=1629208139137 HTTP/1.1" 200 28 "http://renault.activities.at/result?searchterm=true&search=luftballon" "Mozilla/5.0 (Windows NT 10.0; Win64; x64) AppleWebKit/537.36 (KHTML, like Gecko) Chrome/92.0.4515.131 Safari/537.36"
80.123.225.38 - - [17/Aug/2021:15:49:52 +0200] "GET /reload?ser=1629208192428 HTTP/1.1" 200 28 "http://renault.activities.at/success" "Mozilla/5.0 (Windows NT 6.1; WOW64; Trident/7.0; rv:11.0) like Gecko"
80.120.148.242 - - [17/Aug/2021:15:50:00 +0200] "GET /reload?ser=1629208200139 HTTP/1.1" 200 28 "http://renault.activities.at/result?searchterm=true&search=luftballon" "Mozilla/5.0 (Windows NT 10.0; Win64; x64) AppleWebKit/537.36 (KHTML, like Gecko) Chrome/92.0.4515.131 Safari/537.36"
80.123.225.38 - - [17/Aug/2021:15:50:53 +0200] "GET /reload?ser=1629208253428 HTTP/1.1" 200 28 "http://renault.activities.at/success" "Mozilla/5.0 (Windows NT 6.1; WOW64; Trident/7.0; rv:11.0) like Gecko"
80.120.148.242 - - [17/Aug/2021:15:51:01 +0200] "GET /reload?ser=1629208261148 HTTP/1.1" 200 28 "http://renault.activities.at/result?searchterm=true&search=luftballon" "Mozilla/5.0 (Windows NT 10.0; Win64; x64) AppleWebKit/537.36 (KHTML, like Gecko) Chrome/92.0.4515.131 Safari/537.36"
80.123.225.38 - - [17/Aug/2021:15:51:54 +0200] "GET /reload?ser=1629208314423 HTTP/1.1" 200 28 "http://renault.activities.at/success" "Mozilla/5.0 (Windows NT 6.1; WOW64; Trident/7.0; rv:11.0) like Gecko"
80.120.148.242 - - [17/Aug/2021:15:52:03 +0200] "GET /reload?ser=1629208323143 HTTP/1.1" 200 28 "http://renault.activities.at/result?searchterm=true&search=luftballon" "Mozilla/5.0 (Windows NT 10.0; Win64; x64) AppleWebKit/537.36 (KHTML, like Gecko) Chrome/92.0.4515.131 Safari/537.36"
80.123.225.38 - - [17/Aug/2021:15:52:55 +0200] "GET /reload?ser=1629208375408 HTTP/1.1" 200 28 "http://renault.activities.at/success" "Mozilla/5.0 (Windows NT 6.1; WOW64; Trident/7.0; rv:11.0) like Gecko"
80.120.148.242 - - [17/Aug/2021:15:53:05 +0200] "GET /reload?ser=1629208385142 HTTP/1.1" 200 28 "http://renault.activities.at/result?searchterm=true&search=luftballon" "Mozilla/5.0 (Windows NT 10.0; Win64; x64) AppleWebKit/537.36 (KHTML, like Gecko) Chrome/92.0.4515.131 Safari/537.36"
80.123.225.38 - - [17/Aug/2021:15:53:56 +0200] "GET /reload?ser=1629208436392 HTTP/1.1" 200 28 "http://renault.activities.at/success" "Mozilla/5.0 (Windows NT 6.1; WOW64; Trident/7.0; rv:11.0) like Gecko"
80.120.148.242 - - [17/Aug/2021:15:54:06 +0200] "GET /reload?ser=1629208446145 HTTP/1.1" 200 28 "http://renault.activities.at/result?searchterm=true&search=luftballon" "Mozilla/5.0 (Windows NT 10.0; Win64; x64) AppleWebKit/537.36 (KHTML, like Gecko) Chrome/92.0.4515.131 Safari/537.36"
80.123.225.38 - - [17/Aug/2021:15:54:57 +0200] "GET /reload?ser=1629208497373 HTTP/1.1" 200 28 "http://renault.activities.at/success" "Mozilla/5.0 (Windows NT 6.1; WOW64; Trident/7.0; rv:11.0) like Gecko"
80.120.148.242 - - [17/Aug/2021:15:55:07 +0200] "GET /reload?ser=1629208507139 HTTP/1.1" 200 28 "http://renault.activities.at/result?searchterm=true&search=luftballon" "Mozilla/5.0 (Windows NT 10.0; Win64; x64) AppleWebKit/537.36 (KHTML, like Gecko) Chrome/92.0.4515.131 Safari/537.36"
80.120.148.242 - - [17/Aug/2021:15:56:08 +0200] "GET /reload?ser=1629208568136 HTTP/1.1" 200 28 "http://renault.activities.at/result?searchterm=true&search=luftballon" "Mozilla/5.0 (Windows NT 10.0; Win64; x64) AppleWebKit/537.36 (KHTML, like Gecko) Chrome/92.0.4515.131 Safari/537.36"
80.120.148.242 - - [17/Aug/2021:15:57:09 +0200] "GET /reload?ser=1629208629154 HTTP/1.1" 200 28 "http://renault.activities.at/result?searchterm=true&search=luftballon" "Mozilla/5.0 (Windows NT 10.0; Win64; x64) AppleWebKit/537.36 (KHTML, like Gecko) Chrome/92.0.4515.131 Safari/537.36"
80.120.148.242 - - [17/Aug/2021:15:58:11 +0200] "GET /reload?ser=1629208691150 HTTP/1.1" 200 28 "http://renault.activities.at/result?searchterm=true&search=luftballon" "Mozilla/5.0 (Windows NT 10.0; Win64; x64) AppleWebKit/537.36 (KHTML, like Gecko) Chrome/92.0.4515.131 Safari/537.36"
80.120.148.242 - - [17/Aug/2021:15:59:12 +0200] "GET /reload?ser=1629208752142 HTTP/1.1" 200 28 "http://renault.activities.at/result?searchterm=true&search=luftballon" "Mozilla/5.0 (Windows NT 10.0; Win64; x64) AppleWebKit/537.36 (KHTML, like Gecko) Chrome/92.0.4515.131 Safari/537.36"
80.120.148.242 - - [17/Aug/2021:16:00:13 +0200] "GET /reload?ser=1629208813155 HTTP/1.1" 200 28 "http://renault.activities.at/result?searchterm=true&search=luftballon" "Mozilla/5.0 (Windows NT 10.0; Win64; x64) AppleWebKit/537.36 (KHTML, like Gecko) Chrome/92.0.4515.131 Safari/537.36"
80.120.148.242 - - [17/Aug/2021:16:01:14 +0200] "GET /reload?ser=1629208874159 HTTP/1.1" 200 28 "http://renault.activities.at/result?searchterm=true&search=luftballon" "Mozilla/5.0 (Windows NT 10.0; Win64; x64) AppleWebKit/537.36 (KHTML, like Gecko) Chrome/92.0.4515.131 Safari/537.36"
80.120.148.242 - - [17/Aug/2021:16:02:15 +0200] "GET /reload?ser=1629208935147 HTTP/1.1" 200 28 "http://renault.activities.at/result?searchterm=true&search=luftballon" "Mozilla/5.0 (Windows NT 10.0; Win64; x64) AppleWebKit/537.36 (KHTML, like Gecko) Chrome/92.0.4515.131 Safari/537.36"
80.120.148.242 - - [17/Aug/2021:16:03:16 +0200] "GET /reload?ser=1629208996151 HTTP/1.1" 200 28 "http://renault.activities.at/result?searchterm=true&search=luftballon" "Mozilla/5.0 (Windows NT 10.0; Win64; x64) AppleWebKit/537.36 (KHTML, like Gecko) Chrome/92.0.4515.131 Safari/537.36"
80.120.148.242 - - [17/Aug/2021:16:04:17 +0200] "GET /reload?ser=1629209057155 HTTP/1.1" 200 28 "http://renault.activities.at/result?searchterm=true&search=luftballon" "Mozilla/5.0 (Windows NT 10.0; Win64; x64) AppleWebKit/537.36 (KHTML, like Gecko) Chrome/92.0.4515.131 Safari/537.36"
80.120.148.242 - - [17/Aug/2021:16:05:18 +0200] "GET /reload?ser=1629209118147 HTTP/1.1" 200 28 "http://renault.activities.at/result?searchterm=true&search=luftballon" "Mozilla/5.0 (Windows NT 10.0; Win64; x64) AppleWebKit/537.36 (KHTML, like Gecko) Chrome/92.0.4515.131 Safari/537.36"
80.120.148.242 - - [17/Aug/2021:16:06:19 +0200] "GET /reload?ser=1629209179156 HTTP/1.1" 200 28 "http://renault.activities.at/result?searchterm=true&search=luftballon" "Mozilla/5.0 (Windows NT 10.0; Win64; x64) AppleWebKit/537.36 (KHTML, like Gecko) Chrome/92.0.4515.131 Safari/537.36"
80.120.148.242 - - [17/Aug/2021:16:07:21 +0200] "GET /reload?ser=1629209241163 HTTP/1.1" 200 28 "http://renault.activities.at/result?searchterm=true&search=luftballon" "Mozilla/5.0 (Windows NT 10.0; Win64; x64) AppleWebKit/537.36 (KHTML, like Gecko) Chrome/92.0.4515.131 Safari/537.36"
80.120.148.242 - - [17/Aug/2021:16:08:22 +0200] "GET /reload?ser=1629209302164 HTTP/1.1" 200 28 "http://renault.activities.at/result?searchterm=true&search=luftballon" "Mozilla/5.0 (Windows NT 10.0; Win64; x64) AppleWebKit/537.36 (KHTML, like Gecko) Chrome/92.0.4515.131 Safari/537.36"
80.120.148.242 - - [17/Aug/2021:16:09:23 +0200] "GET /reload?ser=1629209363154 HTTP/1.1" 200 28 "http://renault.activities.at/result?searchterm=true&search=luftballon" "Mozilla/5.0 (Windows NT 10.0; Win64; x64) AppleWebKit/537.36 (KHTML, like Gecko) Chrome/92.0.4515.131 Safari/537.36"
80.120.148.242 - - [17/Aug/2021:16:10:24 +0200] "GET /reload?ser=1629209424160 HTTP/1.1" 200 28 "http://renault.activities.at/result?searchterm=true&search=luftballon" "Mozilla/5.0 (Windows NT 10.0; Win64; x64) AppleWebKit/537.36 (KHTML, like Gecko) Chrome/92.0.4515.131 Safari/537.36"
80.120.148.242 - - [17/Aug/2021:16:11:25 +0200] "GET /reload?ser=1629209485159 HTTP/1.1" 200 28 "http://renault.activities.at/result?searchterm=true&search=luftballon" "Mozilla/5.0 (Windows NT 10.0; Win64; x64) AppleWebKit/537.36 (KHTML, like Gecko) Chrome/92.0.4515.131 Safari/537.36"
80.120.148.242 - - [17/Aug/2021:16:12:26 +0200] "GET /reload?ser=1629209546161 HTTP/1.1" 200 28 "http://renault.activities.at/result?searchterm=true&search=luftballon" "Mozilla/5.0 (Windows NT 10.0; Win64; x64) AppleWebKit/537.36 (KHTML, like Gecko) Chrome/92.0.4515.131 Safari/537.36"
80.120.148.242 - - [17/Aug/2021:16:13:27 +0200] "GET /reload?ser=1629209607162 HTTP/1.1" 200 28 "http://renault.activities.at/result?searchterm=true&search=luftballon" "Mozilla/5.0 (Windows NT 10.0; Win64; x64) AppleWebKit/537.36 (KHTML, like Gecko) Chrome/92.0.4515.131 Safari/537.36"
80.120.148.242 - - [17/Aug/2021:16:14:28 +0200] "GET /reload?ser=1629209668170 HTTP/1.1" 200 28 "http://renault.activities.at/result?searchterm=true&search=luftballon" "Mozilla/5.0 (Windows NT 10.0; Win64; x64) AppleWebKit/537.36 (KHTML, like Gecko) Chrome/92.0.4515.131 Safari/537.36"
