80.80.251.48 - - [17/Aug/2021:11:21:01 +0200] "POST /axjaxrequest?mode=suggest HTTP/1.1" 200 112 "http://renault.activities.at/result?dir=DESC&mode=grid&order=name&limit=15&page=2&search=ze" "Mozilla/5.0 (Windows NT 10.0; Win64; x64) AppleWebKit/537.36 (KHTML, like Gecko) Chrome/92.0.4515.131 Safari/537.36"
80.80.251.48 - - [17/Aug/2021:11:21:12 +0200] "GET /result?searchterm=true&search=Z.E HTTP/1.1" 200 7501 "http://renault.activities.at/result?searchterm=true&search=liste+" "Mozilla/5.0 (Windows NT 10.0; Win64; x64) AppleWebKit/537.36 (KHTML, like Gecko) Chrome/92.0.4515.131 Safari/537.36"
80.80.251.48 - - [17/Aug/2021:11:21:14 +0200] "GET /loadthumbnail.php?id=12130660&width=113 HTTP/1.1" 200 9098 "http://renault.activities.at/result?searchterm=true&search=Z.E" "Mozilla/5.0 (Windows NT 10.0; Win64; x64) AppleWebKit/537.36 (KHTML, like Gecko) Chrome/92.0.4515.131 Safari/537.36"
80.80.251.48 - - [17/Aug/2021:11:21:14 +0200] "GET /loadthumbnail.php?id=11885851&width=113 HTTP/1.1" 200 1576 "http://renault.activities.at/result?searchterm=true&search=Z.E" "Mozilla/5.0 (Windows NT 10.0; Win64; x64) AppleWebKit/537.36 (KHTML, like Gecko) Chrome/92.0.4515.131 Safari/537.36"
80.80.251.48 - - [17/Aug/2021:11:21:14 +0200] "GET /loadthumbnail.php?id=11885850&width=113 HTTP/1.1" 200 1552 "http://renault.activities.at/result?searchterm=true&search=Z.E" "Mozilla/5.0 (Windows NT 10.0; Win64; x64) AppleWebKit/537.36 (KHTML, like Gecko) Chrome/92.0.4515.131 Safari/537.36"
80.80.251.48 - - [17/Aug/2021:11:21:14 +0200] "GET /loadthumbnail.php?id=11489779&width=113 HTTP/1.1" 200 1080 "http://renault.activities.at/result?searchterm=true&search=Z.E" "Mozilla/5.0 (Windows NT 10.0; Win64; x64) AppleWebKit/537.36 (KHTML, like Gecko) Chrome/92.0.4515.131 Safari/537.36"
80.80.251.48 - - [17/Aug/2021:11:21:14 +0200] "GET /loadthumbnail.php?id=12244856&width=113 HTTP/1.1" 200 5659 "http://renault.activities.at/result?searchterm=true&search=Z.E" "Mozilla/5.0 (Windows NT 10.0; Win64; x64) AppleWebKit/537.36 (KHTML, like Gecko) Chrome/92.0.4515.131 Safari/537.36"
80.80.251.48 - - [17/Aug/2021:11:21:14 +0200] "GET /loadthumbnail.php?id=12244847&width=113 HTTP/1.1" 200 5903 "http://renault.activities.at/result?searchterm=true&search=Z.E" "Mozilla/5.0 (Windows NT 10.0; Win64; x64) AppleWebKit/537.36 (KHTML, like Gecko) Chrome/92.0.4515.131 Safari/537.36"
80.80.251.48 - - [17/Aug/2021:11:21:14 +0200] "GET /loadthumbnail.php?id=12239245&width=113 HTTP/1.1" 200 3605 "http://renault.activities.at/result?searchterm=true&search=Z.E" "Mozilla/5.0 (Windows NT 10.0; Win64; x64) AppleWebKit/537.36 (KHTML, like Gecko) Chrome/92.0.4515.131 Safari/537.36"
80.80.251.48 - - [17/Aug/2021:11:21:12 +0200] "POST /axjaxrequest?mode=suggest HTTP/1.1" 200 126 "http://renault.activities.at/result?searchterm=true&search=liste+" "Mozilla/5.0 (Windows NT 10.0; Win64; x64) AppleWebKit/537.36 (KHTML, like Gecko) Chrome/92.0.4515.131 Safari/537.36"
80.80.251.48 - - [17/Aug/2021:11:21:19 +0200] "GET /717624?print=true HTTP/1.1" 200 3001 "http://renault.activities.at/result?searchterm=true&search=Z.E" "Mozilla/5.0 (Windows NT 10.0; Win64; x64) AppleWebKit/537.36 (KHTML, like Gecko) Chrome/92.0.4515.131 Safari/537.36"
80.80.251.48 - - [17/Aug/2021:11:21:22 +0200] "GET /loadthumbnail.php?id=10260174&width=250 HTTP/1.1" 200 9707 "http://renault.activities.at/717624?print=true" "Mozilla/5.0 (Windows NT 10.0; Win64; x64) AppleWebKit/537.36 (KHTML, like Gecko) Chrome/92.0.4515.131 Safari/537.36"
80.80.251.48 - - [17/Aug/2021:11:21:23 +0200] "GET /loadthumbnail.php?id=10260174&width=900&height=900 HTTP/1.1" 200 9707 "http://renault.activities.at/717624?print=true" "Mozilla/5.0 (Windows NT 10.0; Win64; x64) AppleWebKit/537.36 (KHTML, like Gecko) Chrome/92.0.4515.131 Safari/537.36"
80.123.225.38 - - [17/Aug/2021:11:21:30 +0200] "GET /reload?ser=1629192090695 HTTP/1.1" 200 28 "http://renault.activities.at/success" "Mozilla/5.0 (Windows NT 6.1; WOW64; Trident/7.0; rv:11.0) like Gecko"
80.123.225.38 - - [17/Aug/2021:11:21:39 +0200] "GET /reload?ser=1629192099177 HTTP/1.1" 200 28 "http://renault.activities.at/success" "Mozilla/5.0 (Windows NT 10.0; Win64; x64) AppleWebKit/537.36 (KHTML, like Gecko) Chrome/92.0.4515.159 Safari/537.36"
80.80.251.48 - - [17/Aug/2021:11:21:43 +0200] "POST /717624?print=true HTTP/1.1" 200 3106 "http://renault.activities.at/717624?print=true" "Mozilla/5.0 (Windows NT 10.0; Win64; x64) AppleWebKit/537.36 (KHTML, like Gecko) Chrome/92.0.4515.131 Safari/537.36"
138.21.12.23 - - [17/Aug/2021:11:21:47 +0200] "GET /reload?ser=1629192107830 HTTP/1.1" 200 28 "http://renault.activities.at/result?searchterm=true&search=spring" "Mozilla/5.0 (Windows NT 10.0; Win64; x64) AppleWebKit/537.36 (KHTML, like Gecko) Chrome/91.0.4472.124 Safari/537.36"
80.80.251.48 - - [17/Aug/2021:11:21:51 +0200] "POST /axjaxrequest?mode=suggest HTTP/1.1" 200 123 "http://renault.activities.at/result?searchterm=true&search=Z.E" "Mozilla/5.0 (Windows NT 10.0; Win64; x64) AppleWebKit/537.36 (KHTML, like Gecko) Chrome/92.0.4515.131 Safari/537.36"
80.80.251.48 - - [17/Aug/2021:11:21:52 +0200] "GET /result?searchterm=true&search=zertifikat+ HTTP/1.1" 200 6431 "http://renault.activities.at/result?searchterm=true&search=Z.E" "Mozilla/5.0 (Windows NT 10.0; Win64; x64) AppleWebKit/537.36 (KHTML, like Gecko) Chrome/92.0.4515.131 Safari/537.36"
80.80.251.48 - - [17/Aug/2021:11:21:54 +0200] "GET /loadthumbnail.php?id=11730239&width=113 HTTP/1.1" 200 4665 "http://renault.activities.at/result?searchterm=true&search=zertifikat+" "Mozilla/5.0 (Windows NT 10.0; Win64; x64) AppleWebKit/537.36 (KHTML, like Gecko) Chrome/92.0.4515.131 Safari/537.36"
80.80.251.48 - - [17/Aug/2021:11:21:53 +0200] "POST /axjaxrequest?mode=suggest HTTP/1.1" 200 123 "http://renault.activities.at/result?searchterm=true&search=Z.E" "Mozilla/5.0 (Windows NT 10.0; Win64; x64) AppleWebKit/537.36 (KHTML, like Gecko) Chrome/92.0.4515.131 Safari/537.36"
80.80.251.48 - - [17/Aug/2021:11:22:08 +0200] "GET /717638?print=true HTTP/1.1" 200 2725 "http://renault.activities.at/result?searchterm=true&search=zertifikat+" "Mozilla/5.0 (Windows NT 10.0; Win64; x64) AppleWebKit/537.36 (KHTML, like Gecko) Chrome/92.0.4515.131 Safari/537.36"
80.80.251.48 - - [17/Aug/2021:11:22:09 +0200] "GET /loadthumbnail.php?id=10260190&width=250 HTTP/1.1" 200 10960 "http://renault.activities.at/717638?print=true" "Mozilla/5.0 (Windows NT 10.0; Win64; x64) AppleWebKit/537.36 (KHTML, like Gecko) Chrome/92.0.4515.131 Safari/537.36"
80.80.251.48 - - [17/Aug/2021:11:22:09 +0200] "GET /loadthumbnail.php?id=10260190&width=900&height=900 HTTP/1.1" 200 10960 "http://renault.activities.at/717638?print=true" "Mozilla/5.0 (Windows NT 10.0; Win64; x64) AppleWebKit/537.36 (KHTML, like Gecko) Chrome/92.0.4515.131 Safari/537.36"
80.80.251.48 - - [17/Aug/2021:11:22:16 +0200] "POST /717638?print=true HTTP/1.1" 200 2833 "http://renault.activities.at/717638?print=true" "Mozilla/5.0 (Windows NT 10.0; Win64; x64) AppleWebKit/537.36 (KHTML, like Gecko) Chrome/92.0.4515.131 Safari/537.36"
80.80.251.48 - - [17/Aug/2021:11:22:23 +0200] "POST /result?searchterm=true&search=zertifikat+ HTTP/1.1" 200 6535 "http://renault.activities.at/result?searchterm=true&search=zertifikat+" "Mozilla/5.0 (Windows NT 10.0; Win64; x64) AppleWebKit/537.36 (KHTML, like Gecko) Chrome/92.0.4515.131 Safari/537.36"
80.80.251.48 - - [17/Aug/2021:11:22:28 +0200] "GET /cart HTTP/1.1" 200 5457 "http://renault.activities.at/result?searchterm=true&search=zertifikat+" "Mozilla/5.0 (Windows NT 10.0; Win64; x64) AppleWebKit/537.36 (KHTML, like Gecko) Chrome/92.0.4515.131 Safari/537.36"
80.80.251.48 - - [17/Aug/2021:11:22:31 +0200] "GET /loadthumbnail.php?id=10232009&width=16&height=16 HTTP/1.1" 200 700 "http://renault.activities.at/cart" "Mozilla/5.0 (Windows NT 10.0; Win64; x64) AppleWebKit/537.36 (KHTML, like Gecko) Chrome/92.0.4515.131 Safari/537.36"
80.80.251.48 - - [17/Aug/2021:11:22:31 +0200] "GET /loadthumbnail.php?id=10260190&width=100 HTTP/1.1" 200 3745 "http://renault.activities.at/cart" "Mozilla/5.0 (Windows NT 10.0; Win64; x64) AppleWebKit/537.36 (KHTML, like Gecko) Chrome/92.0.4515.131 Safari/537.36"
80.80.251.48 - - [17/Aug/2021:11:22:31 +0200] "GET /loadthumbnail.php?id=11730239&width=100 HTTP/1.1" 200 3682 "http://renault.activities.at/cart" "Mozilla/5.0 (Windows NT 10.0; Win64; x64) AppleWebKit/537.36 (KHTML, like Gecko) Chrome/92.0.4515.131 Safari/537.36"
80.80.251.48 - - [17/Aug/2021:11:22:31 +0200] "GET /loadthumbnail.php?id=11730248&width=100 HTTP/1.1" 200 3924 "http://renault.activities.at/cart" "Mozilla/5.0 (Windows NT 10.0; Win64; x64) AppleWebKit/537.36 (KHTML, like Gecko) Chrome/92.0.4515.131 Safari/537.36"
80.80.251.48 - - [17/Aug/2021:11:22:31 +0200] "GET /loadthumbnail.php?id=10260174&width=100 HTTP/1.1" 200 3124 "http://renault.activities.at/cart" "Mozilla/5.0 (Windows NT 10.0; Win64; x64) AppleWebKit/537.36 (KHTML, like Gecko) Chrome/92.0.4515.131 Safari/537.36"
80.123.225.38 - - [17/Aug/2021:11:22:31 +0200] "GET /reload?ser=1629192151699 HTTP/1.1" 200 28 "http://renault.activities.at/success" "Mozilla/5.0 (Windows NT 6.1; WOW64; Trident/7.0; rv:11.0) like Gecko"
80.80.251.48 - - [17/Aug/2021:11:22:36 +0200] "POST /cart HTTP/1.1" 200 5396 "http://renault.activities.at/cart" "Mozilla/5.0 (Windows NT 10.0; Win64; x64) AppleWebKit/537.36 (KHTML, like Gecko) Chrome/92.0.4515.131 Safari/537.36"
80.123.225.38 - - [17/Aug/2021:11:22:41 +0200] "GET /reload?ser=1629192161190 HTTP/1.1" 200 28 "http://renault.activities.at/success" "Mozilla/5.0 (Windows NT 10.0; Win64; x64) AppleWebKit/537.36 (KHTML, like Gecko) Chrome/92.0.4515.159 Safari/537.36"
80.80.251.48 - - [17/Aug/2021:11:22:41 +0200] "GET /checkout HTTP/1.1" 200 10736 "http://renault.activities.at/cart" "Mozilla/5.0 (Windows NT 10.0; Win64; x64) AppleWebKit/537.36 (KHTML, like Gecko) Chrome/92.0.4515.131 Safari/537.36"
80.80.251.48 - - [17/Aug/2021:11:22:45 +0200] "GET /js/checkout2.js HTTP/1.1" 200 4122 "http://renault.activities.at/checkout" "Mozilla/5.0 (Windows NT 10.0; Win64; x64) AppleWebKit/537.36 (KHTML, like Gecko) Chrome/92.0.4515.131 Safari/537.36"
80.80.251.48 - - [17/Aug/2021:11:22:45 +0200] "GET /images/ajax_loading.gif HTTP/1.1" 200 1542 "http://renault.activities.at/checkout" "Mozilla/5.0 (Windows NT 10.0; Win64; x64) AppleWebKit/537.36 (KHTML, like Gecko) Chrome/92.0.4515.131 Safari/537.36"
80.80.251.48 - - [17/Aug/2021:11:22:46 +0200] "GET /images/step_bg.jpg HTTP/1.1" 200 319 "http://renault.activities.at/css/styles.css" "Mozilla/5.0 (Windows NT 10.0; Win64; x64) AppleWebKit/537.36 (KHTML, like Gecko) Chrome/92.0.4515.131 Safari/537.36"
80.80.251.48 - - [17/Aug/2021:11:22:45 +0200] "GET /loadthumbnail.php?id=10202698 HTTP/1.1" 200 16686 "http://renault.activities.at/checkout" "Mozilla/5.0 (Windows NT 10.0; Win64; x64) AppleWebKit/537.36 (KHTML, like Gecko) Chrome/92.0.4515.131 Safari/537.36"
80.80.251.48 - - [17/Aug/2021:11:22:45 +0200] "GET /loadthumbnail.php?id=10201939 HTTP/1.1" 200 201 "http://renault.activities.at/checkout" "Mozilla/5.0 (Windows NT 10.0; Win64; x64) AppleWebKit/537.36 (KHTML, like Gecko) Chrome/92.0.4515.131 Safari/537.36"
80.80.251.48 - - [17/Aug/2021:11:22:46 +0200] "GET /images/checkout_border_top.gif HTTP/1.1" 200 156 "http://renault.activities.at/css/styles.css" "Mozilla/5.0 (Windows NT 10.0; Win64; x64) AppleWebKit/537.36 (KHTML, like Gecko) Chrome/92.0.4515.131 Safari/537.36"
80.80.251.48 - - [17/Aug/2021:11:22:46 +0200] "GET /images/checkout_border.gif HTTP/1.1" 200 43 "http://renault.activities.at/css/styles.css" "Mozilla/5.0 (Windows NT 10.0; Win64; x64) AppleWebKit/537.36 (KHTML, like Gecko) Chrome/92.0.4515.131 Safari/537.36"
80.80.251.48 - - [17/Aug/2021:11:22:46 +0200] "GET /images/step_marker.gif HTTP/1.1" 200 650 "http://renault.activities.at/css/styles.css" "Mozilla/5.0 (Windows NT 10.0; Win64; x64) AppleWebKit/537.36 (KHTML, like Gecko) Chrome/92.0.4515.131 Safari/537.36"
138.21.12.23 - - [17/Aug/2021:11:22:49 +0200] "GET /reload?ser=1629192169838 HTTP/1.1" 200 28 "http://renault.activities.at/result?searchterm=true&search=spring" "Mozilla/5.0 (Windows NT 10.0; Win64; x64) AppleWebKit/537.36 (KHTML, like Gecko) Chrome/91.0.4472.124 Safari/537.36"
80.80.251.48 - - [17/Aug/2021:11:22:58 +0200] "POST /docheckout HTTP/1.1" 200 475 "http://renault.activities.at/checkout" "Mozilla/5.0 (Windows NT 10.0; Win64; x64) AppleWebKit/537.36 (KHTML, like Gecko) Chrome/92.0.4515.131 Safari/537.36"
80.80.251.48 - - [17/Aug/2021:11:23:01 +0200] "POST /docheckout HTTP/1.1" 200 662 "http://renault.activities.at/checkout" "Mozilla/5.0 (Windows NT 10.0; Win64; x64) AppleWebKit/537.36 (KHTML, like Gecko) Chrome/92.0.4515.131 Safari/537.36"
80.80.251.48 - - [17/Aug/2021:11:23:03 +0200] "GET /images/error_msg_icon.gif HTTP/1.1" 200 1013 "http://renault.activities.at/checkout" "Mozilla/5.0 (Windows NT 10.0; Win64; x64) AppleWebKit/537.36 (KHTML, like Gecko) Chrome/92.0.4515.131 Safari/537.36"
80.80.251.48 - - [17/Aug/2021:11:23:06 +0200] "POST /docheckout HTTP/1.1" 200 68 "http://renault.activities.at/checkout" "Mozilla/5.0 (Windows NT 10.0; Win64; x64) AppleWebKit/537.36 (KHTML, like Gecko) Chrome/92.0.4515.131 Safari/537.36"
80.80.251.48 - - [17/Aug/2021:11:23:10 +0200] "GET /success HTTP/1.1" 200 3783 "http://renault.activities.at/checkout" "Mozilla/5.0 (Windows NT 10.0; Win64; x64) AppleWebKit/537.36 (KHTML, like Gecko) Chrome/92.0.4515.131 Safari/537.36"
80.80.251.48 - - [17/Aug/2021:11:23:16 +0200] "GET /logout HTTP/1.1" 302 140 "http://renault.activities.at/success" "Mozilla/5.0 (Windows NT 10.0; Win64; x64) AppleWebKit/537.36 (KHTML, like Gecko) Chrome/92.0.4515.131 Safari/537.36"
80.80.251.48 - - [17/Aug/2021:11:23:17 +0200] "GET /logout HTTP/1.1" 200 1583 "http://renault.activities.at/success" "Mozilla/5.0 (Windows NT 10.0; Win64; x64) AppleWebKit/537.36 (KHTML, like Gecko) Chrome/92.0.4515.131 Safari/537.36"
80.80.251.48 - - [17/Aug/2021:11:23:20 +0200] "GET /login HTTP/1.1" 200 2085 "http://renault.activities.at/logout" "Mozilla/5.0 (Windows NT 10.0; Win64; x64) AppleWebKit/537.36 (KHTML, like Gecko) Chrome/92.0.4515.131 Safari/537.36"
80.123.225.38 - - [17/Aug/2021:11:23:32 +0200] "GET /reload?ser=1629192212654 HTTP/1.1" 200 28 "http://renault.activities.at/success" "Mozilla/5.0 (Windows NT 6.1; WOW64; Trident/7.0; rv:11.0) like Gecko"
80.123.225.38 - - [17/Aug/2021:11:23:43 +0200] "GET /reload?ser=1629192223169 HTTP/1.1" 200 28 "http://renault.activities.at/success" "Mozilla/5.0 (Windows NT 10.0; Win64; x64) AppleWebKit/537.36 (KHTML, like Gecko) Chrome/92.0.4515.159 Safari/537.36"
138.21.12.23 - - [17/Aug/2021:11:23:51 +0200] "GET /reload?ser=1629192231834 HTTP/1.1" 200 28 "http://renault.activities.at/result?searchterm=true&search=spring" "Mozilla/5.0 (Windows NT 10.0; Win64; x64) AppleWebKit/537.36 (KHTML, like Gecko) Chrome/91.0.4472.124 Safari/537.36"
80.80.251.48 - - [17/Aug/2021:11:24:00 +0200] "GET /logout HTTP/1.1" 200 1583 "http://renault.activities.at/success" "Mozilla/5.0 (Windows NT 10.0; Win64; x64) AppleWebKit/537.36 (KHTML, like Gecko) Chrome/92.0.4515.131 Safari/537.36"
80.80.251.48 - - [17/Aug/2021:11:24:04 +0200] "GET / HTTP/1.1" 200 3086 "http://renault.activities.at/logout" "Mozilla/5.0 (Windows NT 10.0; Win64; x64) AppleWebKit/537.36 (KHTML, like Gecko) Chrome/92.0.4515.131 Safari/537.36"
80.123.225.38 - - [17/Aug/2021:11:24:33 +0200] "GET /reload?ser=1629192273628 HTTP/1.1" 200 28 "http://renault.activities.at/success" "Mozilla/5.0 (Windows NT 6.1; WOW64; Trident/7.0; rv:11.0) like Gecko"
80.123.225.38 - - [17/Aug/2021:11:24:44 +0200] "GET /reload?ser=1629192284189 HTTP/1.1" 200 28 "http://renault.activities.at/success" "Mozilla/5.0 (Windows NT 10.0; Win64; x64) AppleWebKit/537.36 (KHTML, like Gecko) Chrome/92.0.4515.159 Safari/537.36"
138.21.12.23 - - [17/Aug/2021:11:24:53 +0200] "GET /reload?ser=1629192293844 HTTP/1.1" 200 28 "http://renault.activities.at/result?searchterm=true&search=spring" "Mozilla/5.0 (Windows NT 10.0; Win64; x64) AppleWebKit/537.36 (KHTML, like Gecko) Chrome/91.0.4472.124 Safari/537.36"
80.80.251.48 - - [17/Aug/2021:11:25:05 +0200] "GET /reload?ser=1629192304614 HTTP/1.1" 200 28 "http://renault.activities.at/" "Mozilla/5.0 (Windows NT 10.0; Win64; x64) AppleWebKit/537.36 (KHTML, like Gecko) Chrome/92.0.4515.131 Safari/537.36"
80.123.225.38 - - [17/Aug/2021:11:25:34 +0200] "GET /reload?ser=1629192334606 HTTP/1.1" 200 28 "http://renault.activities.at/success" "Mozilla/5.0 (Windows NT 6.1; WOW64; Trident/7.0; rv:11.0) like Gecko"
80.123.225.38 - - [17/Aug/2021:11:25:46 +0200] "GET /reload?ser=1629192346188 HTTP/1.1" 200 28 "http://renault.activities.at/success" "Mozilla/5.0 (Windows NT 10.0; Win64; x64) AppleWebKit/537.36 (KHTML, like Gecko) Chrome/92.0.4515.159 Safari/537.36"
138.21.12.23 - - [17/Aug/2021:11:25:55 +0200] "GET /reload?ser=1629192355836 HTTP/1.1" 200 28 "http://renault.activities.at/result?searchterm=true&search=spring" "Mozilla/5.0 (Windows NT 10.0; Win64; x64) AppleWebKit/537.36 (KHTML, like Gecko) Chrome/91.0.4472.124 Safari/537.36"
80.80.251.48 - - [17/Aug/2021:11:26:06 +0200] "GET /reload?ser=1629192365485 HTTP/1.1" 200 28 "http://renault.activities.at/" "Mozilla/5.0 (Windows NT 10.0; Win64; x64) AppleWebKit/537.36 (KHTML, like Gecko) Chrome/92.0.4515.131 Safari/537.36"
80.123.225.38 - - [17/Aug/2021:11:26:35 +0200] "GET /reload?ser=1629192395560 HTTP/1.1" 200 28 "http://renault.activities.at/success" "Mozilla/5.0 (Windows NT 6.1; WOW64; Trident/7.0; rv:11.0) like Gecko"
80.123.225.38 - - [17/Aug/2021:11:26:48 +0200] "GET /reload?ser=1629192408182 HTTP/1.1" 200 28 "http://renault.activities.at/success" "Mozilla/5.0 (Windows NT 10.0; Win64; x64) AppleWebKit/537.36 (KHTML, like Gecko) Chrome/92.0.4515.159 Safari/537.36"
138.21.12.23 - - [17/Aug/2021:11:26:57 +0200] "GET /reload?ser=1629192417842 HTTP/1.1" 200 28 "http://renault.activities.at/result?searchterm=true&search=spring" "Mozilla/5.0 (Windows NT 10.0; Win64; x64) AppleWebKit/537.36 (KHTML, like Gecko) Chrome/91.0.4472.124 Safari/537.36"
80.80.251.48 - - [17/Aug/2021:11:27:06 +0200] "GET /reload?ser=1629192426186 HTTP/1.1" 200 28 "http://renault.activities.at/" "Mozilla/5.0 (Windows NT 10.0; Win64; x64) AppleWebKit/537.36 (KHTML, like Gecko) Chrome/92.0.4515.131 Safari/537.36"
80.123.225.38 - - [17/Aug/2021:11:27:36 +0200] "GET /reload?ser=1629192456514 HTTP/1.1" 200 28 "http://renault.activities.at/success" "Mozilla/5.0 (Windows NT 6.1; WOW64; Trident/7.0; rv:11.0) like Gecko"
80.123.225.38 - - [17/Aug/2021:11:27:49 +0200] "GET /reload?ser=1629192469174 HTTP/1.1" 200 28 "http://renault.activities.at/success" "Mozilla/5.0 (Windows NT 10.0; Win64; x64) AppleWebKit/537.36 (KHTML, like Gecko) Chrome/92.0.4515.159 Safari/537.36"
138.21.12.23 - - [17/Aug/2021:11:27:59 +0200] "GET /reload?ser=1629192479843 HTTP/1.1" 200 28 "http://renault.activities.at/result?searchterm=true&search=spring" "Mozilla/5.0 (Windows NT 10.0; Win64; x64) AppleWebKit/537.36 (KHTML, like Gecko) Chrome/91.0.4472.124 Safari/537.36"
80.80.251.48 - - [17/Aug/2021:11:28:08 +0200] "GET /reload?ser=1629192487475 HTTP/1.1" 200 28 "http://renault.activities.at/" "Mozilla/5.0 (Windows NT 10.0; Win64; x64) AppleWebKit/537.36 (KHTML, like Gecko) Chrome/92.0.4515.131 Safari/537.36"
80.123.225.38 - - [17/Aug/2021:11:28:37 +0200] "GET /reload?ser=1629192517483 HTTP/1.1" 200 28 "http://renault.activities.at/success" "Mozilla/5.0 (Windows NT 6.1; WOW64; Trident/7.0; rv:11.0) like Gecko"
80.123.225.38 - - [17/Aug/2021:11:28:50 +0200] "GET /reload?ser=1629192530168 HTTP/1.1" 200 28 "http://renault.activities.at/success" "Mozilla/5.0 (Windows NT 10.0; Win64; x64) AppleWebKit/537.36 (KHTML, like Gecko) Chrome/92.0.4515.159 Safari/537.36"
138.21.12.23 - - [17/Aug/2021:11:29:01 +0200] "GET /reload?ser=1629192541835 HTTP/1.1" 200 28 "http://renault.activities.at/result?searchterm=true&search=spring" "Mozilla/5.0 (Windows NT 10.0; Win64; x64) AppleWebKit/537.36 (KHTML, like Gecko) Chrome/91.0.4472.124 Safari/537.36"
80.80.251.48 - - [17/Aug/2021:11:29:09 +0200] "GET /reload?ser=1629192548470 HTTP/1.1" 200 28 "http://renault.activities.at/" "Mozilla/5.0 (Windows NT 10.0; Win64; x64) AppleWebKit/537.36 (KHTML, like Gecko) Chrome/92.0.4515.131 Safari/537.36"
80.123.225.38 - - [17/Aug/2021:11:29:38 +0200] "GET /reload?ser=1629192578447 HTTP/1.1" 200 28 "http://renault.activities.at/success" "Mozilla/5.0 (Windows NT 6.1; WOW64; Trident/7.0; rv:11.0) like Gecko"
80.123.225.38 - - [17/Aug/2021:11:29:52 +0200] "GET /reload?ser=1629192592171 HTTP/1.1" 200 28 "http://renault.activities.at/success" "Mozilla/5.0 (Windows NT 10.0; Win64; x64) AppleWebKit/537.36 (KHTML, like Gecko) Chrome/92.0.4515.159 Safari/537.36"
138.21.12.23 - - [17/Aug/2021:11:30:03 +0200] "GET /reload?ser=1629192603839 HTTP/1.1" 200 28 "http://renault.activities.at/result?searchterm=true&search=spring" "Mozilla/5.0 (Windows NT 10.0; Win64; x64) AppleWebKit/537.36 (KHTML, like Gecko) Chrome/91.0.4472.124 Safari/537.36"
80.80.251.48 - - [17/Aug/2021:11:30:13 +0200] "GET /reload?ser=1629192612476 HTTP/1.1" 200 28 "http://renault.activities.at/" "Mozilla/5.0 (Windows NT 10.0; Win64; x64) AppleWebKit/537.36 (KHTML, like Gecko) Chrome/92.0.4515.131 Safari/537.36"
80.123.225.38 - - [17/Aug/2021:11:30:39 +0200] "GET /reload?ser=1629192639407 HTTP/1.1" 200 28 "http://renault.activities.at/success" "Mozilla/5.0 (Windows NT 6.1; WOW64; Trident/7.0; rv:11.0) like Gecko"
80.123.225.38 - - [17/Aug/2021:11:30:53 +0200] "GET /reload?ser=1629192653167 HTTP/1.1" 200 28 "http://renault.activities.at/success" "Mozilla/5.0 (Windows NT 10.0; Win64; x64) AppleWebKit/537.36 (KHTML, like Gecko) Chrome/92.0.4515.159 Safari/537.36"
138.21.12.23 - - [17/Aug/2021:11:31:05 +0200] "GET /reload?ser=1629192665840 HTTP/1.1" 200 28 "http://renault.activities.at/result?searchterm=true&search=spring" "Mozilla/5.0 (Windows NT 10.0; Win64; x64) AppleWebKit/537.36 (KHTML, like Gecko) Chrome/91.0.4472.124 Safari/537.36"
80.123.225.38 - - [17/Aug/2021:11:31:40 +0200] "GET /reload?ser=1629192700422 HTTP/1.1" 200 28 "http://renault.activities.at/success" "Mozilla/5.0 (Windows NT 6.1; WOW64; Trident/7.0; rv:11.0) like Gecko"
80.123.225.38 - - [17/Aug/2021:11:31:55 +0200] "GET /reload?ser=1629192715178 HTTP/1.1" 200 28 "http://renault.activities.at/success" "Mozilla/5.0 (Windows NT 10.0; Win64; x64) AppleWebKit/537.36 (KHTML, like Gecko) Chrome/92.0.4515.159 Safari/537.36"
138.21.12.23 - - [17/Aug/2021:11:32:07 +0200] "GET /reload?ser=1629192727836 HTTP/1.1" 200 28 "http://renault.activities.at/result?searchterm=true&search=spring" "Mozilla/5.0 (Windows NT 10.0; Win64; x64) AppleWebKit/537.36 (KHTML, like Gecko) Chrome/91.0.4472.124 Safari/537.36"
80.123.225.38 - - [17/Aug/2021:11:32:41 +0200] "GET /reload?ser=1629192761423 HTTP/1.1" 200 28 "http://renault.activities.at/success" "Mozilla/5.0 (Windows NT 6.1; WOW64; Trident/7.0; rv:11.0) like Gecko"
80.123.225.38 - - [17/Aug/2021:11:32:57 +0200] "GET /reload?ser=1629192777171 HTTP/1.1" 200 28 "http://renault.activities.at/success" "Mozilla/5.0 (Windows NT 10.0; Win64; x64) AppleWebKit/537.36 (KHTML, like Gecko) Chrome/92.0.4515.159 Safari/537.36"
138.21.12.23 - - [17/Aug/2021:11:33:09 +0200] "GET /reload?ser=1629192789844 HTTP/1.1" 200 28 "http://renault.activities.at/result?searchterm=true&search=spring" "Mozilla/5.0 (Windows NT 10.0; Win64; x64) AppleWebKit/537.36 (KHTML, like Gecko) Chrome/91.0.4472.124 Safari/537.36"
80.123.225.38 - - [17/Aug/2021:11:33:42 +0200] "GET /reload?ser=1629192822413 HTTP/1.1" 200 28 "http://renault.activities.at/success" "Mozilla/5.0 (Windows NT 6.1; WOW64; Trident/7.0; rv:11.0) like Gecko"
80.123.225.38 - - [17/Aug/2021:11:33:58 +0200] "GET /reload?ser=1629192838179 HTTP/1.1" 200 28 "http://renault.activities.at/success" "Mozilla/5.0 (Windows NT 10.0; Win64; x64) AppleWebKit/537.36 (KHTML, like Gecko) Chrome/92.0.4515.159 Safari/537.36"
138.21.12.23 - - [17/Aug/2021:11:34:11 +0200] "GET /reload?ser=1629192851847 HTTP/1.1" 200 28 "http://renault.activities.at/result?searchterm=true&search=spring" "Mozilla/5.0 (Windows NT 10.0; Win64; x64) AppleWebKit/537.36 (KHTML, like Gecko) Chrome/91.0.4472.124 Safari/537.36"
80.123.225.38 - - [17/Aug/2021:11:34:43 +0200] "GET /reload?ser=1629192883399 HTTP/1.1" 200 28 "http://renault.activities.at/success" "Mozilla/5.0 (Windows NT 6.1; WOW64; Trident/7.0; rv:11.0) like Gecko"
80.123.225.38 - - [17/Aug/2021:11:34:59 +0200] "GET /reload?ser=1629192899170 HTTP/1.1" 200 28 "http://renault.activities.at/success" "Mozilla/5.0 (Windows NT 10.0; Win64; x64) AppleWebKit/537.36 (KHTML, like Gecko) Chrome/92.0.4515.159 Safari/537.36"
138.21.12.23 - - [17/Aug/2021:11:35:13 +0200] "GET /reload?ser=1629192913839 HTTP/1.1" 200 28 "http://renault.activities.at/result?searchterm=true&search=spring" "Mozilla/5.0 (Windows NT 10.0; Win64; x64) AppleWebKit/537.36 (KHTML, like Gecko) Chrome/91.0.4472.124 Safari/537.36"
80.123.225.38 - - [17/Aug/2021:11:35:44 +0200] "GET /reload?ser=1629192944392 HTTP/1.1" 200 28 "http://renault.activities.at/success" "Mozilla/5.0 (Windows NT 6.1; WOW64; Trident/7.0; rv:11.0) like Gecko"
80.123.225.38 - - [17/Aug/2021:11:36:00 +0200] "GET /reload?ser=1629192960182 HTTP/1.1" 200 28 "http://renault.activities.at/success" "Mozilla/5.0 (Windows NT 10.0; Win64; x64) AppleWebKit/537.36 (KHTML, like Gecko) Chrome/92.0.4515.159 Safari/537.36"
138.21.12.23 - - [17/Aug/2021:11:36:15 +0200] "GET /reload?ser=1629192975842 HTTP/1.1" 200 28 "http://renault.activities.at/result?searchterm=true&search=spring" "Mozilla/5.0 (Windows NT 10.0; Win64; x64) AppleWebKit/537.36 (KHTML, like Gecko) Chrome/91.0.4472.124 Safari/537.36"
80.123.225.38 - - [17/Aug/2021:11:36:45 +0200] "GET /reload?ser=1629193005391 HTTP/1.1" 200 28 "http://renault.activities.at/success" "Mozilla/5.0 (Windows NT 6.1; WOW64; Trident/7.0; rv:11.0) like Gecko"
80.123.225.38 - - [17/Aug/2021:11:37:02 +0200] "GET /reload?ser=1629193022173 HTTP/1.1" 200 28 "http://renault.activities.at/success" "Mozilla/5.0 (Windows NT 10.0; Win64; x64) AppleWebKit/537.36 (KHTML, like Gecko) Chrome/92.0.4515.159 Safari/537.36"
138.21.12.23 - - [17/Aug/2021:11:37:17 +0200] "GET /reload?ser=1629193037837 HTTP/1.1" 200 28 "http://renault.activities.at/result?searchterm=true&search=spring" "Mozilla/5.0 (Windows NT 10.0; Win64; x64) AppleWebKit/537.36 (KHTML, like Gecko) Chrome/91.0.4472.124 Safari/537.36"
80.123.225.38 - - [17/Aug/2021:11:37:46 +0200] "GET /reload?ser=1629193066407 HTTP/1.1" 200 28 "http://renault.activities.at/success" "Mozilla/5.0 (Windows NT 6.1; WOW64; Trident/7.0; rv:11.0) like Gecko"
80.123.225.38 - - [17/Aug/2021:11:38:03 +0200] "GET /reload?ser=1629193083170 HTTP/1.1" 200 28 "http://renault.activities.at/success" "Mozilla/5.0 (Windows NT 10.0; Win64; x64) AppleWebKit/537.36 (KHTML, like Gecko) Chrome/92.0.4515.159 Safari/537.36"
138.21.12.23 - - [17/Aug/2021:11:38:19 +0200] "GET /reload?ser=1629193099836 HTTP/1.1" 200 28 "http://renault.activities.at/result?searchterm=true&search=spring" "Mozilla/5.0 (Windows NT 10.0; Win64; x64) AppleWebKit/537.36 (KHTML, like Gecko) Chrome/91.0.4472.124 Safari/537.36"
80.123.225.38 - - [17/Aug/2021:11:38:47 +0200] "GET /reload?ser=1629193127379 HTTP/1.1" 200 28 "http://renault.activities.at/success" "Mozilla/5.0 (Windows NT 6.1; WOW64; Trident/7.0; rv:11.0) like Gecko"
80.123.225.38 - - [17/Aug/2021:11:39:05 +0200] "GET /reload?ser=1629193145170 HTTP/1.1" 200 28 "http://renault.activities.at/success" "Mozilla/5.0 (Windows NT 10.0; Win64; x64) AppleWebKit/537.36 (KHTML, like Gecko) Chrome/92.0.4515.159 Safari/537.36"
138.21.12.23 - - [17/Aug/2021:11:39:21 +0200] "GET /reload?ser=1629193161844 HTTP/1.1" 200 28 "http://renault.activities.at/result?searchterm=true&search=spring" "Mozilla/5.0 (Windows NT 10.0; Win64; x64) AppleWebKit/537.36 (KHTML, like Gecko) Chrome/91.0.4472.124 Safari/537.36"
80.123.225.38 - - [17/Aug/2021:11:39:48 +0200] "GET /reload?ser=1629193188357 HTTP/1.1" 200 28 "http://renault.activities.at/success" "Mozilla/5.0 (Windows NT 6.1; WOW64; Trident/7.0; rv:11.0) like Gecko"
80.123.225.38 - - [17/Aug/2021:11:40:06 +0200] "GET /reload?ser=1629193206172 HTTP/1.1" 200 28 "http://renault.activities.at/success" "Mozilla/5.0 (Windows NT 10.0; Win64; x64) AppleWebKit/537.36 (KHTML, like Gecko) Chrome/92.0.4515.159 Safari/537.36"
138.21.12.23 - - [17/Aug/2021:11:40:23 +0200] "GET /reload?ser=1629193223845 HTTP/1.1" 200 28 "http://renault.activities.at/result?searchterm=true&search=spring" "Mozilla/5.0 (Windows NT 10.0; Win64; x64) AppleWebKit/537.36 (KHTML, like Gecko) Chrome/91.0.4472.124 Safari/537.36"
80.123.225.38 - - [17/Aug/2021:11:40:49 +0200] "GET /reload?ser=1629193249339 HTTP/1.1" 200 28 "http://renault.activities.at/success" "Mozilla/5.0 (Windows NT 6.1; WOW64; Trident/7.0; rv:11.0) like Gecko"
80.123.225.38 - - [17/Aug/2021:11:41:08 +0200] "GET /reload?ser=1629193268169 HTTP/1.1" 200 28 "http://renault.activities.at/success" "Mozilla/5.0 (Windows NT 10.0; Win64; x64) AppleWebKit/537.36 (KHTML, like Gecko) Chrome/92.0.4515.159 Safari/537.36"
138.21.12.23 - - [17/Aug/2021:11:41:25 +0200] "GET /reload?ser=1629193285843 HTTP/1.1" 200 28 "http://renault.activities.at/result?searchterm=true&search=spring" "Mozilla/5.0 (Windows NT 10.0; Win64; x64) AppleWebKit/537.36 (KHTML, like Gecko) Chrome/91.0.4472.124 Safari/537.36"
80.123.225.38 - - [17/Aug/2021:11:41:50 +0200] "GET /reload?ser=1629193310323 HTTP/1.1" 200 28 "http://renault.activities.at/success" "Mozilla/5.0 (Windows NT 6.1; WOW64; Trident/7.0; rv:11.0) like Gecko"
80.123.225.38 - - [17/Aug/2021:11:42:10 +0200] "GET /reload?ser=1629193330167 HTTP/1.1" 200 28 "http://renault.activities.at/success" "Mozilla/5.0 (Windows NT 10.0; Win64; x64) AppleWebKit/537.36 (KHTML, like Gecko) Chrome/92.0.4515.159 Safari/537.36"
138.21.12.23 - - [17/Aug/2021:11:42:27 +0200] "GET /reload?ser=1629193347846 HTTP/1.1" 200 28 "http://renault.activities.at/result?searchterm=true&search=spring" "Mozilla/5.0 (Windows NT 10.0; Win64; x64) AppleWebKit/537.36 (KHTML, like Gecko) Chrome/91.0.4472.124 Safari/537.36"
80.123.225.38 - - [17/Aug/2021:11:42:51 +0200] "GET /reload?ser=1629193371294 HTTP/1.1" 200 28 "http://renault.activities.at/success" "Mozilla/5.0 (Windows NT 6.1; WOW64; Trident/7.0; rv:11.0) like Gecko"
80.123.225.38 - - [17/Aug/2021:11:43:12 +0200] "GET /reload?ser=1629193392179 HTTP/1.1" 200 28 "http://renault.activities.at/success" "Mozilla/5.0 (Windows NT 10.0; Win64; x64) AppleWebKit/537.36 (KHTML, like Gecko) Chrome/92.0.4515.159 Safari/537.36"
138.21.12.23 - - [17/Aug/2021:11:43:29 +0200] "GET /reload?ser=1629193409839 HTTP/1.1" 200 28 "http://renault.activities.at/result?searchterm=true&search=spring" "Mozilla/5.0 (Windows NT 10.0; Win64; x64) AppleWebKit/537.36 (KHTML, like Gecko) Chrome/91.0.4472.124 Safari/537.36"
80.123.225.38 - - [17/Aug/2021:11:43:52 +0200] "GET /reload?ser=1629193432282 HTTP/1.1" 200 28 "http://renault.activities.at/success" "Mozilla/5.0 (Windows NT 6.1; WOW64; Trident/7.0; rv:11.0) like Gecko"
80.123.225.38 - - [17/Aug/2021:11:44:14 +0200] "GET /reload?ser=1629193454174 HTTP/1.1" 200 28 "http://renault.activities.at/success" "Mozilla/5.0 (Windows NT 10.0; Win64; x64) AppleWebKit/537.36 (KHTML, like Gecko) Chrome/92.0.4515.159 Safari/537.36"
138.21.12.23 - - [17/Aug/2021:11:44:32 +0200] "GET /reload?ser=1629193471843 HTTP/1.1" 200 28 "http://renault.activities.at/result?searchterm=true&search=spring" "Mozilla/5.0 (Windows NT 10.0; Win64; x64) AppleWebKit/537.36 (KHTML, like Gecko) Chrome/91.0.4472.124 Safari/537.36"
80.123.225.38 - - [17/Aug/2021:11:44:53 +0200] "GET /reload?ser=1629193493283 HTTP/1.1" 200 28 "http://renault.activities.at/success" "Mozilla/5.0 (Windows NT 6.1; WOW64; Trident/7.0; rv:11.0) like Gecko"
80.123.225.38 - - [17/Aug/2021:11:45:15 +0200] "GET /reload?ser=1629193515178 HTTP/1.1" 200 28 "http://renault.activities.at/success" "Mozilla/5.0 (Windows NT 10.0; Win64; x64) AppleWebKit/537.36 (KHTML, like Gecko) Chrome/92.0.4515.159 Safari/537.36"
138.21.12.23 - - [17/Aug/2021:11:45:33 +0200] "GET /reload?ser=1629193533836 HTTP/1.1" 200 28 "http://renault.activities.at/result?searchterm=true&search=spring" "Mozilla/5.0 (Windows NT 10.0; Win64; x64) AppleWebKit/537.36 (KHTML, like Gecko) Chrome/91.0.4472.124 Safari/537.36"
80.123.225.38 - - [17/Aug/2021:11:45:54 +0200] "GET /reload?ser=1629193554280 HTTP/1.1" 200 28 "http://renault.activities.at/success" "Mozilla/5.0 (Windows NT 6.1; WOW64; Trident/7.0; rv:11.0) like Gecko"
80.123.225.38 - - [17/Aug/2021:11:46:16 +0200] "GET /reload?ser=1629193576171 HTTP/1.1" 200 28 "http://renault.activities.at/success" "Mozilla/5.0 (Windows NT 10.0; Win64; x64) AppleWebKit/537.36 (KHTML, like Gecko) Chrome/92.0.4515.159 Safari/537.36"
138.21.12.23 - - [17/Aug/2021:11:46:35 +0200] "GET /reload?ser=1629193595844 HTTP/1.1" 200 28 "http://renault.activities.at/result?searchterm=true&search=spring" "Mozilla/5.0 (Windows NT 10.0; Win64; x64) AppleWebKit/537.36 (KHTML, like Gecko) Chrome/91.0.4472.124 Safari/537.36"
80.123.225.38 - - [17/Aug/2021:11:46:55 +0200] "GET /reload?ser=1629193615279 HTTP/1.1" 200 28 "http://renault.activities.at/success" "Mozilla/5.0 (Windows NT 6.1; WOW64; Trident/7.0; rv:11.0) like Gecko"
80.123.225.38 - - [17/Aug/2021:11:47:17 +0200] "GET /reload?ser=1629193637174 HTTP/1.1" 200 28 "http://renault.activities.at/success" "Mozilla/5.0 (Windows NT 10.0; Win64; x64) AppleWebKit/537.36 (KHTML, like Gecko) Chrome/92.0.4515.159 Safari/537.36"
138.21.12.23 - - [17/Aug/2021:11:47:37 +0200] "GET /reload?ser=1629193657851 HTTP/1.1" 200 28 "http://renault.activities.at/result?searchterm=true&search=spring" "Mozilla/5.0 (Windows NT 10.0; Win64; x64) AppleWebKit/537.36 (KHTML, like Gecko) Chrome/91.0.4472.124 Safari/537.36"
80.123.225.38 - - [17/Aug/2021:11:47:56 +0200] "GET /reload?ser=1629193676315 HTTP/1.1" 200 28 "http://renault.activities.at/success" "Mozilla/5.0 (Windows NT 6.1; WOW64; Trident/7.0; rv:11.0) like Gecko"
80.123.225.38 - - [17/Aug/2021:11:48:18 +0200] "GET /reload?ser=1629193698167 HTTP/1.1" 200 28 "http://renault.activities.at/success" "Mozilla/5.0 (Windows NT 10.0; Win64; x64) AppleWebKit/537.36 (KHTML, like Gecko) Chrome/92.0.4515.159 Safari/537.36"
138.21.12.23 - - [17/Aug/2021:11:48:39 +0200] "GET /reload?ser=1629193719842 HTTP/1.1" 200 28 "http://renault.activities.at/result?searchterm=true&search=spring" "Mozilla/5.0 (Windows NT 10.0; Win64; x64) AppleWebKit/537.36 (KHTML, like Gecko) Chrome/91.0.4472.124 Safari/537.36"
80.123.225.38 - - [17/Aug/2021:11:48:57 +0200] "GET /reload?ser=1629193737338 HTTP/1.1" 200 28 "http://renault.activities.at/success" "Mozilla/5.0 (Windows NT 6.1; WOW64; Trident/7.0; rv:11.0) like Gecko"
80.123.225.38 - - [17/Aug/2021:11:49:20 +0200] "GET /reload?ser=1629193760177 HTTP/1.1" 200 28 "http://renault.activities.at/success" "Mozilla/5.0 (Windows NT 10.0; Win64; x64) AppleWebKit/537.36 (KHTML, like Gecko) Chrome/92.0.4515.159 Safari/537.36"
138.21.12.23 - - [17/Aug/2021:11:49:41 +0200] "GET /reload?ser=1629193781840 HTTP/1.1" 200 28 "http://renault.activities.at/result?searchterm=true&search=spring" "Mozilla/5.0 (Windows NT 10.0; Win64; x64) AppleWebKit/537.36 (KHTML, like Gecko) Chrome/91.0.4472.124 Safari/537.36"
80.123.225.38 - - [17/Aug/2021:11:49:58 +0200] "GET /reload?ser=1629193798312 HTTP/1.1" 200 28 "http://renault.activities.at/success" "Mozilla/5.0 (Windows NT 6.1; WOW64; Trident/7.0; rv:11.0) like Gecko"
80.123.225.38 - - [17/Aug/2021:11:50:22 +0200] "GET /reload?ser=1629193822162 HTTP/1.1" 200 28 "http://renault.activities.at/success" "Mozilla/5.0 (Windows NT 10.0; Win64; x64) AppleWebKit/537.36 (KHTML, like Gecko) Chrome/92.0.4515.159 Safari/537.36"
138.21.12.23 - - [17/Aug/2021:11:50:43 +0200] "GET /reload?ser=1629193843846 HTTP/1.1" 200 28 "http://renault.activities.at/result?searchterm=true&search=spring" "Mozilla/5.0 (Windows NT 10.0; Win64; x64) AppleWebKit/537.36 (KHTML, like Gecko) Chrome/91.0.4472.124 Safari/537.36"
80.123.225.38 - - [17/Aug/2021:11:50:59 +0200] "GET /reload?ser=1629193859301 HTTP/1.1" 200 28 "http://renault.activities.at/success" "Mozilla/5.0 (Windows NT 6.1; WOW64; Trident/7.0; rv:11.0) like Gecko"
80.123.225.38 - - [17/Aug/2021:11:51:23 +0200] "GET /reload?ser=1629193883169 HTTP/1.1" 200 28 "http://renault.activities.at/success" "Mozilla/5.0 (Windows NT 10.0; Win64; x64) AppleWebKit/537.36 (KHTML, like Gecko) Chrome/92.0.4515.159 Safari/537.36"
138.21.12.23 - - [17/Aug/2021:11:51:45 +0200] "GET /reload?ser=1629193905838 HTTP/1.1" 200 28 "http://renault.activities.at/result?searchterm=true&search=spring" "Mozilla/5.0 (Windows NT 10.0; Win64; x64) AppleWebKit/537.36 (KHTML, like Gecko) Chrome/91.0.4472.124 Safari/537.36"
80.123.225.38 - - [17/Aug/2021:11:52:00 +0200] "GET /reload?ser=1629193920294 HTTP/1.1" 200 28 "http://renault.activities.at/success" "Mozilla/5.0 (Windows NT 6.1; WOW64; Trident/7.0; rv:11.0) like Gecko"
80.123.225.38 - - [17/Aug/2021:11:52:24 +0200] "GET /reload?ser=1629193944174 HTTP/1.1" 200 28 "http://renault.activities.at/success" "Mozilla/5.0 (Windows NT 10.0; Win64; x64) AppleWebKit/537.36 (KHTML, like Gecko) Chrome/92.0.4515.159 Safari/537.36"
138.21.12.23 - - [17/Aug/2021:11:52:47 +0200] "GET /reload?ser=1629193967839 HTTP/1.1" 200 28 "http://renault.activities.at/result?searchterm=true&search=spring" "Mozilla/5.0 (Windows NT 10.0; Win64; x64) AppleWebKit/537.36 (KHTML, like Gecko) Chrome/91.0.4472.124 Safari/537.36"
80.123.225.38 - - [17/Aug/2021:11:53:01 +0200] "GET /reload?ser=1629193981273 HTTP/1.1" 200 28 "http://renault.activities.at/success" "Mozilla/5.0 (Windows NT 6.1; WOW64; Trident/7.0; rv:11.0) like Gecko"
80.123.225.38 - - [17/Aug/2021:11:53:25 +0200] "GET /reload?ser=1629194005169 HTTP/1.1" 200 28 "http://renault.activities.at/success" "Mozilla/5.0 (Windows NT 10.0; Win64; x64) AppleWebKit/537.36 (KHTML, like Gecko) Chrome/92.0.4515.159 Safari/537.36"
138.21.12.23 - - [17/Aug/2021:11:53:49 +0200] "GET /reload?ser=1629194029836 HTTP/1.1" 200 28 "http://renault.activities.at/result?searchterm=true&search=spring" "Mozilla/5.0 (Windows NT 10.0; Win64; x64) AppleWebKit/537.36 (KHTML, like Gecko) Chrome/91.0.4472.124 Safari/537.36"
80.123.225.38 - - [17/Aug/2021:11:54:02 +0200] "GET /reload?ser=1629194042265 HTTP/1.1" 200 28 "http://renault.activities.at/success" "Mozilla/5.0 (Windows NT 6.1; WOW64; Trident/7.0; rv:11.0) like Gecko"
80.123.225.38 - - [17/Aug/2021:11:54:26 +0200] "GET /reload?ser=1629194066161 HTTP/1.1" 200 28 "http://renault.activities.at/success" "Mozilla/5.0 (Windows NT 10.0; Win64; x64) AppleWebKit/537.36 (KHTML, like Gecko) Chrome/92.0.4515.159 Safari/537.36"
138.21.12.23 - - [17/Aug/2021:11:54:51 +0200] "GET /reload?ser=1629194091840 HTTP/1.1" 200 28 "http://renault.activities.at/result?searchterm=true&search=spring" "Mozilla/5.0 (Windows NT 10.0; Win64; x64) AppleWebKit/537.36 (KHTML, like Gecko) Chrome/91.0.4472.124 Safari/537.36"
80.123.225.38 - - [17/Aug/2021:11:55:03 +0200] "GET /reload?ser=1629194103236 HTTP/1.1" 200 28 "http://renault.activities.at/success" "Mozilla/5.0 (Windows NT 6.1; WOW64; Trident/7.0; rv:11.0) like Gecko"
80.123.225.38 - - [17/Aug/2021:11:55:27 +0200] "GET /reload?ser=1629194127170 HTTP/1.1" 200 28 "http://renault.activities.at/success" "Mozilla/5.0 (Windows NT 10.0; Win64; x64) AppleWebKit/537.36 (KHTML, like Gecko) Chrome/92.0.4515.159 Safari/537.36"
138.21.12.23 - - [17/Aug/2021:11:55:53 +0200] "GET /reload?ser=1629194153841 HTTP/1.1" 200 28 "http://renault.activities.at/result?searchterm=true&search=spring" "Mozilla/5.0 (Windows NT 10.0; Win64; x64) AppleWebKit/537.36 (KHTML, like Gecko) Chrome/91.0.4472.124 Safari/537.36"
80.123.225.38 - - [17/Aug/2021:11:56:04 +0200] "GET /reload?ser=1629194164237 HTTP/1.1" 200 28 "http://renault.activities.at/success" "Mozilla/5.0 (Windows NT 6.1; WOW64; Trident/7.0; rv:11.0) like Gecko"
80.123.225.38 - - [17/Aug/2021:11:56:29 +0200] "GET /reload?ser=1629194189169 HTTP/1.1" 200 28 "http://renault.activities.at/success" "Mozilla/5.0 (Windows NT 10.0; Win64; x64) AppleWebKit/537.36 (KHTML, like Gecko) Chrome/92.0.4515.159 Safari/537.36"
138.21.12.23 - - [17/Aug/2021:11:56:55 +0200] "GET /reload?ser=1629194215837 HTTP/1.1" 200 28 "http://renault.activities.at/result?searchterm=true&search=spring" "Mozilla/5.0 (Windows NT 10.0; Win64; x64) AppleWebKit/537.36 (KHTML, like Gecko) Chrome/91.0.4472.124 Safari/537.36"
80.123.225.38 - - [17/Aug/2021:11:57:05 +0200] "GET /reload?ser=1629194225251 HTTP/1.1" 200 28 "http://renault.activities.at/success" "Mozilla/5.0 (Windows NT 6.1; WOW64; Trident/7.0; rv:11.0) like Gecko"
80.123.225.38 - - [17/Aug/2021:11:57:31 +0200] "GET /reload?ser=1629194251159 HTTP/1.1" 200 28 "http://renault.activities.at/success" "Mozilla/5.0 (Windows NT 10.0; Win64; x64) AppleWebKit/537.36 (KHTML, like Gecko) Chrome/92.0.4515.159 Safari/537.36"
138.21.12.23 - - [17/Aug/2021:11:57:57 +0200] "GET /reload?ser=1629194277837 HTTP/1.1" 200 28 "http://renault.activities.at/result?searchterm=true&search=spring" "Mozilla/5.0 (Windows NT 10.0; Win64; x64) AppleWebKit/537.36 (KHTML, like Gecko) Chrome/91.0.4472.124 Safari/537.36"
80.123.225.38 - - [17/Aug/2021:11:58:06 +0200] "GET /reload?ser=1629194286247 HTTP/1.1" 200 28 "http://renault.activities.at/success" "Mozilla/5.0 (Windows NT 6.1; WOW64; Trident/7.0; rv:11.0) like Gecko"
80.123.225.38 - - [17/Aug/2021:11:58:32 +0200] "GET /reload?ser=1629194312174 HTTP/1.1" 200 28 "http://renault.activities.at/success" "Mozilla/5.0 (Windows NT 10.0; Win64; x64) AppleWebKit/537.36 (KHTML, like Gecko) Chrome/92.0.4515.159 Safari/537.36"
138.21.12.23 - - [17/Aug/2021:11:58:59 +0200] "GET /reload?ser=1629194339837 HTTP/1.1" 200 28 "http://renault.activities.at/result?searchterm=true&search=spring" "Mozilla/5.0 (Windows NT 10.0; Win64; x64) AppleWebKit/537.36 (KHTML, like Gecko) Chrome/91.0.4472.124 Safari/537.36"
80.123.225.38 - - [17/Aug/2021:11:59:07 +0200] "GET /reload?ser=1629194347206 HTTP/1.1" 200 28 "http://renault.activities.at/success" "Mozilla/5.0 (Windows NT 6.1; WOW64; Trident/7.0; rv:11.0) like Gecko"
80.123.225.38 - - [17/Aug/2021:11:59:34 +0200] "GET /reload?ser=1629194374166 HTTP/1.1" 200 28 "http://renault.activities.at/success" "Mozilla/5.0 (Windows NT 10.0; Win64; x64) AppleWebKit/537.36 (KHTML, like Gecko) Chrome/92.0.4515.159 Safari/537.36"
138.21.12.23 - - [17/Aug/2021:12:00:01 +0200] "GET /reload?ser=1629194401850 HTTP/1.1" 200 28 "http://renault.activities.at/result?searchterm=true&search=spring" "Mozilla/5.0 (Windows NT 10.0; Win64; x64) AppleWebKit/537.36 (KHTML, like Gecko) Chrome/91.0.4472.124 Safari/537.36"
80.123.225.38 - - [17/Aug/2021:12:00:08 +0200] "GET /reload?ser=1629194408167 HTTP/1.1" 200 28 "http://renault.activities.at/success" "Mozilla/5.0 (Windows NT 6.1; WOW64; Trident/7.0; rv:11.0) like Gecko"
80.123.225.38 - - [17/Aug/2021:12:00:35 +0200] "GET /reload?ser=1629194435155 HTTP/1.1" 200 28 "http://renault.activities.at/success" "Mozilla/5.0 (Windows NT 10.0; Win64; x64) AppleWebKit/537.36 (KHTML, like Gecko) Chrome/92.0.4515.159 Safari/537.36"
138.21.12.23 - - [17/Aug/2021:12:01:03 +0200] "GET /reload?ser=1629194463851 HTTP/1.1" 200 28 "http://renault.activities.at/result?searchterm=true&search=spring" "Mozilla/5.0 (Windows NT 10.0; Win64; x64) AppleWebKit/537.36 (KHTML, like Gecko) Chrome/91.0.4472.124 Safari/537.36"
80.123.225.38 - - [17/Aug/2021:12:01:09 +0200] "GET /reload?ser=1629194469158 HTTP/1.1" 200 28 "http://renault.activities.at/success" "Mozilla/5.0 (Windows NT 6.1; WOW64; Trident/7.0; rv:11.0) like Gecko"
80.123.225.38 - - [17/Aug/2021:12:01:36 +0200] "GET /reload?ser=1629194496153 HTTP/1.1" 200 28 "http://renault.activities.at/success" "Mozilla/5.0 (Windows NT 10.0; Win64; x64) AppleWebKit/537.36 (KHTML, like Gecko) Chrome/92.0.4515.159 Safari/537.36"
138.21.12.23 - - [17/Aug/2021:12:02:05 +0200] "GET /reload?ser=1629194525844 HTTP/1.1" 200 28 "http://renault.activities.at/result?searchterm=true&search=spring" "Mozilla/5.0 (Windows NT 10.0; Win64; x64) AppleWebKit/537.36 (KHTML, like Gecko) Chrome/91.0.4472.124 Safari/537.36"
80.123.225.38 - - [17/Aug/2021:12:02:10 +0200] "GET /reload?ser=1629194530167 HTTP/1.1" 200 28 "http://renault.activities.at/success" "Mozilla/5.0 (Windows NT 6.1; WOW64; Trident/7.0; rv:11.0) like Gecko"
80.123.225.38 - - [17/Aug/2021:12:02:37 +0200] "GET /reload?ser=1629194557162 HTTP/1.1" 200 28 "http://renault.activities.at/success" "Mozilla/5.0 (Windows NT 10.0; Win64; x64) AppleWebKit/537.36 (KHTML, like Gecko) Chrome/92.0.4515.159 Safari/537.36"
138.21.12.23 - - [17/Aug/2021:12:03:07 +0200] "GET /reload?ser=1629194587842 HTTP/1.1" 200 28 "http://renault.activities.at/result?searchterm=true&search=spring" "Mozilla/5.0 (Windows NT 10.0; Win64; x64) AppleWebKit/537.36 (KHTML, like Gecko) Chrome/91.0.4472.124 Safari/537.36"
80.123.225.38 - - [17/Aug/2021:12:03:11 +0200] "GET /reload?ser=1629194591150 HTTP/1.1" 200 28 "http://renault.activities.at/success" "Mozilla/5.0 (Windows NT 6.1; WOW64; Trident/7.0; rv:11.0) like Gecko"
80.123.225.38 - - [17/Aug/2021:12:03:39 +0200] "GET /reload?ser=1629194619161 HTTP/1.1" 200 28 "http://renault.activities.at/success" "Mozilla/5.0 (Windows NT 10.0; Win64; x64) AppleWebKit/537.36 (KHTML, like Gecko) Chrome/92.0.4515.159 Safari/537.36"
138.21.12.23 - - [17/Aug/2021:12:04:09 +0200] "GET /reload?ser=1629194649838 HTTP/1.1" 200 28 "http://renault.activities.at/result?searchterm=true&search=spring" "Mozilla/5.0 (Windows NT 10.0; Win64; x64) AppleWebKit/537.36 (KHTML, like Gecko) Chrome/91.0.4472.124 Safari/537.36"
80.123.225.38 - - [17/Aug/2021:12:04:12 +0200] "GET /reload?ser=1629194652157 HTTP/1.1" 200 28 "http://renault.activities.at/success" "Mozilla/5.0 (Windows NT 6.1; WOW64; Trident/7.0; rv:11.0) like Gecko"
80.123.225.38 - - [17/Aug/2021:12:04:41 +0200] "GET /reload?ser=1629194681168 HTTP/1.1" 200 28 "http://renault.activities.at/success" "Mozilla/5.0 (Windows NT 10.0; Win64; x64) AppleWebKit/537.36 (KHTML, like Gecko) Chrome/92.0.4515.159 Safari/537.36"
138.21.12.23 - - [17/Aug/2021:12:05:11 +0200] "GET /reload?ser=1629194711840 HTTP/1.1" 200 28 "http://renault.activities.at/result?searchterm=true&search=spring" "Mozilla/5.0 (Windows NT 10.0; Win64; x64) AppleWebKit/537.36 (KHTML, like Gecko) Chrome/91.0.4472.124 Safari/537.36"
80.123.225.38 - - [17/Aug/2021:12:05:13 +0200] "GET /reload?ser=1629194713126 HTTP/1.1" 200 28 "http://renault.activities.at/success" "Mozilla/5.0 (Windows NT 6.1; WOW64; Trident/7.0; rv:11.0) like Gecko"
80.123.225.38 - - [17/Aug/2021:12:05:42 +0200] "GET /reload?ser=1629194742166 HTTP/1.1" 200 28 "http://renault.activities.at/success" "Mozilla/5.0 (Windows NT 10.0; Win64; x64) AppleWebKit/537.36 (KHTML, like Gecko) Chrome/92.0.4515.159 Safari/537.36"
138.21.12.23 - - [17/Aug/2021:12:06:13 +0200] "GET /reload?ser=1629194773840 HTTP/1.1" 200 28 "http://renault.activities.at/result?searchterm=true&search=spring" "Mozilla/5.0 (Windows NT 10.0; Win64; x64) AppleWebKit/537.36 (KHTML, like Gecko) Chrome/91.0.4472.124 Safari/537.36"
80.123.225.38 - - [17/Aug/2021:12:06:14 +0200] "GET /reload?ser=1629194774099 HTTP/1.1" 200 28 "http://renault.activities.at/success" "Mozilla/5.0 (Windows NT 6.1; WOW64; Trident/7.0; rv:11.0) like Gecko"
80.123.225.38 - - [17/Aug/2021:12:06:43 +0200] "GET /reload?ser=1629194803159 HTTP/1.1" 200 28 "http://renault.activities.at/success" "Mozilla/5.0 (Windows NT 10.0; Win64; x64) AppleWebKit/537.36 (KHTML, like Gecko) Chrome/92.0.4515.159 Safari/537.36"
80.123.225.38 - - [17/Aug/2021:12:07:15 +0200] "GET /reload?ser=1629194835077 HTTP/1.1" 200 28 "http://renault.activities.at/success" "Mozilla/5.0 (Windows NT 6.1; WOW64; Trident/7.0; rv:11.0) like Gecko"
138.21.12.23 - - [17/Aug/2021:12:07:15 +0200] "GET /reload?ser=1629194835840 HTTP/1.1" 200 28 "http://renault.activities.at/result?searchterm=true&search=spring" "Mozilla/5.0 (Windows NT 10.0; Win64; x64) AppleWebKit/537.36 (KHTML, like Gecko) Chrome/91.0.4472.124 Safari/537.36"
80.123.225.38 - - [17/Aug/2021:12:07:44 +0200] "GET /reload?ser=1629194864151 HTTP/1.1" 200 28 "http://renault.activities.at/success" "Mozilla/5.0 (Windows NT 10.0; Win64; x64) AppleWebKit/537.36 (KHTML, like Gecko) Chrome/92.0.4515.159 Safari/537.36"
80.123.225.38 - - [17/Aug/2021:12:08:16 +0200] "GET /reload?ser=1629194896078 HTTP/1.1" 200 28 "http://renault.activities.at/success" "Mozilla/5.0 (Windows NT 6.1; WOW64; Trident/7.0; rv:11.0) like Gecko"
138.21.12.23 - - [17/Aug/2021:12:08:17 +0200] "GET /reload?ser=1629194897846 HTTP/1.1" 200 28 "http://renault.activities.at/result?searchterm=true&search=spring" "Mozilla/5.0 (Windows NT 10.0; Win64; x64) AppleWebKit/537.36 (KHTML, like Gecko) Chrome/91.0.4472.124 Safari/537.36"
80.123.225.38 - - [17/Aug/2021:12:08:46 +0200] "GET /reload?ser=1629194926161 HTTP/1.1" 200 28 "http://renault.activities.at/success" "Mozilla/5.0 (Windows NT 10.0; Win64; x64) AppleWebKit/537.36 (KHTML, like Gecko) Chrome/92.0.4515.159 Safari/537.36"
80.123.225.38 - - [17/Aug/2021:12:09:17 +0200] "GET /reload?ser=1629194957080 HTTP/1.1" 200 28 "http://renault.activities.at/success" "Mozilla/5.0 (Windows NT 6.1; WOW64; Trident/7.0; rv:11.0) like Gecko"
138.21.12.23 - - [17/Aug/2021:12:09:19 +0200] "GET /reload?ser=1629194959846 HTTP/1.1" 200 28 "http://renault.activities.at/result?searchterm=true&search=spring" "Mozilla/5.0 (Windows NT 10.0; Win64; x64) AppleWebKit/537.36 (KHTML, like Gecko) Chrome/91.0.4472.124 Safari/537.36"
80.123.225.38 - - [17/Aug/2021:12:09:48 +0200] "GET /reload?ser=1629194988151 HTTP/1.1" 200 28 "http://renault.activities.at/success" "Mozilla/5.0 (Windows NT 10.0; Win64; x64) AppleWebKit/537.36 (KHTML, like Gecko) Chrome/92.0.4515.159 Safari/537.36"
80.123.225.38 - - [17/Aug/2021:12:10:18 +0200] "GET /reload?ser=1629195018051 HTTP/1.1" 200 28 "http://renault.activities.at/success" "Mozilla/5.0 (Windows NT 6.1; WOW64; Trident/7.0; rv:11.0) like Gecko"
