91.114.96.114 - - [24/Aug/2021:08:54:05 +0200] "GET /reload?ser=1629788043736 HTTP/1.1" 200 28 "http://renault.activities.at/10201442" "Mozilla/5.0 (Windows NT 10.0; WOW64) AppleWebKit/537.36 (KHTML, like Gecko) Chrome/92.0.4515.159 Safari/537.36"
138.21.12.30 - - [24/Aug/2021:08:54:48 +0200] "GET /reload?ser=1629788087863 HTTP/1.1" 200 28 "http://renault.2web.at/account" "Mozilla/5.0 (Windows NT 10.0; Win64; x64) AppleWebKit/537.36 (KHTML, like Gecko) Chrome/92.0.4515.159 Safari/537.36"
91.114.96.114 - - [24/Aug/2021:08:55:07 +0200] "GET /reload?ser=1629788105727 HTTP/1.1" 200 28 "http://renault.activities.at/10201442" "Mozilla/5.0 (Windows NT 10.0; WOW64) AppleWebKit/537.36 (KHTML, like Gecko) Chrome/92.0.4515.159 Safari/537.36"
138.21.12.30 - - [24/Aug/2021:08:55:50 +0200] "GET /reload?ser=1629788149864 HTTP/1.1" 200 28 "http://renault.2web.at/account" "Mozilla/5.0 (Windows NT 10.0; Win64; x64) AppleWebKit/537.36 (KHTML, like Gecko) Chrome/92.0.4515.159 Safari/537.36"
91.114.96.114 - - [24/Aug/2021:08:56:09 +0200] "GET /reload?ser=1629788167726 HTTP/1.1" 200 28 "http://renault.activities.at/10201442" "Mozilla/5.0 (Windows NT 10.0; WOW64) AppleWebKit/537.36 (KHTML, like Gecko) Chrome/92.0.4515.159 Safari/537.36"
138.21.12.30 - - [24/Aug/2021:08:56:52 +0200] "GET /reload?ser=1629788211864 HTTP/1.1" 200 28 "http://renault.2web.at/account" "Mozilla/5.0 (Windows NT 10.0; Win64; x64) AppleWebKit/537.36 (KHTML, like Gecko) Chrome/92.0.4515.159 Safari/537.36"
91.114.96.114 - - [24/Aug/2021:08:57:11 +0200] "GET /reload?ser=1629788229729 HTTP/1.1" 200 28 "http://renault.activities.at/10201442" "Mozilla/5.0 (Windows NT 10.0; WOW64) AppleWebKit/537.36 (KHTML, like Gecko) Chrome/92.0.4515.159 Safari/537.36"
138.21.12.30 - - [24/Aug/2021:08:57:54 +0200] "GET /reload?ser=1629788273865 HTTP/1.1" 200 28 "http://renault.2web.at/account" "Mozilla/5.0 (Windows NT 10.0; Win64; x64) AppleWebKit/537.36 (KHTML, like Gecko) Chrome/92.0.4515.159 Safari/537.36"
91.114.96.114 - - [24/Aug/2021:08:58:13 +0200] "GET /reload?ser=1629788291732 HTTP/1.1" 200 28 "http://renault.activities.at/10201442" "Mozilla/5.0 (Windows NT 10.0; WOW64) AppleWebKit/537.36 (KHTML, like Gecko) Chrome/92.0.4515.159 Safari/537.36"
83.175.83.150 - - [24/Aug/2021:08:58:26 +0200] "GET /login HTTP/1.1" 200 2085 "-" "Mozilla/5.0 (Windows NT 10.0; Win64; x64) AppleWebKit/537.36 (KHTML, like Gecko) Chrome/92.0.4515.159 Safari/537.36"
83.175.83.150 - - [24/Aug/2021:08:58:27 +0200] "GET /loadthumbnail.php?id=11127982 HTTP/1.1" 200 399614 "http://renault.activities.at/login" "Mozilla/5.0 (Windows NT 10.0; Win64; x64) AppleWebKit/537.36 (KHTML, like Gecko) Chrome/92.0.4515.159 Safari/537.36"
83.175.83.150 - - [24/Aug/2021:08:58:27 +0200] "GET /images/favicon.ico HTTP/1.1" 404 305 "http://renault.activities.at/login" "Mozilla/5.0 (Windows NT 10.0; Win64; x64) AppleWebKit/537.36 (KHTML, like Gecko) Chrome/92.0.4515.159 Safari/537.36"
83.175.83.150 - - [24/Aug/2021:08:58:32 +0200] "POST /login HTTP/1.1" 302 140 "http://renault.activities.at/login" "Mozilla/5.0 (Windows NT 10.0; Win64; x64) AppleWebKit/537.36 (KHTML, like Gecko) Chrome/92.0.4515.159 Safari/537.36"
83.175.83.150 - - [24/Aug/2021:08:58:34 +0200] "GET /account HTTP/1.1" 200 6651 "http://renault.activities.at/login" "Mozilla/5.0 (Windows NT 10.0; Win64; x64) AppleWebKit/537.36 (KHTML, like Gecko) Chrome/92.0.4515.159 Safari/537.36"
83.175.83.150 - - [24/Aug/2021:08:58:37 +0200] "GET /loadthumbnail.php?id=11967859&width=50&height=50 HTTP/1.1" 200 850 "http://renault.activities.at/account" "Mozilla/5.0 (Windows NT 10.0; Win64; x64) AppleWebKit/537.36 (KHTML, like Gecko) Chrome/92.0.4515.159 Safari/537.36"
138.21.12.30 - - [24/Aug/2021:08:58:56 +0200] "GET /reload?ser=1629788335866 HTTP/1.1" 200 28 "http://renault.2web.at/account" "Mozilla/5.0 (Windows NT 10.0; Win64; x64) AppleWebKit/537.36 (KHTML, like Gecko) Chrome/92.0.4515.159 Safari/537.36"
83.175.83.150 - - [24/Aug/2021:08:58:55 +0200] "GET /orders HTTP/1.1" 200 5591 "http://renault.activities.at/account" "Mozilla/5.0 (Windows NT 10.0; Win64; x64) AppleWebKit/537.36 (KHTML, like Gecko) Chrome/92.0.4515.159 Safari/537.36"
83.175.83.150 - - [24/Aug/2021:08:58:57 +0200] "GET /loadthumbnail.php?id=10203276 HTTP/1.1" 200 75 "http://renault.activities.at/orders" "Mozilla/5.0 (Windows NT 10.0; Win64; x64) AppleWebKit/537.36 (KHTML, like Gecko) Chrome/92.0.4515.159 Safari/537.36"
91.114.96.114 - - [24/Aug/2021:08:59:14 +0200] "GET /reload?ser=1629788352723 HTTP/1.1" 200 28 "http://renault.activities.at/10201442" "Mozilla/5.0 (Windows NT 10.0; WOW64) AppleWebKit/537.36 (KHTML, like Gecko) Chrome/92.0.4515.159 Safari/537.36"
83.175.83.150 - - [24/Aug/2021:08:59:22 +0200] "GET /10201442 HTTP/1.1" 200 8706 "http://renault.activities.at/orders" "Mozilla/5.0 (Windows NT 10.0; Win64; x64) AppleWebKit/537.36 (KHTML, like Gecko) Chrome/92.0.4515.159 Safari/537.36"
83.175.83.150 - - [24/Aug/2021:08:59:23 +0200] "GET /js/prototip.js HTTP/1.1" 200 4588 "http://renault.activities.at/10201442" "Mozilla/5.0 (Windows NT 10.0; Win64; x64) AppleWebKit/537.36 (KHTML, like Gecko) Chrome/92.0.4515.159 Safari/537.36"
83.175.83.150 - - [24/Aug/2021:08:59:23 +0200] "GET /images/loading.gif HTTP/1.1" 200 3208 "http://renault.activities.at/10201442" "Mozilla/5.0 (Windows NT 10.0; Win64; x64) AppleWebKit/537.36 (KHTML, like Gecko) Chrome/92.0.4515.159 Safari/537.36"
83.175.83.150 - - [24/Aug/2021:08:59:23 +0200] "GET /loadthumbnail.php?id=10203255 HTTP/1.1" 200 137 "http://renault.activities.at/10201442" "Mozilla/5.0 (Windows NT 10.0; Win64; x64) AppleWebKit/537.36 (KHTML, like Gecko) Chrome/92.0.4515.159 Safari/537.36"
83.175.83.150 - - [24/Aug/2021:08:59:23 +0200] "GET /loadthumbnail.php?id=12329773&width=113 HTTP/1.1" 200 6402 "http://renault.activities.at/10201442" "Mozilla/5.0 (Windows NT 10.0; Win64; x64) AppleWebKit/537.36 (KHTML, like Gecko) Chrome/92.0.4515.159 Safari/537.36"
83.175.83.150 - - [24/Aug/2021:08:59:23 +0200] "GET /loadthumbnail.php?id=12428347&width=113 HTTP/1.1" 200 5778 "http://renault.activities.at/10201442" "Mozilla/5.0 (Windows NT 10.0; Win64; x64) AppleWebKit/537.36 (KHTML, like Gecko) Chrome/92.0.4515.159 Safari/537.36"
83.175.83.150 - - [24/Aug/2021:08:59:23 +0200] "GET /loadthumbnail.php?id=12329777&width=113 HTTP/1.1" 200 5924 "http://renault.activities.at/10201442" "Mozilla/5.0 (Windows NT 10.0; Win64; x64) AppleWebKit/537.36 (KHTML, like Gecko) Chrome/92.0.4515.159 Safari/537.36"
83.175.83.150 - - [24/Aug/2021:08:59:23 +0200] "GET /loadthumbnail.php?id=12329380&width=113 HTTP/1.1" 200 6136 "http://renault.activities.at/10201442" "Mozilla/5.0 (Windows NT 10.0; Win64; x64) AppleWebKit/537.36 (KHTML, like Gecko) Chrome/92.0.4515.159 Safari/537.36"
83.175.83.150 - - [24/Aug/2021:08:59:23 +0200] "GET /loadthumbnail.php?id=12329769&width=113 HTTP/1.1" 200 6281 "http://renault.activities.at/10201442" "Mozilla/5.0 (Windows NT 10.0; Win64; x64) AppleWebKit/537.36 (KHTML, like Gecko) Chrome/92.0.4515.159 Safari/537.36"
83.175.83.150 - - [24/Aug/2021:08:59:23 +0200] "GET /images/vista-dn.gif HTTP/1.1" 200 128 "http://renault.activities.at/css/styles.css" "Mozilla/5.0 (Windows NT 10.0; Win64; x64) AppleWebKit/537.36 (KHTML, like Gecko) Chrome/92.0.4515.159 Safari/537.36"
83.175.83.150 - - [24/Aug/2021:08:59:23 +0200] "GET /images/vista-up.gif HTTP/1.1" 200 131 "http://renault.activities.at/css/styles.css" "Mozilla/5.0 (Windows NT 10.0; Win64; x64) AppleWebKit/537.36 (KHTML, like Gecko) Chrome/92.0.4515.159 Safari/537.36"
83.175.83.150 - - [24/Aug/2021:08:59:23 +0200] "GET /loadthumbnail.php?id=12428339&width=113 HTTP/1.1" 200 6161 "http://renault.activities.at/10201442" "Mozilla/5.0 (Windows NT 10.0; Win64; x64) AppleWebKit/537.36 (KHTML, like Gecko) Chrome/92.0.4515.159 Safari/537.36"
83.175.83.150 - - [24/Aug/2021:08:59:23 +0200] "GET /loadthumbnail.php?id=12329384&width=113 HTTP/1.1" 200 6523 "http://renault.activities.at/10201442" "Mozilla/5.0 (Windows NT 10.0; Win64; x64) AppleWebKit/537.36 (KHTML, like Gecko) Chrome/92.0.4515.159 Safari/537.36"
83.175.83.150 - - [24/Aug/2021:08:59:23 +0200] "GET /loadthumbnail.php?id=12428343&width=113 HTTP/1.1" 200 5906 "http://renault.activities.at/10201442" "Mozilla/5.0 (Windows NT 10.0; Win64; x64) AppleWebKit/537.36 (KHTML, like Gecko) Chrome/92.0.4515.159 Safari/537.36"
83.175.83.150 - - [24/Aug/2021:08:59:23 +0200] "GET /loadthumbnail.php?id=12329388&width=113 HTTP/1.1" 200 6391 "http://renault.activities.at/10201442" "Mozilla/5.0 (Windows NT 10.0; Win64; x64) AppleWebKit/537.36 (KHTML, like Gecko) Chrome/92.0.4515.159 Safari/537.36"
83.175.83.150 - - [24/Aug/2021:08:59:23 +0200] "GET /loadthumbnail.php?id=12329742&width=113 HTTP/1.1" 200 6011 "http://renault.activities.at/10201442" "Mozilla/5.0 (Windows NT 10.0; Win64; x64) AppleWebKit/537.36 (KHTML, like Gecko) Chrome/92.0.4515.159 Safari/537.36"
83.175.83.150 - - [24/Aug/2021:08:59:23 +0200] "GET /loadthumbnail.php?id=12428351&width=113 HTTP/1.1" 200 5484 "http://renault.activities.at/10201442" "Mozilla/5.0 (Windows NT 10.0; Win64; x64) AppleWebKit/537.36 (KHTML, like Gecko) Chrome/92.0.4515.159 Safari/537.36"
83.175.83.150 - - [24/Aug/2021:08:59:23 +0200] "GET /loadthumbnail.php?id=12329765&width=113 HTTP/1.1" 200 6417 "http://renault.activities.at/10201442" "Mozilla/5.0 (Windows NT 10.0; Win64; x64) AppleWebKit/537.36 (KHTML, like Gecko) Chrome/92.0.4515.159 Safari/537.36"
83.175.83.150 - - [24/Aug/2021:08:59:24 +0200] "GET /loadthumbnail.php?id=12428361&width=113 HTTP/1.1" 200 6467 "http://renault.activities.at/10201442" "Mozilla/5.0 (Windows NT 10.0; Win64; x64) AppleWebKit/537.36 (KHTML, like Gecko) Chrome/92.0.4515.159 Safari/537.36"
83.175.83.150 - - [24/Aug/2021:08:59:24 +0200] "GET /loadthumbnail.php?id=12428355&width=113 HTTP/1.1" 200 6350 "http://renault.activities.at/10201442" "Mozilla/5.0 (Windows NT 10.0; Win64; x64) AppleWebKit/537.36 (KHTML, like Gecko) Chrome/92.0.4515.159 Safari/537.36"
83.175.83.150 - - [24/Aug/2021:08:59:24 +0200] "GET /loadthumbnail.php?id=12329758&width=113 HTTP/1.1" 200 6291 "http://renault.activities.at/10201442" "Mozilla/5.0 (Windows NT 10.0; Win64; x64) AppleWebKit/537.36 (KHTML, like Gecko) Chrome/92.0.4515.159 Safari/537.36"
138.21.12.30 - - [24/Aug/2021:08:59:58 +0200] "GET /reload?ser=1629788397870 HTTP/1.1" 200 28 "http://renault.2web.at/account" "Mozilla/5.0 (Windows NT 10.0; Win64; x64) AppleWebKit/537.36 (KHTML, like Gecko) Chrome/92.0.4515.159 Safari/537.36"
83.175.83.150 - - [24/Aug/2021:09:00:05 +0200] "GET /10260250 HTTP/1.1" 200 9070 "http://renault.activities.at/10201442" "Mozilla/5.0 (Windows NT 10.0; Win64; x64) AppleWebKit/537.36 (KHTML, like Gecko) Chrome/92.0.4515.159 Safari/537.36"
83.175.83.150 - - [24/Aug/2021:09:00:07 +0200] "GET /loadthumbnail.php?id=12138224&width=113 HTTP/1.1" 200 3427 "http://renault.activities.at/10260250" "Mozilla/5.0 (Windows NT 10.0; Win64; x64) AppleWebKit/537.36 (KHTML, like Gecko) Chrome/92.0.4515.159 Safari/537.36"
83.175.83.150 - - [24/Aug/2021:09:00:07 +0200] "GET /loadthumbnail.php?id=12037190&width=113 HTTP/1.1" 200 19857 "http://renault.activities.at/10260250" "Mozilla/5.0 (Windows NT 10.0; Win64; x64) AppleWebKit/537.36 (KHTML, like Gecko) Chrome/92.0.4515.159 Safari/537.36"
83.175.83.150 - - [24/Aug/2021:09:00:07 +0200] "GET /loadthumbnail.php?id=11976076&width=113 HTTP/1.1" 200 17152 "http://renault.activities.at/10260250" "Mozilla/5.0 (Windows NT 10.0; Win64; x64) AppleWebKit/537.36 (KHTML, like Gecko) Chrome/92.0.4515.159 Safari/537.36"
83.175.83.150 - - [24/Aug/2021:09:00:07 +0200] "GET /loadthumbnail.php?id=12328871&width=113 HTTP/1.1" 200 3047 "http://renault.activities.at/10260250" "Mozilla/5.0 (Windows NT 10.0; Win64; x64) AppleWebKit/537.36 (KHTML, like Gecko) Chrome/92.0.4515.159 Safari/537.36"
83.175.83.150 - - [24/Aug/2021:09:00:07 +0200] "GET /loadthumbnail.php?id=12122446&width=113 HTTP/1.1" 200 3706 "http://renault.activities.at/10260250" "Mozilla/5.0 (Windows NT 10.0; Win64; x64) AppleWebKit/537.36 (KHTML, like Gecko) Chrome/92.0.4515.159 Safari/537.36"
83.175.83.150 - - [24/Aug/2021:09:00:07 +0200] "GET /loadthumbnail.php?id=12385971&width=113 HTTP/1.1" 200 3358 "http://renault.activities.at/10260250" "Mozilla/5.0 (Windows NT 10.0; Win64; x64) AppleWebKit/537.36 (KHTML, like Gecko) Chrome/92.0.4515.159 Safari/537.36"
83.175.83.150 - - [24/Aug/2021:09:00:07 +0200] "GET /loadthumbnail.php?id=12328160&width=113 HTTP/1.1" 200 2784 "http://renault.activities.at/10260250" "Mozilla/5.0 (Windows NT 10.0; Win64; x64) AppleWebKit/537.36 (KHTML, like Gecko) Chrome/92.0.4515.159 Safari/537.36"
83.175.83.150 - - [24/Aug/2021:09:00:07 +0200] "GET /loadthumbnail.php?id=12115542&width=113 HTTP/1.1" 200 6084 "http://renault.activities.at/10260250" "Mozilla/5.0 (Windows NT 10.0; Win64; x64) AppleWebKit/537.36 (KHTML, like Gecko) Chrome/92.0.4515.159 Safari/537.36"
83.175.83.150 - - [24/Aug/2021:09:00:07 +0200] "GET /loadthumbnail.php?id=12153811&width=113 HTTP/1.1" 200 2537 "http://renault.activities.at/10260250" "Mozilla/5.0 (Windows NT 10.0; Win64; x64) AppleWebKit/537.36 (KHTML, like Gecko) Chrome/92.0.4515.159 Safari/537.36"
83.175.83.150 - - [24/Aug/2021:09:00:07 +0200] "GET /loadthumbnail.php?id=12027671&width=113 HTTP/1.1" 200 19456 "http://renault.activities.at/10260250" "Mozilla/5.0 (Windows NT 10.0; Win64; x64) AppleWebKit/537.36 (KHTML, like Gecko) Chrome/92.0.4515.159 Safari/537.36"
83.175.83.150 - - [24/Aug/2021:09:00:07 +0200] "GET /loadthumbnail.php?id=11564187&width=113 HTTP/1.1" 200 22491 "http://renault.activities.at/10260250" "Mozilla/5.0 (Windows NT 10.0; Win64; x64) AppleWebKit/537.36 (KHTML, like Gecko) Chrome/92.0.4515.159 Safari/537.36"
83.175.83.150 - - [24/Aug/2021:09:00:07 +0200] "GET /loadthumbnail.php?id=11976092&width=113 HTTP/1.1" 200 22943 "http://renault.activities.at/10260250" "Mozilla/5.0 (Windows NT 10.0; Win64; x64) AppleWebKit/537.36 (KHTML, like Gecko) Chrome/92.0.4515.159 Safari/537.36"
83.175.83.150 - - [24/Aug/2021:09:00:07 +0200] "GET /loadthumbnail.php?id=12310521&width=113 HTTP/1.1" 200 3088 "http://renault.activities.at/10260250" "Mozilla/5.0 (Windows NT 10.0; Win64; x64) AppleWebKit/537.36 (KHTML, like Gecko) Chrome/92.0.4515.159 Safari/537.36"
83.175.83.150 - - [24/Aug/2021:09:00:07 +0200] "GET /loadthumbnail.php?id=12310511&width=113 HTTP/1.1" 200 2831 "http://renault.activities.at/10260250" "Mozilla/5.0 (Windows NT 10.0; Win64; x64) AppleWebKit/537.36 (KHTML, like Gecko) Chrome/92.0.4515.159 Safari/537.36"
83.175.83.150 - - [24/Aug/2021:09:00:07 +0200] "GET /loadthumbnail.php?id=11878139&width=113 HTTP/1.1" 200 19930 "http://renault.activities.at/10260250" "Mozilla/5.0 (Windows NT 10.0; Win64; x64) AppleWebKit/537.36 (KHTML, like Gecko) Chrome/92.0.4515.159 Safari/537.36"
91.114.96.114 - - [24/Aug/2021:09:00:16 +0200] "GET /reload?ser=1629788414734 HTTP/1.1" 200 28 "http://renault.activities.at/10201442" "Mozilla/5.0 (Windows NT 10.0; WOW64) AppleWebKit/537.36 (KHTML, like Gecko) Chrome/92.0.4515.159 Safari/537.36"
83.175.83.150 - - [24/Aug/2021:09:00:16 +0200] "GET /10260250?dir=DESC&mode=grid&order=name&limit=15&page=2 HTTP/1.1" 200 8997 "http://renault.activities.at/10260250" "Mozilla/5.0 (Windows NT 10.0; Win64; x64) AppleWebKit/537.36 (KHTML, like Gecko) Chrome/92.0.4515.159 Safari/537.36"
83.175.83.150 - - [24/Aug/2021:09:00:20 +0200] "GET /loadthumbnail.php?id=10203275 HTTP/1.1" 200 85 "http://renault.activities.at/10260250?dir=DESC&mode=grid&order=name&limit=15&page=2" "Mozilla/5.0 (Windows NT 10.0; Win64; x64) AppleWebKit/537.36 (KHTML, like Gecko) Chrome/92.0.4515.159 Safari/537.36"
83.175.83.150 - - [24/Aug/2021:09:00:20 +0200] "GET /loadthumbnail.php?id=12385967&width=113 HTTP/1.1" 200 3114 "http://renault.activities.at/10260250?dir=DESC&mode=grid&order=name&limit=15&page=2" "Mozilla/5.0 (Windows NT 10.0; Win64; x64) AppleWebKit/537.36 (KHTML, like Gecko) Chrome/92.0.4515.159 Safari/537.36"
83.175.83.150 - - [24/Aug/2021:09:00:20 +0200] "GET /loadthumbnail.php?id=12230337&width=113 HTTP/1.1" 200 2209 "http://renault.activities.at/10260250?dir=DESC&mode=grid&order=name&limit=15&page=2" "Mozilla/5.0 (Windows NT 10.0; Win64; x64) AppleWebKit/537.36 (KHTML, like Gecko) Chrome/92.0.4515.159 Safari/537.36"
83.175.83.150 - - [24/Aug/2021:09:00:20 +0200] "GET /loadthumbnail.php?id=12130660&width=113 HTTP/1.1" 200 9098 "http://renault.activities.at/10260250?dir=DESC&mode=grid&order=name&limit=15&page=2" "Mozilla/5.0 (Windows NT 10.0; Win64; x64) AppleWebKit/537.36 (KHTML, like Gecko) Chrome/92.0.4515.159 Safari/537.36"
83.175.83.150 - - [24/Aug/2021:09:00:20 +0200] "GET /loadthumbnail.php?id=12230318&width=113 HTTP/1.1" 200 2255 "http://renault.activities.at/10260250?dir=DESC&mode=grid&order=name&limit=15&page=2" "Mozilla/5.0 (Windows NT 10.0; Win64; x64) AppleWebKit/537.36 (KHTML, like Gecko) Chrome/92.0.4515.159 Safari/537.36"
83.175.83.150 - - [24/Aug/2021:09:00:20 +0200] "GET /loadthumbnail.php?id=12153814&width=113 HTTP/1.1" 200 3262 "http://renault.activities.at/10260250?dir=DESC&mode=grid&order=name&limit=15&page=2" "Mozilla/5.0 (Windows NT 10.0; Win64; x64) AppleWebKit/537.36 (KHTML, like Gecko) Chrome/92.0.4515.159 Safari/537.36"
83.175.83.150 - - [24/Aug/2021:09:00:20 +0200] "GET /loadthumbnail.php?id=12094749&width=113 HTTP/1.1" 200 15117 "http://renault.activities.at/10260250?dir=DESC&mode=grid&order=name&limit=15&page=2" "Mozilla/5.0 (Windows NT 10.0; Win64; x64) AppleWebKit/537.36 (KHTML, like Gecko) Chrome/92.0.4515.159 Safari/537.36"
83.175.83.150 - - [24/Aug/2021:09:00:20 +0200] "GET /loadthumbnail.php?id=12197903&width=113 HTTP/1.1" 200 30608 "http://renault.activities.at/10260250?dir=DESC&mode=grid&order=name&limit=15&page=2" "Mozilla/5.0 (Windows NT 10.0; Win64; x64) AppleWebKit/537.36 (KHTML, like Gecko) Chrome/92.0.4515.159 Safari/537.36"
83.175.83.150 - - [24/Aug/2021:09:00:20 +0200] "GET /loadthumbnail.php?id=12329376&width=113 HTTP/1.1" 200 4961 "http://renault.activities.at/10260250?dir=DESC&mode=grid&order=name&limit=15&page=2" "Mozilla/5.0 (Windows NT 10.0; Win64; x64) AppleWebKit/537.36 (KHTML, like Gecko) Chrome/92.0.4515.159 Safari/537.36"
83.175.83.150 - - [24/Aug/2021:09:00:20 +0200] "GET /loadthumbnail.php?id=12010091&width=113 HTTP/1.1" 200 18044 "http://renault.activities.at/10260250?dir=DESC&mode=grid&order=name&limit=15&page=2" "Mozilla/5.0 (Windows NT 10.0; Win64; x64) AppleWebKit/537.36 (KHTML, like Gecko) Chrome/92.0.4515.159 Safari/537.36"
83.175.83.150 - - [24/Aug/2021:09:00:20 +0200] "GET /loadthumbnail.php?id=11108158&width=113 HTTP/1.1" 200 1545 "http://renault.activities.at/10260250?dir=DESC&mode=grid&order=name&limit=15&page=2" "Mozilla/5.0 (Windows NT 10.0; Win64; x64) AppleWebKit/537.36 (KHTML, like Gecko) Chrome/92.0.4515.159 Safari/537.36"
83.175.83.150 - - [24/Aug/2021:09:00:20 +0200] "GET /loadthumbnail.php?id=11146700&width=113 HTTP/1.1" 200 1415 "http://renault.activities.at/10260250?dir=DESC&mode=grid&order=name&limit=15&page=2" "Mozilla/5.0 (Windows NT 10.0; Win64; x64) AppleWebKit/537.36 (KHTML, like Gecko) Chrome/92.0.4515.159 Safari/537.36"
83.175.83.150 - - [24/Aug/2021:09:00:21 +0200] "GET /loadthumbnail.php?id=12247019&width=113 HTTP/1.1" 200 3543 "http://renault.activities.at/10260250?dir=DESC&mode=grid&order=name&limit=15&page=2" "Mozilla/5.0 (Windows NT 10.0; Win64; x64) AppleWebKit/537.36 (KHTML, like Gecko) Chrome/92.0.4515.159 Safari/537.36"
83.175.83.150 - - [24/Aug/2021:09:00:21 +0200] "GET /loadthumbnail.php?id=11308855&width=113 HTTP/1.1" 200 4521 "http://renault.activities.at/10260250?dir=DESC&mode=grid&order=name&limit=15&page=2" "Mozilla/5.0 (Windows NT 10.0; Win64; x64) AppleWebKit/537.36 (KHTML, like Gecko) Chrome/92.0.4515.159 Safari/537.36"
83.175.83.150 - - [24/Aug/2021:09:00:21 +0200] "GET /loadthumbnail.php?id=11721290&width=113 HTTP/1.1" 200 1179 "http://renault.activities.at/10260250?dir=DESC&mode=grid&order=name&limit=15&page=2" "Mozilla/5.0 (Windows NT 10.0; Win64; x64) AppleWebKit/537.36 (KHTML, like Gecko) Chrome/92.0.4515.159 Safari/537.36"
83.175.83.150 - - [24/Aug/2021:09:00:21 +0200] "GET /loadthumbnail.php?id=12247032&width=113 HTTP/1.1" 200 5603 "http://renault.activities.at/10260250?dir=DESC&mode=grid&order=name&limit=15&page=2" "Mozilla/5.0 (Windows NT 10.0; Win64; x64) AppleWebKit/537.36 (KHTML, like Gecko) Chrome/92.0.4515.159 Safari/537.36"
83.175.83.150 - - [24/Aug/2021:09:00:21 +0200] "GET /10201633 HTTP/1.1" 200 9181 "http://renault.activities.at/10260250?dir=DESC&mode=grid&order=name&limit=15&page=2" "Mozilla/5.0 (Windows NT 10.0; Win64; x64) AppleWebKit/537.36 (KHTML, like Gecko) Chrome/92.0.4515.159 Safari/537.36"
83.175.83.150 - - [24/Aug/2021:09:00:25 +0200] "GET /loadthumbnail.php?id=12294747&width=113 HTTP/1.1" 200 20271 "http://renault.activities.at/10201633" "Mozilla/5.0 (Windows NT 10.0; Win64; x64) AppleWebKit/537.36 (KHTML, like Gecko) Chrome/92.0.4515.159 Safari/537.36"
83.175.83.150 - - [24/Aug/2021:09:00:25 +0200] "GET /loadthumbnail.php?id=11075492&width=113 HTTP/1.1" 200 2349 "http://renault.activities.at/10201633" "Mozilla/5.0 (Windows NT 10.0; Win64; x64) AppleWebKit/537.36 (KHTML, like Gecko) Chrome/92.0.4515.159 Safari/537.36"
83.175.83.150 - - [24/Aug/2021:09:00:25 +0200] "GET /loadthumbnail.php?id=12243596&width=113 HTTP/1.1" 200 2926 "http://renault.activities.at/10201633" "Mozilla/5.0 (Windows NT 10.0; Win64; x64) AppleWebKit/537.36 (KHTML, like Gecko) Chrome/92.0.4515.159 Safari/537.36"
83.175.83.150 - - [24/Aug/2021:09:00:25 +0200] "GET /loadthumbnail.php?id=10460287&width=113 HTTP/1.1" 200 2135 "http://renault.activities.at/10201633" "Mozilla/5.0 (Windows NT 10.0; Win64; x64) AppleWebKit/537.36 (KHTML, like Gecko) Chrome/92.0.4515.159 Safari/537.36"
83.175.83.150 - - [24/Aug/2021:09:00:25 +0200] "GET /loadthumbnail.php?id=11194750&width=113 HTTP/1.1" 200 2347 "http://renault.activities.at/10201633" "Mozilla/5.0 (Windows NT 10.0; Win64; x64) AppleWebKit/537.36 (KHTML, like Gecko) Chrome/92.0.4515.159 Safari/537.36"
83.175.83.150 - - [24/Aug/2021:09:00:25 +0200] "GET /loadthumbnail.php?id=12412602&width=113 HTTP/1.1" 200 5009 "http://renault.activities.at/10201633" "Mozilla/5.0 (Windows NT 10.0; Win64; x64) AppleWebKit/537.36 (KHTML, like Gecko) Chrome/92.0.4515.159 Safari/537.36"
83.175.83.150 - - [24/Aug/2021:09:00:25 +0200] "GET /loadthumbnail.php?id=12243604&width=113 HTTP/1.1" 200 3094 "http://renault.activities.at/10201633" "Mozilla/5.0 (Windows NT 10.0; Win64; x64) AppleWebKit/537.36 (KHTML, like Gecko) Chrome/92.0.4515.159 Safari/537.36"
83.175.83.150 - - [24/Aug/2021:09:00:25 +0200] "GET /loadthumbnail.php?id=12243600&width=113 HTTP/1.1" 200 3157 "http://renault.activities.at/10201633" "Mozilla/5.0 (Windows NT 10.0; Win64; x64) AppleWebKit/537.36 (KHTML, like Gecko) Chrome/92.0.4515.159 Safari/537.36"
83.175.83.150 - - [24/Aug/2021:09:00:25 +0200] "GET /loadthumbnail.php?id=10260190&width=113 HTTP/1.1" 200 4509 "http://renault.activities.at/10201633" "Mozilla/5.0 (Windows NT 10.0; Win64; x64) AppleWebKit/537.36 (KHTML, like Gecko) Chrome/92.0.4515.159 Safari/537.36"
83.175.83.150 - - [24/Aug/2021:09:00:44 +0200] "GET /css/themes/alphacube/top_mid.gif HTTP/1.1" 200 833 "http://renault.activities.at/css/themes/alphacube.css" "Mozilla/5.0 (Windows NT 10.0; Win64; x64) AppleWebKit/537.36 (KHTML, like Gecko) Chrome/92.0.4515.159 Safari/537.36"
83.175.83.150 - - [24/Aug/2021:09:00:44 +0200] "GET /css/themes/alphacube/frame_right.gif HTTP/1.1" 200 64 "http://renault.activities.at/css/themes/alphacube.css" "Mozilla/5.0 (Windows NT 10.0; Win64; x64) AppleWebKit/537.36 (KHTML, like Gecko) Chrome/92.0.4515.159 Safari/537.36"
83.175.83.150 - - [24/Aug/2021:09:00:44 +0200] "GET /css/themes/alphacube/frame_left.gif HTTP/1.1" 200 64 "http://renault.activities.at/css/themes/alphacube.css" "Mozilla/5.0 (Windows NT 10.0; Win64; x64) AppleWebKit/537.36 (KHTML, like Gecko) Chrome/92.0.4515.159 Safari/537.36"
83.175.83.150 - - [24/Aug/2021:09:00:44 +0200] "GET /css/themes/alphacube/bottom_middle.gif HTTP/1.1" 200 44 "http://renault.activities.at/css/themes/alphacube.css" "Mozilla/5.0 (Windows NT 10.0; Win64; x64) AppleWebKit/537.36 (KHTML, like Gecko) Chrome/92.0.4515.159 Safari/537.36"
83.175.83.150 - - [24/Aug/2021:09:00:44 +0200] "GET /css/themes/alphacube/bottom_right-c.gif HTTP/1.1" 200 62 "http://renault.activities.at/css/themes/alphacube.css" "Mozilla/5.0 (Windows NT 10.0; Win64; x64) AppleWebKit/537.36 (KHTML, like Gecko) Chrome/92.0.4515.159 Safari/537.36"
83.175.83.150 - - [24/Aug/2021:09:00:44 +0200] "GET /css/themes/alphacube/bottom_left-c.gif HTTP/1.1" 200 62 "http://renault.activities.at/css/themes/alphacube.css" "Mozilla/5.0 (Windows NT 10.0; Win64; x64) AppleWebKit/537.36 (KHTML, like Gecko) Chrome/92.0.4515.159 Safari/537.36"
83.175.83.150 - - [24/Aug/2021:09:00:44 +0200] "GET /css/themes/alphacube/button-close-focus.gif HTTP/1.1" 200 699 "http://renault.activities.at/css/themes/alphacube.css" "Mozilla/5.0 (Windows NT 10.0; Win64; x64) AppleWebKit/537.36 (KHTML, like Gecko) Chrome/92.0.4515.159 Safari/537.36"
83.175.83.150 - - [24/Aug/2021:09:00:44 +0200] "GET /css/themes/alphacube/top_left.gif HTTP/1.1" 200 973 "http://renault.activities.at/css/themes/alphacube.css" "Mozilla/5.0 (Windows NT 10.0; Win64; x64) AppleWebKit/537.36 (KHTML, like Gecko) Chrome/92.0.4515.159 Safari/537.36"
83.175.83.150 - - [24/Aug/2021:09:00:44 +0200] "GET /css/themes/alphacube/top_right.gif HTTP/1.1" 200 972 "http://renault.activities.at/css/themes/alphacube.css" "Mozilla/5.0 (Windows NT 10.0; Win64; x64) AppleWebKit/537.36 (KHTML, like Gecko) Chrome/92.0.4515.159 Safari/537.36"
83.175.83.150 - - [24/Aug/2021:09:00:44 +0200] "GET /11059213?print=true HTTP/1.1" 200 2695 "http://renault.activities.at/10201633" "Mozilla/5.0 (Windows NT 10.0; Win64; x64) AppleWebKit/537.36 (KHTML, like Gecko) Chrome/92.0.4515.159 Safari/537.36"
83.175.83.150 - - [24/Aug/2021:09:00:49 +0200] "GET /js/magiczoom/magiczoom.css HTTP/1.1" 200 1210 "http://renault.activities.at/11059213?print=true" "Mozilla/5.0 (Windows NT 10.0; Win64; x64) AppleWebKit/537.36 (KHTML, like Gecko) Chrome/92.0.4515.159 Safari/537.36"
83.175.83.150 - - [24/Aug/2021:09:00:49 +0200] "GET /js/Produkt.js HTTP/1.1" 200 852 "http://renault.activities.at/11059213?print=true" "Mozilla/5.0 (Windows NT 10.0; Win64; x64) AppleWebKit/537.36 (KHTML, like Gecko) Chrome/92.0.4515.159 Safari/537.36"
83.175.83.150 - - [24/Aug/2021:09:00:49 +0200] "GET /js/magiczoom/magiczoom.js HTTP/1.1" 200 26397 "http://renault.activities.at/11059213?print=true" "Mozilla/5.0 (Windows NT 10.0; Win64; x64) AppleWebKit/537.36 (KHTML, like Gecko) Chrome/92.0.4515.159 Safari/537.36"
83.175.83.150 - - [24/Aug/2021:09:00:49 +0200] "GET /loadthumbnail.php?id=11075492&width=250 HTTP/1.1" 200 6730 "http://renault.activities.at/11059213?print=true" "Mozilla/5.0 (Windows NT 10.0; Win64; x64) AppleWebKit/537.36 (KHTML, like Gecko) Chrome/92.0.4515.159 Safari/537.36"
83.175.83.150 - - [24/Aug/2021:09:00:50 +0200] "GET /loadthumbnail.php?id=11075492&width=900&height=900 HTTP/1.1" 200 45728 "http://renault.activities.at/11059213?print=true" "Mozilla/5.0 (Windows NT 10.0; Win64; x64) AppleWebKit/537.36 (KHTML, like Gecko) Chrome/92.0.4515.159 Safari/537.36"
83.175.83.150 - - [24/Aug/2021:09:00:50 +0200] "GET /js/magiczoom/graphics/hint.gif HTTP/1.1" 200 73 "http://renault.activities.at/js/magiczoom/magiczoom.css" "Mozilla/5.0 (Windows NT 10.0; Win64; x64) AppleWebKit/537.36 (KHTML, like Gecko) Chrome/92.0.4515.159 Safari/537.36"
138.21.12.30 - - [24/Aug/2021:09:01:00 +0200] "GET /reload?ser=1629788460317 HTTP/1.1" 200 28 "http://renault.2web.at/account" "Mozilla/5.0 (Windows NT 10.0; Win64; x64) AppleWebKit/537.36 (KHTML, like Gecko) Chrome/92.0.4515.159 Safari/537.36"
91.114.96.114 - - [24/Aug/2021:09:01:18 +0200] "GET /reload?ser=1629788476731 HTTP/1.1" 200 28 "http://renault.activities.at/10201442" "Mozilla/5.0 (Windows NT 10.0; WOW64) AppleWebKit/537.36 (KHTML, like Gecko) Chrome/92.0.4515.159 Safari/537.36"
83.175.83.150 - - [24/Aug/2021:09:01:26 +0200] "GET /reload?ser=1629788485973 HTTP/1.1" 200 28 "http://renault.activities.at/10201633" "Mozilla/5.0 (Windows NT 10.0; Win64; x64) AppleWebKit/537.36 (KHTML, like Gecko) Chrome/92.0.4515.159 Safari/537.36"
83.175.83.150 - - [24/Aug/2021:09:01:42 +0200] "POST /11059213?print=true HTTP/1.1" 200 2805 "http://renault.activities.at/11059213?print=true" "Mozilla/5.0 (Windows NT 10.0; Win64; x64) AppleWebKit/537.36 (KHTML, like Gecko) Chrome/92.0.4515.159 Safari/537.36"
83.175.83.150 - - [24/Aug/2021:09:01:45 +0200] "GET /images/success_msg_icon.gif HTTP/1.1" 200 1024 "http://renault.activities.at/css/styles.css" "Mozilla/5.0 (Windows NT 10.0; Win64; x64) AppleWebKit/537.36 (KHTML, like Gecko) Chrome/92.0.4515.159 Safari/537.36"
83.175.83.150 - - [24/Aug/2021:09:01:53 +0200] "GET /10201633?dir=DESC&mode=grid&order=name&limit=15&page=2 HTTP/1.1" 200 9212 "http://renault.activities.at/10201633" "Mozilla/5.0 (Windows NT 10.0; Win64; x64) AppleWebKit/537.36 (KHTML, like Gecko) Chrome/92.0.4515.159 Safari/537.36"
83.175.83.150 - - [24/Aug/2021:09:01:57 +0200] "GET /loadthumbnail.php?id=11730239&width=113 HTTP/1.1" 200 4665 "http://renault.activities.at/10201633?dir=DESC&mode=grid&order=name&limit=15&page=2" "Mozilla/5.0 (Windows NT 10.0; Win64; x64) AppleWebKit/537.36 (KHTML, like Gecko) Chrome/92.0.4515.159 Safari/537.36"
83.175.83.150 - - [24/Aug/2021:09:01:57 +0200] "GET /loadthumbnail.php?id=12244847&width=113 HTTP/1.1" 200 5903 "http://renault.activities.at/10201633?dir=DESC&mode=grid&order=name&limit=15&page=2" "Mozilla/5.0 (Windows NT 10.0; Win64; x64) AppleWebKit/537.36 (KHTML, like Gecko) Chrome/92.0.4515.159 Safari/537.36"
83.175.83.150 - - [24/Aug/2021:09:01:57 +0200] "GET /loadthumbnail.php?id=12244864&width=113 HTTP/1.1" 200 11050 "http://renault.activities.at/10201633?dir=DESC&mode=grid&order=name&limit=15&page=2" "Mozilla/5.0 (Windows NT 10.0; Win64; x64) AppleWebKit/537.36 (KHTML, like Gecko) Chrome/92.0.4515.159 Safari/537.36"
83.175.83.150 - - [24/Aug/2021:09:01:57 +0200] "GET /loadthumbnail.php?id=12244843&width=113 HTTP/1.1" 200 6390 "http://renault.activities.at/10201633?dir=DESC&mode=grid&order=name&limit=15&page=2" "Mozilla/5.0 (Windows NT 10.0; Win64; x64) AppleWebKit/537.36 (KHTML, like Gecko) Chrome/92.0.4515.159 Safari/537.36"
83.175.83.150 - - [24/Aug/2021:09:01:57 +0200] "GET /loadthumbnail.php?id=12244856&width=113 HTTP/1.1" 200 5659 "http://renault.activities.at/10201633?dir=DESC&mode=grid&order=name&limit=15&page=2" "Mozilla/5.0 (Windows NT 10.0; Win64; x64) AppleWebKit/537.36 (KHTML, like Gecko) Chrome/92.0.4515.159 Safari/537.36"
83.175.83.150 - - [24/Aug/2021:09:01:57 +0200] "GET /loadthumbnail.php?id=12294743&width=113 HTTP/1.1" 200 2695 "http://renault.activities.at/10201633?dir=DESC&mode=grid&order=name&limit=15&page=2" "Mozilla/5.0 (Windows NT 10.0; Win64; x64) AppleWebKit/537.36 (KHTML, like Gecko) Chrome/92.0.4515.159 Safari/537.36"
83.175.83.150 - - [24/Aug/2021:09:01:57 +0200] "GET /loadthumbnail.php?id=12244839&width=113 HTTP/1.1" 200 21692 "http://renault.activities.at/10201633?dir=DESC&mode=grid&order=name&limit=15&page=2" "Mozilla/5.0 (Windows NT 10.0; Win64; x64) AppleWebKit/537.36 (KHTML, like Gecko) Chrome/92.0.4515.159 Safari/537.36"
83.175.83.150 - - [24/Aug/2021:09:01:57 +0200] "GET /loadthumbnail.php?id=10745359&width=113 HTTP/1.1" 200 4202 "http://renault.activities.at/10201633?dir=DESC&mode=grid&order=name&limit=15&page=2" "Mozilla/5.0 (Windows NT 10.0; Win64; x64) AppleWebKit/537.36 (KHTML, like Gecko) Chrome/92.0.4515.159 Safari/537.36"
83.175.83.150 - - [24/Aug/2021:09:01:57 +0200] "GET /loadthumbnail.php?id=12244860&width=113 HTTP/1.1" 200 18982 "http://renault.activities.at/10201633?dir=DESC&mode=grid&order=name&limit=15&page=2" "Mozilla/5.0 (Windows NT 10.0; Win64; x64) AppleWebKit/537.36 (KHTML, like Gecko) Chrome/92.0.4515.159 Safari/537.36"
83.175.83.150 - - [24/Aug/2021:09:01:57 +0200] "GET /loadthumbnail.php?id=12255478&width=113 HTTP/1.1" 200 19353 "http://renault.activities.at/10201633?dir=DESC&mode=grid&order=name&limit=15&page=2" "Mozilla/5.0 (Windows NT 10.0; Win64; x64) AppleWebKit/537.36 (KHTML, like Gecko) Chrome/92.0.4515.159 Safari/537.36"
83.175.83.150 - - [24/Aug/2021:09:01:57 +0200] "GET /loadthumbnail.php?id=11304834&width=113 HTTP/1.1" 200 1055 "http://renault.activities.at/10201633?dir=DESC&mode=grid&order=name&limit=15&page=2" "Mozilla/5.0 (Windows NT 10.0; Win64; x64) AppleWebKit/537.36 (KHTML, like Gecko) Chrome/92.0.4515.159 Safari/537.36"
83.175.83.150 - - [24/Aug/2021:09:01:57 +0200] "GET /loadthumbnail.php?id=12137758&width=113 HTTP/1.1" 200 36121 "http://renault.activities.at/10201633?dir=DESC&mode=grid&order=name&limit=15&page=2" "Mozilla/5.0 (Windows NT 10.0; Win64; x64) AppleWebKit/537.36 (KHTML, like Gecko) Chrome/92.0.4515.159 Safari/537.36"
83.175.83.150 - - [24/Aug/2021:09:01:57 +0200] "GET /loadthumbnail.php?id=12388135&width=113 HTTP/1.1" 200 1381 "http://renault.activities.at/10201633?dir=DESC&mode=grid&order=name&limit=15&page=2" "Mozilla/5.0 (Windows NT 10.0; Win64; x64) AppleWebKit/537.36 (KHTML, like Gecko) Chrome/92.0.4515.159 Safari/537.36"
83.175.83.150 - - [24/Aug/2021:09:01:57 +0200] "GET /loadthumbnail.php?id=12230577&width=113 HTTP/1.1" 200 1374 "http://renault.activities.at/10201633?dir=DESC&mode=grid&order=name&limit=15&page=2" "Mozilla/5.0 (Windows NT 10.0; Win64; x64) AppleWebKit/537.36 (KHTML, like Gecko) Chrome/92.0.4515.159 Safari/537.36"
83.175.83.150 - - [24/Aug/2021:09:01:57 +0200] "GET /loadthumbnail.php?id=12388134&width=113 HTTP/1.1" 200 1524 "http://renault.activities.at/10201633?dir=DESC&mode=grid&order=name&limit=15&page=2" "Mozilla/5.0 (Windows NT 10.0; Win64; x64) AppleWebKit/537.36 (KHTML, like Gecko) Chrome/92.0.4515.159 Safari/537.36"
138.21.12.30 - - [24/Aug/2021:09:02:02 +0200] "GET /reload?ser=1629788521880 HTTP/1.1" 200 28 "http://renault.2web.at/account" "Mozilla/5.0 (Windows NT 10.0; Win64; x64) AppleWebKit/537.36 (KHTML, like Gecko) Chrome/92.0.4515.159 Safari/537.36"
83.175.83.150 - - [24/Aug/2021:09:02:03 +0200] "GET /10201633?dir=DESC&mode=grid&order=name&limit=15&page=3 HTTP/1.1" 200 9227 "http://renault.activities.at/10201633?dir=DESC&mode=grid&order=name&limit=15&page=2" "Mozilla/5.0 (Windows NT 10.0; Win64; x64) AppleWebKit/537.36 (KHTML, like Gecko) Chrome/92.0.4515.159 Safari/537.36"
83.175.83.150 - - [24/Aug/2021:09:02:06 +0200] "GET /loadthumbnail.php?id=11776453&width=113 HTTP/1.1" 200 1248 "http://renault.activities.at/10201633?dir=DESC&mode=grid&order=name&limit=15&page=3" "Mozilla/5.0 (Windows NT 10.0; Win64; x64) AppleWebKit/537.36 (KHTML, like Gecko) Chrome/92.0.4515.159 Safari/537.36"
83.175.83.150 - - [24/Aug/2021:09:02:06 +0200] "GET /loadthumbnail.php?id=11730248&width=113 HTTP/1.1" 200 4910 "http://renault.activities.at/10201633?dir=DESC&mode=grid&order=name&limit=15&page=3" "Mozilla/5.0 (Windows NT 10.0; Win64; x64) AppleWebKit/537.36 (KHTML, like Gecko) Chrome/92.0.4515.159 Safari/537.36"
83.175.83.150 - - [24/Aug/2021:09:02:06 +0200] "GET /loadthumbnail.php?id=12348146&width=113 HTTP/1.1" 200 38739 "http://renault.activities.at/10201633?dir=DESC&mode=grid&order=name&limit=15&page=3" "Mozilla/5.0 (Windows NT 10.0; Win64; x64) AppleWebKit/537.36 (KHTML, like Gecko) Chrome/92.0.4515.159 Safari/537.36"
83.175.83.150 - - [24/Aug/2021:09:02:06 +0200] "GET /loadthumbnail.php?id=12297782&width=113 HTTP/1.1" 200 32707 "http://renault.activities.at/10201633?dir=DESC&mode=grid&order=name&limit=15&page=3" "Mozilla/5.0 (Windows NT 10.0; Win64; x64) AppleWebKit/537.36 (KHTML, like Gecko) Chrome/92.0.4515.159 Safari/537.36"
83.175.83.150 - - [24/Aug/2021:09:02:06 +0200] "GET /loadthumbnail.php?id=11538169&width=113 HTTP/1.1" 200 20088 "http://renault.activities.at/10201633?dir=DESC&mode=grid&order=name&limit=15&page=3" "Mozilla/5.0 (Windows NT 10.0; Win64; x64) AppleWebKit/537.36 (KHTML, like Gecko) Chrome/92.0.4515.159 Safari/537.36"
83.175.83.150 - - [24/Aug/2021:09:02:06 +0200] "GET /loadthumbnail.php?id=11877752&width=113 HTTP/1.1" 200 41752 "http://renault.activities.at/10201633?dir=DESC&mode=grid&order=name&limit=15&page=3" "Mozilla/5.0 (Windows NT 10.0; Win64; x64) AppleWebKit/537.36 (KHTML, like Gecko) Chrome/92.0.4515.159 Safari/537.36"
83.175.83.150 - - [24/Aug/2021:09:02:06 +0200] "GET /loadthumbnail.php?id=12140010&width=113 HTTP/1.1" 200 28414 "http://renault.activities.at/10201633?dir=DESC&mode=grid&order=name&limit=15&page=3" "Mozilla/5.0 (Windows NT 10.0; Win64; x64) AppleWebKit/537.36 (KHTML, like Gecko) Chrome/92.0.4515.159 Safari/537.36"
83.175.83.150 - - [24/Aug/2021:09:02:06 +0200] "GET /loadthumbnail.php?id=11319988&width=113 HTTP/1.1" 200 44228 "http://renault.activities.at/10201633?dir=DESC&mode=grid&order=name&limit=15&page=3" "Mozilla/5.0 (Windows NT 10.0; Win64; x64) AppleWebKit/537.36 (KHTML, like Gecko) Chrome/92.0.4515.159 Safari/537.36"
83.175.83.150 - - [24/Aug/2021:09:02:07 +0200] "GET /loadthumbnail.php?id=12139710&width=113 HTTP/1.1" 200 34483 "http://renault.activities.at/10201633?dir=DESC&mode=grid&order=name&limit=15&page=3" "Mozilla/5.0 (Windows NT 10.0; Win64; x64) AppleWebKit/537.36 (KHTML, like Gecko) Chrome/92.0.4515.159 Safari/537.36"
83.175.83.150 - - [24/Aug/2021:09:02:06 +0200] "GET /loadthumbnail.php?id=12230773&width=113 HTTP/1.1" 200 39654 "http://renault.activities.at/10201633?dir=DESC&mode=grid&order=name&limit=15&page=3" "Mozilla/5.0 (Windows NT 10.0; Win64; x64) AppleWebKit/537.36 (KHTML, like Gecko) Chrome/92.0.4515.159 Safari/537.36"
83.175.83.150 - - [24/Aug/2021:09:02:07 +0200] "GET /loadthumbnail.php?id=11319983&width=113 HTTP/1.1" 200 38992 "http://renault.activities.at/10201633?dir=DESC&mode=grid&order=name&limit=15&page=3" "Mozilla/5.0 (Windows NT 10.0; Win64; x64) AppleWebKit/537.36 (KHTML, like Gecko) Chrome/92.0.4515.159 Safari/537.36"
83.175.83.150 - - [24/Aug/2021:09:02:07 +0200] "GET /loadthumbnail.php?id=11715013&width=113 HTTP/1.1" 200 33856 "http://renault.activities.at/10201633?dir=DESC&mode=grid&order=name&limit=15&page=3" "Mozilla/5.0 (Windows NT 10.0; Win64; x64) AppleWebKit/537.36 (KHTML, like Gecko) Chrome/92.0.4515.159 Safari/537.36"
83.175.83.150 - - [24/Aug/2021:09:02:07 +0200] "GET /loadthumbnail.php?id=11877757&width=113 HTTP/1.1" 200 32396 "http://renault.activities.at/10201633?dir=DESC&mode=grid&order=name&limit=15&page=3" "Mozilla/5.0 (Windows NT 10.0; Win64; x64) AppleWebKit/537.36 (KHTML, like Gecko) Chrome/92.0.4515.159 Safari/537.36"
83.175.83.150 - - [24/Aug/2021:09:02:07 +0200] "GET /loadthumbnail.php?id=12017023&width=113 HTTP/1.1" 200 34650 "http://renault.activities.at/10201633?dir=DESC&mode=grid&order=name&limit=15&page=3" "Mozilla/5.0 (Windows NT 10.0; Win64; x64) AppleWebKit/537.36 (KHTML, like Gecko) Chrome/92.0.4515.159 Safari/537.36"
83.175.83.150 - - [24/Aug/2021:09:02:07 +0200] "GET /loadthumbnail.php?id=11342067&width=113 HTTP/1.1" 200 21913 "http://renault.activities.at/10201633?dir=DESC&mode=grid&order=name&limit=15&page=3" "Mozilla/5.0 (Windows NT 10.0; Win64; x64) AppleWebKit/537.36 (KHTML, like Gecko) Chrome/92.0.4515.159 Safari/537.36"
83.175.83.150 - - [24/Aug/2021:09:02:14 +0200] "GET /result?searchterm=true&search=serviceheft HTTP/1.1" 200 6348 "http://renault.activities.at/10201633?dir=DESC&mode=grid&order=name&limit=15&page=3" "Mozilla/5.0 (Windows NT 10.0; Win64; x64) AppleWebKit/537.36 (KHTML, like Gecko) Chrome/92.0.4515.159 Safari/537.36"
83.175.83.150 - - [24/Aug/2021:09:02:14 +0200] "POST /axjaxrequest?mode=suggest HTTP/1.1" 200 148 "http://renault.activities.at/10201633?dir=DESC&mode=grid&order=name&limit=15&page=3" "Mozilla/5.0 (Windows NT 10.0; Win64; x64) AppleWebKit/537.36 (KHTML, like Gecko) Chrome/92.0.4515.159 Safari/537.36"
91.114.96.114 - - [24/Aug/2021:09:02:20 +0200] "GET /reload?ser=1629788538731 HTTP/1.1" 200 28 "http://renault.activities.at/10201442" "Mozilla/5.0 (Windows NT 10.0; WOW64) AppleWebKit/537.36 (KHTML, like Gecko) Chrome/92.0.4515.159 Safari/537.36"
83.175.83.150 - - [24/Aug/2021:09:02:27 +0200] "POST /axjaxrequest?mode=suggest HTTP/1.1" 200 21 "http://renault.activities.at/result?searchterm=true&search=serviceheft" "Mozilla/5.0 (Windows NT 10.0; Win64; x64) AppleWebKit/537.36 (KHTML, like Gecko) Chrome/92.0.4515.159 Safari/537.36"
83.175.83.150 - - [24/Aug/2021:09:02:28 +0200] "GET /result?searchterm=true&search=renault+garantie HTTP/1.1" 200 6681 "http://renault.activities.at/result?searchterm=true&search=serviceheft" "Mozilla/5.0 (Windows NT 10.0; Win64; x64) AppleWebKit/537.36 (KHTML, like Gecko) Chrome/92.0.4515.159 Safari/537.36"
83.175.83.150 - - [24/Aug/2021:09:02:31 +0200] "GET /loadthumbnail.php?id=11017812&width=113 HTTP/1.1" 200 2559 "http://renault.activities.at/result?searchterm=true&search=renault+garantie" "Mozilla/5.0 (Windows NT 10.0; Win64; x64) AppleWebKit/537.36 (KHTML, like Gecko) Chrome/92.0.4515.159 Safari/537.36"
83.175.83.150 - - [24/Aug/2021:09:02:31 +0200] "GET /loadthumbnail.php?id=12363384&width=113 HTTP/1.1" 200 20801 "http://renault.activities.at/result?searchterm=true&search=renault+garantie" "Mozilla/5.0 (Windows NT 10.0; Win64; x64) AppleWebKit/537.36 (KHTML, like Gecko) Chrome/92.0.4515.159 Safari/537.36"
83.175.83.150 - - [24/Aug/2021:09:02:31 +0200] "GET /loadthumbnail.php?id=11017811&width=113 HTTP/1.1" 200 2559 "http://renault.activities.at/result?searchterm=true&search=renault+garantie" "Mozilla/5.0 (Windows NT 10.0; Win64; x64) AppleWebKit/537.36 (KHTML, like Gecko) Chrome/92.0.4515.159 Safari/537.36"
83.175.83.150 - - [24/Aug/2021:09:02:29 +0200] "POST /axjaxrequest?mode=suggest HTTP/1.1" 200 21 "http://renault.activities.at/result?searchterm=true&search=serviceheft" "Mozilla/5.0 (Windows NT 10.0; Win64; x64) AppleWebKit/537.36 (KHTML, like Gecko) Chrome/92.0.4515.159 Safari/537.36"
83.175.83.150 - - [24/Aug/2021:09:02:50 +0200] "GET /12094747?print=true HTTP/1.1" 200 2692 "http://renault.activities.at/result?searchterm=true&search=renault+garantie" "Mozilla/5.0 (Windows NT 10.0; Win64; x64) AppleWebKit/537.36 (KHTML, like Gecko) Chrome/92.0.4515.159 Safari/537.36"
83.175.83.150 - - [24/Aug/2021:09:02:54 +0200] "GET /loadthumbnail.php?id=12094749&width=250 HTTP/1.1" 200 63086 "http://renault.activities.at/12094747?print=true" "Mozilla/5.0 (Windows NT 10.0; Win64; x64) AppleWebKit/537.36 (KHTML, like Gecko) Chrome/92.0.4515.159 Safari/537.36"
83.175.83.150 - - [24/Aug/2021:09:02:54 +0200] "GET /loadthumbnail.php?id=12094749&width=900&height=900 HTTP/1.1" 200 664122 "http://renault.activities.at/12094747?print=true" "Mozilla/5.0 (Windows NT 10.0; Win64; x64) AppleWebKit/537.36 (KHTML, like Gecko) Chrome/92.0.4515.159 Safari/537.36"
138.21.12.30 - - [24/Aug/2021:09:03:04 +0200] "GET /reload?ser=1629788583885 HTTP/1.1" 200 28 "http://renault.2web.at/account" "Mozilla/5.0 (Windows NT 10.0; Win64; x64) AppleWebKit/537.36 (KHTML, like Gecko) Chrome/92.0.4515.159 Safari/537.36"
91.114.96.114 - - [24/Aug/2021:09:03:24 +0200] "GET /reload?ser=1629788602722 HTTP/1.1" 200 28 "http://renault.activities.at/10201442" "Mozilla/5.0 (Windows NT 10.0; WOW64) AppleWebKit/537.36 (KHTML, like Gecko) Chrome/92.0.4515.159 Safari/537.36"
83.175.83.150 - - [24/Aug/2021:09:03:31 +0200] "POST /12094747?print=true HTTP/1.1" 200 2801 "http://renault.activities.at/12094747?print=true" "Mozilla/5.0 (Windows NT 10.0; Win64; x64) AppleWebKit/537.36 (KHTML, like Gecko) Chrome/92.0.4515.159 Safari/537.36"
83.175.83.150 - - [24/Aug/2021:09:03:31 +0200] "GET /reload?ser=1629788611250 HTTP/1.1" 200 28 "http://renault.activities.at/result?searchterm=true&search=renault+garantie" "Mozilla/5.0 (Windows NT 10.0; Win64; x64) AppleWebKit/537.36 (KHTML, like Gecko) Chrome/92.0.4515.159 Safari/537.36"
83.175.83.150 - - [24/Aug/2021:09:03:43 +0200] "GET /11059213?print=true HTTP/1.1" 200 2695 "http://renault.activities.at/result?searchterm=true&search=renault+garantie" "Mozilla/5.0 (Windows NT 10.0; Win64; x64) AppleWebKit/537.36 (KHTML, like Gecko) Chrome/92.0.4515.159 Safari/537.36"
83.175.83.150 - - [24/Aug/2021:09:04:02 +0200] "GET /cart HTTP/1.1" 200 5348 "http://renault.activities.at/result?searchterm=true&search=renault+garantie" "Mozilla/5.0 (Windows NT 10.0; Win64; x64) AppleWebKit/537.36 (KHTML, like Gecko) Chrome/92.0.4515.159 Safari/537.36"
83.175.83.150 - - [24/Aug/2021:09:04:05 +0200] "GET /loadthumbnail.php?id=11075492&width=100 HTTP/1.1" 200 2117 "http://renault.activities.at/cart" "Mozilla/5.0 (Windows NT 10.0; Win64; x64) AppleWebKit/537.36 (KHTML, like Gecko) Chrome/92.0.4515.159 Safari/537.36"
83.175.83.150 - - [24/Aug/2021:09:04:05 +0200] "GET /loadthumbnail.php?id=12094749&width=100 HTTP/1.1" 200 11995 "http://renault.activities.at/cart" "Mozilla/5.0 (Windows NT 10.0; Win64; x64) AppleWebKit/537.36 (KHTML, like Gecko) Chrome/92.0.4515.159 Safari/537.36"
83.175.83.150 - - [24/Aug/2021:09:04:05 +0200] "GET /loadthumbnail.php?id=10232009&width=16&height=16 HTTP/1.1" 200 700 "http://renault.activities.at/cart" "Mozilla/5.0 (Windows NT 10.0; Win64; x64) AppleWebKit/537.36 (KHTML, like Gecko) Chrome/92.0.4515.159 Safari/537.36"
138.21.12.30 - - [24/Aug/2021:09:04:06 +0200] "GET /reload?ser=1629788645889 HTTP/1.1" 200 28 "http://renault.2web.at/account" "Mozilla/5.0 (Windows NT 10.0; Win64; x64) AppleWebKit/537.36 (KHTML, like Gecko) Chrome/92.0.4515.159 Safari/537.36"
91.114.96.114 - - [24/Aug/2021:09:04:26 +0200] "GET /reload?ser=1629788664709 HTTP/1.1" 200 28 "http://renault.activities.at/10201442" "Mozilla/5.0 (Windows NT 10.0; WOW64) AppleWebKit/537.36 (KHTML, like Gecko) Chrome/92.0.4515.159 Safari/537.36"
83.175.83.150 - - [24/Aug/2021:09:05:05 +0200] "GET /reload?ser=1629788705260 HTTP/1.1" 200 28 "http://renault.activities.at/cart" "Mozilla/5.0 (Windows NT 10.0; Win64; x64) AppleWebKit/537.36 (KHTML, like Gecko) Chrome/92.0.4515.159 Safari/537.36"
138.21.12.30 - - [24/Aug/2021:09:05:08 +0200] "GET /reload?ser=1629788707891 HTTP/1.1" 200 28 "http://renault.2web.at/account" "Mozilla/5.0 (Windows NT 10.0; Win64; x64) AppleWebKit/537.36 (KHTML, like Gecko) Chrome/92.0.4515.159 Safari/537.36"
91.114.96.114 - - [24/Aug/2021:09:05:27 +0200] "GET /reload?ser=1629788725710 HTTP/1.1" 200 28 "http://renault.activities.at/10201442" "Mozilla/5.0 (Windows NT 10.0; WOW64) AppleWebKit/537.36 (KHTML, like Gecko) Chrome/92.0.4515.159 Safari/537.36"
83.175.83.150 - - [24/Aug/2021:09:06:06 +0200] "GET /reload?ser=1629788766205 HTTP/1.1" 200 28 "http://renault.activities.at/cart" "Mozilla/5.0 (Windows NT 10.0; Win64; x64) AppleWebKit/537.36 (KHTML, like Gecko) Chrome/92.0.4515.159 Safari/537.36"
138.21.12.30 - - [24/Aug/2021:09:06:10 +0200] "GET /reload?ser=1629788769893 HTTP/1.1" 200 28 "http://renault.2web.at/account" "Mozilla/5.0 (Windows NT 10.0; Win64; x64) AppleWebKit/537.36 (KHTML, like Gecko) Chrome/92.0.4515.159 Safari/537.36"
91.114.96.114 - - [24/Aug/2021:09:06:28 +0200] "GET /reload?ser=1629788786709 HTTP/1.1" 200 28 "http://renault.activities.at/10201442" "Mozilla/5.0 (Windows NT 10.0; WOW64) AppleWebKit/537.36 (KHTML, like Gecko) Chrome/92.0.4515.159 Safari/537.36"
83.175.83.150 - - [24/Aug/2021:09:07:07 +0200] "GET /reload?ser=1629788827527 HTTP/1.1" 200 28 "http://renault.activities.at/cart" "Mozilla/5.0 (Windows NT 10.0; Win64; x64) AppleWebKit/537.36 (KHTML, like Gecko) Chrome/92.0.4515.159 Safari/537.36"
138.21.12.30 - - [24/Aug/2021:09:07:12 +0200] "GET /reload?ser=1629788831894 HTTP/1.1" 200 28 "http://renault.2web.at/account" "Mozilla/5.0 (Windows NT 10.0; Win64; x64) AppleWebKit/537.36 (KHTML, like Gecko) Chrome/92.0.4515.159 Safari/537.36"
91.114.96.114 - - [24/Aug/2021:09:07:30 +0200] "GET /reload?ser=1629788848700 HTTP/1.1" 200 28 "http://renault.activities.at/10201442" "Mozilla/5.0 (Windows NT 10.0; WOW64) AppleWebKit/537.36 (KHTML, like Gecko) Chrome/92.0.4515.159 Safari/537.36"
83.175.83.150 - - [24/Aug/2021:09:08:08 +0200] "GET /reload?ser=1629788888516 HTTP/1.1" 200 28 "http://renault.activities.at/cart" "Mozilla/5.0 (Windows NT 10.0; Win64; x64) AppleWebKit/537.36 (KHTML, like Gecko) Chrome/92.0.4515.159 Safari/537.36"
138.21.12.30 - - [24/Aug/2021:09:08:14 +0200] "GET /reload?ser=1629788893897 HTTP/1.1" 200 28 "http://renault.2web.at/account" "Mozilla/5.0 (Windows NT 10.0; Win64; x64) AppleWebKit/537.36 (KHTML, like Gecko) Chrome/92.0.4515.159 Safari/537.36"
91.114.96.114 - - [24/Aug/2021:09:08:31 +0200] "GET /reload?ser=1629788909700 HTTP/1.1" 200 28 "http://renault.activities.at/10201442" "Mozilla/5.0 (Windows NT 10.0; WOW64) AppleWebKit/537.36 (KHTML, like Gecko) Chrome/92.0.4515.159 Safari/537.36"
83.175.83.150 - - [24/Aug/2021:09:09:09 +0200] "GET /reload?ser=1629788949514 HTTP/1.1" 200 28 "http://renault.activities.at/cart" "Mozilla/5.0 (Windows NT 10.0; Win64; x64) AppleWebKit/537.36 (KHTML, like Gecko) Chrome/92.0.4515.159 Safari/537.36"
138.21.12.30 - - [24/Aug/2021:09:09:16 +0200] "GET /reload?ser=1629788955898 HTTP/1.1" 200 28 "http://renault.2web.at/account" "Mozilla/5.0 (Windows NT 10.0; Win64; x64) AppleWebKit/537.36 (KHTML, like Gecko) Chrome/92.0.4515.159 Safari/537.36"
91.114.96.114 - - [24/Aug/2021:09:09:33 +0200] "GET /reload?ser=1629788971699 HTTP/1.1" 200 28 "http://renault.activities.at/10201442" "Mozilla/5.0 (Windows NT 10.0; WOW64) AppleWebKit/537.36 (KHTML, like Gecko) Chrome/92.0.4515.159 Safari/537.36"
83.219.165.34 - - [24/Aug/2021:09:09:37 +0200] "GET / HTTP/1.1" 200 3086 "https://www.google.com/" "Mozilla/5.0 (Windows NT 10.0; Win64; x64) AppleWebKit/537.36 (KHTML, like Gecko) Chrome/92.0.4515.159 Safari/537.36"
83.219.165.34 - - [24/Aug/2021:09:09:38 +0200] "GET /js/flashdetection.js HTTP/1.1" 200 1059 "http://renault.activities.at/" "Mozilla/5.0 (Windows NT 10.0; Win64; x64) AppleWebKit/537.36 (KHTML, like Gecko) Chrome/92.0.4515.159 Safari/537.36"
83.219.165.34 - - [24/Aug/2021:09:09:38 +0200] "GET /css/reset.css HTTP/1.1" 200 1356 "http://renault.activities.at/" "Mozilla/5.0 (Windows NT 10.0; Win64; x64) AppleWebKit/537.36 (KHTML, like Gecko) Chrome/92.0.4515.159 Safari/537.36"
