80.120.148.242 - - [25/Aug/2021:09:44:59 +0200] "GET /reload?ser=1629877499601 HTTP/1.1" 200 28 "http://renault.activities.at/account" "Mozilla/5.0 (Windows NT 10.0; Win64; x64) AppleWebKit/537.36 (KHTML, like Gecko) Chrome/92.0.4515.159 Safari/537.36"
80.120.210.180 - - [25/Aug/2021:09:45:21 +0200] "GET /reload?ser=1629877522476 HTTP/1.1" 200 28 "http://renault.activities.at/aboutus" "Mozilla/5.0 (Windows NT 10.0; WOW64; Trident/7.0; rv:11.0) like Gecko"
217.13.176.185 - - [25/Aug/2021:09:45:31 +0200] "GET /reload?ser=1629877531591 HTTP/1.1" 200 28 "http://renault.activities.at/success" "Mozilla/5.0 (Windows NT 10.0; WOW64) AppleWebKit/537.36 (KHTML, like Gecko) Chrome/86.0.4240.183 Safari/537.36 Edg/86.0.622.63"
80.151.92.214 - - [25/Aug/2021:09:45:34 +0200] "GET /reload?ser=1629877534219 HTTP/1.1" 200 28 "http://renault.activities.at/login" "Mozilla/5.0 (Windows NT 10.0; Win64; x64) AppleWebKit/537.36 (KHTML, like Gecko) Chrome/92.0.4515.159 Safari/537.36"
80.122.53.230 - - [25/Aug/2021:09:45:44 +0200] "GET /reload?ser=1629877544595 HTTP/1.1" 200 28 "http://renault.activities.at/" "Mozilla/5.0 (Windows NT 10.0; Win64; x64) AppleWebKit/537.36 (KHTML, like Gecko) Chrome/92.0.4515.159 Safari/537.36"
80.120.148.242 - - [25/Aug/2021:09:46:00 +0200] "GET /reload?ser=1629877560598 HTTP/1.1" 200 28 "http://renault.activities.at/account" "Mozilla/5.0 (Windows NT 10.0; Win64; x64) AppleWebKit/537.36 (KHTML, like Gecko) Chrome/92.0.4515.159 Safari/537.36"
138.21.12.21 - - [25/Aug/2021:09:46:00 +0200] "GET /reload?ser=1629877560341 HTTP/1.1" 200 28 "http://renault.2web.at/result?searchterm=true&search=selbst" "Mozilla/5.0 (Windows NT 10.0; Win64; x64) AppleWebKit/537.36 (KHTML, like Gecko) Chrome/92.0.4515.159 Safari/537.36"
80.120.210.180 - - [25/Aug/2021:09:46:22 +0200] "GET /reload?ser=1629877583406 HTTP/1.1" 200 28 "http://renault.activities.at/aboutus" "Mozilla/5.0 (Windows NT 10.0; WOW64; Trident/7.0; rv:11.0) like Gecko"
217.13.176.185 - - [25/Aug/2021:09:46:32 +0200] "GET /reload?ser=1629877592598 HTTP/1.1" 200 28 "http://renault.activities.at/success" "Mozilla/5.0 (Windows NT 10.0; WOW64) AppleWebKit/537.36 (KHTML, like Gecko) Chrome/86.0.4240.183 Safari/537.36 Edg/86.0.622.63"
80.151.92.214 - - [25/Aug/2021:09:46:35 +0200] "GET /reload?ser=1629877595223 HTTP/1.1" 200 28 "http://renault.activities.at/login" "Mozilla/5.0 (Windows NT 10.0; Win64; x64) AppleWebKit/537.36 (KHTML, like Gecko) Chrome/92.0.4515.159 Safari/537.36"
80.122.53.230 - - [25/Aug/2021:09:46:45 +0200] "GET /reload?ser=1629877605744 HTTP/1.1" 200 28 "http://renault.activities.at/" "Mozilla/5.0 (Windows NT 10.0; Win64; x64) AppleWebKit/537.36 (KHTML, like Gecko) Chrome/92.0.4515.159 Safari/537.36"
207.46.13.14 - - [25/Aug/2021:09:46:59 +0200] "GET /10260003?dir=DESC&mode=grid&order=name&limit=15&page=3&cat=10260300 HTTP/1.1" 200 5083 "-" "Mozilla/5.0 (compatible; bingbot/2.0; +http://www.bing.com/bingbot.htm)"
80.120.148.242 - - [25/Aug/2021:09:47:01 +0200] "GET /reload?ser=1629877621603 HTTP/1.1" 200 28 "http://renault.activities.at/account" "Mozilla/5.0 (Windows NT 10.0; Win64; x64) AppleWebKit/537.36 (KHTML, like Gecko) Chrome/92.0.4515.159 Safari/537.36"
138.21.12.21 - - [25/Aug/2021:09:47:02 +0200] "GET /reload?ser=1629877622348 HTTP/1.1" 200 28 "http://renault.2web.at/result?searchterm=true&search=selbst" "Mozilla/5.0 (Windows NT 10.0; Win64; x64) AppleWebKit/537.36 (KHTML, like Gecko) Chrome/92.0.4515.159 Safari/537.36"
80.120.210.180 - - [25/Aug/2021:09:47:23 +0200] "GET /reload?ser=1629877644351 HTTP/1.1" 200 28 "http://renault.activities.at/aboutus" "Mozilla/5.0 (Windows NT 10.0; WOW64; Trident/7.0; rv:11.0) like Gecko"
217.13.176.185 - - [25/Aug/2021:09:47:33 +0200] "GET /reload?ser=1629877653594 HTTP/1.1" 200 28 "http://renault.activities.at/success" "Mozilla/5.0 (Windows NT 10.0; WOW64) AppleWebKit/537.36 (KHTML, like Gecko) Chrome/86.0.4240.183 Safari/537.36 Edg/86.0.622.63"
80.151.92.214 - - [25/Aug/2021:09:47:36 +0200] "GET /reload?ser=1629877656219 HTTP/1.1" 200 28 "http://renault.activities.at/login" "Mozilla/5.0 (Windows NT 10.0; Win64; x64) AppleWebKit/537.36 (KHTML, like Gecko) Chrome/92.0.4515.159 Safari/537.36"
80.122.53.230 - - [25/Aug/2021:09:47:46 +0200] "GET /reload?ser=1629877666387 HTTP/1.1" 200 28 "http://renault.activities.at/" "Mozilla/5.0 (Windows NT 10.0; Win64; x64) AppleWebKit/537.36 (KHTML, like Gecko) Chrome/92.0.4515.159 Safari/537.36"
80.120.148.242 - - [25/Aug/2021:09:48:02 +0200] "GET /reload?ser=1629877682597 HTTP/1.1" 200 28 "http://renault.activities.at/account" "Mozilla/5.0 (Windows NT 10.0; Win64; x64) AppleWebKit/537.36 (KHTML, like Gecko) Chrome/92.0.4515.159 Safari/537.36"
138.21.12.21 - - [25/Aug/2021:09:48:04 +0200] "GET /reload?ser=1629877684341 HTTP/1.1" 200 28 "http://renault.2web.at/result?searchterm=true&search=selbst" "Mozilla/5.0 (Windows NT 10.0; Win64; x64) AppleWebKit/537.36 (KHTML, like Gecko) Chrome/92.0.4515.159 Safari/537.36"
80.120.210.180 - - [25/Aug/2021:09:48:24 +0200] "GET /reload?ser=1629877705336 HTTP/1.1" 200 28 "http://renault.activities.at/aboutus" "Mozilla/5.0 (Windows NT 10.0; WOW64; Trident/7.0; rv:11.0) like Gecko"
217.13.176.185 - - [25/Aug/2021:09:48:34 +0200] "GET /reload?ser=1629877714590 HTTP/1.1" 200 28 "http://renault.activities.at/success" "Mozilla/5.0 (Windows NT 10.0; WOW64) AppleWebKit/537.36 (KHTML, like Gecko) Chrome/86.0.4240.183 Safari/537.36 Edg/86.0.622.63"
80.151.92.214 - - [25/Aug/2021:09:48:37 +0200] "GET /reload?ser=1629877717234 HTTP/1.1" 200 28 "http://renault.activities.at/login" "Mozilla/5.0 (Windows NT 10.0; Win64; x64) AppleWebKit/537.36 (KHTML, like Gecko) Chrome/92.0.4515.159 Safari/537.36"
80.122.53.230 - - [25/Aug/2021:09:48:47 +0200] "GET /reload?ser=1629877727029 HTTP/1.1" 200 28 "http://renault.activities.at/" "Mozilla/5.0 (Windows NT 10.0; Win64; x64) AppleWebKit/537.36 (KHTML, like Gecko) Chrome/92.0.4515.159 Safari/537.36"
80.120.148.242 - - [25/Aug/2021:09:49:03 +0200] "GET /reload?ser=1629877743604 HTTP/1.1" 200 28 "http://renault.activities.at/account" "Mozilla/5.0 (Windows NT 10.0; Win64; x64) AppleWebKit/537.36 (KHTML, like Gecko) Chrome/92.0.4515.159 Safari/537.36"
138.21.12.21 - - [25/Aug/2021:09:49:06 +0200] "GET /reload?ser=1629877746351 HTTP/1.1" 200 28 "http://renault.2web.at/result?searchterm=true&search=selbst" "Mozilla/5.0 (Windows NT 10.0; Win64; x64) AppleWebKit/537.36 (KHTML, like Gecko) Chrome/92.0.4515.159 Safari/537.36"
80.120.210.180 - - [25/Aug/2021:09:49:25 +0200] "GET /reload?ser=1629877766280 HTTP/1.1" 200 28 "http://renault.activities.at/aboutus" "Mozilla/5.0 (Windows NT 10.0; WOW64; Trident/7.0; rv:11.0) like Gecko"
217.13.176.185 - - [25/Aug/2021:09:49:36 +0200] "GET /reload?ser=1629877776591 HTTP/1.1" 200 28 "http://renault.activities.at/success" "Mozilla/5.0 (Windows NT 10.0; WOW64) AppleWebKit/537.36 (KHTML, like Gecko) Chrome/86.0.4240.183 Safari/537.36 Edg/86.0.622.63"
80.151.92.214 - - [25/Aug/2021:09:49:38 +0200] "GET /reload?ser=1629877778230 HTTP/1.1" 200 28 "http://renault.activities.at/login" "Mozilla/5.0 (Windows NT 10.0; Win64; x64) AppleWebKit/537.36 (KHTML, like Gecko) Chrome/92.0.4515.159 Safari/537.36"
80.122.53.230 - - [25/Aug/2021:09:49:47 +0200] "GET /reload?ser=1629877787656 HTTP/1.1" 200 28 "http://renault.activities.at/" "Mozilla/5.0 (Windows NT 10.0; Win64; x64) AppleWebKit/537.36 (KHTML, like Gecko) Chrome/92.0.4515.159 Safari/537.36"
80.120.148.242 - - [25/Aug/2021:09:50:04 +0200] "GET /reload?ser=1629877804590 HTTP/1.1" 200 28 "http://renault.activities.at/account" "Mozilla/5.0 (Windows NT 10.0; Win64; x64) AppleWebKit/537.36 (KHTML, like Gecko) Chrome/92.0.4515.159 Safari/537.36"
138.21.12.21 - - [25/Aug/2021:09:50:08 +0200] "GET /reload?ser=1629877808350 HTTP/1.1" 200 28 "http://renault.2web.at/result?searchterm=true&search=selbst" "Mozilla/5.0 (Windows NT 10.0; Win64; x64) AppleWebKit/537.36 (KHTML, like Gecko) Chrome/92.0.4515.159 Safari/537.36"
80.120.210.180 - - [25/Aug/2021:09:50:26 +0200] "GET /reload?ser=1629877827213 HTTP/1.1" 200 28 "http://renault.activities.at/aboutus" "Mozilla/5.0 (Windows NT 10.0; WOW64; Trident/7.0; rv:11.0) like Gecko"
217.13.176.185 - - [25/Aug/2021:09:50:37 +0200] "GET /reload?ser=1629877837596 HTTP/1.1" 200 28 "http://renault.activities.at/success" "Mozilla/5.0 (Windows NT 10.0; WOW64) AppleWebKit/537.36 (KHTML, like Gecko) Chrome/86.0.4240.183 Safari/537.36 Edg/86.0.622.63"
80.151.92.214 - - [25/Aug/2021:09:50:39 +0200] "GET /reload?ser=1629877839227 HTTP/1.1" 200 28 "http://renault.activities.at/login" "Mozilla/5.0 (Windows NT 10.0; Win64; x64) AppleWebKit/537.36 (KHTML, like Gecko) Chrome/92.0.4515.159 Safari/537.36"
80.122.53.230 - - [25/Aug/2021:09:50:48 +0200] "GET /reload?ser=1629877848299 HTTP/1.1" 200 28 "http://renault.activities.at/" "Mozilla/5.0 (Windows NT 10.0; Win64; x64) AppleWebKit/537.36 (KHTML, like Gecko) Chrome/92.0.4515.159 Safari/537.36"
207.46.13.59 - - [25/Aug/2021:09:50:53 +0200] "GET / HTTP/1.1" 200 3086 "-" "Mozilla/5.0 (compatible; bingbot/2.0; +http://www.bing.com/bingbot.htm)"
80.120.148.242 - - [25/Aug/2021:09:51:05 +0200] "GET /reload?ser=1629877865596 HTTP/1.1" 200 28 "http://renault.activities.at/account" "Mozilla/5.0 (Windows NT 10.0; Win64; x64) AppleWebKit/537.36 (KHTML, like Gecko) Chrome/92.0.4515.159 Safari/537.36"
138.21.12.21 - - [25/Aug/2021:09:51:10 +0200] "GET /reload?ser=1629877870355 HTTP/1.1" 200 28 "http://renault.2web.at/result?searchterm=true&search=selbst" "Mozilla/5.0 (Windows NT 10.0; Win64; x64) AppleWebKit/537.36 (KHTML, like Gecko) Chrome/92.0.4515.159 Safari/537.36"
80.120.210.180 - - [25/Aug/2021:09:51:27 +0200] "GET /reload?ser=1629877888153 HTTP/1.1" 200 28 "http://renault.activities.at/aboutus" "Mozilla/5.0 (Windows NT 10.0; WOW64; Trident/7.0; rv:11.0) like Gecko"
217.13.176.185 - - [25/Aug/2021:09:51:38 +0200] "GET /reload?ser=1629877898604 HTTP/1.1" 200 28 "http://renault.activities.at/success" "Mozilla/5.0 (Windows NT 10.0; WOW64) AppleWebKit/537.36 (KHTML, like Gecko) Chrome/86.0.4240.183 Safari/537.36 Edg/86.0.622.63"
80.151.92.214 - - [25/Aug/2021:09:51:40 +0200] "GET /reload?ser=1629877900230 HTTP/1.1" 200 28 "http://renault.activities.at/login" "Mozilla/5.0 (Windows NT 10.0; Win64; x64) AppleWebKit/537.36 (KHTML, like Gecko) Chrome/92.0.4515.159 Safari/537.36"
80.122.53.230 - - [25/Aug/2021:09:51:49 +0200] "GET /reload?ser=1629877908936 HTTP/1.1" 200 28 "http://renault.activities.at/" "Mozilla/5.0 (Windows NT 10.0; Win64; x64) AppleWebKit/537.36 (KHTML, like Gecko) Chrome/92.0.4515.159 Safari/537.36"
80.120.148.242 - - [25/Aug/2021:09:52:06 +0200] "GET /reload?ser=1629877926602 HTTP/1.1" 200 28 "http://renault.activities.at/account" "Mozilla/5.0 (Windows NT 10.0; Win64; x64) AppleWebKit/537.36 (KHTML, like Gecko) Chrome/92.0.4515.159 Safari/537.36"
138.21.12.21 - - [25/Aug/2021:09:52:12 +0200] "GET /reload?ser=1629877932360 HTTP/1.1" 200 28 "http://renault.2web.at/result?searchterm=true&search=selbst" "Mozilla/5.0 (Windows NT 10.0; Win64; x64) AppleWebKit/537.36 (KHTML, like Gecko) Chrome/92.0.4515.159 Safari/537.36"
80.120.210.180 - - [25/Aug/2021:09:52:28 +0200] "GET /reload?ser=1629877949108 HTTP/1.1" 200 28 "http://renault.activities.at/aboutus" "Mozilla/5.0 (Windows NT 10.0; WOW64; Trident/7.0; rv:11.0) like Gecko"
217.13.176.185 - - [25/Aug/2021:09:52:40 +0200] "GET /reload?ser=1629877960601 HTTP/1.1" 200 28 "http://renault.activities.at/success" "Mozilla/5.0 (Windows NT 10.0; WOW64) AppleWebKit/537.36 (KHTML, like Gecko) Chrome/86.0.4240.183 Safari/537.36 Edg/86.0.622.63"
80.151.92.214 - - [25/Aug/2021:09:52:41 +0200] "GET /reload?ser=1629877961240 HTTP/1.1" 200 28 "http://renault.activities.at/login" "Mozilla/5.0 (Windows NT 10.0; Win64; x64) AppleWebKit/537.36 (KHTML, like Gecko) Chrome/92.0.4515.159 Safari/537.36"
80.122.53.230 - - [25/Aug/2021:09:52:49 +0200] "GET /reload?ser=1629877969579 HTTP/1.1" 200 28 "http://renault.activities.at/" "Mozilla/5.0 (Windows NT 10.0; Win64; x64) AppleWebKit/537.36 (KHTML, like Gecko) Chrome/92.0.4515.159 Safari/537.36"
80.120.148.242 - - [25/Aug/2021:09:53:07 +0200] "GET /reload?ser=1629877987601 HTTP/1.1" 200 28 "http://renault.activities.at/account" "Mozilla/5.0 (Windows NT 10.0; Win64; x64) AppleWebKit/537.36 (KHTML, like Gecko) Chrome/92.0.4515.159 Safari/537.36"
138.21.12.21 - - [25/Aug/2021:09:53:14 +0200] "GET /reload?ser=1629877994365 HTTP/1.1" 200 28 "http://renault.2web.at/result?searchterm=true&search=selbst" "Mozilla/5.0 (Windows NT 10.0; Win64; x64) AppleWebKit/537.36 (KHTML, like Gecko) Chrome/92.0.4515.159 Safari/537.36"
80.120.210.180 - - [25/Aug/2021:09:53:29 +0200] "GET /reload?ser=1629878010095 HTTP/1.1" 200 28 "http://renault.activities.at/aboutus" "Mozilla/5.0 (Windows NT 10.0; WOW64; Trident/7.0; rv:11.0) like Gecko"
80.151.92.214 - - [25/Aug/2021:09:53:42 +0200] "GET /reload?ser=1629878022234 HTTP/1.1" 200 28 "http://renault.activities.at/login" "Mozilla/5.0 (Windows NT 10.0; Win64; x64) AppleWebKit/537.36 (KHTML, like Gecko) Chrome/92.0.4515.159 Safari/537.36"
217.13.176.185 - - [25/Aug/2021:09:53:42 +0200] "GET /reload?ser=1629878022599 HTTP/1.1" 200 28 "http://renault.activities.at/success" "Mozilla/5.0 (Windows NT 10.0; WOW64) AppleWebKit/537.36 (KHTML, like Gecko) Chrome/86.0.4240.183 Safari/537.36 Edg/86.0.622.63"
80.122.53.230 - - [25/Aug/2021:09:53:50 +0200] "GET /reload?ser=1629878030205 HTTP/1.1" 200 28 "http://renault.activities.at/" "Mozilla/5.0 (Windows NT 10.0; Win64; x64) AppleWebKit/537.36 (KHTML, like Gecko) Chrome/92.0.4515.159 Safari/537.36"
80.120.148.242 - - [25/Aug/2021:09:54:08 +0200] "GET /reload?ser=1629878048600 HTTP/1.1" 200 28 "http://renault.activities.at/account" "Mozilla/5.0 (Windows NT 10.0; Win64; x64) AppleWebKit/537.36 (KHTML, like Gecko) Chrome/92.0.4515.159 Safari/537.36"
138.21.12.21 - - [25/Aug/2021:09:54:16 +0200] "GET /reload?ser=1629878056469 HTTP/1.1" 200 28 "http://renault.2web.at/result?searchterm=true&search=selbst" "Mozilla/5.0 (Windows NT 10.0; Win64; x64) AppleWebKit/537.36 (KHTML, like Gecko) Chrome/92.0.4515.159 Safari/537.36"
80.120.210.180 - - [25/Aug/2021:09:54:30 +0200] "GET /reload?ser=1629878071040 HTTP/1.1" 200 28 "http://renault.activities.at/aboutus" "Mozilla/5.0 (Windows NT 10.0; WOW64; Trident/7.0; rv:11.0) like Gecko"
80.151.92.214 - - [25/Aug/2021:09:54:43 +0200] "GET /reload?ser=1629878083240 HTTP/1.1" 200 28 "http://renault.activities.at/login" "Mozilla/5.0 (Windows NT 10.0; Win64; x64) AppleWebKit/537.36 (KHTML, like Gecko) Chrome/92.0.4515.159 Safari/537.36"
217.13.176.185 - - [25/Aug/2021:09:54:43 +0200] "GET /reload?ser=1629878083598 HTTP/1.1" 200 28 "http://renault.activities.at/success" "Mozilla/5.0 (Windows NT 10.0; WOW64) AppleWebKit/537.36 (KHTML, like Gecko) Chrome/86.0.4240.183 Safari/537.36 Edg/86.0.622.63"
80.122.53.230 - - [25/Aug/2021:09:54:50 +0200] "GET /reload?ser=1629878090832 HTTP/1.1" 200 28 "http://renault.activities.at/" "Mozilla/5.0 (Windows NT 10.0; Win64; x64) AppleWebKit/537.36 (KHTML, like Gecko) Chrome/92.0.4515.159 Safari/537.36"
80.120.148.242 - - [25/Aug/2021:09:55:09 +0200] "GET /reload?ser=1629878109598 HTTP/1.1" 200 28 "http://renault.activities.at/account" "Mozilla/5.0 (Windows NT 10.0; Win64; x64) AppleWebKit/537.36 (KHTML, like Gecko) Chrome/92.0.4515.159 Safari/537.36"
138.21.12.21 - - [25/Aug/2021:09:55:18 +0200] "GET /reload?ser=1629878118370 HTTP/1.1" 200 28 "http://renault.2web.at/result?searchterm=true&search=selbst" "Mozilla/5.0 (Windows NT 10.0; Win64; x64) AppleWebKit/537.36 (KHTML, like Gecko) Chrome/92.0.4515.159 Safari/537.36"
80.120.210.180 - - [25/Aug/2021:09:55:31 +0200] "GET /reload?ser=1629878131999 HTTP/1.1" 200 28 "http://renault.activities.at/aboutus" "Mozilla/5.0 (Windows NT 10.0; WOW64; Trident/7.0; rv:11.0) like Gecko"
80.151.92.214 - - [25/Aug/2021:09:55:44 +0200] "GET /reload?ser=1629878144241 HTTP/1.1" 200 28 "http://renault.activities.at/login" "Mozilla/5.0 (Windows NT 10.0; Win64; x64) AppleWebKit/537.36 (KHTML, like Gecko) Chrome/92.0.4515.159 Safari/537.36"
217.13.176.185 - - [25/Aug/2021:09:55:45 +0200] "GET /reload?ser=1629878145593 HTTP/1.1" 200 28 "http://renault.activities.at/success" "Mozilla/5.0 (Windows NT 10.0; WOW64) AppleWebKit/537.36 (KHTML, like Gecko) Chrome/86.0.4240.183 Safari/537.36 Edg/86.0.622.63"
80.122.53.230 - - [25/Aug/2021:09:55:51 +0200] "GET /reload?ser=1629878151475 HTTP/1.1" 200 28 "http://renault.activities.at/" "Mozilla/5.0 (Windows NT 10.0; Win64; x64) AppleWebKit/537.36 (KHTML, like Gecko) Chrome/92.0.4515.159 Safari/537.36"
80.120.148.242 - - [25/Aug/2021:09:56:10 +0200] "GET /reload?ser=1629878170628 HTTP/1.1" 200 28 "http://renault.activities.at/account" "Mozilla/5.0 (Windows NT 10.0; Win64; x64) AppleWebKit/537.36 (KHTML, like Gecko) Chrome/92.0.4515.159 Safari/537.36"
91.133.70.9 - - [25/Aug/2021:09:56:16 +0200] "GET / HTTP/1.1" 200 3086 "-" "Mozilla/5.0 (Windows NT 10.0; Win64; x64) AppleWebKit/537.36 (KHTML, like Gecko) Chrome/81.0.4044.129 Safari/537.36"
91.133.70.9 - - [25/Aug/2021:09:56:17 +0200] "GET /css/reset.css HTTP/1.1" 200 1356 "http://renault.activities.at/" "Mozilla/5.0 (Windows NT 10.0; Win64; x64) AppleWebKit/537.36 (KHTML, like Gecko) Chrome/81.0.4044.129 Safari/537.36"
91.133.70.9 - - [25/Aug/2021:09:56:17 +0200] "GET /js/default.js HTTP/1.1" 200 14698 "http://renault.activities.at/" "Mozilla/5.0 (Windows NT 10.0; Win64; x64) AppleWebKit/537.36 (KHTML, like Gecko) Chrome/81.0.4044.129 Safari/537.36"
91.133.70.9 - - [25/Aug/2021:09:56:17 +0200] "GET /js/checkout.css HTTP/1.1" 200 359 "http://renault.activities.at/" "Mozilla/5.0 (Windows NT 10.0; Win64; x64) AppleWebKit/537.36 (KHTML, like Gecko) Chrome/81.0.4044.129 Safari/537.36"
91.133.70.9 - - [25/Aug/2021:09:56:17 +0200] "GET /css/clears.css HTTP/1.1" 200 851 "http://renault.activities.at/" "Mozilla/5.0 (Windows NT 10.0; Win64; x64) AppleWebKit/537.36 (KHTML, like Gecko) Chrome/81.0.4044.129 Safari/537.36"
91.133.70.9 - - [25/Aug/2021:09:56:17 +0200] "GET /css/prototip.css HTTP/1.1" 200 968 "http://renault.activities.at/" "Mozilla/5.0 (Windows NT 10.0; Win64; x64) AppleWebKit/537.36 (KHTML, like Gecko) Chrome/81.0.4044.129 Safari/537.36"
91.133.70.9 - - [25/Aug/2021:09:56:17 +0200] "GET /css/styles.css HTTP/1.1" 200 14664 "http://renault.activities.at/" "Mozilla/5.0 (Windows NT 10.0; Win64; x64) AppleWebKit/537.36 (KHTML, like Gecko) Chrome/81.0.4044.129 Safari/537.36"
91.133.70.9 - - [25/Aug/2021:09:56:17 +0200] "GET /css/themes/alphacube.css HTTP/1.1" 200 743 "http://renault.activities.at/" "Mozilla/5.0 (Windows NT 10.0; Win64; x64) AppleWebKit/537.36 (KHTML, like Gecko) Chrome/81.0.4044.129 Safari/537.36"
91.133.70.9 - - [25/Aug/2021:09:56:17 +0200] "GET /css/themes/default.css HTTP/1.1" 200 769 "http://renault.activities.at/" "Mozilla/5.0 (Windows NT 10.0; Win64; x64) AppleWebKit/537.36 (KHTML, like Gecko) Chrome/81.0.4044.129 Safari/537.36"
91.133.70.9 - - [25/Aug/2021:09:56:17 +0200] "GET /js/flashdetection.js HTTP/1.1" 200 1059 "http://renault.activities.at/" "Mozilla/5.0 (Windows NT 10.0; Win64; x64) AppleWebKit/537.36 (KHTML, like Gecko) Chrome/81.0.4044.129 Safari/537.36"
91.133.70.9 - - [25/Aug/2021:09:56:17 +0200] "GET /js/index.php?c=auto&f=,prototype/prototype.js,prototype/validation.js,scriptaculous/builder.js,scriptaculous/effects.js,scriptaculous/dragdrop.js,scriptaculous/controls.js,scriptaculous/slider.js,varien/js.js,varien/form.js,varien/menu.js,mage/translate.js,mage/cookies.js,varien/product.js,spinner/SpinnerControl.jsmin.js,prototype/window.js,prototype/window_ext.js HTTP/1.1" 200 94182 "http://renault.activities.at/" "Mozilla/5.0 (Windows NT 10.0; Win64; x64) AppleWebKit/537.36 (KHTML, like Gecko) Chrome/81.0.4044.129 Safari/537.36"
91.133.70.9 - - [25/Aug/2021:09:56:17 +0200] "GET /images/main_block_border.gif HTTP/1.1" 200 43 "http://renault.activities.at/css/styles.css" "Mozilla/5.0 (Windows NT 10.0; Win64; x64) AppleWebKit/537.36 (KHTML, like Gecko) Chrome/81.0.4044.129 Safari/537.36"
91.133.70.9 - - [25/Aug/2021:09:56:17 +0200] "GET /images/main_block_corner_left_bot.gif HTTP/1.1" 200 159 "http://renault.activities.at/css/styles.css" "Mozilla/5.0 (Windows NT 10.0; Win64; x64) AppleWebKit/537.36 (KHTML, like Gecko) Chrome/81.0.4044.129 Safari/537.36"
91.133.70.9 - - [25/Aug/2021:09:56:17 +0200] "GET /images/main_block_corner_right_bot.gif HTTP/1.1" 200 158 "http://renault.activities.at/css/styles.css" "Mozilla/5.0 (Windows NT 10.0; Win64; x64) AppleWebKit/537.36 (KHTML, like Gecko) Chrome/81.0.4044.129 Safari/537.36"
91.133.70.9 - - [25/Aug/2021:09:56:17 +0200] "GET /images/header_block_border.gif HTTP/1.1" 200 43 "http://renault.activities.at/css/styles.css" "Mozilla/5.0 (Windows NT 10.0; Win64; x64) AppleWebKit/537.36 (KHTML, like Gecko) Chrome/81.0.4044.129 Safari/537.36"
91.133.70.9 - - [25/Aug/2021:09:56:17 +0200] "GET /images/header_block_corner_left_top.gif HTTP/1.1" 200 160 "http://renault.activities.at/css/styles.css" "Mozilla/5.0 (Windows NT 10.0; Win64; x64) AppleWebKit/537.36 (KHTML, like Gecko) Chrome/81.0.4044.129 Safari/537.36"
91.133.70.9 - - [25/Aug/2021:09:56:17 +0200] "GET /css/print.css HTTP/1.1" 200 543 "http://renault.activities.at/" "Mozilla/5.0 (Windows NT 10.0; Win64; x64) AppleWebKit/537.36 (KHTML, like Gecko) Chrome/81.0.4044.129 Safari/537.36"
91.133.70.9 - - [25/Aug/2021:09:56:17 +0200] "GET /images/header_block_corner_right_top.gif HTTP/1.1" 200 160 "http://renault.activities.at/css/styles.css" "Mozilla/5.0 (Windows NT 10.0; Win64; x64) AppleWebKit/537.36 (KHTML, like Gecko) Chrome/81.0.4044.129 Safari/537.36"
91.133.70.9 - - [25/Aug/2021:09:56:17 +0200] "GET /images/title_border.jpg HTTP/1.1" 200 304 "http://renault.activities.at/css/styles.css" "Mozilla/5.0 (Windows NT 10.0; Win64; x64) AppleWebKit/537.36 (KHTML, like Gecko) Chrome/81.0.4044.129 Safari/537.36"
91.133.70.9 - - [25/Aug/2021:09:56:17 +0200] "GET /images/main_block_corner_left_top.gif HTTP/1.1" 200 159 "http://renault.activities.at/css/styles.css" "Mozilla/5.0 (Windows NT 10.0; Win64; x64) AppleWebKit/537.36 (KHTML, like Gecko) Chrome/81.0.4044.129 Safari/537.36"
91.133.70.9 - - [25/Aug/2021:09:56:17 +0200] "GET /images/main_block_corner_right_top.gif HTTP/1.1" 200 159 "http://renault.activities.at/css/styles.css" "Mozilla/5.0 (Windows NT 10.0; Win64; x64) AppleWebKit/537.36 (KHTML, like Gecko) Chrome/81.0.4044.129 Safari/537.36"
91.133.70.9 - - [25/Aug/2021:09:56:17 +0200] "GET /images/title_border_top.jpg HTTP/1.1" 200 336 "http://renault.activities.at/css/styles.css" "Mozilla/5.0 (Windows NT 10.0; Win64; x64) AppleWebKit/537.36 (KHTML, like Gecko) Chrome/81.0.4044.129 Safari/537.36"
91.133.70.9 - - [25/Aug/2021:09:56:17 +0200] "GET /images/title_corner_left_top.jpg HTTP/1.1" 200 372 "http://renault.activities.at/css/styles.css" "Mozilla/5.0 (Windows NT 10.0; Win64; x64) AppleWebKit/537.36 (KHTML, like Gecko) Chrome/81.0.4044.129 Safari/537.36"
91.133.70.9 - - [25/Aug/2021:09:56:17 +0200] "GET /images/title_corner_right_top.jpg HTTP/1.1" 200 389 "http://renault.activities.at/css/styles.css" "Mozilla/5.0 (Windows NT 10.0; Win64; x64) AppleWebKit/537.36 (KHTML, like Gecko) Chrome/81.0.4044.129 Safari/537.36"
91.133.70.9 - - [25/Aug/2021:09:56:17 +0200] "GET /loadthumbnail.php?id=11127982 HTTP/1.1" 200 399614 "http://renault.activities.at/" "Mozilla/5.0 (Windows NT 10.0; Win64; x64) AppleWebKit/537.36 (KHTML, like Gecko) Chrome/81.0.4044.129 Safari/537.36"
91.133.70.9 - - [25/Aug/2021:09:56:18 +0200] "GET /login HTTP/1.1" 200 2085 "http://renault.activities.at/" "Mozilla/5.0 (Windows NT 10.0; Win64; x64) AppleWebKit/537.36 (KHTML, like Gecko) Chrome/81.0.4044.129 Safari/537.36"
91.133.70.9 - - [25/Aug/2021:09:56:19 +0200] "GET /images/button_left_bg.gif HTTP/1.1" 200 564 "http://renault.activities.at/css/styles.css" "Mozilla/5.0 (Windows NT 10.0; Win64; x64) AppleWebKit/537.36 (KHTML, like Gecko) Chrome/81.0.4044.129 Safari/537.36"
91.133.70.9 - - [25/Aug/2021:09:56:19 +0200] "GET /images/button_right_bg.gif HTTP/1.1" 200 561 "http://renault.activities.at/css/styles.css" "Mozilla/5.0 (Windows NT 10.0; Win64; x64) AppleWebKit/537.36 (KHTML, like Gecko) Chrome/81.0.4044.129 Safari/537.36"
91.133.70.9 - - [25/Aug/2021:09:56:19 +0200] "GET /images/button_bg.gif HTTP/1.1" 200 151 "http://renault.activities.at/css/styles.css" "Mozilla/5.0 (Windows NT 10.0; Win64; x64) AppleWebKit/537.36 (KHTML, like Gecko) Chrome/81.0.4044.129 Safari/537.36"
138.21.12.21 - - [25/Aug/2021:09:56:20 +0200] "GET /reload?ser=1629878180373 HTTP/1.1" 200 28 "http://renault.2web.at/result?searchterm=true&search=selbst" "Mozilla/5.0 (Windows NT 10.0; Win64; x64) AppleWebKit/537.36 (KHTML, like Gecko) Chrome/92.0.4515.159 Safari/537.36"
91.133.70.9 - - [25/Aug/2021:09:56:23 +0200] "POST /login HTTP/1.1" 302 140 "http://renault.activities.at/login" "Mozilla/5.0 (Windows NT 10.0; Win64; x64) AppleWebKit/537.36 (KHTML, like Gecko) Chrome/81.0.4044.129 Safari/537.36"
91.133.70.9 - - [25/Aug/2021:09:56:25 +0200] "GET /account HTTP/1.1" 200 5902 "http://renault.activities.at/login" "Mozilla/5.0 (Windows NT 10.0; Win64; x64) AppleWebKit/537.36 (KHTML, like Gecko) Chrome/81.0.4044.129 Safari/537.36"
91.133.70.9 - - [25/Aug/2021:09:56:26 +0200] "POST /login HTTP/1.1" 302 140 "http://renault.activities.at/login" "Mozilla/5.0 (Windows NT 10.0; Win64; x64) AppleWebKit/537.36 (KHTML, like Gecko) Chrome/81.0.4044.129 Safari/537.36"
80.120.210.180 - - [25/Aug/2021:09:56:32 +0200] "GET /reload?ser=1629878192987 HTTP/1.1" 200 28 "http://renault.activities.at/aboutus" "Mozilla/5.0 (Windows NT 10.0; WOW64; Trident/7.0; rv:11.0) like Gecko"
91.133.70.9 - - [25/Aug/2021:09:56:31 +0200] "GET /account HTTP/1.1" 200 5902 "http://renault.activities.at/login" "Mozilla/5.0 (Windows NT 10.0; Win64; x64) AppleWebKit/537.36 (KHTML, like Gecko) Chrome/81.0.4044.129 Safari/537.36"
91.133.70.9 - - [25/Aug/2021:09:56:33 +0200] "GET /js/account.js HTTP/1.1" 200 953 "http://renault.activities.at/account" "Mozilla/5.0 (Windows NT 10.0; Win64; x64) AppleWebKit/537.36 (KHTML, like Gecko) Chrome/81.0.4044.129 Safari/537.36"
91.133.70.9 - - [25/Aug/2021:09:56:33 +0200] "GET /images/menu_button_bg.jpg HTTP/1.1" 200 322 "http://renault.activities.at/css/styles.css" "Mozilla/5.0 (Windows NT 10.0; Win64; x64) AppleWebKit/537.36 (KHTML, like Gecko) Chrome/81.0.4044.129 Safari/537.36"
91.133.70.9 - - [25/Aug/2021:09:56:33 +0200] "GET /images/top_links_divider.gif HTTP/1.1" 200 44 "http://renault.activities.at/css/styles.css" "Mozilla/5.0 (Windows NT 10.0; Win64; x64) AppleWebKit/537.36 (KHTML, like Gecko) Chrome/81.0.4044.129 Safari/537.36"
91.133.70.9 - - [25/Aug/2021:09:56:33 +0200] "GET /images/search_bg.gif HTTP/1.1" 200 1726 "http://renault.activities.at/css/styles.css" "Mozilla/5.0 (Windows NT 10.0; Win64; x64) AppleWebKit/537.36 (KHTML, like Gecko) Chrome/81.0.4044.129 Safari/537.36"
91.133.70.9 - - [25/Aug/2021:09:56:33 +0200] "GET /images/nav_divider.gif HTTP/1.1" 200 43 "http://renault.activities.at/css/styles.css" "Mozilla/5.0 (Windows NT 10.0; Win64; x64) AppleWebKit/537.36 (KHTML, like Gecko) Chrome/81.0.4044.129 Safari/537.36"
91.133.70.9 - - [25/Aug/2021:09:56:33 +0200] "GET /images/menu_divider.gif HTTP/1.1" 200 176 "http://renault.activities.at/css/styles.css" "Mozilla/5.0 (Windows NT 10.0; Win64; x64) AppleWebKit/537.36 (KHTML, like Gecko) Chrome/81.0.4044.129 Safari/537.36"
91.133.70.9 - - [25/Aug/2021:09:56:33 +0200] "GET /images/sidebar_title_corner_right_top.gif HTTP/1.1" 200 383 "http://renault.activities.at/css/styles.css" "Mozilla/5.0 (Windows NT 10.0; Win64; x64) AppleWebKit/537.36 (KHTML, like Gecko) Chrome/81.0.4044.129 Safari/537.36"
91.133.70.9 - - [25/Aug/2021:09:56:33 +0200] "GET /images/sidebar_title_corner_left_top.gif HTTP/1.1" 200 1124 "http://renault.activities.at/css/styles.css" "Mozilla/5.0 (Windows NT 10.0; Win64; x64) AppleWebKit/537.36 (KHTML, like Gecko) Chrome/81.0.4044.129 Safari/537.36"
91.133.70.9 - - [25/Aug/2021:09:56:33 +0200] "GET /images/sidebar_title_border.gif HTTP/1.1" 200 43 "http://renault.activities.at/css/styles.css" "Mozilla/5.0 (Windows NT 10.0; Win64; x64) AppleWebKit/537.36 (KHTML, like Gecko) Chrome/81.0.4044.129 Safari/537.36"
91.133.70.9 - - [25/Aug/2021:09:56:33 +0200] "GET /images/sidebar_title_border_top.gif HTTP/1.1" 200 155 "http://renault.activities.at/css/styles.css" "Mozilla/5.0 (Windows NT 10.0; Win64; x64) AppleWebKit/537.36 (KHTML, like Gecko) Chrome/81.0.4044.129 Safari/537.36"
91.133.70.9 - - [25/Aug/2021:09:56:33 +0200] "GET /images/footer_divider.gif HTTP/1.1" 200 44 "http://renault.activities.at/css/styles.css" "Mozilla/5.0 (Windows NT 10.0; Win64; x64) AppleWebKit/537.36 (KHTML, like Gecko) Chrome/81.0.4044.129 Safari/537.36"
91.133.70.9 - - [25/Aug/2021:09:56:33 +0200] "GET /loadthumbnail.php?id=11776453&width=50&height=50 HTTP/1.1" 200 767 "http://renault.activities.at/account" "Mozilla/5.0 (Windows NT 10.0; Win64; x64) AppleWebKit/537.36 (KHTML, like Gecko) Chrome/81.0.4044.129 Safari/537.36"
91.133.70.9 - - [25/Aug/2021:09:56:38 +0200] "POST /axjaxrequest?mode=suggest HTTP/1.1" 200 110 "http://renault.activities.at/account" "Mozilla/5.0 (Windows NT 10.0; Win64; x64) AppleWebKit/537.36 (KHTML, like Gecko) Chrome/81.0.4044.129 Safari/537.36"
91.133.70.9 - - [25/Aug/2021:09:56:40 +0200] "POST /axjaxrequest?mode=suggest HTTP/1.1" 200 21 "http://renault.activities.at/account" "Mozilla/5.0 (Windows NT 10.0; Win64; x64) AppleWebKit/537.36 (KHTML, like Gecko) Chrome/81.0.4044.129 Safari/537.36"
91.133.70.9 - - [25/Aug/2021:09:56:40 +0200] "POST /axjaxrequest?mode=suggest HTTP/1.1" 200 110 "http://renault.activities.at/account" "Mozilla/5.0 (Windows NT 10.0; Win64; x64) AppleWebKit/537.36 (KHTML, like Gecko) Chrome/81.0.4044.129 Safari/537.36"
91.133.70.9 - - [25/Aug/2021:09:56:41 +0200] "POST /axjaxrequest?mode=suggest HTTP/1.1" 200 110 "http://renault.activities.at/account" "Mozilla/5.0 (Windows NT 10.0; Win64; x64) AppleWebKit/537.36 (KHTML, like Gecko) Chrome/81.0.4044.129 Safari/537.36"
91.133.70.9 - - [25/Aug/2021:09:56:42 +0200] "GET /result?searchterm=true&search=Express HTTP/1.1" 200 5975 "http://renault.activities.at/account" "Mozilla/5.0 (Windows NT 10.0; Win64; x64) AppleWebKit/537.36 (KHTML, like Gecko) Chrome/81.0.4044.129 Safari/537.36"
80.151.92.214 - - [25/Aug/2021:09:56:45 +0200] "GET /reload?ser=1629878205236 HTTP/1.1" 200 28 "http://renault.activities.at/login" "Mozilla/5.0 (Windows NT 10.0; Win64; x64) AppleWebKit/537.36 (KHTML, like Gecko) Chrome/92.0.4515.159 Safari/537.36"
91.133.70.9 - - [25/Aug/2021:09:56:42 +0200] "GET /result?searchterm=true&search=Express HTTP/1.1" 200 5975 "http://renault.activities.at/account" "Mozilla/5.0 (Windows NT 10.0; Win64; x64) AppleWebKit/537.36 (KHTML, like Gecko) Chrome/81.0.4044.129 Safari/537.36"
91.133.70.9 - - [25/Aug/2021:09:56:46 +0200] "GET /js/ProduktGrp.js HTTP/1.1" 200 1569 "http://renault.activities.at/result?searchterm=true&search=Express" "Mozilla/5.0 (Windows NT 10.0; Win64; x64) AppleWebKit/537.36 (KHTML, like Gecko) Chrome/81.0.4044.129 Safari/537.36"
91.133.70.9 - - [25/Aug/2021:09:56:46 +0200] "GET /js/prototip.js HTTP/1.1" 200 4588 "http://renault.activities.at/result?searchterm=true&search=Express" "Mozilla/5.0 (Windows NT 10.0; Win64; x64) AppleWebKit/537.36 (KHTML, like Gecko) Chrome/81.0.4044.129 Safari/537.36"
91.133.70.9 - - [25/Aug/2021:09:56:46 +0200] "GET /images/loading.gif HTTP/1.1" 200 3208 "http://renault.activities.at/result?searchterm=true&search=Express" "Mozilla/5.0 (Windows NT 10.0; Win64; x64) AppleWebKit/537.36 (KHTML, like Gecko) Chrome/81.0.4044.129 Safari/537.36"
91.133.70.9 - - [25/Aug/2021:09:56:47 +0200] "GET /images/pager_bg.gif HTTP/1.1" 200 150 "http://renault.activities.at/css/styles.css" "Mozilla/5.0 (Windows NT 10.0; Win64; x64) AppleWebKit/537.36 (KHTML, like Gecko) Chrome/81.0.4044.129 Safari/537.36"
91.133.70.9 - - [25/Aug/2021:09:56:47 +0200] "GET /images/vista-dn.gif HTTP/1.1" 200 128 "http://renault.activities.at/css/styles.css" "Mozilla/5.0 (Windows NT 10.0; Win64; x64) AppleWebKit/537.36 (KHTML, like Gecko) Chrome/81.0.4044.129 Safari/537.36"
91.133.70.9 - - [25/Aug/2021:09:56:47 +0200] "GET /images/vista-up.gif HTTP/1.1" 200 131 "http://renault.activities.at/css/styles.css" "Mozilla/5.0 (Windows NT 10.0; Win64; x64) AppleWebKit/537.36 (KHTML, like Gecko) Chrome/81.0.4044.129 Safari/537.36"
91.133.70.9 - - [25/Aug/2021:09:56:47 +0200] "GET /images/validation_advice_bg.gif HTTP/1.1" 200 134 "http://renault.activities.at/css/styles.css" "Mozilla/5.0 (Windows NT 10.0; Win64; x64) AppleWebKit/537.36 (KHTML, like Gecko) Chrome/81.0.4044.129 Safari/537.36"
91.133.70.9 - - [25/Aug/2021:09:56:46 +0200] "GET /loadthumbnail.php?id=10203255 HTTP/1.1" 200 137 "http://renault.activities.at/result?searchterm=true&search=Express" "Mozilla/5.0 (Windows NT 10.0; Win64; x64) AppleWebKit/537.36 (KHTML, like Gecko) Chrome/81.0.4044.129 Safari/537.36"
91.133.70.9 - - [25/Aug/2021:09:56:46 +0200] "GET /loadthumbnail.php?id=12364069&width=113 HTTP/1.1" 200 19275 "http://renault.activities.at/result?searchterm=true&search=Express" "Mozilla/5.0 (Windows NT 10.0; Win64; x64) AppleWebKit/537.36 (KHTML, like Gecko) Chrome/81.0.4044.129 Safari/537.36"
91.133.70.9 - - [25/Aug/2021:09:56:46 +0200] "GET /loadthumbnail.php?id=12414630&width=113 HTTP/1.1" 200 3276 "http://renault.activities.at/result?searchterm=true&search=Express" "Mozilla/5.0 (Windows NT 10.0; Win64; x64) AppleWebKit/537.36 (KHTML, like Gecko) Chrome/81.0.4044.129 Safari/537.36"
217.13.176.185 - - [25/Aug/2021:09:56:46 +0200] "GET /reload?ser=1629878206604 HTTP/1.1" 200 28 "http://renault.activities.at/success" "Mozilla/5.0 (Windows NT 10.0; WOW64) AppleWebKit/537.36 (KHTML, like Gecko) Chrome/86.0.4240.183 Safari/537.36 Edg/86.0.622.63"
91.133.70.9 - - [25/Aug/2021:09:56:50 +0200] "GET /images/vista-up-hover.gif HTTP/1.1" 200 130 "http://renault.activities.at/css/styles.css" "Mozilla/5.0 (Windows NT 10.0; Win64; x64) AppleWebKit/537.36 (KHTML, like Gecko) Chrome/81.0.4044.129 Safari/537.36"
80.122.53.230 - - [25/Aug/2021:09:56:52 +0200] "GET /reload?ser=1629878212112 HTTP/1.1" 200 28 "http://renault.activities.at/" "Mozilla/5.0 (Windows NT 10.0; Win64; x64) AppleWebKit/537.36 (KHTML, like Gecko) Chrome/92.0.4515.159 Safari/537.36"
91.133.70.9 - - [25/Aug/2021:09:56:53 +0200] "GET /images/vista-dn-hover.gif HTTP/1.1" 200 127 "http://renault.activities.at/css/styles.css" "Mozilla/5.0 (Windows NT 10.0; Win64; x64) AppleWebKit/537.36 (KHTML, like Gecko) Chrome/81.0.4044.129 Safari/537.36"
91.133.70.9 - - [25/Aug/2021:09:56:57 +0200] "POST /result?searchterm=true&search=Express HTTP/1.1" 200 6167 "http://renault.activities.at/result?searchterm=true&search=Express" "Mozilla/5.0 (Windows NT 10.0; Win64; x64) AppleWebKit/537.36 (KHTML, like Gecko) Chrome/81.0.4044.129 Safari/537.36"
91.133.70.9 - - [25/Aug/2021:09:57:00 +0200] "GET /images/success_msg_icon.gif HTTP/1.1" 200 1024 "http://renault.activities.at/css/styles.css" "Mozilla/5.0 (Windows NT 10.0; Win64; x64) AppleWebKit/537.36 (KHTML, like Gecko) Chrome/81.0.4044.129 Safari/537.36"
80.120.148.242 - - [25/Aug/2021:09:57:11 +0200] "GET /reload?ser=1629878231613 HTTP/1.1" 200 28 "http://renault.activities.at/account" "Mozilla/5.0 (Windows NT 10.0; Win64; x64) AppleWebKit/537.36 (KHTML, like Gecko) Chrome/92.0.4515.159 Safari/537.36"
138.21.12.21 - - [25/Aug/2021:09:57:22 +0200] "GET /reload?ser=1629878242374 HTTP/1.1" 200 28 "http://renault.2web.at/result?searchterm=true&search=selbst" "Mozilla/5.0 (Windows NT 10.0; Win64; x64) AppleWebKit/537.36 (KHTML, like Gecko) Chrome/92.0.4515.159 Safari/537.36"
80.120.210.180 - - [25/Aug/2021:09:57:33 +0200] "GET /reload?ser=1629878253968 HTTP/1.1" 200 28 "http://renault.activities.at/aboutus" "Mozilla/5.0 (Windows NT 10.0; WOW64; Trident/7.0; rv:11.0) like Gecko"
91.133.70.9 - - [25/Aug/2021:09:57:41 +0200] "POST /axjaxrequest?mode=suggest HTTP/1.1" 200 483 "http://renault.activities.at/result?searchterm=true&search=Express" "Mozilla/5.0 (Windows NT 10.0; Win64; x64) AppleWebKit/537.36 (KHTML, like Gecko) Chrome/81.0.4044.129 Safari/537.36"
91.133.70.9 - - [25/Aug/2021:09:57:42 +0200] "POST /axjaxrequest?mode=suggest HTTP/1.1" 200 112 "http://renault.activities.at/result?searchterm=true&search=Express" "Mozilla/5.0 (Windows NT 10.0; Win64; x64) AppleWebKit/537.36 (KHTML, like Gecko) Chrome/81.0.4044.129 Safari/537.36"
91.133.70.9 - - [25/Aug/2021:09:57:42 +0200] "GET /result?searchterm=true&search=Arkana HTTP/1.1" 200 7212 "http://renault.activities.at/result?searchterm=true&search=Express" "Mozilla/5.0 (Windows NT 10.0; Win64; x64) AppleWebKit/537.36 (KHTML, like Gecko) Chrome/81.0.4044.129 Safari/537.36"
80.151.92.214 - - [25/Aug/2021:09:57:46 +0200] "GET /reload?ser=1629878266245 HTTP/1.1" 200 28 "http://renault.activities.at/login" "Mozilla/5.0 (Windows NT 10.0; Win64; x64) AppleWebKit/537.36 (KHTML, like Gecko) Chrome/92.0.4515.159 Safari/537.36"
91.133.70.9 - - [25/Aug/2021:09:57:45 +0200] "GET /result?searchterm=true&search=Arkana HTTP/1.1" 200 7212 "http://renault.activities.at/result?searchterm=true&search=Express" "Mozilla/5.0 (Windows NT 10.0; Win64; x64) AppleWebKit/537.36 (KHTML, like Gecko) Chrome/81.0.4044.129 Safari/537.36"
91.133.70.9 - - [25/Aug/2021:09:57:48 +0200] "GET /loadthumbnail.php?id=12428314&width=113 HTTP/1.1" 200 5819 "http://renault.activities.at/result?searchterm=true&search=Arkana" "Mozilla/5.0 (Windows NT 10.0; Win64; x64) AppleWebKit/537.36 (KHTML, like Gecko) Chrome/81.0.4044.129 Safari/537.36"
91.133.70.9 - - [25/Aug/2021:09:57:48 +0200] "GET /loadthumbnail.php?id=12421078&width=113 HTTP/1.1" 200 1888 "http://renault.activities.at/result?searchterm=true&search=Arkana" "Mozilla/5.0 (Windows NT 10.0; Win64; x64) AppleWebKit/537.36 (KHTML, like Gecko) Chrome/81.0.4044.129 Safari/537.36"
91.133.70.9 - - [25/Aug/2021:09:57:48 +0200] "GET /loadthumbnail.php?id=12421074&width=113 HTTP/1.1" 200 1888 "http://renault.activities.at/result?searchterm=true&search=Arkana" "Mozilla/5.0 (Windows NT 10.0; Win64; x64) AppleWebKit/537.36 (KHTML, like Gecko) Chrome/81.0.4044.129 Safari/537.36"
217.13.176.185 - - [25/Aug/2021:09:57:47 +0200] "GET /reload?ser=1629878267605 HTTP/1.1" 200 28 "http://renault.activities.at/success" "Mozilla/5.0 (Windows NT 10.0; WOW64) AppleWebKit/537.36 (KHTML, like Gecko) Chrome/86.0.4240.183 Safari/537.36 Edg/86.0.622.63"
91.133.70.9 - - [25/Aug/2021:09:57:48 +0200] "GET /loadthumbnail.php?id=12358950&width=113 HTTP/1.1" 200 1680 "http://renault.activities.at/result?searchterm=true&search=Arkana" "Mozilla/5.0 (Windows NT 10.0; Win64; x64) AppleWebKit/537.36 (KHTML, like Gecko) Chrome/81.0.4044.129 Safari/537.36"
91.133.70.9 - - [25/Aug/2021:09:57:48 +0200] "GET /loadthumbnail.php?id=12421082&width=113 HTTP/1.1" 200 1910 "http://renault.activities.at/result?searchterm=true&search=Arkana" "Mozilla/5.0 (Windows NT 10.0; Win64; x64) AppleWebKit/537.36 (KHTML, like Gecko) Chrome/81.0.4044.129 Safari/537.36"
91.133.70.9 - - [25/Aug/2021:09:57:48 +0200] "GET /loadthumbnail.php?id=12421086&width=113 HTTP/1.1" 200 1910 "http://renault.activities.at/result?searchterm=true&search=Arkana" "Mozilla/5.0 (Windows NT 10.0; Win64; x64) AppleWebKit/537.36 (KHTML, like Gecko) Chrome/81.0.4044.129 Safari/537.36"
91.133.70.9 - - [25/Aug/2021:09:57:48 +0200] "GET /loadthumbnail.php?id=10203650&width=113 HTTP/1.1" 200 2741 "http://renault.activities.at/result?searchterm=true&search=Arkana" "Mozilla/5.0 (Windows NT 10.0; Win64; x64) AppleWebKit/537.36 (KHTML, like Gecko) Chrome/81.0.4044.129 Safari/537.36"
91.133.70.9 - - [25/Aug/2021:09:57:48 +0200] "GET /loadthumbnail.php?id=12358949&width=113 HTTP/1.1" 200 2061 "http://renault.activities.at/result?searchterm=true&search=Arkana" "Mozilla/5.0 (Windows NT 10.0; Win64; x64) AppleWebKit/537.36 (KHTML, like Gecko) Chrome/81.0.4044.129 Safari/537.36"
91.133.70.9 - - [25/Aug/2021:09:57:48 +0200] "GET /loadthumbnail.php?id=12414627&width=113 HTTP/1.1" 200 3273 "http://renault.activities.at/result?searchterm=true&search=Arkana" "Mozilla/5.0 (Windows NT 10.0; Win64; x64) AppleWebKit/537.36 (KHTML, like Gecko) Chrome/81.0.4044.129 Safari/537.36"
80.122.53.230 - - [25/Aug/2021:09:57:52 +0200] "GET /reload?ser=1629878272739 HTTP/1.1" 200 28 "http://renault.activities.at/" "Mozilla/5.0 (Windows NT 10.0; Win64; x64) AppleWebKit/537.36 (KHTML, like Gecko) Chrome/92.0.4515.159 Safari/537.36"
91.133.70.9 - - [25/Aug/2021:09:57:57 +0200] "POST /result?searchterm=true&search=Arkana HTTP/1.1" 200 7310 "http://renault.activities.at/result?searchterm=true&search=Arkana" "Mozilla/5.0 (Windows NT 10.0; Win64; x64) AppleWebKit/537.36 (KHTML, like Gecko) Chrome/81.0.4044.129 Safari/537.36"
91.133.70.9 - - [25/Aug/2021:09:58:07 +0200] "GET /result?searchterm=true&search=Twingo HTTP/1.1" 200 8460 "http://renault.activities.at/result?searchterm=true&search=Arkana" "Mozilla/5.0 (Windows NT 10.0; Win64; x64) AppleWebKit/537.36 (KHTML, like Gecko) Chrome/81.0.4044.129 Safari/537.36"
91.133.70.9 - - [25/Aug/2021:09:58:11 +0200] "GET /loadthumbnail.php?id=12329773&width=113 HTTP/1.1" 200 6402 "http://renault.activities.at/result?searchterm=true&search=Twingo" "Mozilla/5.0 (Windows NT 10.0; Win64; x64) AppleWebKit/537.36 (KHTML, like Gecko) Chrome/81.0.4044.129 Safari/537.36"
91.133.70.9 - - [25/Aug/2021:09:58:11 +0200] "GET /loadthumbnail.php?id=10203276 HTTP/1.1" 200 75 "http://renault.activities.at/result?searchterm=true&search=Twingo" "Mozilla/5.0 (Windows NT 10.0; Win64; x64) AppleWebKit/537.36 (KHTML, like Gecko) Chrome/81.0.4044.129 Safari/537.36"
91.133.70.9 - - [25/Aug/2021:09:58:11 +0200] "GET /loadthumbnail.php?id=12431848&width=113 HTTP/1.1" 200 1733 "http://renault.activities.at/result?searchterm=true&search=Twingo" "Mozilla/5.0 (Windows NT 10.0; Win64; x64) AppleWebKit/537.36 (KHTML, like Gecko) Chrome/81.0.4044.129 Safari/537.36"
91.133.70.9 - - [25/Aug/2021:09:58:11 +0200] "GET /loadthumbnail.php?id=12037190&width=113 HTTP/1.1" 200 19857 "http://renault.activities.at/result?searchterm=true&search=Twingo" "Mozilla/5.0 (Windows NT 10.0; Win64; x64) AppleWebKit/537.36 (KHTML, like Gecko) Chrome/81.0.4044.129 Safari/537.36"
91.133.70.9 - - [25/Aug/2021:09:58:11 +0200] "GET /loadthumbnail.php?id=12431847&width=113 HTTP/1.1" 200 1733 "http://renault.activities.at/result?searchterm=true&search=Twingo" "Mozilla/5.0 (Windows NT 10.0; Win64; x64) AppleWebKit/537.36 (KHTML, like Gecko) Chrome/81.0.4044.129 Safari/537.36"
91.133.70.9 - - [25/Aug/2021:09:58:11 +0200] "GET /loadthumbnail.php?id=11181187&width=113 HTTP/1.1" 200 1532 "http://renault.activities.at/result?searchterm=true&search=Twingo" "Mozilla/5.0 (Windows NT 10.0; Win64; x64) AppleWebKit/537.36 (KHTML, like Gecko) Chrome/81.0.4044.129 Safari/537.36"
91.133.70.9 - - [25/Aug/2021:09:58:11 +0200] "GET /loadthumbnail.php?id=11181185&width=113 HTTP/1.1" 200 1532 "http://renault.activities.at/result?searchterm=true&search=Twingo" "Mozilla/5.0 (Windows NT 10.0; Win64; x64) AppleWebKit/537.36 (KHTML, like Gecko) Chrome/81.0.4044.129 Safari/537.36"
91.133.70.9 - - [25/Aug/2021:09:58:11 +0200] "GET /loadthumbnail.php?id=11181180&width=113 HTTP/1.1" 200 1834 "http://renault.activities.at/result?searchterm=true&search=Twingo" "Mozilla/5.0 (Windows NT 10.0; Win64; x64) AppleWebKit/537.36 (KHTML, like Gecko) Chrome/81.0.4044.129 Safari/537.36"
91.133.70.9 - - [25/Aug/2021:09:58:11 +0200] "GET /loadthumbnail.php?id=11181178&width=113 HTTP/1.1" 200 1834 "http://renault.activities.at/result?searchterm=true&search=Twingo" "Mozilla/5.0 (Windows NT 10.0; Win64; x64) AppleWebKit/537.36 (KHTML, like Gecko) Chrome/81.0.4044.129 Safari/537.36"
91.133.70.9 - - [25/Aug/2021:09:58:11 +0200] "GET /loadthumbnail.php?id=11137061&width=113 HTTP/1.1" 200 2095 "http://renault.activities.at/result?searchterm=true&search=Twingo" "Mozilla/5.0 (Windows NT 10.0; Win64; x64) AppleWebKit/537.36 (KHTML, like Gecko) Chrome/81.0.4044.129 Safari/537.36"
91.133.70.9 - - [25/Aug/2021:09:58:11 +0200] "GET /loadthumbnail.php?id=11181166&width=113 HTTP/1.1" 200 847 "http://renault.activities.at/result?searchterm=true&search=Twingo" "Mozilla/5.0 (Windows NT 10.0; Win64; x64) AppleWebKit/537.36 (KHTML, like Gecko) Chrome/81.0.4044.129 Safari/537.36"
91.133.70.9 - - [25/Aug/2021:09:58:11 +0200] "GET /loadthumbnail.php?id=11183285&width=113 HTTP/1.1" 200 1898 "http://renault.activities.at/result?searchterm=true&search=Twingo" "Mozilla/5.0 (Windows NT 10.0; Win64; x64) AppleWebKit/537.36 (KHTML, like Gecko) Chrome/81.0.4044.129 Safari/537.36"
91.133.70.9 - - [25/Aug/2021:09:58:11 +0200] "GET /loadthumbnail.php?id=11181172&width=113 HTTP/1.1" 200 1576 "http://renault.activities.at/result?searchterm=true&search=Twingo" "Mozilla/5.0 (Windows NT 10.0; Win64; x64) AppleWebKit/537.36 (KHTML, like Gecko) Chrome/81.0.4044.129 Safari/537.36"
91.133.70.9 - - [25/Aug/2021:09:58:11 +0200] "GET /loadthumbnail.php?id=11181170&width=113 HTTP/1.1" 200 1576 "http://renault.activities.at/result?searchterm=true&search=Twingo" "Mozilla/5.0 (Windows NT 10.0; Win64; x64) AppleWebKit/537.36 (KHTML, like Gecko) Chrome/81.0.4044.129 Safari/537.36"
91.133.70.9 - - [25/Aug/2021:09:58:11 +0200] "GET /loadthumbnail.php?id=12040651&width=113 HTTP/1.1" 200 3124 "http://renault.activities.at/result?searchterm=true&search=Twingo" "Mozilla/5.0 (Windows NT 10.0; Win64; x64) AppleWebKit/537.36 (KHTML, like Gecko) Chrome/81.0.4044.129 Safari/537.36"
91.133.70.9 - - [25/Aug/2021:09:58:07 +0200] "POST /axjaxrequest?mode=suggest HTTP/1.1" 200 112 "http://renault.activities.at/result?searchterm=true&search=Arkana" "Mozilla/5.0 (Windows NT 10.0; Win64; x64) AppleWebKit/537.36 (KHTML, like Gecko) Chrome/81.0.4044.129 Safari/537.36"
80.120.148.242 - - [25/Aug/2021:09:58:12 +0200] "GET /reload?ser=1629878292610 HTTP/1.1" 200 28 "http://renault.activities.at/account" "Mozilla/5.0 (Windows NT 10.0; Win64; x64) AppleWebKit/537.36 (KHTML, like Gecko) Chrome/92.0.4515.159 Safari/537.36"
91.133.70.9 - - [25/Aug/2021:09:58:21 +0200] "GET /result?dir=DESC&mode=grid&order=name&limit=15&page=2&search=Twingo HTTP/1.1" 200 6835 "http://renault.activities.at/result?searchterm=true&search=Twingo" "Mozilla/5.0 (Windows NT 10.0; Win64; x64) AppleWebKit/537.36 (KHTML, like Gecko) Chrome/81.0.4044.129 Safari/537.36"
91.133.70.9 - - [25/Aug/2021:09:58:23 +0200] "GET /loadthumbnail.php?id=10203275 HTTP/1.1" 200 85 "http://renault.activities.at/result?dir=DESC&mode=grid&order=name&limit=15&page=2&search=Twingo" "Mozilla/5.0 (Windows NT 10.0; Win64; x64) AppleWebKit/537.36 (KHTML, like Gecko) Chrome/81.0.4044.129 Safari/537.36"
91.133.70.9 - - [25/Aug/2021:09:58:23 +0200] "GET /loadthumbnail.php?id=12040662&width=113 HTTP/1.1" 200 4115 "http://renault.activities.at/result?dir=DESC&mode=grid&order=name&limit=15&page=2&search=Twingo" "Mozilla/5.0 (Windows NT 10.0; Win64; x64) AppleWebKit/537.36 (KHTML, like Gecko) Chrome/81.0.4044.129 Safari/537.36"
91.133.70.9 - - [25/Aug/2021:09:58:23 +0200] "GET /loadthumbnail.php?id=11342066&width=113 HTTP/1.1" 200 28015 "http://renault.activities.at/result?dir=DESC&mode=grid&order=name&limit=15&page=2&search=Twingo" "Mozilla/5.0 (Windows NT 10.0; Win64; x64) AppleWebKit/537.36 (KHTML, like Gecko) Chrome/81.0.4044.129 Safari/537.36"
91.133.70.9 - - [25/Aug/2021:09:58:23 +0200] "GET /loadthumbnail.php?id=12332933&width=113 HTTP/1.1" 200 1397 "http://renault.activities.at/result?dir=DESC&mode=grid&order=name&limit=15&page=2&search=Twingo" "Mozilla/5.0 (Windows NT 10.0; Win64; x64) AppleWebKit/537.36 (KHTML, like Gecko) Chrome/81.0.4044.129 Safari/537.36"
91.133.70.9 - - [25/Aug/2021:09:58:23 +0200] "GET /loadthumbnail.php?id=12367878&width=113 HTTP/1.1" 200 3019 "http://renault.activities.at/result?dir=DESC&mode=grid&order=name&limit=15&page=2&search=Twingo" "Mozilla/5.0 (Windows NT 10.0; Win64; x64) AppleWebKit/537.36 (KHTML, like Gecko) Chrome/81.0.4044.129 Safari/537.36"
91.133.70.9 - - [25/Aug/2021:09:58:23 +0200] "GET /loadthumbnail.php?id=12140010&width=113 HTTP/1.1" 200 28414 "http://renault.activities.at/result?dir=DESC&mode=grid&order=name&limit=15&page=2&search=Twingo" "Mozilla/5.0 (Windows NT 10.0; Win64; x64) AppleWebKit/537.36 (KHTML, like Gecko) Chrome/81.0.4044.129 Safari/537.36"
138.21.12.21 - - [25/Aug/2021:09:58:24 +0200] "GET /reload?ser=1629878304379 HTTP/1.1" 200 28 "http://renault.2web.at/result?searchterm=true&search=selbst" "Mozilla/5.0 (Windows NT 10.0; Win64; x64) AppleWebKit/537.36 (KHTML, like Gecko) Chrome/92.0.4515.159 Safari/537.36"
91.133.70.9 - - [25/Aug/2021:09:58:30 +0200] "POST /result?dir=DESC&mode=grid&order=name&limit=15&page=2&search=Twingo HTTP/1.1" 200 6936 "http://renault.activities.at/result?dir=DESC&mode=grid&order=name&limit=15&page=2&search=Twingo" "Mozilla/5.0 (Windows NT 10.0; Win64; x64) AppleWebKit/537.36 (KHTML, like Gecko) Chrome/81.0.4044.129 Safari/537.36"
80.120.210.180 - - [25/Aug/2021:09:58:34 +0200] "GET /reload?ser=1629878314938 HTTP/1.1" 200 28 "http://renault.activities.at/aboutus" "Mozilla/5.0 (Windows NT 10.0; WOW64; Trident/7.0; rv:11.0) like Gecko"
80.151.92.214 - - [25/Aug/2021:09:58:47 +0200] "GET /reload?ser=1629878327245 HTTP/1.1" 200 28 "http://renault.activities.at/login" "Mozilla/5.0 (Windows NT 10.0; Win64; x64) AppleWebKit/537.36 (KHTML, like Gecko) Chrome/92.0.4515.159 Safari/537.36"
217.13.176.185 - - [25/Aug/2021:09:58:49 +0200] "GET /reload?ser=1629878329601 HTTP/1.1" 200 28 "http://renault.activities.at/success" "Mozilla/5.0 (Windows NT 10.0; WOW64) AppleWebKit/537.36 (KHTML, like Gecko) Chrome/86.0.4240.183 Safari/537.36 Edg/86.0.622.63"
80.122.53.230 - - [25/Aug/2021:09:58:53 +0200] "GET /reload?ser=1629878333373 HTTP/1.1" 200 28 "http://renault.activities.at/" "Mozilla/5.0 (Windows NT 10.0; Win64; x64) AppleWebKit/537.36 (KHTML, like Gecko) Chrome/92.0.4515.159 Safari/537.36"
