46.244.215.110 - - [25/Aug/2021:12:01:04 +0200] "GET /images/button_left_bg.gif HTTP/1.1" 200 564 "http://renault.activities.at/css/styles.css" "Mozilla/5.0 (Windows NT 10.0; Win64; x64; rv:91.0) Gecko/20100101 Firefox/91.0"
46.244.215.110 - - [25/Aug/2021:12:01:04 +0200] "GET /images/button_right_bg.gif HTTP/1.1" 200 561 "http://renault.activities.at/css/styles.css" "Mozilla/5.0 (Windows NT 10.0; Win64; x64; rv:91.0) Gecko/20100101 Firefox/91.0"
46.244.215.110 - - [25/Aug/2021:12:01:04 +0200] "GET /images/button_bg.gif HTTP/1.1" 200 151 "http://renault.activities.at/css/styles.css" "Mozilla/5.0 (Windows NT 10.0; Win64; x64; rv:91.0) Gecko/20100101 Firefox/91.0"
46.244.215.110 - - [25/Aug/2021:12:01:04 +0200] "GET /loadthumbnail.php?id=11127982 HTTP/1.1" 200 399614 "http://renault.activities.at/login" "Mozilla/5.0 (Windows NT 10.0; Win64; x64; rv:91.0) Gecko/20100101 Firefox/91.0"
46.244.215.110 - - [25/Aug/2021:12:01:06 +0200] "GET / HTTP/1.1" 200 3086 "http://renault.activities.at/login" "Mozilla/5.0 (Windows NT 10.0; Win64; x64; rv:91.0) Gecko/20100101 Firefox/91.0"
46.244.215.110 - - [25/Aug/2021:12:01:07 +0200] "GET /loadthumbnail.php?id=11127982 HTTP/1.1" 200 399614 "http://renault.activities.at/" "Mozilla/5.0 (Windows NT 10.0; Win64; x64; rv:91.0) Gecko/20100101 Firefox/91.0"
46.244.215.110 - - [25/Aug/2021:12:01:08 +0200] "GET /login HTTP/1.1" 200 2085 "http://renault.activities.at/" "Mozilla/5.0 (Windows NT 10.0; Win64; x64; rv:91.0) Gecko/20100101 Firefox/91.0"
80.122.53.230 - - [25/Aug/2021:12:01:10 +0200] "GET /reload?ser=1629885670602 HTTP/1.1" 200 28 "http://renault.activities.at/" "Mozilla/5.0 (Windows NT 10.0; Win64; x64) AppleWebKit/537.36 (KHTML, like Gecko) Chrome/92.0.4515.159 Safari/537.36"
138.21.12.21 - - [25/Aug/2021:12:01:22 +0200] "GET /reload?ser=1629885682502 HTTP/1.1" 200 28 "http://renault.2web.at/result?searchterm=true&search=selbst" "Mozilla/5.0 (Windows NT 10.0; Win64; x64) AppleWebKit/537.36 (KHTML, like Gecko) Chrome/92.0.4515.159 Safari/537.36"
80.120.148.242 - - [25/Aug/2021:12:01:31 +0200] "GET /reload?ser=1629885691740 HTTP/1.1" 200 28 "http://renault.activities.at/account" "Mozilla/5.0 (Windows NT 10.0; Win64; x64) AppleWebKit/537.36 (KHTML, like Gecko) Chrome/92.0.4515.159 Safari/537.36"
80.151.92.214 - - [25/Aug/2021:12:01:48 +0200] "GET /reload?ser=1629885708373 HTTP/1.1" 200 28 "http://renault.activities.at/login" "Mozilla/5.0 (Windows NT 10.0; Win64; x64) AppleWebKit/537.36 (KHTML, like Gecko) Chrome/92.0.4515.159 Safari/537.36"
80.123.225.38 - - [25/Aug/2021:12:01:59 +0200] "GET /reload?ser=1629885719885 HTTP/1.1" 200 28 "http://renault.activities.at/success" "Mozilla/5.0 (Windows NT 10.0; WOW64; Trident/7.0; rv:11.0) like Gecko"
46.244.215.110 - - [25/Aug/2021:12:02:09 +0200] "GET /reload?ser=1629885729363 HTTP/1.1" 200 28 "http://renault.activities.at/login" "Mozilla/5.0 (Windows NT 10.0; Win64; x64; rv:91.0) Gecko/20100101 Firefox/91.0"
80.122.53.230 - - [25/Aug/2021:12:02:11 +0200] "GET /reload?ser=1629885731229 HTTP/1.1" 200 28 "http://renault.activities.at/" "Mozilla/5.0 (Windows NT 10.0; Win64; x64) AppleWebKit/537.36 (KHTML, like Gecko) Chrome/92.0.4515.159 Safari/537.36"
138.21.12.21 - - [25/Aug/2021:12:02:24 +0200] "GET /reload?ser=1629885744502 HTTP/1.1" 200 28 "http://renault.2web.at/result?searchterm=true&search=selbst" "Mozilla/5.0 (Windows NT 10.0; Win64; x64) AppleWebKit/537.36 (KHTML, like Gecko) Chrome/92.0.4515.159 Safari/537.36"
80.120.148.242 - - [25/Aug/2021:12:02:32 +0200] "GET /reload?ser=1629885752744 HTTP/1.1" 200 28 "http://renault.activities.at/account" "Mozilla/5.0 (Windows NT 10.0; Win64; x64) AppleWebKit/537.36 (KHTML, like Gecko) Chrome/92.0.4515.159 Safari/537.36"
80.151.92.214 - - [25/Aug/2021:12:02:49 +0200] "GET /reload?ser=1629885769385 HTTP/1.1" 200 28 "http://renault.activities.at/login" "Mozilla/5.0 (Windows NT 10.0; Win64; x64) AppleWebKit/537.36 (KHTML, like Gecko) Chrome/92.0.4515.159 Safari/537.36"
80.123.225.38 - - [25/Aug/2021:12:03:00 +0200] "GET /reload?ser=1629885780843 HTTP/1.1" 200 28 "http://renault.activities.at/success" "Mozilla/5.0 (Windows NT 10.0; WOW64; Trident/7.0; rv:11.0) like Gecko"
46.244.215.110 - - [25/Aug/2021:12:03:10 +0200] "GET /reload?ser=1629885790030 HTTP/1.1" 200 28 "http://renault.activities.at/login" "Mozilla/5.0 (Windows NT 10.0; Win64; x64; rv:91.0) Gecko/20100101 Firefox/91.0"
80.122.53.230 - - [25/Aug/2021:12:03:12 +0200] "GET /reload?ser=1629885791871 HTTP/1.1" 200 28 "http://renault.activities.at/" "Mozilla/5.0 (Windows NT 10.0; Win64; x64) AppleWebKit/537.36 (KHTML, like Gecko) Chrome/92.0.4515.159 Safari/537.36"
138.21.12.21 - - [25/Aug/2021:12:03:26 +0200] "GET /reload?ser=1629885806502 HTTP/1.1" 200 28 "http://renault.2web.at/result?searchterm=true&search=selbst" "Mozilla/5.0 (Windows NT 10.0; Win64; x64) AppleWebKit/537.36 (KHTML, like Gecko) Chrome/92.0.4515.159 Safari/537.36"
80.120.148.242 - - [25/Aug/2021:12:03:33 +0200] "GET /reload?ser=1629885813745 HTTP/1.1" 200 28 "http://renault.activities.at/account" "Mozilla/5.0 (Windows NT 10.0; Win64; x64) AppleWebKit/537.36 (KHTML, like Gecko) Chrome/92.0.4515.159 Safari/537.36"
80.151.92.214 - - [25/Aug/2021:12:03:50 +0200] "GET /reload?ser=1629885830375 HTTP/1.1" 200 28 "http://renault.activities.at/login" "Mozilla/5.0 (Windows NT 10.0; Win64; x64) AppleWebKit/537.36 (KHTML, like Gecko) Chrome/92.0.4515.159 Safari/537.36"
80.123.225.38 - - [25/Aug/2021:12:04:01 +0200] "GET /reload?ser=1629885841760 HTTP/1.1" 200 28 "http://renault.activities.at/success" "Mozilla/5.0 (Windows NT 10.0; WOW64; Trident/7.0; rv:11.0) like Gecko"
46.244.215.110 - - [25/Aug/2021:12:04:10 +0200] "GET /reload?ser=1629885850700 HTTP/1.1" 200 28 "http://renault.activities.at/login" "Mozilla/5.0 (Windows NT 10.0; Win64; x64; rv:91.0) Gecko/20100101 Firefox/91.0"
80.122.53.230 - - [25/Aug/2021:12:04:12 +0200] "GET /reload?ser=1629885852514 HTTP/1.1" 200 28 "http://renault.activities.at/" "Mozilla/5.0 (Windows NT 10.0; Win64; x64) AppleWebKit/537.36 (KHTML, like Gecko) Chrome/92.0.4515.159 Safari/537.36"
138.21.12.21 - - [25/Aug/2021:12:04:28 +0200] "GET /reload?ser=1629885868502 HTTP/1.1" 200 28 "http://renault.2web.at/result?searchterm=true&search=selbst" "Mozilla/5.0 (Windows NT 10.0; Win64; x64) AppleWebKit/537.36 (KHTML, like Gecko) Chrome/92.0.4515.159 Safari/537.36"
80.120.148.242 - - [25/Aug/2021:12:04:34 +0200] "GET /reload?ser=1629885874746 HTTP/1.1" 200 28 "http://renault.activities.at/account" "Mozilla/5.0 (Windows NT 10.0; Win64; x64) AppleWebKit/537.36 (KHTML, like Gecko) Chrome/92.0.4515.159 Safari/537.36"
80.151.92.214 - - [25/Aug/2021:12:04:51 +0200] "GET /reload?ser=1629885891376 HTTP/1.1" 200 28 "http://renault.activities.at/login" "Mozilla/5.0 (Windows NT 10.0; Win64; x64) AppleWebKit/537.36 (KHTML, like Gecko) Chrome/92.0.4515.159 Safari/537.36"
80.123.225.38 - - [25/Aug/2021:12:05:02 +0200] "GET /reload?ser=1629885902701 HTTP/1.1" 200 28 "http://renault.activities.at/success" "Mozilla/5.0 (Windows NT 10.0; WOW64; Trident/7.0; rv:11.0) like Gecko"
46.244.215.110 - - [25/Aug/2021:12:05:11 +0200] "GET /reload?ser=1629885911377 HTTP/1.1" 200 28 "http://renault.activities.at/login" "Mozilla/5.0 (Windows NT 10.0; Win64; x64; rv:91.0) Gecko/20100101 Firefox/91.0"
80.122.53.230 - - [25/Aug/2021:12:05:13 +0200] "GET /reload?ser=1629885913140 HTTP/1.1" 200 28 "http://renault.activities.at/" "Mozilla/5.0 (Windows NT 10.0; Win64; x64) AppleWebKit/537.36 (KHTML, like Gecko) Chrome/92.0.4515.159 Safari/537.36"
138.21.12.21 - - [25/Aug/2021:12:05:30 +0200] "GET /reload?ser=1629885930502 HTTP/1.1" 200 28 "http://renault.2web.at/result?searchterm=true&search=selbst" "Mozilla/5.0 (Windows NT 10.0; Win64; x64) AppleWebKit/537.36 (KHTML, like Gecko) Chrome/92.0.4515.159 Safari/537.36"
80.120.148.242 - - [25/Aug/2021:12:05:35 +0200] "GET /reload?ser=1629885935735 HTTP/1.1" 200 28 "http://renault.activities.at/account" "Mozilla/5.0 (Windows NT 10.0; Win64; x64) AppleWebKit/537.36 (KHTML, like Gecko) Chrome/92.0.4515.159 Safari/537.36"
80.151.92.214 - - [25/Aug/2021:12:05:52 +0200] "GET /reload?ser=1629885952386 HTTP/1.1" 200 28 "http://renault.activities.at/login" "Mozilla/5.0 (Windows NT 10.0; Win64; x64) AppleWebKit/537.36 (KHTML, like Gecko) Chrome/92.0.4515.159 Safari/537.36"
80.123.225.38 - - [25/Aug/2021:12:06:03 +0200] "GET /reload?ser=1629885963629 HTTP/1.1" 200 28 "http://renault.activities.at/success" "Mozilla/5.0 (Windows NT 10.0; WOW64; Trident/7.0; rv:11.0) like Gecko"
46.244.215.110 - - [25/Aug/2021:12:06:12 +0200] "GET /reload?ser=1629885972044 HTTP/1.1" 200 28 "http://renault.activities.at/login" "Mozilla/5.0 (Windows NT 10.0; Win64; x64; rv:91.0) Gecko/20100101 Firefox/91.0"
80.122.53.230 - - [25/Aug/2021:12:06:13 +0200] "GET /reload?ser=1629885973767 HTTP/1.1" 200 28 "http://renault.activities.at/" "Mozilla/5.0 (Windows NT 10.0; Win64; x64) AppleWebKit/537.36 (KHTML, like Gecko) Chrome/92.0.4515.159 Safari/537.36"
138.21.12.21 - - [25/Aug/2021:12:06:32 +0200] "GET /reload?ser=1629885992502 HTTP/1.1" 200 28 "http://renault.2web.at/result?searchterm=true&search=selbst" "Mozilla/5.0 (Windows NT 10.0; Win64; x64) AppleWebKit/537.36 (KHTML, like Gecko) Chrome/92.0.4515.159 Safari/537.36"
80.120.148.242 - - [25/Aug/2021:12:06:36 +0200] "GET /reload?ser=1629885996742 HTTP/1.1" 200 28 "http://renault.activities.at/account" "Mozilla/5.0 (Windows NT 10.0; Win64; x64) AppleWebKit/537.36 (KHTML, like Gecko) Chrome/92.0.4515.159 Safari/537.36"
95.33.43.47 - - [25/Aug/2021:12:06:46 +0200] "GET / HTTP/1.1" 200 3086 "https://www.google.com/" "Mozilla/5.0 (Windows NT 10.0; Win64; x64) AppleWebKit/537.36 (KHTML, like Gecko) Chrome/92.0.4515.159 Safari/537.36"
95.33.43.47 - - [25/Aug/2021:12:06:47 +0200] "GET /js/flashdetection.js HTTP/1.1" 200 1059 "http://renault.activities.at/" "Mozilla/5.0 (Windows NT 10.0; Win64; x64) AppleWebKit/537.36 (KHTML, like Gecko) Chrome/92.0.4515.159 Safari/537.36"
95.33.43.47 - - [25/Aug/2021:12:06:47 +0200] "GET /css/reset.css HTTP/1.1" 200 1356 "http://renault.activities.at/" "Mozilla/5.0 (Windows NT 10.0; Win64; x64) AppleWebKit/537.36 (KHTML, like Gecko) Chrome/92.0.4515.159 Safari/537.36"
95.33.43.47 - - [25/Aug/2021:12:06:47 +0200] "GET /css/clears.css HTTP/1.1" 200 851 "http://renault.activities.at/" "Mozilla/5.0 (Windows NT 10.0; Win64; x64) AppleWebKit/537.36 (KHTML, like Gecko) Chrome/92.0.4515.159 Safari/537.36"
95.33.43.47 - - [25/Aug/2021:12:06:47 +0200] "GET /css/styles.css HTTP/1.1" 200 14664 "http://renault.activities.at/" "Mozilla/5.0 (Windows NT 10.0; Win64; x64) AppleWebKit/537.36 (KHTML, like Gecko) Chrome/92.0.4515.159 Safari/537.36"
95.33.43.47 - - [25/Aug/2021:12:06:47 +0200] "GET /js/default.js HTTP/1.1" 200 14698 "http://renault.activities.at/" "Mozilla/5.0 (Windows NT 10.0; Win64; x64) AppleWebKit/537.36 (KHTML, like Gecko) Chrome/92.0.4515.159 Safari/537.36"
95.33.43.47 - - [25/Aug/2021:12:06:47 +0200] "GET /js/checkout.css HTTP/1.1" 200 359 "http://renault.activities.at/" "Mozilla/5.0 (Windows NT 10.0; Win64; x64) AppleWebKit/537.36 (KHTML, like Gecko) Chrome/92.0.4515.159 Safari/537.36"
95.33.43.47 - - [25/Aug/2021:12:06:47 +0200] "GET /css/prototip.css HTTP/1.1" 200 968 "http://renault.activities.at/" "Mozilla/5.0 (Windows NT 10.0; Win64; x64) AppleWebKit/537.36 (KHTML, like Gecko) Chrome/92.0.4515.159 Safari/537.36"
95.33.43.47 - - [25/Aug/2021:12:06:47 +0200] "GET /css/themes/default.css HTTP/1.1" 200 769 "http://renault.activities.at/" "Mozilla/5.0 (Windows NT 10.0; Win64; x64) AppleWebKit/537.36 (KHTML, like Gecko) Chrome/92.0.4515.159 Safari/537.36"
95.33.43.47 - - [25/Aug/2021:12:06:47 +0200] "GET /css/themes/alphacube.css HTTP/1.1" 200 743 "http://renault.activities.at/" "Mozilla/5.0 (Windows NT 10.0; Win64; x64) AppleWebKit/537.36 (KHTML, like Gecko) Chrome/92.0.4515.159 Safari/537.36"
95.33.43.47 - - [25/Aug/2021:12:06:47 +0200] "GET /js/index.php?c=auto&f=,prototype/prototype.js,prototype/validation.js,scriptaculous/builder.js,scriptaculous/effects.js,scriptaculous/dragdrop.js,scriptaculous/controls.js,scriptaculous/slider.js,varien/js.js,varien/form.js,varien/menu.js,mage/translate.js,mage/cookies.js,varien/product.js,spinner/SpinnerControl.jsmin.js,prototype/window.js,prototype/window_ext.js HTTP/1.1" 200 94182 "http://renault.activities.at/" "Mozilla/5.0 (Windows NT 10.0; Win64; x64) AppleWebKit/537.36 (KHTML, like Gecko) Chrome/92.0.4515.159 Safari/537.36"
95.33.43.47 - - [25/Aug/2021:12:06:47 +0200] "GET / HTTP/1.1" 200 3086 "https://www.google.com/" "Mozilla/5.0 (Windows NT 10.0; Win64; x64) AppleWebKit/537.36 (KHTML, like Gecko) Chrome/92.0.4515.159 Safari/537.36"
95.33.43.47 - - [25/Aug/2021:12:06:48 +0200] "GET /images/main_block_border.gif HTTP/1.1" 200 43 "http://renault.activities.at/css/styles.css" "Mozilla/5.0 (Windows NT 10.0; Win64; x64) AppleWebKit/537.36 (KHTML, like Gecko) Chrome/92.0.4515.159 Safari/537.36"
95.33.43.47 - - [25/Aug/2021:12:06:48 +0200] "GET /images/main_block_corner_left_bot.gif HTTP/1.1" 200 159 "http://renault.activities.at/css/styles.css" "Mozilla/5.0 (Windows NT 10.0; Win64; x64) AppleWebKit/537.36 (KHTML, like Gecko) Chrome/92.0.4515.159 Safari/537.36"
95.33.43.47 - - [25/Aug/2021:12:06:48 +0200] "GET /images/main_block_corner_right_bot.gif HTTP/1.1" 200 158 "http://renault.activities.at/css/styles.css" "Mozilla/5.0 (Windows NT 10.0; Win64; x64) AppleWebKit/537.36 (KHTML, like Gecko) Chrome/92.0.4515.159 Safari/537.36"
95.33.43.47 - - [25/Aug/2021:12:06:48 +0200] "GET /images/header_block_border.gif HTTP/1.1" 200 43 "http://renault.activities.at/css/styles.css" "Mozilla/5.0 (Windows NT 10.0; Win64; x64) AppleWebKit/537.36 (KHTML, like Gecko) Chrome/92.0.4515.159 Safari/537.36"
95.33.43.47 - - [25/Aug/2021:12:06:48 +0200] "GET /images/header_block_corner_left_top.gif HTTP/1.1" 200 160 "http://renault.activities.at/css/styles.css" "Mozilla/5.0 (Windows NT 10.0; Win64; x64) AppleWebKit/537.36 (KHTML, like Gecko) Chrome/92.0.4515.159 Safari/537.36"
95.33.43.47 - - [25/Aug/2021:12:06:48 +0200] "GET /css/print.css HTTP/1.1" 200 543 "http://renault.activities.at/" "Mozilla/5.0 (Windows NT 10.0; Win64; x64) AppleWebKit/537.36 (KHTML, like Gecko) Chrome/92.0.4515.159 Safari/537.36"
95.33.43.47 - - [25/Aug/2021:12:06:49 +0200] "GET /images/title_corner_right_top.jpg HTTP/1.1" 200 389 "http://renault.activities.at/css/styles.css" "Mozilla/5.0 (Windows NT 10.0; Win64; x64) AppleWebKit/537.36 (KHTML, like Gecko) Chrome/92.0.4515.159 Safari/537.36"
95.33.43.47 - - [25/Aug/2021:12:06:49 +0200] "GET /images/title_border.jpg HTTP/1.1" 200 304 "http://renault.activities.at/css/styles.css" "Mozilla/5.0 (Windows NT 10.0; Win64; x64) AppleWebKit/537.36 (KHTML, like Gecko) Chrome/92.0.4515.159 Safari/537.36"
95.33.43.47 - - [25/Aug/2021:12:06:49 +0200] "GET /images/title_corner_left_top.jpg HTTP/1.1" 200 372 "http://renault.activities.at/css/styles.css" "Mozilla/5.0 (Windows NT 10.0; Win64; x64) AppleWebKit/537.36 (KHTML, like Gecko) Chrome/92.0.4515.159 Safari/537.36"
95.33.43.47 - - [25/Aug/2021:12:06:49 +0200] "GET /images/main_block_corner_left_top.gif HTTP/1.1" 200 159 "http://renault.activities.at/css/styles.css" "Mozilla/5.0 (Windows NT 10.0; Win64; x64) AppleWebKit/537.36 (KHTML, like Gecko) Chrome/92.0.4515.159 Safari/537.36"
95.33.43.47 - - [25/Aug/2021:12:06:49 +0200] "GET /images/main_block_corner_right_top.gif HTTP/1.1" 200 159 "http://renault.activities.at/css/styles.css" "Mozilla/5.0 (Windows NT 10.0; Win64; x64) AppleWebKit/537.36 (KHTML, like Gecko) Chrome/92.0.4515.159 Safari/537.36"
95.33.43.47 - - [25/Aug/2021:12:06:49 +0200] "GET /images/header_block_corner_right_top.gif HTTP/1.1" 200 160 "http://renault.activities.at/css/styles.css" "Mozilla/5.0 (Windows NT 10.0; Win64; x64) AppleWebKit/537.36 (KHTML, like Gecko) Chrome/92.0.4515.159 Safari/537.36"
95.33.43.47 - - [25/Aug/2021:12:06:49 +0200] "GET /images/title_border_top.jpg HTTP/1.1" 200 336 "http://renault.activities.at/css/styles.css" "Mozilla/5.0 (Windows NT 10.0; Win64; x64) AppleWebKit/537.36 (KHTML, like Gecko) Chrome/92.0.4515.159 Safari/537.36"
95.33.43.47 - - [25/Aug/2021:12:06:49 +0200] "GET /loadthumbnail.php?id=11127982 HTTP/1.1" 200 399614 "http://renault.activities.at/" "Mozilla/5.0 (Windows NT 10.0; Win64; x64) AppleWebKit/537.36 (KHTML, like Gecko) Chrome/92.0.4515.159 Safari/537.36"
95.33.43.47 - - [25/Aug/2021:12:06:49 +0200] "GET /images/favicon.ico HTTP/1.1" 404 305 "http://renault.activities.at/" "Mozilla/5.0 (Windows NT 10.0; Win64; x64) AppleWebKit/537.36 (KHTML, like Gecko) Chrome/92.0.4515.159 Safari/537.36"
80.151.92.214 - - [25/Aug/2021:12:06:53 +0200] "GET /reload?ser=1629886013378 HTTP/1.1" 200 28 "http://renault.activities.at/login" "Mozilla/5.0 (Windows NT 10.0; Win64; x64) AppleWebKit/537.36 (KHTML, like Gecko) Chrome/92.0.4515.159 Safari/537.36"
80.123.225.38 - - [25/Aug/2021:12:07:04 +0200] "GET /reload?ser=1629886024578 HTTP/1.1" 200 28 "http://renault.activities.at/success" "Mozilla/5.0 (Windows NT 10.0; WOW64; Trident/7.0; rv:11.0) like Gecko"
46.244.215.110 - - [25/Aug/2021:12:07:12 +0200] "GET /reload?ser=1629886032714 HTTP/1.1" 200 28 "http://renault.activities.at/login" "Mozilla/5.0 (Windows NT 10.0; Win64; x64; rv:91.0) Gecko/20100101 Firefox/91.0"
80.122.53.230 - - [25/Aug/2021:12:07:14 +0200] "GET /reload?ser=1629886034394 HTTP/1.1" 200 28 "http://renault.activities.at/" "Mozilla/5.0 (Windows NT 10.0; Win64; x64) AppleWebKit/537.36 (KHTML, like Gecko) Chrome/92.0.4515.159 Safari/537.36"
138.21.12.21 - - [25/Aug/2021:12:07:34 +0200] "GET /reload?ser=1629886054503 HTTP/1.1" 200 28 "http://renault.2web.at/result?searchterm=true&search=selbst" "Mozilla/5.0 (Windows NT 10.0; Win64; x64) AppleWebKit/537.36 (KHTML, like Gecko) Chrome/92.0.4515.159 Safari/537.36"
80.120.148.242 - - [25/Aug/2021:12:07:37 +0200] "GET /reload?ser=1629886057749 HTTP/1.1" 200 28 "http://renault.activities.at/account" "Mozilla/5.0 (Windows NT 10.0; Win64; x64) AppleWebKit/537.36 (KHTML, like Gecko) Chrome/92.0.4515.159 Safari/537.36"
80.151.92.214 - - [25/Aug/2021:12:07:54 +0200] "GET /reload?ser=1629886074389 HTTP/1.1" 200 28 "http://renault.activities.at/login" "Mozilla/5.0 (Windows NT 10.0; Win64; x64) AppleWebKit/537.36 (KHTML, like Gecko) Chrome/92.0.4515.159 Safari/537.36"
80.123.225.38 - - [25/Aug/2021:12:08:05 +0200] "GET /reload?ser=1629886085512 HTTP/1.1" 200 28 "http://renault.activities.at/success" "Mozilla/5.0 (Windows NT 10.0; WOW64; Trident/7.0; rv:11.0) like Gecko"
46.244.215.110 - - [25/Aug/2021:12:08:13 +0200] "GET /reload?ser=1629886093457 HTTP/1.1" 200 28 "http://renault.activities.at/login" "Mozilla/5.0 (Windows NT 10.0; Win64; x64; rv:91.0) Gecko/20100101 Firefox/91.0"
80.122.53.230 - - [25/Aug/2021:12:08:15 +0200] "GET /reload?ser=1629886095031 HTTP/1.1" 200 28 "http://renault.activities.at/" "Mozilla/5.0 (Windows NT 10.0; Win64; x64) AppleWebKit/537.36 (KHTML, like Gecko) Chrome/92.0.4515.159 Safari/537.36"
138.21.12.21 - - [25/Aug/2021:12:08:36 +0200] "GET /reload?ser=1629886116503 HTTP/1.1" 200 28 "http://renault.2web.at/result?searchterm=true&search=selbst" "Mozilla/5.0 (Windows NT 10.0; Win64; x64) AppleWebKit/537.36 (KHTML, like Gecko) Chrome/92.0.4515.159 Safari/537.36"
80.120.148.242 - - [25/Aug/2021:12:08:38 +0200] "GET /reload?ser=1629886118739 HTTP/1.1" 200 28 "http://renault.activities.at/account" "Mozilla/5.0 (Windows NT 10.0; Win64; x64) AppleWebKit/537.36 (KHTML, like Gecko) Chrome/92.0.4515.159 Safari/537.36"
80.151.92.214 - - [25/Aug/2021:12:08:55 +0200] "GET /reload?ser=1629886135380 HTTP/1.1" 200 28 "http://renault.activities.at/login" "Mozilla/5.0 (Windows NT 10.0; Win64; x64) AppleWebKit/537.36 (KHTML, like Gecko) Chrome/92.0.4515.159 Safari/537.36"
80.123.225.38 - - [25/Aug/2021:12:09:06 +0200] "GET /reload?ser=1629886146497 HTTP/1.1" 200 28 "http://renault.activities.at/success" "Mozilla/5.0 (Windows NT 10.0; WOW64; Trident/7.0; rv:11.0) like Gecko"
46.244.215.110 - - [25/Aug/2021:12:09:14 +0200] "GET /reload?ser=1629886154129 HTTP/1.1" 200 28 "http://renault.activities.at/login" "Mozilla/5.0 (Windows NT 10.0; Win64; x64; rv:91.0) Gecko/20100101 Firefox/91.0"
80.122.53.230 - - [25/Aug/2021:12:09:15 +0200] "GET /reload?ser=1629886155660 HTTP/1.1" 200 28 "http://renault.activities.at/" "Mozilla/5.0 (Windows NT 10.0; Win64; x64) AppleWebKit/537.36 (KHTML, like Gecko) Chrome/92.0.4515.159 Safari/537.36"
138.21.12.21 - - [25/Aug/2021:12:09:39 +0200] "GET /reload?ser=1629886178503 HTTP/1.1" 200 28 "http://renault.2web.at/result?searchterm=true&search=selbst" "Mozilla/5.0 (Windows NT 10.0; Win64; x64) AppleWebKit/537.36 (KHTML, like Gecko) Chrome/92.0.4515.159 Safari/537.36"
80.120.148.242 - - [25/Aug/2021:12:09:39 +0200] "GET /reload?ser=1629886179748 HTTP/1.1" 200 28 "http://renault.activities.at/account" "Mozilla/5.0 (Windows NT 10.0; Win64; x64) AppleWebKit/537.36 (KHTML, like Gecko) Chrome/92.0.4515.159 Safari/537.36"
80.151.92.214 - - [25/Aug/2021:12:09:56 +0200] "GET /reload?ser=1629886196390 HTTP/1.1" 200 28 "http://renault.activities.at/login" "Mozilla/5.0 (Windows NT 10.0; Win64; x64) AppleWebKit/537.36 (KHTML, like Gecko) Chrome/92.0.4515.159 Safari/537.36"
80.123.225.38 - - [25/Aug/2021:12:10:07 +0200] "GET /reload?ser=1629886207461 HTTP/1.1" 200 28 "http://renault.activities.at/success" "Mozilla/5.0 (Windows NT 10.0; WOW64; Trident/7.0; rv:11.0) like Gecko"
46.244.215.110 - - [25/Aug/2021:12:10:14 +0200] "GET /reload?ser=1629886214797 HTTP/1.1" 200 28 "http://renault.activities.at/login" "Mozilla/5.0 (Windows NT 10.0; Win64; x64; rv:91.0) Gecko/20100101 Firefox/91.0"
80.122.53.230 - - [25/Aug/2021:12:10:16 +0200] "GET /reload?ser=1629886216290 HTTP/1.1" 200 28 "http://renault.activities.at/" "Mozilla/5.0 (Windows NT 10.0; Win64; x64) AppleWebKit/537.36 (KHTML, like Gecko) Chrome/92.0.4515.159 Safari/537.36"
80.120.148.242 - - [25/Aug/2021:12:10:40 +0200] "GET /reload?ser=1629886240758 HTTP/1.1" 200 28 "http://renault.activities.at/account" "Mozilla/5.0 (Windows NT 10.0; Win64; x64) AppleWebKit/537.36 (KHTML, like Gecko) Chrome/92.0.4515.159 Safari/537.36"
138.21.12.21 - - [25/Aug/2021:12:10:40 +0200] "GET /reload?ser=1629886240503 HTTP/1.1" 200 28 "http://renault.2web.at/result?searchterm=true&search=selbst" "Mozilla/5.0 (Windows NT 10.0; Win64; x64) AppleWebKit/537.36 (KHTML, like Gecko) Chrome/92.0.4515.159 Safari/537.36"
80.151.92.214 - - [25/Aug/2021:12:10:57 +0200] "GET /reload?ser=1629886257379 HTTP/1.1" 200 28 "http://renault.activities.at/login" "Mozilla/5.0 (Windows NT 10.0; Win64; x64) AppleWebKit/537.36 (KHTML, like Gecko) Chrome/92.0.4515.159 Safari/537.36"
80.123.225.38 - - [25/Aug/2021:12:11:08 +0200] "GET /reload?ser=1629886268411 HTTP/1.1" 200 28 "http://renault.activities.at/success" "Mozilla/5.0 (Windows NT 10.0; WOW64; Trident/7.0; rv:11.0) like Gecko"
46.244.215.110 - - [25/Aug/2021:12:11:15 +0200] "GET /reload?ser=1629886275462 HTTP/1.1" 200 28 "http://renault.activities.at/login" "Mozilla/5.0 (Windows NT 10.0; Win64; x64; rv:91.0) Gecko/20100101 Firefox/91.0"
80.122.53.230 - - [25/Aug/2021:12:11:17 +0200] "GET /reload?ser=1629886276935 HTTP/1.1" 200 28 "http://renault.activities.at/" "Mozilla/5.0 (Windows NT 10.0; Win64; x64) AppleWebKit/537.36 (KHTML, like Gecko) Chrome/92.0.4515.159 Safari/537.36"
80.120.148.242 - - [25/Aug/2021:12:11:41 +0200] "GET /reload?ser=1629886301747 HTTP/1.1" 200 28 "http://renault.activities.at/account" "Mozilla/5.0 (Windows NT 10.0; Win64; x64) AppleWebKit/537.36 (KHTML, like Gecko) Chrome/92.0.4515.159 Safari/537.36"
138.21.12.21 - - [25/Aug/2021:12:11:43 +0200] "GET /reload?ser=1629886302503 HTTP/1.1" 200 28 "http://renault.2web.at/result?searchterm=true&search=selbst" "Mozilla/5.0 (Windows NT 10.0; Win64; x64) AppleWebKit/537.36 (KHTML, like Gecko) Chrome/92.0.4515.159 Safari/537.36"
80.151.92.214 - - [25/Aug/2021:12:11:58 +0200] "GET /reload?ser=1629886318393 HTTP/1.1" 200 28 "http://renault.activities.at/login" "Mozilla/5.0 (Windows NT 10.0; Win64; x64) AppleWebKit/537.36 (KHTML, like Gecko) Chrome/92.0.4515.159 Safari/537.36"
80.123.225.38 - - [25/Aug/2021:12:12:09 +0200] "GET /reload?ser=1629886329360 HTTP/1.1" 200 28 "http://renault.activities.at/success" "Mozilla/5.0 (Windows NT 10.0; WOW64; Trident/7.0; rv:11.0) like Gecko"
46.244.215.110 - - [25/Aug/2021:12:12:16 +0200] "GET /reload?ser=1629886336135 HTTP/1.1" 200 28 "http://renault.activities.at/login" "Mozilla/5.0 (Windows NT 10.0; Win64; x64; rv:91.0) Gecko/20100101 Firefox/91.0"
80.122.53.230 - - [25/Aug/2021:12:12:17 +0200] "GET /reload?ser=1629886337564 HTTP/1.1" 200 28 "http://renault.activities.at/" "Mozilla/5.0 (Windows NT 10.0; Win64; x64) AppleWebKit/537.36 (KHTML, like Gecko) Chrome/92.0.4515.159 Safari/537.36"
80.120.148.242 - - [25/Aug/2021:12:12:42 +0200] "GET /reload?ser=1629886362752 HTTP/1.1" 200 28 "http://renault.activities.at/account" "Mozilla/5.0 (Windows NT 10.0; Win64; x64) AppleWebKit/537.36 (KHTML, like Gecko) Chrome/92.0.4515.159 Safari/537.36"
138.21.12.21 - - [25/Aug/2021:12:12:45 +0200] "GET /reload?ser=1629886364503 HTTP/1.1" 200 28 "http://renault.2web.at/result?searchterm=true&search=selbst" "Mozilla/5.0 (Windows NT 10.0; Win64; x64) AppleWebKit/537.36 (KHTML, like Gecko) Chrome/92.0.4515.159 Safari/537.36"
80.151.92.214 - - [25/Aug/2021:12:12:59 +0200] "GET /reload?ser=1629886379394 HTTP/1.1" 200 28 "http://renault.activities.at/login" "Mozilla/5.0 (Windows NT 10.0; Win64; x64) AppleWebKit/537.36 (KHTML, like Gecko) Chrome/92.0.4515.159 Safari/537.36"
80.123.225.38 - - [25/Aug/2021:12:13:10 +0200] "GET /reload?ser=1629886390315 HTTP/1.1" 200 28 "http://renault.activities.at/success" "Mozilla/5.0 (Windows NT 10.0; WOW64; Trident/7.0; rv:11.0) like Gecko"
46.244.215.110 - - [25/Aug/2021:12:13:16 +0200] "GET /reload?ser=1629886396802 HTTP/1.1" 200 28 "http://renault.activities.at/login" "Mozilla/5.0 (Windows NT 10.0; Win64; x64; rv:91.0) Gecko/20100101 Firefox/91.0"
80.122.53.230 - - [25/Aug/2021:12:13:18 +0200] "GET /reload?ser=1629886398197 HTTP/1.1" 200 28 "http://renault.activities.at/" "Mozilla/5.0 (Windows NT 10.0; Win64; x64) AppleWebKit/537.36 (KHTML, like Gecko) Chrome/92.0.4515.159 Safari/537.36"
80.120.148.242 - - [25/Aug/2021:12:13:43 +0200] "GET /reload?ser=1629886423765 HTTP/1.1" 200 28 "http://renault.activities.at/account" "Mozilla/5.0 (Windows NT 10.0; Win64; x64) AppleWebKit/537.36 (KHTML, like Gecko) Chrome/92.0.4515.159 Safari/537.36"
138.21.12.21 - - [25/Aug/2021:12:13:47 +0200] "GET /reload?ser=1629886426503 HTTP/1.1" 200 28 "http://renault.2web.at/result?searchterm=true&search=selbst" "Mozilla/5.0 (Windows NT 10.0; Win64; x64) AppleWebKit/537.36 (KHTML, like Gecko) Chrome/92.0.4515.159 Safari/537.36"
80.151.92.214 - - [25/Aug/2021:12:14:00 +0200] "GET /reload?ser=1629886440387 HTTP/1.1" 200 28 "http://renault.activities.at/login" "Mozilla/5.0 (Windows NT 10.0; Win64; x64) AppleWebKit/537.36 (KHTML, like Gecko) Chrome/92.0.4515.159 Safari/537.36"
80.123.225.38 - - [25/Aug/2021:12:14:11 +0200] "GET /reload?ser=1629886451266 HTTP/1.1" 200 28 "http://renault.activities.at/success" "Mozilla/5.0 (Windows NT 10.0; WOW64; Trident/7.0; rv:11.0) like Gecko"
46.244.215.110 - - [25/Aug/2021:12:14:17 +0200] "GET /reload?ser=1629886457490 HTTP/1.1" 200 28 "http://renault.activities.at/login" "Mozilla/5.0 (Windows NT 10.0; Win64; x64; rv:91.0) Gecko/20100101 Firefox/91.0"
80.122.53.230 - - [25/Aug/2021:12:14:19 +0200] "GET /reload?ser=1629886458842 HTTP/1.1" 200 28 "http://renault.activities.at/" "Mozilla/5.0 (Windows NT 10.0; Win64; x64) AppleWebKit/537.36 (KHTML, like Gecko) Chrome/92.0.4515.159 Safari/537.36"
80.120.148.242 - - [25/Aug/2021:12:14:44 +0200] "GET /reload?ser=1629886484763 HTTP/1.1" 200 28 "http://renault.activities.at/account" "Mozilla/5.0 (Windows NT 10.0; Win64; x64) AppleWebKit/537.36 (KHTML, like Gecko) Chrome/92.0.4515.159 Safari/537.36"
138.21.12.21 - - [25/Aug/2021:12:14:49 +0200] "GET /reload?ser=1629886488504 HTTP/1.1" 200 28 "http://renault.2web.at/result?searchterm=true&search=selbst" "Mozilla/5.0 (Windows NT 10.0; Win64; x64) AppleWebKit/537.36 (KHTML, like Gecko) Chrome/92.0.4515.159 Safari/537.36"
80.151.92.214 - - [25/Aug/2021:12:15:01 +0200] "GET /reload?ser=1629886501387 HTTP/1.1" 200 28 "http://renault.activities.at/login" "Mozilla/5.0 (Windows NT 10.0; Win64; x64) AppleWebKit/537.36 (KHTML, like Gecko) Chrome/92.0.4515.159 Safari/537.36"
80.123.225.38 - - [25/Aug/2021:12:15:12 +0200] "GET /reload?ser=1629886512201 HTTP/1.1" 200 28 "http://renault.activities.at/success" "Mozilla/5.0 (Windows NT 10.0; WOW64; Trident/7.0; rv:11.0) like Gecko"
46.244.215.110 - - [25/Aug/2021:12:15:18 +0200] "GET /reload?ser=1629886518163 HTTP/1.1" 200 28 "http://renault.activities.at/login" "Mozilla/5.0 (Windows NT 10.0; Win64; x64; rv:91.0) Gecko/20100101 Firefox/91.0"
80.122.53.230 - - [25/Aug/2021:12:15:19 +0200] "GET /reload?ser=1629886519487 HTTP/1.1" 200 28 "http://renault.activities.at/" "Mozilla/5.0 (Windows NT 10.0; Win64; x64) AppleWebKit/537.36 (KHTML, like Gecko) Chrome/92.0.4515.159 Safari/537.36"
80.120.148.242 - - [25/Aug/2021:12:15:46 +0200] "GET /reload?ser=1629886546758 HTTP/1.1" 200 28 "http://renault.activities.at/account" "Mozilla/5.0 (Windows NT 10.0; Win64; x64) AppleWebKit/537.36 (KHTML, like Gecko) Chrome/92.0.4515.159 Safari/537.36"
138.21.12.21 - - [25/Aug/2021:12:15:51 +0200] "GET /reload?ser=1629886550503 HTTP/1.1" 200 28 "http://renault.2web.at/result?searchterm=true&search=selbst" "Mozilla/5.0 (Windows NT 10.0; Win64; x64) AppleWebKit/537.36 (KHTML, like Gecko) Chrome/92.0.4515.159 Safari/537.36"
80.151.92.214 - - [25/Aug/2021:12:16:02 +0200] "GET /reload?ser=1629886562383 HTTP/1.1" 200 28 "http://renault.activities.at/login" "Mozilla/5.0 (Windows NT 10.0; Win64; x64) AppleWebKit/537.36 (KHTML, like Gecko) Chrome/92.0.4515.159 Safari/537.36"
80.123.225.38 - - [25/Aug/2021:12:16:13 +0200] "GET /reload?ser=1629886573178 HTTP/1.1" 200 28 "http://renault.activities.at/success" "Mozilla/5.0 (Windows NT 10.0; WOW64; Trident/7.0; rv:11.0) like Gecko"
46.244.215.110 - - [25/Aug/2021:12:16:18 +0200] "GET /reload?ser=1629886578834 HTTP/1.1" 200 28 "http://renault.activities.at/login" "Mozilla/5.0 (Windows NT 10.0; Win64; x64; rv:91.0) Gecko/20100101 Firefox/91.0"
80.122.53.230 - - [25/Aug/2021:12:16:20 +0200] "GET /reload?ser=1629886580132 HTTP/1.1" 200 28 "http://renault.activities.at/" "Mozilla/5.0 (Windows NT 10.0; Win64; x64) AppleWebKit/537.36 (KHTML, like Gecko) Chrome/92.0.4515.159 Safari/537.36"
80.120.148.242 - - [25/Aug/2021:12:16:47 +0200] "GET /reload?ser=1629886607759 HTTP/1.1" 200 28 "http://renault.activities.at/account" "Mozilla/5.0 (Windows NT 10.0; Win64; x64) AppleWebKit/537.36 (KHTML, like Gecko) Chrome/92.0.4515.159 Safari/537.36"
138.21.12.21 - - [25/Aug/2021:12:16:52 +0200] "GET /reload?ser=1629886612504 HTTP/1.1" 200 28 "http://renault.2web.at/result?searchterm=true&search=selbst" "Mozilla/5.0 (Windows NT 10.0; Win64; x64) AppleWebKit/537.36 (KHTML, like Gecko) Chrome/92.0.4515.159 Safari/537.36"
80.151.92.214 - - [25/Aug/2021:12:17:03 +0200] "GET /reload?ser=1629886623388 HTTP/1.1" 200 28 "http://renault.activities.at/login" "Mozilla/5.0 (Windows NT 10.0; Win64; x64) AppleWebKit/537.36 (KHTML, like Gecko) Chrome/92.0.4515.159 Safari/537.36"
80.123.225.38 - - [25/Aug/2021:12:17:14 +0200] "GET /reload?ser=1629886634111 HTTP/1.1" 200 28 "http://renault.activities.at/success" "Mozilla/5.0 (Windows NT 10.0; WOW64; Trident/7.0; rv:11.0) like Gecko"
46.244.215.110 - - [25/Aug/2021:12:17:19 +0200] "GET /reload?ser=1629886639508 HTTP/1.1" 200 28 "http://renault.activities.at/login" "Mozilla/5.0 (Windows NT 10.0; Win64; x64; rv:91.0) Gecko/20100101 Firefox/91.0"
80.122.53.230 - - [25/Aug/2021:12:17:20 +0200] "GET /reload?ser=1629886640777 HTTP/1.1" 200 28 "http://renault.activities.at/" "Mozilla/5.0 (Windows NT 10.0; Win64; x64) AppleWebKit/537.36 (KHTML, like Gecko) Chrome/92.0.4515.159 Safari/537.36"
80.120.148.242 - - [25/Aug/2021:12:17:48 +0200] "GET /reload?ser=1629886668763 HTTP/1.1" 200 28 "http://renault.activities.at/account" "Mozilla/5.0 (Windows NT 10.0; Win64; x64) AppleWebKit/537.36 (KHTML, like Gecko) Chrome/92.0.4515.159 Safari/537.36"
138.21.12.21 - - [25/Aug/2021:12:17:55 +0200] "GET /reload?ser=1629886674503 HTTP/1.1" 200 28 "http://renault.2web.at/result?searchterm=true&search=selbst" "Mozilla/5.0 (Windows NT 10.0; Win64; x64) AppleWebKit/537.36 (KHTML, like Gecko) Chrome/92.0.4515.159 Safari/537.36"
80.151.92.214 - - [25/Aug/2021:12:18:04 +0200] "GET /reload?ser=1629886684396 HTTP/1.1" 200 28 "http://renault.activities.at/login" "Mozilla/5.0 (Windows NT 10.0; Win64; x64) AppleWebKit/537.36 (KHTML, like Gecko) Chrome/92.0.4515.159 Safari/537.36"
80.123.225.38 - - [25/Aug/2021:12:18:15 +0200] "GET /reload?ser=1629886695062 HTTP/1.1" 200 28 "http://renault.activities.at/success" "Mozilla/5.0 (Windows NT 10.0; WOW64; Trident/7.0; rv:11.0) like Gecko"
46.244.215.110 - - [25/Aug/2021:12:18:20 +0200] "GET /reload?ser=1629886700264 HTTP/1.1" 200 28 "http://renault.activities.at/login" "Mozilla/5.0 (Windows NT 10.0; Win64; x64; rv:91.0) Gecko/20100101 Firefox/91.0"
80.122.53.230 - - [25/Aug/2021:12:18:21 +0200] "GET /reload?ser=1629886701426 HTTP/1.1" 200 28 "http://renault.activities.at/" "Mozilla/5.0 (Windows NT 10.0; Win64; x64) AppleWebKit/537.36 (KHTML, like Gecko) Chrome/92.0.4515.159 Safari/537.36"
80.120.148.242 - - [25/Aug/2021:12:18:49 +0200] "GET /reload?ser=1629886729766 HTTP/1.1" 200 28 "http://renault.activities.at/account" "Mozilla/5.0 (Windows NT 10.0; Win64; x64) AppleWebKit/537.36 (KHTML, like Gecko) Chrome/92.0.4515.159 Safari/537.36"
138.21.12.21 - - [25/Aug/2021:12:18:57 +0200] "GET /reload?ser=1629886736504 HTTP/1.1" 200 28 "http://renault.2web.at/result?searchterm=true&search=selbst" "Mozilla/5.0 (Windows NT 10.0; Win64; x64) AppleWebKit/537.36 (KHTML, like Gecko) Chrome/92.0.4515.159 Safari/537.36"
80.151.92.214 - - [25/Aug/2021:12:19:05 +0200] "GET /reload?ser=1629886745398 HTTP/1.1" 200 28 "http://renault.activities.at/login" "Mozilla/5.0 (Windows NT 10.0; Win64; x64) AppleWebKit/537.36 (KHTML, like Gecko) Chrome/92.0.4515.159 Safari/537.36"
80.123.225.38 - - [25/Aug/2021:12:19:16 +0200] "GET /reload?ser=1629886756011 HTTP/1.1" 200 28 "http://renault.activities.at/success" "Mozilla/5.0 (Windows NT 10.0; WOW64; Trident/7.0; rv:11.0) like Gecko"
46.244.215.110 - - [25/Aug/2021:12:19:20 +0200] "GET /reload?ser=1629886760953 HTTP/1.1" 200 28 "http://renault.activities.at/login" "Mozilla/5.0 (Windows NT 10.0; Win64; x64; rv:91.0) Gecko/20100101 Firefox/91.0"
80.122.53.230 - - [25/Aug/2021:12:19:22 +0200] "GET /reload?ser=1629886762055 HTTP/1.1" 200 28 "http://renault.activities.at/" "Mozilla/5.0 (Windows NT 10.0; Win64; x64) AppleWebKit/537.36 (KHTML, like Gecko) Chrome/92.0.4515.159 Safari/537.36"
80.120.148.242 - - [25/Aug/2021:12:19:50 +0200] "GET /reload?ser=1629886790775 HTTP/1.1" 200 28 "http://renault.activities.at/account" "Mozilla/5.0 (Windows NT 10.0; Win64; x64) AppleWebKit/537.36 (KHTML, like Gecko) Chrome/92.0.4515.159 Safari/537.36"
138.21.12.21 - - [25/Aug/2021:12:19:59 +0200] "GET /reload?ser=1629886798505 HTTP/1.1" 200 28 "http://renault.2web.at/result?searchterm=true&search=selbst" "Mozilla/5.0 (Windows NT 10.0; Win64; x64) AppleWebKit/537.36 (KHTML, like Gecko) Chrome/92.0.4515.159 Safari/537.36"
80.151.92.214 - - [25/Aug/2021:12:20:06 +0200] "GET /reload?ser=1629886806386 HTTP/1.1" 200 28 "http://renault.activities.at/login" "Mozilla/5.0 (Windows NT 10.0; Win64; x64) AppleWebKit/537.36 (KHTML, like Gecko) Chrome/92.0.4515.159 Safari/537.36"
80.123.225.38 - - [25/Aug/2021:12:20:17 +0200] "GET /reload?ser=1629886816963 HTTP/1.1" 200 28 "http://renault.activities.at/success" "Mozilla/5.0 (Windows NT 10.0; WOW64; Trident/7.0; rv:11.0) like Gecko"
46.244.215.110 - - [25/Aug/2021:12:20:21 +0200] "GET /reload?ser=1629886821625 HTTP/1.1" 200 28 "http://renault.activities.at/login" "Mozilla/5.0 (Windows NT 10.0; Win64; x64; rv:91.0) Gecko/20100101 Firefox/91.0"
80.122.53.230 - - [25/Aug/2021:12:20:22 +0200] "GET /reload?ser=1629886822700 HTTP/1.1" 200 28 "http://renault.activities.at/" "Mozilla/5.0 (Windows NT 10.0; Win64; x64) AppleWebKit/537.36 (KHTML, like Gecko) Chrome/92.0.4515.159 Safari/537.36"
80.120.148.242 - - [25/Aug/2021:12:20:51 +0200] "GET /reload?ser=1629886851779 HTTP/1.1" 200 28 "http://renault.activities.at/account" "Mozilla/5.0 (Windows NT 10.0; Win64; x64) AppleWebKit/537.36 (KHTML, like Gecko) Chrome/92.0.4515.159 Safari/537.36"
138.21.12.21 - - [25/Aug/2021:12:21:01 +0200] "GET /reload?ser=1629886860504 HTTP/1.1" 200 28 "http://renault.2web.at/result?searchterm=true&search=selbst" "Mozilla/5.0 (Windows NT 10.0; Win64; x64) AppleWebKit/537.36 (KHTML, like Gecko) Chrome/92.0.4515.159 Safari/537.36"
80.151.92.214 - - [25/Aug/2021:12:21:07 +0200] "GET /reload?ser=1629886867386 HTTP/1.1" 200 28 "http://renault.activities.at/login" "Mozilla/5.0 (Windows NT 10.0; Win64; x64) AppleWebKit/537.36 (KHTML, like Gecko) Chrome/92.0.4515.159 Safari/537.36"
80.123.225.38 - - [25/Aug/2021:12:21:17 +0200] "GET /reload?ser=1629886877907 HTTP/1.1" 200 28 "http://renault.activities.at/success" "Mozilla/5.0 (Windows NT 10.0; WOW64; Trident/7.0; rv:11.0) like Gecko"
46.244.215.110 - - [25/Aug/2021:12:21:22 +0200] "GET /reload?ser=1629886882298 HTTP/1.1" 200 28 "http://renault.activities.at/login" "Mozilla/5.0 (Windows NT 10.0; Win64; x64; rv:91.0) Gecko/20100101 Firefox/91.0"
80.122.53.230 - - [25/Aug/2021:12:21:23 +0200] "GET /reload?ser=1629886883329 HTTP/1.1" 200 28 "http://renault.activities.at/" "Mozilla/5.0 (Windows NT 10.0; Win64; x64) AppleWebKit/537.36 (KHTML, like Gecko) Chrome/92.0.4515.159 Safari/537.36"
80.120.148.242 - - [25/Aug/2021:12:21:52 +0200] "GET /reload?ser=1629886912769 HTTP/1.1" 200 28 "http://renault.activities.at/account" "Mozilla/5.0 (Windows NT 10.0; Win64; x64) AppleWebKit/537.36 (KHTML, like Gecko) Chrome/92.0.4515.159 Safari/537.36"
138.21.12.21 - - [25/Aug/2021:12:22:02 +0200] "GET /reload?ser=1629886922504 HTTP/1.1" 200 28 "http://renault.2web.at/result?searchterm=true&search=selbst" "Mozilla/5.0 (Windows NT 10.0; Win64; x64) AppleWebKit/537.36 (KHTML, like Gecko) Chrome/92.0.4515.159 Safari/537.36"
80.151.92.214 - - [25/Aug/2021:12:22:08 +0200] "GET /reload?ser=1629886928397 HTTP/1.1" 200 28 "http://renault.activities.at/login" "Mozilla/5.0 (Windows NT 10.0; Win64; x64) AppleWebKit/537.36 (KHTML, like Gecko) Chrome/92.0.4515.159 Safari/537.36"
80.123.225.38 - - [25/Aug/2021:12:22:18 +0200] "GET /reload?ser=1629886938825 HTTP/1.1" 200 28 "http://renault.activities.at/success" "Mozilla/5.0 (Windows NT 10.0; WOW64; Trident/7.0; rv:11.0) like Gecko"
46.244.215.110 - - [25/Aug/2021:12:22:23 +0200] "GET /reload?ser=1629886942970 HTTP/1.1" 200 28 "http://renault.activities.at/login" "Mozilla/5.0 (Windows NT 10.0; Win64; x64; rv:91.0) Gecko/20100101 Firefox/91.0"
80.122.53.230 - - [25/Aug/2021:12:22:24 +0200] "GET /reload?ser=1629886943974 HTTP/1.1" 200 28 "http://renault.activities.at/" "Mozilla/5.0 (Windows NT 10.0; Win64; x64) AppleWebKit/537.36 (KHTML, like Gecko) Chrome/92.0.4515.159 Safari/537.36"
80.120.148.242 - - [25/Aug/2021:12:22:53 +0200] "GET /reload?ser=1629886973777 HTTP/1.1" 200 28 "http://renault.activities.at/account" "Mozilla/5.0 (Windows NT 10.0; Win64; x64) AppleWebKit/537.36 (KHTML, like Gecko) Chrome/92.0.4515.159 Safari/537.36"
138.21.12.21 - - [25/Aug/2021:12:23:05 +0200] "GET /reload?ser=1629886984511 HTTP/1.1" 200 28 "http://renault.2web.at/result?searchterm=true&search=selbst" "Mozilla/5.0 (Windows NT 10.0; Win64; x64) AppleWebKit/537.36 (KHTML, like Gecko) Chrome/92.0.4515.159 Safari/537.36"
80.151.92.214 - - [25/Aug/2021:12:23:09 +0200] "GET /reload?ser=1629886989388 HTTP/1.1" 200 28 "http://renault.activities.at/login" "Mozilla/5.0 (Windows NT 10.0; Win64; x64) AppleWebKit/537.36 (KHTML, like Gecko) Chrome/92.0.4515.159 Safari/537.36"
80.123.225.38 - - [25/Aug/2021:12:23:19 +0200] "GET /reload?ser=1629886999747 HTTP/1.1" 200 28 "http://renault.activities.at/success" "Mozilla/5.0 (Windows NT 10.0; WOW64; Trident/7.0; rv:11.0) like Gecko"
46.244.215.110 - - [25/Aug/2021:12:23:23 +0200] "GET /reload?ser=1629887003634 HTTP/1.1" 200 28 "http://renault.activities.at/login" "Mozilla/5.0 (Windows NT 10.0; Win64; x64; rv:91.0) Gecko/20100101 Firefox/91.0"
80.122.53.230 - - [25/Aug/2021:12:23:24 +0200] "GET /reload?ser=1629887004614 HTTP/1.1" 200 28 "http://renault.activities.at/" "Mozilla/5.0 (Windows NT 10.0; Win64; x64) AppleWebKit/537.36 (KHTML, like Gecko) Chrome/92.0.4515.159 Safari/537.36"
80.120.148.242 - - [25/Aug/2021:12:23:54 +0200] "GET /reload?ser=1629887034780 HTTP/1.1" 200 28 "http://renault.activities.at/account" "Mozilla/5.0 (Windows NT 10.0; Win64; x64) AppleWebKit/537.36 (KHTML, like Gecko) Chrome/92.0.4515.159 Safari/537.36"
138.21.12.21 - - [25/Aug/2021:12:24:07 +0200] "GET /reload?ser=1629887046521 HTTP/1.1" 200 28 "http://renault.2web.at/result?searchterm=true&search=selbst" "Mozilla/5.0 (Windows NT 10.0; Win64; x64) AppleWebKit/537.36 (KHTML, like Gecko) Chrome/92.0.4515.159 Safari/537.36"
80.151.92.214 - - [25/Aug/2021:12:24:10 +0200] "GET /reload?ser=1629887050394 HTTP/1.1" 200 28 "http://renault.activities.at/login" "Mozilla/5.0 (Windows NT 10.0; Win64; x64) AppleWebKit/537.36 (KHTML, like Gecko) Chrome/92.0.4515.159 Safari/537.36"
80.123.225.38 - - [25/Aug/2021:12:24:20 +0200] "GET /reload?ser=1629887060687 HTTP/1.1" 200 28 "http://renault.activities.at/success" "Mozilla/5.0 (Windows NT 10.0; WOW64; Trident/7.0; rv:11.0) like Gecko"
46.244.215.110 - - [25/Aug/2021:12:24:24 +0200] "GET /reload?ser=1629887064330 HTTP/1.1" 200 28 "http://renault.activities.at/login" "Mozilla/5.0 (Windows NT 10.0; Win64; x64; rv:91.0) Gecko/20100101 Firefox/91.0"
80.122.53.230 - - [25/Aug/2021:12:24:25 +0200] "GET /reload?ser=1629887065259 HTTP/1.1" 200 28 "http://renault.activities.at/" "Mozilla/5.0 (Windows NT 10.0; Win64; x64) AppleWebKit/537.36 (KHTML, like Gecko) Chrome/92.0.4515.159 Safari/537.36"
80.120.148.242 - - [25/Aug/2021:12:24:55 +0200] "GET /reload?ser=1629887095770 HTTP/1.1" 200 28 "http://renault.activities.at/account" "Mozilla/5.0 (Windows NT 10.0; Win64; x64) AppleWebKit/537.36 (KHTML, like Gecko) Chrome/92.0.4515.159 Safari/537.36"
138.21.12.21 - - [25/Aug/2021:12:25:09 +0200] "GET /reload?ser=1629887108531 HTTP/1.1" 200 28 "http://renault.2web.at/result?searchterm=true&search=selbst" "Mozilla/5.0 (Windows NT 10.0; Win64; x64) AppleWebKit/537.36 (KHTML, like Gecko) Chrome/92.0.4515.159 Safari/537.36"
80.151.92.214 - - [25/Aug/2021:12:25:11 +0200] "GET /reload?ser=1629887111403 HTTP/1.1" 200 28 "http://renault.activities.at/login" "Mozilla/5.0 (Windows NT 10.0; Win64; x64) AppleWebKit/537.36 (KHTML, like Gecko) Chrome/92.0.4515.159 Safari/537.36"
80.123.225.38 - - [25/Aug/2021:12:25:21 +0200] "GET /reload?ser=1629887121621 HTTP/1.1" 200 28 "http://renault.activities.at/success" "Mozilla/5.0 (Windows NT 10.0; WOW64; Trident/7.0; rv:11.0) like Gecko"
46.244.215.110 - - [25/Aug/2021:12:25:25 +0200] "GET /reload?ser=1629887125003 HTTP/1.1" 200 28 "http://renault.activities.at/login" "Mozilla/5.0 (Windows NT 10.0; Win64; x64; rv:91.0) Gecko/20100101 Firefox/91.0"
80.122.53.230 - - [25/Aug/2021:12:25:26 +0200] "GET /reload?ser=1629887125904 HTTP/1.1" 200 28 "http://renault.activities.at/" "Mozilla/5.0 (Windows NT 10.0; Win64; x64) AppleWebKit/537.36 (KHTML, like Gecko) Chrome/92.0.4515.159 Safari/537.36"
80.120.148.242 - - [25/Aug/2021:12:25:56 +0200] "GET /reload?ser=1629887156809 HTTP/1.1" 200 28 "http://renault.activities.at/account" "Mozilla/5.0 (Windows NT 10.0; Win64; x64) AppleWebKit/537.36 (KHTML, like Gecko) Chrome/92.0.4515.159 Safari/537.36"
138.21.12.21 - - [25/Aug/2021:12:26:11 +0200] "GET /reload?ser=1629887170542 HTTP/1.1" 200 28 "http://renault.2web.at/result?searchterm=true&search=selbst" "Mozilla/5.0 (Windows NT 10.0; Win64; x64) AppleWebKit/537.36 (KHTML, like Gecko) Chrome/92.0.4515.159 Safari/537.36"
80.151.92.214 - - [25/Aug/2021:12:26:12 +0200] "GET /reload?ser=1629887172392 HTTP/1.1" 200 28 "http://renault.activities.at/login" "Mozilla/5.0 (Windows NT 10.0; Win64; x64) AppleWebKit/537.36 (KHTML, like Gecko) Chrome/92.0.4515.159 Safari/537.36"
80.123.225.38 - - [25/Aug/2021:12:26:22 +0200] "GET /reload?ser=1629887182567 HTTP/1.1" 200 28 "http://renault.activities.at/success" "Mozilla/5.0 (Windows NT 10.0; WOW64; Trident/7.0; rv:11.0) like Gecko"
46.244.215.110 - - [25/Aug/2021:12:26:25 +0200] "GET /reload?ser=1629887185676 HTTP/1.1" 200 28 "http://renault.activities.at/login" "Mozilla/5.0 (Windows NT 10.0; Win64; x64; rv:91.0) Gecko/20100101 Firefox/91.0"
80.122.53.230 - - [25/Aug/2021:12:26:26 +0200] "GET /reload?ser=1629887186533 HTTP/1.1" 200 28 "http://renault.activities.at/" "Mozilla/5.0 (Windows NT 10.0; Win64; x64) AppleWebKit/537.36 (KHTML, like Gecko) Chrome/92.0.4515.159 Safari/537.36"
80.120.148.242 - - [25/Aug/2021:12:26:58 +0200] "GET /reload?ser=1629887217793 HTTP/1.1" 200 28 "http://renault.activities.at/account" "Mozilla/5.0 (Windows NT 10.0; Win64; x64) AppleWebKit/537.36 (KHTML, like Gecko) Chrome/92.0.4515.159 Safari/537.36"
138.21.12.21 - - [25/Aug/2021:12:27:12 +0200] "GET /reload?ser=1629887232550 HTTP/1.1" 200 28 "http://renault.2web.at/result?searchterm=true&search=selbst" "Mozilla/5.0 (Windows NT 10.0; Win64; x64) AppleWebKit/537.36 (KHTML, like Gecko) Chrome/92.0.4515.159 Safari/537.36"
80.151.92.214 - - [25/Aug/2021:12:27:13 +0200] "GET /reload?ser=1629887233399 HTTP/1.1" 200 28 "http://renault.activities.at/login" "Mozilla/5.0 (Windows NT 10.0; Win64; x64) AppleWebKit/537.36 (KHTML, like Gecko) Chrome/92.0.4515.159 Safari/537.36"
80.123.225.38 - - [25/Aug/2021:12:27:23 +0200] "GET /reload?ser=1629887243512 HTTP/1.1" 200 28 "http://renault.activities.at/success" "Mozilla/5.0 (Windows NT 10.0; WOW64; Trident/7.0; rv:11.0) like Gecko"
46.244.215.110 - - [25/Aug/2021:12:27:26 +0200] "GET /reload?ser=1629887246347 HTTP/1.1" 200 28 "http://renault.activities.at/login" "Mozilla/5.0 (Windows NT 10.0; Win64; x64; rv:91.0) Gecko/20100101 Firefox/91.0"
80.122.53.230 - - [25/Aug/2021:12:27:27 +0200] "GET /reload?ser=1629887247162 HTTP/1.1" 200 28 "http://renault.activities.at/" "Mozilla/5.0 (Windows NT 10.0; Win64; x64) AppleWebKit/537.36 (KHTML, like Gecko) Chrome/92.0.4515.159 Safari/537.36"
80.120.148.242 - - [25/Aug/2021:12:27:59 +0200] "GET /reload?ser=1629887279785 HTTP/1.1" 200 28 "http://renault.activities.at/account" "Mozilla/5.0 (Windows NT 10.0; Win64; x64) AppleWebKit/537.36 (KHTML, like Gecko) Chrome/92.0.4515.159 Safari/537.36"
80.151.92.214 - - [25/Aug/2021:12:28:14 +0200] "GET /reload?ser=1629887294394 HTTP/1.1" 200 28 "http://renault.activities.at/login" "Mozilla/5.0 (Windows NT 10.0; Win64; x64) AppleWebKit/537.36 (KHTML, like Gecko) Chrome/92.0.4515.159 Safari/537.36"
138.21.12.21 - - [25/Aug/2021:12:28:15 +0200] "GET /reload?ser=1629887294557 HTTP/1.1" 200 28 "http://renault.2web.at/result?searchterm=true&search=selbst" "Mozilla/5.0 (Windows NT 10.0; Win64; x64) AppleWebKit/537.36 (KHTML, like Gecko) Chrome/92.0.4515.159 Safari/537.36"
80.123.225.38 - - [25/Aug/2021:12:28:24 +0200] "GET /reload?ser=1629887304445 HTTP/1.1" 200 28 "http://renault.activities.at/success" "Mozilla/5.0 (Windows NT 10.0; WOW64; Trident/7.0; rv:11.0) like Gecko"
46.244.215.110 - - [25/Aug/2021:12:28:27 +0200] "GET /reload?ser=1629887307018 HTTP/1.1" 200 28 "http://renault.activities.at/login" "Mozilla/5.0 (Windows NT 10.0; Win64; x64; rv:91.0) Gecko/20100101 Firefox/91.0"
80.122.53.230 - - [25/Aug/2021:12:28:27 +0200] "GET /reload?ser=1629887307806 HTTP/1.1" 200 28 "http://renault.activities.at/" "Mozilla/5.0 (Windows NT 10.0; Win64; x64) AppleWebKit/537.36 (KHTML, like Gecko) Chrome/92.0.4515.159 Safari/537.36"
80.120.148.242 - - [25/Aug/2021:12:29:00 +0200] "GET /reload?ser=1629887340780 HTTP/1.1" 200 28 "http://renault.activities.at/account" "Mozilla/5.0 (Windows NT 10.0; Win64; x64) AppleWebKit/537.36 (KHTML, like Gecko) Chrome/92.0.4515.159 Safari/537.36"
80.151.92.214 - - [25/Aug/2021:12:29:15 +0200] "GET /reload?ser=1629887355407 HTTP/1.1" 200 28 "http://renault.activities.at/login" "Mozilla/5.0 (Windows NT 10.0; Win64; x64) AppleWebKit/537.36 (KHTML, like Gecko) Chrome/92.0.4515.159 Safari/537.36"
138.21.12.21 - - [25/Aug/2021:12:29:17 +0200] "GET /reload?ser=1629887356565 HTTP/1.1" 200 28 "http://renault.2web.at/result?searchterm=true&search=selbst" "Mozilla/5.0 (Windows NT 10.0; Win64; x64) AppleWebKit/537.36 (KHTML, like Gecko) Chrome/92.0.4515.159 Safari/537.36"
80.123.225.38 - - [25/Aug/2021:12:29:25 +0200] "GET /reload?ser=1629887365409 HTTP/1.1" 200 28 "http://renault.activities.at/success" "Mozilla/5.0 (Windows NT 10.0; WOW64; Trident/7.0; rv:11.0) like Gecko"
46.244.215.110 - - [25/Aug/2021:12:29:27 +0200] "GET /reload?ser=1629887367690 HTTP/1.1" 200 28 "http://renault.activities.at/login" "Mozilla/5.0 (Windows NT 10.0; Win64; x64; rv:91.0) Gecko/20100101 Firefox/91.0"
80.122.53.230 - - [25/Aug/2021:12:29:28 +0200] "GET /reload?ser=1629887368450 HTTP/1.1" 200 28 "http://renault.activities.at/" "Mozilla/5.0 (Windows NT 10.0; Win64; x64) AppleWebKit/537.36 (KHTML, like Gecko) Chrome/92.0.4515.159 Safari/537.36"
80.120.148.242 - - [25/Aug/2021:12:30:01 +0200] "GET /reload?ser=1629887401774 HTTP/1.1" 200 28 "http://renault.activities.at/account" "Mozilla/5.0 (Windows NT 10.0; Win64; x64) AppleWebKit/537.36 (KHTML, like Gecko) Chrome/92.0.4515.159 Safari/537.36"
80.151.92.214 - - [25/Aug/2021:12:30:16 +0200] "GET /reload?ser=1629887416405 HTTP/1.1" 200 28 "http://renault.activities.at/login" "Mozilla/5.0 (Windows NT 10.0; Win64; x64) AppleWebKit/537.36 (KHTML, like Gecko) Chrome/92.0.4515.159 Safari/537.36"
138.21.12.21 - - [25/Aug/2021:12:30:19 +0200] "GET /reload?ser=1629887418571 HTTP/1.1" 200 28 "http://renault.2web.at/result?searchterm=true&search=selbst" "Mozilla/5.0 (Windows NT 10.0; Win64; x64) AppleWebKit/537.36 (KHTML, like Gecko) Chrome/92.0.4515.159 Safari/537.36"
