80.151.92.214 - - [25/Aug/2021:13:29:14 +0200] "GET /reload?ser=1629890954438 HTTP/1.1" 200 28 "http://renault.activities.at/login" "Mozilla/5.0 (Windows NT 10.0; Win64; x64) AppleWebKit/537.36 (KHTML, like Gecko) Chrome/92.0.4515.159 Safari/537.36"
80.123.225.38 - - [25/Aug/2021:13:29:21 +0200] "GET /reload?ser=1629890960944 HTTP/1.1" 200 28 "http://renault.activities.at/success" "Mozilla/5.0 (Windows NT 10.0; WOW64; Trident/7.0; rv:11.0) like Gecko"
80.122.53.230 - - [25/Aug/2021:13:30:07 +0200] "GET /reload?ser=1629891006965 HTTP/1.1" 200 28 "http://renault.activities.at/" "Mozilla/5.0 (Windows NT 10.0; Win64; x64) AppleWebKit/537.36 (KHTML, like Gecko) Chrome/92.0.4515.159 Safari/537.36"
80.120.182.230 - - [25/Aug/2021:13:30:06 +0200] "GET /reload?ser=1629891007477 HTTP/1.1" 200 28 "http://renault.activities.at/10260262" "Mozilla/5.0 (Windows NT 10.0; Win64; x64) AppleWebKit/537.36 (KHTML, like Gecko) Chrome/92.0.4515.159 Safari/537.36"
46.244.215.110 - - [25/Aug/2021:13:30:09 +0200] "GET /reload?ser=1629891008999 HTTP/1.1" 200 28 "http://renault.activities.at/login" "Mozilla/5.0 (Windows NT 10.0; Win64; x64; rv:91.0) Gecko/20100101 Firefox/91.0"
80.120.148.242 - - [25/Aug/2021:13:30:09 +0200] "GET /reload?ser=1629891009819 HTTP/1.1" 200 28 "http://renault.activities.at/account" "Mozilla/5.0 (Windows NT 10.0; Win64; x64) AppleWebKit/537.36 (KHTML, like Gecko) Chrome/92.0.4515.159 Safari/537.36"
138.21.12.21 - - [25/Aug/2021:13:30:15 +0200] "GET /reload?ser=1629891014668 HTTP/1.1" 200 28 "http://renault.2web.at/result?searchterm=true&search=selbst" "Mozilla/5.0 (Windows NT 10.0; Win64; x64) AppleWebKit/537.36 (KHTML, like Gecko) Chrome/92.0.4515.159 Safari/537.36"
80.151.92.214 - - [25/Aug/2021:13:30:15 +0200] "GET /reload?ser=1629891015434 HTTP/1.1" 200 28 "http://renault.activities.at/login" "Mozilla/5.0 (Windows NT 10.0; Win64; x64) AppleWebKit/537.36 (KHTML, like Gecko) Chrome/92.0.4515.159 Safari/537.36"
80.123.225.38 - - [25/Aug/2021:13:30:21 +0200] "GET /reload?ser=1629891021863 HTTP/1.1" 200 28 "http://renault.activities.at/success" "Mozilla/5.0 (Windows NT 10.0; WOW64; Trident/7.0; rv:11.0) like Gecko"
212.110.198.147 - - [25/Aug/2021:13:30:42 +0200] "GET / HTTP/1.1" 200 3086 "https://www.google.com/" "Mozilla/5.0 (Windows NT 10.0; Win64; x64) AppleWebKit/537.36 (KHTML, like Gecko) Chrome/92.0.4515.159 Safari/537.36"
212.110.198.147 - - [25/Aug/2021:13:30:43 +0200] "GET /js/flashdetection.js HTTP/1.1" 200 1059 "http://renault.activities.at/" "Mozilla/5.0 (Windows NT 10.0; Win64; x64) AppleWebKit/537.36 (KHTML, like Gecko) Chrome/92.0.4515.159 Safari/537.36"
212.110.198.147 - - [25/Aug/2021:13:30:43 +0200] "GET /css/reset.css HTTP/1.1" 200 1356 "http://renault.activities.at/" "Mozilla/5.0 (Windows NT 10.0; Win64; x64) AppleWebKit/537.36 (KHTML, like Gecko) Chrome/92.0.4515.159 Safari/537.36"
212.110.198.147 - - [25/Aug/2021:13:30:43 +0200] "GET /css/clears.css HTTP/1.1" 200 851 "http://renault.activities.at/" "Mozilla/5.0 (Windows NT 10.0; Win64; x64) AppleWebKit/537.36 (KHTML, like Gecko) Chrome/92.0.4515.159 Safari/537.36"
212.110.198.147 - - [25/Aug/2021:13:30:43 +0200] "GET /css/styles.css HTTP/1.1" 200 14664 "http://renault.activities.at/" "Mozilla/5.0 (Windows NT 10.0; Win64; x64) AppleWebKit/537.36 (KHTML, like Gecko) Chrome/92.0.4515.159 Safari/537.36"
212.110.198.147 - - [25/Aug/2021:13:30:43 +0200] "GET /js/default.js HTTP/1.1" 200 14698 "http://renault.activities.at/" "Mozilla/5.0 (Windows NT 10.0; Win64; x64) AppleWebKit/537.36 (KHTML, like Gecko) Chrome/92.0.4515.159 Safari/537.36"
212.110.198.147 - - [25/Aug/2021:13:30:43 +0200] "GET /js/checkout.css HTTP/1.1" 200 359 "http://renault.activities.at/" "Mozilla/5.0 (Windows NT 10.0; Win64; x64) AppleWebKit/537.36 (KHTML, like Gecko) Chrome/92.0.4515.159 Safari/537.36"
212.110.198.147 - - [25/Aug/2021:13:30:43 +0200] "GET /css/themes/default.css HTTP/1.1" 200 769 "http://renault.activities.at/" "Mozilla/5.0 (Windows NT 10.0; Win64; x64) AppleWebKit/537.36 (KHTML, like Gecko) Chrome/92.0.4515.159 Safari/537.36"
212.110.198.147 - - [25/Aug/2021:13:30:43 +0200] "GET /css/prototip.css HTTP/1.1" 200 968 "http://renault.activities.at/" "Mozilla/5.0 (Windows NT 10.0; Win64; x64) AppleWebKit/537.36 (KHTML, like Gecko) Chrome/92.0.4515.159 Safari/537.36"
212.110.198.147 - - [25/Aug/2021:13:30:43 +0200] "GET /css/themes/alphacube.css HTTP/1.1" 200 743 "http://renault.activities.at/" "Mozilla/5.0 (Windows NT 10.0; Win64; x64) AppleWebKit/537.36 (KHTML, like Gecko) Chrome/92.0.4515.159 Safari/537.36"
212.110.198.147 - - [25/Aug/2021:13:30:43 +0200] "GET /js/index.php?c=auto&f=,prototype/prototype.js,prototype/validation.js,scriptaculous/builder.js,scriptaculous/effects.js,scriptaculous/dragdrop.js,scriptaculous/controls.js,scriptaculous/slider.js,varien/js.js,varien/form.js,varien/menu.js,mage/translate.js,mage/cookies.js,varien/product.js,spinner/SpinnerControl.jsmin.js,prototype/window.js,prototype/window_ext.js HTTP/1.1" 200 94182 "http://renault.activities.at/" "Mozilla/5.0 (Windows NT 10.0; Win64; x64) AppleWebKit/537.36 (KHTML, like Gecko) Chrome/92.0.4515.159 Safari/537.36"
212.110.198.147 - - [25/Aug/2021:13:30:47 +0200] "GET / HTTP/1.1" 200 3086 "https://www.google.com/" "Mozilla/5.0 (Windows NT 10.0; Win64; x64) AppleWebKit/537.36 (KHTML, like Gecko) Chrome/92.0.4515.159 Safari/537.36"
212.110.198.147 - - [25/Aug/2021:13:30:48 +0200] "GET /css/print.css HTTP/1.1" 200 543 "http://renault.activities.at/" "Mozilla/5.0 (Windows NT 10.0; Win64; x64) AppleWebKit/537.36 (KHTML, like Gecko) Chrome/92.0.4515.159 Safari/537.36"
212.110.198.147 - - [25/Aug/2021:13:30:48 +0200] "GET /images/main_block_border.gif HTTP/1.1" 200 43 "http://renault.activities.at/css/styles.css" "Mozilla/5.0 (Windows NT 10.0; Win64; x64) AppleWebKit/537.36 (KHTML, like Gecko) Chrome/92.0.4515.159 Safari/537.36"
212.110.198.147 - - [25/Aug/2021:13:30:48 +0200] "GET /images/main_block_corner_left_bot.gif HTTP/1.1" 200 159 "http://renault.activities.at/css/styles.css" "Mozilla/5.0 (Windows NT 10.0; Win64; x64) AppleWebKit/537.36 (KHTML, like Gecko) Chrome/92.0.4515.159 Safari/537.36"
212.110.198.147 - - [25/Aug/2021:13:30:48 +0200] "GET /images/main_block_corner_right_bot.gif HTTP/1.1" 200 158 "http://renault.activities.at/css/styles.css" "Mozilla/5.0 (Windows NT 10.0; Win64; x64) AppleWebKit/537.36 (KHTML, like Gecko) Chrome/92.0.4515.159 Safari/537.36"
212.110.198.147 - - [25/Aug/2021:13:30:48 +0200] "GET /images/header_block_border.gif HTTP/1.1" 200 43 "http://renault.activities.at/css/styles.css" "Mozilla/5.0 (Windows NT 10.0; Win64; x64) AppleWebKit/537.36 (KHTML, like Gecko) Chrome/92.0.4515.159 Safari/537.36"
212.110.198.147 - - [25/Aug/2021:13:30:48 +0200] "GET /images/header_block_corner_left_top.gif HTTP/1.1" 200 160 "http://renault.activities.at/css/styles.css" "Mozilla/5.0 (Windows NT 10.0; Win64; x64) AppleWebKit/537.36 (KHTML, like Gecko) Chrome/92.0.4515.159 Safari/537.36"
212.110.198.147 - - [25/Aug/2021:13:30:48 +0200] "GET /images/main_block_corner_left_top.gif HTTP/1.1" 200 159 "http://renault.activities.at/css/styles.css" "Mozilla/5.0 (Windows NT 10.0; Win64; x64) AppleWebKit/537.36 (KHTML, like Gecko) Chrome/92.0.4515.159 Safari/537.36"
212.110.198.147 - - [25/Aug/2021:13:30:48 +0200] "GET /images/title_border.jpg HTTP/1.1" 200 304 "http://renault.activities.at/css/styles.css" "Mozilla/5.0 (Windows NT 10.0; Win64; x64) AppleWebKit/537.36 (KHTML, like Gecko) Chrome/92.0.4515.159 Safari/537.36"
212.110.198.147 - - [25/Aug/2021:13:30:48 +0200] "GET /images/title_border_top.jpg HTTP/1.1" 200 336 "http://renault.activities.at/css/styles.css" "Mozilla/5.0 (Windows NT 10.0; Win64; x64) AppleWebKit/537.36 (KHTML, like Gecko) Chrome/92.0.4515.159 Safari/537.36"
212.110.198.147 - - [25/Aug/2021:13:30:48 +0200] "GET /images/main_block_corner_right_top.gif HTTP/1.1" 200 159 "http://renault.activities.at/css/styles.css" "Mozilla/5.0 (Windows NT 10.0; Win64; x64) AppleWebKit/537.36 (KHTML, like Gecko) Chrome/92.0.4515.159 Safari/537.36"
212.110.198.147 - - [25/Aug/2021:13:30:48 +0200] "GET /images/title_corner_left_top.jpg HTTP/1.1" 200 372 "http://renault.activities.at/css/styles.css" "Mozilla/5.0 (Windows NT 10.0; Win64; x64) AppleWebKit/537.36 (KHTML, like Gecko) Chrome/92.0.4515.159 Safari/537.36"
212.110.198.147 - - [25/Aug/2021:13:30:48 +0200] "GET /images/title_corner_right_top.jpg HTTP/1.1" 200 389 "http://renault.activities.at/css/styles.css" "Mozilla/5.0 (Windows NT 10.0; Win64; x64) AppleWebKit/537.36 (KHTML, like Gecko) Chrome/92.0.4515.159 Safari/537.36"
212.110.198.147 - - [25/Aug/2021:13:30:48 +0200] "GET /images/header_block_corner_right_top.gif HTTP/1.1" 200 160 "http://renault.activities.at/css/styles.css" "Mozilla/5.0 (Windows NT 10.0; Win64; x64) AppleWebKit/537.36 (KHTML, like Gecko) Chrome/92.0.4515.159 Safari/537.36"
212.110.198.147 - - [25/Aug/2021:13:30:48 +0200] "GET /loadthumbnail.php?id=11127982 HTTP/1.1" 200 399614 "http://renault.activities.at/" "Mozilla/5.0 (Windows NT 10.0; Win64; x64) AppleWebKit/537.36 (KHTML, like Gecko) Chrome/92.0.4515.159 Safari/537.36"
212.110.198.147 - - [25/Aug/2021:13:30:49 +0200] "GET /images/favicon.ico HTTP/1.1" 404 305 "http://renault.activities.at/" "Mozilla/5.0 (Windows NT 10.0; Win64; x64) AppleWebKit/537.36 (KHTML, like Gecko) Chrome/92.0.4515.159 Safari/537.36"
80.122.53.230 - - [25/Aug/2021:13:31:07 +0200] "GET /reload?ser=1629891067608 HTTP/1.1" 200 28 "http://renault.activities.at/" "Mozilla/5.0 (Windows NT 10.0; Win64; x64) AppleWebKit/537.36 (KHTML, like Gecko) Chrome/92.0.4515.159 Safari/537.36"
80.120.182.230 - - [25/Aug/2021:13:31:07 +0200] "GET /reload?ser=1629891068478 HTTP/1.1" 200 28 "http://renault.activities.at/10260262" "Mozilla/5.0 (Windows NT 10.0; Win64; x64) AppleWebKit/537.36 (KHTML, like Gecko) Chrome/92.0.4515.159 Safari/537.36"
46.244.215.110 - - [25/Aug/2021:13:31:09 +0200] "GET /reload?ser=1629891069671 HTTP/1.1" 200 28 "http://renault.activities.at/login" "Mozilla/5.0 (Windows NT 10.0; Win64; x64; rv:91.0) Gecko/20100101 Firefox/91.0"
80.120.148.242 - - [25/Aug/2021:13:31:10 +0200] "GET /reload?ser=1629891070820 HTTP/1.1" 200 28 "http://renault.activities.at/account" "Mozilla/5.0 (Windows NT 10.0; Win64; x64) AppleWebKit/537.36 (KHTML, like Gecko) Chrome/92.0.4515.159 Safari/537.36"
80.151.92.214 - - [25/Aug/2021:13:31:16 +0200] "GET /reload?ser=1629891076435 HTTP/1.1" 200 28 "http://renault.activities.at/login" "Mozilla/5.0 (Windows NT 10.0; Win64; x64) AppleWebKit/537.36 (KHTML, like Gecko) Chrome/92.0.4515.159 Safari/537.36"
138.21.12.21 - - [25/Aug/2021:13:31:17 +0200] "GET /reload?ser=1629891076673 HTTP/1.1" 200 28 "http://renault.2web.at/result?searchterm=true&search=selbst" "Mozilla/5.0 (Windows NT 10.0; Win64; x64) AppleWebKit/537.36 (KHTML, like Gecko) Chrome/92.0.4515.159 Safari/537.36"
80.123.225.38 - - [25/Aug/2021:13:31:22 +0200] "GET /reload?ser=1629891082802 HTTP/1.1" 200 28 "http://renault.activities.at/success" "Mozilla/5.0 (Windows NT 10.0; WOW64; Trident/7.0; rv:11.0) like Gecko"
80.122.53.230 - - [25/Aug/2021:13:32:08 +0200] "GET /reload?ser=1629891128251 HTTP/1.1" 200 28 "http://renault.activities.at/" "Mozilla/5.0 (Windows NT 10.0; Win64; x64) AppleWebKit/537.36 (KHTML, like Gecko) Chrome/92.0.4515.159 Safari/537.36"
80.120.182.230 - - [25/Aug/2021:13:32:08 +0200] "GET /reload?ser=1629891129470 HTTP/1.1" 200 28 "http://renault.activities.at/10260262" "Mozilla/5.0 (Windows NT 10.0; Win64; x64) AppleWebKit/537.36 (KHTML, like Gecko) Chrome/92.0.4515.159 Safari/537.36"
46.244.215.110 - - [25/Aug/2021:13:32:10 +0200] "GET /reload?ser=1629891130340 HTTP/1.1" 200 28 "http://renault.activities.at/login" "Mozilla/5.0 (Windows NT 10.0; Win64; x64; rv:91.0) Gecko/20100101 Firefox/91.0"
80.120.148.242 - - [25/Aug/2021:13:32:11 +0200] "GET /reload?ser=1629891131822 HTTP/1.1" 200 28 "http://renault.activities.at/account" "Mozilla/5.0 (Windows NT 10.0; Win64; x64) AppleWebKit/537.36 (KHTML, like Gecko) Chrome/92.0.4515.159 Safari/537.36"
80.151.92.214 - - [25/Aug/2021:13:32:17 +0200] "GET /reload?ser=1629891137441 HTTP/1.1" 200 28 "http://renault.activities.at/login" "Mozilla/5.0 (Windows NT 10.0; Win64; x64) AppleWebKit/537.36 (KHTML, like Gecko) Chrome/92.0.4515.159 Safari/537.36"
138.21.12.21 - - [25/Aug/2021:13:32:19 +0200] "GET /reload?ser=1629891138680 HTTP/1.1" 200 28 "http://renault.2web.at/result?searchterm=true&search=selbst" "Mozilla/5.0 (Windows NT 10.0; Win64; x64) AppleWebKit/537.36 (KHTML, like Gecko) Chrome/92.0.4515.159 Safari/537.36"
80.123.225.38 - - [25/Aug/2021:13:32:23 +0200] "GET /reload?ser=1629891143736 HTTP/1.1" 200 28 "http://renault.activities.at/success" "Mozilla/5.0 (Windows NT 10.0; WOW64; Trident/7.0; rv:11.0) like Gecko"
80.122.53.230 - - [25/Aug/2021:13:33:09 +0200] "GET /reload?ser=1629891188881 HTTP/1.1" 200 28 "http://renault.activities.at/" "Mozilla/5.0 (Windows NT 10.0; Win64; x64) AppleWebKit/537.36 (KHTML, like Gecko) Chrome/92.0.4515.159 Safari/537.36"
80.120.182.230 - - [25/Aug/2021:13:33:09 +0200] "GET /reload?ser=1629891190476 HTTP/1.1" 200 28 "http://renault.activities.at/10260262" "Mozilla/5.0 (Windows NT 10.0; Win64; x64) AppleWebKit/537.36 (KHTML, like Gecko) Chrome/92.0.4515.159 Safari/537.36"
46.244.215.110 - - [25/Aug/2021:13:33:11 +0200] "GET /reload?ser=1629891191010 HTTP/1.1" 200 28 "http://renault.activities.at/login" "Mozilla/5.0 (Windows NT 10.0; Win64; x64; rv:91.0) Gecko/20100101 Firefox/91.0"
80.120.148.242 - - [25/Aug/2021:13:33:12 +0200] "GET /reload?ser=1629891192820 HTTP/1.1" 200 28 "http://renault.activities.at/account" "Mozilla/5.0 (Windows NT 10.0; Win64; x64) AppleWebKit/537.36 (KHTML, like Gecko) Chrome/92.0.4515.159 Safari/537.36"
80.151.92.214 - - [25/Aug/2021:13:33:18 +0200] "GET /reload?ser=1629891198436 HTTP/1.1" 200 28 "http://renault.activities.at/login" "Mozilla/5.0 (Windows NT 10.0; Win64; x64) AppleWebKit/537.36 (KHTML, like Gecko) Chrome/92.0.4515.159 Safari/537.36"
138.21.12.21 - - [25/Aug/2021:13:33:21 +0200] "GET /reload?ser=1629891200686 HTTP/1.1" 200 28 "http://renault.2web.at/result?searchterm=true&search=selbst" "Mozilla/5.0 (Windows NT 10.0; Win64; x64) AppleWebKit/537.36 (KHTML, like Gecko) Chrome/92.0.4515.159 Safari/537.36"
80.123.225.38 - - [25/Aug/2021:13:33:24 +0200] "GET /reload?ser=1629891204661 HTTP/1.1" 200 28 "http://renault.activities.at/success" "Mozilla/5.0 (Windows NT 10.0; WOW64; Trident/7.0; rv:11.0) like Gecko"
80.122.53.230 - - [25/Aug/2021:13:34:09 +0200] "GET /reload?ser=1629891249531 HTTP/1.1" 200 28 "http://renault.activities.at/" "Mozilla/5.0 (Windows NT 10.0; Win64; x64) AppleWebKit/537.36 (KHTML, like Gecko) Chrome/92.0.4515.159 Safari/537.36"
80.120.182.230 - - [25/Aug/2021:13:34:10 +0200] "GET /reload?ser=1629891251482 HTTP/1.1" 200 28 "http://renault.activities.at/10260262" "Mozilla/5.0 (Windows NT 10.0; Win64; x64) AppleWebKit/537.36 (KHTML, like Gecko) Chrome/92.0.4515.159 Safari/537.36"
46.244.215.110 - - [25/Aug/2021:13:34:11 +0200] "GET /reload?ser=1629891251679 HTTP/1.1" 200 28 "http://renault.activities.at/login" "Mozilla/5.0 (Windows NT 10.0; Win64; x64; rv:91.0) Gecko/20100101 Firefox/91.0"
80.120.148.242 - - [25/Aug/2021:13:34:13 +0200] "GET /reload?ser=1629891253824 HTTP/1.1" 200 28 "http://renault.activities.at/account" "Mozilla/5.0 (Windows NT 10.0; Win64; x64) AppleWebKit/537.36 (KHTML, like Gecko) Chrome/92.0.4515.159 Safari/537.36"
80.151.92.214 - - [25/Aug/2021:13:34:19 +0200] "GET /reload?ser=1629891259438 HTTP/1.1" 200 28 "http://renault.activities.at/login" "Mozilla/5.0 (Windows NT 10.0; Win64; x64) AppleWebKit/537.36 (KHTML, like Gecko) Chrome/92.0.4515.159 Safari/537.36"
138.21.12.21 - - [25/Aug/2021:13:34:23 +0200] "GET /reload?ser=1629891262693 HTTP/1.1" 200 28 "http://renault.2web.at/result?searchterm=true&search=selbst" "Mozilla/5.0 (Windows NT 10.0; Win64; x64) AppleWebKit/537.36 (KHTML, like Gecko) Chrome/92.0.4515.159 Safari/537.36"
80.123.225.38 - - [25/Aug/2021:13:34:25 +0200] "GET /reload?ser=1629891265616 HTTP/1.1" 200 28 "http://renault.activities.at/success" "Mozilla/5.0 (Windows NT 10.0; WOW64; Trident/7.0; rv:11.0) like Gecko"
80.122.53.230 - - [25/Aug/2021:13:35:10 +0200] "GET /reload?ser=1629891310159 HTTP/1.1" 200 28 "http://renault.activities.at/" "Mozilla/5.0 (Windows NT 10.0; Win64; x64) AppleWebKit/537.36 (KHTML, like Gecko) Chrome/92.0.4515.159 Safari/537.36"
80.120.182.230 - - [25/Aug/2021:13:35:11 +0200] "GET /reload?ser=1629891312472 HTTP/1.1" 200 28 "http://renault.activities.at/10260262" "Mozilla/5.0 (Windows NT 10.0; Win64; x64) AppleWebKit/537.36 (KHTML, like Gecko) Chrome/92.0.4515.159 Safari/537.36"
46.244.215.110 - - [25/Aug/2021:13:35:12 +0200] "GET /reload?ser=1629891312350 HTTP/1.1" 200 28 "http://renault.activities.at/login" "Mozilla/5.0 (Windows NT 10.0; Win64; x64; rv:91.0) Gecko/20100101 Firefox/91.0"
80.120.148.242 - - [25/Aug/2021:13:35:14 +0200] "GET /reload?ser=1629891314835 HTTP/1.1" 200 28 "http://renault.activities.at/account" "Mozilla/5.0 (Windows NT 10.0; Win64; x64) AppleWebKit/537.36 (KHTML, like Gecko) Chrome/92.0.4515.159 Safari/537.36"
80.151.92.214 - - [25/Aug/2021:13:35:20 +0200] "GET /reload?ser=1629891320448 HTTP/1.1" 200 28 "http://renault.activities.at/login" "Mozilla/5.0 (Windows NT 10.0; Win64; x64) AppleWebKit/537.36 (KHTML, like Gecko) Chrome/92.0.4515.159 Safari/537.36"
138.21.12.21 - - [25/Aug/2021:13:35:25 +0200] "GET /reload?ser=1629891324700 HTTP/1.1" 200 28 "http://renault.2web.at/result?searchterm=true&search=selbst" "Mozilla/5.0 (Windows NT 10.0; Win64; x64) AppleWebKit/537.36 (KHTML, like Gecko) Chrome/92.0.4515.159 Safari/537.36"
80.123.225.38 - - [25/Aug/2021:13:35:26 +0200] "GET /reload?ser=1629891326557 HTTP/1.1" 200 28 "http://renault.activities.at/success" "Mozilla/5.0 (Windows NT 10.0; WOW64; Trident/7.0; rv:11.0) like Gecko"
80.122.53.230 - - [25/Aug/2021:13:36:10 +0200] "GET /reload?ser=1629891370802 HTTP/1.1" 200 28 "http://renault.activities.at/" "Mozilla/5.0 (Windows NT 10.0; Win64; x64) AppleWebKit/537.36 (KHTML, like Gecko) Chrome/92.0.4515.159 Safari/537.36"
46.244.215.110 - - [25/Aug/2021:13:36:13 +0200] "GET /reload?ser=1629891373033 HTTP/1.1" 200 28 "http://renault.activities.at/login" "Mozilla/5.0 (Windows NT 10.0; Win64; x64; rv:91.0) Gecko/20100101 Firefox/91.0"
80.120.182.230 - - [25/Aug/2021:13:36:12 +0200] "GET /reload?ser=1629891373478 HTTP/1.1" 200 28 "http://renault.activities.at/10260262" "Mozilla/5.0 (Windows NT 10.0; Win64; x64) AppleWebKit/537.36 (KHTML, like Gecko) Chrome/92.0.4515.159 Safari/537.36"
80.120.148.242 - - [25/Aug/2021:13:36:15 +0200] "GET /reload?ser=1629891375821 HTTP/1.1" 200 28 "http://renault.activities.at/account" "Mozilla/5.0 (Windows NT 10.0; Win64; x64) AppleWebKit/537.36 (KHTML, like Gecko) Chrome/92.0.4515.159 Safari/537.36"
80.151.92.214 - - [25/Aug/2021:13:36:21 +0200] "GET /reload?ser=1629891381442 HTTP/1.1" 200 28 "http://renault.activities.at/login" "Mozilla/5.0 (Windows NT 10.0; Win64; x64) AppleWebKit/537.36 (KHTML, like Gecko) Chrome/92.0.4515.159 Safari/537.36"
138.21.12.21 - - [25/Aug/2021:13:36:27 +0200] "GET /reload?ser=1629891386705 HTTP/1.1" 200 28 "http://renault.2web.at/result?searchterm=true&search=selbst" "Mozilla/5.0 (Windows NT 10.0; Win64; x64) AppleWebKit/537.36 (KHTML, like Gecko) Chrome/92.0.4515.159 Safari/537.36"
80.123.225.38 - - [25/Aug/2021:13:36:27 +0200] "GET /reload?ser=1629891387474 HTTP/1.1" 200 28 "http://renault.activities.at/success" "Mozilla/5.0 (Windows NT 10.0; WOW64; Trident/7.0; rv:11.0) like Gecko"
80.122.53.230 - - [25/Aug/2021:13:37:11 +0200] "GET /reload?ser=1629891431445 HTTP/1.1" 200 28 "http://renault.activities.at/" "Mozilla/5.0 (Windows NT 10.0; Win64; x64) AppleWebKit/537.36 (KHTML, like Gecko) Chrome/92.0.4515.159 Safari/537.36"
46.244.215.110 - - [25/Aug/2021:13:37:13 +0200] "GET /reload?ser=1629891433712 HTTP/1.1" 200 28 "http://renault.activities.at/login" "Mozilla/5.0 (Windows NT 10.0; Win64; x64; rv:91.0) Gecko/20100101 Firefox/91.0"
80.120.182.230 - - [25/Aug/2021:13:37:13 +0200] "GET /reload?ser=1629891434473 HTTP/1.1" 200 28 "http://renault.activities.at/10260262" "Mozilla/5.0 (Windows NT 10.0; Win64; x64) AppleWebKit/537.36 (KHTML, like Gecko) Chrome/92.0.4515.159 Safari/537.36"
80.120.148.242 - - [25/Aug/2021:13:37:16 +0200] "GET /reload?ser=1629891436829 HTTP/1.1" 200 28 "http://renault.activities.at/account" "Mozilla/5.0 (Windows NT 10.0; Win64; x64) AppleWebKit/537.36 (KHTML, like Gecko) Chrome/92.0.4515.159 Safari/537.36"
80.151.92.214 - - [25/Aug/2021:13:37:22 +0200] "GET /reload?ser=1629891442453 HTTP/1.1" 200 28 "http://renault.activities.at/login" "Mozilla/5.0 (Windows NT 10.0; Win64; x64) AppleWebKit/537.36 (KHTML, like Gecko) Chrome/92.0.4515.159 Safari/537.36"
80.123.225.38 - - [25/Aug/2021:13:37:28 +0200] "GET /reload?ser=1629891448395 HTTP/1.1" 200 28 "http://renault.activities.at/success" "Mozilla/5.0 (Windows NT 10.0; WOW64; Trident/7.0; rv:11.0) like Gecko"
138.21.12.21 - - [25/Aug/2021:13:37:29 +0200] "GET /reload?ser=1629891448710 HTTP/1.1" 200 28 "http://renault.2web.at/result?searchterm=true&search=selbst" "Mozilla/5.0 (Windows NT 10.0; Win64; x64) AppleWebKit/537.36 (KHTML, like Gecko) Chrome/92.0.4515.159 Safari/537.36"
80.122.53.230 - - [25/Aug/2021:13:38:12 +0200] "GET /reload?ser=1629891492088 HTTP/1.1" 200 28 "http://renault.activities.at/" "Mozilla/5.0 (Windows NT 10.0; Win64; x64) AppleWebKit/537.36 (KHTML, like Gecko) Chrome/92.0.4515.159 Safari/537.36"
46.244.215.110 - - [25/Aug/2021:13:38:14 +0200] "GET /reload?ser=1629891494381 HTTP/1.1" 200 28 "http://renault.activities.at/login" "Mozilla/5.0 (Windows NT 10.0; Win64; x64; rv:91.0) Gecko/20100101 Firefox/91.0"
80.120.182.230 - - [25/Aug/2021:13:38:14 +0200] "GET /reload?ser=1629891495486 HTTP/1.1" 200 28 "http://renault.activities.at/10260262" "Mozilla/5.0 (Windows NT 10.0; Win64; x64) AppleWebKit/537.36 (KHTML, like Gecko) Chrome/92.0.4515.159 Safari/537.36"
80.120.148.242 - - [25/Aug/2021:13:38:17 +0200] "GET /reload?ser=1629891497827 HTTP/1.1" 200 28 "http://renault.activities.at/account" "Mozilla/5.0 (Windows NT 10.0; Win64; x64) AppleWebKit/537.36 (KHTML, like Gecko) Chrome/92.0.4515.159 Safari/537.36"
80.151.92.214 - - [25/Aug/2021:13:38:23 +0200] "GET /reload?ser=1629891503446 HTTP/1.1" 200 28 "http://renault.activities.at/login" "Mozilla/5.0 (Windows NT 10.0; Win64; x64) AppleWebKit/537.36 (KHTML, like Gecko) Chrome/92.0.4515.159 Safari/537.36"
80.123.225.38 - - [25/Aug/2021:13:38:29 +0200] "GET /reload?ser=1629891509351 HTTP/1.1" 200 28 "http://renault.activities.at/success" "Mozilla/5.0 (Windows NT 10.0; WOW64; Trident/7.0; rv:11.0) like Gecko"
138.21.12.21 - - [25/Aug/2021:13:38:31 +0200] "GET /reload?ser=1629891510715 HTTP/1.1" 200 28 "http://renault.2web.at/result?searchterm=true&search=selbst" "Mozilla/5.0 (Windows NT 10.0; Win64; x64) AppleWebKit/537.36 (KHTML, like Gecko) Chrome/92.0.4515.159 Safari/537.36"
80.122.53.230 - - [25/Aug/2021:13:39:12 +0200] "GET /reload?ser=1629891552721 HTTP/1.1" 200 28 "http://renault.activities.at/" "Mozilla/5.0 (Windows NT 10.0; Win64; x64) AppleWebKit/537.36 (KHTML, like Gecko) Chrome/92.0.4515.159 Safari/537.36"
46.244.215.110 - - [25/Aug/2021:13:39:15 +0200] "GET /reload?ser=1629891555123 HTTP/1.1" 200 28 "http://renault.activities.at/login" "Mozilla/5.0 (Windows NT 10.0; Win64; x64; rv:91.0) Gecko/20100101 Firefox/91.0"
80.120.182.230 - - [25/Aug/2021:13:39:15 +0200] "GET /reload?ser=1629891556479 HTTP/1.1" 200 28 "http://renault.activities.at/10260262" "Mozilla/5.0 (Windows NT 10.0; Win64; x64) AppleWebKit/537.36 (KHTML, like Gecko) Chrome/92.0.4515.159 Safari/537.36"
80.120.148.242 - - [25/Aug/2021:13:39:18 +0200] "GET /reload?ser=1629891558823 HTTP/1.1" 200 28 "http://renault.activities.at/account" "Mozilla/5.0 (Windows NT 10.0; Win64; x64) AppleWebKit/537.36 (KHTML, like Gecko) Chrome/92.0.4515.159 Safari/537.36"
80.151.92.214 - - [25/Aug/2021:13:39:24 +0200] "GET /reload?ser=1629891564444 HTTP/1.1" 200 28 "http://renault.activities.at/login" "Mozilla/5.0 (Windows NT 10.0; Win64; x64) AppleWebKit/537.36 (KHTML, like Gecko) Chrome/92.0.4515.159 Safari/537.36"
80.123.225.38 - - [25/Aug/2021:13:39:30 +0200] "GET /reload?ser=1629891570305 HTTP/1.1" 200 28 "http://renault.activities.at/success" "Mozilla/5.0 (Windows NT 10.0; WOW64; Trident/7.0; rv:11.0) like Gecko"
138.21.12.21 - - [25/Aug/2021:13:39:33 +0200] "GET /reload?ser=1629891572719 HTTP/1.1" 200 28 "http://renault.2web.at/result?searchterm=true&search=selbst" "Mozilla/5.0 (Windows NT 10.0; Win64; x64) AppleWebKit/537.36 (KHTML, like Gecko) Chrome/92.0.4515.159 Safari/537.36"
80.122.53.230 - - [25/Aug/2021:13:40:13 +0200] "GET /reload?ser=1629891613360 HTTP/1.1" 200 28 "http://renault.activities.at/" "Mozilla/5.0 (Windows NT 10.0; Win64; x64) AppleWebKit/537.36 (KHTML, like Gecko) Chrome/92.0.4515.159 Safari/537.36"
46.244.215.110 - - [25/Aug/2021:13:40:15 +0200] "GET /reload?ser=1629891615793 HTTP/1.1" 200 28 "http://renault.activities.at/login" "Mozilla/5.0 (Windows NT 10.0; Win64; x64; rv:91.0) Gecko/20100101 Firefox/91.0"
80.120.182.230 - - [25/Aug/2021:13:40:16 +0200] "GET /reload?ser=1629891617483 HTTP/1.1" 200 28 "http://renault.activities.at/10260262" "Mozilla/5.0 (Windows NT 10.0; Win64; x64) AppleWebKit/537.36 (KHTML, like Gecko) Chrome/92.0.4515.159 Safari/537.36"
80.120.148.242 - - [25/Aug/2021:13:40:19 +0200] "GET /reload?ser=1629891619821 HTTP/1.1" 200 28 "http://renault.activities.at/account" "Mozilla/5.0 (Windows NT 10.0; Win64; x64) AppleWebKit/537.36 (KHTML, like Gecko) Chrome/92.0.4515.159 Safari/537.36"
80.151.92.214 - - [25/Aug/2021:13:40:25 +0200] "GET /reload?ser=1629891625448 HTTP/1.1" 200 28 "http://renault.activities.at/login" "Mozilla/5.0 (Windows NT 10.0; Win64; x64) AppleWebKit/537.36 (KHTML, like Gecko) Chrome/92.0.4515.159 Safari/537.36"
80.123.225.38 - - [25/Aug/2021:13:40:31 +0200] "GET /reload?ser=1629891631254 HTTP/1.1" 200 28 "http://renault.activities.at/success" "Mozilla/5.0 (Windows NT 10.0; WOW64; Trident/7.0; rv:11.0) like Gecko"
138.21.12.21 - - [25/Aug/2021:13:40:35 +0200] "GET /reload?ser=1629891634724 HTTP/1.1" 200 28 "http://renault.2web.at/result?searchterm=true&search=selbst" "Mozilla/5.0 (Windows NT 10.0; Win64; x64) AppleWebKit/537.36 (KHTML, like Gecko) Chrome/92.0.4515.159 Safari/537.36"
80.122.53.230 - - [25/Aug/2021:13:41:14 +0200] "GET /reload?ser=1629891674003 HTTP/1.1" 200 28 "http://renault.activities.at/" "Mozilla/5.0 (Windows NT 10.0; Win64; x64) AppleWebKit/537.36 (KHTML, like Gecko) Chrome/92.0.4515.159 Safari/537.36"
46.244.215.110 - - [25/Aug/2021:13:41:16 +0200] "GET /reload?ser=1629891676475 HTTP/1.1" 200 28 "http://renault.activities.at/login" "Mozilla/5.0 (Windows NT 10.0; Win64; x64; rv:91.0) Gecko/20100101 Firefox/91.0"
80.120.182.230 - - [25/Aug/2021:13:41:17 +0200] "GET /reload?ser=1629891678484 HTTP/1.1" 200 28 "http://renault.activities.at/10260262" "Mozilla/5.0 (Windows NT 10.0; Win64; x64) AppleWebKit/537.36 (KHTML, like Gecko) Chrome/92.0.4515.159 Safari/537.36"
80.120.148.242 - - [25/Aug/2021:13:41:20 +0200] "GET /reload?ser=1629891680834 HTTP/1.1" 200 28 "http://renault.activities.at/account" "Mozilla/5.0 (Windows NT 10.0; Win64; x64) AppleWebKit/537.36 (KHTML, like Gecko) Chrome/92.0.4515.159 Safari/537.36"
80.151.92.214 - - [25/Aug/2021:13:41:26 +0200] "GET /reload?ser=1629891686452 HTTP/1.1" 200 28 "http://renault.activities.at/login" "Mozilla/5.0 (Windows NT 10.0; Win64; x64) AppleWebKit/537.36 (KHTML, like Gecko) Chrome/92.0.4515.159 Safari/537.36"
80.123.225.38 - - [25/Aug/2021:13:41:32 +0200] "GET /reload?ser=1629891692179 HTTP/1.1" 200 28 "http://renault.activities.at/success" "Mozilla/5.0 (Windows NT 10.0; WOW64; Trident/7.0; rv:11.0) like Gecko"
138.21.12.21 - - [25/Aug/2021:13:41:37 +0200] "GET /reload?ser=1629891696728 HTTP/1.1" 200 28 "http://renault.2web.at/result?searchterm=true&search=selbst" "Mozilla/5.0 (Windows NT 10.0; Win64; x64) AppleWebKit/537.36 (KHTML, like Gecko) Chrome/92.0.4515.159 Safari/537.36"
80.122.53.230 - - [25/Aug/2021:13:42:14 +0200] "GET /reload?ser=1629891734646 HTTP/1.1" 200 28 "http://renault.activities.at/" "Mozilla/5.0 (Windows NT 10.0; Win64; x64) AppleWebKit/537.36 (KHTML, like Gecko) Chrome/92.0.4515.159 Safari/537.36"
46.244.215.110 - - [25/Aug/2021:13:42:17 +0200] "GET /reload?ser=1629891737146 HTTP/1.1" 200 28 "http://renault.activities.at/login" "Mozilla/5.0 (Windows NT 10.0; Win64; x64; rv:91.0) Gecko/20100101 Firefox/91.0"
80.120.182.230 - - [25/Aug/2021:13:42:18 +0200] "GET /reload?ser=1629891739472 HTTP/1.1" 200 28 "http://renault.activities.at/10260262" "Mozilla/5.0 (Windows NT 10.0; Win64; x64) AppleWebKit/537.36 (KHTML, like Gecko) Chrome/92.0.4515.159 Safari/537.36"
80.120.148.242 - - [25/Aug/2021:13:42:21 +0200] "GET /reload?ser=1629891741822 HTTP/1.1" 200 28 "http://renault.activities.at/account" "Mozilla/5.0 (Windows NT 10.0; Win64; x64) AppleWebKit/537.36 (KHTML, like Gecko) Chrome/92.0.4515.159 Safari/537.36"
80.151.92.214 - - [25/Aug/2021:13:42:27 +0200] "GET /reload?ser=1629891747445 HTTP/1.1" 200 28 "http://renault.activities.at/login" "Mozilla/5.0 (Windows NT 10.0; Win64; x64) AppleWebKit/537.36 (KHTML, like Gecko) Chrome/92.0.4515.159 Safari/537.36"
80.123.225.38 - - [25/Aug/2021:13:42:33 +0200] "GET /reload?ser=1629891753121 HTTP/1.1" 200 28 "http://renault.activities.at/success" "Mozilla/5.0 (Windows NT 10.0; WOW64; Trident/7.0; rv:11.0) like Gecko"
138.21.12.21 - - [25/Aug/2021:13:42:39 +0200] "GET /reload?ser=1629891758731 HTTP/1.1" 200 28 "http://renault.2web.at/result?searchterm=true&search=selbst" "Mozilla/5.0 (Windows NT 10.0; Win64; x64) AppleWebKit/537.36 (KHTML, like Gecko) Chrome/92.0.4515.159 Safari/537.36"
80.122.53.230 - - [25/Aug/2021:13:43:15 +0200] "GET /reload?ser=1629891795273 HTTP/1.1" 200 28 "http://renault.activities.at/" "Mozilla/5.0 (Windows NT 10.0; Win64; x64) AppleWebKit/537.36 (KHTML, like Gecko) Chrome/92.0.4515.159 Safari/537.36"
46.244.215.110 - - [25/Aug/2021:13:43:17 +0200] "GET /reload?ser=1629891797842 HTTP/1.1" 200 28 "http://renault.activities.at/login" "Mozilla/5.0 (Windows NT 10.0; Win64; x64; rv:91.0) Gecko/20100101 Firefox/91.0"
80.120.182.230 - - [25/Aug/2021:13:43:19 +0200] "GET /reload?ser=1629891800483 HTTP/1.1" 200 28 "http://renault.activities.at/10260262" "Mozilla/5.0 (Windows NT 10.0; Win64; x64) AppleWebKit/537.36 (KHTML, like Gecko) Chrome/92.0.4515.159 Safari/537.36"
80.120.148.242 - - [25/Aug/2021:13:43:22 +0200] "GET /reload?ser=1629891802823 HTTP/1.1" 200 28 "http://renault.activities.at/account" "Mozilla/5.0 (Windows NT 10.0; Win64; x64) AppleWebKit/537.36 (KHTML, like Gecko) Chrome/92.0.4515.159 Safari/537.36"
80.151.92.214 - - [25/Aug/2021:13:43:28 +0200] "GET /reload?ser=1629891808456 HTTP/1.1" 200 28 "http://renault.activities.at/login" "Mozilla/5.0 (Windows NT 10.0; Win64; x64) AppleWebKit/537.36 (KHTML, like Gecko) Chrome/92.0.4515.159 Safari/537.36"
80.123.225.38 - - [25/Aug/2021:13:43:34 +0200] "GET /reload?ser=1629891814070 HTTP/1.1" 200 28 "http://renault.activities.at/success" "Mozilla/5.0 (Windows NT 10.0; WOW64; Trident/7.0; rv:11.0) like Gecko"
138.21.12.21 - - [25/Aug/2021:13:43:41 +0200] "GET /reload?ser=1629891820734 HTTP/1.1" 200 28 "http://renault.2web.at/result?searchterm=true&search=selbst" "Mozilla/5.0 (Windows NT 10.0; Win64; x64) AppleWebKit/537.36 (KHTML, like Gecko) Chrome/92.0.4515.159 Safari/537.36"
80.122.53.230 - - [25/Aug/2021:13:44:16 +0200] "GET /reload?ser=1629891855904 HTTP/1.1" 200 28 "http://renault.activities.at/" "Mozilla/5.0 (Windows NT 10.0; Win64; x64) AppleWebKit/537.36 (KHTML, like Gecko) Chrome/92.0.4515.159 Safari/537.36"
46.244.215.110 - - [25/Aug/2021:13:44:18 +0200] "GET /reload?ser=1629891858596 HTTP/1.1" 200 28 "http://renault.activities.at/login" "Mozilla/5.0 (Windows NT 10.0; Win64; x64; rv:91.0) Gecko/20100101 Firefox/91.0"
80.120.182.230 - - [25/Aug/2021:13:44:20 +0200] "GET /reload?ser=1629891861478 HTTP/1.1" 200 28 "http://renault.activities.at/10260262" "Mozilla/5.0 (Windows NT 10.0; Win64; x64) AppleWebKit/537.36 (KHTML, like Gecko) Chrome/92.0.4515.159 Safari/537.36"
80.120.148.242 - - [25/Aug/2021:13:44:23 +0200] "GET /reload?ser=1629891863832 HTTP/1.1" 200 28 "http://renault.activities.at/account" "Mozilla/5.0 (Windows NT 10.0; Win64; x64) AppleWebKit/537.36 (KHTML, like Gecko) Chrome/92.0.4515.159 Safari/537.36"
80.151.92.214 - - [25/Aug/2021:13:44:29 +0200] "GET /reload?ser=1629891869447 HTTP/1.1" 200 28 "http://renault.activities.at/login" "Mozilla/5.0 (Windows NT 10.0; Win64; x64) AppleWebKit/537.36 (KHTML, like Gecko) Chrome/92.0.4515.159 Safari/537.36"
80.123.225.38 - - [25/Aug/2021:13:44:35 +0200] "GET /reload?ser=1629891875015 HTTP/1.1" 200 28 "http://renault.activities.at/success" "Mozilla/5.0 (Windows NT 10.0; WOW64; Trident/7.0; rv:11.0) like Gecko"
138.21.12.21 - - [25/Aug/2021:13:44:43 +0200] "GET /reload?ser=1629891882738 HTTP/1.1" 200 28 "http://renault.2web.at/result?searchterm=true&search=selbst" "Mozilla/5.0 (Windows NT 10.0; Win64; x64) AppleWebKit/537.36 (KHTML, like Gecko) Chrome/92.0.4515.159 Safari/537.36"
80.122.53.230 - - [25/Aug/2021:13:45:16 +0200] "GET /reload?ser=1629891916542 HTTP/1.1" 200 28 "http://renault.activities.at/" "Mozilla/5.0 (Windows NT 10.0; Win64; x64) AppleWebKit/537.36 (KHTML, like Gecko) Chrome/92.0.4515.159 Safari/537.36"
46.244.215.110 - - [25/Aug/2021:13:45:19 +0200] "GET /reload?ser=1629891919274 HTTP/1.1" 200 28 "http://renault.activities.at/login" "Mozilla/5.0 (Windows NT 10.0; Win64; x64; rv:91.0) Gecko/20100101 Firefox/91.0"
80.120.182.230 - - [25/Aug/2021:13:45:21 +0200] "GET /reload?ser=1629891922474 HTTP/1.1" 200 28 "http://renault.activities.at/10260262" "Mozilla/5.0 (Windows NT 10.0; Win64; x64) AppleWebKit/537.36 (KHTML, like Gecko) Chrome/92.0.4515.159 Safari/537.36"
80.120.148.242 - - [25/Aug/2021:13:45:24 +0200] "GET /reload?ser=1629891924826 HTTP/1.1" 200 28 "http://renault.activities.at/account" "Mozilla/5.0 (Windows NT 10.0; Win64; x64) AppleWebKit/537.36 (KHTML, like Gecko) Chrome/92.0.4515.159 Safari/537.36"
80.151.92.214 - - [25/Aug/2021:13:45:30 +0200] "GET /reload?ser=1629891930449 HTTP/1.1" 200 28 "http://renault.activities.at/login" "Mozilla/5.0 (Windows NT 10.0; Win64; x64) AppleWebKit/537.36 (KHTML, like Gecko) Chrome/92.0.4515.159 Safari/537.36"
80.123.225.38 - - [25/Aug/2021:13:45:36 +0200] "GET /reload?ser=1629891935942 HTTP/1.1" 200 28 "http://renault.activities.at/success" "Mozilla/5.0 (Windows NT 10.0; WOW64; Trident/7.0; rv:11.0) like Gecko"
138.21.12.21 - - [25/Aug/2021:13:45:45 +0200] "GET /reload?ser=1629891944741 HTTP/1.1" 200 28 "http://renault.2web.at/result?searchterm=true&search=selbst" "Mozilla/5.0 (Windows NT 10.0; Win64; x64) AppleWebKit/537.36 (KHTML, like Gecko) Chrome/92.0.4515.159 Safari/537.36"
80.122.53.230 - - [25/Aug/2021:13:46:17 +0200] "GET /reload?ser=1629891977186 HTTP/1.1" 200 28 "http://renault.activities.at/" "Mozilla/5.0 (Windows NT 10.0; Win64; x64) AppleWebKit/537.36 (KHTML, like Gecko) Chrome/92.0.4515.159 Safari/537.36"
80.120.182.230 - - [25/Aug/2021:13:46:22 +0200] "GET /reload?ser=1629891983478 HTTP/1.1" 200 28 "http://renault.activities.at/10260262" "Mozilla/5.0 (Windows NT 10.0; Win64; x64) AppleWebKit/537.36 (KHTML, like Gecko) Chrome/92.0.4515.159 Safari/537.36"
80.120.148.242 - - [25/Aug/2021:13:46:25 +0200] "GET /reload?ser=1629891985826 HTTP/1.1" 200 28 "http://renault.activities.at/account" "Mozilla/5.0 (Windows NT 10.0; Win64; x64) AppleWebKit/537.36 (KHTML, like Gecko) Chrome/92.0.4515.159 Safari/537.36"
80.151.92.214 - - [25/Aug/2021:13:46:31 +0200] "GET /reload?ser=1629891991455 HTTP/1.1" 200 28 "http://renault.activities.at/login" "Mozilla/5.0 (Windows NT 10.0; Win64; x64) AppleWebKit/537.36 (KHTML, like Gecko) Chrome/92.0.4515.159 Safari/537.36"
80.123.225.38 - - [25/Aug/2021:13:46:36 +0200] "GET /reload?ser=1629891996895 HTTP/1.1" 200 28 "http://renault.activities.at/success" "Mozilla/5.0 (Windows NT 10.0; WOW64; Trident/7.0; rv:11.0) like Gecko"
138.21.12.21 - - [25/Aug/2021:13:46:47 +0200] "GET /reload?ser=1629892006744 HTTP/1.1" 200 28 "http://renault.2web.at/result?searchterm=true&search=selbst" "Mozilla/5.0 (Windows NT 10.0; Win64; x64) AppleWebKit/537.36 (KHTML, like Gecko) Chrome/92.0.4515.159 Safari/537.36"
80.122.53.230 - - [25/Aug/2021:13:47:17 +0200] "GET /reload?ser=1629892037829 HTTP/1.1" 200 28 "http://renault.activities.at/" "Mozilla/5.0 (Windows NT 10.0; Win64; x64) AppleWebKit/537.36 (KHTML, like Gecko) Chrome/92.0.4515.159 Safari/537.36"
80.120.182.230 - - [25/Aug/2021:13:47:23 +0200] "GET /reload?ser=1629892044480 HTTP/1.1" 200 28 "http://renault.activities.at/10260262" "Mozilla/5.0 (Windows NT 10.0; Win64; x64) AppleWebKit/537.36 (KHTML, like Gecko) Chrome/92.0.4515.159 Safari/537.36"
80.120.148.242 - - [25/Aug/2021:13:47:26 +0200] "GET /reload?ser=1629892046833 HTTP/1.1" 200 28 "http://renault.activities.at/account" "Mozilla/5.0 (Windows NT 10.0; Win64; x64) AppleWebKit/537.36 (KHTML, like Gecko) Chrome/92.0.4515.159 Safari/537.36"
80.151.92.214 - - [25/Aug/2021:13:47:32 +0200] "GET /reload?ser=1629892052452 HTTP/1.1" 200 28 "http://renault.activities.at/login" "Mozilla/5.0 (Windows NT 10.0; Win64; x64) AppleWebKit/537.36 (KHTML, like Gecko) Chrome/92.0.4515.159 Safari/537.36"
80.123.225.38 - - [25/Aug/2021:13:47:37 +0200] "GET /reload?ser=1629892057844 HTTP/1.1" 200 28 "http://renault.activities.at/success" "Mozilla/5.0 (Windows NT 10.0; WOW64; Trident/7.0; rv:11.0) like Gecko"
138.21.12.21 - - [25/Aug/2021:13:47:49 +0200] "GET /reload?ser=1629892068746 HTTP/1.1" 200 28 "http://renault.2web.at/result?searchterm=true&search=selbst" "Mozilla/5.0 (Windows NT 10.0; Win64; x64) AppleWebKit/537.36 (KHTML, like Gecko) Chrome/92.0.4515.159 Safari/537.36"
80.122.53.230 - - [25/Aug/2021:13:48:18 +0200] "GET /reload?ser=1629892098456 HTTP/1.1" 200 28 "http://renault.activities.at/" "Mozilla/5.0 (Windows NT 10.0; Win64; x64) AppleWebKit/537.36 (KHTML, like Gecko) Chrome/92.0.4515.159 Safari/537.36"
80.120.182.230 - - [25/Aug/2021:13:48:24 +0200] "GET /reload?ser=1629892105478 HTTP/1.1" 200 28 "http://renault.activities.at/10260262" "Mozilla/5.0 (Windows NT 10.0; Win64; x64) AppleWebKit/537.36 (KHTML, like Gecko) Chrome/92.0.4515.159 Safari/537.36"
80.120.148.242 - - [25/Aug/2021:13:48:27 +0200] "GET /reload?ser=1629892107828 HTTP/1.1" 200 28 "http://renault.activities.at/account" "Mozilla/5.0 (Windows NT 10.0; Win64; x64) AppleWebKit/537.36 (KHTML, like Gecko) Chrome/92.0.4515.159 Safari/537.36"
80.151.92.214 - - [25/Aug/2021:13:48:33 +0200] "GET /reload?ser=1629892113453 HTTP/1.1" 200 28 "http://renault.activities.at/login" "Mozilla/5.0 (Windows NT 10.0; Win64; x64) AppleWebKit/537.36 (KHTML, like Gecko) Chrome/92.0.4515.159 Safari/537.36"
80.123.225.38 - - [25/Aug/2021:13:48:38 +0200] "GET /reload?ser=1629892118805 HTTP/1.1" 200 28 "http://renault.activities.at/success" "Mozilla/5.0 (Windows NT 10.0; WOW64; Trident/7.0; rv:11.0) like Gecko"
138.21.12.21 - - [25/Aug/2021:13:48:51 +0200] "GET /reload?ser=1629892130748 HTTP/1.1" 200 28 "http://renault.2web.at/result?searchterm=true&search=selbst" "Mozilla/5.0 (Windows NT 10.0; Win64; x64) AppleWebKit/537.36 (KHTML, like Gecko) Chrome/92.0.4515.159 Safari/537.36"
66.249.66.215 - - [25/Aug/2021:13:49:00 +0200] "GET /forgotpassword HTTP/1.1" 200 2187 "-" "Mozilla/5.0 (compatible; Googlebot/2.1; +http://www.google.com/bot.html)"
80.122.53.230 - - [25/Aug/2021:13:49:19 +0200] "GET /reload?ser=1629892159103 HTTP/1.1" 200 28 "http://renault.activities.at/" "Mozilla/5.0 (Windows NT 10.0; Win64; x64) AppleWebKit/537.36 (KHTML, like Gecko) Chrome/92.0.4515.159 Safari/537.36"
80.120.182.230 - - [25/Aug/2021:13:49:25 +0200] "GET /reload?ser=1629892166469 HTTP/1.1" 200 28 "http://renault.activities.at/10260262" "Mozilla/5.0 (Windows NT 10.0; Win64; x64) AppleWebKit/537.36 (KHTML, like Gecko) Chrome/92.0.4515.159 Safari/537.36"
80.120.148.242 - - [25/Aug/2021:13:49:28 +0200] "GET /reload?ser=1629892168838 HTTP/1.1" 200 28 "http://renault.activities.at/account" "Mozilla/5.0 (Windows NT 10.0; Win64; x64) AppleWebKit/537.36 (KHTML, like Gecko) Chrome/92.0.4515.159 Safari/537.36"
80.151.92.214 - - [25/Aug/2021:13:49:34 +0200] "GET /reload?ser=1629892174459 HTTP/1.1" 200 28 "http://renault.activities.at/login" "Mozilla/5.0 (Windows NT 10.0; Win64; x64) AppleWebKit/537.36 (KHTML, like Gecko) Chrome/92.0.4515.159 Safari/537.36"
80.123.225.38 - - [25/Aug/2021:13:49:39 +0200] "GET /reload?ser=1629892179764 HTTP/1.1" 200 28 "http://renault.activities.at/success" "Mozilla/5.0 (Windows NT 10.0; WOW64; Trident/7.0; rv:11.0) like Gecko"
138.21.12.21 - - [25/Aug/2021:13:49:53 +0200] "GET /reload?ser=1629892192751 HTTP/1.1" 200 28 "http://renault.2web.at/result?searchterm=true&search=selbst" "Mozilla/5.0 (Windows NT 10.0; Win64; x64) AppleWebKit/537.36 (KHTML, like Gecko) Chrome/92.0.4515.159 Safari/537.36"
80.122.53.230 - - [25/Aug/2021:13:50:19 +0200] "GET /reload?ser=1629892219746 HTTP/1.1" 200 28 "http://renault.activities.at/" "Mozilla/5.0 (Windows NT 10.0; Win64; x64) AppleWebKit/537.36 (KHTML, like Gecko) Chrome/92.0.4515.159 Safari/537.36"
80.120.148.242 - - [25/Aug/2021:13:50:29 +0200] "GET /reload?ser=1629892229836 HTTP/1.1" 200 28 "http://renault.activities.at/account" "Mozilla/5.0 (Windows NT 10.0; Win64; x64) AppleWebKit/537.36 (KHTML, like Gecko) Chrome/92.0.4515.159 Safari/537.36"
80.151.92.214 - - [25/Aug/2021:13:50:35 +0200] "GET /reload?ser=1629892235460 HTTP/1.1" 200 28 "http://renault.activities.at/login" "Mozilla/5.0 (Windows NT 10.0; Win64; x64) AppleWebKit/537.36 (KHTML, like Gecko) Chrome/92.0.4515.159 Safari/537.36"
80.123.225.38 - - [25/Aug/2021:13:50:40 +0200] "GET /reload?ser=1629892240677 HTTP/1.1" 200 28 "http://renault.activities.at/success" "Mozilla/5.0 (Windows NT 10.0; WOW64; Trident/7.0; rv:11.0) like Gecko"
138.21.12.21 - - [25/Aug/2021:13:50:55 +0200] "GET /reload?ser=1629892254753 HTTP/1.1" 200 28 "http://renault.2web.at/result?searchterm=true&search=selbst" "Mozilla/5.0 (Windows NT 10.0; Win64; x64) AppleWebKit/537.36 (KHTML, like Gecko) Chrome/92.0.4515.159 Safari/537.36"
80.122.53.230 - - [25/Aug/2021:13:51:20 +0200] "GET /reload?ser=1629892280389 HTTP/1.1" 200 28 "http://renault.activities.at/" "Mozilla/5.0 (Windows NT 10.0; Win64; x64) AppleWebKit/537.36 (KHTML, like Gecko) Chrome/92.0.4515.159 Safari/537.36"
80.120.148.242 - - [25/Aug/2021:13:51:30 +0200] "GET /reload?ser=1629892290833 HTTP/1.1" 200 28 "http://renault.activities.at/account" "Mozilla/5.0 (Windows NT 10.0; Win64; x64) AppleWebKit/537.36 (KHTML, like Gecko) Chrome/92.0.4515.159 Safari/537.36"
80.151.92.214 - - [25/Aug/2021:13:51:36 +0200] "GET /reload?ser=1629892296447 HTTP/1.1" 200 28 "http://renault.activities.at/login" "Mozilla/5.0 (Windows NT 10.0; Win64; x64) AppleWebKit/537.36 (KHTML, like Gecko) Chrome/92.0.4515.159 Safari/537.36"
80.123.225.38 - - [25/Aug/2021:13:51:41 +0200] "GET /reload?ser=1629892301595 HTTP/1.1" 200 28 "http://renault.activities.at/success" "Mozilla/5.0 (Windows NT 10.0; WOW64; Trident/7.0; rv:11.0) like Gecko"
138.21.12.21 - - [25/Aug/2021:13:51:57 +0200] "GET /reload?ser=1629892316754 HTTP/1.1" 200 28 "http://renault.2web.at/result?searchterm=true&search=selbst" "Mozilla/5.0 (Windows NT 10.0; Win64; x64) AppleWebKit/537.36 (KHTML, like Gecko) Chrome/92.0.4515.159 Safari/537.36"
80.122.53.230 - - [25/Aug/2021:13:52:21 +0200] "GET /reload?ser=1629892341032 HTTP/1.1" 200 28 "http://renault.activities.at/" "Mozilla/5.0 (Windows NT 10.0; Win64; x64) AppleWebKit/537.36 (KHTML, like Gecko) Chrome/92.0.4515.159 Safari/537.36"
80.120.148.242 - - [25/Aug/2021:13:52:31 +0200] "GET /reload?ser=1629892351837 HTTP/1.1" 200 28 "http://renault.activities.at/account" "Mozilla/5.0 (Windows NT 10.0; Win64; x64) AppleWebKit/537.36 (KHTML, like Gecko) Chrome/92.0.4515.159 Safari/537.36"
80.151.92.214 - - [25/Aug/2021:13:52:37 +0200] "GET /reload?ser=1629892357456 HTTP/1.1" 200 28 "http://renault.activities.at/login" "Mozilla/5.0 (Windows NT 10.0; Win64; x64) AppleWebKit/537.36 (KHTML, like Gecko) Chrome/92.0.4515.159 Safari/537.36"
80.123.225.38 - - [25/Aug/2021:13:52:42 +0200] "GET /reload?ser=1629892362519 HTTP/1.1" 200 28 "http://renault.activities.at/success" "Mozilla/5.0 (Windows NT 10.0; WOW64; Trident/7.0; rv:11.0) like Gecko"
138.21.12.21 - - [25/Aug/2021:13:52:59 +0200] "GET /reload?ser=1629892378758 HTTP/1.1" 200 28 "http://renault.2web.at/result?searchterm=true&search=selbst" "Mozilla/5.0 (Windows NT 10.0; Win64; x64) AppleWebKit/537.36 (KHTML, like Gecko) Chrome/92.0.4515.159 Safari/537.36"
80.122.53.230 - - [25/Aug/2021:13:53:21 +0200] "GET /reload?ser=1629892401675 HTTP/1.1" 200 28 "http://renault.activities.at/" "Mozilla/5.0 (Windows NT 10.0; Win64; x64) AppleWebKit/537.36 (KHTML, like Gecko) Chrome/92.0.4515.159 Safari/537.36"
80.120.148.242 - - [25/Aug/2021:13:53:32 +0200] "GET /reload?ser=1629892412840 HTTP/1.1" 200 28 "http://renault.activities.at/account" "Mozilla/5.0 (Windows NT 10.0; Win64; x64) AppleWebKit/537.36 (KHTML, like Gecko) Chrome/92.0.4515.159 Safari/537.36"
80.151.92.214 - - [25/Aug/2021:13:53:38 +0200] "GET /reload?ser=1629892418461 HTTP/1.1" 200 28 "http://renault.activities.at/login" "Mozilla/5.0 (Windows NT 10.0; Win64; x64) AppleWebKit/537.36 (KHTML, like Gecko) Chrome/92.0.4515.159 Safari/537.36"
80.123.225.38 - - [25/Aug/2021:13:53:43 +0200] "GET /reload?ser=1629892423473 HTTP/1.1" 200 28 "http://renault.activities.at/success" "Mozilla/5.0 (Windows NT 10.0; WOW64; Trident/7.0; rv:11.0) like Gecko"
138.21.12.21 - - [25/Aug/2021:13:54:01 +0200] "GET /reload?ser=1629892440759 HTTP/1.1" 200 28 "http://renault.2web.at/result?searchterm=true&search=selbst" "Mozilla/5.0 (Windows NT 10.0; Win64; x64) AppleWebKit/537.36 (KHTML, like Gecko) Chrome/92.0.4515.159 Safari/537.36"
80.122.53.230 - - [25/Aug/2021:13:54:22 +0200] "GET /reload?ser=1629892462324 HTTP/1.1" 200 28 "http://renault.activities.at/" "Mozilla/5.0 (Windows NT 10.0; Win64; x64) AppleWebKit/537.36 (KHTML, like Gecko) Chrome/92.0.4515.159 Safari/537.36"
80.120.148.242 - - [25/Aug/2021:13:54:33 +0200] "GET /reload?ser=1629892473850 HTTP/1.1" 200 28 "http://renault.activities.at/account" "Mozilla/5.0 (Windows NT 10.0; Win64; x64) AppleWebKit/537.36 (KHTML, like Gecko) Chrome/92.0.4515.159 Safari/537.36"
80.151.92.214 - - [25/Aug/2021:13:54:39 +0200] "GET /reload?ser=1629892479457 HTTP/1.1" 200 28 "http://renault.activities.at/login" "Mozilla/5.0 (Windows NT 10.0; Win64; x64) AppleWebKit/537.36 (KHTML, like Gecko) Chrome/92.0.4515.159 Safari/537.36"
80.123.225.38 - - [25/Aug/2021:13:54:44 +0200] "GET /reload?ser=1629892484393 HTTP/1.1" 200 28 "http://renault.activities.at/success" "Mozilla/5.0 (Windows NT 10.0; WOW64; Trident/7.0; rv:11.0) like Gecko"
138.21.12.21 - - [25/Aug/2021:13:55:03 +0200] "GET /reload?ser=1629892502760 HTTP/1.1" 200 28 "http://renault.2web.at/result?searchterm=true&search=selbst" "Mozilla/5.0 (Windows NT 10.0; Win64; x64) AppleWebKit/537.36 (KHTML, like Gecko) Chrome/92.0.4515.159 Safari/537.36"
80.122.53.230 - - [25/Aug/2021:13:55:23 +0200] "GET /reload?ser=1629892522951 HTTP/1.1" 200 28 "http://renault.activities.at/" "Mozilla/5.0 (Windows NT 10.0; Win64; x64) AppleWebKit/537.36 (KHTML, like Gecko) Chrome/92.0.4515.159 Safari/537.36"
80.120.148.242 - - [25/Aug/2021:13:55:34 +0200] "GET /reload?ser=1629892534850 HTTP/1.1" 200 28 "http://renault.activities.at/account" "Mozilla/5.0 (Windows NT 10.0; Win64; x64) AppleWebKit/537.36 (KHTML, like Gecko) Chrome/92.0.4515.159 Safari/537.36"
80.151.92.214 - - [25/Aug/2021:13:55:40 +0200] "GET /reload?ser=1629892540456 HTTP/1.1" 200 28 "http://renault.activities.at/login" "Mozilla/5.0 (Windows NT 10.0; Win64; x64) AppleWebKit/537.36 (KHTML, like Gecko) Chrome/92.0.4515.159 Safari/537.36"
80.123.225.38 - - [25/Aug/2021:13:55:45 +0200] "GET /reload?ser=1629892545334 HTTP/1.1" 200 28 "http://renault.activities.at/success" "Mozilla/5.0 (Windows NT 10.0; WOW64; Trident/7.0; rv:11.0) like Gecko"
138.21.12.21 - - [25/Aug/2021:13:56:05 +0200] "GET /reload?ser=1629892564763 HTTP/1.1" 200 28 "http://renault.2web.at/result?searchterm=true&search=selbst" "Mozilla/5.0 (Windows NT 10.0; Win64; x64) AppleWebKit/537.36 (KHTML, like Gecko) Chrome/92.0.4515.159 Safari/537.36"
80.122.53.230 - - [25/Aug/2021:13:56:23 +0200] "GET /reload?ser=1629892583594 HTTP/1.1" 200 28 "http://renault.activities.at/" "Mozilla/5.0 (Windows NT 10.0; Win64; x64) AppleWebKit/537.36 (KHTML, like Gecko) Chrome/92.0.4515.159 Safari/537.36"
80.120.148.242 - - [25/Aug/2021:13:56:35 +0200] "GET /reload?ser=1629892595850 HTTP/1.1" 200 28 "http://renault.activities.at/account" "Mozilla/5.0 (Windows NT 10.0; Win64; x64) AppleWebKit/537.36 (KHTML, like Gecko) Chrome/92.0.4515.159 Safari/537.36"
80.151.92.214 - - [25/Aug/2021:13:56:41 +0200] "GET /reload?ser=1629892601461 HTTP/1.1" 200 28 "http://renault.activities.at/login" "Mozilla/5.0 (Windows NT 10.0; Win64; x64) AppleWebKit/537.36 (KHTML, like Gecko) Chrome/92.0.4515.159 Safari/537.36"
80.123.225.38 - - [25/Aug/2021:13:56:46 +0200] "GET /reload?ser=1629892606268 HTTP/1.1" 200 28 "http://renault.activities.at/success" "Mozilla/5.0 (Windows NT 10.0; WOW64; Trident/7.0; rv:11.0) like Gecko"
138.21.12.21 - - [25/Aug/2021:13:57:07 +0200] "GET /reload?ser=1629892626763 HTTP/1.1" 200 28 "http://renault.2web.at/result?searchterm=true&search=selbst" "Mozilla/5.0 (Windows NT 10.0; Win64; x64) AppleWebKit/537.36 (KHTML, like Gecko) Chrome/92.0.4515.159 Safari/537.36"
80.122.53.230 - - [25/Aug/2021:13:57:24 +0200] "GET /reload?ser=1629892644299 HTTP/1.1" 200 28 "http://renault.activities.at/" "Mozilla/5.0 (Windows NT 10.0; Win64; x64) AppleWebKit/537.36 (KHTML, like Gecko) Chrome/92.0.4515.159 Safari/537.36"
80.120.148.242 - - [25/Aug/2021:13:57:36 +0200] "GET /reload?ser=1629892656860 HTTP/1.1" 200 28 "http://renault.activities.at/account" "Mozilla/5.0 (Windows NT 10.0; Win64; x64) AppleWebKit/537.36 (KHTML, like Gecko) Chrome/92.0.4515.159 Safari/537.36"
