80.120.5.131 - - [30/Aug/2021:11:57:03 +0200] "GET /js/ProduktGrp.js HTTP/1.1" 200 1569 "http://renault.activities.at/result?searchterm=true&search=Gro%DFraumbilder" "Mozilla/5.0 (Windows NT 10.0; Win64; x64) AppleWebKit/537.36 (KHTML, like Gecko) Chrome/92.0.4515.159 Safari/537.36"
80.120.5.131 - - [30/Aug/2021:11:57:03 +0200] "GET /images/loading.gif HTTP/1.1" 200 3208 "http://renault.activities.at/result?searchterm=true&search=Gro%DFraumbilder" "Mozilla/5.0 (Windows NT 10.0; Win64; x64) AppleWebKit/537.36 (KHTML, like Gecko) Chrome/92.0.4515.159 Safari/537.36"
80.120.5.131 - - [30/Aug/2021:11:57:03 +0200] "GET /images/pager_bg.gif HTTP/1.1" 200 150 "http://renault.activities.at/css/styles.css" "Mozilla/5.0 (Windows NT 10.0; Win64; x64) AppleWebKit/537.36 (KHTML, like Gecko) Chrome/92.0.4515.159 Safari/537.36"
80.120.5.131 - - [30/Aug/2021:11:57:03 +0200] "GET /images/vista-up.gif HTTP/1.1" 200 131 "http://renault.activities.at/css/styles.css" "Mozilla/5.0 (Windows NT 10.0; Win64; x64) AppleWebKit/537.36 (KHTML, like Gecko) Chrome/92.0.4515.159 Safari/537.36"
80.120.5.131 - - [30/Aug/2021:11:57:03 +0200] "GET /images/vista-dn.gif HTTP/1.1" 200 128 "http://renault.activities.at/css/styles.css" "Mozilla/5.0 (Windows NT 10.0; Win64; x64) AppleWebKit/537.36 (KHTML, like Gecko) Chrome/92.0.4515.159 Safari/537.36"
80.120.5.131 - - [30/Aug/2021:11:57:03 +0200] "GET /loadthumbnail.php?id=10203255 HTTP/1.1" 200 137 "http://renault.activities.at/result?searchterm=true&search=Gro%DFraumbilder" "Mozilla/5.0 (Windows NT 10.0; Win64; x64) AppleWebKit/537.36 (KHTML, like Gecko) Chrome/92.0.4515.159 Safari/537.36"
80.120.5.131 - - [30/Aug/2021:11:57:03 +0200] "GET /loadthumbnail.php?id=11249797&width=113 HTTP/1.1" 200 2985 "http://renault.activities.at/result?searchterm=true&search=Gro%DFraumbilder" "Mozilla/5.0 (Windows NT 10.0; Win64; x64) AppleWebKit/537.36 (KHTML, like Gecko) Chrome/92.0.4515.159 Safari/537.36"
80.120.5.131 - - [30/Aug/2021:11:57:03 +0200] "GET /loadthumbnail.php?id=11249798&width=113 HTTP/1.1" 200 2985 "http://renault.activities.at/result?searchterm=true&search=Gro%DFraumbilder" "Mozilla/5.0 (Windows NT 10.0; Win64; x64) AppleWebKit/537.36 (KHTML, like Gecko) Chrome/92.0.4515.159 Safari/537.36"
193.194.132.25 - - [30/Aug/2021:11:57:10 +0200] "GET /reload?ser=1630317430373 HTTP/1.1" 200 28 "http://renault.2web.at/result?searchterm=true&search=spannbanner" "Mozilla/5.0 (Windows NT 10.0; Win64; x64) AppleWebKit/537.36 (KHTML, like Gecko) Chrome/92.0.4515.159 Safari/537.36"
80.121.57.226 - - [30/Aug/2021:11:57:17 +0200] "GET /reload?ser=1630317436700 HTTP/1.1" 200 28 "http://renault.activities.at/12438662" "Mozilla/5.0 (Windows NT 10.0; Win64; x64) AppleWebKit/537.36 (KHTML, like Gecko) Chrome/91.0.4472.124 Safari/537.36"
80.120.5.131 - - [30/Aug/2021:11:57:20 +0200] "GET /css/themes/alphacube/top_mid.gif HTTP/1.1" 200 833 "http://renault.activities.at/css/themes/alphacube.css" "Mozilla/5.0 (Windows NT 10.0; Win64; x64) AppleWebKit/537.36 (KHTML, like Gecko) Chrome/92.0.4515.159 Safari/537.36"
80.120.5.131 - - [30/Aug/2021:11:57:20 +0200] "GET /css/themes/alphacube/frame_right.gif HTTP/1.1" 200 64 "http://renault.activities.at/css/themes/alphacube.css" "Mozilla/5.0 (Windows NT 10.0; Win64; x64) AppleWebKit/537.36 (KHTML, like Gecko) Chrome/92.0.4515.159 Safari/537.36"
80.120.5.131 - - [30/Aug/2021:11:57:20 +0200] "GET /css/themes/alphacube/frame_left.gif HTTP/1.1" 200 64 "http://renault.activities.at/css/themes/alphacube.css" "Mozilla/5.0 (Windows NT 10.0; Win64; x64) AppleWebKit/537.36 (KHTML, like Gecko) Chrome/92.0.4515.159 Safari/537.36"
80.120.5.131 - - [30/Aug/2021:11:57:20 +0200] "GET /css/themes/alphacube/bottom_middle.gif HTTP/1.1" 200 44 "http://renault.activities.at/css/themes/alphacube.css" "Mozilla/5.0 (Windows NT 10.0; Win64; x64) AppleWebKit/537.36 (KHTML, like Gecko) Chrome/92.0.4515.159 Safari/537.36"
80.120.5.131 - - [30/Aug/2021:11:57:20 +0200] "GET /css/themes/alphacube/top_right.gif HTTP/1.1" 200 972 "http://renault.activities.at/css/themes/alphacube.css" "Mozilla/5.0 (Windows NT 10.0; Win64; x64) AppleWebKit/537.36 (KHTML, like Gecko) Chrome/92.0.4515.159 Safari/537.36"
80.120.5.131 - - [30/Aug/2021:11:57:20 +0200] "GET /css/themes/alphacube/bottom_right-c.gif HTTP/1.1" 200 62 "http://renault.activities.at/css/themes/alphacube.css" "Mozilla/5.0 (Windows NT 10.0; Win64; x64) AppleWebKit/537.36 (KHTML, like Gecko) Chrome/92.0.4515.159 Safari/537.36"
80.120.5.131 - - [30/Aug/2021:11:57:20 +0200] "GET /css/themes/alphacube/bottom_left-c.gif HTTP/1.1" 200 62 "http://renault.activities.at/css/themes/alphacube.css" "Mozilla/5.0 (Windows NT 10.0; Win64; x64) AppleWebKit/537.36 (KHTML, like Gecko) Chrome/92.0.4515.159 Safari/537.36"
80.120.5.131 - - [30/Aug/2021:11:57:20 +0200] "GET /css/themes/alphacube/button-close-focus.gif HTTP/1.1" 200 699 "http://renault.activities.at/css/themes/alphacube.css" "Mozilla/5.0 (Windows NT 10.0; Win64; x64) AppleWebKit/537.36 (KHTML, like Gecko) Chrome/92.0.4515.159 Safari/537.36"
80.120.5.131 - - [30/Aug/2021:11:57:20 +0200] "GET /css/themes/alphacube/top_left.gif HTTP/1.1" 200 973 "http://renault.activities.at/css/themes/alphacube.css" "Mozilla/5.0 (Windows NT 10.0; Win64; x64) AppleWebKit/537.36 (KHTML, like Gecko) Chrome/92.0.4515.159 Safari/537.36"
80.120.5.131 - - [30/Aug/2021:11:57:20 +0200] "GET /11249759?print=true HTTP/1.1" 200 2661 "http://renault.activities.at/result?searchterm=true&search=Gro%DFraumbilder" "Mozilla/5.0 (Windows NT 10.0; Win64; x64) AppleWebKit/537.36 (KHTML, like Gecko) Chrome/92.0.4515.159 Safari/537.36"
80.120.5.131 - - [30/Aug/2021:11:57:23 +0200] "GET /js/magiczoom/magiczoom.css HTTP/1.1" 200 1210 "http://renault.activities.at/11249759?print=true" "Mozilla/5.0 (Windows NT 10.0; Win64; x64) AppleWebKit/537.36 (KHTML, like Gecko) Chrome/92.0.4515.159 Safari/537.36"
80.120.5.131 - - [30/Aug/2021:11:57:23 +0200] "GET /js/Produkt.js HTTP/1.1" 200 852 "http://renault.activities.at/11249759?print=true" "Mozilla/5.0 (Windows NT 10.0; Win64; x64) AppleWebKit/537.36 (KHTML, like Gecko) Chrome/92.0.4515.159 Safari/537.36"
80.120.5.131 - - [30/Aug/2021:11:57:23 +0200] "GET /js/magiczoom/magiczoom.js HTTP/1.1" 200 26397 "http://renault.activities.at/11249759?print=true" "Mozilla/5.0 (Windows NT 10.0; Win64; x64) AppleWebKit/537.36 (KHTML, like Gecko) Chrome/92.0.4515.159 Safari/537.36"
80.120.5.131 - - [30/Aug/2021:11:57:23 +0200] "GET /loadthumbnail.php?id=11249798&width=250 HTTP/1.1" 200 9161 "http://renault.activities.at/11249759?print=true" "Mozilla/5.0 (Windows NT 10.0; Win64; x64) AppleWebKit/537.36 (KHTML, like Gecko) Chrome/92.0.4515.159 Safari/537.36"
80.120.5.131 - - [30/Aug/2021:11:57:23 +0200] "GET /loadthumbnail.php?id=11249798&width=900&height=900 HTTP/1.1" 200 61284 "http://renault.activities.at/11249759?print=true" "Mozilla/5.0 (Windows NT 10.0; Win64; x64) AppleWebKit/537.36 (KHTML, like Gecko) Chrome/92.0.4515.159 Safari/537.36"
80.120.5.131 - - [30/Aug/2021:11:57:23 +0200] "GET /js/magiczoom/graphics/hint.gif HTTP/1.1" 200 73 "http://renault.activities.at/js/magiczoom/magiczoom.css" "Mozilla/5.0 (Windows NT 10.0; Win64; x64) AppleWebKit/537.36 (KHTML, like Gecko) Chrome/92.0.4515.159 Safari/537.36"
80.120.5.131 - - [30/Aug/2021:11:57:24 +0200] "GET /null HTTP/1.1" 200 4083 "http://renault.activities.at/result?searchterm=true&search=Gro%DFraumbilder" "Mozilla/5.0 (Windows NT 10.0; Win64; x64) AppleWebKit/537.36 (KHTML, like Gecko) Chrome/92.0.4515.159 Safari/537.36"
80.120.5.131 - - [30/Aug/2021:11:57:30 +0200] "GET /result?searchterm=true&search=bespannung HTTP/1.1" 200 6627 "http://renault.activities.at/result?searchterm=true&search=Gro%DFraumbilder" "Mozilla/5.0 (Windows NT 10.0; Win64; x64) AppleWebKit/537.36 (KHTML, like Gecko) Chrome/92.0.4515.159 Safari/537.36"
80.120.5.131 - - [30/Aug/2021:11:57:32 +0200] "GET /loadthumbnail.php?id=10562346&width=113 HTTP/1.1" 200 5314 "http://renault.activities.at/result?searchterm=true&search=bespannung" "Mozilla/5.0 (Windows NT 10.0; Win64; x64) AppleWebKit/537.36 (KHTML, like Gecko) Chrome/92.0.4515.159 Safari/537.36"
80.120.5.131 - - [30/Aug/2021:11:57:32 +0200] "GET /loadthumbnail.php?id=10562347&width=113 HTTP/1.1" 200 4993 "http://renault.activities.at/result?searchterm=true&search=bespannung" "Mozilla/5.0 (Windows NT 10.0; Win64; x64) AppleWebKit/537.36 (KHTML, like Gecko) Chrome/92.0.4515.159 Safari/537.36"
80.120.5.131 - - [30/Aug/2021:11:57:30 +0200] "POST /axjaxrequest?mode=suggest HTTP/1.1" 200 112 "http://renault.activities.at/result?searchterm=true&search=Gro%DFraumbilder" "Mozilla/5.0 (Windows NT 10.0; Win64; x64) AppleWebKit/537.36 (KHTML, like Gecko) Chrome/92.0.4515.159 Safari/537.36"
194.118.189.54 - - [30/Aug/2021:11:57:54 +0200] "GET /reload?ser=1630317474672 HTTP/1.1" 200 28 "http://renault.activities.at/result?searchterm=true&search=spannbanner" "Mozilla/5.0 (Windows NT 10.0; Win64; x64) AppleWebKit/537.36 (KHTML, like Gecko) Chrome/92.0.4515.159 Safari/537.36"
193.194.132.25 - - [30/Aug/2021:11:58:12 +0200] "GET /reload?ser=1630317492374 HTTP/1.1" 200 28 "http://renault.2web.at/result?searchterm=true&search=spannbanner" "Mozilla/5.0 (Windows NT 10.0; Win64; x64) AppleWebKit/537.36 (KHTML, like Gecko) Chrome/92.0.4515.159 Safari/537.36"
80.120.5.131 - - [30/Aug/2021:11:58:16 +0200] "GET /images/vista-dn-hover.gif HTTP/1.1" 200 127 "http://renault.activities.at/css/styles.css" "Mozilla/5.0 (Windows NT 10.0; Win64; x64) AppleWebKit/537.36 (KHTML, like Gecko) Chrome/92.0.4515.159 Safari/537.36"
80.121.57.226 - - [30/Aug/2021:11:58:18 +0200] "GET /reload?ser=1630317497698 HTTP/1.1" 200 28 "http://renault.activities.at/12438662" "Mozilla/5.0 (Windows NT 10.0; Win64; x64) AppleWebKit/537.36 (KHTML, like Gecko) Chrome/91.0.4472.124 Safari/537.36"
80.120.5.131 - - [30/Aug/2021:11:58:32 +0200] "GET /reload?ser=1630317512416 HTTP/1.1" 200 28 "http://renault.activities.at/result?searchterm=true&search=bespannung" "Mozilla/5.0 (Windows NT 10.0; Win64; x64) AppleWebKit/537.36 (KHTML, like Gecko) Chrome/92.0.4515.159 Safari/537.36"
80.120.5.131 - - [30/Aug/2021:11:58:36 +0200] "POST /axjaxrequest?mode=suggest HTTP/1.1" 200 909 "http://renault.activities.at/result?searchterm=true&search=bespannung" "Mozilla/5.0 (Windows NT 10.0; Win64; x64) AppleWebKit/537.36 (KHTML, like Gecko) Chrome/92.0.4515.159 Safari/537.36"
80.120.5.131 - - [30/Aug/2021:11:58:37 +0200] "POST /axjaxrequest?mode=suggest HTTP/1.1" 200 139 "http://renault.activities.at/result?searchterm=true&search=bespannung" "Mozilla/5.0 (Windows NT 10.0; Win64; x64) AppleWebKit/537.36 (KHTML, like Gecko) Chrome/92.0.4515.159 Safari/537.36"
80.120.5.131 - - [30/Aug/2021:11:58:37 +0200] "POST /axjaxrequest?mode=suggest HTTP/1.1" 200 116 "http://renault.activities.at/result?searchterm=true&search=bespannung" "Mozilla/5.0 (Windows NT 10.0; Win64; x64) AppleWebKit/537.36 (KHTML, like Gecko) Chrome/92.0.4515.159 Safari/537.36"
80.120.5.131 - - [30/Aug/2021:11:58:38 +0200] "POST /axjaxrequest?mode=suggest HTTP/1.1" 200 116 "http://renault.activities.at/result?searchterm=true&search=bespannung" "Mozilla/5.0 (Windows NT 10.0; Win64; x64) AppleWebKit/537.36 (KHTML, like Gecko) Chrome/92.0.4515.159 Safari/537.36"
80.120.5.131 - - [30/Aug/2021:11:58:45 +0200] "POST /axjaxrequest?mode=suggest HTTP/1.1" 200 117 "http://renault.activities.at/result?searchterm=true&search=bespannung" "Mozilla/5.0 (Windows NT 10.0; Win64; x64) AppleWebKit/537.36 (KHTML, like Gecko) Chrome/92.0.4515.159 Safari/537.36"
80.120.5.131 - - [30/Aug/2021:11:58:45 +0200] "POST /axjaxrequest?mode=suggest HTTP/1.1" 200 117 "http://renault.activities.at/result?searchterm=true&search=bespannung" "Mozilla/5.0 (Windows NT 10.0; Win64; x64) AppleWebKit/537.36 (KHTML, like Gecko) Chrome/92.0.4515.159 Safari/537.36"
80.120.5.131 - - [30/Aug/2021:11:58:54 +0200] "POST /axjaxrequest?mode=suggest HTTP/1.1" 200 153 "http://renault.activities.at/result?searchterm=true&search=bespannung" "Mozilla/5.0 (Windows NT 10.0; Win64; x64) AppleWebKit/537.36 (KHTML, like Gecko) Chrome/92.0.4515.159 Safari/537.36"
194.118.189.54 - - [30/Aug/2021:11:58:55 +0200] "GET /reload?ser=1630317535672 HTTP/1.1" 200 28 "http://renault.activities.at/result?searchterm=true&search=spannbanner" "Mozilla/5.0 (Windows NT 10.0; Win64; x64) AppleWebKit/537.36 (KHTML, like Gecko) Chrome/92.0.4515.159 Safari/537.36"
80.120.5.131 - - [30/Aug/2021:11:58:55 +0200] "POST /axjaxrequest?mode=suggest HTTP/1.1" 200 153 "http://renault.activities.at/result?searchterm=true&search=bespannung" "Mozilla/5.0 (Windows NT 10.0; Win64; x64) AppleWebKit/537.36 (KHTML, like Gecko) Chrome/92.0.4515.159 Safari/537.36"
193.194.132.25 - - [30/Aug/2021:11:59:14 +0200] "GET /reload?ser=1630317554375 HTTP/1.1" 200 28 "http://renault.2web.at/result?searchterm=true&search=spannbanner" "Mozilla/5.0 (Windows NT 10.0; Win64; x64) AppleWebKit/537.36 (KHTML, like Gecko) Chrome/92.0.4515.159 Safari/537.36"
80.121.57.226 - - [30/Aug/2021:11:59:19 +0200] "GET /reload?ser=1630317558698 HTTP/1.1" 200 28 "http://renault.activities.at/12438662" "Mozilla/5.0 (Windows NT 10.0; Win64; x64) AppleWebKit/537.36 (KHTML, like Gecko) Chrome/91.0.4472.124 Safari/537.36"
80.120.5.131 - - [30/Aug/2021:11:59:33 +0200] "GET /reload?ser=1630317573381 HTTP/1.1" 200 28 "http://renault.activities.at/result?searchterm=true&search=bespannung" "Mozilla/5.0 (Windows NT 10.0; Win64; x64) AppleWebKit/537.36 (KHTML, like Gecko) Chrome/92.0.4515.159 Safari/537.36"
194.118.189.54 - - [30/Aug/2021:11:59:56 +0200] "GET /reload?ser=1630317596672 HTTP/1.1" 200 28 "http://renault.activities.at/result?searchterm=true&search=spannbanner" "Mozilla/5.0 (Windows NT 10.0; Win64; x64) AppleWebKit/537.36 (KHTML, like Gecko) Chrome/92.0.4515.159 Safari/537.36"
193.194.132.25 - - [30/Aug/2021:12:00:16 +0200] "GET /reload?ser=1630317616376 HTTP/1.1" 200 28 "http://renault.2web.at/result?searchterm=true&search=spannbanner" "Mozilla/5.0 (Windows NT 10.0; Win64; x64) AppleWebKit/537.36 (KHTML, like Gecko) Chrome/92.0.4515.159 Safari/537.36"
80.121.57.226 - - [30/Aug/2021:12:00:20 +0200] "GET /reload?ser=1630317619699 HTTP/1.1" 200 28 "http://renault.activities.at/12438662" "Mozilla/5.0 (Windows NT 10.0; Win64; x64) AppleWebKit/537.36 (KHTML, like Gecko) Chrome/91.0.4472.124 Safari/537.36"
80.120.5.131 - - [30/Aug/2021:12:00:34 +0200] "GET /reload?ser=1630317634365 HTTP/1.1" 200 28 "http://renault.activities.at/result?searchterm=true&search=bespannung" "Mozilla/5.0 (Windows NT 10.0; Win64; x64) AppleWebKit/537.36 (KHTML, like Gecko) Chrome/92.0.4515.159 Safari/537.36"
194.118.189.54 - - [30/Aug/2021:12:00:57 +0200] "GET /reload?ser=1630317657671 HTTP/1.1" 200 28 "http://renault.activities.at/result?searchterm=true&search=spannbanner" "Mozilla/5.0 (Windows NT 10.0; Win64; x64) AppleWebKit/537.36 (KHTML, like Gecko) Chrome/92.0.4515.159 Safari/537.36"
193.194.132.25 - - [30/Aug/2021:12:01:18 +0200] "GET /reload?ser=1630317678378 HTTP/1.1" 200 28 "http://renault.2web.at/result?searchterm=true&search=spannbanner" "Mozilla/5.0 (Windows NT 10.0; Win64; x64) AppleWebKit/537.36 (KHTML, like Gecko) Chrome/92.0.4515.159 Safari/537.36"
80.120.5.131 - - [30/Aug/2021:12:01:35 +0200] "GET /reload?ser=1630317695314 HTTP/1.1" 200 28 "http://renault.activities.at/result?searchterm=true&search=bespannung" "Mozilla/5.0 (Windows NT 10.0; Win64; x64) AppleWebKit/537.36 (KHTML, like Gecko) Chrome/92.0.4515.159 Safari/537.36"
194.118.189.54 - - [30/Aug/2021:12:01:58 +0200] "GET /reload?ser=1630317718673 HTTP/1.1" 200 28 "http://renault.activities.at/result?searchterm=true&search=spannbanner" "Mozilla/5.0 (Windows NT 10.0; Win64; x64) AppleWebKit/537.36 (KHTML, like Gecko) Chrome/92.0.4515.159 Safari/537.36"
193.194.132.25 - - [30/Aug/2021:12:02:20 +0200] "GET /reload?ser=1630317740379 HTTP/1.1" 200 28 "http://renault.2web.at/result?searchterm=true&search=spannbanner" "Mozilla/5.0 (Windows NT 10.0; Win64; x64) AppleWebKit/537.36 (KHTML, like Gecko) Chrome/92.0.4515.159 Safari/537.36"
80.120.5.131 - - [30/Aug/2021:12:02:36 +0200] "GET /reload?ser=1630317756282 HTTP/1.1" 200 28 "http://renault.activities.at/result?searchterm=true&search=bespannung" "Mozilla/5.0 (Windows NT 10.0; Win64; x64) AppleWebKit/537.36 (KHTML, like Gecko) Chrome/92.0.4515.159 Safari/537.36"
194.118.189.54 - - [30/Aug/2021:12:02:59 +0200] "GET /reload?ser=1630317779682 HTTP/1.1" 200 28 "http://renault.activities.at/result?searchterm=true&search=spannbanner" "Mozilla/5.0 (Windows NT 10.0; Win64; x64) AppleWebKit/537.36 (KHTML, like Gecko) Chrome/92.0.4515.159 Safari/537.36"
193.194.132.25 - - [30/Aug/2021:12:03:22 +0200] "GET /reload?ser=1630317802379 HTTP/1.1" 200 28 "http://renault.2web.at/result?searchterm=true&search=spannbanner" "Mozilla/5.0 (Windows NT 10.0; Win64; x64) AppleWebKit/537.36 (KHTML, like Gecko) Chrome/92.0.4515.159 Safari/537.36"
80.120.5.131 - - [30/Aug/2021:12:03:37 +0200] "GET /reload?ser=1630317817248 HTTP/1.1" 200 28 "http://renault.activities.at/result?searchterm=true&search=bespannung" "Mozilla/5.0 (Windows NT 10.0; Win64; x64) AppleWebKit/537.36 (KHTML, like Gecko) Chrome/92.0.4515.159 Safari/537.36"
194.118.189.54 - - [30/Aug/2021:12:04:00 +0200] "GET /reload?ser=1630317840669 HTTP/1.1" 200 28 "http://renault.activities.at/result?searchterm=true&search=spannbanner" "Mozilla/5.0 (Windows NT 10.0; Win64; x64) AppleWebKit/537.36 (KHTML, like Gecko) Chrome/92.0.4515.159 Safari/537.36"
80.120.5.131 - - [30/Aug/2021:12:04:12 +0200] "POST /axjaxrequest?mode=suggest HTTP/1.1" 200 909 "http://renault.activities.at/result?searchterm=true&search=bespannung" "Mozilla/5.0 (Windows NT 10.0; Win64; x64) AppleWebKit/537.36 (KHTML, like Gecko) Chrome/92.0.4515.159 Safari/537.36"
80.120.5.131 - - [30/Aug/2021:12:04:12 +0200] "POST /axjaxrequest?mode=suggest HTTP/1.1" 200 139 "http://renault.activities.at/result?searchterm=true&search=bespannung" "Mozilla/5.0 (Windows NT 10.0; Win64; x64) AppleWebKit/537.36 (KHTML, like Gecko) Chrome/92.0.4515.159 Safari/537.36"
80.120.5.131 - - [30/Aug/2021:12:04:13 +0200] "POST /axjaxrequest?mode=suggest HTTP/1.1" 200 21 "http://renault.activities.at/result?searchterm=true&search=bespannung" "Mozilla/5.0 (Windows NT 10.0; Win64; x64) AppleWebKit/537.36 (KHTML, like Gecko) Chrome/92.0.4515.159 Safari/537.36"
80.120.5.131 - - [30/Aug/2021:12:04:14 +0200] "POST /axjaxrequest?mode=suggest HTTP/1.1" 200 21 "http://renault.activities.at/result?searchterm=true&search=bespannung" "Mozilla/5.0 (Windows NT 10.0; Win64; x64) AppleWebKit/537.36 (KHTML, like Gecko) Chrome/92.0.4515.159 Safari/537.36"
80.120.5.131 - - [30/Aug/2021:12:04:14 +0200] "GET /result?searchterm=true&search=Stoffw%E4nde HTTP/1.1" 200 5039 "http://renault.activities.at/result?searchterm=true&search=bespannung" "Mozilla/5.0 (Windows NT 10.0; Win64; x64) AppleWebKit/537.36 (KHTML, like Gecko) Chrome/92.0.4515.159 Safari/537.36"
80.120.5.131 - - [30/Aug/2021:12:04:18 +0200] "GET /images/note_msg_icon.gif HTTP/1.1" 200 1022 "http://renault.activities.at/css/styles.css" "Mozilla/5.0 (Windows NT 10.0; Win64; x64) AppleWebKit/537.36 (KHTML, like Gecko) Chrome/92.0.4515.159 Safari/537.36"
80.120.5.131 - - [30/Aug/2021:12:04:14 +0200] "POST /axjaxrequest?mode=suggest HTTP/1.1" 200 21 "http://renault.activities.at/result?searchterm=true&search=bespannung" "Mozilla/5.0 (Windows NT 10.0; Win64; x64) AppleWebKit/537.36 (KHTML, like Gecko) Chrome/92.0.4515.159 Safari/537.36"
80.120.5.131 - - [30/Aug/2021:12:04:22 +0200] "GET /result?searchterm=true&search=Stoff HTTP/1.1" 200 6239 "http://renault.activities.at/result?searchterm=true&search=Stoffw%E4nde" "Mozilla/5.0 (Windows NT 10.0; Win64; x64) AppleWebKit/537.36 (KHTML, like Gecko) Chrome/92.0.4515.159 Safari/537.36"
80.120.5.131 - - [30/Aug/2021:12:04:24 +0200] "GET /loadthumbnail.php?id=12329376&width=113 HTTP/1.1" 200 4961 "http://renault.activities.at/result?searchterm=true&search=Stoff" "Mozilla/5.0 (Windows NT 10.0; Win64; x64) AppleWebKit/537.36 (KHTML, like Gecko) Chrome/92.0.4515.159 Safari/537.36"
193.194.132.25 - - [30/Aug/2021:12:04:24 +0200] "GET /reload?ser=1630317864381 HTTP/1.1" 200 28 "http://renault.2web.at/result?searchterm=true&search=spannbanner" "Mozilla/5.0 (Windows NT 10.0; Win64; x64) AppleWebKit/537.36 (KHTML, like Gecko) Chrome/92.0.4515.159 Safari/537.36"
194.118.189.54 - - [30/Aug/2021:12:05:01 +0200] "GET /reload?ser=1630317901669 HTTP/1.1" 200 28 "http://renault.activities.at/result?searchterm=true&search=spannbanner" "Mozilla/5.0 (Windows NT 10.0; Win64; x64) AppleWebKit/537.36 (KHTML, like Gecko) Chrome/92.0.4515.159 Safari/537.36"
80.120.5.131 - - [30/Aug/2021:12:05:24 +0200] "GET /reload?ser=1630317924799 HTTP/1.1" 200 28 "http://renault.activities.at/result?searchterm=true&search=Stoff" "Mozilla/5.0 (Windows NT 10.0; Win64; x64) AppleWebKit/537.36 (KHTML, like Gecko) Chrome/92.0.4515.159 Safari/537.36"
193.194.132.25 - - [30/Aug/2021:12:05:26 +0200] "GET /reload?ser=1630317926381 HTTP/1.1" 200 28 "http://renault.2web.at/result?searchterm=true&search=spannbanner" "Mozilla/5.0 (Windows NT 10.0; Win64; x64) AppleWebKit/537.36 (KHTML, like Gecko) Chrome/92.0.4515.159 Safari/537.36"
194.118.189.54 - - [30/Aug/2021:12:06:02 +0200] "GET /reload?ser=1630317962681 HTTP/1.1" 200 28 "http://renault.activities.at/result?searchterm=true&search=spannbanner" "Mozilla/5.0 (Windows NT 10.0; Win64; x64) AppleWebKit/537.36 (KHTML, like Gecko) Chrome/92.0.4515.159 Safari/537.36"
80.120.5.131 - - [30/Aug/2021:12:06:25 +0200] "GET /reload?ser=1630317985765 HTTP/1.1" 200 28 "http://renault.activities.at/result?searchterm=true&search=Stoff" "Mozilla/5.0 (Windows NT 10.0; Win64; x64) AppleWebKit/537.36 (KHTML, like Gecko) Chrome/92.0.4515.159 Safari/537.36"
193.194.132.25 - - [30/Aug/2021:12:06:28 +0200] "GET /reload?ser=1630317988382 HTTP/1.1" 200 28 "http://renault.2web.at/result?searchterm=true&search=spannbanner" "Mozilla/5.0 (Windows NT 10.0; Win64; x64) AppleWebKit/537.36 (KHTML, like Gecko) Chrome/92.0.4515.159 Safari/537.36"
194.118.189.54 - - [30/Aug/2021:12:07:03 +0200] "GET /reload?ser=1630318023672 HTTP/1.1" 200 28 "http://renault.activities.at/result?searchterm=true&search=spannbanner" "Mozilla/5.0 (Windows NT 10.0; Win64; x64) AppleWebKit/537.36 (KHTML, like Gecko) Chrome/92.0.4515.159 Safari/537.36"
80.120.5.131 - - [30/Aug/2021:12:07:26 +0200] "GET /reload?ser=1630318046715 HTTP/1.1" 200 28 "http://renault.activities.at/result?searchterm=true&search=Stoff" "Mozilla/5.0 (Windows NT 10.0; Win64; x64) AppleWebKit/537.36 (KHTML, like Gecko) Chrome/92.0.4515.159 Safari/537.36"
193.194.132.25 - - [30/Aug/2021:12:07:30 +0200] "GET /reload?ser=1630318050383 HTTP/1.1" 200 28 "http://renault.2web.at/result?searchterm=true&search=spannbanner" "Mozilla/5.0 (Windows NT 10.0; Win64; x64) AppleWebKit/537.36 (KHTML, like Gecko) Chrome/92.0.4515.159 Safari/537.36"
194.118.189.54 - - [30/Aug/2021:12:08:04 +0200] "GET /reload?ser=1630318084669 HTTP/1.1" 200 28 "http://renault.activities.at/result?searchterm=true&search=spannbanner" "Mozilla/5.0 (Windows NT 10.0; Win64; x64) AppleWebKit/537.36 (KHTML, like Gecko) Chrome/92.0.4515.159 Safari/537.36"
80.120.5.131 - - [30/Aug/2021:12:08:27 +0200] "GET /reload?ser=1630318107681 HTTP/1.1" 200 28 "http://renault.activities.at/result?searchterm=true&search=Stoff" "Mozilla/5.0 (Windows NT 10.0; Win64; x64) AppleWebKit/537.36 (KHTML, like Gecko) Chrome/92.0.4515.159 Safari/537.36"
193.194.132.25 - - [30/Aug/2021:12:08:32 +0200] "GET /reload?ser=1630318112384 HTTP/1.1" 200 28 "http://renault.2web.at/result?searchterm=true&search=spannbanner" "Mozilla/5.0 (Windows NT 10.0; Win64; x64) AppleWebKit/537.36 (KHTML, like Gecko) Chrome/92.0.4515.159 Safari/537.36"
194.118.189.54 - - [30/Aug/2021:12:09:05 +0200] "GET /reload?ser=1630318145669 HTTP/1.1" 200 28 "http://renault.activities.at/result?searchterm=true&search=spannbanner" "Mozilla/5.0 (Windows NT 10.0; Win64; x64) AppleWebKit/537.36 (KHTML, like Gecko) Chrome/92.0.4515.159 Safari/537.36"
80.120.5.131 - - [30/Aug/2021:12:09:28 +0200] "GET /reload?ser=1630318168649 HTTP/1.1" 200 28 "http://renault.activities.at/result?searchterm=true&search=Stoff" "Mozilla/5.0 (Windows NT 10.0; Win64; x64) AppleWebKit/537.36 (KHTML, like Gecko) Chrome/92.0.4515.159 Safari/537.36"
193.194.132.25 - - [30/Aug/2021:12:09:34 +0200] "GET /reload?ser=1630318174385 HTTP/1.1" 200 28 "http://renault.2web.at/result?searchterm=true&search=spannbanner" "Mozilla/5.0 (Windows NT 10.0; Win64; x64) AppleWebKit/537.36 (KHTML, like Gecko) Chrome/92.0.4515.159 Safari/537.36"
194.118.189.54 - - [30/Aug/2021:12:10:06 +0200] "GET /reload?ser=1630318206668 HTTP/1.1" 200 28 "http://renault.activities.at/result?searchterm=true&search=spannbanner" "Mozilla/5.0 (Windows NT 10.0; Win64; x64) AppleWebKit/537.36 (KHTML, like Gecko) Chrome/92.0.4515.159 Safari/537.36"
80.120.5.131 - - [30/Aug/2021:12:10:29 +0200] "GET /reload?ser=1630318229648 HTTP/1.1" 200 28 "http://renault.activities.at/result?searchterm=true&search=Stoff" "Mozilla/5.0 (Windows NT 10.0; Win64; x64) AppleWebKit/537.36 (KHTML, like Gecko) Chrome/92.0.4515.159 Safari/537.36"
193.194.132.25 - - [30/Aug/2021:12:10:36 +0200] "GET /reload?ser=1630318236385 HTTP/1.1" 200 28 "http://renault.2web.at/result?searchterm=true&search=spannbanner" "Mozilla/5.0 (Windows NT 10.0; Win64; x64) AppleWebKit/537.36 (KHTML, like Gecko) Chrome/92.0.4515.159 Safari/537.36"
194.118.189.54 - - [30/Aug/2021:12:11:07 +0200] "GET /reload?ser=1630318267668 HTTP/1.1" 200 28 "http://renault.activities.at/result?searchterm=true&search=spannbanner" "Mozilla/5.0 (Windows NT 10.0; Win64; x64) AppleWebKit/537.36 (KHTML, like Gecko) Chrome/92.0.4515.159 Safari/537.36"
80.120.5.131 - - [30/Aug/2021:12:11:30 +0200] "GET /reload?ser=1630318290615 HTTP/1.1" 200 28 "http://renault.activities.at/result?searchterm=true&search=Stoff" "Mozilla/5.0 (Windows NT 10.0; Win64; x64) AppleWebKit/537.36 (KHTML, like Gecko) Chrome/92.0.4515.159 Safari/537.36"
193.194.132.25 - - [30/Aug/2021:12:11:38 +0200] "GET /reload?ser=1630318298385 HTTP/1.1" 200 28 "http://renault.2web.at/result?searchterm=true&search=spannbanner" "Mozilla/5.0 (Windows NT 10.0; Win64; x64) AppleWebKit/537.36 (KHTML, like Gecko) Chrome/92.0.4515.159 Safari/537.36"
194.118.189.54 - - [30/Aug/2021:12:12:08 +0200] "GET /reload?ser=1630318328681 HTTP/1.1" 200 28 "http://renault.activities.at/result?searchterm=true&search=spannbanner" "Mozilla/5.0 (Windows NT 10.0; Win64; x64) AppleWebKit/537.36 (KHTML, like Gecko) Chrome/92.0.4515.159 Safari/537.36"
80.120.5.131 - - [30/Aug/2021:12:12:31 +0200] "GET /reload?ser=1630318351583 HTTP/1.1" 200 28 "http://renault.activities.at/result?searchterm=true&search=Stoff" "Mozilla/5.0 (Windows NT 10.0; Win64; x64) AppleWebKit/537.36 (KHTML, like Gecko) Chrome/92.0.4515.159 Safari/537.36"
193.194.132.25 - - [30/Aug/2021:12:12:40 +0200] "GET /reload?ser=1630318360386 HTTP/1.1" 200 28 "http://renault.2web.at/result?searchterm=true&search=spannbanner" "Mozilla/5.0 (Windows NT 10.0; Win64; x64) AppleWebKit/537.36 (KHTML, like Gecko) Chrome/92.0.4515.159 Safari/537.36"
194.118.189.54 - - [30/Aug/2021:12:13:09 +0200] "GET /reload?ser=1630318389667 HTTP/1.1" 200 28 "http://renault.activities.at/result?searchterm=true&search=spannbanner" "Mozilla/5.0 (Windows NT 10.0; Win64; x64) AppleWebKit/537.36 (KHTML, like Gecko) Chrome/92.0.4515.159 Safari/537.36"
80.120.5.131 - - [30/Aug/2021:12:13:32 +0200] "GET /reload?ser=1630318412566 HTTP/1.1" 200 28 "http://renault.activities.at/result?searchterm=true&search=Stoff" "Mozilla/5.0 (Windows NT 10.0; Win64; x64) AppleWebKit/537.36 (KHTML, like Gecko) Chrome/92.0.4515.159 Safari/537.36"
193.194.132.25 - - [30/Aug/2021:12:13:42 +0200] "GET /reload?ser=1630318422387 HTTP/1.1" 200 28 "http://renault.2web.at/result?searchterm=true&search=spannbanner" "Mozilla/5.0 (Windows NT 10.0; Win64; x64) AppleWebKit/537.36 (KHTML, like Gecko) Chrome/92.0.4515.159 Safari/537.36"
207.46.13.59 - - [30/Aug/2021:12:14:00 +0200] "GET / HTTP/1.1" 200 3086 "-" "Mozilla/5.0 (compatible; bingbot/2.0; +http://www.bing.com/bingbot.htm)"
194.118.189.54 - - [30/Aug/2021:12:14:10 +0200] "GET /reload?ser=1630318450667 HTTP/1.1" 200 28 "http://renault.activities.at/result?searchterm=true&search=spannbanner" "Mozilla/5.0 (Windows NT 10.0; Win64; x64) AppleWebKit/537.36 (KHTML, like Gecko) Chrome/92.0.4515.159 Safari/537.36"
80.120.5.131 - - [30/Aug/2021:12:14:33 +0200] "GET /reload?ser=1630318473533 HTTP/1.1" 200 28 "http://renault.activities.at/result?searchterm=true&search=Stoff" "Mozilla/5.0 (Windows NT 10.0; Win64; x64) AppleWebKit/537.36 (KHTML, like Gecko) Chrome/92.0.4515.159 Safari/537.36"
193.194.132.25 - - [30/Aug/2021:12:14:44 +0200] "GET /reload?ser=1630318484388 HTTP/1.1" 200 28 "http://renault.2web.at/result?searchterm=true&search=spannbanner" "Mozilla/5.0 (Windows NT 10.0; Win64; x64) AppleWebKit/537.36 (KHTML, like Gecko) Chrome/92.0.4515.159 Safari/537.36"
194.118.189.54 - - [30/Aug/2021:12:15:11 +0200] "GET /reload?ser=1630318511677 HTTP/1.1" 200 28 "http://renault.activities.at/result?searchterm=true&search=spannbanner" "Mozilla/5.0 (Windows NT 10.0; Win64; x64) AppleWebKit/537.36 (KHTML, like Gecko) Chrome/92.0.4515.159 Safari/537.36"
80.120.5.131 - - [30/Aug/2021:12:15:34 +0200] "GET /reload?ser=1630318534483 HTTP/1.1" 200 28 "http://renault.activities.at/result?searchterm=true&search=Stoff" "Mozilla/5.0 (Windows NT 10.0; Win64; x64) AppleWebKit/537.36 (KHTML, like Gecko) Chrome/92.0.4515.159 Safari/537.36"
193.194.132.25 - - [30/Aug/2021:12:15:46 +0200] "GET /reload?ser=1630318546388 HTTP/1.1" 200 28 "http://renault.2web.at/result?searchterm=true&search=spannbanner" "Mozilla/5.0 (Windows NT 10.0; Win64; x64) AppleWebKit/537.36 (KHTML, like Gecko) Chrome/92.0.4515.159 Safari/537.36"
194.118.189.54 - - [30/Aug/2021:12:16:12 +0200] "GET /reload?ser=1630318572667 HTTP/1.1" 200 28 "http://renault.activities.at/result?searchterm=true&search=spannbanner" "Mozilla/5.0 (Windows NT 10.0; Win64; x64) AppleWebKit/537.36 (KHTML, like Gecko) Chrome/92.0.4515.159 Safari/537.36"
80.120.5.131 - - [30/Aug/2021:12:16:35 +0200] "GET /reload?ser=1630318595549 HTTP/1.1" 200 28 "http://renault.activities.at/result?searchterm=true&search=Stoff" "Mozilla/5.0 (Windows NT 10.0; Win64; x64) AppleWebKit/537.36 (KHTML, like Gecko) Chrome/92.0.4515.159 Safari/537.36"
193.194.132.25 - - [30/Aug/2021:12:16:48 +0200] "GET /reload?ser=1630318608388 HTTP/1.1" 200 28 "http://renault.2web.at/result?searchterm=true&search=spannbanner" "Mozilla/5.0 (Windows NT 10.0; Win64; x64) AppleWebKit/537.36 (KHTML, like Gecko) Chrome/92.0.4515.159 Safari/537.36"
194.118.189.54 - - [30/Aug/2021:12:17:13 +0200] "GET /reload?ser=1630318633682 HTTP/1.1" 200 28 "http://renault.activities.at/result?searchterm=true&search=spannbanner" "Mozilla/5.0 (Windows NT 10.0; Win64; x64) AppleWebKit/537.36 (KHTML, like Gecko) Chrome/92.0.4515.159 Safari/537.36"
80.120.5.131 - - [30/Aug/2021:12:17:36 +0200] "GET /reload?ser=1630318656532 HTTP/1.1" 200 28 "http://renault.activities.at/result?searchterm=true&search=Stoff" "Mozilla/5.0 (Windows NT 10.0; Win64; x64) AppleWebKit/537.36 (KHTML, like Gecko) Chrome/92.0.4515.159 Safari/537.36"
193.194.132.25 - - [30/Aug/2021:12:17:50 +0200] "GET /reload?ser=1630318670389 HTTP/1.1" 200 28 "http://renault.2web.at/result?searchterm=true&search=spannbanner" "Mozilla/5.0 (Windows NT 10.0; Win64; x64) AppleWebKit/537.36 (KHTML, like Gecko) Chrome/92.0.4515.159 Safari/537.36"
194.118.189.54 - - [30/Aug/2021:12:18:14 +0200] "GET /reload?ser=1630318694666 HTTP/1.1" 200 28 "http://renault.activities.at/result?searchterm=true&search=spannbanner" "Mozilla/5.0 (Windows NT 10.0; Win64; x64) AppleWebKit/537.36 (KHTML, like Gecko) Chrome/92.0.4515.159 Safari/537.36"
80.120.5.131 - - [30/Aug/2021:12:18:37 +0200] "GET /reload?ser=1630318717482 HTTP/1.1" 200 28 "http://renault.activities.at/result?searchterm=true&search=Stoff" "Mozilla/5.0 (Windows NT 10.0; Win64; x64) AppleWebKit/537.36 (KHTML, like Gecko) Chrome/92.0.4515.159 Safari/537.36"
193.194.132.25 - - [30/Aug/2021:12:18:52 +0200] "GET /reload?ser=1630318732389 HTTP/1.1" 200 28 "http://renault.2web.at/result?searchterm=true&search=spannbanner" "Mozilla/5.0 (Windows NT 10.0; Win64; x64) AppleWebKit/537.36 (KHTML, like Gecko) Chrome/92.0.4515.159 Safari/537.36"
194.118.189.54 - - [30/Aug/2021:12:19:15 +0200] "GET /reload?ser=1630318755667 HTTP/1.1" 200 28 "http://renault.activities.at/result?searchterm=true&search=spannbanner" "Mozilla/5.0 (Windows NT 10.0; Win64; x64) AppleWebKit/537.36 (KHTML, like Gecko) Chrome/92.0.4515.159 Safari/537.36"
80.120.5.131 - - [30/Aug/2021:12:19:31 +0200] "GET /result?searchterm=true&search=Stoffw%E4nde HTTP/1.1" 200 5039 "http://renault.activities.at/result?searchterm=true&search=bespannung" "Mozilla/5.0 (Windows NT 10.0; Win64; x64) AppleWebKit/537.36 (KHTML, like Gecko) Chrome/92.0.4515.159 Safari/537.36"
193.194.132.25 - - [30/Aug/2021:12:19:54 +0200] "GET /reload?ser=1630318794389 HTTP/1.1" 200 28 "http://renault.2web.at/result?searchterm=true&search=spannbanner" "Mozilla/5.0 (Windows NT 10.0; Win64; x64) AppleWebKit/537.36 (KHTML, like Gecko) Chrome/92.0.4515.159 Safari/537.36"
194.118.189.54 - - [30/Aug/2021:12:20:16 +0200] "GET /reload?ser=1630318816669 HTTP/1.1" 200 28 "http://renault.activities.at/result?searchterm=true&search=spannbanner" "Mozilla/5.0 (Windows NT 10.0; Win64; x64) AppleWebKit/537.36 (KHTML, like Gecko) Chrome/92.0.4515.159 Safari/537.36"
193.194.132.25 - - [30/Aug/2021:12:20:56 +0200] "GET /reload?ser=1630318856390 HTTP/1.1" 200 28 "http://renault.2web.at/result?searchterm=true&search=spannbanner" "Mozilla/5.0 (Windows NT 10.0; Win64; x64) AppleWebKit/537.36 (KHTML, like Gecko) Chrome/92.0.4515.159 Safari/537.36"
194.118.189.54 - - [30/Aug/2021:12:21:17 +0200] "GET /reload?ser=1630318877675 HTTP/1.1" 200 28 "http://renault.activities.at/result?searchterm=true&search=spannbanner" "Mozilla/5.0 (Windows NT 10.0; Win64; x64) AppleWebKit/537.36 (KHTML, like Gecko) Chrome/92.0.4515.159 Safari/537.36"
193.194.132.25 - - [30/Aug/2021:12:21:58 +0200] "GET /reload?ser=1630318918389 HTTP/1.1" 200 28 "http://renault.2web.at/result?searchterm=true&search=spannbanner" "Mozilla/5.0 (Windows NT 10.0; Win64; x64) AppleWebKit/537.36 (KHTML, like Gecko) Chrome/92.0.4515.159 Safari/537.36"
194.118.189.54 - - [30/Aug/2021:12:22:18 +0200] "GET /reload?ser=1630318938671 HTTP/1.1" 200 28 "http://renault.activities.at/result?searchterm=true&search=spannbanner" "Mozilla/5.0 (Windows NT 10.0; Win64; x64) AppleWebKit/537.36 (KHTML, like Gecko) Chrome/92.0.4515.159 Safari/537.36"
193.194.132.25 - - [30/Aug/2021:12:23:00 +0200] "GET /reload?ser=1630318980390 HTTP/1.1" 200 28 "http://renault.2web.at/result?searchterm=true&search=spannbanner" "Mozilla/5.0 (Windows NT 10.0; Win64; x64) AppleWebKit/537.36 (KHTML, like Gecko) Chrome/92.0.4515.159 Safari/537.36"
194.118.189.54 - - [30/Aug/2021:12:23:19 +0200] "GET /reload?ser=1630318999675 HTTP/1.1" 200 28 "http://renault.activities.at/result?searchterm=true&search=spannbanner" "Mozilla/5.0 (Windows NT 10.0; Win64; x64) AppleWebKit/537.36 (KHTML, like Gecko) Chrome/92.0.4515.159 Safari/537.36"
193.194.132.25 - - [30/Aug/2021:12:24:02 +0200] "GET /reload?ser=1630319042391 HTTP/1.1" 200 28 "http://renault.2web.at/result?searchterm=true&search=spannbanner" "Mozilla/5.0 (Windows NT 10.0; Win64; x64) AppleWebKit/537.36 (KHTML, like Gecko) Chrome/92.0.4515.159 Safari/537.36"
194.118.189.54 - - [30/Aug/2021:12:24:20 +0200] "GET /reload?ser=1630319060684 HTTP/1.1" 200 28 "http://renault.activities.at/result?searchterm=true&search=spannbanner" "Mozilla/5.0 (Windows NT 10.0; Win64; x64) AppleWebKit/537.36 (KHTML, like Gecko) Chrome/92.0.4515.159 Safari/537.36"
193.194.132.25 - - [30/Aug/2021:12:25:04 +0200] "GET /reload?ser=1630319104391 HTTP/1.1" 200 28 "http://renault.2web.at/result?searchterm=true&search=spannbanner" "Mozilla/5.0 (Windows NT 10.0; Win64; x64) AppleWebKit/537.36 (KHTML, like Gecko) Chrome/92.0.4515.159 Safari/537.36"
194.118.189.54 - - [30/Aug/2021:12:25:21 +0200] "GET /reload?ser=1630319121675 HTTP/1.1" 200 28 "http://renault.activities.at/result?searchterm=true&search=spannbanner" "Mozilla/5.0 (Windows NT 10.0; Win64; x64) AppleWebKit/537.36 (KHTML, like Gecko) Chrome/92.0.4515.159 Safari/537.36"
193.194.132.25 - - [30/Aug/2021:12:26:06 +0200] "GET /reload?ser=1630319166391 HTTP/1.1" 200 28 "http://renault.2web.at/result?searchterm=true&search=spannbanner" "Mozilla/5.0 (Windows NT 10.0; Win64; x64) AppleWebKit/537.36 (KHTML, like Gecko) Chrome/92.0.4515.159 Safari/537.36"
194.118.189.54 - - [30/Aug/2021:12:26:22 +0200] "GET /reload?ser=1630319182666 HTTP/1.1" 200 28 "http://renault.activities.at/result?searchterm=true&search=spannbanner" "Mozilla/5.0 (Windows NT 10.0; Win64; x64) AppleWebKit/537.36 (KHTML, like Gecko) Chrome/92.0.4515.159 Safari/537.36"
193.194.132.25 - - [30/Aug/2021:12:27:08 +0200] "GET /reload?ser=1630319228391 HTTP/1.1" 200 28 "http://renault.2web.at/result?searchterm=true&search=spannbanner" "Mozilla/5.0 (Windows NT 10.0; Win64; x64) AppleWebKit/537.36 (KHTML, like Gecko) Chrome/92.0.4515.159 Safari/537.36"
194.118.189.54 - - [30/Aug/2021:12:27:23 +0200] "GET /reload?ser=1630319243666 HTTP/1.1" 200 28 "http://renault.activities.at/result?searchterm=true&search=spannbanner" "Mozilla/5.0 (Windows NT 10.0; Win64; x64) AppleWebKit/537.36 (KHTML, like Gecko) Chrome/92.0.4515.159 Safari/537.36"
193.194.132.25 - - [30/Aug/2021:12:28:10 +0200] "GET /reload?ser=1630319290391 HTTP/1.1" 200 28 "http://renault.2web.at/result?searchterm=true&search=spannbanner" "Mozilla/5.0 (Windows NT 10.0; Win64; x64) AppleWebKit/537.36 (KHTML, like Gecko) Chrome/92.0.4515.159 Safari/537.36"
194.118.189.54 - - [30/Aug/2021:12:28:24 +0200] "GET /reload?ser=1630319304665 HTTP/1.1" 200 28 "http://renault.activities.at/result?searchterm=true&search=spannbanner" "Mozilla/5.0 (Windows NT 10.0; Win64; x64) AppleWebKit/537.36 (KHTML, like Gecko) Chrome/92.0.4515.159 Safari/537.36"
193.194.132.25 - - [30/Aug/2021:12:29:12 +0200] "GET /reload?ser=1630319352391 HTTP/1.1" 200 28 "http://renault.2web.at/result?searchterm=true&search=spannbanner" "Mozilla/5.0 (Windows NT 10.0; Win64; x64) AppleWebKit/537.36 (KHTML, like Gecko) Chrome/92.0.4515.159 Safari/537.36"
194.118.189.54 - - [30/Aug/2021:12:29:25 +0200] "GET /reload?ser=1630319365665 HTTP/1.1" 200 28 "http://renault.activities.at/result?searchterm=true&search=spannbanner" "Mozilla/5.0 (Windows NT 10.0; Win64; x64) AppleWebKit/537.36 (KHTML, like Gecko) Chrome/92.0.4515.159 Safari/537.36"
193.194.132.25 - - [30/Aug/2021:12:30:14 +0200] "GET /reload?ser=1630319414393 HTTP/1.1" 200 28 "http://renault.2web.at/result?searchterm=true&search=spannbanner" "Mozilla/5.0 (Windows NT 10.0; Win64; x64) AppleWebKit/537.36 (KHTML, like Gecko) Chrome/92.0.4515.159 Safari/537.36"
194.118.189.54 - - [30/Aug/2021:12:30:26 +0200] "GET /reload?ser=1630319426678 HTTP/1.1" 200 28 "http://renault.activities.at/result?searchterm=true&search=spannbanner" "Mozilla/5.0 (Windows NT 10.0; Win64; x64) AppleWebKit/537.36 (KHTML, like Gecko) Chrome/92.0.4515.159 Safari/537.36"
193.194.132.25 - - [30/Aug/2021:12:31:16 +0200] "GET /reload?ser=1630319476392 HTTP/1.1" 200 28 "http://renault.2web.at/result?searchterm=true&search=spannbanner" "Mozilla/5.0 (Windows NT 10.0; Win64; x64) AppleWebKit/537.36 (KHTML, like Gecko) Chrome/92.0.4515.159 Safari/537.36"
194.118.189.54 - - [30/Aug/2021:12:31:27 +0200] "GET /reload?ser=1630319487673 HTTP/1.1" 200 28 "http://renault.activities.at/result?searchterm=true&search=spannbanner" "Mozilla/5.0 (Windows NT 10.0; Win64; x64) AppleWebKit/537.36 (KHTML, like Gecko) Chrome/92.0.4515.159 Safari/537.36"
193.194.132.25 - - [30/Aug/2021:12:32:18 +0200] "GET /reload?ser=1630319538392 HTTP/1.1" 200 28 "http://renault.2web.at/result?searchterm=true&search=spannbanner" "Mozilla/5.0 (Windows NT 10.0; Win64; x64) AppleWebKit/537.36 (KHTML, like Gecko) Chrome/92.0.4515.159 Safari/537.36"
194.118.189.54 - - [30/Aug/2021:12:32:28 +0200] "GET /reload?ser=1630319548676 HTTP/1.1" 200 28 "http://renault.activities.at/result?searchterm=true&search=spannbanner" "Mozilla/5.0 (Windows NT 10.0; Win64; x64) AppleWebKit/537.36 (KHTML, like Gecko) Chrome/92.0.4515.159 Safari/537.36"
193.194.132.25 - - [30/Aug/2021:12:33:20 +0200] "GET /reload?ser=1630319600394 HTTP/1.1" 200 28 "http://renault.2web.at/result?searchterm=true&search=spannbanner" "Mozilla/5.0 (Windows NT 10.0; Win64; x64) AppleWebKit/537.36 (KHTML, like Gecko) Chrome/92.0.4515.159 Safari/537.36"
194.118.189.54 - - [30/Aug/2021:12:33:29 +0200] "GET /reload?ser=1630319609669 HTTP/1.1" 200 28 "http://renault.activities.at/result?searchterm=true&search=spannbanner" "Mozilla/5.0 (Windows NT 10.0; Win64; x64) AppleWebKit/537.36 (KHTML, like Gecko) Chrome/92.0.4515.159 Safari/537.36"
193.194.132.25 - - [30/Aug/2021:12:34:22 +0200] "GET /reload?ser=1630319662394 HTTP/1.1" 200 28 "http://renault.2web.at/result?searchterm=true&search=spannbanner" "Mozilla/5.0 (Windows NT 10.0; Win64; x64) AppleWebKit/537.36 (KHTML, like Gecko) Chrome/92.0.4515.159 Safari/537.36"
194.118.189.54 - - [30/Aug/2021:12:34:30 +0200] "GET /reload?ser=1630319670668 HTTP/1.1" 200 28 "http://renault.activities.at/result?searchterm=true&search=spannbanner" "Mozilla/5.0 (Windows NT 10.0; Win64; x64) AppleWebKit/537.36 (KHTML, like Gecko) Chrome/92.0.4515.159 Safari/537.36"
193.194.132.25 - - [30/Aug/2021:12:35:24 +0200] "GET /reload?ser=1630319724393 HTTP/1.1" 200 28 "http://renault.2web.at/result?searchterm=true&search=spannbanner" "Mozilla/5.0 (Windows NT 10.0; Win64; x64) AppleWebKit/537.36 (KHTML, like Gecko) Chrome/92.0.4515.159 Safari/537.36"
194.118.189.54 - - [30/Aug/2021:12:35:31 +0200] "GET /reload?ser=1630319731678 HTTP/1.1" 200 28 "http://renault.activities.at/result?searchterm=true&search=spannbanner" "Mozilla/5.0 (Windows NT 10.0; Win64; x64) AppleWebKit/537.36 (KHTML, like Gecko) Chrome/92.0.4515.159 Safari/537.36"
193.194.132.25 - - [30/Aug/2021:12:36:26 +0200] "GET /reload?ser=1630319786394 HTTP/1.1" 200 28 "http://renault.2web.at/result?searchterm=true&search=spannbanner" "Mozilla/5.0 (Windows NT 10.0; Win64; x64) AppleWebKit/537.36 (KHTML, like Gecko) Chrome/92.0.4515.159 Safari/537.36"
194.118.189.54 - - [30/Aug/2021:12:36:32 +0200] "GET /reload?ser=1630319792671 HTTP/1.1" 200 28 "http://renault.activities.at/result?searchterm=true&search=spannbanner" "Mozilla/5.0 (Windows NT 10.0; Win64; x64) AppleWebKit/537.36 (KHTML, like Gecko) Chrome/92.0.4515.159 Safari/537.36"
193.194.132.25 - - [30/Aug/2021:12:37:28 +0200] "GET /reload?ser=1630319848395 HTTP/1.1" 200 28 "http://renault.2web.at/result?searchterm=true&search=spannbanner" "Mozilla/5.0 (Windows NT 10.0; Win64; x64) AppleWebKit/537.36 (KHTML, like Gecko) Chrome/92.0.4515.159 Safari/537.36"
194.118.189.54 - - [30/Aug/2021:12:37:33 +0200] "GET /reload?ser=1630319853676 HTTP/1.1" 200 28 "http://renault.activities.at/result?searchterm=true&search=spannbanner" "Mozilla/5.0 (Windows NT 10.0; Win64; x64) AppleWebKit/537.36 (KHTML, like Gecko) Chrome/92.0.4515.159 Safari/537.36"
193.194.132.25 - - [30/Aug/2021:12:38:30 +0200] "GET /reload?ser=1630319910394 HTTP/1.1" 200 28 "http://renault.2web.at/result?searchterm=true&search=spannbanner" "Mozilla/5.0 (Windows NT 10.0; Win64; x64) AppleWebKit/537.36 (KHTML, like Gecko) Chrome/92.0.4515.159 Safari/537.36"
194.118.189.54 - - [30/Aug/2021:12:38:34 +0200] "GET /reload?ser=1630319914679 HTTP/1.1" 200 28 "http://renault.activities.at/result?searchterm=true&search=spannbanner" "Mozilla/5.0 (Windows NT 10.0; Win64; x64) AppleWebKit/537.36 (KHTML, like Gecko) Chrome/92.0.4515.159 Safari/537.36"
193.194.132.25 - - [30/Aug/2021:12:39:32 +0200] "GET /reload?ser=1630319972394 HTTP/1.1" 200 28 "http://renault.2web.at/result?searchterm=true&search=spannbanner" "Mozilla/5.0 (Windows NT 10.0; Win64; x64) AppleWebKit/537.36 (KHTML, like Gecko) Chrome/92.0.4515.159 Safari/537.36"
194.118.189.54 - - [30/Aug/2021:12:39:35 +0200] "GET /reload?ser=1630319975673 HTTP/1.1" 200 28 "http://renault.activities.at/result?searchterm=true&search=spannbanner" "Mozilla/5.0 (Windows NT 10.0; Win64; x64) AppleWebKit/537.36 (KHTML, like Gecko) Chrome/92.0.4515.159 Safari/537.36"
193.194.132.25 - - [30/Aug/2021:12:40:34 +0200] "GET /reload?ser=1630320034394 HTTP/1.1" 200 28 "http://renault.2web.at/result?searchterm=true&search=spannbanner" "Mozilla/5.0 (Windows NT 10.0; Win64; x64) AppleWebKit/537.36 (KHTML, like Gecko) Chrome/92.0.4515.159 Safari/537.36"
194.118.189.54 - - [30/Aug/2021:12:40:36 +0200] "GET /reload?ser=1630320036669 HTTP/1.1" 200 28 "http://renault.activities.at/result?searchterm=true&search=spannbanner" "Mozilla/5.0 (Windows NT 10.0; Win64; x64) AppleWebKit/537.36 (KHTML, like Gecko) Chrome/92.0.4515.159 Safari/537.36"
193.194.132.25 - - [30/Aug/2021:12:41:36 +0200] "GET /reload?ser=1630320096394 HTTP/1.1" 200 28 "http://renault.2web.at/result?searchterm=true&search=spannbanner" "Mozilla/5.0 (Windows NT 10.0; Win64; x64) AppleWebKit/537.36 (KHTML, like Gecko) Chrome/92.0.4515.159 Safari/537.36"
194.118.189.54 - - [30/Aug/2021:12:41:37 +0200] "GET /reload?ser=1630320097672 HTTP/1.1" 200 28 "http://renault.activities.at/result?searchterm=true&search=spannbanner" "Mozilla/5.0 (Windows NT 10.0; Win64; x64) AppleWebKit/537.36 (KHTML, like Gecko) Chrome/92.0.4515.159 Safari/537.36"
194.118.189.54 - - [30/Aug/2021:12:42:38 +0200] "GET /reload?ser=1630320158665 HTTP/1.1" 200 28 "http://renault.activities.at/result?searchterm=true&search=spannbanner" "Mozilla/5.0 (Windows NT 10.0; Win64; x64) AppleWebKit/537.36 (KHTML, like Gecko) Chrome/92.0.4515.159 Safari/537.36"
193.194.132.25 - - [30/Aug/2021:12:42:38 +0200] "GET /reload?ser=1630320158395 HTTP/1.1" 200 28 "http://renault.2web.at/result?searchterm=true&search=spannbanner" "Mozilla/5.0 (Windows NT 10.0; Win64; x64) AppleWebKit/537.36 (KHTML, like Gecko) Chrome/92.0.4515.159 Safari/537.36"
194.118.189.54 - - [30/Aug/2021:12:43:39 +0200] "GET /reload?ser=1630320219665 HTTP/1.1" 200 28 "http://renault.activities.at/result?searchterm=true&search=spannbanner" "Mozilla/5.0 (Windows NT 10.0; Win64; x64) AppleWebKit/537.36 (KHTML, like Gecko) Chrome/92.0.4515.159 Safari/537.36"
193.194.132.25 - - [30/Aug/2021:12:43:40 +0200] "GET /reload?ser=1630320220398 HTTP/1.1" 200 28 "http://renault.2web.at/result?searchterm=true&search=spannbanner" "Mozilla/5.0 (Windows NT 10.0; Win64; x64) AppleWebKit/537.36 (KHTML, like Gecko) Chrome/92.0.4515.159 Safari/537.36"
194.118.189.54 - - [30/Aug/2021:12:44:40 +0200] "GET /reload?ser=1630320280664 HTTP/1.1" 200 28 "http://renault.activities.at/result?searchterm=true&search=spannbanner" "Mozilla/5.0 (Windows NT 10.0; Win64; x64) AppleWebKit/537.36 (KHTML, like Gecko) Chrome/92.0.4515.159 Safari/537.36"
193.194.132.25 - - [30/Aug/2021:12:44:42 +0200] "GET /reload?ser=1630320282407 HTTP/1.1" 200 28 "http://renault.2web.at/result?searchterm=true&search=spannbanner" "Mozilla/5.0 (Windows NT 10.0; Win64; x64) AppleWebKit/537.36 (KHTML, like Gecko) Chrome/92.0.4515.159 Safari/537.36"
194.118.189.54 - - [30/Aug/2021:12:45:41 +0200] "GET /reload?ser=1630320341665 HTTP/1.1" 200 28 "http://renault.activities.at/result?searchterm=true&search=spannbanner" "Mozilla/5.0 (Windows NT 10.0; Win64; x64) AppleWebKit/537.36 (KHTML, like Gecko) Chrome/92.0.4515.159 Safari/537.36"
193.194.132.25 - - [30/Aug/2021:12:45:44 +0200] "GET /reload?ser=1630320344414 HTTP/1.1" 200 28 "http://renault.2web.at/result?searchterm=true&search=spannbanner" "Mozilla/5.0 (Windows NT 10.0; Win64; x64) AppleWebKit/537.36 (KHTML, like Gecko) Chrome/92.0.4515.159 Safari/537.36"
194.118.189.54 - - [30/Aug/2021:12:46:42 +0200] "GET /reload?ser=1630320402671 HTTP/1.1" 200 28 "http://renault.activities.at/result?searchterm=true&search=spannbanner" "Mozilla/5.0 (Windows NT 10.0; Win64; x64) AppleWebKit/537.36 (KHTML, like Gecko) Chrome/92.0.4515.159 Safari/537.36"
193.194.132.25 - - [30/Aug/2021:12:46:46 +0200] "GET /reload?ser=1630320406422 HTTP/1.1" 200 28 "http://renault.2web.at/result?searchterm=true&search=spannbanner" "Mozilla/5.0 (Windows NT 10.0; Win64; x64) AppleWebKit/537.36 (KHTML, like Gecko) Chrome/92.0.4515.159 Safari/537.36"
194.118.189.54 - - [30/Aug/2021:12:47:43 +0200] "GET /reload?ser=1630320463678 HTTP/1.1" 200 28 "http://renault.activities.at/result?searchterm=true&search=spannbanner" "Mozilla/5.0 (Windows NT 10.0; Win64; x64) AppleWebKit/537.36 (KHTML, like Gecko) Chrome/92.0.4515.159 Safari/537.36"
193.194.132.25 - - [30/Aug/2021:12:47:48 +0200] "GET /reload?ser=1630320468429 HTTP/1.1" 200 28 "http://renault.2web.at/result?searchterm=true&search=spannbanner" "Mozilla/5.0 (Windows NT 10.0; Win64; x64) AppleWebKit/537.36 (KHTML, like Gecko) Chrome/92.0.4515.159 Safari/537.36"
194.118.189.54 - - [30/Aug/2021:12:48:44 +0200] "GET /reload?ser=1630320524665 HTTP/1.1" 200 28 "http://renault.activities.at/result?searchterm=true&search=spannbanner" "Mozilla/5.0 (Windows NT 10.0; Win64; x64) AppleWebKit/537.36 (KHTML, like Gecko) Chrome/92.0.4515.159 Safari/537.36"
193.194.132.25 - - [30/Aug/2021:12:48:50 +0200] "GET /reload?ser=1630320530436 HTTP/1.1" 200 28 "http://renault.2web.at/result?searchterm=true&search=spannbanner" "Mozilla/5.0 (Windows NT 10.0; Win64; x64) AppleWebKit/537.36 (KHTML, like Gecko) Chrome/92.0.4515.159 Safari/537.36"
194.118.189.54 - - [30/Aug/2021:12:49:45 +0200] "GET /reload?ser=1630320585665 HTTP/1.1" 200 28 "http://renault.activities.at/result?searchterm=true&search=spannbanner" "Mozilla/5.0 (Windows NT 10.0; Win64; x64) AppleWebKit/537.36 (KHTML, like Gecko) Chrome/92.0.4515.159 Safari/537.36"
193.194.132.25 - - [30/Aug/2021:12:49:52 +0200] "GET /reload?ser=1630320592444 HTTP/1.1" 200 28 "http://renault.2web.at/result?searchterm=true&search=spannbanner" "Mozilla/5.0 (Windows NT 10.0; Win64; x64) AppleWebKit/537.36 (KHTML, like Gecko) Chrome/92.0.4515.159 Safari/537.36"
