80.122.133.118 - - [30/Aug/2021:13:56:24 +0200] "GET /loadthumbnail.php?id=11487913&width=83 HTTP/1.1" 200 1760 "http://renault.activities.at/11352381?print=true" "Mozilla/5.0 (Windows NT 10.0; Win64; x64) AppleWebKit/537.36 (KHTML, like Gecko) Chrome/92.0.4515.159 Safari/537.36"
80.122.133.118 - - [30/Aug/2021:13:56:24 +0200] "GET /loadthumbnail.php?id=11487914&width=83 HTTP/1.1" 200 1990 "http://renault.activities.at/11352381?print=true" "Mozilla/5.0 (Windows NT 10.0; Win64; x64) AppleWebKit/537.36 (KHTML, like Gecko) Chrome/92.0.4515.159 Safari/537.36"
80.122.133.118 - - [30/Aug/2021:13:56:24 +0200] "GET /loadthumbnail.php?id=11487913&width=900&height=900 HTTP/1.1" 200 25363 "http://renault.activities.at/11352381?print=true" "Mozilla/5.0 (Windows NT 10.0; Win64; x64) AppleWebKit/537.36 (KHTML, like Gecko) Chrome/92.0.4515.159 Safari/537.36"
80.122.133.118 - - [30/Aug/2021:13:56:24 +0200] "GET /loadthumbnail.php?id=11487914&width=250 HTTP/1.1" 200 7667 "http://renault.activities.at/11352381?print=true" "Mozilla/5.0 (Windows NT 10.0; Win64; x64) AppleWebKit/537.36 (KHTML, like Gecko) Chrome/92.0.4515.159 Safari/537.36"
80.122.133.118 - - [30/Aug/2021:13:56:25 +0200] "GET /js/magiczoom/graphics/hint.gif HTTP/1.1" 200 73 "http://renault.activities.at/js/magiczoom/magiczoom.css" "Mozilla/5.0 (Windows NT 10.0; Win64; x64) AppleWebKit/537.36 (KHTML, like Gecko) Chrome/92.0.4515.159 Safari/537.36"
80.122.133.118 - - [30/Aug/2021:13:56:28 +0200] "GET /js/magiczoom/graphics/zoomin.cur HTTP/1.1" 200 326 "http://renault.activities.at/js/magiczoom/magiczoom.css" "Mozilla/5.0 (Windows NT 10.0; Win64; x64) AppleWebKit/537.36 (KHTML, like Gecko) Chrome/92.0.4515.159 Safari/537.36"
80.123.225.38 - - [30/Aug/2021:13:56:28 +0200] "GET /reload?ser=1630324588768 HTTP/1.1" 200 28 "http://renault.activities.at/success" "Mozilla/5.0 (Windows NT 10.0; WOW64; Trident/7.0; rv:11.0) like Gecko"
80.122.133.118 - - [30/Aug/2021:13:56:38 +0200] "GET /loadthumbnail.php?id=11487914&width=900 HTTP/1.1" 200 42910 "http://renault.activities.at/11352381?print=true" "Mozilla/5.0 (Windows NT 10.0; Win64; x64) AppleWebKit/537.36 (KHTML, like Gecko) Chrome/92.0.4515.159 Safari/537.36"
194.118.189.54 - - [30/Aug/2021:13:56:53 +0200] "GET /reload?ser=1630324613659 HTTP/1.1" 200 28 "http://renault.activities.at/result?searchterm=true&search=spannbanner" "Mozilla/5.0 (Windows NT 10.0; Win64; x64) AppleWebKit/537.36 (KHTML, like Gecko) Chrome/92.0.4515.159 Safari/537.36"
193.194.132.25 - - [30/Aug/2021:13:57:02 +0200] "GET /reload?ser=1630324622575 HTTP/1.1" 200 28 "http://renault.2web.at/result?searchterm=true&search=spannbanner" "Mozilla/5.0 (Windows NT 10.0; Win64; x64) AppleWebKit/537.36 (KHTML, like Gecko) Chrome/92.0.4515.159 Safari/537.36"
80.122.133.118 - - [30/Aug/2021:13:57:08 +0200] "GET /reload?ser=1630324628436 HTTP/1.1" 200 28 "http://renault.activities.at/10201442?dir=DESC&mode=grid&order=name&limit=15&page=6&cat=10201637" "Mozilla/5.0 (Windows NT 10.0; Win64; x64) AppleWebKit/537.36 (KHTML, like Gecko) Chrome/92.0.4515.159 Safari/537.36"
80.123.225.38 - - [30/Aug/2021:13:57:29 +0200] "GET /reload?ser=1630324649681 HTTP/1.1" 200 28 "http://renault.activities.at/success" "Mozilla/5.0 (Windows NT 10.0; WOW64; Trident/7.0; rv:11.0) like Gecko"
80.122.133.118 - - [30/Aug/2021:13:57:47 +0200] "GET /10201442?dir=DESC&mode=grid&order=name&limit=15&page=7&cat=10201637 HTTP/1.1" 200 9134 "http://renault.activities.at/10201442?dir=DESC&mode=grid&order=name&limit=15&page=6&cat=10201637" "Mozilla/5.0 (Windows NT 10.0; Win64; x64) AppleWebKit/537.36 (KHTML, like Gecko) Chrome/92.0.4515.159 Safari/537.36"
80.122.133.118 - - [30/Aug/2021:13:57:50 +0200] "GET /loadthumbnail.php?id=12358954&width=113 HTTP/1.1" 200 1711 "http://renault.activities.at/10201442?dir=DESC&mode=grid&order=name&limit=15&page=7&cat=10201637" "Mozilla/5.0 (Windows NT 10.0; Win64; x64) AppleWebKit/537.36 (KHTML, like Gecko) Chrome/92.0.4515.159 Safari/537.36"
80.122.133.118 - - [30/Aug/2021:13:57:50 +0200] "GET /loadthumbnail.php?id=12358953&width=113 HTTP/1.1" 200 1965 "http://renault.activities.at/10201442?dir=DESC&mode=grid&order=name&limit=15&page=7&cat=10201637" "Mozilla/5.0 (Windows NT 10.0; Win64; x64) AppleWebKit/537.36 (KHTML, like Gecko) Chrome/92.0.4515.159 Safari/537.36"
80.122.133.118 - - [30/Aug/2021:13:57:50 +0200] "GET /loadthumbnail.php?id=11090247&width=113 HTTP/1.1" 200 2847 "http://renault.activities.at/10201442?dir=DESC&mode=grid&order=name&limit=15&page=7&cat=10201637" "Mozilla/5.0 (Windows NT 10.0; Win64; x64) AppleWebKit/537.36 (KHTML, like Gecko) Chrome/92.0.4515.159 Safari/537.36"
80.122.133.118 - - [30/Aug/2021:13:57:50 +0200] "GET /loadthumbnail.php?id=11247081&width=113 HTTP/1.1" 200 2512 "http://renault.activities.at/10201442?dir=DESC&mode=grid&order=name&limit=15&page=7&cat=10201637" "Mozilla/5.0 (Windows NT 10.0; Win64; x64) AppleWebKit/537.36 (KHTML, like Gecko) Chrome/92.0.4515.159 Safari/537.36"
80.122.133.118 - - [30/Aug/2021:13:57:50 +0200] "GET /loadthumbnail.php?id=11967854&width=113 HTTP/1.1" 200 2106 "http://renault.activities.at/10201442?dir=DESC&mode=grid&order=name&limit=15&page=7&cat=10201637" "Mozilla/5.0 (Windows NT 10.0; Win64; x64) AppleWebKit/537.36 (KHTML, like Gecko) Chrome/92.0.4515.159 Safari/537.36"
80.122.133.118 - - [30/Aug/2021:13:57:50 +0200] "GET /loadthumbnail.php?id=12445065&width=113 HTTP/1.1" 200 2068 "http://renault.activities.at/10201442?dir=DESC&mode=grid&order=name&limit=15&page=7&cat=10201637" "Mozilla/5.0 (Windows NT 10.0; Win64; x64) AppleWebKit/537.36 (KHTML, like Gecko) Chrome/92.0.4515.159 Safari/537.36"
80.122.133.118 - - [30/Aug/2021:13:57:50 +0200] "GET /loadthumbnail.php?id=12358956&width=113 HTTP/1.1" 200 1658 "http://renault.activities.at/10201442?dir=DESC&mode=grid&order=name&limit=15&page=7&cat=10201637" "Mozilla/5.0 (Windows NT 10.0; Win64; x64) AppleWebKit/537.36 (KHTML, like Gecko) Chrome/92.0.4515.159 Safari/537.36"
80.122.133.118 - - [30/Aug/2021:13:57:50 +0200] "GET /loadthumbnail.php?id=12358952&width=113 HTTP/1.1" 200 1749 "http://renault.activities.at/10201442?dir=DESC&mode=grid&order=name&limit=15&page=7&cat=10201637" "Mozilla/5.0 (Windows NT 10.0; Win64; x64) AppleWebKit/537.36 (KHTML, like Gecko) Chrome/92.0.4515.159 Safari/537.36"
80.122.133.118 - - [30/Aug/2021:13:57:50 +0200] "GET /loadthumbnail.php?id=12358955&width=113 HTTP/1.1" 200 2055 "http://renault.activities.at/10201442?dir=DESC&mode=grid&order=name&limit=15&page=7&cat=10201637" "Mozilla/5.0 (Windows NT 10.0; Win64; x64) AppleWebKit/537.36 (KHTML, like Gecko) Chrome/92.0.4515.159 Safari/537.36"
80.122.133.118 - - [30/Aug/2021:13:57:50 +0200] "GET /loadthumbnail.php?id=12443249&width=113 HTTP/1.1" 200 1992 "http://renault.activities.at/10201442?dir=DESC&mode=grid&order=name&limit=15&page=7&cat=10201637" "Mozilla/5.0 (Windows NT 10.0; Win64; x64) AppleWebKit/537.36 (KHTML, like Gecko) Chrome/92.0.4515.159 Safari/537.36"
80.122.133.118 - - [30/Aug/2021:13:57:50 +0200] "GET /loadthumbnail.php?id=12445066&width=113 HTTP/1.1" 200 2105 "http://renault.activities.at/10201442?dir=DESC&mode=grid&order=name&limit=15&page=7&cat=10201637" "Mozilla/5.0 (Windows NT 10.0; Win64; x64) AppleWebKit/537.36 (KHTML, like Gecko) Chrome/92.0.4515.159 Safari/537.36"
194.118.189.54 - - [30/Aug/2021:13:57:54 +0200] "GET /reload?ser=1630324674655 HTTP/1.1" 200 28 "http://renault.activities.at/result?searchterm=true&search=spannbanner" "Mozilla/5.0 (Windows NT 10.0; Win64; x64) AppleWebKit/537.36 (KHTML, like Gecko) Chrome/92.0.4515.159 Safari/537.36"
80.122.133.118 - - [30/Aug/2021:13:57:57 +0200] "GET /10201442?dir=DESC&mode=grid&order=name&limit=15&page=8&cat=10201637 HTTP/1.1" 200 9175 "http://renault.activities.at/10201442?dir=DESC&mode=grid&order=name&limit=15&page=7&cat=10201637" "Mozilla/5.0 (Windows NT 10.0; Win64; x64) AppleWebKit/537.36 (KHTML, like Gecko) Chrome/92.0.4515.159 Safari/537.36"
80.122.133.118 - - [30/Aug/2021:13:58:00 +0200] "GET /loadthumbnail.php?id=12358951&width=113 HTTP/1.1" 200 2112 "http://renault.activities.at/10201442?dir=DESC&mode=grid&order=name&limit=15&page=8&cat=10201637" "Mozilla/5.0 (Windows NT 10.0; Win64; x64) AppleWebKit/537.36 (KHTML, like Gecko) Chrome/92.0.4515.159 Safari/537.36"
80.122.133.118 - - [30/Aug/2021:13:58:00 +0200] "GET /loadthumbnail.php?id=12150121&width=113 HTTP/1.1" 200 1811 "http://renault.activities.at/10201442?dir=DESC&mode=grid&order=name&limit=15&page=8&cat=10201637" "Mozilla/5.0 (Windows NT 10.0; Win64; x64) AppleWebKit/537.36 (KHTML, like Gecko) Chrome/92.0.4515.159 Safari/537.36"
80.122.133.118 - - [30/Aug/2021:13:58:00 +0200] "GET /loadthumbnail.php?id=12358950&width=113 HTTP/1.1" 200 1680 "http://renault.activities.at/10201442?dir=DESC&mode=grid&order=name&limit=15&page=8&cat=10201637" "Mozilla/5.0 (Windows NT 10.0; Win64; x64) AppleWebKit/537.36 (KHTML, like Gecko) Chrome/92.0.4515.159 Safari/537.36"
80.122.133.118 - - [30/Aug/2021:13:58:00 +0200] "GET /loadthumbnail.php?id=12150120&width=113 HTTP/1.1" 200 1538 "http://renault.activities.at/10201442?dir=DESC&mode=grid&order=name&limit=15&page=8&cat=10201637" "Mozilla/5.0 (Windows NT 10.0; Win64; x64) AppleWebKit/537.36 (KHTML, like Gecko) Chrome/92.0.4515.159 Safari/537.36"
80.122.133.118 - - [30/Aug/2021:13:58:00 +0200] "GET /loadthumbnail.php?id=12358949&width=113 HTTP/1.1" 200 2061 "http://renault.activities.at/10201442?dir=DESC&mode=grid&order=name&limit=15&page=8&cat=10201637" "Mozilla/5.0 (Windows NT 10.0; Win64; x64) AppleWebKit/537.36 (KHTML, like Gecko) Chrome/92.0.4515.159 Safari/537.36"
80.122.133.118 - - [30/Aug/2021:13:58:00 +0200] "GET /loadthumbnail.php?id=12443250&width=113 HTTP/1.1" 200 1962 "http://renault.activities.at/10201442?dir=DESC&mode=grid&order=name&limit=15&page=8&cat=10201637" "Mozilla/5.0 (Windows NT 10.0; Win64; x64) AppleWebKit/537.36 (KHTML, like Gecko) Chrome/92.0.4515.159 Safari/537.36"
80.122.133.118 - - [30/Aug/2021:13:58:00 +0200] "GET /loadthumbnail.php?id=12127769&width=113 HTTP/1.1" 200 1807 "http://renault.activities.at/10201442?dir=DESC&mode=grid&order=name&limit=15&page=8&cat=10201637" "Mozilla/5.0 (Windows NT 10.0; Win64; x64) AppleWebKit/537.36 (KHTML, like Gecko) Chrome/92.0.4515.159 Safari/537.36"
80.122.133.118 - - [30/Aug/2021:13:58:00 +0200] "GET /loadthumbnail.php?id=12029409&width=113 HTTP/1.1" 200 2415 "http://renault.activities.at/10201442?dir=DESC&mode=grid&order=name&limit=15&page=8&cat=10201637" "Mozilla/5.0 (Windows NT 10.0; Win64; x64) AppleWebKit/537.36 (KHTML, like Gecko) Chrome/92.0.4515.159 Safari/537.36"
80.122.133.118 - - [30/Aug/2021:13:58:00 +0200] "GET /loadthumbnail.php?id=10309491&width=113 HTTP/1.1" 200 2476 "http://renault.activities.at/10201442?dir=DESC&mode=grid&order=name&limit=15&page=8&cat=10201637" "Mozilla/5.0 (Windows NT 10.0; Win64; x64) AppleWebKit/537.36 (KHTML, like Gecko) Chrome/92.0.4515.159 Safari/537.36"
80.122.133.118 - - [30/Aug/2021:13:58:00 +0200] "GET /loadthumbnail.php?id=10259680&width=113 HTTP/1.1" 200 1966 "http://renault.activities.at/10201442?dir=DESC&mode=grid&order=name&limit=15&page=8&cat=10201637" "Mozilla/5.0 (Windows NT 10.0; Win64; x64) AppleWebKit/537.36 (KHTML, like Gecko) Chrome/92.0.4515.159 Safari/537.36"
80.122.133.118 - - [30/Aug/2021:13:58:00 +0200] "GET /loadthumbnail.php?id=12443251&width=113 HTTP/1.1" 200 1987 "http://renault.activities.at/10201442?dir=DESC&mode=grid&order=name&limit=15&page=8&cat=10201637" "Mozilla/5.0 (Windows NT 10.0; Win64; x64) AppleWebKit/537.36 (KHTML, like Gecko) Chrome/92.0.4515.159 Safari/537.36"
80.122.133.118 - - [30/Aug/2021:13:58:00 +0200] "GET /loadthumbnail.php?id=12040651&width=113 HTTP/1.1" 200 3124 "http://renault.activities.at/10201442?dir=DESC&mode=grid&order=name&limit=15&page=8&cat=10201637" "Mozilla/5.0 (Windows NT 10.0; Win64; x64) AppleWebKit/537.36 (KHTML, like Gecko) Chrome/92.0.4515.159 Safari/537.36"
80.122.133.118 - - [30/Aug/2021:13:58:00 +0200] "GET /loadthumbnail.php?id=12040662&width=113 HTTP/1.1" 200 4115 "http://renault.activities.at/10201442?dir=DESC&mode=grid&order=name&limit=15&page=8&cat=10201637" "Mozilla/5.0 (Windows NT 10.0; Win64; x64) AppleWebKit/537.36 (KHTML, like Gecko) Chrome/92.0.4515.159 Safari/537.36"
193.194.132.25 - - [30/Aug/2021:13:58:04 +0200] "GET /reload?ser=1630324684581 HTTP/1.1" 200 28 "http://renault.2web.at/result?searchterm=true&search=spannbanner" "Mozilla/5.0 (Windows NT 10.0; Win64; x64) AppleWebKit/537.36 (KHTML, like Gecko) Chrome/92.0.4515.159 Safari/537.36"
80.122.133.118 - - [30/Aug/2021:13:58:13 +0200] "GET /10201442?dir=DESC&mode=grid&order=name&limit=15&page=9&cat=10201637 HTTP/1.1" 200 9221 "http://renault.activities.at/10201442?dir=DESC&mode=grid&order=name&limit=15&page=8&cat=10201637" "Mozilla/5.0 (Windows NT 10.0; Win64; x64) AppleWebKit/537.36 (KHTML, like Gecko) Chrome/92.0.4515.159 Safari/537.36"
80.122.133.118 - - [30/Aug/2021:13:58:16 +0200] "GET /loadthumbnail.php?id=12101538&width=113 HTTP/1.1" 200 2597 "http://renault.activities.at/10201442?dir=DESC&mode=grid&order=name&limit=15&page=9&cat=10201637" "Mozilla/5.0 (Windows NT 10.0; Win64; x64) AppleWebKit/537.36 (KHTML, like Gecko) Chrome/92.0.4515.159 Safari/537.36"
80.122.133.118 - - [30/Aug/2021:13:58:16 +0200] "GET /loadthumbnail.php?id=12341634&width=113 HTTP/1.1" 200 3389 "http://renault.activities.at/10201442?dir=DESC&mode=grid&order=name&limit=15&page=9&cat=10201637" "Mozilla/5.0 (Windows NT 10.0; Win64; x64) AppleWebKit/537.36 (KHTML, like Gecko) Chrome/92.0.4515.159 Safari/537.36"
80.122.133.118 - - [30/Aug/2021:13:58:16 +0200] "GET /loadthumbnail.php?id=11927086&width=113 HTTP/1.1" 200 2978 "http://renault.activities.at/10201442?dir=DESC&mode=grid&order=name&limit=15&page=9&cat=10201637" "Mozilla/5.0 (Windows NT 10.0; Win64; x64) AppleWebKit/537.36 (KHTML, like Gecko) Chrome/92.0.4515.159 Safari/537.36"
80.122.133.118 - - [30/Aug/2021:13:58:16 +0200] "GET /loadthumbnail.php?id=12088624&width=113 HTTP/1.1" 200 2886 "http://renault.activities.at/10201442?dir=DESC&mode=grid&order=name&limit=15&page=9&cat=10201637" "Mozilla/5.0 (Windows NT 10.0; Win64; x64) AppleWebKit/537.36 (KHTML, like Gecko) Chrome/92.0.4515.159 Safari/537.36"
80.122.133.118 - - [30/Aug/2021:13:58:16 +0200] "GET /loadthumbnail.php?id=12341631&width=113 HTTP/1.1" 200 2854 "http://renault.activities.at/10201442?dir=DESC&mode=grid&order=name&limit=15&page=9&cat=10201637" "Mozilla/5.0 (Windows NT 10.0; Win64; x64) AppleWebKit/537.36 (KHTML, like Gecko) Chrome/92.0.4515.159 Safari/537.36"
80.122.133.118 - - [30/Aug/2021:13:58:16 +0200] "GET /loadthumbnail.php?id=12341633&width=113 HTTP/1.1" 200 3367 "http://renault.activities.at/10201442?dir=DESC&mode=grid&order=name&limit=15&page=9&cat=10201637" "Mozilla/5.0 (Windows NT 10.0; Win64; x64) AppleWebKit/537.36 (KHTML, like Gecko) Chrome/92.0.4515.159 Safari/537.36"
80.122.133.118 - - [30/Aug/2021:13:58:17 +0200] "GET /loadthumbnail.php?id=12022099&width=113 HTTP/1.1" 200 2908 "http://renault.activities.at/10201442?dir=DESC&mode=grid&order=name&limit=15&page=9&cat=10201637" "Mozilla/5.0 (Windows NT 10.0; Win64; x64) AppleWebKit/537.36 (KHTML, like Gecko) Chrome/92.0.4515.159 Safari/537.36"
80.122.133.118 - - [30/Aug/2021:13:58:17 +0200] "GET /loadthumbnail.php?id=11906025&width=113 HTTP/1.1" 200 2994 "http://renault.activities.at/10201442?dir=DESC&mode=grid&order=name&limit=15&page=9&cat=10201637" "Mozilla/5.0 (Windows NT 10.0; Win64; x64) AppleWebKit/537.36 (KHTML, like Gecko) Chrome/92.0.4515.159 Safari/537.36"
80.122.133.118 - - [30/Aug/2021:13:58:17 +0200] "GET /loadthumbnail.php?id=11784465&width=113 HTTP/1.1" 200 2824 "http://renault.activities.at/10201442?dir=DESC&mode=grid&order=name&limit=15&page=9&cat=10201637" "Mozilla/5.0 (Windows NT 10.0; Win64; x64) AppleWebKit/537.36 (KHTML, like Gecko) Chrome/92.0.4515.159 Safari/537.36"
80.122.133.118 - - [30/Aug/2021:13:58:17 +0200] "GET /loadthumbnail.php?id=11489779&width=113 HTTP/1.1" 200 1080 "http://renault.activities.at/10201442?dir=DESC&mode=grid&order=name&limit=15&page=9&cat=10201637" "Mozilla/5.0 (Windows NT 10.0; Win64; x64) AppleWebKit/537.36 (KHTML, like Gecko) Chrome/92.0.4515.159 Safari/537.36"
80.122.133.118 - - [30/Aug/2021:13:58:17 +0200] "GET /loadthumbnail.php?id=12029408&width=113 HTTP/1.1" 200 2367 "http://renault.activities.at/10201442?dir=DESC&mode=grid&order=name&limit=15&page=9&cat=10201637" "Mozilla/5.0 (Windows NT 10.0; Win64; x64) AppleWebKit/537.36 (KHTML, like Gecko) Chrome/92.0.4515.159 Safari/537.36"
80.122.133.118 - - [30/Aug/2021:13:58:17 +0200] "GET /loadthumbnail.php?id=12299988&width=113 HTTP/1.1" 200 2207 "http://renault.activities.at/10201442?dir=DESC&mode=grid&order=name&limit=15&page=9&cat=10201637" "Mozilla/5.0 (Windows NT 10.0; Win64; x64) AppleWebKit/537.36 (KHTML, like Gecko) Chrome/92.0.4515.159 Safari/537.36"
80.122.133.118 - - [30/Aug/2021:13:58:17 +0200] "GET /loadthumbnail.php?id=12305845&width=113 HTTP/1.1" 200 2418 "http://renault.activities.at/10201442?dir=DESC&mode=grid&order=name&limit=15&page=9&cat=10201637" "Mozilla/5.0 (Windows NT 10.0; Win64; x64) AppleWebKit/537.36 (KHTML, like Gecko) Chrome/92.0.4515.159 Safari/537.36"
80.122.133.118 - - [30/Aug/2021:13:58:17 +0200] "GET /loadthumbnail.php?id=12283836&width=113 HTTP/1.1" 200 3320 "http://renault.activities.at/10201442?dir=DESC&mode=grid&order=name&limit=15&page=9&cat=10201637" "Mozilla/5.0 (Windows NT 10.0; Win64; x64) AppleWebKit/537.36 (KHTML, like Gecko) Chrome/92.0.4515.159 Safari/537.36"
80.122.133.118 - - [30/Aug/2021:13:58:17 +0200] "GET /loadthumbnail.php?id=12273108&width=113 HTTP/1.1" 200 3033 "http://renault.activities.at/10201442?dir=DESC&mode=grid&order=name&limit=15&page=9&cat=10201637" "Mozilla/5.0 (Windows NT 10.0; Win64; x64) AppleWebKit/537.36 (KHTML, like Gecko) Chrome/92.0.4515.159 Safari/537.36"
80.123.225.38 - - [30/Aug/2021:13:58:30 +0200] "GET /reload?ser=1630324710621 HTTP/1.1" 200 28 "http://renault.activities.at/success" "Mozilla/5.0 (Windows NT 10.0; WOW64; Trident/7.0; rv:11.0) like Gecko"
80.122.133.118 - - [30/Aug/2021:13:58:31 +0200] "GET /11729836?print=true HTTP/1.1" 200 2639 "http://renault.activities.at/10201442?dir=DESC&mode=grid&order=name&limit=15&page=9&cat=10201637" "Mozilla/5.0 (Windows NT 10.0; Win64; x64) AppleWebKit/537.36 (KHTML, like Gecko) Chrome/92.0.4515.159 Safari/537.36"
80.122.133.118 - - [30/Aug/2021:13:58:33 +0200] "GET /loadthumbnail.php?id=12299988&width=250 HTTP/1.1" 200 5118 "http://renault.activities.at/11729836?print=true" "Mozilla/5.0 (Windows NT 10.0; Win64; x64) AppleWebKit/537.36 (KHTML, like Gecko) Chrome/92.0.4515.159 Safari/537.36"
80.122.133.118 - - [30/Aug/2021:13:58:34 +0200] "GET /loadthumbnail.php?id=12299988&width=900&height=900 HTTP/1.1" 200 5118 "http://renault.activities.at/11729836?print=true" "Mozilla/5.0 (Windows NT 10.0; Win64; x64) AppleWebKit/537.36 (KHTML, like Gecko) Chrome/92.0.4515.159 Safari/537.36"
80.122.133.118 - - [30/Aug/2021:13:58:53 +0200] "GET /11729836?print=true HTTP/1.1" 200 2639 "http://renault.activities.at/10201442?dir=DESC&mode=grid&order=name&limit=15&page=9&cat=10201637" "Mozilla/5.0 (Windows NT 10.0; Win64; x64) AppleWebKit/537.36 (KHTML, like Gecko) Chrome/92.0.4515.159 Safari/537.36"
194.118.189.54 - - [30/Aug/2021:13:58:55 +0200] "GET /reload?ser=1630324735655 HTTP/1.1" 200 28 "http://renault.activities.at/result?searchterm=true&search=spannbanner" "Mozilla/5.0 (Windows NT 10.0; Win64; x64) AppleWebKit/537.36 (KHTML, like Gecko) Chrome/92.0.4515.159 Safari/537.36"
193.194.132.25 - - [30/Aug/2021:13:59:07 +0200] "GET /reload?ser=1630324746587 HTTP/1.1" 200 28 "http://renault.2web.at/result?searchterm=true&search=spannbanner" "Mozilla/5.0 (Windows NT 10.0; Win64; x64) AppleWebKit/537.36 (KHTML, like Gecko) Chrome/92.0.4515.159 Safari/537.36"
80.122.133.118 - - [30/Aug/2021:13:59:10 +0200] "GET /10201442?dir=DESC&mode=grid&order=name&limit=15&page=10&cat=10201637 HTTP/1.1" 200 9194 "http://renault.activities.at/10201442?dir=DESC&mode=grid&order=name&limit=15&page=9&cat=10201637" "Mozilla/5.0 (Windows NT 10.0; Win64; x64) AppleWebKit/537.36 (KHTML, like Gecko) Chrome/92.0.4515.159 Safari/537.36"
80.122.133.118 - - [30/Aug/2021:13:59:13 +0200] "GET /loadthumbnail.php?id=10986339&width=113 HTTP/1.1" 200 3068 "http://renault.activities.at/10201442?dir=DESC&mode=grid&order=name&limit=15&page=10&cat=10201637" "Mozilla/5.0 (Windows NT 10.0; Win64; x64) AppleWebKit/537.36 (KHTML, like Gecko) Chrome/92.0.4515.159 Safari/537.36"
80.122.133.118 - - [30/Aug/2021:13:59:13 +0200] "GET /loadthumbnail.php?id=11489786&width=113 HTTP/1.1" 200 2751 "http://renault.activities.at/10201442?dir=DESC&mode=grid&order=name&limit=15&page=10&cat=10201637" "Mozilla/5.0 (Windows NT 10.0; Win64; x64) AppleWebKit/537.36 (KHTML, like Gecko) Chrome/92.0.4515.159 Safari/537.36"
80.122.133.118 - - [30/Aug/2021:13:59:13 +0200] "GET /loadthumbnail.php?id=12029412&width=113 HTTP/1.1" 200 3690 "http://renault.activities.at/10201442?dir=DESC&mode=grid&order=name&limit=15&page=10&cat=10201637" "Mozilla/5.0 (Windows NT 10.0; Win64; x64) AppleWebKit/537.36 (KHTML, like Gecko) Chrome/92.0.4515.159 Safari/537.36"
80.122.133.118 - - [30/Aug/2021:13:59:13 +0200] "GET /loadthumbnail.php?id=12276317&width=113 HTTP/1.1" 200 2783 "http://renault.activities.at/10201442?dir=DESC&mode=grid&order=name&limit=15&page=10&cat=10201637" "Mozilla/5.0 (Windows NT 10.0; Win64; x64) AppleWebKit/537.36 (KHTML, like Gecko) Chrome/92.0.4515.159 Safari/537.36"
80.122.133.118 - - [30/Aug/2021:13:59:13 +0200] "GET /loadthumbnail.php?id=12273107&width=113 HTTP/1.1" 200 2790 "http://renault.activities.at/10201442?dir=DESC&mode=grid&order=name&limit=15&page=10&cat=10201637" "Mozilla/5.0 (Windows NT 10.0; Win64; x64) AppleWebKit/537.36 (KHTML, like Gecko) Chrome/92.0.4515.159 Safari/537.36"
80.122.133.118 - - [30/Aug/2021:13:59:13 +0200] "GET /loadthumbnail.php?id=11521730&width=113 HTTP/1.1" 200 2841 "http://renault.activities.at/10201442?dir=DESC&mode=grid&order=name&limit=15&page=10&cat=10201637" "Mozilla/5.0 (Windows NT 10.0; Win64; x64) AppleWebKit/537.36 (KHTML, like Gecko) Chrome/92.0.4515.159 Safari/537.36"
80.122.133.118 - - [30/Aug/2021:13:59:13 +0200] "GET /loadthumbnail.php?id=12453160&width=113 HTTP/1.1" 200 2030 "http://renault.activities.at/10201442?dir=DESC&mode=grid&order=name&limit=15&page=10&cat=10201637" "Mozilla/5.0 (Windows NT 10.0; Win64; x64) AppleWebKit/537.36 (KHTML, like Gecko) Chrome/92.0.4515.159 Safari/537.36"
80.122.133.118 - - [30/Aug/2021:13:59:13 +0200] "GET /loadthumbnail.php?id=12453159&width=113 HTTP/1.1" 200 1910 "http://renault.activities.at/10201442?dir=DESC&mode=grid&order=name&limit=15&page=10&cat=10201637" "Mozilla/5.0 (Windows NT 10.0; Win64; x64) AppleWebKit/537.36 (KHTML, like Gecko) Chrome/92.0.4515.159 Safari/537.36"
80.122.133.118 - - [30/Aug/2021:13:59:13 +0200] "GET /loadthumbnail.php?id=12453155&width=113 HTTP/1.1" 200 1756 "http://renault.activities.at/10201442?dir=DESC&mode=grid&order=name&limit=15&page=10&cat=10201637" "Mozilla/5.0 (Windows NT 10.0; Win64; x64) AppleWebKit/537.36 (KHTML, like Gecko) Chrome/92.0.4515.159 Safari/537.36"
80.122.133.118 - - [30/Aug/2021:13:59:13 +0200] "GET /loadthumbnail.php?id=12453153&width=113 HTTP/1.1" 200 1915 "http://renault.activities.at/10201442?dir=DESC&mode=grid&order=name&limit=15&page=10&cat=10201637" "Mozilla/5.0 (Windows NT 10.0; Win64; x64) AppleWebKit/537.36 (KHTML, like Gecko) Chrome/92.0.4515.159 Safari/537.36"
80.122.133.118 - - [30/Aug/2021:13:59:13 +0200] "GET /loadthumbnail.php?id=12444929&width=113 HTTP/1.1" 200 1995 "http://renault.activities.at/10201442?dir=DESC&mode=grid&order=name&limit=15&page=10&cat=10201637" "Mozilla/5.0 (Windows NT 10.0; Win64; x64) AppleWebKit/537.36 (KHTML, like Gecko) Chrome/92.0.4515.159 Safari/537.36"
80.122.133.118 - - [30/Aug/2021:13:59:13 +0200] "GET /loadthumbnail.php?id=12444925&width=113 HTTP/1.1" 200 1754 "http://renault.activities.at/10201442?dir=DESC&mode=grid&order=name&limit=15&page=10&cat=10201637" "Mozilla/5.0 (Windows NT 10.0; Win64; x64) AppleWebKit/537.36 (KHTML, like Gecko) Chrome/92.0.4515.159 Safari/537.36"
80.122.133.118 - - [30/Aug/2021:13:59:13 +0200] "GET /loadthumbnail.php?id=12332933&width=113 HTTP/1.1" 200 1397 "http://renault.activities.at/10201442?dir=DESC&mode=grid&order=name&limit=15&page=10&cat=10201637" "Mozilla/5.0 (Windows NT 10.0; Win64; x64) AppleWebKit/537.36 (KHTML, like Gecko) Chrome/92.0.4515.159 Safari/537.36"
80.122.133.118 - - [30/Aug/2021:13:59:23 +0200] "GET /10201442?dir=DESC&mode=grid&order=name&limit=15&page=11&cat=10201637 HTTP/1.1" 200 9146 "http://renault.activities.at/10201442?dir=DESC&mode=grid&order=name&limit=15&page=10&cat=10201637" "Mozilla/5.0 (Windows NT 10.0; Win64; x64) AppleWebKit/537.36 (KHTML, like Gecko) Chrome/92.0.4515.159 Safari/537.36"
80.122.133.118 - - [30/Aug/2021:13:59:26 +0200] "GET /loadthumbnail.php?id=12427347&width=113 HTTP/1.1" 200 1388 "http://renault.activities.at/10201442?dir=DESC&mode=grid&order=name&limit=15&page=11&cat=10201637" "Mozilla/5.0 (Windows NT 10.0; Win64; x64) AppleWebKit/537.36 (KHTML, like Gecko) Chrome/92.0.4515.159 Safari/537.36"
80.122.133.118 - - [30/Aug/2021:13:59:26 +0200] "GET /loadthumbnail.php?id=11228502&width=113 HTTP/1.1" 200 1524 "http://renault.activities.at/10201442?dir=DESC&mode=grid&order=name&limit=15&page=11&cat=10201637" "Mozilla/5.0 (Windows NT 10.0; Win64; x64) AppleWebKit/537.36 (KHTML, like Gecko) Chrome/92.0.4515.159 Safari/537.36"
80.122.133.118 - - [30/Aug/2021:13:59:26 +0200] "GET /loadthumbnail.php?id=10925819&width=113 HTTP/1.1" 200 4429 "http://renault.activities.at/10201442?dir=DESC&mode=grid&order=name&limit=15&page=11&cat=10201637" "Mozilla/5.0 (Windows NT 10.0; Win64; x64) AppleWebKit/537.36 (KHTML, like Gecko) Chrome/92.0.4515.159 Safari/537.36"
80.122.133.118 - - [30/Aug/2021:13:59:26 +0200] "GET /loadthumbnail.php?id=10271875&width=113 HTTP/1.1" 200 1262 "http://renault.activities.at/10201442?dir=DESC&mode=grid&order=name&limit=15&page=11&cat=10201637" "Mozilla/5.0 (Windows NT 10.0; Win64; x64) AppleWebKit/537.36 (KHTML, like Gecko) Chrome/92.0.4515.159 Safari/537.36"
80.122.133.118 - - [30/Aug/2021:13:59:26 +0200] "GET /loadthumbnail.php?id=10925818&width=113 HTTP/1.1" 200 1753 "http://renault.activities.at/10201442?dir=DESC&mode=grid&order=name&limit=15&page=11&cat=10201637" "Mozilla/5.0 (Windows NT 10.0; Win64; x64) AppleWebKit/537.36 (KHTML, like Gecko) Chrome/92.0.4515.159 Safari/537.36"
80.122.133.118 - - [30/Aug/2021:13:59:26 +0200] "GET /loadthumbnail.php?id=11111495&width=113 HTTP/1.1" 200 1788 "http://renault.activities.at/10201442?dir=DESC&mode=grid&order=name&limit=15&page=11&cat=10201637" "Mozilla/5.0 (Windows NT 10.0; Win64; x64) AppleWebKit/537.36 (KHTML, like Gecko) Chrome/92.0.4515.159 Safari/537.36"
80.122.133.118 - - [30/Aug/2021:13:59:26 +0200] "GET /loadthumbnail.php?id=11111496&width=113 HTTP/1.1" 200 1791 "http://renault.activities.at/10201442?dir=DESC&mode=grid&order=name&limit=15&page=11&cat=10201637" "Mozilla/5.0 (Windows NT 10.0; Win64; x64) AppleWebKit/537.36 (KHTML, like Gecko) Chrome/92.0.4515.159 Safari/537.36"
80.122.133.118 - - [30/Aug/2021:13:59:26 +0200] "GET /loadthumbnail.php?id=11111985&width=113 HTTP/1.1" 200 1814 "http://renault.activities.at/10201442?dir=DESC&mode=grid&order=name&limit=15&page=11&cat=10201637" "Mozilla/5.0 (Windows NT 10.0; Win64; x64) AppleWebKit/537.36 (KHTML, like Gecko) Chrome/92.0.4515.159 Safari/537.36"
80.122.133.118 - - [30/Aug/2021:13:59:26 +0200] "GET /loadthumbnail.php?id=11111498&width=113 HTTP/1.1" 200 1791 "http://renault.activities.at/10201442?dir=DESC&mode=grid&order=name&limit=15&page=11&cat=10201637" "Mozilla/5.0 (Windows NT 10.0; Win64; x64) AppleWebKit/537.36 (KHTML, like Gecko) Chrome/92.0.4515.159 Safari/537.36"
80.122.133.118 - - [30/Aug/2021:13:59:26 +0200] "GET /loadthumbnail.php?id=11111497&width=113 HTTP/1.1" 200 1788 "http://renault.activities.at/10201442?dir=DESC&mode=grid&order=name&limit=15&page=11&cat=10201637" "Mozilla/5.0 (Windows NT 10.0; Win64; x64) AppleWebKit/537.36 (KHTML, like Gecko) Chrome/92.0.4515.159 Safari/537.36"
80.122.133.118 - - [30/Aug/2021:13:59:26 +0200] "GET /loadthumbnail.php?id=11112261&width=113 HTTP/1.1" 200 1814 "http://renault.activities.at/10201442?dir=DESC&mode=grid&order=name&limit=15&page=11&cat=10201637" "Mozilla/5.0 (Windows NT 10.0; Win64; x64) AppleWebKit/537.36 (KHTML, like Gecko) Chrome/92.0.4515.159 Safari/537.36"
80.122.133.118 - - [30/Aug/2021:13:59:26 +0200] "GET /loadthumbnail.php?id=11112110&width=113 HTTP/1.1" 200 1851 "http://renault.activities.at/10201442?dir=DESC&mode=grid&order=name&limit=15&page=11&cat=10201637" "Mozilla/5.0 (Windows NT 10.0; Win64; x64) AppleWebKit/537.36 (KHTML, like Gecko) Chrome/92.0.4515.159 Safari/537.36"
80.123.225.38 - - [30/Aug/2021:13:59:31 +0200] "GET /reload?ser=1630324771584 HTTP/1.1" 200 28 "http://renault.activities.at/success" "Mozilla/5.0 (Windows NT 10.0; WOW64; Trident/7.0; rv:11.0) like Gecko"
80.122.133.118 - - [30/Aug/2021:13:59:32 +0200] "GET /10201442?dir=DESC&mode=grid&order=name&limit=15&page=12&cat=10201637 HTTP/1.1" 200 9385 "http://renault.activities.at/10201442?dir=DESC&mode=grid&order=name&limit=15&page=11&cat=10201637" "Mozilla/5.0 (Windows NT 10.0; Win64; x64) AppleWebKit/537.36 (KHTML, like Gecko) Chrome/92.0.4515.159 Safari/537.36"
80.122.133.118 - - [30/Aug/2021:13:59:35 +0200] "GET /loadthumbnail.php?id=11112400&width=113 HTTP/1.1" 200 1851 "http://renault.activities.at/10201442?dir=DESC&mode=grid&order=name&limit=15&page=12&cat=10201637" "Mozilla/5.0 (Windows NT 10.0; Win64; x64) AppleWebKit/537.36 (KHTML, like Gecko) Chrome/92.0.4515.159 Safari/537.36"
80.122.133.118 - - [30/Aug/2021:13:59:35 +0200] "GET /loadthumbnail.php?id=11967858&width=113 HTTP/1.1" 200 1835 "http://renault.activities.at/10201442?dir=DESC&mode=grid&order=name&limit=15&page=12&cat=10201637" "Mozilla/5.0 (Windows NT 10.0; Win64; x64) AppleWebKit/537.36 (KHTML, like Gecko) Chrome/92.0.4515.159 Safari/537.36"
80.122.133.118 - - [30/Aug/2021:13:59:35 +0200] "GET /loadthumbnail.php?id=12029410&width=113 HTTP/1.1" 200 3108 "http://renault.activities.at/10201442?dir=DESC&mode=grid&order=name&limit=15&page=12&cat=10201637" "Mozilla/5.0 (Windows NT 10.0; Win64; x64) AppleWebKit/537.36 (KHTML, like Gecko) Chrome/92.0.4515.159 Safari/537.36"
80.122.133.118 - - [30/Aug/2021:13:59:35 +0200] "GET /loadthumbnail.php?id=12029411&width=113 HTTP/1.1" 200 3687 "http://renault.activities.at/10201442?dir=DESC&mode=grid&order=name&limit=15&page=12&cat=10201637" "Mozilla/5.0 (Windows NT 10.0; Win64; x64) AppleWebKit/537.36 (KHTML, like Gecko) Chrome/92.0.4515.159 Safari/537.36"
80.122.133.118 - - [30/Aug/2021:13:59:35 +0200] "GET /loadthumbnail.php?id=11730459&width=113 HTTP/1.1" 200 4795 "http://renault.activities.at/10201442?dir=DESC&mode=grid&order=name&limit=15&page=12&cat=10201637" "Mozilla/5.0 (Windows NT 10.0; Win64; x64) AppleWebKit/537.36 (KHTML, like Gecko) Chrome/92.0.4515.159 Safari/537.36"
80.122.133.118 - - [30/Aug/2021:13:59:35 +0200] "GET /loadthumbnail.php?id=11304834&width=113 HTTP/1.1" 200 1055 "http://renault.activities.at/10201442?dir=DESC&mode=grid&order=name&limit=15&page=12&cat=10201637" "Mozilla/5.0 (Windows NT 10.0; Win64; x64) AppleWebKit/537.36 (KHTML, like Gecko) Chrome/92.0.4515.159 Safari/537.36"
80.122.133.118 - - [30/Aug/2021:13:59:36 +0200] "GET /loadthumbnail.php?id=12333924&width=113 HTTP/1.1" 200 3071 "http://renault.activities.at/10201442?dir=DESC&mode=grid&order=name&limit=15&page=12&cat=10201637" "Mozilla/5.0 (Windows NT 10.0; Win64; x64) AppleWebKit/537.36 (KHTML, like Gecko) Chrome/92.0.4515.159 Safari/537.36"
80.122.133.118 - - [30/Aug/2021:13:59:36 +0200] "GET /loadthumbnail.php?id=12239245&width=113 HTTP/1.1" 200 3605 "http://renault.activities.at/10201442?dir=DESC&mode=grid&order=name&limit=15&page=12&cat=10201637" "Mozilla/5.0 (Windows NT 10.0; Win64; x64) AppleWebKit/537.36 (KHTML, like Gecko) Chrome/92.0.4515.159 Safari/537.36"
80.122.133.118 - - [30/Aug/2021:13:59:36 +0200] "GET /loadthumbnail.php?id=12367878&width=113 HTTP/1.1" 200 3019 "http://renault.activities.at/10201442?dir=DESC&mode=grid&order=name&limit=15&page=12&cat=10201637" "Mozilla/5.0 (Windows NT 10.0; Win64; x64) AppleWebKit/537.36 (KHTML, like Gecko) Chrome/92.0.4515.159 Safari/537.36"
80.122.133.118 - - [30/Aug/2021:13:59:36 +0200] "GET /loadthumbnail.php?id=11228566&width=113 HTTP/1.1" 200 4033 "http://renault.activities.at/10201442?dir=DESC&mode=grid&order=name&limit=15&page=12&cat=10201637" "Mozilla/5.0 (Windows NT 10.0; Win64; x64) AppleWebKit/537.36 (KHTML, like Gecko) Chrome/92.0.4515.159 Safari/537.36"
80.122.133.118 - - [30/Aug/2021:13:59:36 +0200] "GET /loadthumbnail.php?id=12421069&width=113 HTTP/1.1" 200 3330 "http://renault.activities.at/10201442?dir=DESC&mode=grid&order=name&limit=15&page=12&cat=10201637" "Mozilla/5.0 (Windows NT 10.0; Win64; x64) AppleWebKit/537.36 (KHTML, like Gecko) Chrome/92.0.4515.159 Safari/537.36"
80.122.133.118 - - [30/Aug/2021:13:59:36 +0200] "GET /loadthumbnail.php?id=12334033&width=113 HTTP/1.1" 200 3232 "http://renault.activities.at/10201442?dir=DESC&mode=grid&order=name&limit=15&page=12&cat=10201637" "Mozilla/5.0 (Windows NT 10.0; Win64; x64) AppleWebKit/537.36 (KHTML, like Gecko) Chrome/92.0.4515.159 Safari/537.36"
80.122.133.118 - - [30/Aug/2021:13:59:36 +0200] "GET /loadthumbnail.php?id=12414626&width=113 HTTP/1.1" 200 3464 "http://renault.activities.at/10201442?dir=DESC&mode=grid&order=name&limit=15&page=12&cat=10201637" "Mozilla/5.0 (Windows NT 10.0; Win64; x64) AppleWebKit/537.36 (KHTML, like Gecko) Chrome/92.0.4515.159 Safari/537.36"
80.122.133.118 - - [30/Aug/2021:13:59:36 +0200] "GET /loadthumbnail.php?id=12333903&width=113 HTTP/1.1" 200 3025 "http://renault.activities.at/10201442?dir=DESC&mode=grid&order=name&limit=15&page=12&cat=10201637" "Mozilla/5.0 (Windows NT 10.0; Win64; x64) AppleWebKit/537.36 (KHTML, like Gecko) Chrome/92.0.4515.159 Safari/537.36"
80.122.133.118 - - [30/Aug/2021:13:59:36 +0200] "GET /loadthumbnail.php?id=12176983&width=113 HTTP/1.1" 200 2917 "http://renault.activities.at/10201442?dir=DESC&mode=grid&order=name&limit=15&page=12&cat=10201637" "Mozilla/5.0 (Windows NT 10.0; Win64; x64) AppleWebKit/537.36 (KHTML, like Gecko) Chrome/92.0.4515.159 Safari/537.36"
80.122.133.118 - - [30/Aug/2021:13:59:48 +0200] "GET /10201442?dir=DESC&mode=grid&order=name&limit=15&page=13&cat=10201637 HTTP/1.1" 200 9172 "http://renault.activities.at/10201442?dir=DESC&mode=grid&order=name&limit=15&page=12&cat=10201637" "Mozilla/5.0 (Windows NT 10.0; Win64; x64) AppleWebKit/537.36 (KHTML, like Gecko) Chrome/92.0.4515.159 Safari/537.36"
80.122.133.118 - - [30/Aug/2021:13:59:52 +0200] "GET /loadthumbnail.php?id=12333882&width=113 HTTP/1.1" 200 2749 "http://renault.activities.at/10201442?dir=DESC&mode=grid&order=name&limit=15&page=13&cat=10201637" "Mozilla/5.0 (Windows NT 10.0; Win64; x64) AppleWebKit/537.36 (KHTML, like Gecko) Chrome/92.0.4515.159 Safari/537.36"
80.122.133.118 - - [30/Aug/2021:13:59:52 +0200] "GET /loadthumbnail.php?id=12176979&width=113 HTTP/1.1" 200 2612 "http://renault.activities.at/10201442?dir=DESC&mode=grid&order=name&limit=15&page=13&cat=10201637" "Mozilla/5.0 (Windows NT 10.0; Win64; x64) AppleWebKit/537.36 (KHTML, like Gecko) Chrome/92.0.4515.159 Safari/537.36"
80.122.133.118 - - [30/Aug/2021:13:59:52 +0200] "GET /loadthumbnail.php?id=12414625&width=113 HTTP/1.1" 200 3615 "http://renault.activities.at/10201442?dir=DESC&mode=grid&order=name&limit=15&page=13&cat=10201637" "Mozilla/5.0 (Windows NT 10.0; Win64; x64) AppleWebKit/537.36 (KHTML, like Gecko) Chrome/92.0.4515.159 Safari/537.36"
80.122.133.118 - - [30/Aug/2021:13:59:52 +0200] "GET /loadthumbnail.php?id=12266125&width=113 HTTP/1.1" 200 2955 "http://renault.activities.at/10201442?dir=DESC&mode=grid&order=name&limit=15&page=13&cat=10201637" "Mozilla/5.0 (Windows NT 10.0; Win64; x64) AppleWebKit/537.36 (KHTML, like Gecko) Chrome/92.0.4515.159 Safari/537.36"
80.122.133.118 - - [30/Aug/2021:13:59:52 +0200] "GET /loadthumbnail.php?id=12414630&width=113 HTTP/1.1" 200 3276 "http://renault.activities.at/10201442?dir=DESC&mode=grid&order=name&limit=15&page=13&cat=10201637" "Mozilla/5.0 (Windows NT 10.0; Win64; x64) AppleWebKit/537.36 (KHTML, like Gecko) Chrome/92.0.4515.159 Safari/537.36"
80.122.133.118 - - [30/Aug/2021:13:59:52 +0200] "GET /loadthumbnail.php?id=12333892&width=113 HTTP/1.1" 200 3396 "http://renault.activities.at/10201442?dir=DESC&mode=grid&order=name&limit=15&page=13&cat=10201637" "Mozilla/5.0 (Windows NT 10.0; Win64; x64) AppleWebKit/537.36 (KHTML, like Gecko) Chrome/92.0.4515.159 Safari/537.36"
80.122.133.118 - - [30/Aug/2021:13:59:52 +0200] "GET /loadthumbnail.php?id=12414629&width=113 HTTP/1.1" 200 3404 "http://renault.activities.at/10201442?dir=DESC&mode=grid&order=name&limit=15&page=13&cat=10201637" "Mozilla/5.0 (Windows NT 10.0; Win64; x64) AppleWebKit/537.36 (KHTML, like Gecko) Chrome/92.0.4515.159 Safari/537.36"
80.122.133.118 - - [30/Aug/2021:13:59:52 +0200] "GET /loadthumbnail.php?id=12414627&width=113 HTTP/1.1" 200 3273 "http://renault.activities.at/10201442?dir=DESC&mode=grid&order=name&limit=15&page=13&cat=10201637" "Mozilla/5.0 (Windows NT 10.0; Win64; x64) AppleWebKit/537.36 (KHTML, like Gecko) Chrome/92.0.4515.159 Safari/537.36"
80.122.133.118 - - [30/Aug/2021:13:59:52 +0200] "GET /loadthumbnail.php?id=12333948&width=113 HTTP/1.1" 200 3218 "http://renault.activities.at/10201442?dir=DESC&mode=grid&order=name&limit=15&page=13&cat=10201637" "Mozilla/5.0 (Windows NT 10.0; Win64; x64) AppleWebKit/537.36 (KHTML, like Gecko) Chrome/92.0.4515.159 Safari/537.36"
80.122.133.118 - - [30/Aug/2021:13:59:52 +0200] "GET /loadthumbnail.php?id=12237270&width=113 HTTP/1.1" 200 2874 "http://renault.activities.at/10201442?dir=DESC&mode=grid&order=name&limit=15&page=13&cat=10201637" "Mozilla/5.0 (Windows NT 10.0; Win64; x64) AppleWebKit/537.36 (KHTML, like Gecko) Chrome/92.0.4515.159 Safari/537.36"
80.122.133.118 - - [30/Aug/2021:13:59:52 +0200] "GET /loadthumbnail.php?id=12234960&width=113 HTTP/1.1" 200 3148 "http://renault.activities.at/10201442?dir=DESC&mode=grid&order=name&limit=15&page=13&cat=10201637" "Mozilla/5.0 (Windows NT 10.0; Win64; x64) AppleWebKit/537.36 (KHTML, like Gecko) Chrome/92.0.4515.159 Safari/537.36"
80.122.133.118 - - [30/Aug/2021:13:59:52 +0200] "GET /loadthumbnail.php?id=12367879&width=113 HTTP/1.1" 200 3151 "http://renault.activities.at/10201442?dir=DESC&mode=grid&order=name&limit=15&page=13&cat=10201637" "Mozilla/5.0 (Windows NT 10.0; Win64; x64) AppleWebKit/537.36 (KHTML, like Gecko) Chrome/92.0.4515.159 Safari/537.36"
80.122.133.118 - - [30/Aug/2021:13:59:52 +0200] "GET /loadthumbnail.php?id=10562347&width=113 HTTP/1.1" 200 4993 "http://renault.activities.at/10201442?dir=DESC&mode=grid&order=name&limit=15&page=13&cat=10201637" "Mozilla/5.0 (Windows NT 10.0; Win64; x64) AppleWebKit/537.36 (KHTML, like Gecko) Chrome/92.0.4515.159 Safari/537.36"
80.122.133.118 - - [30/Aug/2021:13:59:52 +0200] "GET /loadthumbnail.php?id=12421770&width=113 HTTP/1.1" 200 3431 "http://renault.activities.at/10201442?dir=DESC&mode=grid&order=name&limit=15&page=13&cat=10201637" "Mozilla/5.0 (Windows NT 10.0; Win64; x64) AppleWebKit/537.36 (KHTML, like Gecko) Chrome/92.0.4515.159 Safari/537.36"
194.118.189.54 - - [30/Aug/2021:13:59:56 +0200] "GET /reload?ser=1630324796671 HTTP/1.1" 200 28 "http://renault.activities.at/result?searchterm=true&search=spannbanner" "Mozilla/5.0 (Windows NT 10.0; Win64; x64) AppleWebKit/537.36 (KHTML, like Gecko) Chrome/92.0.4515.159 Safari/537.36"
80.122.133.118 - - [30/Aug/2021:13:59:58 +0200] "GET /10201442?dir=DESC&mode=grid&order=name&limit=15&page=14&cat=10201637 HTTP/1.1" 200 6875 "http://renault.activities.at/10201442?dir=DESC&mode=grid&order=name&limit=15&page=13&cat=10201637" "Mozilla/5.0 (Windows NT 10.0; Win64; x64) AppleWebKit/537.36 (KHTML, like Gecko) Chrome/92.0.4515.159 Safari/537.36"
80.122.133.118 - - [30/Aug/2021:14:00:00 +0200] "GET /loadthumbnail.php?id=10562346&width=113 HTTP/1.1" 200 5314 "http://renault.activities.at/10201442?dir=DESC&mode=grid&order=name&limit=15&page=14&cat=10201637" "Mozilla/5.0 (Windows NT 10.0; Win64; x64) AppleWebKit/537.36 (KHTML, like Gecko) Chrome/92.0.4515.159 Safari/537.36"
80.122.133.118 - - [30/Aug/2021:14:00:00 +0200] "GET /loadthumbnail.php?id=10848346&width=113 HTTP/1.1" 200 2340 "http://renault.activities.at/10201442?dir=DESC&mode=grid&order=name&limit=15&page=14&cat=10201637" "Mozilla/5.0 (Windows NT 10.0; Win64; x64) AppleWebKit/537.36 (KHTML, like Gecko) Chrome/92.0.4515.159 Safari/537.36"
80.122.133.118 - - [30/Aug/2021:14:00:03 +0200] "GET /10201442?dir=DESC&mode=grid&order=name&limit=15&page=13&cat=10201637 HTTP/1.1" 200 9172 "http://renault.activities.at/10201442?dir=DESC&mode=grid&order=name&limit=15&page=14&cat=10201637" "Mozilla/5.0 (Windows NT 10.0; Win64; x64) AppleWebKit/537.36 (KHTML, like Gecko) Chrome/92.0.4515.159 Safari/537.36"
80.122.133.118 - - [30/Aug/2021:14:00:07 +0200] "GET /10201442?dir=DESC&mode=grid&order=name&limit=15&page=12&cat=10201637 HTTP/1.1" 200 9385 "http://renault.activities.at/10201442?dir=DESC&mode=grid&order=name&limit=15&page=13&cat=10201637" "Mozilla/5.0 (Windows NT 10.0; Win64; x64) AppleWebKit/537.36 (KHTML, like Gecko) Chrome/92.0.4515.159 Safari/537.36"
193.194.132.25 - - [30/Aug/2021:14:00:09 +0200] "GET /reload?ser=1630324808593 HTTP/1.1" 200 28 "http://renault.2web.at/result?searchterm=true&search=spannbanner" "Mozilla/5.0 (Windows NT 10.0; Win64; x64) AppleWebKit/537.36 (KHTML, like Gecko) Chrome/92.0.4515.159 Safari/537.36"
80.122.133.118 - - [30/Aug/2021:14:00:13 +0200] "GET /10201442?dir=DESC&mode=grid&order=name&limit=15&page=11&cat=10201637 HTTP/1.1" 200 9146 "http://renault.activities.at/10201442?dir=DESC&mode=grid&order=name&limit=15&page=12&cat=10201637" "Mozilla/5.0 (Windows NT 10.0; Win64; x64) AppleWebKit/537.36 (KHTML, like Gecko) Chrome/92.0.4515.159 Safari/537.36"
80.122.133.118 - - [30/Aug/2021:14:00:18 +0200] "GET /10201442?dir=DESC&mode=grid&order=name&limit=15&page=10&cat=10201637 HTTP/1.1" 200 9194 "http://renault.activities.at/10201442?dir=DESC&mode=grid&order=name&limit=15&page=11&cat=10201637" "Mozilla/5.0 (Windows NT 10.0; Win64; x64) AppleWebKit/537.36 (KHTML, like Gecko) Chrome/92.0.4515.159 Safari/537.36"
80.123.225.38 - - [30/Aug/2021:14:00:32 +0200] "GET /reload?ser=1630324832513 HTTP/1.1" 200 28 "http://renault.activities.at/success" "Mozilla/5.0 (Windows NT 10.0; WOW64; Trident/7.0; rv:11.0) like Gecko"
80.122.133.118 - - [30/Aug/2021:14:00:36 +0200] "GET /11044785?print=true HTTP/1.1" 200 2550 "http://renault.activities.at/10201442?dir=DESC&mode=grid&order=name&limit=15&page=10&cat=10201637" "Mozilla/5.0 (Windows NT 10.0; Win64; x64) AppleWebKit/537.36 (KHTML, like Gecko) Chrome/92.0.4515.159 Safari/537.36"
80.122.133.118 - - [30/Aug/2021:14:00:40 +0200] "GET /loadthumbnail.php?id=10203650&width=200 HTTP/1.1" 200 4671 "http://renault.activities.at/11044785?print=true" "Mozilla/5.0 (Windows NT 10.0; Win64; x64) AppleWebKit/537.36 (KHTML, like Gecko) Chrome/92.0.4515.159 Safari/537.36"
80.122.133.118 - - [30/Aug/2021:14:00:45 +0200] "GET /10201442?dir=DESC&mode=grid&order=name&limit=15&page=9&cat=10201637 HTTP/1.1" 200 9221 "http://renault.activities.at/10201442?dir=DESC&mode=grid&order=name&limit=15&page=10&cat=10201637" "Mozilla/5.0 (Windows NT 10.0; Win64; x64) AppleWebKit/537.36 (KHTML, like Gecko) Chrome/92.0.4515.159 Safari/537.36"
194.118.189.54 - - [30/Aug/2021:14:00:57 +0200] "GET /reload?ser=1630324857667 HTTP/1.1" 200 28 "http://renault.activities.at/result?searchterm=true&search=spannbanner" "Mozilla/5.0 (Windows NT 10.0; Win64; x64) AppleWebKit/537.36 (KHTML, like Gecko) Chrome/92.0.4515.159 Safari/537.36"
193.194.132.25 - - [30/Aug/2021:14:01:11 +0200] "GET /reload?ser=1630324870598 HTTP/1.1" 200 28 "http://renault.2web.at/result?searchterm=true&search=spannbanner" "Mozilla/5.0 (Windows NT 10.0; Win64; x64) AppleWebKit/537.36 (KHTML, like Gecko) Chrome/92.0.4515.159 Safari/537.36"
80.123.225.38 - - [30/Aug/2021:14:01:33 +0200] "GET /reload?ser=1630324893420 HTTP/1.1" 200 28 "http://renault.activities.at/success" "Mozilla/5.0 (Windows NT 10.0; WOW64; Trident/7.0; rv:11.0) like Gecko"
80.122.133.118 - - [30/Aug/2021:14:01:46 +0200] "GET /reload?ser=1630324906802 HTTP/1.1" 200 28 "http://renault.activities.at/10201442?dir=DESC&mode=grid&order=name&limit=15&page=9&cat=10201637" "Mozilla/5.0 (Windows NT 10.0; Win64; x64) AppleWebKit/537.36 (KHTML, like Gecko) Chrome/92.0.4515.159 Safari/537.36"
80.122.133.118 - - [30/Aug/2021:14:01:54 +0200] "GET /12283833?print=true HTTP/1.1" 200 2636 "http://renault.activities.at/10201442?dir=DESC&mode=grid&order=name&limit=15&page=9&cat=10201637" "Mozilla/5.0 (Windows NT 10.0; Win64; x64) AppleWebKit/537.36 (KHTML, like Gecko) Chrome/92.0.4515.159 Safari/537.36"
80.122.133.118 - - [30/Aug/2021:14:01:57 +0200] "GET /loadthumbnail.php?id=12283836&width=250 HTTP/1.1" 200 9946 "http://renault.activities.at/12283833?print=true" "Mozilla/5.0 (Windows NT 10.0; Win64; x64) AppleWebKit/537.36 (KHTML, like Gecko) Chrome/92.0.4515.159 Safari/537.36"
80.122.133.118 - - [30/Aug/2021:14:01:57 +0200] "GET /loadthumbnail.php?id=12283836&width=900&height=900 HTTP/1.1" 200 49089 "http://renault.activities.at/12283833?print=true" "Mozilla/5.0 (Windows NT 10.0; Win64; x64) AppleWebKit/537.36 (KHTML, like Gecko) Chrome/92.0.4515.159 Safari/537.36"
194.118.189.54 - - [30/Aug/2021:14:01:58 +0200] "GET /reload?ser=1630324918654 HTTP/1.1" 200 28 "http://renault.activities.at/result?searchterm=true&search=spannbanner" "Mozilla/5.0 (Windows NT 10.0; Win64; x64) AppleWebKit/537.36 (KHTML, like Gecko) Chrome/92.0.4515.159 Safari/537.36"
193.194.132.25 - - [30/Aug/2021:14:02:13 +0200] "GET /reload?ser=1630324932603 HTTP/1.1" 200 28 "http://renault.2web.at/result?searchterm=true&search=spannbanner" "Mozilla/5.0 (Windows NT 10.0; Win64; x64) AppleWebKit/537.36 (KHTML, like Gecko) Chrome/92.0.4515.159 Safari/537.36"
80.122.133.118 - - [30/Aug/2021:14:02:16 +0200] "GET / HTTP/1.1" 200 6108 "https://www.google.at/" "Mozilla/5.0 (Windows NT 10.0; Win64; x64) AppleWebKit/537.36 (KHTML, like Gecko) Chrome/92.0.4515.159 Safari/537.36"
80.122.133.118 - - [30/Aug/2021:14:02:17 +0200] "GET / HTTP/1.1" 200 6108 "https://www.google.at/" "Mozilla/5.0 (Windows NT 10.0; Win64; x64) AppleWebKit/537.36 (KHTML, like Gecko) Chrome/92.0.4515.159 Safari/537.36"
80.122.133.118 - - [30/Aug/2021:14:02:23 +0200] "POST /axjaxrequest?mode=suggest HTTP/1.1" 200 116 "http://renault.activities.at/" "Mozilla/5.0 (Windows NT 10.0; Win64; x64) AppleWebKit/537.36 (KHTML, like Gecko) Chrome/92.0.4515.159 Safari/537.36"
80.122.133.118 - - [30/Aug/2021:14:02:24 +0200] "POST /axjaxrequest?mode=suggest HTTP/1.1" 200 21 "http://renault.activities.at/" "Mozilla/5.0 (Windows NT 10.0; Win64; x64) AppleWebKit/537.36 (KHTML, like Gecko) Chrome/92.0.4515.159 Safari/537.36"
80.122.133.118 - - [30/Aug/2021:14:02:25 +0200] "GET /result?searchterm=true&search=Kugelschreiber HTTP/1.1" 200 6033 "http://renault.activities.at/" "Mozilla/5.0 (Windows NT 10.0; Win64; x64) AppleWebKit/537.36 (KHTML, like Gecko) Chrome/92.0.4515.159 Safari/537.36"
80.122.133.118 - - [30/Aug/2021:14:02:26 +0200] "POST /axjaxrequest?mode=suggest HTTP/1.1" 200 116 "http://renault.activities.at/" "Mozilla/5.0 (Windows NT 10.0; Win64; x64) AppleWebKit/537.36 (KHTML, like Gecko) Chrome/92.0.4515.159 Safari/537.36"
80.123.225.38 - - [30/Aug/2021:14:02:34 +0200] "GET /reload?ser=1630324954333 HTTP/1.1" 200 28 "http://renault.activities.at/success" "Mozilla/5.0 (Windows NT 10.0; WOW64; Trident/7.0; rv:11.0) like Gecko"
80.122.133.118 - - [30/Aug/2021:14:02:36 +0200] "GET /action HTTP/1.1" 200 3920 "http://renault.activities.at/result?searchterm=true&search=Kugelschreiber" "Mozilla/5.0 (Windows NT 10.0; Win64; x64) AppleWebKit/537.36 (KHTML, like Gecko) Chrome/92.0.4515.159 Safari/537.36"
80.122.133.118 - - [30/Aug/2021:14:02:38 +0200] "GET /images/note_msg_icon.gif HTTP/1.1" 200 1022 "http://renault.activities.at/css/styles.css" "Mozilla/5.0 (Windows NT 10.0; Win64; x64) AppleWebKit/537.36 (KHTML, like Gecko) Chrome/92.0.4515.159 Safari/537.36"
80.122.133.118 - - [30/Aug/2021:14:02:44 +0200] "GET /10201637 HTTP/1.1" 200 8942 "http://renault.activities.at/action" "Mozilla/5.0 (Windows NT 10.0; Win64; x64) AppleWebKit/537.36 (KHTML, like Gecko) Chrome/92.0.4515.159 Safari/537.36"
80.122.133.118 - - [30/Aug/2021:14:02:47 +0200] "GET /reload?ser=1630324968136 HTTP/1.1" 200 28 "http://renault.activities.at/10201442?dir=DESC&mode=grid&order=name&limit=15&page=9&cat=10201637" "Mozilla/5.0 (Windows NT 10.0; Win64; x64) AppleWebKit/537.36 (KHTML, like Gecko) Chrome/92.0.4515.159 Safari/537.36"
194.118.189.54 - - [30/Aug/2021:14:02:59 +0200] "GET /reload?ser=1630324979654 HTTP/1.1" 200 28 "http://renault.activities.at/result?searchterm=true&search=spannbanner" "Mozilla/5.0 (Windows NT 10.0; Win64; x64) AppleWebKit/537.36 (KHTML, like Gecko) Chrome/92.0.4515.159 Safari/537.36"
80.122.133.118 - - [30/Aug/2021:14:03:01 +0200] "GET /10260280 HTTP/1.1" 200 8758 "http://renault.activities.at/10201637" "Mozilla/5.0 (Windows NT 10.0; Win64; x64) AppleWebKit/537.36 (KHTML, like Gecko) Chrome/92.0.4515.159 Safari/537.36"
80.122.133.118 - - [30/Aug/2021:14:03:11 +0200] "GET /10260280?dir=DESC&mode=grid&order=name&limit=15&page=2 HTTP/1.1" 200 8787 "http://renault.activities.at/10260280" "Mozilla/5.0 (Windows NT 10.0; Win64; x64) AppleWebKit/537.36 (KHTML, like Gecko) Chrome/92.0.4515.159 Safari/537.36"
193.194.132.25 - - [30/Aug/2021:14:03:15 +0200] "GET /reload?ser=1630324994608 HTTP/1.1" 200 28 "http://renault.2web.at/result?searchterm=true&search=spannbanner" "Mozilla/5.0 (Windows NT 10.0; Win64; x64) AppleWebKit/537.36 (KHTML, like Gecko) Chrome/92.0.4515.159 Safari/537.36"
