138.21.12.23 - - [01/Sep/2021:13:57:55 +0200] "GET /reload?ser=1630497475579 HTTP/1.1" 200 28 "http://renault.2web.at/account" "Mozilla/5.0 (Windows NT 10.0; Win64; x64) AppleWebKit/537.36 (KHTML, like Gecko) Chrome/92.0.4515.159 Safari/537.36"
80.123.225.38 - - [01/Sep/2021:13:58:12 +0200] "GET /reload?ser=1630497492900 HTTP/1.1" 200 28 "http://renault.activities.at/login" "Mozilla/5.0 (Windows NT 10.0; Win64; x64) AppleWebKit/537.36 (KHTML, like Gecko) Chrome/92.0.4515.159 Safari/537.36"
80.123.221.50 - - [01/Sep/2021:13:58:18 +0200] "GET /reload?ser=1630497549720 HTTP/1.1" 200 28 "http://renault.2web.at/login" "Mozilla/5.0 (Windows NT 6.1; Win64; x64; rv:91.0) Gecko/20100101 Firefox/91.0"
66.249.64.155 - - [01/Sep/2021:13:58:19 +0200] "GET / HTTP/1.1" 200 3086 "-" "Mozilla/5.0 (Linux; Android 6.0.1; Nexus 5X Build/MMB29P) AppleWebKit/537.36 (KHTML, like Gecko) Chrome/92.0.4515.119 Mobile Safari/537.36 (compatible; Googlebot/2.1; +http://www.google.com/bot.html)"
138.21.12.23 - - [01/Sep/2021:13:58:58 +0200] "GET /reload?ser=1630497537585 HTTP/1.1" 200 28 "http://renault.2web.at/account" "Mozilla/5.0 (Windows NT 10.0; Win64; x64) AppleWebKit/537.36 (KHTML, like Gecko) Chrome/92.0.4515.159 Safari/537.36"
80.123.225.38 - - [01/Sep/2021:13:59:13 +0200] "GET /reload?ser=1630497553902 HTTP/1.1" 200 28 "http://renault.activities.at/login" "Mozilla/5.0 (Windows NT 10.0; Win64; x64) AppleWebKit/537.36 (KHTML, like Gecko) Chrome/92.0.4515.159 Safari/537.36"
80.123.221.50 - - [01/Sep/2021:13:59:18 +0200] "GET /reload?ser=1630497610345 HTTP/1.1" 200 28 "http://renault.2web.at/login" "Mozilla/5.0 (Windows NT 6.1; Win64; x64; rv:91.0) Gecko/20100101 Firefox/91.0"
138.21.12.23 - - [01/Sep/2021:13:59:59 +0200] "GET /reload?ser=1630497599592 HTTP/1.1" 200 28 "http://renault.2web.at/account" "Mozilla/5.0 (Windows NT 10.0; Win64; x64) AppleWebKit/537.36 (KHTML, like Gecko) Chrome/92.0.4515.159 Safari/537.36"
80.123.225.38 - - [01/Sep/2021:14:00:14 +0200] "GET /reload?ser=1630497614916 HTTP/1.1" 200 28 "http://renault.activities.at/login" "Mozilla/5.0 (Windows NT 10.0; Win64; x64) AppleWebKit/537.36 (KHTML, like Gecko) Chrome/92.0.4515.159 Safari/537.36"
80.123.221.50 - - [01/Sep/2021:14:00:19 +0200] "GET /reload?ser=1630497670978 HTTP/1.1" 200 28 "http://renault.2web.at/login" "Mozilla/5.0 (Windows NT 6.1; Win64; x64; rv:91.0) Gecko/20100101 Firefox/91.0"
80.123.221.50 - - [01/Sep/2021:14:00:25 +0200] "POST /login HTTP/1.1" 200 2163 "http://renault.2web.at/login" "Mozilla/5.0 (Windows NT 6.1; Win64; x64; rv:91.0) Gecko/20100101 Firefox/91.0"
80.123.221.50 - - [01/Sep/2021:14:00:26 +0200] "GET /loadthumbnail.php?id=11127982 HTTP/1.1" 200 399614 "http://renault.2web.at/login" "Mozilla/5.0 (Windows NT 6.1; Win64; x64; rv:91.0) Gecko/20100101 Firefox/91.0"
80.123.221.50 - - [01/Sep/2021:14:00:33 +0200] "POST /login HTTP/1.1" 200 2163 "http://renault.2web.at/login" "Mozilla/5.0 (Windows NT 6.1; Win64; x64; rv:91.0) Gecko/20100101 Firefox/91.0"
80.123.221.50 - - [01/Sep/2021:14:00:34 +0200] "GET /loadthumbnail.php?id=11127982 HTTP/1.1" 200 399614 "http://renault.2web.at/login" "Mozilla/5.0 (Windows NT 6.1; Win64; x64; rv:91.0) Gecko/20100101 Firefox/91.0"
80.123.221.50 - - [01/Sep/2021:14:00:56 +0200] "POST /login HTTP/1.1" 200 2155 "http://renault.2web.at/login" "Mozilla/5.0 (Windows NT 6.1; Win64; x64; rv:91.0) Gecko/20100101 Firefox/91.0"
80.123.221.50 - - [01/Sep/2021:14:00:57 +0200] "GET /loadthumbnail.php?id=11127982 HTTP/1.1" 200 399614 "http://renault.2web.at/login" "Mozilla/5.0 (Windows NT 6.1; Win64; x64; rv:91.0) Gecko/20100101 Firefox/91.0"
138.21.12.23 - - [01/Sep/2021:14:01:01 +0200] "GET /reload?ser=1630497661598 HTTP/1.1" 200 28 "http://renault.2web.at/account" "Mozilla/5.0 (Windows NT 10.0; Win64; x64) AppleWebKit/537.36 (KHTML, like Gecko) Chrome/92.0.4515.159 Safari/537.36"
80.123.221.50 - - [01/Sep/2021:14:01:04 +0200] "POST /login HTTP/1.1" 200 2155 "http://renault.2web.at/login" "Mozilla/5.0 (Windows NT 6.1; Win64; x64; rv:91.0) Gecko/20100101 Firefox/91.0"
80.123.221.50 - - [01/Sep/2021:14:01:06 +0200] "GET /loadthumbnail.php?id=11127982 HTTP/1.1" 200 399614 "http://renault.2web.at/login" "Mozilla/5.0 (Windows NT 6.1; Win64; x64; rv:91.0) Gecko/20100101 Firefox/91.0"
80.123.225.38 - - [01/Sep/2021:14:01:15 +0200] "GET /reload?ser=1630497675923 HTTP/1.1" 200 28 "http://renault.activities.at/login" "Mozilla/5.0 (Windows NT 10.0; Win64; x64) AppleWebKit/537.36 (KHTML, like Gecko) Chrome/92.0.4515.159 Safari/537.36"
138.21.12.23 - - [01/Sep/2021:14:02:03 +0200] "GET /reload?ser=1630497723602 HTTP/1.1" 200 28 "http://renault.2web.at/account" "Mozilla/5.0 (Windows NT 10.0; Win64; x64) AppleWebKit/537.36 (KHTML, like Gecko) Chrome/92.0.4515.159 Safari/537.36"
80.123.221.50 - - [01/Sep/2021:14:02:06 +0200] "GET /reload?ser=1630497778236 HTTP/1.1" 200 28 "http://renault.2web.at/login" "Mozilla/5.0 (Windows NT 6.1; Win64; x64; rv:91.0) Gecko/20100101 Firefox/91.0"
80.123.225.38 - - [01/Sep/2021:14:02:16 +0200] "GET /reload?ser=1630497736906 HTTP/1.1" 200 28 "http://renault.activities.at/login" "Mozilla/5.0 (Windows NT 10.0; Win64; x64) AppleWebKit/537.36 (KHTML, like Gecko) Chrome/92.0.4515.159 Safari/537.36"
138.21.12.23 - - [01/Sep/2021:14:03:06 +0200] "GET /reload?ser=1630497785606 HTTP/1.1" 200 28 "http://renault.2web.at/account" "Mozilla/5.0 (Windows NT 10.0; Win64; x64) AppleWebKit/537.36 (KHTML, like Gecko) Chrome/92.0.4515.159 Safari/537.36"
80.123.221.50 - - [01/Sep/2021:14:03:07 +0200] "GET /reload?ser=1630497838860 HTTP/1.1" 200 28 "http://renault.2web.at/login" "Mozilla/5.0 (Windows NT 6.1; Win64; x64; rv:91.0) Gecko/20100101 Firefox/91.0"
80.123.225.38 - - [01/Sep/2021:14:03:17 +0200] "GET /reload?ser=1630497797923 HTTP/1.1" 200 28 "http://renault.activities.at/login" "Mozilla/5.0 (Windows NT 10.0; Win64; x64) AppleWebKit/537.36 (KHTML, like Gecko) Chrome/92.0.4515.159 Safari/537.36"
80.123.221.50 - - [01/Sep/2021:14:04:08 +0200] "GET /reload?ser=1630497899487 HTTP/1.1" 200 28 "http://renault.2web.at/login" "Mozilla/5.0 (Windows NT 6.1; Win64; x64; rv:91.0) Gecko/20100101 Firefox/91.0"
138.21.12.23 - - [01/Sep/2021:14:04:08 +0200] "GET /reload?ser=1630497847611 HTTP/1.1" 200 28 "http://renault.2web.at/account" "Mozilla/5.0 (Windows NT 10.0; Win64; x64) AppleWebKit/537.36 (KHTML, like Gecko) Chrome/92.0.4515.159 Safari/537.36"
80.123.225.38 - - [01/Sep/2021:14:04:18 +0200] "GET /reload?ser=1630497858908 HTTP/1.1" 200 28 "http://renault.activities.at/login" "Mozilla/5.0 (Windows NT 10.0; Win64; x64) AppleWebKit/537.36 (KHTML, like Gecko) Chrome/92.0.4515.159 Safari/537.36"
80.123.221.50 - - [01/Sep/2021:14:05:08 +0200] "GET /reload?ser=1630497960118 HTTP/1.1" 200 28 "http://renault.2web.at/login" "Mozilla/5.0 (Windows NT 6.1; Win64; x64; rv:91.0) Gecko/20100101 Firefox/91.0"
138.21.12.23 - - [01/Sep/2021:14:05:10 +0200] "GET /reload?ser=1630497909615 HTTP/1.1" 200 28 "http://renault.2web.at/account" "Mozilla/5.0 (Windows NT 10.0; Win64; x64) AppleWebKit/537.36 (KHTML, like Gecko) Chrome/92.0.4515.159 Safari/537.36"
80.123.225.38 - - [01/Sep/2021:14:05:19 +0200] "GET /reload?ser=1630497919915 HTTP/1.1" 200 28 "http://renault.activities.at/login" "Mozilla/5.0 (Windows NT 10.0; Win64; x64) AppleWebKit/537.36 (KHTML, like Gecko) Chrome/92.0.4515.159 Safari/537.36"
80.123.221.50 - - [01/Sep/2021:14:06:09 +0200] "GET /reload?ser=1630498020745 HTTP/1.1" 200 28 "http://renault.2web.at/login" "Mozilla/5.0 (Windows NT 6.1; Win64; x64; rv:91.0) Gecko/20100101 Firefox/91.0"
138.21.12.23 - - [01/Sep/2021:14:06:12 +0200] "GET /reload?ser=1630497971620 HTTP/1.1" 200 28 "http://renault.2web.at/account" "Mozilla/5.0 (Windows NT 10.0; Win64; x64) AppleWebKit/537.36 (KHTML, like Gecko) Chrome/92.0.4515.159 Safari/537.36"
80.123.225.38 - - [01/Sep/2021:14:06:20 +0200] "GET /reload?ser=1630497980924 HTTP/1.1" 200 28 "http://renault.activities.at/login" "Mozilla/5.0 (Windows NT 10.0; Win64; x64) AppleWebKit/537.36 (KHTML, like Gecko) Chrome/92.0.4515.159 Safari/537.36"
80.123.221.50 - - [01/Sep/2021:14:07:09 +0200] "GET /reload?ser=1630498081376 HTTP/1.1" 200 28 "http://renault.2web.at/login" "Mozilla/5.0 (Windows NT 6.1; Win64; x64; rv:91.0) Gecko/20100101 Firefox/91.0"
138.21.12.23 - - [01/Sep/2021:14:07:14 +0200] "GET /reload?ser=1630498033622 HTTP/1.1" 200 28 "http://renault.2web.at/account" "Mozilla/5.0 (Windows NT 10.0; Win64; x64) AppleWebKit/537.36 (KHTML, like Gecko) Chrome/92.0.4515.159 Safari/537.36"
80.123.221.50 - - [01/Sep/2021:14:08:10 +0200] "GET /reload?ser=1630498142020 HTTP/1.1" 200 28 "http://renault.2web.at/login" "Mozilla/5.0 (Windows NT 6.1; Win64; x64; rv:91.0) Gecko/20100101 Firefox/91.0"
138.21.12.23 - - [01/Sep/2021:14:08:16 +0200] "GET /reload?ser=1630498095641 HTTP/1.1" 200 28 "http://renault.2web.at/account" "Mozilla/5.0 (Windows NT 10.0; Win64; x64) AppleWebKit/537.36 (KHTML, like Gecko) Chrome/92.0.4515.159 Safari/537.36"
80.123.221.50 - - [01/Sep/2021:14:09:11 +0200] "GET /reload?ser=1630498202647 HTTP/1.1" 200 28 "http://renault.2web.at/login" "Mozilla/5.0 (Windows NT 6.1; Win64; x64; rv:91.0) Gecko/20100101 Firefox/91.0"
138.21.12.23 - - [01/Sep/2021:14:09:18 +0200] "GET /reload?ser=1630498157629 HTTP/1.1" 200 28 "http://renault.2web.at/account" "Mozilla/5.0 (Windows NT 10.0; Win64; x64) AppleWebKit/537.36 (KHTML, like Gecko) Chrome/92.0.4515.159 Safari/537.36"
80.123.221.50 - - [01/Sep/2021:14:10:11 +0200] "GET /reload?ser=1630498263278 HTTP/1.1" 200 28 "http://renault.2web.at/login" "Mozilla/5.0 (Windows NT 6.1; Win64; x64; rv:91.0) Gecko/20100101 Firefox/91.0"
138.21.12.23 - - [01/Sep/2021:14:10:20 +0200] "GET /reload?ser=1630498219669 HTTP/1.1" 200 28 "http://renault.2web.at/account" "Mozilla/5.0 (Windows NT 10.0; Win64; x64) AppleWebKit/537.36 (KHTML, like Gecko) Chrome/92.0.4515.159 Safari/537.36"
80.123.221.50 - - [01/Sep/2021:14:11:12 +0200] "GET /reload?ser=1630498323902 HTTP/1.1" 200 28 "http://renault.2web.at/login" "Mozilla/5.0 (Windows NT 6.1; Win64; x64; rv:91.0) Gecko/20100101 Firefox/91.0"
138.21.12.23 - - [01/Sep/2021:14:11:22 +0200] "GET /reload?ser=1630498281635 HTTP/1.1" 200 28 "http://renault.2web.at/account" "Mozilla/5.0 (Windows NT 10.0; Win64; x64) AppleWebKit/537.36 (KHTML, like Gecko) Chrome/92.0.4515.159 Safari/537.36"
80.123.221.50 - - [01/Sep/2021:14:12:13 +0200] "GET /reload?ser=1630498384521 HTTP/1.1" 200 28 "http://renault.2web.at/login" "Mozilla/5.0 (Windows NT 6.1; Win64; x64; rv:91.0) Gecko/20100101 Firefox/91.0"
138.21.12.23 - - [01/Sep/2021:14:12:24 +0200] "GET /reload?ser=1630498343637 HTTP/1.1" 200 28 "http://renault.2web.at/account" "Mozilla/5.0 (Windows NT 10.0; Win64; x64) AppleWebKit/537.36 (KHTML, like Gecko) Chrome/92.0.4515.159 Safari/537.36"
80.123.221.50 - - [01/Sep/2021:14:13:13 +0200] "GET /reload?ser=1630498445161 HTTP/1.1" 200 28 "http://renault.2web.at/login" "Mozilla/5.0 (Windows NT 6.1; Win64; x64; rv:91.0) Gecko/20100101 Firefox/91.0"
138.21.12.23 - - [01/Sep/2021:14:13:26 +0200] "GET /reload?ser=1630498405640 HTTP/1.1" 200 28 "http://renault.2web.at/account" "Mozilla/5.0 (Windows NT 10.0; Win64; x64) AppleWebKit/537.36 (KHTML, like Gecko) Chrome/92.0.4515.159 Safari/537.36"
80.123.221.50 - - [01/Sep/2021:14:14:14 +0200] "GET /reload?ser=1630498505798 HTTP/1.1" 200 28 "http://renault.2web.at/login" "Mozilla/5.0 (Windows NT 6.1; Win64; x64; rv:91.0) Gecko/20100101 Firefox/91.0"
138.21.12.23 - - [01/Sep/2021:14:14:28 +0200] "GET /reload?ser=1630498467642 HTTP/1.1" 200 28 "http://renault.2web.at/account" "Mozilla/5.0 (Windows NT 10.0; Win64; x64) AppleWebKit/537.36 (KHTML, like Gecko) Chrome/92.0.4515.159 Safari/537.36"
80.123.221.50 - - [01/Sep/2021:14:15:14 +0200] "GET /reload?ser=1630498566426 HTTP/1.1" 200 28 "http://renault.2web.at/login" "Mozilla/5.0 (Windows NT 6.1; Win64; x64; rv:91.0) Gecko/20100101 Firefox/91.0"
114.119.158.36 - - [01/Sep/2021:14:15:27 +0200] "GET /robots.txt HTTP/1.1" 404 300 "-" "Mozilla/5.0 (compatible;PetalBot;+https://webmaster.petalsearch.com/site/petalbot)"
138.21.12.23 - - [01/Sep/2021:14:15:30 +0200] "GET /reload?ser=1630498529644 HTTP/1.1" 200 28 "http://renault.2web.at/account" "Mozilla/5.0 (Windows NT 10.0; Win64; x64) AppleWebKit/537.36 (KHTML, like Gecko) Chrome/92.0.4515.159 Safari/537.36"
80.123.221.50 - - [01/Sep/2021:14:16:15 +0200] "GET /reload?ser=1630498627105 HTTP/1.1" 200 28 "http://renault.2web.at/login" "Mozilla/5.0 (Windows NT 6.1; Win64; x64; rv:91.0) Gecko/20100101 Firefox/91.0"
138.21.12.23 - - [01/Sep/2021:14:16:32 +0200] "GET /reload?ser=1630498591646 HTTP/1.1" 200 28 "http://renault.2web.at/account" "Mozilla/5.0 (Windows NT 10.0; Win64; x64) AppleWebKit/537.36 (KHTML, like Gecko) Chrome/92.0.4515.159 Safari/537.36"
80.123.221.50 - - [01/Sep/2021:14:17:16 +0200] "GET /reload?ser=1630498687732 HTTP/1.1" 200 28 "http://renault.2web.at/login" "Mozilla/5.0 (Windows NT 6.1; Win64; x64; rv:91.0) Gecko/20100101 Firefox/91.0"
138.21.12.23 - - [01/Sep/2021:14:17:34 +0200] "GET /reload?ser=1630498653663 HTTP/1.1" 200 28 "http://renault.2web.at/account" "Mozilla/5.0 (Windows NT 10.0; Win64; x64) AppleWebKit/537.36 (KHTML, like Gecko) Chrome/92.0.4515.159 Safari/537.36"
80.123.221.50 - - [01/Sep/2021:14:18:16 +0200] "GET /reload?ser=1630498748367 HTTP/1.1" 200 28 "http://renault.2web.at/login" "Mozilla/5.0 (Windows NT 6.1; Win64; x64; rv:91.0) Gecko/20100101 Firefox/91.0"
138.21.12.23 - - [01/Sep/2021:14:18:36 +0200] "GET /reload?ser=1630498715651 HTTP/1.1" 200 28 "http://renault.2web.at/account" "Mozilla/5.0 (Windows NT 10.0; Win64; x64) AppleWebKit/537.36 (KHTML, like Gecko) Chrome/92.0.4515.159 Safari/537.36"
80.123.221.50 - - [01/Sep/2021:14:19:17 +0200] "GET /reload?ser=1630498808994 HTTP/1.1" 200 28 "http://renault.2web.at/login" "Mozilla/5.0 (Windows NT 6.1; Win64; x64; rv:91.0) Gecko/20100101 Firefox/91.0"
138.21.12.23 - - [01/Sep/2021:14:19:38 +0200] "GET /reload?ser=1630498777652 HTTP/1.1" 200 28 "http://renault.2web.at/account" "Mozilla/5.0 (Windows NT 10.0; Win64; x64) AppleWebKit/537.36 (KHTML, like Gecko) Chrome/92.0.4515.159 Safari/537.36"
80.123.221.50 - - [01/Sep/2021:14:20:18 +0200] "GET /reload?ser=1630498869635 HTTP/1.1" 200 28 "http://renault.2web.at/login" "Mozilla/5.0 (Windows NT 6.1; Win64; x64; rv:91.0) Gecko/20100101 Firefox/91.0"
138.21.12.23 - - [01/Sep/2021:14:20:40 +0200] "GET /reload?ser=1630498839653 HTTP/1.1" 200 28 "http://renault.2web.at/account" "Mozilla/5.0 (Windows NT 10.0; Win64; x64) AppleWebKit/537.36 (KHTML, like Gecko) Chrome/92.0.4515.159 Safari/537.36"
80.123.221.50 - - [01/Sep/2021:14:21:18 +0200] "GET /reload?ser=1630498930310 HTTP/1.1" 200 28 "http://renault.2web.at/login" "Mozilla/5.0 (Windows NT 6.1; Win64; x64; rv:91.0) Gecko/20100101 Firefox/91.0"
138.21.12.23 - - [01/Sep/2021:14:21:42 +0200] "GET /reload?ser=1630498901665 HTTP/1.1" 200 28 "http://renault.2web.at/account" "Mozilla/5.0 (Windows NT 10.0; Win64; x64) AppleWebKit/537.36 (KHTML, like Gecko) Chrome/92.0.4515.159 Safari/537.36"
80.123.221.50 - - [01/Sep/2021:14:22:19 +0200] "GET /reload?ser=1630498990927 HTTP/1.1" 200 28 "http://renault.2web.at/login" "Mozilla/5.0 (Windows NT 6.1; Win64; x64; rv:91.0) Gecko/20100101 Firefox/91.0"
138.21.12.23 - - [01/Sep/2021:14:22:44 +0200] "GET /reload?ser=1630498963657 HTTP/1.1" 200 28 "http://renault.2web.at/account" "Mozilla/5.0 (Windows NT 10.0; Win64; x64) AppleWebKit/537.36 (KHTML, like Gecko) Chrome/92.0.4515.159 Safari/537.36"
80.123.221.50 - - [01/Sep/2021:14:23:20 +0200] "GET /reload?ser=1630499051561 HTTP/1.1" 200 28 "http://renault.2web.at/login" "Mozilla/5.0 (Windows NT 6.1; Win64; x64; rv:91.0) Gecko/20100101 Firefox/91.0"
138.21.12.23 - - [01/Sep/2021:14:23:46 +0200] "GET /reload?ser=1630499025657 HTTP/1.1" 200 28 "http://renault.2web.at/account" "Mozilla/5.0 (Windows NT 10.0; Win64; x64) AppleWebKit/537.36 (KHTML, like Gecko) Chrome/92.0.4515.159 Safari/537.36"
80.123.221.50 - - [01/Sep/2021:14:24:20 +0200] "GET /reload?ser=1630499112182 HTTP/1.1" 200 28 "http://renault.2web.at/login" "Mozilla/5.0 (Windows NT 6.1; Win64; x64; rv:91.0) Gecko/20100101 Firefox/91.0"
138.21.12.23 - - [01/Sep/2021:14:24:48 +0200] "GET /reload?ser=1630499087658 HTTP/1.1" 200 28 "http://renault.2web.at/account" "Mozilla/5.0 (Windows NT 10.0; Win64; x64) AppleWebKit/537.36 (KHTML, like Gecko) Chrome/92.0.4515.159 Safari/537.36"
80.123.221.50 - - [01/Sep/2021:14:25:21 +0200] "GET /reload?ser=1630499172821 HTTP/1.1" 200 28 "http://renault.2web.at/login" "Mozilla/5.0 (Windows NT 6.1; Win64; x64; rv:91.0) Gecko/20100101 Firefox/91.0"
138.21.12.23 - - [01/Sep/2021:14:25:50 +0200] "GET /reload?ser=1630499149660 HTTP/1.1" 200 28 "http://renault.2web.at/account" "Mozilla/5.0 (Windows NT 10.0; Win64; x64) AppleWebKit/537.36 (KHTML, like Gecko) Chrome/92.0.4515.159 Safari/537.36"
80.123.221.50 - - [01/Sep/2021:14:26:21 +0200] "GET /reload?ser=1630499233455 HTTP/1.1" 200 28 "http://renault.2web.at/login" "Mozilla/5.0 (Windows NT 6.1; Win64; x64; rv:91.0) Gecko/20100101 Firefox/91.0"
138.21.12.23 - - [01/Sep/2021:14:26:52 +0200] "GET /reload?ser=1630499211661 HTTP/1.1" 200 28 "http://renault.2web.at/account" "Mozilla/5.0 (Windows NT 10.0; Win64; x64) AppleWebKit/537.36 (KHTML, like Gecko) Chrome/92.0.4515.159 Safari/537.36"
80.123.221.50 - - [01/Sep/2021:14:27:22 +0200] "GET /reload?ser=1630499294078 HTTP/1.1" 200 28 "http://renault.2web.at/login" "Mozilla/5.0 (Windows NT 6.1; Win64; x64; rv:91.0) Gecko/20100101 Firefox/91.0"
138.21.12.23 - - [01/Sep/2021:14:27:54 +0200] "GET /reload?ser=1630499273661 HTTP/1.1" 200 28 "http://renault.2web.at/account" "Mozilla/5.0 (Windows NT 10.0; Win64; x64) AppleWebKit/537.36 (KHTML, like Gecko) Chrome/92.0.4515.159 Safari/537.36"
80.123.221.50 - - [01/Sep/2021:14:28:23 +0200] "GET /reload?ser=1630499354713 HTTP/1.1" 200 28 "http://renault.2web.at/login" "Mozilla/5.0 (Windows NT 6.1; Win64; x64; rv:91.0) Gecko/20100101 Firefox/91.0"
138.21.12.23 - - [01/Sep/2021:14:28:56 +0200] "GET /reload?ser=1630499335662 HTTP/1.1" 200 28 "http://renault.2web.at/account" "Mozilla/5.0 (Windows NT 10.0; Win64; x64) AppleWebKit/537.36 (KHTML, like Gecko) Chrome/92.0.4515.159 Safari/537.36"
80.123.221.50 - - [01/Sep/2021:14:29:23 +0200] "GET /reload?ser=1630499415340 HTTP/1.1" 200 28 "http://renault.2web.at/login" "Mozilla/5.0 (Windows NT 6.1; Win64; x64; rv:91.0) Gecko/20100101 Firefox/91.0"
138.21.12.23 - - [01/Sep/2021:14:29:58 +0200] "GET /reload?ser=1630499397664 HTTP/1.1" 200 28 "http://renault.2web.at/account" "Mozilla/5.0 (Windows NT 10.0; Win64; x64) AppleWebKit/537.36 (KHTML, like Gecko) Chrome/92.0.4515.159 Safari/537.36"
80.123.221.50 - - [01/Sep/2021:14:30:24 +0200] "GET /reload?ser=1630499475975 HTTP/1.1" 200 28 "http://renault.2web.at/login" "Mozilla/5.0 (Windows NT 6.1; Win64; x64; rv:91.0) Gecko/20100101 Firefox/91.0"
138.21.12.23 - - [01/Sep/2021:14:31:00 +0200] "GET /reload?ser=1630499459664 HTTP/1.1" 200 28 "http://renault.2web.at/account" "Mozilla/5.0 (Windows NT 10.0; Win64; x64) AppleWebKit/537.36 (KHTML, like Gecko) Chrome/92.0.4515.159 Safari/537.36"
82.149.111.160 - - [01/Sep/2021:14:31:02 +0200] "GET / HTTP/1.1" 200 3086 "-" "Mozilla/5.0 (Windows NT 10.0; Win64; x64) AppleWebKit/537.36 (KHTML, like Gecko) Chrome/92.0.4515.159 Safari/537.36 Edg/92.0.902.84"
82.149.111.160 - - [01/Sep/2021:14:31:03 +0200] "GET /js/default.js HTTP/1.1" 200 14698 "http://renault.activities.at/" "Mozilla/5.0 (Windows NT 10.0; Win64; x64) AppleWebKit/537.36 (KHTML, like Gecko) Chrome/92.0.4515.159 Safari/537.36 Edg/92.0.902.84"
82.149.111.160 - - [01/Sep/2021:14:31:03 +0200] "GET /css/clears.css HTTP/1.1" 200 851 "http://renault.activities.at/" "Mozilla/5.0 (Windows NT 10.0; Win64; x64) AppleWebKit/537.36 (KHTML, like Gecko) Chrome/92.0.4515.159 Safari/537.36 Edg/92.0.902.84"
82.149.111.160 - - [01/Sep/2021:14:31:03 +0200] "GET /css/reset.css HTTP/1.1" 200 1356 "http://renault.activities.at/" "Mozilla/5.0 (Windows NT 10.0; Win64; x64) AppleWebKit/537.36 (KHTML, like Gecko) Chrome/92.0.4515.159 Safari/537.36 Edg/92.0.902.84"
82.149.111.160 - - [01/Sep/2021:14:31:03 +0200] "GET /css/styles.css HTTP/1.1" 200 14664 "http://renault.activities.at/" "Mozilla/5.0 (Windows NT 10.0; Win64; x64) AppleWebKit/537.36 (KHTML, like Gecko) Chrome/92.0.4515.159 Safari/537.36 Edg/92.0.902.84"
82.149.111.160 - - [01/Sep/2021:14:31:03 +0200] "GET /js/checkout.css HTTP/1.1" 200 359 "http://renault.activities.at/" "Mozilla/5.0 (Windows NT 10.0; Win64; x64) AppleWebKit/537.36 (KHTML, like Gecko) Chrome/92.0.4515.159 Safari/537.36 Edg/92.0.902.84"
82.149.111.160 - - [01/Sep/2021:14:31:03 +0200] "GET /css/prototip.css HTTP/1.1" 200 968 "http://renault.activities.at/" "Mozilla/5.0 (Windows NT 10.0; Win64; x64) AppleWebKit/537.36 (KHTML, like Gecko) Chrome/92.0.4515.159 Safari/537.36 Edg/92.0.902.84"
82.149.111.160 - - [01/Sep/2021:14:31:03 +0200] "GET /css/themes/default.css HTTP/1.1" 200 769 "http://renault.activities.at/" "Mozilla/5.0 (Windows NT 10.0; Win64; x64) AppleWebKit/537.36 (KHTML, like Gecko) Chrome/92.0.4515.159 Safari/537.36 Edg/92.0.902.84"
82.149.111.160 - - [01/Sep/2021:14:31:03 +0200] "GET /css/themes/alphacube.css HTTP/1.1" 200 743 "http://renault.activities.at/" "Mozilla/5.0 (Windows NT 10.0; Win64; x64) AppleWebKit/537.36 (KHTML, like Gecko) Chrome/92.0.4515.159 Safari/537.36 Edg/92.0.902.84"
82.149.111.160 - - [01/Sep/2021:14:31:03 +0200] "GET /js/index.php?c=auto&f=,prototype/prototype.js,prototype/validation.js,scriptaculous/builder.js,scriptaculous/effects.js,scriptaculous/dragdrop.js,scriptaculous/controls.js,scriptaculous/slider.js,varien/js.js,varien/form.js,varien/menu.js,mage/translate.js,mage/cookies.js,varien/product.js,spinner/SpinnerControl.jsmin.js,prototype/window.js,prototype/window_ext.js HTTP/1.1" 200 94182 "http://renault.activities.at/" "Mozilla/5.0 (Windows NT 10.0; Win64; x64) AppleWebKit/537.36 (KHTML, like Gecko) Chrome/92.0.4515.159 Safari/537.36 Edg/92.0.902.84"
82.149.111.160 - - [01/Sep/2021:14:31:03 +0200] "GET /js/flashdetection.js HTTP/1.1" 200 1059 "http://renault.activities.at/" "Mozilla/5.0 (Windows NT 10.0; Win64; x64) AppleWebKit/537.36 (KHTML, like Gecko) Chrome/92.0.4515.159 Safari/537.36 Edg/92.0.902.84"
82.149.111.160 - - [01/Sep/2021:14:31:04 +0200] "GET /css/print.css HTTP/1.1" 200 543 "http://renault.activities.at/" "Mozilla/5.0 (Windows NT 10.0; Win64; x64) AppleWebKit/537.36 (KHTML, like Gecko) Chrome/92.0.4515.159 Safari/537.36 Edg/92.0.902.84"
82.149.111.160 - - [01/Sep/2021:14:31:04 +0200] "GET /images/main_block_border.gif HTTP/1.1" 200 43 "http://renault.activities.at/css/styles.css" "Mozilla/5.0 (Windows NT 10.0; Win64; x64) AppleWebKit/537.36 (KHTML, like Gecko) Chrome/92.0.4515.159 Safari/537.36 Edg/92.0.902.84"
82.149.111.160 - - [01/Sep/2021:14:31:04 +0200] "GET /images/header_block_border.gif HTTP/1.1" 200 43 "http://renault.activities.at/css/styles.css" "Mozilla/5.0 (Windows NT 10.0; Win64; x64) AppleWebKit/537.36 (KHTML, like Gecko) Chrome/92.0.4515.159 Safari/537.36 Edg/92.0.902.84"
82.149.111.160 - - [01/Sep/2021:14:31:04 +0200] "GET /images/main_block_corner_right_bot.gif HTTP/1.1" 200 158 "http://renault.activities.at/css/styles.css" "Mozilla/5.0 (Windows NT 10.0; Win64; x64) AppleWebKit/537.36 (KHTML, like Gecko) Chrome/92.0.4515.159 Safari/537.36 Edg/92.0.902.84"
82.149.111.160 - - [01/Sep/2021:14:31:04 +0200] "GET /images/main_block_corner_left_bot.gif HTTP/1.1" 200 159 "http://renault.activities.at/css/styles.css" "Mozilla/5.0 (Windows NT 10.0; Win64; x64) AppleWebKit/537.36 (KHTML, like Gecko) Chrome/92.0.4515.159 Safari/537.36 Edg/92.0.902.84"
82.149.111.160 - - [01/Sep/2021:14:31:04 +0200] "GET /images/header_block_corner_left_top.gif HTTP/1.1" 200 160 "http://renault.activities.at/css/styles.css" "Mozilla/5.0 (Windows NT 10.0; Win64; x64) AppleWebKit/537.36 (KHTML, like Gecko) Chrome/92.0.4515.159 Safari/537.36 Edg/92.0.902.84"
82.149.111.160 - - [01/Sep/2021:14:31:04 +0200] "GET /images/header_block_corner_right_top.gif HTTP/1.1" 200 160 "http://renault.activities.at/css/styles.css" "Mozilla/5.0 (Windows NT 10.0; Win64; x64) AppleWebKit/537.36 (KHTML, like Gecko) Chrome/92.0.4515.159 Safari/537.36 Edg/92.0.902.84"
82.149.111.160 - - [01/Sep/2021:14:31:04 +0200] "GET /images/main_block_corner_left_top.gif HTTP/1.1" 200 159 "http://renault.activities.at/css/styles.css" "Mozilla/5.0 (Windows NT 10.0; Win64; x64) AppleWebKit/537.36 (KHTML, like Gecko) Chrome/92.0.4515.159 Safari/537.36 Edg/92.0.902.84"
82.149.111.160 - - [01/Sep/2021:14:31:04 +0200] "GET /images/main_block_corner_right_top.gif HTTP/1.1" 200 159 "http://renault.activities.at/css/styles.css" "Mozilla/5.0 (Windows NT 10.0; Win64; x64) AppleWebKit/537.36 (KHTML, like Gecko) Chrome/92.0.4515.159 Safari/537.36 Edg/92.0.902.84"
82.149.111.160 - - [01/Sep/2021:14:31:04 +0200] "GET /images/title_border.jpg HTTP/1.1" 200 304 "http://renault.activities.at/css/styles.css" "Mozilla/5.0 (Windows NT 10.0; Win64; x64) AppleWebKit/537.36 (KHTML, like Gecko) Chrome/92.0.4515.159 Safari/537.36 Edg/92.0.902.84"
82.149.111.160 - - [01/Sep/2021:14:31:04 +0200] "GET /images/title_border_top.jpg HTTP/1.1" 200 336 "http://renault.activities.at/css/styles.css" "Mozilla/5.0 (Windows NT 10.0; Win64; x64) AppleWebKit/537.36 (KHTML, like Gecko) Chrome/92.0.4515.159 Safari/537.36 Edg/92.0.902.84"
82.149.111.160 - - [01/Sep/2021:14:31:04 +0200] "GET /images/title_corner_right_top.jpg HTTP/1.1" 200 389 "http://renault.activities.at/css/styles.css" "Mozilla/5.0 (Windows NT 10.0; Win64; x64) AppleWebKit/537.36 (KHTML, like Gecko) Chrome/92.0.4515.159 Safari/537.36 Edg/92.0.902.84"
82.149.111.160 - - [01/Sep/2021:14:31:04 +0200] "GET /images/title_corner_left_top.jpg HTTP/1.1" 200 372 "http://renault.activities.at/css/styles.css" "Mozilla/5.0 (Windows NT 10.0; Win64; x64) AppleWebKit/537.36 (KHTML, like Gecko) Chrome/92.0.4515.159 Safari/537.36 Edg/92.0.902.84"
82.149.111.160 - - [01/Sep/2021:14:31:04 +0200] "GET /loadthumbnail.php?id=11127982 HTTP/1.1" 200 399614 "http://renault.activities.at/" "Mozilla/5.0 (Windows NT 10.0; Win64; x64) AppleWebKit/537.36 (KHTML, like Gecko) Chrome/92.0.4515.159 Safari/537.36 Edg/92.0.902.84"
82.149.111.160 - - [01/Sep/2021:14:31:05 +0200] "GET /images/favicon.ico HTTP/1.1" 404 305 "http://renault.activities.at/" "Mozilla/5.0 (Windows NT 10.0; Win64; x64) AppleWebKit/537.36 (KHTML, like Gecko) Chrome/92.0.4515.159 Safari/537.36 Edg/92.0.902.84"
82.149.111.160 - - [01/Sep/2021:14:31:08 +0200] "GET /login HTTP/1.1" 200 2085 "http://renault.activities.at/" "Mozilla/5.0 (Windows NT 10.0; Win64; x64) AppleWebKit/537.36 (KHTML, like Gecko) Chrome/92.0.4515.159 Safari/537.36 Edg/92.0.902.84"
82.149.111.160 - - [01/Sep/2021:14:31:09 +0200] "GET /images/button_left_bg.gif HTTP/1.1" 200 564 "http://renault.activities.at/css/styles.css" "Mozilla/5.0 (Windows NT 10.0; Win64; x64) AppleWebKit/537.36 (KHTML, like Gecko) Chrome/92.0.4515.159 Safari/537.36 Edg/92.0.902.84"
82.149.111.160 - - [01/Sep/2021:14:31:09 +0200] "GET /images/button_right_bg.gif HTTP/1.1" 200 561 "http://renault.activities.at/css/styles.css" "Mozilla/5.0 (Windows NT 10.0; Win64; x64) AppleWebKit/537.36 (KHTML, like Gecko) Chrome/92.0.4515.159 Safari/537.36 Edg/92.0.902.84"
82.149.111.160 - - [01/Sep/2021:14:31:09 +0200] "GET /images/button_bg.gif HTTP/1.1" 200 151 "http://renault.activities.at/css/styles.css" "Mozilla/5.0 (Windows NT 10.0; Win64; x64) AppleWebKit/537.36 (KHTML, like Gecko) Chrome/92.0.4515.159 Safari/537.36 Edg/92.0.902.84"
82.149.111.160 - - [01/Sep/2021:14:31:18 +0200] "POST /login HTTP/1.1" 302 140 "http://renault.activities.at/login" "Mozilla/5.0 (Windows NT 10.0; Win64; x64) AppleWebKit/537.36 (KHTML, like Gecko) Chrome/92.0.4515.159 Safari/537.36 Edg/92.0.902.84"
82.149.111.160 - - [01/Sep/2021:14:31:20 +0200] "GET /account HTTP/1.1" 200 5989 "http://renault.activities.at/login" "Mozilla/5.0 (Windows NT 10.0; Win64; x64) AppleWebKit/537.36 (KHTML, like Gecko) Chrome/92.0.4515.159 Safari/537.36 Edg/92.0.902.84"
82.149.111.160 - - [01/Sep/2021:14:31:22 +0200] "GET /js/account.js HTTP/1.1" 200 953 "http://renault.activities.at/account" "Mozilla/5.0 (Windows NT 10.0; Win64; x64) AppleWebKit/537.36 (KHTML, like Gecko) Chrome/92.0.4515.159 Safari/537.36 Edg/92.0.902.84"
82.149.111.160 - - [01/Sep/2021:14:31:23 +0200] "GET /images/top_links_divider.gif HTTP/1.1" 200 44 "http://renault.activities.at/css/styles.css" "Mozilla/5.0 (Windows NT 10.0; Win64; x64) AppleWebKit/537.36 (KHTML, like Gecko) Chrome/92.0.4515.159 Safari/537.36 Edg/92.0.902.84"
82.149.111.160 - - [01/Sep/2021:14:31:23 +0200] "GET /images/nav_divider.gif HTTP/1.1" 200 43 "http://renault.activities.at/css/styles.css" "Mozilla/5.0 (Windows NT 10.0; Win64; x64) AppleWebKit/537.36 (KHTML, like Gecko) Chrome/92.0.4515.159 Safari/537.36 Edg/92.0.902.84"
82.149.111.160 - - [01/Sep/2021:14:31:23 +0200] "GET /images/menu_button_bg.jpg HTTP/1.1" 200 322 "http://renault.activities.at/css/styles.css" "Mozilla/5.0 (Windows NT 10.0; Win64; x64) AppleWebKit/537.36 (KHTML, like Gecko) Chrome/92.0.4515.159 Safari/537.36 Edg/92.0.902.84"
82.149.111.160 - - [01/Sep/2021:14:31:23 +0200] "GET /images/menu_divider.gif HTTP/1.1" 200 176 "http://renault.activities.at/css/styles.css" "Mozilla/5.0 (Windows NT 10.0; Win64; x64) AppleWebKit/537.36 (KHTML, like Gecko) Chrome/92.0.4515.159 Safari/537.36 Edg/92.0.902.84"
82.149.111.160 - - [01/Sep/2021:14:31:23 +0200] "GET /images/search_bg.gif HTTP/1.1" 200 1726 "http://renault.activities.at/css/styles.css" "Mozilla/5.0 (Windows NT 10.0; Win64; x64) AppleWebKit/537.36 (KHTML, like Gecko) Chrome/92.0.4515.159 Safari/537.36 Edg/92.0.902.84"
82.149.111.160 - - [01/Sep/2021:14:31:23 +0200] "GET /images/sidebar_title_border.gif HTTP/1.1" 200 43 "http://renault.activities.at/css/styles.css" "Mozilla/5.0 (Windows NT 10.0; Win64; x64) AppleWebKit/537.36 (KHTML, like Gecko) Chrome/92.0.4515.159 Safari/537.36 Edg/92.0.902.84"
82.149.111.160 - - [01/Sep/2021:14:31:23 +0200] "GET /images/sidebar_title_border_top.gif HTTP/1.1" 200 155 "http://renault.activities.at/css/styles.css" "Mozilla/5.0 (Windows NT 10.0; Win64; x64) AppleWebKit/537.36 (KHTML, like Gecko) Chrome/92.0.4515.159 Safari/537.36 Edg/92.0.902.84"
82.149.111.160 - - [01/Sep/2021:14:31:23 +0200] "GET /images/sidebar_title_corner_left_top.gif HTTP/1.1" 200 1124 "http://renault.activities.at/css/styles.css" "Mozilla/5.0 (Windows NT 10.0; Win64; x64) AppleWebKit/537.36 (KHTML, like Gecko) Chrome/92.0.4515.159 Safari/537.36 Edg/92.0.902.84"
82.149.111.160 - - [01/Sep/2021:14:31:22 +0200] "GET /loadthumbnail.php?id=12414627&width=50&height=50 HTTP/1.1" 200 1221 "http://renault.activities.at/account" "Mozilla/5.0 (Windows NT 10.0; Win64; x64) AppleWebKit/537.36 (KHTML, like Gecko) Chrome/92.0.4515.159 Safari/537.36 Edg/92.0.902.84"
82.149.111.160 - - [01/Sep/2021:14:31:23 +0200] "GET /images/sidebar_title_corner_right_top.gif HTTP/1.1" 200 383 "http://renault.activities.at/css/styles.css" "Mozilla/5.0 (Windows NT 10.0; Win64; x64) AppleWebKit/537.36 (KHTML, like Gecko) Chrome/92.0.4515.159 Safari/537.36 Edg/92.0.902.84"
82.149.111.160 - - [01/Sep/2021:14:31:23 +0200] "GET /images/footer_divider.gif HTTP/1.1" 200 44 "http://renault.activities.at/css/styles.css" "Mozilla/5.0 (Windows NT 10.0; Win64; x64) AppleWebKit/537.36 (KHTML, like Gecko) Chrome/92.0.4515.159 Safari/537.36 Edg/92.0.902.84"
82.149.111.160 - - [01/Sep/2021:14:31:23 +0200] "GET /loadthumbnail.php?id=12421069&width=50&height=50 HTTP/1.1" 200 1233 "http://renault.activities.at/account" "Mozilla/5.0 (Windows NT 10.0; Win64; x64) AppleWebKit/537.36 (KHTML, like Gecko) Chrome/92.0.4515.159 Safari/537.36 Edg/92.0.902.84"
80.123.221.50 - - [01/Sep/2021:14:31:25 +0200] "GET /reload?ser=1630499536596 HTTP/1.1" 200 28 "http://renault.2web.at/login" "Mozilla/5.0 (Windows NT 6.1; Win64; x64; rv:91.0) Gecko/20100101 Firefox/91.0"
82.149.111.160 - - [01/Sep/2021:14:31:54 +0200] "POST /axjaxrequest?mode=suggest HTTP/1.1" 200 135 "http://renault.activities.at/account" "Mozilla/5.0 (Windows NT 10.0; Win64; x64) AppleWebKit/537.36 (KHTML, like Gecko) Chrome/92.0.4515.159 Safari/537.36 Edg/92.0.902.84"
82.149.111.160 - - [01/Sep/2021:14:31:54 +0200] "GET /result?searchterm=true&search=Duster HTTP/1.1" 200 8022 "http://renault.activities.at/account" "Mozilla/5.0 (Windows NT 10.0; Win64; x64) AppleWebKit/537.36 (KHTML, like Gecko) Chrome/92.0.4515.159 Safari/537.36 Edg/92.0.902.84"
82.149.111.160 - - [01/Sep/2021:14:31:57 +0200] "GET /result?searchterm=true&search=Duster_September HTTP/1.1" 200 5878 "http://renault.activities.at/account" "Mozilla/5.0 (Windows NT 10.0; Win64; x64) AppleWebKit/537.36 (KHTML, like Gecko) Chrome/92.0.4515.159 Safari/537.36 Edg/92.0.902.84"
82.149.111.160 - - [01/Sep/2021:14:31:59 +0200] "GET /js/prototip.js HTTP/1.1" 200 4588 "http://renault.activities.at/result?searchterm=true&search=Duster_September" "Mozilla/5.0 (Windows NT 10.0; Win64; x64) AppleWebKit/537.36 (KHTML, like Gecko) Chrome/92.0.4515.159 Safari/537.36 Edg/92.0.902.84"
82.149.111.160 - - [01/Sep/2021:14:31:59 +0200] "GET /js/ProduktGrp.js HTTP/1.1" 200 1569 "http://renault.activities.at/result?searchterm=true&search=Duster_September" "Mozilla/5.0 (Windows NT 10.0; Win64; x64) AppleWebKit/537.36 (KHTML, like Gecko) Chrome/92.0.4515.159 Safari/537.36 Edg/92.0.902.84"
82.149.111.160 - - [01/Sep/2021:14:31:59 +0200] "GET /images/loading.gif HTTP/1.1" 200 3208 "http://renault.activities.at/result?searchterm=true&search=Duster_September" "Mozilla/5.0 (Windows NT 10.0; Win64; x64) AppleWebKit/537.36 (KHTML, like Gecko) Chrome/92.0.4515.159 Safari/537.36 Edg/92.0.902.84"
82.149.111.160 - - [01/Sep/2021:14:31:59 +0200] "GET /images/vista-up.gif HTTP/1.1" 200 131 "http://renault.activities.at/css/styles.css" "Mozilla/5.0 (Windows NT 10.0; Win64; x64) AppleWebKit/537.36 (KHTML, like Gecko) Chrome/92.0.4515.159 Safari/537.36 Edg/92.0.902.84"
82.149.111.160 - - [01/Sep/2021:14:31:59 +0200] "GET /images/pager_bg.gif HTTP/1.1" 200 150 "http://renault.activities.at/css/styles.css" "Mozilla/5.0 (Windows NT 10.0; Win64; x64) AppleWebKit/537.36 (KHTML, like Gecko) Chrome/92.0.4515.159 Safari/537.36 Edg/92.0.902.84"
82.149.111.160 - - [01/Sep/2021:14:31:59 +0200] "GET /images/vista-dn.gif HTTP/1.1" 200 128 "http://renault.activities.at/css/styles.css" "Mozilla/5.0 (Windows NT 10.0; Win64; x64) AppleWebKit/537.36 (KHTML, like Gecko) Chrome/92.0.4515.159 Safari/537.36 Edg/92.0.902.84"
82.149.111.160 - - [01/Sep/2021:14:31:59 +0200] "GET /loadthumbnail.php?id=10203255 HTTP/1.1" 200 137 "http://renault.activities.at/result?searchterm=true&search=Duster_September" "Mozilla/5.0 (Windows NT 10.0; Win64; x64) AppleWebKit/537.36 (KHTML, like Gecko) Chrome/92.0.4515.159 Safari/537.36 Edg/92.0.902.84"
82.149.111.160 - - [01/Sep/2021:14:31:59 +0200] "GET /loadthumbnail.php?id=12310511&width=113 HTTP/1.1" 200 2831 "http://renault.activities.at/result?searchterm=true&search=Duster_September" "Mozilla/5.0 (Windows NT 10.0; Win64; x64) AppleWebKit/537.36 (KHTML, like Gecko) Chrome/92.0.4515.159 Safari/537.36 Edg/92.0.902.84"
138.21.12.23 - - [01/Sep/2021:14:32:02 +0200] "GET /reload?ser=1630499521665 HTTP/1.1" 200 28 "http://renault.2web.at/account" "Mozilla/5.0 (Windows NT 10.0; Win64; x64) AppleWebKit/537.36 (KHTML, like Gecko) Chrome/92.0.4515.159 Safari/537.36"
82.149.111.160 - - [01/Sep/2021:14:32:05 +0200] "GET /result?searchterm=true&search=Duster HTTP/1.1" 200 8022 "http://renault.activities.at/result?searchterm=true&search=Duster_September" "Mozilla/5.0 (Windows NT 10.0; Win64; x64) AppleWebKit/537.36 (KHTML, like Gecko) Chrome/92.0.4515.159 Safari/537.36 Edg/92.0.902.84"
82.149.111.160 - - [01/Sep/2021:14:32:08 +0200] "GET /loadthumbnail.php?id=12443321&width=113 HTTP/1.1" 200 2262 "http://renault.activities.at/result?searchterm=true&search=Duster" "Mozilla/5.0 (Windows NT 10.0; Win64; x64) AppleWebKit/537.36 (KHTML, like Gecko) Chrome/92.0.4515.159 Safari/537.36 Edg/92.0.902.84"
82.149.111.160 - - [01/Sep/2021:14:32:08 +0200] "GET /loadthumbnail.php?id=12443320&width=113 HTTP/1.1" 200 2262 "http://renault.activities.at/result?searchterm=true&search=Duster" "Mozilla/5.0 (Windows NT 10.0; Win64; x64) AppleWebKit/537.36 (KHTML, like Gecko) Chrome/92.0.4515.159 Safari/537.36 Edg/92.0.902.84"
82.149.111.160 - - [01/Sep/2021:14:32:08 +0200] "GET /loadthumbnail.php?id=12428361&width=113 HTTP/1.1" 200 6467 "http://renault.activities.at/result?searchterm=true&search=Duster" "Mozilla/5.0 (Windows NT 10.0; Win64; x64) AppleWebKit/537.36 (KHTML, like Gecko) Chrome/92.0.4515.159 Safari/537.36 Edg/92.0.902.84"
82.149.111.160 - - [01/Sep/2021:14:32:08 +0200] "GET /loadthumbnail.php?id=12443249&width=113 HTTP/1.1" 200 1992 "http://renault.activities.at/result?searchterm=true&search=Duster" "Mozilla/5.0 (Windows NT 10.0; Win64; x64) AppleWebKit/537.36 (KHTML, like Gecko) Chrome/92.0.4515.159 Safari/537.36 Edg/92.0.902.84"
82.149.111.160 - - [01/Sep/2021:14:32:08 +0200] "GET /loadthumbnail.php?id=12022099&width=113 HTTP/1.1" 200 2908 "http://renault.activities.at/result?searchterm=true&search=Duster" "Mozilla/5.0 (Windows NT 10.0; Win64; x64) AppleWebKit/537.36 (KHTML, like Gecko) Chrome/92.0.4515.159 Safari/537.36 Edg/92.0.902.84"
82.149.111.160 - - [01/Sep/2021:14:32:08 +0200] "GET /loadthumbnail.php?id=12443325&width=113 HTTP/1.1" 200 2262 "http://renault.activities.at/result?searchterm=true&search=Duster" "Mozilla/5.0 (Windows NT 10.0; Win64; x64) AppleWebKit/537.36 (KHTML, like Gecko) Chrome/92.0.4515.159 Safari/537.36 Edg/92.0.902.84"
82.149.111.160 - - [01/Sep/2021:14:32:08 +0200] "GET /loadthumbnail.php?id=10203650&width=113 HTTP/1.1" 200 2741 "http://renault.activities.at/result?searchterm=true&search=Duster" "Mozilla/5.0 (Windows NT 10.0; Win64; x64) AppleWebKit/537.36 (KHTML, like Gecko) Chrome/92.0.4515.159 Safari/537.36 Edg/92.0.902.84"
82.149.111.160 - - [01/Sep/2021:14:32:08 +0200] "GET /loadthumbnail.php?id=11877757&width=113 HTTP/1.1" 200 32396 "http://renault.activities.at/result?searchterm=true&search=Duster" "Mozilla/5.0 (Windows NT 10.0; Win64; x64) AppleWebKit/537.36 (KHTML, like Gecko) Chrome/92.0.4515.159 Safari/537.36 Edg/92.0.902.84"
82.149.111.160 - - [01/Sep/2021:14:32:08 +0200] "GET /loadthumbnail.php?id=11715009&width=113 HTTP/1.1" 200 22295 "http://renault.activities.at/result?searchterm=true&search=Duster" "Mozilla/5.0 (Windows NT 10.0; Win64; x64) AppleWebKit/537.36 (KHTML, like Gecko) Chrome/92.0.4515.159 Safari/537.36 Edg/92.0.902.84"
82.149.111.160 - - [01/Sep/2021:14:32:08 +0200] "GET /loadthumbnail.php?id=12237270&width=113 HTTP/1.1" 200 2874 "http://renault.activities.at/result?searchterm=true&search=Duster" "Mozilla/5.0 (Windows NT 10.0; Win64; x64) AppleWebKit/537.36 (KHTML, like Gecko) Chrome/92.0.4515.159 Safari/537.36 Edg/92.0.902.84"
82.149.111.160 - - [01/Sep/2021:14:32:05 +0200] "POST /axjaxrequest?mode=suggest HTTP/1.1" 200 135 "http://renault.activities.at/result?searchterm=true&search=Duster_September" "Mozilla/5.0 (Windows NT 10.0; Win64; x64) AppleWebKit/537.36 (KHTML, like Gecko) Chrome/92.0.4515.159 Safari/537.36 Edg/92.0.902.84"
34.207.200.46 - - [01/Sep/2021:14:32:19 +0200] "GET / HTTP/1.1" 200 12017 "-" "Mozilla/5.0 (Windows NT 6.1; Win64; x64) AppleWebKit/537.36 (KHTML, like Gecko) Chrome/72.0.3626.109 Safari/537.36"
80.123.221.50 - - [01/Sep/2021:14:32:25 +0200] "GET /reload?ser=1630499597214 HTTP/1.1" 200 28 "http://renault.2web.at/login" "Mozilla/5.0 (Windows NT 6.1; Win64; x64; rv:91.0) Gecko/20100101 Firefox/91.0"
82.149.111.160 - - [01/Sep/2021:14:32:43 +0200] "POST /axjaxrequest?mode=suggest HTTP/1.1" 200 134 "http://renault.activities.at/result?searchterm=true&search=Duster" "Mozilla/5.0 (Windows NT 10.0; Win64; x64) AppleWebKit/537.36 (KHTML, like Gecko) Chrome/92.0.4515.159 Safari/537.36 Edg/92.0.902.84"
82.149.111.160 - - [01/Sep/2021:14:32:43 +0200] "GET /result?searchterm=true&search=Clio HTTP/1.1" 200 8376 "http://renault.activities.at/result?searchterm=true&search=Duster" "Mozilla/5.0 (Windows NT 10.0; Win64; x64) AppleWebKit/537.36 (KHTML, like Gecko) Chrome/92.0.4515.159 Safari/537.36 Edg/92.0.902.84"
82.149.111.160 - - [01/Sep/2021:14:32:47 +0200] "GET /loadthumbnail.php?id=11181187&width=113 HTTP/1.1" 200 1532 "http://renault.activities.at/result?searchterm=true&search=Clio" "Mozilla/5.0 (Windows NT 10.0; Win64; x64) AppleWebKit/537.36 (KHTML, like Gecko) Chrome/92.0.4515.159 Safari/537.36 Edg/92.0.902.84"
82.149.111.160 - - [01/Sep/2021:14:32:47 +0200] "GET /loadthumbnail.php?id=10203276 HTTP/1.1" 200 75 "http://renault.activities.at/result?searchterm=true&search=Clio" "Mozilla/5.0 (Windows NT 10.0; Win64; x64) AppleWebKit/537.36 (KHTML, like Gecko) Chrome/92.0.4515.159 Safari/537.36 Edg/92.0.902.84"
82.149.111.160 - - [01/Sep/2021:14:32:47 +0200] "GET /loadthumbnail.php?id=11181185&width=113 HTTP/1.1" 200 1532 "http://renault.activities.at/result?searchterm=true&search=Clio" "Mozilla/5.0 (Windows NT 10.0; Win64; x64) AppleWebKit/537.36 (KHTML, like Gecko) Chrome/92.0.4515.159 Safari/537.36 Edg/92.0.902.84"
82.149.111.160 - - [01/Sep/2021:14:32:47 +0200] "GET /loadthumbnail.php?id=11181180&width=113 HTTP/1.1" 200 1834 "http://renault.activities.at/result?searchterm=true&search=Clio" "Mozilla/5.0 (Windows NT 10.0; Win64; x64) AppleWebKit/537.36 (KHTML, like Gecko) Chrome/92.0.4515.159 Safari/537.36 Edg/92.0.902.84"
82.149.111.160 - - [01/Sep/2021:14:32:47 +0200] "GET /loadthumbnail.php?id=12385967&width=113 HTTP/1.1" 200 3114 "http://renault.activities.at/result?searchterm=true&search=Clio" "Mozilla/5.0 (Windows NT 10.0; Win64; x64) AppleWebKit/537.36 (KHTML, like Gecko) Chrome/92.0.4515.159 Safari/537.36 Edg/92.0.902.84"
82.149.111.160 - - [01/Sep/2021:14:32:47 +0200] "GET /loadthumbnail.php?id=12428324&width=113 HTTP/1.1" 200 6000 "http://renault.activities.at/result?searchterm=true&search=Clio" "Mozilla/5.0 (Windows NT 10.0; Win64; x64) AppleWebKit/537.36 (KHTML, like Gecko) Chrome/92.0.4515.159 Safari/537.36 Edg/92.0.902.84"
82.149.111.160 - - [01/Sep/2021:14:32:47 +0200] "GET /loadthumbnail.php?id=11181178&width=113 HTTP/1.1" 200 1834 "http://renault.activities.at/result?searchterm=true&search=Clio" "Mozilla/5.0 (Windows NT 10.0; Win64; x64) AppleWebKit/537.36 (KHTML, like Gecko) Chrome/92.0.4515.159 Safari/537.36 Edg/92.0.902.84"
82.149.111.160 - - [01/Sep/2021:14:32:47 +0200] "GET /loadthumbnail.php?id=12094698&width=113 HTTP/1.1" 200 1921 "http://renault.activities.at/result?searchterm=true&search=Clio" "Mozilla/5.0 (Windows NT 10.0; Win64; x64) AppleWebKit/537.36 (KHTML, like Gecko) Chrome/92.0.4515.159 Safari/537.36 Edg/92.0.902.84"
82.149.111.160 - - [01/Sep/2021:14:32:47 +0200] "GET /loadthumbnail.php?id=12094699&width=113 HTTP/1.1" 200 1921 "http://renault.activities.at/result?searchterm=true&search=Clio" "Mozilla/5.0 (Windows NT 10.0; Win64; x64) AppleWebKit/537.36 (KHTML, like Gecko) Chrome/92.0.4515.159 Safari/537.36 Edg/92.0.902.84"
82.149.111.160 - - [01/Sep/2021:14:32:47 +0200] "GET /loadthumbnail.php?id=11181219&width=113 HTTP/1.1" 200 2121 "http://renault.activities.at/result?searchterm=true&search=Clio" "Mozilla/5.0 (Windows NT 10.0; Win64; x64) AppleWebKit/537.36 (KHTML, like Gecko) Chrome/92.0.4515.159 Safari/537.36 Edg/92.0.902.84"
82.149.111.160 - - [01/Sep/2021:14:32:47 +0200] "GET /loadthumbnail.php?id=11181213&width=113 HTTP/1.1" 200 2121 "http://renault.activities.at/result?searchterm=true&search=Clio" "Mozilla/5.0 (Windows NT 10.0; Win64; x64) AppleWebKit/537.36 (KHTML, like Gecko) Chrome/92.0.4515.159 Safari/537.36 Edg/92.0.902.84"
82.149.111.160 - - [01/Sep/2021:14:32:47 +0200] "GET /loadthumbnail.php?id=11181166&width=113 HTTP/1.1" 200 847 "http://renault.activities.at/result?searchterm=true&search=Clio" "Mozilla/5.0 (Windows NT 10.0; Win64; x64) AppleWebKit/537.36 (KHTML, like Gecko) Chrome/92.0.4515.159 Safari/537.36 Edg/92.0.902.84"
82.149.111.160 - - [01/Sep/2021:14:32:47 +0200] "GET /loadthumbnail.php?id=11181172&width=113 HTTP/1.1" 200 1576 "http://renault.activities.at/result?searchterm=true&search=Clio" "Mozilla/5.0 (Windows NT 10.0; Win64; x64) AppleWebKit/537.36 (KHTML, like Gecko) Chrome/92.0.4515.159 Safari/537.36 Edg/92.0.902.84"
82.149.111.160 - - [01/Sep/2021:14:32:47 +0200] "GET /loadthumbnail.php?id=11181170&width=113 HTTP/1.1" 200 1576 "http://renault.activities.at/result?searchterm=true&search=Clio" "Mozilla/5.0 (Windows NT 10.0; Win64; x64) AppleWebKit/537.36 (KHTML, like Gecko) Chrome/92.0.4515.159 Safari/537.36 Edg/92.0.902.84"
138.21.12.23 - - [01/Sep/2021:14:33:04 +0200] "GET /reload?ser=1630499583669 HTTP/1.1" 200 28 "http://renault.2web.at/account" "Mozilla/5.0 (Windows NT 10.0; Win64; x64) AppleWebKit/537.36 (KHTML, like Gecko) Chrome/92.0.4515.159 Safari/537.36"
80.123.221.50 - - [01/Sep/2021:14:33:26 +0200] "GET /reload?ser=1630499657837 HTTP/1.1" 200 28 "http://renault.2web.at/login" "Mozilla/5.0 (Windows NT 6.1; Win64; x64; rv:91.0) Gecko/20100101 Firefox/91.0"
82.149.111.160 - - [01/Sep/2021:14:33:48 +0200] "GET /reload?ser=1630499628111 HTTP/1.1" 200 28 "http://renault.activities.at/result?searchterm=true&search=Clio" "Mozilla/5.0 (Windows NT 10.0; Win64; x64) AppleWebKit/537.36 (KHTML, like Gecko) Chrome/92.0.4515.159 Safari/537.36 Edg/92.0.902.84"
138.21.12.23 - - [01/Sep/2021:14:34:06 +0200] "GET /reload?ser=1630499645672 HTTP/1.1" 200 28 "http://renault.2web.at/account" "Mozilla/5.0 (Windows NT 10.0; Win64; x64) AppleWebKit/537.36 (KHTML, like Gecko) Chrome/92.0.4515.159 Safari/537.36"
80.123.221.50 - - [01/Sep/2021:14:34:27 +0200] "GET /reload?ser=1630499718467 HTTP/1.1" 200 28 "http://renault.2web.at/login" "Mozilla/5.0 (Windows NT 6.1; Win64; x64; rv:91.0) Gecko/20100101 Firefox/91.0"
82.149.111.160 - - [01/Sep/2021:14:34:49 +0200] "GET /reload?ser=1630499689390 HTTP/1.1" 200 28 "http://renault.activities.at/result?searchterm=true&search=Clio" "Mozilla/5.0 (Windows NT 10.0; Win64; x64) AppleWebKit/537.36 (KHTML, like Gecko) Chrome/92.0.4515.159 Safari/537.36 Edg/92.0.902.84"
138.21.12.23 - - [01/Sep/2021:14:35:08 +0200] "GET /reload?ser=1630499707667 HTTP/1.1" 200 28 "http://renault.2web.at/account" "Mozilla/5.0 (Windows NT 10.0; Win64; x64) AppleWebKit/537.36 (KHTML, like Gecko) Chrome/92.0.4515.159 Safari/537.36"
80.123.221.50 - - [01/Sep/2021:14:35:27 +0200] "GET /reload?ser=1630499779095 HTTP/1.1" 200 28 "http://renault.2web.at/login" "Mozilla/5.0 (Windows NT 6.1; Win64; x64; rv:91.0) Gecko/20100101 Firefox/91.0"
82.149.111.160 - - [01/Sep/2021:14:35:50 +0200] "GET /reload?ser=1630499750425 HTTP/1.1" 200 28 "http://renault.activities.at/result?searchterm=true&search=Clio" "Mozilla/5.0 (Windows NT 10.0; Win64; x64) AppleWebKit/537.36 (KHTML, like Gecko) Chrome/92.0.4515.159 Safari/537.36 Edg/92.0.902.84"
138.21.12.23 - - [01/Sep/2021:14:36:10 +0200] "GET /reload?ser=1630499769668 HTTP/1.1" 200 28 "http://renault.2web.at/account" "Mozilla/5.0 (Windows NT 10.0; Win64; x64) AppleWebKit/537.36 (KHTML, like Gecko) Chrome/92.0.4515.159 Safari/537.36"
80.123.221.50 - - [01/Sep/2021:14:36:28 +0200] "GET /reload?ser=1630499839720 HTTP/1.1" 200 28 "http://renault.2web.at/login" "Mozilla/5.0 (Windows NT 6.1; Win64; x64; rv:91.0) Gecko/20100101 Firefox/91.0"
82.149.111.160 - - [01/Sep/2021:14:36:51 +0200] "GET /reload?ser=1630499811471 HTTP/1.1" 200 28 "http://renault.activities.at/result?searchterm=true&search=Clio" "Mozilla/5.0 (Windows NT 10.0; Win64; x64) AppleWebKit/537.36 (KHTML, like Gecko) Chrome/92.0.4515.159 Safari/537.36 Edg/92.0.902.84"
138.21.12.23 - - [01/Sep/2021:14:37:12 +0200] "GET /reload?ser=1630499831671 HTTP/1.1" 200 28 "http://renault.2web.at/account" "Mozilla/5.0 (Windows NT 10.0; Win64; x64) AppleWebKit/537.36 (KHTML, like Gecko) Chrome/92.0.4515.159 Safari/537.36"
80.123.221.50 - - [01/Sep/2021:14:37:28 +0200] "GET /reload?ser=1630499900348 HTTP/1.1" 200 28 "http://renault.2web.at/login" "Mozilla/5.0 (Windows NT 6.1; Win64; x64; rv:91.0) Gecko/20100101 Firefox/91.0"
82.149.111.160 - - [01/Sep/2021:14:37:53 +0200] "GET /reload?ser=1630499872861 HTTP/1.1" 200 28 "http://renault.activities.at/result?searchterm=true&search=Clio" "Mozilla/5.0 (Windows NT 10.0; Win64; x64) AppleWebKit/537.36 (KHTML, like Gecko) Chrome/92.0.4515.159 Safari/537.36 Edg/92.0.902.84"
138.21.12.23 - - [01/Sep/2021:14:38:14 +0200] "GET /reload?ser=1630499893669 HTTP/1.1" 200 28 "http://renault.2web.at/account" "Mozilla/5.0 (Windows NT 10.0; Win64; x64) AppleWebKit/537.36 (KHTML, like Gecko) Chrome/92.0.4515.159 Safari/537.36"
80.123.221.50 - - [01/Sep/2021:14:38:29 +0200] "GET /reload?ser=1630499960969 HTTP/1.1" 200 28 "http://renault.2web.at/login" "Mozilla/5.0 (Windows NT 6.1; Win64; x64; rv:91.0) Gecko/20100101 Firefox/91.0"
82.149.111.160 - - [01/Sep/2021:14:38:54 +0200] "GET /reload?ser=1630499934679 HTTP/1.1" 200 28 "http://renault.activities.at/result?searchterm=true&search=Clio" "Mozilla/5.0 (Windows NT 10.0; Win64; x64) AppleWebKit/537.36 (KHTML, like Gecko) Chrome/92.0.4515.159 Safari/537.36 Edg/92.0.902.84"
138.21.12.23 - - [01/Sep/2021:14:39:16 +0200] "GET /reload?ser=1630499955669 HTTP/1.1" 200 28 "http://renault.2web.at/account" "Mozilla/5.0 (Windows NT 10.0; Win64; x64) AppleWebKit/537.36 (KHTML, like Gecko) Chrome/92.0.4515.159 Safari/537.36"
80.123.221.50 - - [01/Sep/2021:14:39:30 +0200] "GET /reload?ser=1630500021605 HTTP/1.1" 200 28 "http://renault.2web.at/login" "Mozilla/5.0 (Windows NT 6.1; Win64; x64; rv:91.0) Gecko/20100101 Firefox/91.0"
82.149.111.160 - - [01/Sep/2021:14:39:57 +0200] "GET /reload?ser=1630499996685 HTTP/1.1" 200 28 "http://renault.activities.at/result?searchterm=true&search=Clio" "Mozilla/5.0 (Windows NT 10.0; Win64; x64) AppleWebKit/537.36 (KHTML, like Gecko) Chrome/92.0.4515.159 Safari/537.36 Edg/92.0.902.84"
138.21.12.23 - - [01/Sep/2021:14:40:18 +0200] "GET /reload?ser=1630500017670 HTTP/1.1" 200 28 "http://renault.2web.at/account" "Mozilla/5.0 (Windows NT 10.0; Win64; x64) AppleWebKit/537.36 (KHTML, like Gecko) Chrome/92.0.4515.159 Safari/537.36"
