138.21.12.23 - - [02/Sep/2021:13:58:57 +0200] "GET /reload?ser=1630583937528 HTTP/1.1" 200 28 "http://renault.activities.at/" "Mozilla/5.0 (Windows NT 10.0; Win64; x64) AppleWebKit/537.36 (KHTML, like Gecko) Chrome/91.0.4472.124 Safari/537.36"
138.21.12.24 - - [02/Sep/2021:13:59:37 +0200] "GET /reload?ser=1630583977561 HTTP/1.1" 200 28 "http://renault.2web.at/account" "Mozilla/5.0 (Windows NT 10.0; Win64; x64) AppleWebKit/537.36 (KHTML, like Gecko) Chrome/93.0.4577.63 Safari/537.36"
194.118.189.54 - - [02/Sep/2021:13:59:55 +0200] "GET /reload?ser=1630583995916 HTTP/1.1" 200 28 "http://renault.activities.at/12438662" "Mozilla/5.0 (Windows NT 10.0; Win64; x64) AppleWebKit/537.36 (KHTML, like Gecko) Chrome/92.0.4515.159 Safari/537.36"
138.21.12.23 - - [02/Sep/2021:13:59:58 +0200] "GET /reload?ser=1630583998538 HTTP/1.1" 200 28 "http://renault.activities.at/" "Mozilla/5.0 (Windows NT 10.0; Win64; x64) AppleWebKit/537.36 (KHTML, like Gecko) Chrome/91.0.4472.124 Safari/537.36"
138.21.12.24 - - [02/Sep/2021:14:00:39 +0200] "GET /reload?ser=1630584039567 HTTP/1.1" 200 28 "http://renault.2web.at/account" "Mozilla/5.0 (Windows NT 10.0; Win64; x64) AppleWebKit/537.36 (KHTML, like Gecko) Chrome/93.0.4577.63 Safari/537.36"
194.118.189.54 - - [02/Sep/2021:14:00:56 +0200] "GET /reload?ser=1630584056915 HTTP/1.1" 200 28 "http://renault.activities.at/12438662" "Mozilla/5.0 (Windows NT 10.0; Win64; x64) AppleWebKit/537.36 (KHTML, like Gecko) Chrome/92.0.4515.159 Safari/537.36"
138.21.12.23 - - [02/Sep/2021:14:00:59 +0200] "GET /reload?ser=1630584059536 HTTP/1.1" 200 28 "http://renault.activities.at/" "Mozilla/5.0 (Windows NT 10.0; Win64; x64) AppleWebKit/537.36 (KHTML, like Gecko) Chrome/91.0.4472.124 Safari/537.36"
138.21.12.24 - - [02/Sep/2021:14:01:41 +0200] "GET /reload?ser=1630584101572 HTTP/1.1" 200 28 "http://renault.2web.at/account" "Mozilla/5.0 (Windows NT 10.0; Win64; x64) AppleWebKit/537.36 (KHTML, like Gecko) Chrome/93.0.4577.63 Safari/537.36"
194.118.189.54 - - [02/Sep/2021:14:01:57 +0200] "GET /reload?ser=1630584117924 HTTP/1.1" 200 28 "http://renault.activities.at/12438662" "Mozilla/5.0 (Windows NT 10.0; Win64; x64) AppleWebKit/537.36 (KHTML, like Gecko) Chrome/92.0.4515.159 Safari/537.36"
138.21.12.23 - - [02/Sep/2021:14:02:00 +0200] "GET /reload?ser=1630584120535 HTTP/1.1" 200 28 "http://renault.activities.at/" "Mozilla/5.0 (Windows NT 10.0; Win64; x64) AppleWebKit/537.36 (KHTML, like Gecko) Chrome/91.0.4472.124 Safari/537.36"
138.21.12.24 - - [02/Sep/2021:14:02:43 +0200] "GET /reload?ser=1630584163576 HTTP/1.1" 200 28 "http://renault.2web.at/account" "Mozilla/5.0 (Windows NT 10.0; Win64; x64) AppleWebKit/537.36 (KHTML, like Gecko) Chrome/93.0.4577.63 Safari/537.36"
194.118.189.54 - - [02/Sep/2021:14:02:58 +0200] "GET /reload?ser=1630584178914 HTTP/1.1" 200 28 "http://renault.activities.at/12438662" "Mozilla/5.0 (Windows NT 10.0; Win64; x64) AppleWebKit/537.36 (KHTML, like Gecko) Chrome/92.0.4515.159 Safari/537.36"
138.21.12.23 - - [02/Sep/2021:14:03:01 +0200] "GET /reload?ser=1630584181532 HTTP/1.1" 200 28 "http://renault.activities.at/" "Mozilla/5.0 (Windows NT 10.0; Win64; x64) AppleWebKit/537.36 (KHTML, like Gecko) Chrome/91.0.4472.124 Safari/537.36"
138.21.12.24 - - [02/Sep/2021:14:03:31 +0200] "GET /result?searchterm=true&search=arkana HTTP/1.1" 200 10252 "http://renault.2web.at/account" "Mozilla/5.0 (Windows NT 10.0; Win64; x64) AppleWebKit/537.36 (KHTML, like Gecko) Chrome/93.0.4577.63 Safari/537.36"
138.21.12.24 - - [02/Sep/2021:14:03:34 +0200] "GET /js/prototip.js HTTP/1.1" 200 4588 "http://renault.2web.at/result?searchterm=true&search=arkana" "Mozilla/5.0 (Windows NT 10.0; Win64; x64) AppleWebKit/537.36 (KHTML, like Gecko) Chrome/93.0.4577.63 Safari/537.36"
138.21.12.24 - - [02/Sep/2021:14:03:34 +0200] "GET /js/ProduktGrp.js HTTP/1.1" 200 1569 "http://renault.2web.at/result?searchterm=true&search=arkana" "Mozilla/5.0 (Windows NT 10.0; Win64; x64) AppleWebKit/537.36 (KHTML, like Gecko) Chrome/93.0.4577.63 Safari/537.36"
138.21.12.24 - - [02/Sep/2021:14:03:35 +0200] "GET /images/loading.gif HTTP/1.1" 200 3208 "http://renault.2web.at/result?searchterm=true&search=arkana" "Mozilla/5.0 (Windows NT 10.0; Win64; x64) AppleWebKit/537.36 (KHTML, like Gecko) Chrome/93.0.4577.63 Safari/537.36"
138.21.12.24 - - [02/Sep/2021:14:03:35 +0200] "GET /loadthumbnail.php?id=10203255 HTTP/1.1" 200 137 "http://renault.2web.at/result?searchterm=true&search=arkana" "Mozilla/5.0 (Windows NT 10.0; Win64; x64) AppleWebKit/537.36 (KHTML, like Gecko) Chrome/93.0.4577.63 Safari/537.36"
138.21.12.24 - - [02/Sep/2021:14:03:35 +0200] "GET /loadthumbnail.php?id=12428314&width=113 HTTP/1.1" 200 5819 "http://renault.2web.at/result?searchterm=true&search=arkana" "Mozilla/5.0 (Windows NT 10.0; Win64; x64) AppleWebKit/537.36 (KHTML, like Gecko) Chrome/93.0.4577.63 Safari/537.36"
138.21.12.24 - - [02/Sep/2021:14:03:35 +0200] "GET /loadthumbnail.php?id=12421074&width=113 HTTP/1.1" 200 1888 "http://renault.2web.at/result?searchterm=true&search=arkana" "Mozilla/5.0 (Windows NT 10.0; Win64; x64) AppleWebKit/537.36 (KHTML, like Gecko) Chrome/93.0.4577.63 Safari/537.36"
138.21.12.24 - - [02/Sep/2021:14:03:35 +0200] "GET /loadthumbnail.php?id=12421078&width=113 HTTP/1.1" 200 1888 "http://renault.2web.at/result?searchterm=true&search=arkana" "Mozilla/5.0 (Windows NT 10.0; Win64; x64) AppleWebKit/537.36 (KHTML, like Gecko) Chrome/93.0.4577.63 Safari/537.36"
138.21.12.24 - - [02/Sep/2021:14:03:35 +0200] "GET /loadthumbnail.php?id=12421086&width=113 HTTP/1.1" 200 1910 "http://renault.2web.at/result?searchterm=true&search=arkana" "Mozilla/5.0 (Windows NT 10.0; Win64; x64) AppleWebKit/537.36 (KHTML, like Gecko) Chrome/93.0.4577.63 Safari/537.36"
138.21.12.24 - - [02/Sep/2021:14:03:35 +0200] "GET /images/vista-up.gif HTTP/1.1" 200 131 "http://renault.2web.at/css/styles.css" "Mozilla/5.0 (Windows NT 10.0; Win64; x64) AppleWebKit/537.36 (KHTML, like Gecko) Chrome/93.0.4577.63 Safari/537.36"
138.21.12.24 - - [02/Sep/2021:14:03:35 +0200] "GET /images/pager_bg.gif HTTP/1.1" 200 150 "http://renault.2web.at/css/styles.css" "Mozilla/5.0 (Windows NT 10.0; Win64; x64) AppleWebKit/537.36 (KHTML, like Gecko) Chrome/93.0.4577.63 Safari/537.36"
138.21.12.24 - - [02/Sep/2021:14:03:35 +0200] "GET /images/vista-dn.gif HTTP/1.1" 200 128 "http://renault.2web.at/css/styles.css" "Mozilla/5.0 (Windows NT 10.0; Win64; x64) AppleWebKit/537.36 (KHTML, like Gecko) Chrome/93.0.4577.63 Safari/537.36"
138.21.12.24 - - [02/Sep/2021:14:03:35 +0200] "GET /loadthumbnail.php?id=12421082&width=113 HTTP/1.1" 200 1910 "http://renault.2web.at/result?searchterm=true&search=arkana" "Mozilla/5.0 (Windows NT 10.0; Win64; x64) AppleWebKit/537.36 (KHTML, like Gecko) Chrome/93.0.4577.63 Safari/537.36"
138.21.12.24 - - [02/Sep/2021:14:03:35 +0200] "GET /loadthumbnail.php?id=12358950&width=113 HTTP/1.1" 200 1680 "http://renault.2web.at/result?searchterm=true&search=arkana" "Mozilla/5.0 (Windows NT 10.0; Win64; x64) AppleWebKit/537.36 (KHTML, like Gecko) Chrome/93.0.4577.63 Safari/537.36"
138.21.12.24 - - [02/Sep/2021:14:03:35 +0200] "GET /loadthumbnail.php?id=12358949&width=113 HTTP/1.1" 200 2061 "http://renault.2web.at/result?searchterm=true&search=arkana" "Mozilla/5.0 (Windows NT 10.0; Win64; x64) AppleWebKit/537.36 (KHTML, like Gecko) Chrome/93.0.4577.63 Safari/537.36"
138.21.12.24 - - [02/Sep/2021:14:03:35 +0200] "GET /loadthumbnail.php?id=10203650&width=113 HTTP/1.1" 200 2741 "http://renault.2web.at/result?searchterm=true&search=arkana" "Mozilla/5.0 (Windows NT 10.0; Win64; x64) AppleWebKit/537.36 (KHTML, like Gecko) Chrome/93.0.4577.63 Safari/537.36"
138.21.12.24 - - [02/Sep/2021:14:03:35 +0200] "GET /loadthumbnail.php?id=12414627&width=113 HTTP/1.1" 200 3273 "http://renault.2web.at/result?searchterm=true&search=arkana" "Mozilla/5.0 (Windows NT 10.0; Win64; x64) AppleWebKit/537.36 (KHTML, like Gecko) Chrome/93.0.4577.63 Safari/537.36"
138.21.12.24 - - [02/Sep/2021:14:03:31 +0200] "POST /axjaxrequest?mode=suggest HTTP/1.1" 200 112 "http://renault.2web.at/account" "Mozilla/5.0 (Windows NT 10.0; Win64; x64) AppleWebKit/537.36 (KHTML, like Gecko) Chrome/93.0.4577.63 Safari/537.36"
138.21.12.24 - - [02/Sep/2021:14:03:39 +0200] "GET /css/themes/alphacube/bottom_middle.gif HTTP/1.1" 200 44 "http://renault.2web.at/css/themes/alphacube.css" "Mozilla/5.0 (Windows NT 10.0; Win64; x64) AppleWebKit/537.36 (KHTML, like Gecko) Chrome/93.0.4577.63 Safari/537.36"
138.21.12.24 - - [02/Sep/2021:14:03:39 +0200] "GET /css/themes/alphacube/top_mid.gif HTTP/1.1" 200 833 "http://renault.2web.at/css/themes/alphacube.css" "Mozilla/5.0 (Windows NT 10.0; Win64; x64) AppleWebKit/537.36 (KHTML, like Gecko) Chrome/93.0.4577.63 Safari/537.36"
138.21.12.24 - - [02/Sep/2021:14:03:39 +0200] "GET /css/themes/alphacube/frame_right.gif HTTP/1.1" 200 64 "http://renault.2web.at/css/themes/alphacube.css" "Mozilla/5.0 (Windows NT 10.0; Win64; x64) AppleWebKit/537.36 (KHTML, like Gecko) Chrome/93.0.4577.63 Safari/537.36"
138.21.12.24 - - [02/Sep/2021:14:03:39 +0200] "GET /css/themes/alphacube/frame_left.gif HTTP/1.1" 200 64 "http://renault.2web.at/css/themes/alphacube.css" "Mozilla/5.0 (Windows NT 10.0; Win64; x64) AppleWebKit/537.36 (KHTML, like Gecko) Chrome/93.0.4577.63 Safari/537.36"
138.21.12.24 - - [02/Sep/2021:14:03:39 +0200] "GET /css/themes/alphacube/button-close-focus.gif HTTP/1.1" 200 699 "http://renault.2web.at/css/themes/alphacube.css" "Mozilla/5.0 (Windows NT 10.0; Win64; x64) AppleWebKit/537.36 (KHTML, like Gecko) Chrome/93.0.4577.63 Safari/537.36"
138.21.12.24 - - [02/Sep/2021:14:03:39 +0200] "GET /css/themes/alphacube/top_right.gif HTTP/1.1" 200 972 "http://renault.2web.at/css/themes/alphacube.css" "Mozilla/5.0 (Windows NT 10.0; Win64; x64) AppleWebKit/537.36 (KHTML, like Gecko) Chrome/93.0.4577.63 Safari/537.36"
138.21.12.24 - - [02/Sep/2021:14:03:39 +0200] "GET /css/themes/alphacube/bottom_left-c.gif HTTP/1.1" 200 62 "http://renault.2web.at/css/themes/alphacube.css" "Mozilla/5.0 (Windows NT 10.0; Win64; x64) AppleWebKit/537.36 (KHTML, like Gecko) Chrome/93.0.4577.63 Safari/537.36"
138.21.12.24 - - [02/Sep/2021:14:03:39 +0200] "GET /css/themes/alphacube/bottom_right-c.gif HTTP/1.1" 200 62 "http://renault.2web.at/css/themes/alphacube.css" "Mozilla/5.0 (Windows NT 10.0; Win64; x64) AppleWebKit/537.36 (KHTML, like Gecko) Chrome/93.0.4577.63 Safari/537.36"
138.21.12.24 - - [02/Sep/2021:14:03:39 +0200] "GET /css/themes/alphacube/top_left.gif HTTP/1.1" 200 973 "http://renault.2web.at/css/themes/alphacube.css" "Mozilla/5.0 (Windows NT 10.0; Win64; x64) AppleWebKit/537.36 (KHTML, like Gecko) Chrome/93.0.4577.63 Safari/537.36"
138.21.12.24 - - [02/Sep/2021:14:03:39 +0200] "GET /12400627?print=true HTTP/1.1" 200 2681 "http://renault.2web.at/result?searchterm=true&search=arkana" "Mozilla/5.0 (Windows NT 10.0; Win64; x64) AppleWebKit/537.36 (KHTML, like Gecko) Chrome/93.0.4577.63 Safari/537.36"
138.21.12.24 - - [02/Sep/2021:14:03:42 +0200] "GET /js/magiczoom/magiczoom.css HTTP/1.1" 200 1210 "http://renault.2web.at/12400627?print=true" "Mozilla/5.0 (Windows NT 10.0; Win64; x64) AppleWebKit/537.36 (KHTML, like Gecko) Chrome/93.0.4577.63 Safari/537.36"
138.21.12.24 - - [02/Sep/2021:14:03:42 +0200] "GET /js/magiczoom/magiczoom.js HTTP/1.1" 200 26397 "http://renault.2web.at/12400627?print=true" "Mozilla/5.0 (Windows NT 10.0; Win64; x64) AppleWebKit/537.36 (KHTML, like Gecko) Chrome/93.0.4577.63 Safari/537.36"
138.21.12.24 - - [02/Sep/2021:14:03:42 +0200] "GET /js/Produkt.js HTTP/1.1" 200 852 "http://renault.2web.at/12400627?print=true" "Mozilla/5.0 (Windows NT 10.0; Win64; x64) AppleWebKit/537.36 (KHTML, like Gecko) Chrome/93.0.4577.63 Safari/537.36"
138.21.12.24 - - [02/Sep/2021:14:03:42 +0200] "GET /loadthumbnail.php?id=12414627&width=250 HTTP/1.1" 200 11344 "http://renault.2web.at/12400627?print=true" "Mozilla/5.0 (Windows NT 10.0; Win64; x64) AppleWebKit/537.36 (KHTML, like Gecko) Chrome/93.0.4577.63 Safari/537.36"
138.21.12.24 - - [02/Sep/2021:14:03:42 +0200] "GET /loadthumbnail.php?id=12414627&width=900&height=900 HTTP/1.1" 200 90523 "http://renault.2web.at/12400627?print=true" "Mozilla/5.0 (Windows NT 10.0; Win64; x64) AppleWebKit/537.36 (KHTML, like Gecko) Chrome/93.0.4577.63 Safari/537.36"
138.21.12.24 - - [02/Sep/2021:14:03:43 +0200] "GET /js/magiczoom/graphics/hint.gif HTTP/1.1" 200 73 "http://renault.2web.at/js/magiczoom/magiczoom.css" "Mozilla/5.0 (Windows NT 10.0; Win64; x64) AppleWebKit/537.36 (KHTML, like Gecko) Chrome/93.0.4577.63 Safari/537.36"
138.21.12.24 - - [02/Sep/2021:14:03:45 +0200] "GET /js/magiczoom/graphics/zoomin.cur HTTP/1.1" 200 326 "http://renault.2web.at/js/magiczoom/magiczoom.css" "Mozilla/5.0 (Windows NT 10.0; Win64; x64) AppleWebKit/537.36 (KHTML, like Gecko) Chrome/93.0.4577.63 Safari/537.36"
194.118.189.54 - - [02/Sep/2021:14:03:59 +0200] "GET /reload?ser=1630584239914 HTTP/1.1" 200 28 "http://renault.activities.at/12438662" "Mozilla/5.0 (Windows NT 10.0; Win64; x64) AppleWebKit/537.36 (KHTML, like Gecko) Chrome/92.0.4515.159 Safari/537.36"
138.21.12.23 - - [02/Sep/2021:14:04:02 +0200] "GET /reload?ser=1630584242544 HTTP/1.1" 200 28 "http://renault.activities.at/" "Mozilla/5.0 (Windows NT 10.0; Win64; x64) AppleWebKit/537.36 (KHTML, like Gecko) Chrome/91.0.4472.124 Safari/537.36"
138.21.12.24 - - [02/Sep/2021:14:04:36 +0200] "GET /reload?ser=1630584276582 HTTP/1.1" 200 28 "http://renault.2web.at/result?searchterm=true&search=arkana" "Mozilla/5.0 (Windows NT 10.0; Win64; x64) AppleWebKit/537.36 (KHTML, like Gecko) Chrome/93.0.4577.63 Safari/537.36"
194.118.189.54 - - [02/Sep/2021:14:05:00 +0200] "GET /reload?ser=1630584300918 HTTP/1.1" 200 28 "http://renault.activities.at/12438662" "Mozilla/5.0 (Windows NT 10.0; Win64; x64) AppleWebKit/537.36 (KHTML, like Gecko) Chrome/92.0.4515.159 Safari/537.36"
138.21.12.23 - - [02/Sep/2021:14:05:03 +0200] "GET /reload?ser=1630584303536 HTTP/1.1" 200 28 "http://renault.activities.at/" "Mozilla/5.0 (Windows NT 10.0; Win64; x64) AppleWebKit/537.36 (KHTML, like Gecko) Chrome/91.0.4472.124 Safari/537.36"
138.21.12.24 - - [02/Sep/2021:14:05:38 +0200] "GET /reload?ser=1630584338590 HTTP/1.1" 200 28 "http://renault.2web.at/result?searchterm=true&search=arkana" "Mozilla/5.0 (Windows NT 10.0; Win64; x64) AppleWebKit/537.36 (KHTML, like Gecko) Chrome/93.0.4577.63 Safari/537.36"
194.118.189.54 - - [02/Sep/2021:14:06:02 +0200] "GET /reload?ser=1630584362912 HTTP/1.1" 200 28 "http://renault.activities.at/12438662" "Mozilla/5.0 (Windows NT 10.0; Win64; x64) AppleWebKit/537.36 (KHTML, like Gecko) Chrome/92.0.4515.159 Safari/537.36"
138.21.12.23 - - [02/Sep/2021:14:06:04 +0200] "GET /reload?ser=1630584364546 HTTP/1.1" 200 28 "http://renault.activities.at/" "Mozilla/5.0 (Windows NT 10.0; Win64; x64) AppleWebKit/537.36 (KHTML, like Gecko) Chrome/91.0.4472.124 Safari/537.36"
138.21.12.24 - - [02/Sep/2021:14:06:41 +0200] "GET /reload?ser=1630584400595 HTTP/1.1" 200 28 "http://renault.2web.at/result?searchterm=true&search=arkana" "Mozilla/5.0 (Windows NT 10.0; Win64; x64) AppleWebKit/537.36 (KHTML, like Gecko) Chrome/93.0.4577.63 Safari/537.36"
194.118.189.54 - - [02/Sep/2021:14:07:04 +0200] "GET /reload?ser=1630584424915 HTTP/1.1" 200 28 "http://renault.activities.at/12438662" "Mozilla/5.0 (Windows NT 10.0; Win64; x64) AppleWebKit/537.36 (KHTML, like Gecko) Chrome/92.0.4515.159 Safari/537.36"
138.21.12.23 - - [02/Sep/2021:14:07:05 +0200] "GET /reload?ser=1630584425534 HTTP/1.1" 200 28 "http://renault.activities.at/" "Mozilla/5.0 (Windows NT 10.0; Win64; x64) AppleWebKit/537.36 (KHTML, like Gecko) Chrome/91.0.4472.124 Safari/537.36"
138.21.12.24 - - [02/Sep/2021:14:07:42 +0200] "GET /reload?ser=1630584462596 HTTP/1.1" 200 28 "http://renault.2web.at/result?searchterm=true&search=arkana" "Mozilla/5.0 (Windows NT 10.0; Win64; x64) AppleWebKit/537.36 (KHTML, like Gecko) Chrome/93.0.4577.63 Safari/537.36"
194.118.189.54 - - [02/Sep/2021:14:08:05 +0200] "GET /reload?ser=1630584485911 HTTP/1.1" 200 28 "http://renault.activities.at/12438662" "Mozilla/5.0 (Windows NT 10.0; Win64; x64) AppleWebKit/537.36 (KHTML, like Gecko) Chrome/92.0.4515.159 Safari/537.36"
138.21.12.23 - - [02/Sep/2021:14:08:06 +0200] "GET /reload?ser=1630584486543 HTTP/1.1" 200 28 "http://renault.activities.at/" "Mozilla/5.0 (Windows NT 10.0; Win64; x64) AppleWebKit/537.36 (KHTML, like Gecko) Chrome/91.0.4472.124 Safari/537.36"
138.21.12.24 - - [02/Sep/2021:14:08:45 +0200] "GET /reload?ser=1630584524600 HTTP/1.1" 200 28 "http://renault.2web.at/result?searchterm=true&search=arkana" "Mozilla/5.0 (Windows NT 10.0; Win64; x64) AppleWebKit/537.36 (KHTML, like Gecko) Chrome/93.0.4577.63 Safari/537.36"
194.118.189.54 - - [02/Sep/2021:14:09:06 +0200] "GET /reload?ser=1630584546925 HTTP/1.1" 200 28 "http://renault.activities.at/12438662" "Mozilla/5.0 (Windows NT 10.0; Win64; x64) AppleWebKit/537.36 (KHTML, like Gecko) Chrome/92.0.4515.159 Safari/537.36"
138.21.12.23 - - [02/Sep/2021:14:09:07 +0200] "GET /reload?ser=1630584547528 HTTP/1.1" 200 28 "http://renault.activities.at/" "Mozilla/5.0 (Windows NT 10.0; Win64; x64) AppleWebKit/537.36 (KHTML, like Gecko) Chrome/91.0.4472.124 Safari/537.36"
138.21.12.24 - - [02/Sep/2021:14:09:47 +0200] "GET /reload?ser=1630584586603 HTTP/1.1" 200 28 "http://renault.2web.at/result?searchterm=true&search=arkana" "Mozilla/5.0 (Windows NT 10.0; Win64; x64) AppleWebKit/537.36 (KHTML, like Gecko) Chrome/93.0.4577.63 Safari/537.36"
194.118.189.54 - - [02/Sep/2021:14:10:07 +0200] "GET /reload?ser=1630584607922 HTTP/1.1" 200 28 "http://renault.activities.at/12438662" "Mozilla/5.0 (Windows NT 10.0; Win64; x64) AppleWebKit/537.36 (KHTML, like Gecko) Chrome/92.0.4515.159 Safari/537.36"
138.21.12.23 - - [02/Sep/2021:14:10:08 +0200] "GET /reload?ser=1630584608529 HTTP/1.1" 200 28 "http://renault.activities.at/" "Mozilla/5.0 (Windows NT 10.0; Win64; x64) AppleWebKit/537.36 (KHTML, like Gecko) Chrome/91.0.4472.124 Safari/537.36"
138.21.12.24 - - [02/Sep/2021:14:10:48 +0200] "GET /reload?ser=1630584648606 HTTP/1.1" 200 28 "http://renault.2web.at/result?searchterm=true&search=arkana" "Mozilla/5.0 (Windows NT 10.0; Win64; x64) AppleWebKit/537.36 (KHTML, like Gecko) Chrome/93.0.4577.63 Safari/537.36"
194.118.189.54 - - [02/Sep/2021:14:11:08 +0200] "GET /reload?ser=1630584668917 HTTP/1.1" 200 28 "http://renault.activities.at/12438662" "Mozilla/5.0 (Windows NT 10.0; Win64; x64) AppleWebKit/537.36 (KHTML, like Gecko) Chrome/92.0.4515.159 Safari/537.36"
138.21.12.23 - - [02/Sep/2021:14:11:09 +0200] "GET /reload?ser=1630584669537 HTTP/1.1" 200 28 "http://renault.activities.at/" "Mozilla/5.0 (Windows NT 10.0; Win64; x64) AppleWebKit/537.36 (KHTML, like Gecko) Chrome/91.0.4472.124 Safari/537.36"
138.21.12.24 - - [02/Sep/2021:14:11:51 +0200] "GET /reload?ser=1630584710608 HTTP/1.1" 200 28 "http://renault.2web.at/result?searchterm=true&search=arkana" "Mozilla/5.0 (Windows NT 10.0; Win64; x64) AppleWebKit/537.36 (KHTML, like Gecko) Chrome/93.0.4577.63 Safari/537.36"
194.118.189.54 - - [02/Sep/2021:14:12:09 +0200] "GET /reload?ser=1630584729918 HTTP/1.1" 200 28 "http://renault.activities.at/12438662" "Mozilla/5.0 (Windows NT 10.0; Win64; x64) AppleWebKit/537.36 (KHTML, like Gecko) Chrome/92.0.4515.159 Safari/537.36"
138.21.12.23 - - [02/Sep/2021:14:12:10 +0200] "GET /reload?ser=1630584730547 HTTP/1.1" 200 28 "http://renault.activities.at/" "Mozilla/5.0 (Windows NT 10.0; Win64; x64) AppleWebKit/537.36 (KHTML, like Gecko) Chrome/91.0.4472.124 Safari/537.36"
138.21.12.24 - - [02/Sep/2021:14:12:52 +0200] "GET /reload?ser=1630584772612 HTTP/1.1" 200 28 "http://renault.2web.at/result?searchterm=true&search=arkana" "Mozilla/5.0 (Windows NT 10.0; Win64; x64) AppleWebKit/537.36 (KHTML, like Gecko) Chrome/93.0.4577.63 Safari/537.36"
194.118.189.54 - - [02/Sep/2021:14:13:10 +0200] "GET /reload?ser=1630584790925 HTTP/1.1" 200 28 "http://renault.activities.at/12438662" "Mozilla/5.0 (Windows NT 10.0; Win64; x64) AppleWebKit/537.36 (KHTML, like Gecko) Chrome/92.0.4515.159 Safari/537.36"
138.21.12.23 - - [02/Sep/2021:14:13:11 +0200] "GET /reload?ser=1630584791538 HTTP/1.1" 200 28 "http://renault.activities.at/" "Mozilla/5.0 (Windows NT 10.0; Win64; x64) AppleWebKit/537.36 (KHTML, like Gecko) Chrome/91.0.4472.124 Safari/537.36"
138.21.12.24 - - [02/Sep/2021:14:13:55 +0200] "GET /reload?ser=1630584834613 HTTP/1.1" 200 28 "http://renault.2web.at/result?searchterm=true&search=arkana" "Mozilla/5.0 (Windows NT 10.0; Win64; x64) AppleWebKit/537.36 (KHTML, like Gecko) Chrome/93.0.4577.63 Safari/537.36"
194.118.189.54 - - [02/Sep/2021:14:14:11 +0200] "GET /reload?ser=1630584851923 HTTP/1.1" 200 28 "http://renault.activities.at/12438662" "Mozilla/5.0 (Windows NT 10.0; Win64; x64) AppleWebKit/537.36 (KHTML, like Gecko) Chrome/92.0.4515.159 Safari/537.36"
138.21.12.23 - - [02/Sep/2021:14:14:12 +0200] "GET /reload?ser=1630584852530 HTTP/1.1" 200 28 "http://renault.activities.at/" "Mozilla/5.0 (Windows NT 10.0; Win64; x64) AppleWebKit/537.36 (KHTML, like Gecko) Chrome/91.0.4472.124 Safari/537.36"
138.21.12.24 - - [02/Sep/2021:14:14:57 +0200] "GET /reload?ser=1630584896616 HTTP/1.1" 200 28 "http://renault.2web.at/result?searchterm=true&search=arkana" "Mozilla/5.0 (Windows NT 10.0; Win64; x64) AppleWebKit/537.36 (KHTML, like Gecko) Chrome/93.0.4577.63 Safari/537.36"
194.118.189.54 - - [02/Sep/2021:14:15:12 +0200] "GET /reload?ser=1630584912911 HTTP/1.1" 200 28 "http://renault.activities.at/12438662" "Mozilla/5.0 (Windows NT 10.0; Win64; x64) AppleWebKit/537.36 (KHTML, like Gecko) Chrome/92.0.4515.159 Safari/537.36"
138.21.12.23 - - [02/Sep/2021:14:15:13 +0200] "GET /reload?ser=1630584913547 HTTP/1.1" 200 28 "http://renault.activities.at/" "Mozilla/5.0 (Windows NT 10.0; Win64; x64) AppleWebKit/537.36 (KHTML, like Gecko) Chrome/91.0.4472.124 Safari/537.36"
138.21.12.24 - - [02/Sep/2021:14:15:58 +0200] "GET /reload?ser=1630584958619 HTTP/1.1" 200 28 "http://renault.2web.at/result?searchterm=true&search=arkana" "Mozilla/5.0 (Windows NT 10.0; Win64; x64) AppleWebKit/537.36 (KHTML, like Gecko) Chrome/93.0.4577.63 Safari/537.36"
194.118.189.54 - - [02/Sep/2021:14:16:13 +0200] "GET /reload?ser=1630584973914 HTTP/1.1" 200 28 "http://renault.activities.at/12438662" "Mozilla/5.0 (Windows NT 10.0; Win64; x64) AppleWebKit/537.36 (KHTML, like Gecko) Chrome/92.0.4515.159 Safari/537.36"
138.21.12.23 - - [02/Sep/2021:14:16:14 +0200] "GET /reload?ser=1630584974549 HTTP/1.1" 200 28 "http://renault.activities.at/" "Mozilla/5.0 (Windows NT 10.0; Win64; x64) AppleWebKit/537.36 (KHTML, like Gecko) Chrome/91.0.4472.124 Safari/537.36"
138.21.12.24 - - [02/Sep/2021:14:17:00 +0200] "GET /reload?ser=1630585020620 HTTP/1.1" 200 28 "http://renault.2web.at/result?searchterm=true&search=arkana" "Mozilla/5.0 (Windows NT 10.0; Win64; x64) AppleWebKit/537.36 (KHTML, like Gecko) Chrome/93.0.4577.63 Safari/537.36"
194.118.189.54 - - [02/Sep/2021:14:17:14 +0200] "GET /reload?ser=1630585034916 HTTP/1.1" 200 28 "http://renault.activities.at/12438662" "Mozilla/5.0 (Windows NT 10.0; Win64; x64) AppleWebKit/537.36 (KHTML, like Gecko) Chrome/92.0.4515.159 Safari/537.36"
138.21.12.23 - - [02/Sep/2021:14:17:15 +0200] "GET /reload?ser=1630585035548 HTTP/1.1" 200 28 "http://renault.activities.at/" "Mozilla/5.0 (Windows NT 10.0; Win64; x64) AppleWebKit/537.36 (KHTML, like Gecko) Chrome/91.0.4472.124 Safari/537.36"
138.21.12.24 - - [02/Sep/2021:14:18:02 +0200] "GET /reload?ser=1630585082622 HTTP/1.1" 200 28 "http://renault.2web.at/result?searchterm=true&search=arkana" "Mozilla/5.0 (Windows NT 10.0; Win64; x64) AppleWebKit/537.36 (KHTML, like Gecko) Chrome/93.0.4577.63 Safari/537.36"
194.118.189.54 - - [02/Sep/2021:14:18:15 +0200] "GET /reload?ser=1630585095912 HTTP/1.1" 200 28 "http://renault.activities.at/12438662" "Mozilla/5.0 (Windows NT 10.0; Win64; x64) AppleWebKit/537.36 (KHTML, like Gecko) Chrome/92.0.4515.159 Safari/537.36"
138.21.12.23 - - [02/Sep/2021:14:18:16 +0200] "GET /reload?ser=1630585096540 HTTP/1.1" 200 28 "http://renault.activities.at/" "Mozilla/5.0 (Windows NT 10.0; Win64; x64) AppleWebKit/537.36 (KHTML, like Gecko) Chrome/91.0.4472.124 Safari/537.36"
138.21.12.24 - - [02/Sep/2021:14:19:04 +0200] "GET /reload?ser=1630585144623 HTTP/1.1" 200 28 "http://renault.2web.at/result?searchterm=true&search=arkana" "Mozilla/5.0 (Windows NT 10.0; Win64; x64) AppleWebKit/537.36 (KHTML, like Gecko) Chrome/93.0.4577.63 Safari/537.36"
194.118.189.54 - - [02/Sep/2021:14:19:16 +0200] "GET /reload?ser=1630585156909 HTTP/1.1" 200 28 "http://renault.activities.at/12438662" "Mozilla/5.0 (Windows NT 10.0; Win64; x64) AppleWebKit/537.36 (KHTML, like Gecko) Chrome/92.0.4515.159 Safari/537.36"
138.21.12.23 - - [02/Sep/2021:14:19:17 +0200] "GET /reload?ser=1630585157533 HTTP/1.1" 200 28 "http://renault.activities.at/" "Mozilla/5.0 (Windows NT 10.0; Win64; x64) AppleWebKit/537.36 (KHTML, like Gecko) Chrome/91.0.4472.124 Safari/537.36"
138.21.12.24 - - [02/Sep/2021:14:20:06 +0200] "GET /reload?ser=1630585206626 HTTP/1.1" 200 28 "http://renault.2web.at/result?searchterm=true&search=arkana" "Mozilla/5.0 (Windows NT 10.0; Win64; x64) AppleWebKit/537.36 (KHTML, like Gecko) Chrome/93.0.4577.63 Safari/537.36"
194.118.189.54 - - [02/Sep/2021:14:20:17 +0200] "GET /reload?ser=1630585217921 HTTP/1.1" 200 28 "http://renault.activities.at/12438662" "Mozilla/5.0 (Windows NT 10.0; Win64; x64) AppleWebKit/537.36 (KHTML, like Gecko) Chrome/92.0.4515.159 Safari/537.36"
138.21.12.23 - - [02/Sep/2021:14:20:18 +0200] "GET /reload?ser=1630585218544 HTTP/1.1" 200 28 "http://renault.activities.at/" "Mozilla/5.0 (Windows NT 10.0; Win64; x64) AppleWebKit/537.36 (KHTML, like Gecko) Chrome/91.0.4472.124 Safari/537.36"
213.153.47.173 - - [02/Sep/2021:14:20:37 +0200] "GET /layout.php HTTP/1.1" 200 1558 "-" "Mozilla/5.0 (Windows NT 10.0; Win64; x64) AppleWebKit/537.36 (KHTML, like Gecko) Chrome/92.0.4515.107 Safari/537.36 OPR/78.0.4093.169"
213.153.47.173 - - [02/Sep/2021:14:20:38 +0200] "GET /images/favicon.ico HTTP/1.1" 404 305 "-" "Mozilla/5.0 (Windows NT 10.0; Win64; x64) AppleWebKit/537.36 (KHTML, like Gecko) Chrome/92.0.4515.107 Safari/537.36 OPR/78.0.4093.169"
138.21.12.24 - - [02/Sep/2021:14:21:09 +0200] "GET /reload?ser=1630585268627 HTTP/1.1" 200 28 "http://renault.2web.at/result?searchterm=true&search=arkana" "Mozilla/5.0 (Windows NT 10.0; Win64; x64) AppleWebKit/537.36 (KHTML, like Gecko) Chrome/93.0.4577.63 Safari/537.36"
194.118.189.54 - - [02/Sep/2021:14:21:18 +0200] "GET /reload?ser=1630585278914 HTTP/1.1" 200 28 "http://renault.activities.at/12438662" "Mozilla/5.0 (Windows NT 10.0; Win64; x64) AppleWebKit/537.36 (KHTML, like Gecko) Chrome/92.0.4515.159 Safari/537.36"
138.21.12.23 - - [02/Sep/2021:14:21:19 +0200] "GET /reload?ser=1630585279532 HTTP/1.1" 200 28 "http://renault.activities.at/" "Mozilla/5.0 (Windows NT 10.0; Win64; x64) AppleWebKit/537.36 (KHTML, like Gecko) Chrome/91.0.4472.124 Safari/537.36"
138.21.12.24 - - [02/Sep/2021:14:22:10 +0200] "GET /reload?ser=1630585330628 HTTP/1.1" 200 28 "http://renault.2web.at/result?searchterm=true&search=arkana" "Mozilla/5.0 (Windows NT 10.0; Win64; x64) AppleWebKit/537.36 (KHTML, like Gecko) Chrome/93.0.4577.63 Safari/537.36"
194.118.189.54 - - [02/Sep/2021:14:22:19 +0200] "GET /reload?ser=1630585339923 HTTP/1.1" 200 28 "http://renault.activities.at/12438662" "Mozilla/5.0 (Windows NT 10.0; Win64; x64) AppleWebKit/537.36 (KHTML, like Gecko) Chrome/92.0.4515.159 Safari/537.36"
138.21.12.23 - - [02/Sep/2021:14:22:20 +0200] "GET /reload?ser=1630585340537 HTTP/1.1" 200 28 "http://renault.activities.at/" "Mozilla/5.0 (Windows NT 10.0; Win64; x64) AppleWebKit/537.36 (KHTML, like Gecko) Chrome/91.0.4472.124 Safari/537.36"
138.21.12.24 - - [02/Sep/2021:14:23:13 +0200] "GET /reload?ser=1630585392629 HTTP/1.1" 200 28 "http://renault.2web.at/result?searchterm=true&search=arkana" "Mozilla/5.0 (Windows NT 10.0; Win64; x64) AppleWebKit/537.36 (KHTML, like Gecko) Chrome/93.0.4577.63 Safari/537.36"
194.118.189.54 - - [02/Sep/2021:14:23:20 +0200] "GET /reload?ser=1630585400911 HTTP/1.1" 200 28 "http://renault.activities.at/12438662" "Mozilla/5.0 (Windows NT 10.0; Win64; x64) AppleWebKit/537.36 (KHTML, like Gecko) Chrome/92.0.4515.159 Safari/537.36"
138.21.12.23 - - [02/Sep/2021:14:23:21 +0200] "GET /reload?ser=1630585401540 HTTP/1.1" 200 28 "http://renault.activities.at/" "Mozilla/5.0 (Windows NT 10.0; Win64; x64) AppleWebKit/537.36 (KHTML, like Gecko) Chrome/91.0.4472.124 Safari/537.36"
138.21.12.24 - - [02/Sep/2021:14:24:15 +0200] "GET /reload?ser=1630585454695 HTTP/1.1" 200 28 "http://renault.2web.at/result?searchterm=true&search=arkana" "Mozilla/5.0 (Windows NT 10.0; Win64; x64) AppleWebKit/537.36 (KHTML, like Gecko) Chrome/93.0.4577.63 Safari/537.36"
194.118.189.54 - - [02/Sep/2021:14:24:21 +0200] "GET /reload?ser=1630585461930 HTTP/1.1" 200 28 "http://renault.activities.at/12438662" "Mozilla/5.0 (Windows NT 10.0; Win64; x64) AppleWebKit/537.36 (KHTML, like Gecko) Chrome/92.0.4515.159 Safari/537.36"
138.21.12.23 - - [02/Sep/2021:14:24:22 +0200] "GET /reload?ser=1630585462545 HTTP/1.1" 200 28 "http://renault.activities.at/" "Mozilla/5.0 (Windows NT 10.0; Win64; x64) AppleWebKit/537.36 (KHTML, like Gecko) Chrome/91.0.4472.124 Safari/537.36"
138.21.12.24 - - [02/Sep/2021:14:25:17 +0200] "GET /reload?ser=1630585516632 HTTP/1.1" 200 28 "http://renault.2web.at/result?searchterm=true&search=arkana" "Mozilla/5.0 (Windows NT 10.0; Win64; x64) AppleWebKit/537.36 (KHTML, like Gecko) Chrome/93.0.4577.63 Safari/537.36"
138.21.12.23 - - [02/Sep/2021:14:25:23 +0200] "GET /reload?ser=1630585523532 HTTP/1.1" 200 28 "http://renault.activities.at/" "Mozilla/5.0 (Windows NT 10.0; Win64; x64) AppleWebKit/537.36 (KHTML, like Gecko) Chrome/91.0.4472.124 Safari/537.36"
194.118.189.54 - - [02/Sep/2021:14:25:23 +0200] "GET /reload?ser=1630585523922 HTTP/1.1" 200 28 "http://renault.activities.at/12438662" "Mozilla/5.0 (Windows NT 10.0; Win64; x64) AppleWebKit/537.36 (KHTML, like Gecko) Chrome/92.0.4515.159 Safari/537.36"
138.21.12.24 - - [02/Sep/2021:14:26:19 +0200] "GET /reload?ser=1630585578636 HTTP/1.1" 200 28 "http://renault.2web.at/result?searchterm=true&search=arkana" "Mozilla/5.0 (Windows NT 10.0; Win64; x64) AppleWebKit/537.36 (KHTML, like Gecko) Chrome/93.0.4577.63 Safari/537.36"
138.21.12.23 - - [02/Sep/2021:14:26:24 +0200] "GET /reload?ser=1630585584547 HTTP/1.1" 200 28 "http://renault.activities.at/" "Mozilla/5.0 (Windows NT 10.0; Win64; x64) AppleWebKit/537.36 (KHTML, like Gecko) Chrome/91.0.4472.124 Safari/537.36"
194.118.189.54 - - [02/Sep/2021:14:26:24 +0200] "GET /reload?ser=1630585584908 HTTP/1.1" 200 28 "http://renault.activities.at/12438662" "Mozilla/5.0 (Windows NT 10.0; Win64; x64) AppleWebKit/537.36 (KHTML, like Gecko) Chrome/92.0.4515.159 Safari/537.36"
138.21.12.24 - - [02/Sep/2021:14:27:20 +0200] "GET /reload?ser=1630585640635 HTTP/1.1" 200 28 "http://renault.2web.at/result?searchterm=true&search=arkana" "Mozilla/5.0 (Windows NT 10.0; Win64; x64) AppleWebKit/537.36 (KHTML, like Gecko) Chrome/93.0.4577.63 Safari/537.36"
138.21.12.23 - - [02/Sep/2021:14:27:25 +0200] "GET /reload?ser=1630585645546 HTTP/1.1" 200 28 "http://renault.activities.at/" "Mozilla/5.0 (Windows NT 10.0; Win64; x64) AppleWebKit/537.36 (KHTML, like Gecko) Chrome/91.0.4472.124 Safari/537.36"
194.118.189.54 - - [02/Sep/2021:14:27:25 +0200] "GET /reload?ser=1630585645919 HTTP/1.1" 200 28 "http://renault.activities.at/12438662" "Mozilla/5.0 (Windows NT 10.0; Win64; x64) AppleWebKit/537.36 (KHTML, like Gecko) Chrome/92.0.4515.159 Safari/537.36"
80.122.221.194 - - [02/Sep/2021:14:27:28 +0200] "GET /reload?ser=1630585648185 HTTP/1.1" 200 1225 "http://renault.activities.at/success" "Mozilla/5.0 (Windows NT 10.0; Win64; x64) AppleWebKit/537.36 (KHTML, like Gecko) Chrome/92.0.4515.159 Safari/537.36 Edg/92.0.902.84"
138.21.12.24 - - [02/Sep/2021:14:28:23 +0200] "GET /reload?ser=1630585702636 HTTP/1.1" 200 28 "http://renault.2web.at/result?searchterm=true&search=arkana" "Mozilla/5.0 (Windows NT 10.0; Win64; x64) AppleWebKit/537.36 (KHTML, like Gecko) Chrome/93.0.4577.63 Safari/537.36"
138.21.12.23 - - [02/Sep/2021:14:28:26 +0200] "GET /reload?ser=1630585706534 HTTP/1.1" 200 28 "http://renault.activities.at/" "Mozilla/5.0 (Windows NT 10.0; Win64; x64) AppleWebKit/537.36 (KHTML, like Gecko) Chrome/91.0.4472.124 Safari/537.36"
194.118.189.54 - - [02/Sep/2021:14:28:26 +0200] "GET /reload?ser=1630585706921 HTTP/1.1" 200 28 "http://renault.activities.at/12438662" "Mozilla/5.0 (Windows NT 10.0; Win64; x64) AppleWebKit/537.36 (KHTML, like Gecko) Chrome/92.0.4515.159 Safari/537.36"
80.122.221.194 - - [02/Sep/2021:14:28:29 +0200] "GET /reload?ser=1630585709162 HTTP/1.1" 200 1231 "http://renault.activities.at/success" "Mozilla/5.0 (Windows NT 10.0; Win64; x64) AppleWebKit/537.36 (KHTML, like Gecko) Chrome/92.0.4515.159 Safari/537.36 Edg/92.0.902.84"
138.21.12.24 - - [02/Sep/2021:14:29:24 +0200] "GET /reload?ser=1630585764636 HTTP/1.1" 200 28 "http://renault.2web.at/result?searchterm=true&search=arkana" "Mozilla/5.0 (Windows NT 10.0; Win64; x64) AppleWebKit/537.36 (KHTML, like Gecko) Chrome/93.0.4577.63 Safari/537.36"
138.21.12.23 - - [02/Sep/2021:14:29:27 +0200] "GET /reload?ser=1630585767541 HTTP/1.1" 200 28 "http://renault.activities.at/" "Mozilla/5.0 (Windows NT 10.0; Win64; x64) AppleWebKit/537.36 (KHTML, like Gecko) Chrome/91.0.4472.124 Safari/537.36"
194.118.189.54 - - [02/Sep/2021:14:29:27 +0200] "GET /reload?ser=1630585767913 HTTP/1.1" 200 28 "http://renault.activities.at/12438662" "Mozilla/5.0 (Windows NT 10.0; Win64; x64) AppleWebKit/537.36 (KHTML, like Gecko) Chrome/92.0.4515.159 Safari/537.36"
80.122.221.194 - - [02/Sep/2021:14:29:30 +0200] "GET /reload?ser=1630585770158 HTTP/1.1" 200 1247 "http://renault.activities.at/success" "Mozilla/5.0 (Windows NT 10.0; Win64; x64) AppleWebKit/537.36 (KHTML, like Gecko) Chrome/92.0.4515.159 Safari/537.36 Edg/92.0.902.84"
138.21.12.24 - - [02/Sep/2021:14:30:27 +0200] "GET /reload?ser=1630585826638 HTTP/1.1" 200 28 "http://renault.2web.at/result?searchterm=true&search=arkana" "Mozilla/5.0 (Windows NT 10.0; Win64; x64) AppleWebKit/537.36 (KHTML, like Gecko) Chrome/93.0.4577.63 Safari/537.36"
138.21.12.23 - - [02/Sep/2021:14:30:28 +0200] "GET /reload?ser=1630585828537 HTTP/1.1" 200 28 "http://renault.activities.at/" "Mozilla/5.0 (Windows NT 10.0; Win64; x64) AppleWebKit/537.36 (KHTML, like Gecko) Chrome/91.0.4472.124 Safari/537.36"
194.118.189.54 - - [02/Sep/2021:14:30:28 +0200] "GET /reload?ser=1630585828915 HTTP/1.1" 200 28 "http://renault.activities.at/12438662" "Mozilla/5.0 (Windows NT 10.0; Win64; x64) AppleWebKit/537.36 (KHTML, like Gecko) Chrome/92.0.4515.159 Safari/537.36"
80.122.221.194 - - [02/Sep/2021:14:30:31 +0200] "GET /reload?ser=1630585831157 HTTP/1.1" 200 1253 "http://renault.activities.at/success" "Mozilla/5.0 (Windows NT 10.0; Win64; x64) AppleWebKit/537.36 (KHTML, like Gecko) Chrome/92.0.4515.159 Safari/537.36 Edg/92.0.902.84"
138.21.12.24 - - [02/Sep/2021:14:31:29 +0200] "GET /reload?ser=1630585888638 HTTP/1.1" 200 28 "http://renault.2web.at/result?searchterm=true&search=arkana" "Mozilla/5.0 (Windows NT 10.0; Win64; x64) AppleWebKit/537.36 (KHTML, like Gecko) Chrome/93.0.4577.63 Safari/537.36"
138.21.12.23 - - [02/Sep/2021:14:31:29 +0200] "GET /reload?ser=1630585889541 HTTP/1.1" 200 28 "http://renault.activities.at/" "Mozilla/5.0 (Windows NT 10.0; Win64; x64) AppleWebKit/537.36 (KHTML, like Gecko) Chrome/91.0.4472.124 Safari/537.36"
194.118.189.54 - - [02/Sep/2021:14:31:29 +0200] "GET /reload?ser=1630585889918 HTTP/1.1" 200 28 "http://renault.activities.at/12438662" "Mozilla/5.0 (Windows NT 10.0; Win64; x64) AppleWebKit/537.36 (KHTML, like Gecko) Chrome/92.0.4515.159 Safari/537.36"
80.122.221.194 - - [02/Sep/2021:14:31:32 +0200] "GET /reload?ser=1630585892155 HTTP/1.1" 200 1231 "http://renault.activities.at/success" "Mozilla/5.0 (Windows NT 10.0; Win64; x64) AppleWebKit/537.36 (KHTML, like Gecko) Chrome/92.0.4515.159 Safari/537.36 Edg/92.0.902.84"
138.21.12.23 - - [02/Sep/2021:14:32:30 +0200] "GET /reload?ser=1630585950543 HTTP/1.1" 200 28 "http://renault.activities.at/" "Mozilla/5.0 (Windows NT 10.0; Win64; x64) AppleWebKit/537.36 (KHTML, like Gecko) Chrome/91.0.4472.124 Safari/537.36"
194.118.189.54 - - [02/Sep/2021:14:32:30 +0200] "GET /reload?ser=1630585950911 HTTP/1.1" 200 28 "http://renault.activities.at/12438662" "Mozilla/5.0 (Windows NT 10.0; Win64; x64) AppleWebKit/537.36 (KHTML, like Gecko) Chrome/92.0.4515.159 Safari/537.36"
138.21.12.24 - - [02/Sep/2021:14:32:31 +0200] "GET /reload?ser=1630585950639 HTTP/1.1" 200 28 "http://renault.2web.at/result?searchterm=true&search=arkana" "Mozilla/5.0 (Windows NT 10.0; Win64; x64) AppleWebKit/537.36 (KHTML, like Gecko) Chrome/93.0.4577.63 Safari/537.36"
80.122.221.194 - - [02/Sep/2021:14:32:33 +0200] "GET /reload?ser=1630585953163 HTTP/1.1" 200 1233 "http://renault.activities.at/success" "Mozilla/5.0 (Windows NT 10.0; Win64; x64) AppleWebKit/537.36 (KHTML, like Gecko) Chrome/92.0.4515.159 Safari/537.36 Edg/92.0.902.84"
138.21.12.23 - - [02/Sep/2021:14:33:31 +0200] "GET /reload?ser=1630586011536 HTTP/1.1" 200 28 "http://renault.activities.at/" "Mozilla/5.0 (Windows NT 10.0; Win64; x64) AppleWebKit/537.36 (KHTML, like Gecko) Chrome/91.0.4472.124 Safari/537.36"
194.118.189.54 - - [02/Sep/2021:14:33:31 +0200] "GET /reload?ser=1630586011919 HTTP/1.1" 200 28 "http://renault.activities.at/12438662" "Mozilla/5.0 (Windows NT 10.0; Win64; x64) AppleWebKit/537.36 (KHTML, like Gecko) Chrome/92.0.4515.159 Safari/537.36"
138.21.12.24 - - [02/Sep/2021:14:33:33 +0200] "GET /reload?ser=1630586012640 HTTP/1.1" 200 28 "http://renault.2web.at/result?searchterm=true&search=arkana" "Mozilla/5.0 (Windows NT 10.0; Win64; x64) AppleWebKit/537.36 (KHTML, like Gecko) Chrome/93.0.4577.63 Safari/537.36"
80.122.221.194 - - [02/Sep/2021:14:33:34 +0200] "GET /reload?ser=1630586014151 HTTP/1.1" 200 1232 "http://renault.activities.at/success" "Mozilla/5.0 (Windows NT 10.0; Win64; x64) AppleWebKit/537.36 (KHTML, like Gecko) Chrome/92.0.4515.159 Safari/537.36 Edg/92.0.902.84"
138.21.12.23 - - [02/Sep/2021:14:34:32 +0200] "GET /reload?ser=1630586072541 HTTP/1.1" 200 28 "http://renault.activities.at/" "Mozilla/5.0 (Windows NT 10.0; Win64; x64) AppleWebKit/537.36 (KHTML, like Gecko) Chrome/91.0.4472.124 Safari/537.36"
194.118.189.54 - - [02/Sep/2021:14:34:32 +0200] "GET /reload?ser=1630586072914 HTTP/1.1" 200 28 "http://renault.activities.at/12438662" "Mozilla/5.0 (Windows NT 10.0; Win64; x64) AppleWebKit/537.36 (KHTML, like Gecko) Chrome/92.0.4515.159 Safari/537.36"
80.122.221.194 - - [02/Sep/2021:14:34:35 +0200] "GET /reload?ser=1630586075153 HTTP/1.1" 200 1230 "http://renault.activities.at/success" "Mozilla/5.0 (Windows NT 10.0; Win64; x64) AppleWebKit/537.36 (KHTML, like Gecko) Chrome/92.0.4515.159 Safari/537.36 Edg/92.0.902.84"
138.21.12.24 - - [02/Sep/2021:14:34:35 +0200] "GET /reload?ser=1630586074640 HTTP/1.1" 200 28 "http://renault.2web.at/result?searchterm=true&search=arkana" "Mozilla/5.0 (Windows NT 10.0; Win64; x64) AppleWebKit/537.36 (KHTML, like Gecko) Chrome/93.0.4577.63 Safari/537.36"
138.21.12.23 - - [02/Sep/2021:14:35:33 +0200] "GET /reload?ser=1630586133543 HTTP/1.1" 200 28 "http://renault.activities.at/" "Mozilla/5.0 (Windows NT 10.0; Win64; x64) AppleWebKit/537.36 (KHTML, like Gecko) Chrome/91.0.4472.124 Safari/537.36"
194.118.189.54 - - [02/Sep/2021:14:35:34 +0200] "GET /reload?ser=1630586134915 HTTP/1.1" 200 28 "http://renault.activities.at/12438662" "Mozilla/5.0 (Windows NT 10.0; Win64; x64) AppleWebKit/537.36 (KHTML, like Gecko) Chrome/92.0.4515.159 Safari/537.36"
80.122.221.194 - - [02/Sep/2021:14:35:36 +0200] "GET /reload?ser=1630586136151 HTTP/1.1" 200 1236 "http://renault.activities.at/success" "Mozilla/5.0 (Windows NT 10.0; Win64; x64) AppleWebKit/537.36 (KHTML, like Gecko) Chrome/92.0.4515.159 Safari/537.36 Edg/92.0.902.84"
138.21.12.24 - - [02/Sep/2021:14:35:37 +0200] "GET /reload?ser=1630586136642 HTTP/1.1" 200 28 "http://renault.2web.at/result?searchterm=true&search=arkana" "Mozilla/5.0 (Windows NT 10.0; Win64; x64) AppleWebKit/537.36 (KHTML, like Gecko) Chrome/93.0.4577.63 Safari/537.36"
138.21.12.23 - - [02/Sep/2021:14:36:34 +0200] "GET /reload?ser=1630586194544 HTTP/1.1" 200 28 "http://renault.activities.at/" "Mozilla/5.0 (Windows NT 10.0; Win64; x64) AppleWebKit/537.36 (KHTML, like Gecko) Chrome/91.0.4472.124 Safari/537.36"
194.118.189.54 - - [02/Sep/2021:14:36:35 +0200] "GET /reload?ser=1630586195909 HTTP/1.1" 200 28 "http://renault.activities.at/12438662" "Mozilla/5.0 (Windows NT 10.0; Win64; x64) AppleWebKit/537.36 (KHTML, like Gecko) Chrome/92.0.4515.159 Safari/537.36"
80.122.221.194 - - [02/Sep/2021:14:36:37 +0200] "GET /reload?ser=1630586197151 HTTP/1.1" 200 1231 "http://renault.activities.at/success" "Mozilla/5.0 (Windows NT 10.0; Win64; x64) AppleWebKit/537.36 (KHTML, like Gecko) Chrome/92.0.4515.159 Safari/537.36 Edg/92.0.902.84"
138.21.12.24 - - [02/Sep/2021:14:36:39 +0200] "GET /reload?ser=1630586198643 HTTP/1.1" 200 28 "http://renault.2web.at/result?searchterm=true&search=arkana" "Mozilla/5.0 (Windows NT 10.0; Win64; x64) AppleWebKit/537.36 (KHTML, like Gecko) Chrome/93.0.4577.63 Safari/537.36"
138.21.12.23 - - [02/Sep/2021:14:37:35 +0200] "GET /reload?ser=1630586255536 HTTP/1.1" 200 28 "http://renault.activities.at/" "Mozilla/5.0 (Windows NT 10.0; Win64; x64) AppleWebKit/537.36 (KHTML, like Gecko) Chrome/91.0.4472.124 Safari/537.36"
194.118.189.54 - - [02/Sep/2021:14:37:36 +0200] "GET /reload?ser=1630586256907 HTTP/1.1" 200 28 "http://renault.activities.at/12438662" "Mozilla/5.0 (Windows NT 10.0; Win64; x64) AppleWebKit/537.36 (KHTML, like Gecko) Chrome/92.0.4515.159 Safari/537.36"
80.122.221.194 - - [02/Sep/2021:14:37:38 +0200] "GET /reload?ser=1630586258149 HTTP/1.1" 200 1234 "http://renault.activities.at/success" "Mozilla/5.0 (Windows NT 10.0; Win64; x64) AppleWebKit/537.36 (KHTML, like Gecko) Chrome/92.0.4515.159 Safari/537.36 Edg/92.0.902.84"
138.21.12.24 - - [02/Sep/2021:14:37:41 +0200] "GET /reload?ser=1630586260642 HTTP/1.1" 200 28 "http://renault.2web.at/result?searchterm=true&search=arkana" "Mozilla/5.0 (Windows NT 10.0; Win64; x64) AppleWebKit/537.36 (KHTML, like Gecko) Chrome/93.0.4577.63 Safari/537.36"
138.21.12.23 - - [02/Sep/2021:14:38:36 +0200] "GET /reload?ser=1630586316546 HTTP/1.1" 200 28 "http://renault.activities.at/" "Mozilla/5.0 (Windows NT 10.0; Win64; x64) AppleWebKit/537.36 (KHTML, like Gecko) Chrome/91.0.4472.124 Safari/537.36"
194.118.189.54 - - [02/Sep/2021:14:38:37 +0200] "GET /reload?ser=1630586317910 HTTP/1.1" 200 28 "http://renault.activities.at/12438662" "Mozilla/5.0 (Windows NT 10.0; Win64; x64) AppleWebKit/537.36 (KHTML, like Gecko) Chrome/92.0.4515.159 Safari/537.36"
80.122.221.194 - - [02/Sep/2021:14:38:39 +0200] "GET /reload?ser=1630586319163 HTTP/1.1" 200 1235 "http://renault.activities.at/success" "Mozilla/5.0 (Windows NT 10.0; Win64; x64) AppleWebKit/537.36 (KHTML, like Gecko) Chrome/92.0.4515.159 Safari/537.36 Edg/92.0.902.84"
138.21.12.24 - - [02/Sep/2021:14:38:43 +0200] "GET /reload?ser=1630586322644 HTTP/1.1" 200 28 "http://renault.2web.at/result?searchterm=true&search=arkana" "Mozilla/5.0 (Windows NT 10.0; Win64; x64) AppleWebKit/537.36 (KHTML, like Gecko) Chrome/93.0.4577.63 Safari/537.36"
138.21.12.23 - - [02/Sep/2021:14:39:37 +0200] "GET /reload?ser=1630586377537 HTTP/1.1" 200 28 "http://renault.activities.at/" "Mozilla/5.0 (Windows NT 10.0; Win64; x64) AppleWebKit/537.36 (KHTML, like Gecko) Chrome/91.0.4472.124 Safari/537.36"
80.122.221.194 - - [02/Sep/2021:14:39:40 +0200] "GET /reload?ser=1630586380164 HTTP/1.1" 200 1250 "http://renault.activities.at/success" "Mozilla/5.0 (Windows NT 10.0; Win64; x64) AppleWebKit/537.36 (KHTML, like Gecko) Chrome/92.0.4515.159 Safari/537.36 Edg/92.0.902.84"
194.118.189.54 - - [02/Sep/2021:14:39:39 +0200] "GET /reload?ser=1630586379918 HTTP/1.1" 200 28 "http://renault.activities.at/12438662" "Mozilla/5.0 (Windows NT 10.0; Win64; x64) AppleWebKit/537.36 (KHTML, like Gecko) Chrome/92.0.4515.159 Safari/537.36"
138.21.12.24 - - [02/Sep/2021:14:39:45 +0200] "GET /reload?ser=1630586384643 HTTP/1.1" 200 28 "http://renault.2web.at/result?searchterm=true&search=arkana" "Mozilla/5.0 (Windows NT 10.0; Win64; x64) AppleWebKit/537.36 (KHTML, like Gecko) Chrome/93.0.4577.63 Safari/537.36"
138.21.12.23 - - [02/Sep/2021:14:40:38 +0200] "GET /reload?ser=1630586438550 HTTP/1.1" 200 28 "http://renault.activities.at/" "Mozilla/5.0 (Windows NT 10.0; Win64; x64) AppleWebKit/537.36 (KHTML, like Gecko) Chrome/91.0.4472.124 Safari/537.36"
80.122.221.194 - - [02/Sep/2021:14:40:41 +0200] "GET /reload?ser=1630586441149 HTTP/1.1" 200 1245 "http://renault.activities.at/success" "Mozilla/5.0 (Windows NT 10.0; Win64; x64) AppleWebKit/537.36 (KHTML, like Gecko) Chrome/92.0.4515.159 Safari/537.36 Edg/92.0.902.84"
194.118.189.54 - - [02/Sep/2021:14:40:40 +0200] "GET /reload?ser=1630586440915 HTTP/1.1" 200 28 "http://renault.activities.at/12438662" "Mozilla/5.0 (Windows NT 10.0; Win64; x64) AppleWebKit/537.36 (KHTML, like Gecko) Chrome/92.0.4515.159 Safari/537.36"
138.21.12.24 - - [02/Sep/2021:14:40:47 +0200] "GET /reload?ser=1630586446645 HTTP/1.1" 200 28 "http://renault.2web.at/result?searchterm=true&search=arkana" "Mozilla/5.0 (Windows NT 10.0; Win64; x64) AppleWebKit/537.36 (KHTML, like Gecko) Chrome/93.0.4577.63 Safari/537.36"
138.21.12.23 - - [02/Sep/2021:14:41:39 +0200] "GET /reload?ser=1630586499538 HTTP/1.1" 200 28 "http://renault.activities.at/" "Mozilla/5.0 (Windows NT 10.0; Win64; x64) AppleWebKit/537.36 (KHTML, like Gecko) Chrome/91.0.4472.124 Safari/537.36"
80.122.221.194 - - [02/Sep/2021:14:41:42 +0200] "GET /reload?ser=1630586502153 HTTP/1.1" 200 1235 "http://renault.activities.at/success" "Mozilla/5.0 (Windows NT 10.0; Win64; x64) AppleWebKit/537.36 (KHTML, like Gecko) Chrome/92.0.4515.159 Safari/537.36 Edg/92.0.902.84"
194.118.189.54 - - [02/Sep/2021:14:41:41 +0200] "GET /reload?ser=1630586501909 HTTP/1.1" 200 28 "http://renault.activities.at/12438662" "Mozilla/5.0 (Windows NT 10.0; Win64; x64) AppleWebKit/537.36 (KHTML, like Gecko) Chrome/92.0.4515.159 Safari/537.36"
138.21.12.24 - - [02/Sep/2021:14:41:49 +0200] "GET /reload?ser=1630586508645 HTTP/1.1" 200 28 "http://renault.2web.at/result?searchterm=true&search=arkana" "Mozilla/5.0 (Windows NT 10.0; Win64; x64) AppleWebKit/537.36 (KHTML, like Gecko) Chrome/93.0.4577.63 Safari/537.36"
138.21.12.23 - - [02/Sep/2021:14:42:40 +0200] "GET /reload?ser=1630586560547 HTTP/1.1" 200 28 "http://renault.activities.at/" "Mozilla/5.0 (Windows NT 10.0; Win64; x64) AppleWebKit/537.36 (KHTML, like Gecko) Chrome/91.0.4472.124 Safari/537.36"
80.122.221.194 - - [02/Sep/2021:14:42:43 +0200] "GET /reload?ser=1630586563165 HTTP/1.1" 200 1244 "http://renault.activities.at/success" "Mozilla/5.0 (Windows NT 10.0; Win64; x64) AppleWebKit/537.36 (KHTML, like Gecko) Chrome/92.0.4515.159 Safari/537.36 Edg/92.0.902.84"
194.118.189.54 - - [02/Sep/2021:14:42:42 +0200] "GET /reload?ser=1630586562920 HTTP/1.1" 200 28 "http://renault.activities.at/12438662" "Mozilla/5.0 (Windows NT 10.0; Win64; x64) AppleWebKit/537.36 (KHTML, like Gecko) Chrome/92.0.4515.159 Safari/537.36"
138.21.12.24 - - [02/Sep/2021:14:42:51 +0200] "GET /reload?ser=1630586570646 HTTP/1.1" 200 28 "http://renault.2web.at/result?searchterm=true&search=arkana" "Mozilla/5.0 (Windows NT 10.0; Win64; x64) AppleWebKit/537.36 (KHTML, like Gecko) Chrome/93.0.4577.63 Safari/537.36"
138.21.12.23 - - [02/Sep/2021:14:43:41 +0200] "GET /reload?ser=1630586621539 HTTP/1.1" 200 28 "http://renault.activities.at/" "Mozilla/5.0 (Windows NT 10.0; Win64; x64) AppleWebKit/537.36 (KHTML, like Gecko) Chrome/91.0.4472.124 Safari/537.36"
80.122.221.194 - - [02/Sep/2021:14:43:44 +0200] "GET /reload?ser=1630586624161 HTTP/1.1" 200 1235 "http://renault.activities.at/success" "Mozilla/5.0 (Windows NT 10.0; Win64; x64) AppleWebKit/537.36 (KHTML, like Gecko) Chrome/92.0.4515.159 Safari/537.36 Edg/92.0.902.84"
194.118.189.54 - - [02/Sep/2021:14:43:43 +0200] "GET /reload?ser=1630586623907 HTTP/1.1" 200 28 "http://renault.activities.at/12438662" "Mozilla/5.0 (Windows NT 10.0; Win64; x64) AppleWebKit/537.36 (KHTML, like Gecko) Chrome/92.0.4515.159 Safari/537.36"
138.21.12.23 - - [02/Sep/2021:14:44:42 +0200] "GET /reload?ser=1630586682544 HTTP/1.1" 200 28 "http://renault.activities.at/" "Mozilla/5.0 (Windows NT 10.0; Win64; x64) AppleWebKit/537.36 (KHTML, like Gecko) Chrome/91.0.4472.124 Safari/537.36"
80.122.221.194 - - [02/Sep/2021:14:44:45 +0200] "GET /reload?ser=1630586685162 HTTP/1.1" 200 1235 "http://renault.activities.at/success" "Mozilla/5.0 (Windows NT 10.0; Win64; x64) AppleWebKit/537.36 (KHTML, like Gecko) Chrome/92.0.4515.159 Safari/537.36 Edg/92.0.902.84"
194.118.189.54 - - [02/Sep/2021:14:44:44 +0200] "GET /reload?ser=1630586684916 HTTP/1.1" 200 28 "http://renault.activities.at/12438662" "Mozilla/5.0 (Windows NT 10.0; Win64; x64) AppleWebKit/537.36 (KHTML, like Gecko) Chrome/92.0.4515.159 Safari/537.36"
138.21.12.23 - - [02/Sep/2021:14:45:43 +0200] "GET /reload?ser=1630586743544 HTTP/1.1" 200 28 "http://renault.activities.at/" "Mozilla/5.0 (Windows NT 10.0; Win64; x64) AppleWebKit/537.36 (KHTML, like Gecko) Chrome/91.0.4472.124 Safari/537.36"
80.122.221.194 - - [02/Sep/2021:14:45:46 +0200] "GET /reload?ser=1630586746149 HTTP/1.1" 200 1245 "http://renault.activities.at/success" "Mozilla/5.0 (Windows NT 10.0; Win64; x64) AppleWebKit/537.36 (KHTML, like Gecko) Chrome/92.0.4515.159 Safari/537.36 Edg/92.0.902.84"
194.118.189.54 - - [02/Sep/2021:14:45:45 +0200] "GET /reload?ser=1630586745912 HTTP/1.1" 200 28 "http://renault.activities.at/12438662" "Mozilla/5.0 (Windows NT 10.0; Win64; x64) AppleWebKit/537.36 (KHTML, like Gecko) Chrome/92.0.4515.159 Safari/537.36"
138.21.12.23 - - [02/Sep/2021:14:46:44 +0200] "GET /reload?ser=1630586804548 HTTP/1.1" 200 28 "http://renault.activities.at/" "Mozilla/5.0 (Windows NT 10.0; Win64; x64) AppleWebKit/537.36 (KHTML, like Gecko) Chrome/91.0.4472.124 Safari/537.36"
