80.120.148.242 - - [21/Sep/2021:15:09:32 +0200] "GET /images/button_bg.gif HTTP/1.1" 200 151 "http://renault.activities.at/css/styles.css" "Mozilla/5.0 (Windows NT 10.0; Win64; x64) AppleWebKit/537.36 (KHTML, like Gecko) Chrome/93.0.4577.82 Safari/537.36"
80.120.148.242 - - [21/Sep/2021:15:09:35 +0200] "POST /login HTTP/1.1" 302 140 "http://renault.activities.at/login" "Mozilla/5.0 (Windows NT 10.0; Win64; x64) AppleWebKit/537.36 (KHTML, like Gecko) Chrome/93.0.4577.82 Safari/537.36"
80.120.148.242 - - [21/Sep/2021:15:09:37 +0200] "GET /account HTTP/1.1" 200 5962 "http://renault.activities.at/login" "Mozilla/5.0 (Windows NT 10.0; Win64; x64) AppleWebKit/537.36 (KHTML, like Gecko) Chrome/93.0.4577.82 Safari/537.36"
80.120.148.242 - - [21/Sep/2021:15:09:40 +0200] "GET /loadthumbnail.php?id=12414625&width=50&height=50 HTTP/1.1" 200 1303 "http://renault.activities.at/account" "Mozilla/5.0 (Windows NT 10.0; Win64; x64) AppleWebKit/537.36 (KHTML, like Gecko) Chrome/93.0.4577.82 Safari/537.36"
80.120.148.242 - - [21/Sep/2021:15:09:41 +0200] "GET /js/account.js HTTP/1.1" 200 953 "http://renault.activities.at/account" "Mozilla/5.0 (Windows NT 10.0; Win64; x64) AppleWebKit/537.36 (KHTML, like Gecko) Chrome/93.0.4577.82 Safari/537.36"
80.120.148.242 - - [21/Sep/2021:15:09:41 +0200] "GET /images/sidebar_title_border_top.gif HTTP/1.1" 200 155 "http://renault.activities.at/css/styles.css" "Mozilla/5.0 (Windows NT 10.0; Win64; x64) AppleWebKit/537.36 (KHTML, like Gecko) Chrome/93.0.4577.82 Safari/537.36"
80.120.148.242 - - [21/Sep/2021:15:09:41 +0200] "GET /images/sidebar_title_border.gif HTTP/1.1" 200 43 "http://renault.activities.at/css/styles.css" "Mozilla/5.0 (Windows NT 10.0; Win64; x64) AppleWebKit/537.36 (KHTML, like Gecko) Chrome/93.0.4577.82 Safari/537.36"
80.120.148.242 - - [21/Sep/2021:15:09:41 +0200] "GET /images/sidebar_title_corner_left_top.gif HTTP/1.1" 200 1124 "http://renault.activities.at/css/styles.css" "Mozilla/5.0 (Windows NT 10.0; Win64; x64) AppleWebKit/537.36 (KHTML, like Gecko) Chrome/93.0.4577.82 Safari/537.36"
80.120.148.242 - - [21/Sep/2021:15:09:42 +0200] "GET /images/sidebar_title_corner_right_top.gif HTTP/1.1" 200 383 "http://renault.activities.at/css/styles.css" "Mozilla/5.0 (Windows NT 10.0; Win64; x64) AppleWebKit/537.36 (KHTML, like Gecko) Chrome/93.0.4577.82 Safari/537.36"
82.149.111.160 - - [21/Sep/2021:15:09:47 +0200] "GET /reload?ser=1632229786723 HTTP/1.1" 200 28 "http://renault.activities.at/result?searchterm=true&search=Duster" "Mozilla/5.0 (Windows NT 10.0; Win64; x64) AppleWebKit/537.36 (KHTML, like Gecko) Chrome/93.0.4577.82 Safari/537.36 Edg/93.0.961.52"
80.120.148.242 - - [21/Sep/2021:15:09:50 +0200] "POST /axjaxrequest?mode=suggest HTTP/1.1" 200 21 "http://renault.activities.at/account" "Mozilla/5.0 (Windows NT 10.0; Win64; x64) AppleWebKit/537.36 (KHTML, like Gecko) Chrome/93.0.4577.82 Safari/537.36"
80.120.148.242 - - [21/Sep/2021:15:09:50 +0200] "GET /result?searchterm=true&search=theke HTTP/1.1" 200 4573 "http://renault.activities.at/account" "Mozilla/5.0 (Windows NT 10.0; Win64; x64) AppleWebKit/537.36 (KHTML, like Gecko) Chrome/93.0.4577.82 Safari/537.36"
80.120.148.242 - - [21/Sep/2021:15:09:53 +0200] "GET /images/loading.gif HTTP/1.1" 200 3208 "http://renault.activities.at/result?searchterm=true&search=theke" "Mozilla/5.0 (Windows NT 10.0; Win64; x64) AppleWebKit/537.36 (KHTML, like Gecko) Chrome/93.0.4577.82 Safari/537.36"
80.120.148.242 - - [21/Sep/2021:15:09:53 +0200] "GET /js/prototip.js HTTP/1.1" 200 4588 "http://renault.activities.at/result?searchterm=true&search=theke" "Mozilla/5.0 (Windows NT 10.0; Win64; x64) AppleWebKit/537.36 (KHTML, like Gecko) Chrome/93.0.4577.82 Safari/537.36"
80.120.148.242 - - [21/Sep/2021:15:09:54 +0200] "GET /images/note_msg_icon.gif HTTP/1.1" 200 1022 "http://renault.activities.at/css/styles.css" "Mozilla/5.0 (Windows NT 10.0; Win64; x64) AppleWebKit/537.36 (KHTML, like Gecko) Chrome/93.0.4577.82 Safari/537.36"
80.120.148.242 - - [21/Sep/2021:15:10:00 +0200] "GET /result?searchterm=true&search=ZE HTTP/1.1" 200 8529 "http://renault.activities.at/result?searchterm=true&search=theke" "Mozilla/5.0 (Windows NT 10.0; Win64; x64) AppleWebKit/537.36 (KHTML, like Gecko) Chrome/93.0.4577.82 Safari/537.36"
80.120.148.242 - - [21/Sep/2021:15:10:00 +0200] "POST /axjaxrequest?mode=suggest HTTP/1.1" 200 409 "http://renault.activities.at/result?searchterm=true&search=theke" "Mozilla/5.0 (Windows NT 10.0; Win64; x64) AppleWebKit/537.36 (KHTML, like Gecko) Chrome/93.0.4577.82 Safari/537.36"
80.120.148.242 - - [21/Sep/2021:15:10:02 +0200] "GET /result?searchterm=true&search=ZE HTTP/1.1" 200 8529 "http://renault.activities.at/result?searchterm=true&search=theke" "Mozilla/5.0 (Windows NT 10.0; Win64; x64) AppleWebKit/537.36 (KHTML, like Gecko) Chrome/93.0.4577.82 Safari/537.36"
80.120.148.242 - - [21/Sep/2021:15:10:07 +0200] "GET /loadthumbnail.php?id=10203276 HTTP/1.1" 200 75 "http://renault.activities.at/result?searchterm=true&search=ZE" "Mozilla/5.0 (Windows NT 10.0; Win64; x64) AppleWebKit/537.36 (KHTML, like Gecko) Chrome/93.0.4577.82 Safari/537.36"
80.120.148.242 - - [21/Sep/2021:15:10:07 +0200] "GET /loadthumbnail.php?id=12431847&width=113 HTTP/1.1" 200 1733 "http://renault.activities.at/result?searchterm=true&search=ZE" "Mozilla/5.0 (Windows NT 10.0; Win64; x64) AppleWebKit/537.36 (KHTML, like Gecko) Chrome/93.0.4577.82 Safari/537.36"
80.120.148.242 - - [21/Sep/2021:15:10:07 +0200] "GET /loadthumbnail.php?id=10203255 HTTP/1.1" 200 137 "http://renault.activities.at/result?searchterm=true&search=ZE" "Mozilla/5.0 (Windows NT 10.0; Win64; x64) AppleWebKit/537.36 (KHTML, like Gecko) Chrome/93.0.4577.82 Safari/537.36"
80.120.148.242 - - [21/Sep/2021:15:10:07 +0200] "GET /loadthumbnail.php?id=12431848&width=113 HTTP/1.1" 200 1733 "http://renault.activities.at/result?searchterm=true&search=ZE" "Mozilla/5.0 (Windows NT 10.0; Win64; x64) AppleWebKit/537.36 (KHTML, like Gecko) Chrome/93.0.4577.82 Safari/537.36"
80.120.148.242 - - [21/Sep/2021:15:10:07 +0200] "GET /loadthumbnail.php?id=12198633&width=113 HTTP/1.1" 200 1975 "http://renault.activities.at/result?searchterm=true&search=ZE" "Mozilla/5.0 (Windows NT 10.0; Win64; x64) AppleWebKit/537.36 (KHTML, like Gecko) Chrome/93.0.4577.82 Safari/537.36"
80.120.148.242 - - [21/Sep/2021:15:10:07 +0200] "GET /loadthumbnail.php?id=12115542&width=113 HTTP/1.1" 200 6084 "http://renault.activities.at/result?searchterm=true&search=ZE" "Mozilla/5.0 (Windows NT 10.0; Win64; x64) AppleWebKit/537.36 (KHTML, like Gecko) Chrome/93.0.4577.82 Safari/537.36"
80.120.148.242 - - [21/Sep/2021:15:10:07 +0200] "GET /loadthumbnail.php?id=12255321&width=113 HTTP/1.1" 200 2018 "http://renault.activities.at/result?searchterm=true&search=ZE" "Mozilla/5.0 (Windows NT 10.0; Win64; x64) AppleWebKit/537.36 (KHTML, like Gecko) Chrome/93.0.4577.82 Safari/537.36"
80.120.148.242 - - [21/Sep/2021:15:10:07 +0200] "GET /loadthumbnail.php?id=10203650&width=113 HTTP/1.1" 200 2741 "http://renault.activities.at/result?searchterm=true&search=ZE" "Mozilla/5.0 (Windows NT 10.0; Win64; x64) AppleWebKit/537.36 (KHTML, like Gecko) Chrome/93.0.4577.82 Safari/537.36"
80.120.148.242 - - [21/Sep/2021:15:10:08 +0200] "GET /images/pager_bg.gif HTTP/1.1" 200 150 "http://renault.activities.at/css/styles.css" "Mozilla/5.0 (Windows NT 10.0; Win64; x64) AppleWebKit/537.36 (KHTML, like Gecko) Chrome/93.0.4577.82 Safari/537.36"
80.120.148.242 - - [21/Sep/2021:15:10:08 +0200] "GET /loadthumbnail.php?id=12333874&width=113 HTTP/1.1" 200 1957 "http://renault.activities.at/result?searchterm=true&search=ZE" "Mozilla/5.0 (Windows NT 10.0; Win64; x64) AppleWebKit/537.36 (KHTML, like Gecko) Chrome/93.0.4577.82 Safari/537.36"
80.120.148.242 - - [21/Sep/2021:15:10:08 +0200] "GET /loadthumbnail.php?id=12255323&width=113 HTTP/1.1" 200 2018 "http://renault.activities.at/result?searchterm=true&search=ZE" "Mozilla/5.0 (Windows NT 10.0; Win64; x64) AppleWebKit/537.36 (KHTML, like Gecko) Chrome/93.0.4577.82 Safari/537.36"
80.120.148.242 - - [21/Sep/2021:15:10:08 +0200] "GET /images/vista-up.gif HTTP/1.1" 200 131 "http://renault.activities.at/css/styles.css" "Mozilla/5.0 (Windows NT 10.0; Win64; x64) AppleWebKit/537.36 (KHTML, like Gecko) Chrome/93.0.4577.82 Safari/537.36"
80.120.148.242 - - [21/Sep/2021:15:10:08 +0200] "GET /images/vista-dn.gif HTTP/1.1" 200 128 "http://renault.activities.at/css/styles.css" "Mozilla/5.0 (Windows NT 10.0; Win64; x64) AppleWebKit/537.36 (KHTML, like Gecko) Chrome/93.0.4577.82 Safari/537.36"
80.120.148.242 - - [21/Sep/2021:15:10:08 +0200] "GET /loadthumbnail.php?id=11195848&width=113 HTTP/1.1" 200 2016 "http://renault.activities.at/result?searchterm=true&search=ZE" "Mozilla/5.0 (Windows NT 10.0; Win64; x64) AppleWebKit/537.36 (KHTML, like Gecko) Chrome/93.0.4577.82 Safari/537.36"
80.120.148.242 - - [21/Sep/2021:15:10:08 +0200] "GET /loadthumbnail.php?id=12358273&width=113 HTTP/1.1" 200 2569 "http://renault.activities.at/result?searchterm=true&search=ZE" "Mozilla/5.0 (Windows NT 10.0; Win64; x64) AppleWebKit/537.36 (KHTML, like Gecko) Chrome/93.0.4577.82 Safari/537.36"
80.120.148.242 - - [21/Sep/2021:15:10:08 +0200] "GET /loadthumbnail.php?id=12421074&width=113 HTTP/1.1" 200 1888 "http://renault.activities.at/result?searchterm=true&search=ZE" "Mozilla/5.0 (Windows NT 10.0; Win64; x64) AppleWebKit/537.36 (KHTML, like Gecko) Chrome/93.0.4577.82 Safari/537.36"
80.120.148.242 - - [21/Sep/2021:15:10:08 +0200] "GET /loadthumbnail.php?id=12333878&width=113 HTTP/1.1" 200 1913 "http://renault.activities.at/result?searchterm=true&search=ZE" "Mozilla/5.0 (Windows NT 10.0; Win64; x64) AppleWebKit/537.36 (KHTML, like Gecko) Chrome/93.0.4577.82 Safari/537.36"
80.120.148.242 - - [21/Sep/2021:15:10:08 +0200] "GET /loadthumbnail.php?id=12421078&width=113 HTTP/1.1" 200 1888 "http://renault.activities.at/result?searchterm=true&search=ZE" "Mozilla/5.0 (Windows NT 10.0; Win64; x64) AppleWebKit/537.36 (KHTML, like Gecko) Chrome/93.0.4577.82 Safari/537.36"
80.120.148.242 - - [21/Sep/2021:15:10:08 +0200] "GET /loadthumbnail.php?id=12421086&width=113 HTTP/1.1" 200 1910 "http://renault.activities.at/result?searchterm=true&search=ZE" "Mozilla/5.0 (Windows NT 10.0; Win64; x64) AppleWebKit/537.36 (KHTML, like Gecko) Chrome/93.0.4577.82 Safari/537.36"
80.120.148.242 - - [21/Sep/2021:15:10:08 +0200] "GET /loadthumbnail.php?id=12421082&width=113 HTTP/1.1" 200 1910 "http://renault.activities.at/result?searchterm=true&search=ZE" "Mozilla/5.0 (Windows NT 10.0; Win64; x64) AppleWebKit/537.36 (KHTML, like Gecko) Chrome/93.0.4577.82 Safari/537.36"
80.120.148.242 - - [21/Sep/2021:15:10:14 +0200] "GET /result?dir=DESC&mode=grid&order=name&limit=15&page=2&search=ZE HTTP/1.1" 200 8715 "http://renault.activities.at/result?searchterm=true&search=ZE" "Mozilla/5.0 (Windows NT 10.0; Win64; x64) AppleWebKit/537.36 (KHTML, like Gecko) Chrome/93.0.4577.82 Safari/537.36"
80.120.148.242 - - [21/Sep/2021:15:10:17 +0200] "GET /loadthumbnail.php?id=10203275 HTTP/1.1" 200 85 "http://renault.activities.at/result?dir=DESC&mode=grid&order=name&limit=15&page=2&search=ZE" "Mozilla/5.0 (Windows NT 10.0; Win64; x64) AppleWebKit/537.36 (KHTML, like Gecko) Chrome/93.0.4577.82 Safari/537.36"
80.120.148.242 - - [21/Sep/2021:15:10:17 +0200] "GET /loadthumbnail.php?id=12443321&width=113 HTTP/1.1" 200 2262 "http://renault.activities.at/result?dir=DESC&mode=grid&order=name&limit=15&page=2&search=ZE" "Mozilla/5.0 (Windows NT 10.0; Win64; x64) AppleWebKit/537.36 (KHTML, like Gecko) Chrome/93.0.4577.82 Safari/537.36"
80.120.148.242 - - [21/Sep/2021:15:10:17 +0200] "GET /loadthumbnail.php?id=12443320&width=113 HTTP/1.1" 200 2262 "http://renault.activities.at/result?dir=DESC&mode=grid&order=name&limit=15&page=2&search=ZE" "Mozilla/5.0 (Windows NT 10.0; Win64; x64) AppleWebKit/537.36 (KHTML, like Gecko) Chrome/93.0.4577.82 Safari/537.36"
80.120.148.242 - - [21/Sep/2021:15:10:17 +0200] "GET /loadthumbnail.php?id=12427346&width=113 HTTP/1.1" 200 1875 "http://renault.activities.at/result?dir=DESC&mode=grid&order=name&limit=15&page=2&search=ZE" "Mozilla/5.0 (Windows NT 10.0; Win64; x64) AppleWebKit/537.36 (KHTML, like Gecko) Chrome/93.0.4577.82 Safari/537.36"
80.120.148.242 - - [21/Sep/2021:15:10:17 +0200] "GET /loadthumbnail.php?id=12443325&width=113 HTTP/1.1" 200 2262 "http://renault.activities.at/result?dir=DESC&mode=grid&order=name&limit=15&page=2&search=ZE" "Mozilla/5.0 (Windows NT 10.0; Win64; x64) AppleWebKit/537.36 (KHTML, like Gecko) Chrome/93.0.4577.82 Safari/537.36"
80.120.148.242 - - [21/Sep/2021:15:10:17 +0200] "GET /loadthumbnail.php?id=12427345&width=113 HTTP/1.1" 200 1875 "http://renault.activities.at/result?dir=DESC&mode=grid&order=name&limit=15&page=2&search=ZE" "Mozilla/5.0 (Windows NT 10.0; Win64; x64) AppleWebKit/537.36 (KHTML, like Gecko) Chrome/93.0.4577.82 Safari/537.36"
80.120.148.242 - - [21/Sep/2021:15:10:18 +0200] "GET /loadthumbnail.php?id=12443382&width=113 HTTP/1.1" 200 2262 "http://renault.activities.at/result?dir=DESC&mode=grid&order=name&limit=15&page=2&search=ZE" "Mozilla/5.0 (Windows NT 10.0; Win64; x64) AppleWebKit/537.36 (KHTML, like Gecko) Chrome/93.0.4577.82 Safari/537.36"
80.120.148.242 - - [21/Sep/2021:15:10:18 +0200] "GET /loadthumbnail.php?id=11967854&width=113 HTTP/1.1" 200 2106 "http://renault.activities.at/result?dir=DESC&mode=grid&order=name&limit=15&page=2&search=ZE" "Mozilla/5.0 (Windows NT 10.0; Win64; x64) AppleWebKit/537.36 (KHTML, like Gecko) Chrome/93.0.4577.82 Safari/537.36"
80.120.148.242 - - [21/Sep/2021:15:10:18 +0200] "GET /loadthumbnail.php?id=12443383&width=113 HTTP/1.1" 200 2262 "http://renault.activities.at/result?dir=DESC&mode=grid&order=name&limit=15&page=2&search=ZE" "Mozilla/5.0 (Windows NT 10.0; Win64; x64) AppleWebKit/537.36 (KHTML, like Gecko) Chrome/93.0.4577.82 Safari/537.36"
80.120.148.242 - - [21/Sep/2021:15:10:18 +0200] "GET /loadthumbnail.php?id=12443381&width=113 HTTP/1.1" 200 2262 "http://renault.activities.at/result?dir=DESC&mode=grid&order=name&limit=15&page=2&search=ZE" "Mozilla/5.0 (Windows NT 10.0; Win64; x64) AppleWebKit/537.36 (KHTML, like Gecko) Chrome/93.0.4577.82 Safari/537.36"
80.120.148.242 - - [21/Sep/2021:15:10:18 +0200] "GET /loadthumbnail.php?id=10309491&width=113 HTTP/1.1" 200 2476 "http://renault.activities.at/result?dir=DESC&mode=grid&order=name&limit=15&page=2&search=ZE" "Mozilla/5.0 (Windows NT 10.0; Win64; x64) AppleWebKit/537.36 (KHTML, like Gecko) Chrome/93.0.4577.82 Safari/537.36"
80.120.148.242 - - [21/Sep/2021:15:10:18 +0200] "GET /loadthumbnail.php?id=12294747&width=113 HTTP/1.1" 200 20271 "http://renault.activities.at/result?dir=DESC&mode=grid&order=name&limit=15&page=2&search=ZE" "Mozilla/5.0 (Windows NT 10.0; Win64; x64) AppleWebKit/537.36 (KHTML, like Gecko) Chrome/93.0.4577.82 Safari/537.36"
80.120.148.242 - - [21/Sep/2021:15:10:18 +0200] "GET /loadthumbnail.php?id=10260190&width=113 HTTP/1.1" 200 4509 "http://renault.activities.at/result?dir=DESC&mode=grid&order=name&limit=15&page=2&search=ZE" "Mozilla/5.0 (Windows NT 10.0; Win64; x64) AppleWebKit/537.36 (KHTML, like Gecko) Chrome/93.0.4577.82 Safari/537.36"
80.120.148.242 - - [21/Sep/2021:15:10:18 +0200] "GET /loadthumbnail.php?id=10260174&width=113 HTTP/1.1" 200 3715 "http://renault.activities.at/result?dir=DESC&mode=grid&order=name&limit=15&page=2&search=ZE" "Mozilla/5.0 (Windows NT 10.0; Win64; x64) AppleWebKit/537.36 (KHTML, like Gecko) Chrome/93.0.4577.82 Safari/537.36"
138.21.12.23 - - [21/Sep/2021:15:10:20 +0200] "GET /reload?ser=1632229820802 HTTP/1.1" 200 28 "http://renault.activities.at/" "Mozilla/5.0 (Windows NT 10.0; Win64; x64) AppleWebKit/537.36 (KHTML, like Gecko) Chrome/91.0.4472.124 Safari/537.36"
80.120.148.242 - - [21/Sep/2021:15:10:23 +0200] "GET /result?dir=DESC&mode=grid&order=name&limit=50&search=ZE HTTP/1.1" 200 13337 "http://renault.activities.at/result?dir=DESC&mode=grid&order=name&limit=15&page=2&search=ZE" "Mozilla/5.0 (Windows NT 10.0; Win64; x64) AppleWebKit/537.36 (KHTML, like Gecko) Chrome/93.0.4577.82 Safari/537.36"
80.120.148.242 - - [21/Sep/2021:15:10:30 +0200] "GET /loadthumbnail.php?id=11730239&width=113 HTTP/1.1" 200 4665 "http://renault.activities.at/result?dir=DESC&mode=grid&order=name&limit=50&search=ZE" "Mozilla/5.0 (Windows NT 10.0; Win64; x64) AppleWebKit/537.36 (KHTML, like Gecko) Chrome/93.0.4577.82 Safari/537.36"
80.120.148.242 - - [21/Sep/2021:15:10:30 +0200] "GET /loadthumbnail.php?id=12453155&width=113 HTTP/1.1" 200 1756 "http://renault.activities.at/result?dir=DESC&mode=grid&order=name&limit=50&search=ZE" "Mozilla/5.0 (Windows NT 10.0; Win64; x64) AppleWebKit/537.36 (KHTML, like Gecko) Chrome/93.0.4577.82 Safari/537.36"
80.120.148.242 - - [21/Sep/2021:15:10:30 +0200] "GET /loadthumbnail.php?id=10986339&width=113 HTTP/1.1" 200 3068 "http://renault.activities.at/result?dir=DESC&mode=grid&order=name&limit=50&search=ZE" "Mozilla/5.0 (Windows NT 10.0; Win64; x64) AppleWebKit/537.36 (KHTML, like Gecko) Chrome/93.0.4577.82 Safari/537.36"
80.120.148.242 - - [21/Sep/2021:15:10:30 +0200] "GET /loadthumbnail.php?id=12453160&width=113 HTTP/1.1" 200 2030 "http://renault.activities.at/result?dir=DESC&mode=grid&order=name&limit=50&search=ZE" "Mozilla/5.0 (Windows NT 10.0; Win64; x64) AppleWebKit/537.36 (KHTML, like Gecko) Chrome/93.0.4577.82 Safari/537.36"
80.120.148.242 - - [21/Sep/2021:15:10:30 +0200] "GET /loadthumbnail.php?id=12453159&width=113 HTTP/1.1" 200 1910 "http://renault.activities.at/result?dir=DESC&mode=grid&order=name&limit=50&search=ZE" "Mozilla/5.0 (Windows NT 10.0; Win64; x64) AppleWebKit/537.36 (KHTML, like Gecko) Chrome/93.0.4577.82 Safari/537.36"
80.120.148.242 - - [21/Sep/2021:15:10:30 +0200] "GET /loadthumbnail.php?id=12453153&width=113 HTTP/1.1" 200 1915 "http://renault.activities.at/result?dir=DESC&mode=grid&order=name&limit=50&search=ZE" "Mozilla/5.0 (Windows NT 10.0; Win64; x64) AppleWebKit/537.36 (KHTML, like Gecko) Chrome/93.0.4577.82 Safari/537.36"
80.120.148.242 - - [21/Sep/2021:15:10:30 +0200] "GET /loadthumbnail.php?id=12444929&width=113 HTTP/1.1" 200 1995 "http://renault.activities.at/result?dir=DESC&mode=grid&order=name&limit=50&search=ZE" "Mozilla/5.0 (Windows NT 10.0; Win64; x64) AppleWebKit/537.36 (KHTML, like Gecko) Chrome/93.0.4577.82 Safari/537.36"
80.120.148.242 - - [21/Sep/2021:15:10:30 +0200] "GET /loadthumbnail.php?id=12444925&width=113 HTTP/1.1" 200 1754 "http://renault.activities.at/result?dir=DESC&mode=grid&order=name&limit=50&search=ZE" "Mozilla/5.0 (Windows NT 10.0; Win64; x64) AppleWebKit/537.36 (KHTML, like Gecko) Chrome/93.0.4577.82 Safari/537.36"
80.120.148.242 - - [21/Sep/2021:15:10:30 +0200] "GET /loadthumbnail.php?id=11036127&width=113 HTTP/1.1" 200 1099 "http://renault.activities.at/result?dir=DESC&mode=grid&order=name&limit=50&search=ZE" "Mozilla/5.0 (Windows NT 10.0; Win64; x64) AppleWebKit/537.36 (KHTML, like Gecko) Chrome/93.0.4577.82 Safari/537.36"
80.120.148.242 - - [21/Sep/2021:15:10:30 +0200] "GET /loadthumbnail.php?id=10261230&width=113 HTTP/1.1" 200 1170 "http://renault.activities.at/result?dir=DESC&mode=grid&order=name&limit=50&search=ZE" "Mozilla/5.0 (Windows NT 10.0; Win64; x64) AppleWebKit/537.36 (KHTML, like Gecko) Chrome/93.0.4577.82 Safari/537.36"
80.120.148.242 - - [21/Sep/2021:15:10:30 +0200] "GET /loadthumbnail.php?id=10260910&width=113 HTTP/1.1" 200 3135 "http://renault.activities.at/result?dir=DESC&mode=grid&order=name&limit=50&search=ZE" "Mozilla/5.0 (Windows NT 10.0; Win64; x64) AppleWebKit/537.36 (KHTML, like Gecko) Chrome/93.0.4577.82 Safari/537.36"
80.120.148.242 - - [21/Sep/2021:15:10:30 +0200] "GET /loadthumbnail.php?id=10260877&width=113 HTTP/1.1" 200 1170 "http://renault.activities.at/result?dir=DESC&mode=grid&order=name&limit=50&search=ZE" "Mozilla/5.0 (Windows NT 10.0; Win64; x64) AppleWebKit/537.36 (KHTML, like Gecko) Chrome/93.0.4577.82 Safari/537.36"
80.120.148.242 - - [21/Sep/2021:15:10:30 +0200] "GET /loadthumbnail.php?id=11036339&width=113 HTTP/1.1" 200 1330 "http://renault.activities.at/result?dir=DESC&mode=grid&order=name&limit=50&search=ZE" "Mozilla/5.0 (Windows NT 10.0; Win64; x64) AppleWebKit/537.36 (KHTML, like Gecko) Chrome/93.0.4577.82 Safari/537.36"
80.120.148.242 - - [21/Sep/2021:15:10:30 +0200] "GET /loadthumbnail.php?id=11255648&width=113 HTTP/1.1" 200 1285 "http://renault.activities.at/result?dir=DESC&mode=grid&order=name&limit=50&search=ZE" "Mozilla/5.0 (Windows NT 10.0; Win64; x64) AppleWebKit/537.36 (KHTML, like Gecko) Chrome/93.0.4577.82 Safari/537.36"
80.120.148.242 - - [21/Sep/2021:15:10:30 +0200] "GET /loadthumbnail.php?id=10260863&width=113 HTTP/1.1" 200 1170 "http://renault.activities.at/result?dir=DESC&mode=grid&order=name&limit=50&search=ZE" "Mozilla/5.0 (Windows NT 10.0; Win64; x64) AppleWebKit/537.36 (KHTML, like Gecko) Chrome/93.0.4577.82 Safari/537.36"
80.120.148.242 - - [21/Sep/2021:15:10:30 +0200] "GET /loadthumbnail.php?id=12294743&width=113 HTTP/1.1" 200 2695 "http://renault.activities.at/result?dir=DESC&mode=grid&order=name&limit=50&search=ZE" "Mozilla/5.0 (Windows NT 10.0; Win64; x64) AppleWebKit/537.36 (KHTML, like Gecko) Chrome/93.0.4577.82 Safari/537.36"
80.120.148.242 - - [21/Sep/2021:15:10:30 +0200] "GET /loadthumbnail.php?id=11036124&width=113 HTTP/1.1" 200 1328 "http://renault.activities.at/result?dir=DESC&mode=grid&order=name&limit=50&search=ZE" "Mozilla/5.0 (Windows NT 10.0; Win64; x64) AppleWebKit/537.36 (KHTML, like Gecko) Chrome/93.0.4577.82 Safari/537.36"
80.120.148.242 - - [21/Sep/2021:15:10:30 +0200] "GET /loadthumbnail.php?id=10260861&width=113 HTTP/1.1" 200 1170 "http://renault.activities.at/result?dir=DESC&mode=grid&order=name&limit=50&search=ZE" "Mozilla/5.0 (Windows NT 10.0; Win64; x64) AppleWebKit/537.36 (KHTML, like Gecko) Chrome/93.0.4577.82 Safari/537.36"
80.120.148.242 - - [21/Sep/2021:15:10:30 +0200] "GET /loadthumbnail.php?id=11885850&width=113 HTTP/1.1" 200 1552 "http://renault.activities.at/result?dir=DESC&mode=grid&order=name&limit=50&search=ZE" "Mozilla/5.0 (Windows NT 10.0; Win64; x64) AppleWebKit/537.36 (KHTML, like Gecko) Chrome/93.0.4577.82 Safari/537.36"
82.149.111.160 - - [21/Sep/2021:15:10:48 +0200] "GET /reload?ser=1632229848014 HTTP/1.1" 200 28 "http://renault.activities.at/result?searchterm=true&search=Duster" "Mozilla/5.0 (Windows NT 10.0; Win64; x64) AppleWebKit/537.36 (KHTML, like Gecko) Chrome/93.0.4577.82 Safari/537.36 Edg/93.0.961.52"
62.93.3.144 - - [21/Sep/2021:15:10:53 +0200] "GET / HTTP/1.1" 200 3086 "https://www.google.com/" "Mozilla/5.0 (Windows NT 10.0; Win64; x64) AppleWebKit/537.36 (KHTML, like Gecko) Chrome/93.0.4577.82 Safari/537.36"
62.93.3.144 - - [21/Sep/2021:15:10:54 +0200] "GET /js/default.js HTTP/1.1" 200 14698 "http://renault.activities.at/" "Mozilla/5.0 (Windows NT 10.0; Win64; x64) AppleWebKit/537.36 (KHTML, like Gecko) Chrome/93.0.4577.82 Safari/537.36"
62.93.3.144 - - [21/Sep/2021:15:10:54 +0200] "GET /css/clears.css HTTP/1.1" 200 851 "http://renault.activities.at/" "Mozilla/5.0 (Windows NT 10.0; Win64; x64) AppleWebKit/537.36 (KHTML, like Gecko) Chrome/93.0.4577.82 Safari/537.36"
62.93.3.144 - - [21/Sep/2021:15:10:54 +0200] "GET /js/checkout.css HTTP/1.1" 200 359 "http://renault.activities.at/" "Mozilla/5.0 (Windows NT 10.0; Win64; x64) AppleWebKit/537.36 (KHTML, like Gecko) Chrome/93.0.4577.82 Safari/537.36"
62.93.3.144 - - [21/Sep/2021:15:10:54 +0200] "GET /css/styles.css HTTP/1.1" 200 14664 "http://renault.activities.at/" "Mozilla/5.0 (Windows NT 10.0; Win64; x64) AppleWebKit/537.36 (KHTML, like Gecko) Chrome/93.0.4577.82 Safari/537.36"
80.120.148.242 - - [21/Sep/2021:15:10:48 +0200] "GET /result?dir=DESC&mode=grid&order=name&limit=50&page=2&search=ZE HTTP/1.1" 200 13480 "http://renault.activities.at/result?dir=DESC&mode=grid&order=name&limit=50&search=ZE" "Mozilla/5.0 (Windows NT 10.0; Win64; x64) AppleWebKit/537.36 (KHTML, like Gecko) Chrome/93.0.4577.82 Safari/537.36"
62.93.3.144 - - [21/Sep/2021:15:10:55 +0200] "GET /css/themes/default.css HTTP/1.1" 200 769 "http://renault.activities.at/" "Mozilla/5.0 (Windows NT 10.0; Win64; x64) AppleWebKit/537.36 (KHTML, like Gecko) Chrome/93.0.4577.82 Safari/537.36"
62.93.3.144 - - [21/Sep/2021:15:10:55 +0200] "GET /css/prototip.css HTTP/1.1" 200 968 "http://renault.activities.at/" "Mozilla/5.0 (Windows NT 10.0; Win64; x64) AppleWebKit/537.36 (KHTML, like Gecko) Chrome/93.0.4577.82 Safari/537.36"
62.93.3.144 - - [21/Sep/2021:15:10:55 +0200] "GET /css/reset.css HTTP/1.1" 200 1356 "http://renault.activities.at/" "Mozilla/5.0 (Windows NT 10.0; Win64; x64) AppleWebKit/537.36 (KHTML, like Gecko) Chrome/93.0.4577.82 Safari/537.36"
80.120.148.242 - - [21/Sep/2021:15:10:55 +0200] "GET /loadthumbnail.php?id=10260875&width=113 HTTP/1.1" 200 1170 "http://renault.activities.at/result?dir=DESC&mode=grid&order=name&limit=50&page=2&search=ZE" "Mozilla/5.0 (Windows NT 10.0; Win64; x64) AppleWebKit/537.36 (KHTML, like Gecko) Chrome/93.0.4577.82 Safari/537.36"
62.93.3.144 - - [21/Sep/2021:15:10:55 +0200] "GET /css/themes/alphacube.css HTTP/1.1" 200 743 "http://renault.activities.at/" "Mozilla/5.0 (Windows NT 10.0; Win64; x64) AppleWebKit/537.36 (KHTML, like Gecko) Chrome/93.0.4577.82 Safari/537.36"
80.120.148.242 - - [21/Sep/2021:15:10:55 +0200] "GET /loadthumbnail.php?id=10915652&width=113 HTTP/1.1" 200 1387 "http://renault.activities.at/result?dir=DESC&mode=grid&order=name&limit=50&page=2&search=ZE" "Mozilla/5.0 (Windows NT 10.0; Win64; x64) AppleWebKit/537.36 (KHTML, like Gecko) Chrome/93.0.4577.82 Safari/537.36"
80.120.148.242 - - [21/Sep/2021:15:10:55 +0200] "GET /loadthumbnail.php?id=11885851&width=113 HTTP/1.1" 200 1576 "http://renault.activities.at/result?dir=DESC&mode=grid&order=name&limit=50&page=2&search=ZE" "Mozilla/5.0 (Windows NT 10.0; Win64; x64) AppleWebKit/537.36 (KHTML, like Gecko) Chrome/93.0.4577.82 Safari/537.36"
80.120.148.242 - - [21/Sep/2021:15:10:55 +0200] "GET /loadthumbnail.php?id=11036126&width=113 HTTP/1.1" 200 1377 "http://renault.activities.at/result?dir=DESC&mode=grid&order=name&limit=50&page=2&search=ZE" "Mozilla/5.0 (Windows NT 10.0; Win64; x64) AppleWebKit/537.36 (KHTML, like Gecko) Chrome/93.0.4577.82 Safari/537.36"
80.120.148.242 - - [21/Sep/2021:15:10:55 +0200] "GET /loadthumbnail.php?id=10915886&width=113 HTTP/1.1" 200 1376 "http://renault.activities.at/result?dir=DESC&mode=grid&order=name&limit=50&page=2&search=ZE" "Mozilla/5.0 (Windows NT 10.0; Win64; x64) AppleWebKit/537.36 (KHTML, like Gecko) Chrome/93.0.4577.82 Safari/537.36"
80.120.148.242 - - [21/Sep/2021:15:10:55 +0200] "GET /loadthumbnail.php?id=10919466&width=113 HTTP/1.1" 200 1477 "http://renault.activities.at/result?dir=DESC&mode=grid&order=name&limit=50&page=2&search=ZE" "Mozilla/5.0 (Windows NT 10.0; Win64; x64) AppleWebKit/537.36 (KHTML, like Gecko) Chrome/93.0.4577.82 Safari/537.36"
62.93.3.144 - - [21/Sep/2021:15:10:55 +0200] "GET /js/index.php?c=auto&f=,prototype/prototype.js,prototype/validation.js,scriptaculous/builder.js,scriptaculous/effects.js,scriptaculous/dragdrop.js,scriptaculous/controls.js,scriptaculous/slider.js,varien/js.js,varien/form.js,varien/menu.js,mage/translate.js,mage/cookies.js,varien/product.js,spinner/SpinnerControl.jsmin.js,prototype/window.js,prototype/window_ext.js HTTP/1.1" 200 94182 "http://renault.activities.at/" "Mozilla/5.0 (Windows NT 10.0; Win64; x64) AppleWebKit/537.36 (KHTML, like Gecko) Chrome/93.0.4577.82 Safari/537.36"
80.120.148.242 - - [21/Sep/2021:15:10:55 +0200] "GET /loadthumbnail.php?id=11243081&width=113 HTTP/1.1" 200 1218 "http://renault.activities.at/result?dir=DESC&mode=grid&order=name&limit=50&page=2&search=ZE" "Mozilla/5.0 (Windows NT 10.0; Win64; x64) AppleWebKit/537.36 (KHTML, like Gecko) Chrome/93.0.4577.82 Safari/537.36"
80.120.148.242 - - [21/Sep/2021:15:10:55 +0200] "GET /loadthumbnail.php?id=10260890&width=113 HTTP/1.1" 200 1170 "http://renault.activities.at/result?dir=DESC&mode=grid&order=name&limit=50&page=2&search=ZE" "Mozilla/5.0 (Windows NT 10.0; Win64; x64) AppleWebKit/537.36 (KHTML, like Gecko) Chrome/93.0.4577.82 Safari/537.36"
80.120.148.242 - - [21/Sep/2021:15:10:55 +0200] "GET /loadthumbnail.php?id=12244847&width=113 HTTP/1.1" 200 5903 "http://renault.activities.at/result?dir=DESC&mode=grid&order=name&limit=50&page=2&search=ZE" "Mozilla/5.0 (Windows NT 10.0; Win64; x64) AppleWebKit/537.36 (KHTML, like Gecko) Chrome/93.0.4577.82 Safari/537.36"
80.120.148.242 - - [21/Sep/2021:15:10:55 +0200] "GET /loadthumbnail.php?id=12332933&width=113 HTTP/1.1" 200 1397 "http://renault.activities.at/result?dir=DESC&mode=grid&order=name&limit=50&page=2&search=ZE" "Mozilla/5.0 (Windows NT 10.0; Win64; x64) AppleWebKit/537.36 (KHTML, like Gecko) Chrome/93.0.4577.82 Safari/537.36"
80.120.148.242 - - [21/Sep/2021:15:10:55 +0200] "GET /loadthumbnail.php?id=10995605&width=113 HTTP/1.1" 200 1252 "http://renault.activities.at/result?dir=DESC&mode=grid&order=name&limit=50&page=2&search=ZE" "Mozilla/5.0 (Windows NT 10.0; Win64; x64) AppleWebKit/537.36 (KHTML, like Gecko) Chrome/93.0.4577.82 Safari/537.36"
80.120.148.242 - - [21/Sep/2021:15:10:55 +0200] "GET /loadthumbnail.php?id=11141133&width=113 HTTP/1.1" 200 1050 "http://renault.activities.at/result?dir=DESC&mode=grid&order=name&limit=50&page=2&search=ZE" "Mozilla/5.0 (Windows NT 10.0; Win64; x64) AppleWebKit/537.36 (KHTML, like Gecko) Chrome/93.0.4577.82 Safari/537.36"
80.120.148.242 - - [21/Sep/2021:15:10:55 +0200] "GET /loadthumbnail.php?id=12244843&width=113 HTTP/1.1" 200 6390 "http://renault.activities.at/result?dir=DESC&mode=grid&order=name&limit=50&page=2&search=ZE" "Mozilla/5.0 (Windows NT 10.0; Win64; x64) AppleWebKit/537.36 (KHTML, like Gecko) Chrome/93.0.4577.82 Safari/537.36"
80.120.148.242 - - [21/Sep/2021:15:10:55 +0200] "GET /loadthumbnail.php?id=12244856&width=113 HTTP/1.1" 200 5659 "http://renault.activities.at/result?dir=DESC&mode=grid&order=name&limit=50&page=2&search=ZE" "Mozilla/5.0 (Windows NT 10.0; Win64; x64) AppleWebKit/537.36 (KHTML, like Gecko) Chrome/93.0.4577.82 Safari/537.36"
80.120.148.242 - - [21/Sep/2021:15:10:55 +0200] "GET /loadthumbnail.php?id=11730248&width=113 HTTP/1.1" 200 4910 "http://renault.activities.at/result?dir=DESC&mode=grid&order=name&limit=50&page=2&search=ZE" "Mozilla/5.0 (Windows NT 10.0; Win64; x64) AppleWebKit/537.36 (KHTML, like Gecko) Chrome/93.0.4577.82 Safari/537.36"
80.120.148.242 - - [21/Sep/2021:15:10:55 +0200] "GET /loadthumbnail.php?id=11967858&width=113 HTTP/1.1" 200 1835 "http://renault.activities.at/result?dir=DESC&mode=grid&order=name&limit=50&page=2&search=ZE" "Mozilla/5.0 (Windows NT 10.0; Win64; x64) AppleWebKit/537.36 (KHTML, like Gecko) Chrome/93.0.4577.82 Safari/537.36"
80.120.148.242 - - [21/Sep/2021:15:10:55 +0200] "GET /loadthumbnail.php?id=12333924&width=113 HTTP/1.1" 200 3071 "http://renault.activities.at/result?dir=DESC&mode=grid&order=name&limit=50&page=2&search=ZE" "Mozilla/5.0 (Windows NT 10.0; Win64; x64) AppleWebKit/537.36 (KHTML, like Gecko) Chrome/93.0.4577.82 Safari/537.36"
80.120.148.242 - - [21/Sep/2021:15:10:55 +0200] "GET /loadthumbnail.php?id=12364770&width=113 HTTP/1.1" 200 8925 "http://renault.activities.at/result?dir=DESC&mode=grid&order=name&limit=50&page=2&search=ZE" "Mozilla/5.0 (Windows NT 10.0; Win64; x64) AppleWebKit/537.36 (KHTML, like Gecko) Chrome/93.0.4577.82 Safari/537.36"
80.120.148.242 - - [21/Sep/2021:15:10:55 +0200] "GET /loadthumbnail.php?id=12334033&width=113 HTTP/1.1" 200 3232 "http://renault.activities.at/result?dir=DESC&mode=grid&order=name&limit=50&page=2&search=ZE" "Mozilla/5.0 (Windows NT 10.0; Win64; x64) AppleWebKit/537.36 (KHTML, like Gecko) Chrome/93.0.4577.82 Safari/537.36"
80.120.148.242 - - [21/Sep/2021:15:10:55 +0200] "GET /loadthumbnail.php?id=11538169&width=113 HTTP/1.1" 200 20088 "http://renault.activities.at/result?dir=DESC&mode=grid&order=name&limit=50&page=2&search=ZE" "Mozilla/5.0 (Windows NT 10.0; Win64; x64) AppleWebKit/537.36 (KHTML, like Gecko) Chrome/93.0.4577.82 Safari/537.36"
80.120.148.242 - - [21/Sep/2021:15:10:55 +0200] "GET /loadthumbnail.php?id=11877752&width=113 HTTP/1.1" 200 41752 "http://renault.activities.at/result?dir=DESC&mode=grid&order=name&limit=50&page=2&search=ZE" "Mozilla/5.0 (Windows NT 10.0; Win64; x64) AppleWebKit/537.36 (KHTML, like Gecko) Chrome/93.0.4577.82 Safari/537.36"
80.120.148.242 - - [21/Sep/2021:15:10:55 +0200] "GET /loadthumbnail.php?id=12230773&width=113 HTTP/1.1" 200 39654 "http://renault.activities.at/result?dir=DESC&mode=grid&order=name&limit=50&page=2&search=ZE" "Mozilla/5.0 (Windows NT 10.0; Win64; x64) AppleWebKit/537.36 (KHTML, like Gecko) Chrome/93.0.4577.82 Safari/537.36"
80.120.148.242 - - [21/Sep/2021:15:10:55 +0200] "GET /loadthumbnail.php?id=12140010&width=113 HTTP/1.1" 200 28414 "http://renault.activities.at/result?dir=DESC&mode=grid&order=name&limit=50&page=2&search=ZE" "Mozilla/5.0 (Windows NT 10.0; Win64; x64) AppleWebKit/537.36 (KHTML, like Gecko) Chrome/93.0.4577.82 Safari/537.36"
80.120.148.242 - - [21/Sep/2021:15:10:55 +0200] "GET /loadthumbnail.php?id=11319988&width=113 HTTP/1.1" 200 44228 "http://renault.activities.at/result?dir=DESC&mode=grid&order=name&limit=50&page=2&search=ZE" "Mozilla/5.0 (Windows NT 10.0; Win64; x64) AppleWebKit/537.36 (KHTML, like Gecko) Chrome/93.0.4577.82 Safari/537.36"
62.93.3.144 - - [21/Sep/2021:15:10:56 +0200] "GET /js/flashdetection.js HTTP/1.1" 200 1059 "http://renault.activities.at/" "Mozilla/5.0 (Windows NT 10.0; Win64; x64) AppleWebKit/537.36 (KHTML, like Gecko) Chrome/93.0.4577.82 Safari/537.36"
80.120.148.242 - - [21/Sep/2021:15:10:56 +0200] "GET /loadthumbnail.php?id=12139710&width=113 HTTP/1.1" 200 34483 "http://renault.activities.at/result?dir=DESC&mode=grid&order=name&limit=50&page=2&search=ZE" "Mozilla/5.0 (Windows NT 10.0; Win64; x64) AppleWebKit/537.36 (KHTML, like Gecko) Chrome/93.0.4577.82 Safari/537.36"
80.120.148.242 - - [21/Sep/2021:15:10:56 +0200] "GET /loadthumbnail.php?id=11319983&width=113 HTTP/1.1" 200 38992 "http://renault.activities.at/result?dir=DESC&mode=grid&order=name&limit=50&page=2&search=ZE" "Mozilla/5.0 (Windows NT 10.0; Win64; x64) AppleWebKit/537.36 (KHTML, like Gecko) Chrome/93.0.4577.82 Safari/537.36"
80.120.148.242 - - [21/Sep/2021:15:10:56 +0200] "GET /loadthumbnail.php?id=11031880&width=113 HTTP/1.1" 200 39263 "http://renault.activities.at/result?dir=DESC&mode=grid&order=name&limit=50&page=2&search=ZE" "Mozilla/5.0 (Windows NT 10.0; Win64; x64) AppleWebKit/537.36 (KHTML, like Gecko) Chrome/93.0.4577.82 Safari/537.36"
80.120.148.242 - - [21/Sep/2021:15:10:56 +0200] "GET /loadthumbnail.php?id=11715013&width=113 HTTP/1.1" 200 33856 "http://renault.activities.at/result?dir=DESC&mode=grid&order=name&limit=50&page=2&search=ZE" "Mozilla/5.0 (Windows NT 10.0; Win64; x64) AppleWebKit/537.36 (KHTML, like Gecko) Chrome/93.0.4577.82 Safari/537.36"
62.93.3.144 - - [21/Sep/2021:15:10:56 +0200] "GET /images/header_block_border.gif HTTP/1.1" 200 43 "http://renault.activities.at/css/styles.css" "Mozilla/5.0 (Windows NT 10.0; Win64; x64) AppleWebKit/537.36 (KHTML, like Gecko) Chrome/93.0.4577.82 Safari/537.36"
80.120.148.242 - - [21/Sep/2021:15:10:56 +0200] "GET /loadthumbnail.php?id=11877757&width=113 HTTP/1.1" 200 32396 "http://renault.activities.at/result?dir=DESC&mode=grid&order=name&limit=50&page=2&search=ZE" "Mozilla/5.0 (Windows NT 10.0; Win64; x64) AppleWebKit/537.36 (KHTML, like Gecko) Chrome/93.0.4577.82 Safari/537.36"
62.93.3.144 - - [21/Sep/2021:15:10:56 +0200] "GET /css/print.css HTTP/1.1" 200 543 "http://renault.activities.at/" "Mozilla/5.0 (Windows NT 10.0; Win64; x64) AppleWebKit/537.36 (KHTML, like Gecko) Chrome/93.0.4577.82 Safari/537.36"
80.120.148.242 - - [21/Sep/2021:15:10:56 +0200] "GET /loadthumbnail.php?id=12017023&width=113 HTTP/1.1" 200 34650 "http://renault.activities.at/result?dir=DESC&mode=grid&order=name&limit=50&page=2&search=ZE" "Mozilla/5.0 (Windows NT 10.0; Win64; x64) AppleWebKit/537.36 (KHTML, like Gecko) Chrome/93.0.4577.82 Safari/537.36"
62.93.3.144 - - [21/Sep/2021:15:10:56 +0200] "GET /images/main_block_corner_right_bot.gif HTTP/1.1" 200 158 "http://renault.activities.at/css/styles.css" "Mozilla/5.0 (Windows NT 10.0; Win64; x64) AppleWebKit/537.36 (KHTML, like Gecko) Chrome/93.0.4577.82 Safari/537.36"
62.93.3.144 - - [21/Sep/2021:15:10:56 +0200] "GET /images/main_block_border.gif HTTP/1.1" 200 43 "http://renault.activities.at/css/styles.css" "Mozilla/5.0 (Windows NT 10.0; Win64; x64) AppleWebKit/537.36 (KHTML, like Gecko) Chrome/93.0.4577.82 Safari/537.36"
80.120.148.242 - - [21/Sep/2021:15:10:56 +0200] "GET /loadthumbnail.php?id=12034916&width=113 HTTP/1.1" 200 5915 "http://renault.activities.at/result?dir=DESC&mode=grid&order=name&limit=50&page=2&search=ZE" "Mozilla/5.0 (Windows NT 10.0; Win64; x64) AppleWebKit/537.36 (KHTML, like Gecko) Chrome/93.0.4577.82 Safari/537.36"
80.120.148.242 - - [21/Sep/2021:15:10:56 +0200] "GET /loadthumbnail.php?id=11342067&width=113 HTTP/1.1" 200 21913 "http://renault.activities.at/result?dir=DESC&mode=grid&order=name&limit=50&page=2&search=ZE" "Mozilla/5.0 (Windows NT 10.0; Win64; x64) AppleWebKit/537.36 (KHTML, like Gecko) Chrome/93.0.4577.82 Safari/537.36"
80.120.148.242 - - [21/Sep/2021:15:10:56 +0200] "GET /loadthumbnail.php?id=11342066&width=113 HTTP/1.1" 200 28015 "http://renault.activities.at/result?dir=DESC&mode=grid&order=name&limit=50&page=2&search=ZE" "Mozilla/5.0 (Windows NT 10.0; Win64; x64) AppleWebKit/537.36 (KHTML, like Gecko) Chrome/93.0.4577.82 Safari/537.36"
62.93.3.144 - - [21/Sep/2021:15:10:56 +0200] "GET /images/header_block_corner_left_top.gif HTTP/1.1" 200 160 "http://renault.activities.at/css/styles.css" "Mozilla/5.0 (Windows NT 10.0; Win64; x64) AppleWebKit/537.36 (KHTML, like Gecko) Chrome/93.0.4577.82 Safari/537.36"
62.93.3.144 - - [21/Sep/2021:15:10:56 +0200] "GET /images/main_block_corner_left_bot.gif HTTP/1.1" 200 159 "http://renault.activities.at/css/styles.css" "Mozilla/5.0 (Windows NT 10.0; Win64; x64) AppleWebKit/537.36 (KHTML, like Gecko) Chrome/93.0.4577.82 Safari/537.36"
80.120.148.242 - - [21/Sep/2021:15:10:56 +0200] "GET /loadthumbnail.php?id=12231767&width=113 HTTP/1.1" 200 30758 "http://renault.activities.at/result?dir=DESC&mode=grid&order=name&limit=50&page=2&search=ZE" "Mozilla/5.0 (Windows NT 10.0; Win64; x64) AppleWebKit/537.36 (KHTML, like Gecko) Chrome/93.0.4577.82 Safari/537.36"
80.120.148.242 - - [21/Sep/2021:15:10:56 +0200] "GET /loadthumbnail.php?id=12231771&width=113 HTTP/1.1" 200 30339 "http://renault.activities.at/result?dir=DESC&mode=grid&order=name&limit=50&page=2&search=ZE" "Mozilla/5.0 (Windows NT 10.0; Win64; x64) AppleWebKit/537.36 (KHTML, like Gecko) Chrome/93.0.4577.82 Safari/537.36"
80.120.148.242 - - [21/Sep/2021:15:10:56 +0200] "GET /loadthumbnail.php?id=11164747&width=113 HTTP/1.1" 200 26121 "http://renault.activities.at/result?dir=DESC&mode=grid&order=name&limit=50&page=2&search=ZE" "Mozilla/5.0 (Windows NT 10.0; Win64; x64) AppleWebKit/537.36 (KHTML, like Gecko) Chrome/93.0.4577.82 Safari/537.36"
80.120.148.242 - - [21/Sep/2021:15:10:56 +0200] "GET /loadthumbnail.php?id=11319984&width=113 HTTP/1.1" 200 28924 "http://renault.activities.at/result?dir=DESC&mode=grid&order=name&limit=50&page=2&search=ZE" "Mozilla/5.0 (Windows NT 10.0; Win64; x64) AppleWebKit/537.36 (KHTML, like Gecko) Chrome/93.0.4577.82 Safari/537.36"
80.120.148.242 - - [21/Sep/2021:15:10:56 +0200] "GET /loadthumbnail.php?id=11319961&width=113 HTTP/1.1" 200 27077 "http://renault.activities.at/result?dir=DESC&mode=grid&order=name&limit=50&page=2&search=ZE" "Mozilla/5.0 (Windows NT 10.0; Win64; x64) AppleWebKit/537.36 (KHTML, like Gecko) Chrome/93.0.4577.82 Safari/537.36"
80.120.148.242 - - [21/Sep/2021:15:10:56 +0200] "GET /loadthumbnail.php?id=12139706&width=113 HTTP/1.1" 200 28671 "http://renault.activities.at/result?dir=DESC&mode=grid&order=name&limit=50&page=2&search=ZE" "Mozilla/5.0 (Windows NT 10.0; Win64; x64) AppleWebKit/537.36 (KHTML, like Gecko) Chrome/93.0.4577.82 Safari/537.36"
62.93.3.144 - - [21/Sep/2021:15:10:57 +0200] "GET /images/main_block_corner_left_top.gif HTTP/1.1" 200 159 "http://renault.activities.at/css/styles.css" "Mozilla/5.0 (Windows NT 10.0; Win64; x64) AppleWebKit/537.36 (KHTML, like Gecko) Chrome/93.0.4577.82 Safari/537.36"
80.120.148.242 - - [21/Sep/2021:15:10:56 +0200] "GET /loadthumbnail.php?id=11334756&width=113 HTTP/1.1" 200 24626 "http://renault.activities.at/result?dir=DESC&mode=grid&order=name&limit=50&page=2&search=ZE" "Mozilla/5.0 (Windows NT 10.0; Win64; x64) AppleWebKit/537.36 (KHTML, like Gecko) Chrome/93.0.4577.82 Safari/537.36"
62.93.3.144 - - [21/Sep/2021:15:10:57 +0200] "GET /images/title_corner_left_top.jpg HTTP/1.1" 200 372 "http://renault.activities.at/css/styles.css" "Mozilla/5.0 (Windows NT 10.0; Win64; x64) AppleWebKit/537.36 (KHTML, like Gecko) Chrome/93.0.4577.82 Safari/537.36"
80.120.148.242 - - [21/Sep/2021:15:10:56 +0200] "GET /loadthumbnail.php?id=11334755&width=113 HTTP/1.1" 200 23865 "http://renault.activities.at/result?dir=DESC&mode=grid&order=name&limit=50&page=2&search=ZE" "Mozilla/5.0 (Windows NT 10.0; Win64; x64) AppleWebKit/537.36 (KHTML, like Gecko) Chrome/93.0.4577.82 Safari/537.36"
80.120.148.242 - - [21/Sep/2021:15:10:56 +0200] "GET /loadthumbnail.php?id=11577924&width=113 HTTP/1.1" 200 28282 "http://renault.activities.at/result?dir=DESC&mode=grid&order=name&limit=50&page=2&search=ZE" "Mozilla/5.0 (Windows NT 10.0; Win64; x64) AppleWebKit/537.36 (KHTML, like Gecko) Chrome/93.0.4577.82 Safari/537.36"
80.120.148.242 - - [21/Sep/2021:15:10:56 +0200] "GET /loadthumbnail.php?id=11658108&width=113 HTTP/1.1" 200 27184 "http://renault.activities.at/result?dir=DESC&mode=grid&order=name&limit=50&page=2&search=ZE" "Mozilla/5.0 (Windows NT 10.0; Win64; x64) AppleWebKit/537.36 (KHTML, like Gecko) Chrome/93.0.4577.82 Safari/537.36"
62.93.3.144 - - [21/Sep/2021:15:10:57 +0200] "GET /images/main_block_corner_right_top.gif HTTP/1.1" 200 159 "http://renault.activities.at/css/styles.css" "Mozilla/5.0 (Windows NT 10.0; Win64; x64) AppleWebKit/537.36 (KHTML, like Gecko) Chrome/93.0.4577.82 Safari/537.36"
62.93.3.144 - - [21/Sep/2021:15:10:57 +0200] "GET /images/header_block_corner_right_top.gif HTTP/1.1" 200 160 "http://renault.activities.at/css/styles.css" "Mozilla/5.0 (Windows NT 10.0; Win64; x64) AppleWebKit/537.36 (KHTML, like Gecko) Chrome/93.0.4577.82 Safari/537.36"
62.93.3.144 - - [21/Sep/2021:15:10:56 +0200] "GET /loadthumbnail.php?id=11127982 HTTP/1.1" 200 399614 "http://renault.activities.at/" "Mozilla/5.0 (Windows NT 10.0; Win64; x64) AppleWebKit/537.36 (KHTML, like Gecko) Chrome/93.0.4577.82 Safari/537.36"
62.93.3.144 - - [21/Sep/2021:15:10:57 +0200] "GET /images/title_border.jpg HTTP/1.1" 200 304 "http://renault.activities.at/css/styles.css" "Mozilla/5.0 (Windows NT 10.0; Win64; x64) AppleWebKit/537.36 (KHTML, like Gecko) Chrome/93.0.4577.82 Safari/537.36"
62.93.3.144 - - [21/Sep/2021:15:10:57 +0200] "GET /images/title_corner_right_top.jpg HTTP/1.1" 200 389 "http://renault.activities.at/css/styles.css" "Mozilla/5.0 (Windows NT 10.0; Win64; x64) AppleWebKit/537.36 (KHTML, like Gecko) Chrome/93.0.4577.82 Safari/537.36"
62.93.3.144 - - [21/Sep/2021:15:10:57 +0200] "GET /images/title_border_top.jpg HTTP/1.1" 200 336 "http://renault.activities.at/css/styles.css" "Mozilla/5.0 (Windows NT 10.0; Win64; x64) AppleWebKit/537.36 (KHTML, like Gecko) Chrome/93.0.4577.82 Safari/537.36"
62.93.3.144 - - [21/Sep/2021:15:10:57 +0200] "GET /images/favicon.ico HTTP/1.1" 404 305 "http://renault.activities.at/" "Mozilla/5.0 (Windows NT 10.0; Win64; x64) AppleWebKit/537.36 (KHTML, like Gecko) Chrome/93.0.4577.82 Safari/537.36"
80.120.148.242 - - [21/Sep/2021:15:11:06 +0200] "GET /result?dir=DESC&mode=grid&order=name&limit=50&page=3&search=ZE HTTP/1.1" 200 6407 "http://renault.activities.at/result?dir=DESC&mode=grid&order=name&limit=50&page=2&search=ZE" "Mozilla/5.0 (Windows NT 10.0; Win64; x64) AppleWebKit/537.36 (KHTML, like Gecko) Chrome/93.0.4577.82 Safari/537.36"
80.120.148.242 - - [21/Sep/2021:15:11:08 +0200] "GET /loadthumbnail.php?id=11715009&width=113 HTTP/1.1" 200 22295 "http://renault.activities.at/result?dir=DESC&mode=grid&order=name&limit=50&page=3&search=ZE" "Mozilla/5.0 (Windows NT 10.0; Win64; x64) AppleWebKit/537.36 (KHTML, like Gecko) Chrome/93.0.4577.82 Safari/537.36"
80.120.148.242 - - [21/Sep/2021:15:11:08 +0200] "GET /loadthumbnail.php?id=11715005&width=113 HTTP/1.1" 200 30128 "http://renault.activities.at/result?dir=DESC&mode=grid&order=name&limit=50&page=3&search=ZE" "Mozilla/5.0 (Windows NT 10.0; Win64; x64) AppleWebKit/537.36 (KHTML, like Gecko) Chrome/93.0.4577.82 Safari/537.36"
80.120.148.242 - - [21/Sep/2021:15:11:08 +0200] "GET /loadthumbnail.php?id=12363384&width=113 HTTP/1.1" 200 20801 "http://renault.activities.at/result?dir=DESC&mode=grid&order=name&limit=50&page=3&search=ZE" "Mozilla/5.0 (Windows NT 10.0; Win64; x64) AppleWebKit/537.36 (KHTML, like Gecko) Chrome/93.0.4577.82 Safari/537.36"
80.120.148.242 - - [21/Sep/2021:15:11:08 +0200] "GET /loadthumbnail.php?id=11877811&width=113 HTTP/1.1" 200 27053 "http://renault.activities.at/result?dir=DESC&mode=grid&order=name&limit=50&page=3&search=ZE" "Mozilla/5.0 (Windows NT 10.0; Win64; x64) AppleWebKit/537.36 (KHTML, like Gecko) Chrome/93.0.4577.82 Safari/537.36"
80.120.148.242 - - [21/Sep/2021:15:11:16 +0200] "GET /result?searchterm=true&search=theke HTTP/1.1" 200 4573 "http://renault.activities.at/result?dir=DESC&mode=grid&order=name&limit=50&page=3&search=ZE" "Mozilla/5.0 (Windows NT 10.0; Win64; x64) AppleWebKit/537.36 (KHTML, like Gecko) Chrome/93.0.4577.82 Safari/537.36"
80.120.148.242 - - [21/Sep/2021:15:11:17 +0200] "POST /axjaxrequest?mode=suggest HTTP/1.1" 200 21 "http://renault.activities.at/result?dir=DESC&mode=grid&order=name&limit=50&page=3&search=ZE" "Mozilla/5.0 (Windows NT 10.0; Win64; x64) AppleWebKit/537.36 (KHTML, like Gecko) Chrome/93.0.4577.82 Safari/537.36"
138.21.12.23 - - [21/Sep/2021:15:11:22 +0200] "GET /reload?ser=1632229882802 HTTP/1.1" 200 28 "http://renault.activities.at/" "Mozilla/5.0 (Windows NT 10.0; Win64; x64) AppleWebKit/537.36 (KHTML, like Gecko) Chrome/91.0.4472.124 Safari/537.36"
80.120.148.242 - - [21/Sep/2021:15:11:22 +0200] "GET /result?searchterm=true&search=st%E4nder HTTP/1.1" 200 5798 "http://renault.activities.at/result?searchterm=true&search=theke" "Mozilla/5.0 (Windows NT 10.0; Win64; x64) AppleWebKit/537.36 (KHTML, like Gecko) Chrome/93.0.4577.82 Safari/537.36"
80.120.148.242 - - [21/Sep/2021:15:11:24 +0200] "GET /loadthumbnail.php?id=10746885&width=113 HTTP/1.1" 200 3633 "http://renault.activities.at/result?searchterm=true&search=st%E4nder" "Mozilla/5.0 (Windows NT 10.0; Win64; x64) AppleWebKit/537.36 (KHTML, like Gecko) Chrome/93.0.4577.82 Safari/537.36"
80.120.148.242 - - [21/Sep/2021:15:11:23 +0200] "POST /axjaxrequest?mode=suggest HTTP/1.1" 200 134 "http://renault.activities.at/result?searchterm=true&search=theke" "Mozilla/5.0 (Windows NT 10.0; Win64; x64) AppleWebKit/537.36 (KHTML, like Gecko) Chrome/93.0.4577.82 Safari/537.36"
82.149.111.160 - - [21/Sep/2021:15:11:50 +0200] "GET /reload?ser=1632229909082 HTTP/1.1" 200 28 "http://renault.activities.at/result?searchterm=true&search=Duster" "Mozilla/5.0 (Windows NT 10.0; Win64; x64) AppleWebKit/537.36 (KHTML, like Gecko) Chrome/93.0.4577.82 Safari/537.36 Edg/93.0.961.52"
138.21.12.23 - - [21/Sep/2021:15:12:24 +0200] "GET /reload?ser=1632229944814 HTTP/1.1" 200 28 "http://renault.activities.at/" "Mozilla/5.0 (Windows NT 10.0; Win64; x64) AppleWebKit/537.36 (KHTML, like Gecko) Chrome/91.0.4472.124 Safari/537.36"
80.120.148.242 - - [21/Sep/2021:15:12:26 +0200] "GET /reload?ser=1632229946550 HTTP/1.1" 200 28 "http://renault.activities.at/result?searchterm=true&search=st%E4nder" "Mozilla/5.0 (Windows NT 10.0; Win64; x64) AppleWebKit/537.36 (KHTML, like Gecko) Chrome/93.0.4577.82 Safari/537.36"
82.149.111.160 - - [21/Sep/2021:15:12:52 +0200] "GET /reload?ser=1632229971245 HTTP/1.1" 200 28 "http://renault.activities.at/result?searchterm=true&search=Duster" "Mozilla/5.0 (Windows NT 10.0; Win64; x64) AppleWebKit/537.36 (KHTML, like Gecko) Chrome/93.0.4577.82 Safari/537.36 Edg/93.0.961.52"
138.21.12.23 - - [21/Sep/2021:15:13:26 +0200] "GET /reload?ser=1632230006805 HTTP/1.1" 200 28 "http://renault.activities.at/" "Mozilla/5.0 (Windows NT 10.0; Win64; x64) AppleWebKit/537.36 (KHTML, like Gecko) Chrome/91.0.4472.124 Safari/537.36"
80.120.148.242 - - [21/Sep/2021:15:13:27 +0200] "GET /reload?ser=1632230007769 HTTP/1.1" 200 28 "http://renault.activities.at/result?searchterm=true&search=st%E4nder" "Mozilla/5.0 (Windows NT 10.0; Win64; x64) AppleWebKit/537.36 (KHTML, like Gecko) Chrome/93.0.4577.82 Safari/537.36"
80.120.148.242 - - [21/Sep/2021:15:13:41 +0200] "POST /axjaxrequest?mode=suggest HTTP/1.1" 200 21 "http://renault.activities.at/result?searchterm=true&search=st%E4nder" "Mozilla/5.0 (Windows NT 10.0; Win64; x64) AppleWebKit/537.36 (KHTML, like Gecko) Chrome/93.0.4577.82 Safari/537.36"
80.120.148.242 - - [21/Sep/2021:15:13:42 +0200] "GET /result?searchterm=true&search=renaut HTTP/1.1" 200 4574 "http://renault.activities.at/result?searchterm=true&search=st%E4nder" "Mozilla/5.0 (Windows NT 10.0; Win64; x64) AppleWebKit/537.36 (KHTML, like Gecko) Chrome/93.0.4577.82 Safari/537.36"
82.149.111.160 - - [21/Sep/2021:15:13:55 +0200] "GET /reload?ser=1632230033040 HTTP/1.1" 200 28 "http://renault.activities.at/result?searchterm=true&search=Duster" "Mozilla/5.0 (Windows NT 10.0; Win64; x64) AppleWebKit/537.36 (KHTML, like Gecko) Chrome/93.0.4577.82 Safari/537.36 Edg/93.0.961.52"
80.120.148.242 - - [21/Sep/2021:15:14:06 +0200] "POST /axjaxrequest?mode=suggest HTTP/1.1" 200 113 "http://renault.activities.at/result?searchterm=true&search=renaut" "Mozilla/5.0 (Windows NT 10.0; Win64; x64) AppleWebKit/537.36 (KHTML, like Gecko) Chrome/93.0.4577.82 Safari/537.36"
80.120.148.242 - - [21/Sep/2021:15:14:06 +0200] "GET /result?searchterm=true&search=renault HTTP/1.1" 200 8405 "http://renault.activities.at/result?searchterm=true&search=renaut" "Mozilla/5.0 (Windows NT 10.0; Win64; x64) AppleWebKit/537.36 (KHTML, like Gecko) Chrome/93.0.4577.82 Safari/537.36"
