93.83.167.218 - - [24/Sep/2021:13:08:09 +0200] "GET /reload?ser=1632481620272 HTTP/1.1" 200 28 "http://renault.activities.at/result?searchterm=true&search=arkana" "Mozilla/5.0 (Windows NT 10.0; Win64; x64) AppleWebKit/537.36 (KHTML, like Gecko) Chrome/93.0.4577.82 Safari/537.36"
185.22.23.252 - - [24/Sep/2021:13:09:06 +0200] "GET /reload?ser=1632481746381 HTTP/1.1" 200 28 "http://renault.activities.at/success" "Mozilla/5.0 (Windows NT 6.3; Win64; x64) AppleWebKit/537.36 (KHTML, like Gecko) Chrome/93.0.4577.82 Safari/537.36"
93.83.167.218 - - [24/Sep/2021:13:09:10 +0200] "GET /reload?ser=1632481681269 HTTP/1.1" 200 28 "http://renault.activities.at/result?searchterm=true&search=arkana" "Mozilla/5.0 (Windows NT 10.0; Win64; x64) AppleWebKit/537.36 (KHTML, like Gecko) Chrome/93.0.4577.82 Safari/537.36"
185.22.23.252 - - [24/Sep/2021:13:10:07 +0200] "GET /reload?ser=1632481807379 HTTP/1.1" 200 28 "http://renault.activities.at/success" "Mozilla/5.0 (Windows NT 6.3; Win64; x64) AppleWebKit/537.36 (KHTML, like Gecko) Chrome/93.0.4577.82 Safari/537.36"
93.83.167.218 - - [24/Sep/2021:13:10:11 +0200] "GET /reload?ser=1632481742265 HTTP/1.1" 200 28 "http://renault.activities.at/result?searchterm=true&search=arkana" "Mozilla/5.0 (Windows NT 10.0; Win64; x64) AppleWebKit/537.36 (KHTML, like Gecko) Chrome/93.0.4577.82 Safari/537.36"
93.82.180.122 - - [24/Sep/2021:13:11:03 +0200] "GET / HTTP/1.1" 200 3086 "-" "Mozilla/5.0 (Windows NT 10.0; Win64; x64) AppleWebKit/537.36 (KHTML, like Gecko) Chrome/94.0.4606.61 Safari/537.36"
93.82.180.122 - - [24/Sep/2021:13:11:04 +0200] "GET /loadthumbnail.php?id=11127982 HTTP/1.1" 200 399614 "http://renault.activities.at/" "Mozilla/5.0 (Windows NT 10.0; Win64; x64) AppleWebKit/537.36 (KHTML, like Gecko) Chrome/94.0.4606.61 Safari/537.36"
93.82.180.122 - - [24/Sep/2021:13:11:05 +0200] "GET /images/favicon.ico HTTP/1.1" 404 305 "http://renault.activities.at/" "Mozilla/5.0 (Windows NT 10.0; Win64; x64) AppleWebKit/537.36 (KHTML, like Gecko) Chrome/94.0.4606.61 Safari/537.36"
93.82.180.122 - - [24/Sep/2021:13:11:07 +0200] "GET /login HTTP/1.1" 200 2085 "http://renault.activities.at/" "Mozilla/5.0 (Windows NT 10.0; Win64; x64) AppleWebKit/537.36 (KHTML, like Gecko) Chrome/94.0.4606.61 Safari/537.36"
185.22.23.252 - - [24/Sep/2021:13:11:08 +0200] "GET /reload?ser=1632481868379 HTTP/1.1" 200 28 "http://renault.activities.at/success" "Mozilla/5.0 (Windows NT 6.3; Win64; x64) AppleWebKit/537.36 (KHTML, like Gecko) Chrome/93.0.4577.82 Safari/537.36"
93.83.167.218 - - [24/Sep/2021:13:11:12 +0200] "GET /reload?ser=1632481803261 HTTP/1.1" 200 28 "http://renault.activities.at/result?searchterm=true&search=arkana" "Mozilla/5.0 (Windows NT 10.0; Win64; x64) AppleWebKit/537.36 (KHTML, like Gecko) Chrome/93.0.4577.82 Safari/537.36"
93.82.180.122 - - [24/Sep/2021:13:11:12 +0200] "POST /login HTTP/1.1" 302 140 "http://renault.activities.at/login" "Mozilla/5.0 (Windows NT 10.0; Win64; x64) AppleWebKit/537.36 (KHTML, like Gecko) Chrome/94.0.4606.61 Safari/537.36"
93.82.180.122 - - [24/Sep/2021:13:11:14 +0200] "GET /account HTTP/1.1" 200 6088 "http://renault.activities.at/login" "Mozilla/5.0 (Windows NT 10.0; Win64; x64) AppleWebKit/537.36 (KHTML, like Gecko) Chrome/94.0.4606.61 Safari/537.36"
93.82.180.122 - - [24/Sep/2021:13:11:17 +0200] "GET /loadthumbnail.php?id=11776453&width=50&height=50 HTTP/1.1" 200 767 "http://renault.activities.at/account" "Mozilla/5.0 (Windows NT 10.0; Win64; x64) AppleWebKit/537.36 (KHTML, like Gecko) Chrome/94.0.4606.61 Safari/537.36"
93.82.180.122 - - [24/Sep/2021:13:11:17 +0200] "GET /loadthumbnail.php?id=12388134&width=50&height=50 HTTP/1.1" 200 905 "http://renault.activities.at/account" "Mozilla/5.0 (Windows NT 10.0; Win64; x64) AppleWebKit/537.36 (KHTML, like Gecko) Chrome/94.0.4606.61 Safari/537.36"
93.82.180.122 - - [24/Sep/2021:13:11:17 +0200] "GET /loadthumbnail.php?id=12388135&width=50&height=50 HTTP/1.1" 200 837 "http://renault.activities.at/account" "Mozilla/5.0 (Windows NT 10.0; Win64; x64) AppleWebKit/537.36 (KHTML, like Gecko) Chrome/94.0.4606.61 Safari/537.36"
93.82.180.122 - - [24/Sep/2021:13:11:20 +0200] "POST /axjaxrequest?mode=suggest HTTP/1.1" 200 378 "http://renault.activities.at/account" "Mozilla/5.0 (Windows NT 10.0; Win64; x64) AppleWebKit/537.36 (KHTML, like Gecko) Chrome/94.0.4606.61 Safari/537.36"
93.82.180.122 - - [24/Sep/2021:13:11:22 +0200] "POST /axjaxrequest?mode=suggest HTTP/1.1" 200 112 "http://renault.activities.at/account" "Mozilla/5.0 (Windows NT 10.0; Win64; x64) AppleWebKit/537.36 (KHTML, like Gecko) Chrome/94.0.4606.61 Safari/537.36"
93.82.180.122 - - [24/Sep/2021:13:11:23 +0200] "GET /result?searchterm=true&search=spring HTTP/1.1" 200 6534 "http://renault.activities.at/account" "Mozilla/5.0 (Windows NT 10.0; Win64; x64) AppleWebKit/537.36 (KHTML, like Gecko) Chrome/94.0.4606.61 Safari/537.36"
93.82.180.122 - - [24/Sep/2021:13:11:26 +0200] "GET /loadthumbnail.php?id=12427345&width=113 HTTP/1.1" 200 1875 "http://renault.activities.at/result?searchterm=true&search=spring" "Mozilla/5.0 (Windows NT 10.0; Win64; x64) AppleWebKit/537.36 (KHTML, like Gecko) Chrome/94.0.4606.61 Safari/537.36"
93.82.180.122 - - [24/Sep/2021:13:11:26 +0200] "GET /loadthumbnail.php?id=12445066&width=113 HTTP/1.1" 200 2105 "http://renault.activities.at/result?searchterm=true&search=spring" "Mozilla/5.0 (Windows NT 10.0; Win64; x64) AppleWebKit/537.36 (KHTML, like Gecko) Chrome/94.0.4606.61 Safari/537.36"
93.82.180.122 - - [24/Sep/2021:13:11:26 +0200] "GET /loadthumbnail.php?id=12427346&width=113 HTTP/1.1" 200 1875 "http://renault.activities.at/result?searchterm=true&search=spring" "Mozilla/5.0 (Windows NT 10.0; Win64; x64) AppleWebKit/537.36 (KHTML, like Gecko) Chrome/94.0.4606.61 Safari/537.36"
93.82.180.122 - - [24/Sep/2021:13:11:26 +0200] "GET /loadthumbnail.php?id=12427347&width=113 HTTP/1.1" 200 1388 "http://renault.activities.at/result?searchterm=true&search=spring" "Mozilla/5.0 (Windows NT 10.0; Win64; x64) AppleWebKit/537.36 (KHTML, like Gecko) Chrome/94.0.4606.61 Safari/537.36"
93.82.180.122 - - [24/Sep/2021:13:11:26 +0200] "GET /loadthumbnail.php?id=10203255 HTTP/1.1" 200 137 "http://renault.activities.at/result?searchterm=true&search=spring" "Mozilla/5.0 (Windows NT 10.0; Win64; x64) AppleWebKit/537.36 (KHTML, like Gecko) Chrome/94.0.4606.61 Safari/537.36"
93.82.180.122 - - [24/Sep/2021:13:11:38 +0200] "GET /css/themes/alphacube/frame_left.gif HTTP/1.1" 200 64 "http://renault.activities.at/css/themes/alphacube.css" "Mozilla/5.0 (Windows NT 10.0; Win64; x64) AppleWebKit/537.36 (KHTML, like Gecko) Chrome/94.0.4606.61 Safari/537.36"
93.82.180.122 - - [24/Sep/2021:13:11:38 +0200] "GET /css/themes/alphacube/bottom_middle.gif HTTP/1.1" 200 44 "http://renault.activities.at/css/themes/alphacube.css" "Mozilla/5.0 (Windows NT 10.0; Win64; x64) AppleWebKit/537.36 (KHTML, like Gecko) Chrome/94.0.4606.61 Safari/537.36"
93.82.180.122 - - [24/Sep/2021:13:11:38 +0200] "GET /css/themes/alphacube/top_mid.gif HTTP/1.1" 200 833 "http://renault.activities.at/css/themes/alphacube.css" "Mozilla/5.0 (Windows NT 10.0; Win64; x64) AppleWebKit/537.36 (KHTML, like Gecko) Chrome/94.0.4606.61 Safari/537.36"
93.82.180.122 - - [24/Sep/2021:13:11:38 +0200] "GET /css/themes/alphacube/frame_right.gif HTTP/1.1" 200 64 "http://renault.activities.at/css/themes/alphacube.css" "Mozilla/5.0 (Windows NT 10.0; Win64; x64) AppleWebKit/537.36 (KHTML, like Gecko) Chrome/94.0.4606.61 Safari/537.36"
93.82.180.122 - - [24/Sep/2021:13:11:38 +0200] "GET /css/themes/alphacube/button-close-focus.gif HTTP/1.1" 200 699 "http://renault.activities.at/css/themes/alphacube.css" "Mozilla/5.0 (Windows NT 10.0; Win64; x64) AppleWebKit/537.36 (KHTML, like Gecko) Chrome/94.0.4606.61 Safari/537.36"
93.82.180.122 - - [24/Sep/2021:13:11:38 +0200] "GET /css/themes/alphacube/top_left.gif HTTP/1.1" 200 973 "http://renault.activities.at/css/themes/alphacube.css" "Mozilla/5.0 (Windows NT 10.0; Win64; x64) AppleWebKit/537.36 (KHTML, like Gecko) Chrome/94.0.4606.61 Safari/537.36"
93.82.180.122 - - [24/Sep/2021:13:11:38 +0200] "GET /css/themes/alphacube/top_right.gif HTTP/1.1" 200 972 "http://renault.activities.at/css/themes/alphacube.css" "Mozilla/5.0 (Windows NT 10.0; Win64; x64) AppleWebKit/537.36 (KHTML, like Gecko) Chrome/94.0.4606.61 Safari/537.36"
93.82.180.122 - - [24/Sep/2021:13:11:38 +0200] "GET /css/themes/alphacube/bottom_left-c.gif HTTP/1.1" 200 62 "http://renault.activities.at/css/themes/alphacube.css" "Mozilla/5.0 (Windows NT 10.0; Win64; x64) AppleWebKit/537.36 (KHTML, like Gecko) Chrome/94.0.4606.61 Safari/537.36"
93.82.180.122 - - [24/Sep/2021:13:11:38 +0200] "GET /css/themes/alphacube/bottom_right-c.gif HTTP/1.1" 200 62 "http://renault.activities.at/css/themes/alphacube.css" "Mozilla/5.0 (Windows NT 10.0; Win64; x64) AppleWebKit/537.36 (KHTML, like Gecko) Chrome/94.0.4606.61 Safari/537.36"
93.82.180.122 - - [24/Sep/2021:13:11:38 +0200] "GET /12417116?print=true HTTP/1.1" 200 2932 "http://renault.activities.at/result?searchterm=true&search=spring" "Mozilla/5.0 (Windows NT 10.0; Win64; x64) AppleWebKit/537.36 (KHTML, like Gecko) Chrome/94.0.4606.61 Safari/537.36"
93.82.180.122 - - [24/Sep/2021:13:11:41 +0200] "GET /js/magiczoom/magiczoom.css HTTP/1.1" 200 1210 "http://renault.activities.at/12417116?print=true" "Mozilla/5.0 (Windows NT 10.0; Win64; x64) AppleWebKit/537.36 (KHTML, like Gecko) Chrome/94.0.4606.61 Safari/537.36"
93.82.180.122 - - [24/Sep/2021:13:11:41 +0200] "GET /js/Produkt.js HTTP/1.1" 200 852 "http://renault.activities.at/12417116?print=true" "Mozilla/5.0 (Windows NT 10.0; Win64; x64) AppleWebKit/537.36 (KHTML, like Gecko) Chrome/94.0.4606.61 Safari/537.36"
93.82.180.122 - - [24/Sep/2021:13:11:41 +0200] "GET /js/magiczoom/magiczoom.js HTTP/1.1" 200 26397 "http://renault.activities.at/12417116?print=true" "Mozilla/5.0 (Windows NT 10.0; Win64; x64) AppleWebKit/537.36 (KHTML, like Gecko) Chrome/94.0.4606.61 Safari/537.36"
93.82.180.122 - - [24/Sep/2021:13:11:41 +0200] "GET /js/tabs.js HTTP/1.1" 200 519 "http://renault.activities.at/12417116?print=true" "Mozilla/5.0 (Windows NT 10.0; Win64; x64) AppleWebKit/537.36 (KHTML, like Gecko) Chrome/94.0.4606.61 Safari/537.36"
93.82.180.122 - - [24/Sep/2021:13:11:41 +0200] "GET /images/tabs_corner_left_bot.gif HTTP/1.1" 200 98 "http://renault.activities.at/css/styles.css" "Mozilla/5.0 (Windows NT 10.0; Win64; x64) AppleWebKit/537.36 (KHTML, like Gecko) Chrome/94.0.4606.61 Safari/537.36"
93.82.180.122 - - [24/Sep/2021:13:11:41 +0200] "GET /images/tabs_button_corner_left_top_active.gif HTTP/1.1" 200 138 "http://renault.activities.at/css/styles.css" "Mozilla/5.0 (Windows NT 10.0; Win64; x64) AppleWebKit/537.36 (KHTML, like Gecko) Chrome/94.0.4606.61 Safari/537.36"
93.82.180.122 - - [24/Sep/2021:13:11:41 +0200] "GET /images/tabs_corner_right_bot.gif HTTP/1.1" 200 99 "http://renault.activities.at/css/styles.css" "Mozilla/5.0 (Windows NT 10.0; Win64; x64) AppleWebKit/537.36 (KHTML, like Gecko) Chrome/94.0.4606.61 Safari/537.36"
93.82.180.122 - - [24/Sep/2021:13:11:41 +0200] "GET /images/tabs_border.gif HTTP/1.1" 200 43 "http://renault.activities.at/css/styles.css" "Mozilla/5.0 (Windows NT 10.0; Win64; x64) AppleWebKit/537.36 (KHTML, like Gecko) Chrome/94.0.4606.61 Safari/537.36"
93.82.180.122 - - [24/Sep/2021:13:11:41 +0200] "GET /images/tabs_button_corner_right_top_active.gif HTTP/1.1" 200 136 "http://renault.activities.at/css/styles.css" "Mozilla/5.0 (Windows NT 10.0; Win64; x64) AppleWebKit/537.36 (KHTML, like Gecko) Chrome/94.0.4606.61 Safari/537.36"
93.82.180.122 - - [24/Sep/2021:13:11:41 +0200] "GET /images/tabs_corner_left_top.gif HTTP/1.1" 200 99 "http://renault.activities.at/css/styles.css" "Mozilla/5.0 (Windows NT 10.0; Win64; x64) AppleWebKit/537.36 (KHTML, like Gecko) Chrome/94.0.4606.61 Safari/537.36"
93.82.180.122 - - [24/Sep/2021:13:11:41 +0200] "GET /images/tabs_corner_right_top.gif HTTP/1.1" 200 98 "http://renault.activities.at/css/styles.css" "Mozilla/5.0 (Windows NT 10.0; Win64; x64) AppleWebKit/537.36 (KHTML, like Gecko) Chrome/94.0.4606.61 Safari/537.36"
93.82.180.122 - - [24/Sep/2021:13:11:41 +0200] "GET /loadthumbnail.php?id=12427345&width=250 HTTP/1.1" 200 5279 "http://renault.activities.at/12417116?print=true" "Mozilla/5.0 (Windows NT 10.0; Win64; x64) AppleWebKit/537.36 (KHTML, like Gecko) Chrome/94.0.4606.61 Safari/537.36"
93.82.180.122 - - [24/Sep/2021:13:11:41 +0200] "GET /loadthumbnail.php?id=12427345&width=900&height=900 HTTP/1.1" 200 34975 "http://renault.activities.at/12417116?print=true" "Mozilla/5.0 (Windows NT 10.0; Win64; x64) AppleWebKit/537.36 (KHTML, like Gecko) Chrome/94.0.4606.61 Safari/537.36"
93.82.180.122 - - [24/Sep/2021:13:11:41 +0200] "GET /js/magiczoom/graphics/hint.gif HTTP/1.1" 200 73 "http://renault.activities.at/js/magiczoom/magiczoom.css" "Mozilla/5.0 (Windows NT 10.0; Win64; x64) AppleWebKit/537.36 (KHTML, like Gecko) Chrome/94.0.4606.61 Safari/537.36"
93.82.180.122 - - [24/Sep/2021:13:11:42 +0200] "GET /js/magiczoom/graphics/zoomin.cur HTTP/1.1" 200 326 "http://renault.activities.at/js/magiczoom/magiczoom.css" "Mozilla/5.0 (Windows NT 10.0; Win64; x64) AppleWebKit/537.36 (KHTML, like Gecko) Chrome/94.0.4606.61 Safari/537.36"
185.22.23.252 - - [24/Sep/2021:13:12:09 +0200] "GET /reload?ser=1632481929379 HTTP/1.1" 200 28 "http://renault.activities.at/success" "Mozilla/5.0 (Windows NT 6.3; Win64; x64) AppleWebKit/537.36 (KHTML, like Gecko) Chrome/93.0.4577.82 Safari/537.36"
93.83.167.218 - - [24/Sep/2021:13:12:13 +0200] "GET /reload?ser=1632481864258 HTTP/1.1" 200 28 "http://renault.activities.at/result?searchterm=true&search=arkana" "Mozilla/5.0 (Windows NT 10.0; Win64; x64) AppleWebKit/537.36 (KHTML, like Gecko) Chrome/93.0.4577.82 Safari/537.36"
93.82.180.122 - - [24/Sep/2021:13:12:26 +0200] "GET /reload?ser=1632481868957 HTTP/1.1" 200 28 "http://renault.activities.at/result?searchterm=true&search=spring" "Mozilla/5.0 (Windows NT 10.0; Win64; x64) AppleWebKit/537.36 (KHTML, like Gecko) Chrome/94.0.4606.61 Safari/537.36"
93.82.180.122 - - [24/Sep/2021:13:12:40 +0200] "POST /result?searchterm=true&search=spring HTTP/1.1" 200 6728 "http://renault.activities.at/result?searchterm=true&search=spring" "Mozilla/5.0 (Windows NT 10.0; Win64; x64) AppleWebKit/537.36 (KHTML, like Gecko) Chrome/94.0.4606.61 Safari/537.36"
93.82.180.122 - - [24/Sep/2021:13:12:44 +0200] "GET /12417124?print=true HTTP/1.1" 200 2649 "http://renault.activities.at/result?searchterm=true&search=spring" "Mozilla/5.0 (Windows NT 10.0; Win64; x64) AppleWebKit/537.36 (KHTML, like Gecko) Chrome/94.0.4606.61 Safari/537.36"
93.82.180.122 - - [24/Sep/2021:13:12:47 +0200] "GET /loadthumbnail.php?id=12427347&width=250 HTTP/1.1" 200 3081 "http://renault.activities.at/12417124?print=true" "Mozilla/5.0 (Windows NT 10.0; Win64; x64) AppleWebKit/537.36 (KHTML, like Gecko) Chrome/94.0.4606.61 Safari/537.36"
93.82.180.122 - - [24/Sep/2021:13:12:47 +0200] "GET /loadthumbnail.php?id=12427347&width=900&height=900 HTTP/1.1" 200 17569 "http://renault.activities.at/12417124?print=true" "Mozilla/5.0 (Windows NT 10.0; Win64; x64) AppleWebKit/537.36 (KHTML, like Gecko) Chrome/94.0.4606.61 Safari/537.36"
93.82.180.122 - - [24/Sep/2021:13:12:55 +0200] "POST /result?searchterm=true&search=spring HTTP/1.1" 200 6728 "http://renault.activities.at/result?searchterm=true&search=spring" "Mozilla/5.0 (Windows NT 10.0; Win64; x64) AppleWebKit/537.36 (KHTML, like Gecko) Chrome/94.0.4606.61 Safari/537.36"
93.82.180.122 - - [24/Sep/2021:13:13:02 +0200] "GET /checkout HTTP/1.1" 200 20456 "http://renault.activities.at/result?searchterm=true&search=spring" "Mozilla/5.0 (Windows NT 10.0; Win64; x64) AppleWebKit/537.36 (KHTML, like Gecko) Chrome/94.0.4606.61 Safari/537.36"
93.82.180.122 - - [24/Sep/2021:13:13:07 +0200] "GET /loadthumbnail.php?id=10201939 HTTP/1.1" 200 201 "http://renault.activities.at/checkout" "Mozilla/5.0 (Windows NT 10.0; Win64; x64) AppleWebKit/537.36 (KHTML, like Gecko) Chrome/94.0.4606.61 Safari/537.36"
93.82.180.122 - - [24/Sep/2021:13:13:07 +0200] "GET /loadthumbnail.php?id=10202698 HTTP/1.1" 200 16686 "http://renault.activities.at/checkout" "Mozilla/5.0 (Windows NT 10.0; Win64; x64) AppleWebKit/537.36 (KHTML, like Gecko) Chrome/94.0.4606.61 Safari/537.36"
185.22.23.252 - - [24/Sep/2021:13:13:10 +0200] "GET /reload?ser=1632481990379 HTTP/1.1" 200 28 "http://renault.activities.at/success" "Mozilla/5.0 (Windows NT 6.3; Win64; x64) AppleWebKit/537.36 (KHTML, like Gecko) Chrome/93.0.4577.82 Safari/537.36"
93.83.167.218 - - [24/Sep/2021:13:13:14 +0200] "GET /reload?ser=1632481925254 HTTP/1.1" 200 28 "http://renault.activities.at/result?searchterm=true&search=arkana" "Mozilla/5.0 (Windows NT 10.0; Win64; x64) AppleWebKit/537.36 (KHTML, like Gecko) Chrome/93.0.4577.82 Safari/537.36"
93.82.180.122 - - [24/Sep/2021:13:13:13 +0200] "POST /docheckout HTTP/1.1" 200 449 "http://renault.activities.at/checkout" "Mozilla/5.0 (Windows NT 10.0; Win64; x64) AppleWebKit/537.36 (KHTML, like Gecko) Chrome/94.0.4606.61 Safari/537.36"
93.82.180.122 - - [24/Sep/2021:13:13:16 +0200] "POST /docheckout HTTP/1.1" 200 669 "http://renault.activities.at/checkout" "Mozilla/5.0 (Windows NT 10.0; Win64; x64) AppleWebKit/537.36 (KHTML, like Gecko) Chrome/94.0.4606.61 Safari/537.36"
93.82.180.122 - - [24/Sep/2021:13:13:19 +0200] "POST /docheckout HTTP/1.1" 200 68 "http://renault.activities.at/checkout" "Mozilla/5.0 (Windows NT 10.0; Win64; x64) AppleWebKit/537.36 (KHTML, like Gecko) Chrome/94.0.4606.61 Safari/537.36"
93.82.180.122 - - [24/Sep/2021:13:13:22 +0200] "GET /success HTTP/1.1" 200 3784 "http://renault.activities.at/checkout" "Mozilla/5.0 (Windows NT 10.0; Win64; x64) AppleWebKit/537.36 (KHTML, like Gecko) Chrome/94.0.4606.61 Safari/537.36"
185.22.23.252 - - [24/Sep/2021:13:14:11 +0200] "GET /reload?ser=1632482051378 HTTP/1.1" 200 28 "http://renault.activities.at/success" "Mozilla/5.0 (Windows NT 6.3; Win64; x64) AppleWebKit/537.36 (KHTML, like Gecko) Chrome/93.0.4577.82 Safari/537.36"
93.83.167.218 - - [24/Sep/2021:13:14:15 +0200] "GET /reload?ser=1632481986250 HTTP/1.1" 200 28 "http://renault.activities.at/result?searchterm=true&search=arkana" "Mozilla/5.0 (Windows NT 10.0; Win64; x64) AppleWebKit/537.36 (KHTML, like Gecko) Chrome/93.0.4577.82 Safari/537.36"
93.82.180.122 - - [24/Sep/2021:13:14:24 +0200] "GET /reload?ser=1632481987135 HTTP/1.1" 200 28 "http://renault.activities.at/success" "Mozilla/5.0 (Windows NT 10.0; Win64; x64) AppleWebKit/537.36 (KHTML, like Gecko) Chrome/94.0.4606.61 Safari/537.36"
185.22.23.252 - - [24/Sep/2021:13:15:12 +0200] "GET /reload?ser=1632482112378 HTTP/1.1" 200 28 "http://renault.activities.at/success" "Mozilla/5.0 (Windows NT 6.3; Win64; x64) AppleWebKit/537.36 (KHTML, like Gecko) Chrome/93.0.4577.82 Safari/537.36"
93.83.167.218 - - [24/Sep/2021:13:15:16 +0200] "GET /reload?ser=1632482047246 HTTP/1.1" 200 28 "http://renault.activities.at/result?searchterm=true&search=arkana" "Mozilla/5.0 (Windows NT 10.0; Win64; x64) AppleWebKit/537.36 (KHTML, like Gecko) Chrome/93.0.4577.82 Safari/537.36"
93.82.180.122 - - [24/Sep/2021:13:15:25 +0200] "GET /reload?ser=1632482048075 HTTP/1.1" 200 28 "http://renault.activities.at/success" "Mozilla/5.0 (Windows NT 10.0; Win64; x64) AppleWebKit/537.36 (KHTML, like Gecko) Chrome/94.0.4606.61 Safari/537.36"
185.22.23.252 - - [24/Sep/2021:13:16:13 +0200] "GET /reload?ser=1632482173378 HTTP/1.1" 200 28 "http://renault.activities.at/success" "Mozilla/5.0 (Windows NT 6.3; Win64; x64) AppleWebKit/537.36 (KHTML, like Gecko) Chrome/93.0.4577.82 Safari/537.36"
93.83.167.218 - - [24/Sep/2021:13:16:18 +0200] "GET /reload?ser=1632482109244 HTTP/1.1" 200 28 "http://renault.activities.at/result?searchterm=true&search=arkana" "Mozilla/5.0 (Windows NT 10.0; Win64; x64) AppleWebKit/537.36 (KHTML, like Gecko) Chrome/93.0.4577.82 Safari/537.36"
93.82.180.122 - - [24/Sep/2021:13:16:26 +0200] "GET /reload?ser=1632482109019 HTTP/1.1" 200 28 "http://renault.activities.at/success" "Mozilla/5.0 (Windows NT 10.0; Win64; x64) AppleWebKit/537.36 (KHTML, like Gecko) Chrome/94.0.4606.61 Safari/537.36"
93.82.180.122 - - [24/Sep/2021:13:17:12 +0200] "GET /logout HTTP/1.1" 302 140 "http://renault.activities.at/success" "Mozilla/5.0 (Windows NT 10.0; Win64; x64) AppleWebKit/537.36 (KHTML, like Gecko) Chrome/94.0.4606.61 Safari/537.36"
93.82.180.122 - - [24/Sep/2021:13:17:13 +0200] "GET /logout HTTP/1.1" 200 1583 "http://renault.activities.at/success" "Mozilla/5.0 (Windows NT 10.0; Win64; x64) AppleWebKit/537.36 (KHTML, like Gecko) Chrome/94.0.4606.61 Safari/537.36"
185.22.23.252 - - [24/Sep/2021:13:17:14 +0200] "GET /reload?ser=1632482234377 HTTP/1.1" 200 28 "http://renault.activities.at/success" "Mozilla/5.0 (Windows NT 6.3; Win64; x64) AppleWebKit/537.36 (KHTML, like Gecko) Chrome/93.0.4577.82 Safari/537.36"
93.83.167.218 - - [24/Sep/2021:13:17:19 +0200] "GET /reload?ser=1632482170238 HTTP/1.1" 200 28 "http://renault.activities.at/result?searchterm=true&search=arkana" "Mozilla/5.0 (Windows NT 10.0; Win64; x64) AppleWebKit/537.36 (KHTML, like Gecko) Chrome/93.0.4577.82 Safari/537.36"
185.22.23.252 - - [24/Sep/2021:13:18:15 +0200] "GET /reload?ser=1632482295376 HTTP/1.1" 200 28 "http://renault.activities.at/success" "Mozilla/5.0 (Windows NT 6.3; Win64; x64) AppleWebKit/537.36 (KHTML, like Gecko) Chrome/93.0.4577.82 Safari/537.36"
93.83.167.218 - - [24/Sep/2021:13:18:20 +0200] "GET /reload?ser=1632482231236 HTTP/1.1" 200 28 "http://renault.activities.at/result?searchterm=true&search=arkana" "Mozilla/5.0 (Windows NT 10.0; Win64; x64) AppleWebKit/537.36 (KHTML, like Gecko) Chrome/93.0.4577.82 Safari/537.36"
185.22.23.252 - - [24/Sep/2021:13:19:16 +0200] "GET /reload?ser=1632482356376 HTTP/1.1" 200 28 "http://renault.activities.at/success" "Mozilla/5.0 (Windows NT 6.3; Win64; x64) AppleWebKit/537.36 (KHTML, like Gecko) Chrome/93.0.4577.82 Safari/537.36"
93.83.167.218 - - [24/Sep/2021:13:19:21 +0200] "GET /reload?ser=1632482292232 HTTP/1.1" 200 28 "http://renault.activities.at/result?searchterm=true&search=arkana" "Mozilla/5.0 (Windows NT 10.0; Win64; x64) AppleWebKit/537.36 (KHTML, like Gecko) Chrome/93.0.4577.82 Safari/537.36"
185.22.23.252 - - [24/Sep/2021:13:20:17 +0200] "GET /reload?ser=1632482417376 HTTP/1.1" 200 28 "http://renault.activities.at/success" "Mozilla/5.0 (Windows NT 6.3; Win64; x64) AppleWebKit/537.36 (KHTML, like Gecko) Chrome/93.0.4577.82 Safari/537.36"
93.83.167.218 - - [24/Sep/2021:13:20:22 +0200] "GET /reload?ser=1632482353228 HTTP/1.1" 200 28 "http://renault.activities.at/result?searchterm=true&search=arkana" "Mozilla/5.0 (Windows NT 10.0; Win64; x64) AppleWebKit/537.36 (KHTML, like Gecko) Chrome/93.0.4577.82 Safari/537.36"
185.22.23.252 - - [24/Sep/2021:13:21:18 +0200] "GET /reload?ser=1632482478375 HTTP/1.1" 200 28 "http://renault.activities.at/success" "Mozilla/5.0 (Windows NT 6.3; Win64; x64) AppleWebKit/537.36 (KHTML, like Gecko) Chrome/93.0.4577.82 Safari/537.36"
93.83.167.218 - - [24/Sep/2021:13:21:23 +0200] "GET /reload?ser=1632482414225 HTTP/1.1" 200 28 "http://renault.activities.at/result?searchterm=true&search=arkana" "Mozilla/5.0 (Windows NT 10.0; Win64; x64) AppleWebKit/537.36 (KHTML, like Gecko) Chrome/93.0.4577.82 Safari/537.36"
185.22.23.252 - - [24/Sep/2021:13:22:19 +0200] "GET /reload?ser=1632482539374 HTTP/1.1" 200 28 "http://renault.activities.at/success" "Mozilla/5.0 (Windows NT 6.3; Win64; x64) AppleWebKit/537.36 (KHTML, like Gecko) Chrome/93.0.4577.82 Safari/537.36"
93.83.167.218 - - [24/Sep/2021:13:22:24 +0200] "GET /reload?ser=1632482475220 HTTP/1.1" 200 28 "http://renault.activities.at/result?searchterm=true&search=arkana" "Mozilla/5.0 (Windows NT 10.0; Win64; x64) AppleWebKit/537.36 (KHTML, like Gecko) Chrome/93.0.4577.82 Safari/537.36"
185.22.23.252 - - [24/Sep/2021:13:23:20 +0200] "GET /reload?ser=1632482600386 HTTP/1.1" 200 28 "http://renault.activities.at/success" "Mozilla/5.0 (Windows NT 6.3; Win64; x64) AppleWebKit/537.36 (KHTML, like Gecko) Chrome/93.0.4577.82 Safari/537.36"
93.83.167.218 - - [24/Sep/2021:13:23:25 +0200] "GET /reload?ser=1632482536219 HTTP/1.1" 200 28 "http://renault.activities.at/result?searchterm=true&search=arkana" "Mozilla/5.0 (Windows NT 10.0; Win64; x64) AppleWebKit/537.36 (KHTML, like Gecko) Chrome/93.0.4577.82 Safari/537.36"
185.22.23.252 - - [24/Sep/2021:13:24:21 +0200] "GET /reload?ser=1632482661375 HTTP/1.1" 200 28 "http://renault.activities.at/success" "Mozilla/5.0 (Windows NT 6.3; Win64; x64) AppleWebKit/537.36 (KHTML, like Gecko) Chrome/93.0.4577.82 Safari/537.36"
93.83.167.218 - - [24/Sep/2021:13:24:26 +0200] "GET /reload?ser=1632482597214 HTTP/1.1" 200 28 "http://renault.activities.at/result?searchterm=true&search=arkana" "Mozilla/5.0 (Windows NT 10.0; Win64; x64) AppleWebKit/537.36 (KHTML, like Gecko) Chrome/93.0.4577.82 Safari/537.36"
185.22.23.252 - - [24/Sep/2021:13:25:22 +0200] "GET /reload?ser=1632482722374 HTTP/1.1" 200 28 "http://renault.activities.at/success" "Mozilla/5.0 (Windows NT 6.3; Win64; x64) AppleWebKit/537.36 (KHTML, like Gecko) Chrome/93.0.4577.82 Safari/537.36"
93.83.167.218 - - [24/Sep/2021:13:25:27 +0200] "GET /reload?ser=1632482658211 HTTP/1.1" 200 28 "http://renault.activities.at/result?searchterm=true&search=arkana" "Mozilla/5.0 (Windows NT 10.0; Win64; x64) AppleWebKit/537.36 (KHTML, like Gecko) Chrome/93.0.4577.82 Safari/537.36"
185.22.23.252 - - [24/Sep/2021:13:26:23 +0200] "GET /reload?ser=1632482783374 HTTP/1.1" 200 28 "http://renault.activities.at/success" "Mozilla/5.0 (Windows NT 6.3; Win64; x64) AppleWebKit/537.36 (KHTML, like Gecko) Chrome/93.0.4577.82 Safari/537.36"
93.83.167.218 - - [24/Sep/2021:13:26:28 +0200] "GET /reload?ser=1632482719207 HTTP/1.1" 200 28 "http://renault.activities.at/result?searchterm=true&search=arkana" "Mozilla/5.0 (Windows NT 10.0; Win64; x64) AppleWebKit/537.36 (KHTML, like Gecko) Chrome/93.0.4577.82 Safari/537.36"
185.22.23.252 - - [24/Sep/2021:13:27:24 +0200] "GET /reload?ser=1632482844374 HTTP/1.1" 200 28 "http://renault.activities.at/success" "Mozilla/5.0 (Windows NT 6.3; Win64; x64) AppleWebKit/537.36 (KHTML, like Gecko) Chrome/93.0.4577.82 Safari/537.36"
93.83.167.218 - - [24/Sep/2021:13:27:29 +0200] "GET /reload?ser=1632482780204 HTTP/1.1" 200 28 "http://renault.activities.at/result?searchterm=true&search=arkana" "Mozilla/5.0 (Windows NT 10.0; Win64; x64) AppleWebKit/537.36 (KHTML, like Gecko) Chrome/93.0.4577.82 Safari/537.36"
185.22.23.252 - - [24/Sep/2021:13:28:25 +0200] "GET /reload?ser=1632482905378 HTTP/1.1" 200 28 "http://renault.activities.at/success" "Mozilla/5.0 (Windows NT 6.3; Win64; x64) AppleWebKit/537.36 (KHTML, like Gecko) Chrome/93.0.4577.82 Safari/537.36"
93.83.167.218 - - [24/Sep/2021:13:28:30 +0200] "GET /reload?ser=1632482841201 HTTP/1.1" 200 28 "http://renault.activities.at/result?searchterm=true&search=arkana" "Mozilla/5.0 (Windows NT 10.0; Win64; x64) AppleWebKit/537.36 (KHTML, like Gecko) Chrome/93.0.4577.82 Safari/537.36"
185.22.23.252 - - [24/Sep/2021:13:29:26 +0200] "GET /reload?ser=1632482966387 HTTP/1.1" 200 28 "http://renault.activities.at/success" "Mozilla/5.0 (Windows NT 6.3; Win64; x64) AppleWebKit/537.36 (KHTML, like Gecko) Chrome/93.0.4577.82 Safari/537.36"
93.83.167.218 - - [24/Sep/2021:13:29:31 +0200] "GET /reload?ser=1632482902196 HTTP/1.1" 200 28 "http://renault.activities.at/result?searchterm=true&search=arkana" "Mozilla/5.0 (Windows NT 10.0; Win64; x64) AppleWebKit/537.36 (KHTML, like Gecko) Chrome/93.0.4577.82 Safari/537.36"
185.22.23.252 - - [24/Sep/2021:13:30:27 +0200] "GET /reload?ser=1632483027372 HTTP/1.1" 200 28 "http://renault.activities.at/success" "Mozilla/5.0 (Windows NT 6.3; Win64; x64) AppleWebKit/537.36 (KHTML, like Gecko) Chrome/93.0.4577.82 Safari/537.36"
93.83.167.218 - - [24/Sep/2021:13:30:32 +0200] "GET /reload?ser=1632482963193 HTTP/1.1" 200 28 "http://renault.activities.at/result?searchterm=true&search=arkana" "Mozilla/5.0 (Windows NT 10.0; Win64; x64) AppleWebKit/537.36 (KHTML, like Gecko) Chrome/93.0.4577.82 Safari/537.36"
185.22.23.252 - - [24/Sep/2021:13:31:28 +0200] "GET /reload?ser=1632483088372 HTTP/1.1" 200 28 "http://renault.activities.at/success" "Mozilla/5.0 (Windows NT 6.3; Win64; x64) AppleWebKit/537.36 (KHTML, like Gecko) Chrome/93.0.4577.82 Safari/537.36"
93.83.167.218 - - [24/Sep/2021:13:31:33 +0200] "GET /reload?ser=1632483024191 HTTP/1.1" 200 28 "http://renault.activities.at/result?searchterm=true&search=arkana" "Mozilla/5.0 (Windows NT 10.0; Win64; x64) AppleWebKit/537.36 (KHTML, like Gecko) Chrome/93.0.4577.82 Safari/537.36"
185.22.23.252 - - [24/Sep/2021:13:32:29 +0200] "GET /reload?ser=1632483149373 HTTP/1.1" 200 28 "http://renault.activities.at/success" "Mozilla/5.0 (Windows NT 6.3; Win64; x64) AppleWebKit/537.36 (KHTML, like Gecko) Chrome/93.0.4577.82 Safari/537.36"
93.83.167.218 - - [24/Sep/2021:13:32:34 +0200] "GET /reload?ser=1632483085188 HTTP/1.1" 200 28 "http://renault.activities.at/result?searchterm=true&search=arkana" "Mozilla/5.0 (Windows NT 10.0; Win64; x64) AppleWebKit/537.36 (KHTML, like Gecko) Chrome/93.0.4577.82 Safari/537.36"
185.22.23.252 - - [24/Sep/2021:13:33:30 +0200] "GET /reload?ser=1632483210371 HTTP/1.1" 200 28 "http://renault.activities.at/success" "Mozilla/5.0 (Windows NT 6.3; Win64; x64) AppleWebKit/537.36 (KHTML, like Gecko) Chrome/93.0.4577.82 Safari/537.36"
93.83.167.218 - - [24/Sep/2021:13:33:35 +0200] "GET /reload?ser=1632483146184 HTTP/1.1" 200 28 "http://renault.activities.at/result?searchterm=true&search=arkana" "Mozilla/5.0 (Windows NT 10.0; Win64; x64) AppleWebKit/537.36 (KHTML, like Gecko) Chrome/93.0.4577.82 Safari/537.36"
185.22.23.252 - - [24/Sep/2021:13:34:31 +0200] "GET /reload?ser=1632483271371 HTTP/1.1" 200 28 "http://renault.activities.at/success" "Mozilla/5.0 (Windows NT 6.3; Win64; x64) AppleWebKit/537.36 (KHTML, like Gecko) Chrome/93.0.4577.82 Safari/537.36"
93.83.167.218 - - [24/Sep/2021:13:34:36 +0200] "GET /reload?ser=1632483207180 HTTP/1.1" 200 28 "http://renault.activities.at/result?searchterm=true&search=arkana" "Mozilla/5.0 (Windows NT 10.0; Win64; x64) AppleWebKit/537.36 (KHTML, like Gecko) Chrome/93.0.4577.82 Safari/537.36"
185.22.23.252 - - [24/Sep/2021:13:35:32 +0200] "GET /reload?ser=1632483332376 HTTP/1.1" 200 28 "http://renault.activities.at/success" "Mozilla/5.0 (Windows NT 6.3; Win64; x64) AppleWebKit/537.36 (KHTML, like Gecko) Chrome/93.0.4577.82 Safari/537.36"
93.83.167.218 - - [24/Sep/2021:13:35:37 +0200] "GET /reload?ser=1632483268177 HTTP/1.1" 200 28 "http://renault.activities.at/result?searchterm=true&search=arkana" "Mozilla/5.0 (Windows NT 10.0; Win64; x64) AppleWebKit/537.36 (KHTML, like Gecko) Chrome/93.0.4577.82 Safari/537.36"
185.22.23.252 - - [24/Sep/2021:13:36:33 +0200] "GET /reload?ser=1632483393371 HTTP/1.1" 200 28 "http://renault.activities.at/success" "Mozilla/5.0 (Windows NT 6.3; Win64; x64) AppleWebKit/537.36 (KHTML, like Gecko) Chrome/93.0.4577.82 Safari/537.36"
93.83.167.218 - - [24/Sep/2021:13:36:38 +0200] "GET /reload?ser=1632483329174 HTTP/1.1" 200 28 "http://renault.activities.at/result?searchterm=true&search=arkana" "Mozilla/5.0 (Windows NT 10.0; Win64; x64) AppleWebKit/537.36 (KHTML, like Gecko) Chrome/93.0.4577.82 Safari/537.36"
185.22.23.252 - - [24/Sep/2021:13:37:34 +0200] "GET /reload?ser=1632483454369 HTTP/1.1" 200 28 "http://renault.activities.at/success" "Mozilla/5.0 (Windows NT 6.3; Win64; x64) AppleWebKit/537.36 (KHTML, like Gecko) Chrome/93.0.4577.82 Safari/537.36"
93.83.167.218 - - [24/Sep/2021:13:37:39 +0200] "GET /reload?ser=1632483390171 HTTP/1.1" 200 28 "http://renault.activities.at/result?searchterm=true&search=arkana" "Mozilla/5.0 (Windows NT 10.0; Win64; x64) AppleWebKit/537.36 (KHTML, like Gecko) Chrome/93.0.4577.82 Safari/537.36"
185.22.23.252 - - [24/Sep/2021:13:38:35 +0200] "GET /reload?ser=1632483515368 HTTP/1.1" 200 28 "http://renault.activities.at/success" "Mozilla/5.0 (Windows NT 6.3; Win64; x64) AppleWebKit/537.36 (KHTML, like Gecko) Chrome/93.0.4577.82 Safari/537.36"
93.83.167.218 - - [24/Sep/2021:13:38:40 +0200] "GET /reload?ser=1632483451167 HTTP/1.1" 200 28 "http://renault.activities.at/result?searchterm=true&search=arkana" "Mozilla/5.0 (Windows NT 10.0; Win64; x64) AppleWebKit/537.36 (KHTML, like Gecko) Chrome/93.0.4577.82 Safari/537.36"
185.22.23.252 - - [24/Sep/2021:13:39:36 +0200] "GET /reload?ser=1632483576369 HTTP/1.1" 200 28 "http://renault.activities.at/success" "Mozilla/5.0 (Windows NT 6.3; Win64; x64) AppleWebKit/537.36 (KHTML, like Gecko) Chrome/93.0.4577.82 Safari/537.36"
93.83.167.218 - - [24/Sep/2021:13:39:41 +0200] "GET /reload?ser=1632483512164 HTTP/1.1" 200 28 "http://renault.activities.at/result?searchterm=true&search=arkana" "Mozilla/5.0 (Windows NT 10.0; Win64; x64) AppleWebKit/537.36 (KHTML, like Gecko) Chrome/93.0.4577.82 Safari/537.36"
185.22.23.252 - - [24/Sep/2021:13:40:37 +0200] "GET /reload?ser=1632483637368 HTTP/1.1" 200 28 "http://renault.activities.at/success" "Mozilla/5.0 (Windows NT 6.3; Win64; x64) AppleWebKit/537.36 (KHTML, like Gecko) Chrome/93.0.4577.82 Safari/537.36"
93.83.167.218 - - [24/Sep/2021:13:40:42 +0200] "GET /reload?ser=1632483573161 HTTP/1.1" 200 28 "http://renault.activities.at/result?searchterm=true&search=arkana" "Mozilla/5.0 (Windows NT 10.0; Win64; x64) AppleWebKit/537.36 (KHTML, like Gecko) Chrome/93.0.4577.82 Safari/537.36"
185.22.23.252 - - [24/Sep/2021:13:41:38 +0200] "GET /reload?ser=1632483698369 HTTP/1.1" 200 28 "http://renault.activities.at/success" "Mozilla/5.0 (Windows NT 6.3; Win64; x64) AppleWebKit/537.36 (KHTML, like Gecko) Chrome/93.0.4577.82 Safari/537.36"
93.83.167.218 - - [24/Sep/2021:13:41:44 +0200] "GET /reload?ser=1632483635158 HTTP/1.1" 200 28 "http://renault.activities.at/result?searchterm=true&search=arkana" "Mozilla/5.0 (Windows NT 10.0; Win64; x64) AppleWebKit/537.36 (KHTML, like Gecko) Chrome/93.0.4577.82 Safari/537.36"
185.22.23.252 - - [24/Sep/2021:13:42:39 +0200] "GET /reload?ser=1632483759368 HTTP/1.1" 200 28 "http://renault.activities.at/success" "Mozilla/5.0 (Windows NT 6.3; Win64; x64) AppleWebKit/537.36 (KHTML, like Gecko) Chrome/93.0.4577.82 Safari/537.36"
93.83.167.218 - - [24/Sep/2021:13:42:45 +0200] "GET /reload?ser=1632483696155 HTTP/1.1" 200 28 "http://renault.activities.at/result?searchterm=true&search=arkana" "Mozilla/5.0 (Windows NT 10.0; Win64; x64) AppleWebKit/537.36 (KHTML, like Gecko) Chrome/93.0.4577.82 Safari/537.36"
185.22.23.252 - - [24/Sep/2021:13:43:40 +0200] "GET /reload?ser=1632483820367 HTTP/1.1" 200 28 "http://renault.activities.at/success" "Mozilla/5.0 (Windows NT 6.3; Win64; x64) AppleWebKit/537.36 (KHTML, like Gecko) Chrome/93.0.4577.82 Safari/537.36"
93.83.167.218 - - [24/Sep/2021:13:43:46 +0200] "GET /reload?ser=1632483757151 HTTP/1.1" 200 28 "http://renault.activities.at/result?searchterm=true&search=arkana" "Mozilla/5.0 (Windows NT 10.0; Win64; x64) AppleWebKit/537.36 (KHTML, like Gecko) Chrome/93.0.4577.82 Safari/537.36"
185.22.23.252 - - [24/Sep/2021:13:44:41 +0200] "GET /reload?ser=1632483881367 HTTP/1.1" 200 28 "http://renault.activities.at/success" "Mozilla/5.0 (Windows NT 6.3; Win64; x64) AppleWebKit/537.36 (KHTML, like Gecko) Chrome/93.0.4577.82 Safari/537.36"
93.83.167.218 - - [24/Sep/2021:13:44:47 +0200] "GET /reload?ser=1632483818148 HTTP/1.1" 200 28 "http://renault.activities.at/result?searchterm=true&search=arkana" "Mozilla/5.0 (Windows NT 10.0; Win64; x64) AppleWebKit/537.36 (KHTML, like Gecko) Chrome/93.0.4577.82 Safari/537.36"
185.22.23.252 - - [24/Sep/2021:13:45:42 +0200] "GET /reload?ser=1632483942367 HTTP/1.1" 200 28 "http://renault.activities.at/success" "Mozilla/5.0 (Windows NT 6.3; Win64; x64) AppleWebKit/537.36 (KHTML, like Gecko) Chrome/93.0.4577.82 Safari/537.36"
93.83.167.218 - - [24/Sep/2021:13:45:48 +0200] "GET /reload?ser=1632483879145 HTTP/1.1" 200 28 "http://renault.activities.at/result?searchterm=true&search=arkana" "Mozilla/5.0 (Windows NT 10.0; Win64; x64) AppleWebKit/537.36 (KHTML, like Gecko) Chrome/93.0.4577.82 Safari/537.36"
84.173.168.103 - - [24/Sep/2021:13:45:57 +0200] "GET / HTTP/1.1" 200 3086 "https://www.google.com/" "Mozilla/5.0 (Windows NT 10.0; Win64; x64; rv:78.0) Gecko/20100101 Firefox/78.0"
84.173.168.103 - - [24/Sep/2021:13:45:58 +0200] "GET /js/flashdetection.js HTTP/1.1" 200 1059 "http://renault.activities.at/" "Mozilla/5.0 (Windows NT 10.0; Win64; x64; rv:78.0) Gecko/20100101 Firefox/78.0"
84.173.168.103 - - [24/Sep/2021:13:45:58 +0200] "GET /css/reset.css HTTP/1.1" 200 1356 "http://renault.activities.at/" "Mozilla/5.0 (Windows NT 10.0; Win64; x64; rv:78.0) Gecko/20100101 Firefox/78.0"
84.173.168.103 - - [24/Sep/2021:13:45:58 +0200] "GET /css/clears.css HTTP/1.1" 200 851 "http://renault.activities.at/" "Mozilla/5.0 (Windows NT 10.0; Win64; x64; rv:78.0) Gecko/20100101 Firefox/78.0"
84.173.168.103 - - [24/Sep/2021:13:45:58 +0200] "GET /css/styles.css HTTP/1.1" 200 14664 "http://renault.activities.at/" "Mozilla/5.0 (Windows NT 10.0; Win64; x64; rv:78.0) Gecko/20100101 Firefox/78.0"
84.173.168.103 - - [24/Sep/2021:13:45:58 +0200] "GET /js/default.js HTTP/1.1" 200 14698 "http://renault.activities.at/" "Mozilla/5.0 (Windows NT 10.0; Win64; x64; rv:78.0) Gecko/20100101 Firefox/78.0"
84.173.168.103 - - [24/Sep/2021:13:45:58 +0200] "GET /css/print.css HTTP/1.1" 200 543 "http://renault.activities.at/" "Mozilla/5.0 (Windows NT 10.0; Win64; x64; rv:78.0) Gecko/20100101 Firefox/78.0"
84.173.168.103 - - [24/Sep/2021:13:45:58 +0200] "GET /js/checkout.css HTTP/1.1" 200 359 "http://renault.activities.at/" "Mozilla/5.0 (Windows NT 10.0; Win64; x64; rv:78.0) Gecko/20100101 Firefox/78.0"
84.173.168.103 - - [24/Sep/2021:13:45:58 +0200] "GET /css/prototip.css HTTP/1.1" 200 968 "http://renault.activities.at/" "Mozilla/5.0 (Windows NT 10.0; Win64; x64; rv:78.0) Gecko/20100101 Firefox/78.0"
84.173.168.103 - - [24/Sep/2021:13:45:58 +0200] "GET /css/themes/default.css HTTP/1.1" 200 769 "http://renault.activities.at/" "Mozilla/5.0 (Windows NT 10.0; Win64; x64; rv:78.0) Gecko/20100101 Firefox/78.0"
84.173.168.103 - - [24/Sep/2021:13:45:58 +0200] "GET /css/themes/alphacube.css HTTP/1.1" 200 743 "http://renault.activities.at/" "Mozilla/5.0 (Windows NT 10.0; Win64; x64; rv:78.0) Gecko/20100101 Firefox/78.0"
84.173.168.103 - - [24/Sep/2021:13:45:58 +0200] "GET /js/index.php?c=auto&f=,prototype/prototype.js,prototype/validation.js,scriptaculous/builder.js,scriptaculous/effects.js,scriptaculous/dragdrop.js,scriptaculous/controls.js,scriptaculous/slider.js,varien/js.js,varien/form.js,varien/menu.js,mage/translate.js,mage/cookies.js,varien/product.js,spinner/SpinnerControl.jsmin.js,prototype/window.js,prototype/window_ext.js HTTP/1.1" 200 94182 "http://renault.activities.at/" "Mozilla/5.0 (Windows NT 10.0; Win64; x64; rv:78.0) Gecko/20100101 Firefox/78.0"
84.173.168.103 - - [24/Sep/2021:13:45:59 +0200] "GET /images/main_block_border.gif HTTP/1.1" 200 43 "http://renault.activities.at/css/styles.css" "Mozilla/5.0 (Windows NT 10.0; Win64; x64; rv:78.0) Gecko/20100101 Firefox/78.0"
84.173.168.103 - - [24/Sep/2021:13:45:59 +0200] "GET /images/main_block_corner_left_bot.gif HTTP/1.1" 200 159 "http://renault.activities.at/css/styles.css" "Mozilla/5.0 (Windows NT 10.0; Win64; x64; rv:78.0) Gecko/20100101 Firefox/78.0"
84.173.168.103 - - [24/Sep/2021:13:45:59 +0200] "GET /images/main_block_corner_right_bot.gif HTTP/1.1" 200 158 "http://renault.activities.at/css/styles.css" "Mozilla/5.0 (Windows NT 10.0; Win64; x64; rv:78.0) Gecko/20100101 Firefox/78.0"
84.173.168.103 - - [24/Sep/2021:13:45:59 +0200] "GET /images/header_block_border.gif HTTP/1.1" 200 43 "http://renault.activities.at/css/styles.css" "Mozilla/5.0 (Windows NT 10.0; Win64; x64; rv:78.0) Gecko/20100101 Firefox/78.0"
84.173.168.103 - - [24/Sep/2021:13:45:59 +0200] "GET /images/header_block_corner_left_top.gif HTTP/1.1" 200 160 "http://renault.activities.at/css/styles.css" "Mozilla/5.0 (Windows NT 10.0; Win64; x64; rv:78.0) Gecko/20100101 Firefox/78.0"
84.173.168.103 - - [24/Sep/2021:13:45:59 +0200] "GET /images/header_block_corner_right_top.gif HTTP/1.1" 200 160 "http://renault.activities.at/css/styles.css" "Mozilla/5.0 (Windows NT 10.0; Win64; x64; rv:78.0) Gecko/20100101 Firefox/78.0"
84.173.168.103 - - [24/Sep/2021:13:45:59 +0200] "GET /images/main_block_corner_left_top.gif HTTP/1.1" 200 159 "http://renault.activities.at/css/styles.css" "Mozilla/5.0 (Windows NT 10.0; Win64; x64; rv:78.0) Gecko/20100101 Firefox/78.0"
84.173.168.103 - - [24/Sep/2021:13:45:59 +0200] "GET /images/main_block_corner_right_top.gif HTTP/1.1" 200 159 "http://renault.activities.at/css/styles.css" "Mozilla/5.0 (Windows NT 10.0; Win64; x64; rv:78.0) Gecko/20100101 Firefox/78.0"
84.173.168.103 - - [24/Sep/2021:13:45:59 +0200] "GET /images/title_border.jpg HTTP/1.1" 200 304 "http://renault.activities.at/css/styles.css" "Mozilla/5.0 (Windows NT 10.0; Win64; x64; rv:78.0) Gecko/20100101 Firefox/78.0"
84.173.168.103 - - [24/Sep/2021:13:45:59 +0200] "GET /images/title_border_top.jpg HTTP/1.1" 200 336 "http://renault.activities.at/css/styles.css" "Mozilla/5.0 (Windows NT 10.0; Win64; x64; rv:78.0) Gecko/20100101 Firefox/78.0"
84.173.168.103 - - [24/Sep/2021:13:45:59 +0200] "GET /images/title_corner_left_top.jpg HTTP/1.1" 200 372 "http://renault.activities.at/css/styles.css" "Mozilla/5.0 (Windows NT 10.0; Win64; x64; rv:78.0) Gecko/20100101 Firefox/78.0"
84.173.168.103 - - [24/Sep/2021:13:45:59 +0200] "GET /images/title_corner_right_top.jpg HTTP/1.1" 200 389 "http://renault.activities.at/css/styles.css" "Mozilla/5.0 (Windows NT 10.0; Win64; x64; rv:78.0) Gecko/20100101 Firefox/78.0"
84.173.168.103 - - [24/Sep/2021:13:45:59 +0200] "GET /images/favicon.ico HTTP/1.1" 404 305 "-" "Mozilla/5.0 (Windows NT 10.0; Win64; x64; rv:78.0) Gecko/20100101 Firefox/78.0"
84.173.168.103 - - [24/Sep/2021:13:45:59 +0200] "GET /loadthumbnail.php?id=11127982 HTTP/1.1" 200 399614 "http://renault.activities.at/" "Mozilla/5.0 (Windows NT 10.0; Win64; x64; rv:78.0) Gecko/20100101 Firefox/78.0"
84.173.168.103 - - [24/Sep/2021:13:46:01 +0200] "GET /login HTTP/1.1" 200 2085 "http://renault.activities.at/" "Mozilla/5.0 (Windows NT 10.0; Win64; x64; rv:78.0) Gecko/20100101 Firefox/78.0"
84.173.168.103 - - [24/Sep/2021:13:46:02 +0200] "GET /images/button_left_bg.gif HTTP/1.1" 200 564 "http://renault.activities.at/css/styles.css" "Mozilla/5.0 (Windows NT 10.0; Win64; x64; rv:78.0) Gecko/20100101 Firefox/78.0"
84.173.168.103 - - [24/Sep/2021:13:46:02 +0200] "GET /images/button_right_bg.gif HTTP/1.1" 200 561 "http://renault.activities.at/css/styles.css" "Mozilla/5.0 (Windows NT 10.0; Win64; x64; rv:78.0) Gecko/20100101 Firefox/78.0"
84.173.168.103 - - [24/Sep/2021:13:46:02 +0200] "GET /images/button_bg.gif HTTP/1.1" 200 151 "http://renault.activities.at/css/styles.css" "Mozilla/5.0 (Windows NT 10.0; Win64; x64; rv:78.0) Gecko/20100101 Firefox/78.0"
84.173.168.103 - - [24/Sep/2021:13:46:02 +0200] "GET /loadthumbnail.php?id=11127982 HTTP/1.1" 200 399614 "http://renault.activities.at/login" "Mozilla/5.0 (Windows NT 10.0; Win64; x64; rv:78.0) Gecko/20100101 Firefox/78.0"
84.173.168.103 - - [24/Sep/2021:13:46:12 +0200] "GET / HTTP/1.1" 200 3086 "https://www.google.com/" "Mozilla/5.0 (Windows NT 10.0; Win64; x64; rv:78.0) Gecko/20100101 Firefox/78.0"
84.173.168.103 - - [24/Sep/2021:13:46:13 +0200] "GET / HTTP/1.1" 200 3086 "https://www.google.com/" "Mozilla/5.0 (Windows NT 10.0; Win64; x64; rv:78.0) Gecko/20100101 Firefox/78.0"
185.22.23.252 - - [24/Sep/2021:13:46:43 +0200] "GET /reload?ser=1632484003365 HTTP/1.1" 200 28 "http://renault.activities.at/success" "Mozilla/5.0 (Windows NT 6.3; Win64; x64) AppleWebKit/537.36 (KHTML, like Gecko) Chrome/93.0.4577.82 Safari/537.36"
93.83.167.218 - - [24/Sep/2021:13:46:49 +0200] "GET /reload?ser=1632483940142 HTTP/1.1" 200 28 "http://renault.activities.at/result?searchterm=true&search=arkana" "Mozilla/5.0 (Windows NT 10.0; Win64; x64) AppleWebKit/537.36 (KHTML, like Gecko) Chrome/93.0.4577.82 Safari/537.36"
185.22.23.252 - - [24/Sep/2021:13:47:44 +0200] "GET /reload?ser=1632484064364 HTTP/1.1" 200 28 "http://renault.activities.at/success" "Mozilla/5.0 (Windows NT 6.3; Win64; x64) AppleWebKit/537.36 (KHTML, like Gecko) Chrome/93.0.4577.82 Safari/537.36"
93.83.167.218 - - [24/Sep/2021:13:47:50 +0200] "GET /reload?ser=1632484001139 HTTP/1.1" 200 28 "http://renault.activities.at/result?searchterm=true&search=arkana" "Mozilla/5.0 (Windows NT 10.0; Win64; x64) AppleWebKit/537.36 (KHTML, like Gecko) Chrome/93.0.4577.82 Safari/537.36"
185.22.23.252 - - [24/Sep/2021:13:48:45 +0200] "GET /reload?ser=1632484125364 HTTP/1.1" 200 28 "http://renault.activities.at/success" "Mozilla/5.0 (Windows NT 6.3; Win64; x64) AppleWebKit/537.36 (KHTML, like Gecko) Chrome/93.0.4577.82 Safari/537.36"
93.83.167.218 - - [24/Sep/2021:13:48:51 +0200] "GET /reload?ser=1632484062136 HTTP/1.1" 200 28 "http://renault.activities.at/result?searchterm=true&search=arkana" "Mozilla/5.0 (Windows NT 10.0; Win64; x64) AppleWebKit/537.36 (KHTML, like Gecko) Chrome/93.0.4577.82 Safari/537.36"
185.22.23.252 - - [24/Sep/2021:13:49:46 +0200] "GET /reload?ser=1632484186368 HTTP/1.1" 200 28 "http://renault.activities.at/success" "Mozilla/5.0 (Windows NT 6.3; Win64; x64) AppleWebKit/537.36 (KHTML, like Gecko) Chrome/93.0.4577.82 Safari/537.36"
93.83.167.218 - - [24/Sep/2021:13:49:52 +0200] "GET /reload?ser=1632484123132 HTTP/1.1" 200 28 "http://renault.activities.at/result?searchterm=true&search=arkana" "Mozilla/5.0 (Windows NT 10.0; Win64; x64) AppleWebKit/537.36 (KHTML, like Gecko) Chrome/93.0.4577.82 Safari/537.36"
185.22.23.252 - - [24/Sep/2021:13:50:47 +0200] "GET /reload?ser=1632484247364 HTTP/1.1" 200 28 "http://renault.activities.at/success" "Mozilla/5.0 (Windows NT 6.3; Win64; x64) AppleWebKit/537.36 (KHTML, like Gecko) Chrome/93.0.4577.82 Safari/537.36"
93.83.167.218 - - [24/Sep/2021:13:50:53 +0200] "GET /reload?ser=1632484184130 HTTP/1.1" 200 28 "http://renault.activities.at/result?searchterm=true&search=arkana" "Mozilla/5.0 (Windows NT 10.0; Win64; x64) AppleWebKit/537.36 (KHTML, like Gecko) Chrome/93.0.4577.82 Safari/537.36"
185.22.23.252 - - [24/Sep/2021:13:51:48 +0200] "GET /reload?ser=1632484308364 HTTP/1.1" 200 28 "http://renault.activities.at/success" "Mozilla/5.0 (Windows NT 6.3; Win64; x64) AppleWebKit/537.36 (KHTML, like Gecko) Chrome/93.0.4577.82 Safari/537.36"
93.83.167.218 - - [24/Sep/2021:13:51:54 +0200] "GET /reload?ser=1632484245127 HTTP/1.1" 200 28 "http://renault.activities.at/result?searchterm=true&search=arkana" "Mozilla/5.0 (Windows NT 10.0; Win64; x64) AppleWebKit/537.36 (KHTML, like Gecko) Chrome/93.0.4577.82 Safari/537.36"
185.22.23.252 - - [24/Sep/2021:13:52:49 +0200] "GET /reload?ser=1632484369363 HTTP/1.1" 200 28 "http://renault.activities.at/success" "Mozilla/5.0 (Windows NT 6.3; Win64; x64) AppleWebKit/537.36 (KHTML, like Gecko) Chrome/93.0.4577.82 Safari/537.36"
93.83.167.218 - - [24/Sep/2021:13:52:55 +0200] "GET /reload?ser=1632484306124 HTTP/1.1" 200 28 "http://renault.activities.at/result?searchterm=true&search=arkana" "Mozilla/5.0 (Windows NT 10.0; Win64; x64) AppleWebKit/537.36 (KHTML, like Gecko) Chrome/93.0.4577.82 Safari/537.36"
185.22.23.252 - - [24/Sep/2021:13:53:50 +0200] "GET /reload?ser=1632484430363 HTTP/1.1" 200 28 "http://renault.activities.at/success" "Mozilla/5.0 (Windows NT 6.3; Win64; x64) AppleWebKit/537.36 (KHTML, like Gecko) Chrome/93.0.4577.82 Safari/537.36"
93.83.167.218 - - [24/Sep/2021:13:53:56 +0200] "GET /reload?ser=1632484367121 HTTP/1.1" 200 28 "http://renault.activities.at/result?searchterm=true&search=arkana" "Mozilla/5.0 (Windows NT 10.0; Win64; x64) AppleWebKit/537.36 (KHTML, like Gecko) Chrome/93.0.4577.82 Safari/537.36"
185.22.23.252 - - [24/Sep/2021:13:54:51 +0200] "GET /reload?ser=1632484491362 HTTP/1.1" 200 28 "http://renault.activities.at/success" "Mozilla/5.0 (Windows NT 6.3; Win64; x64) AppleWebKit/537.36 (KHTML, like Gecko) Chrome/93.0.4577.82 Safari/537.36"
93.83.167.218 - - [24/Sep/2021:13:54:57 +0200] "GET /reload?ser=1632484428118 HTTP/1.1" 200 28 "http://renault.activities.at/result?searchterm=true&search=arkana" "Mozilla/5.0 (Windows NT 10.0; Win64; x64) AppleWebKit/537.36 (KHTML, like Gecko) Chrome/93.0.4577.82 Safari/537.36"
185.22.23.252 - - [24/Sep/2021:13:55:52 +0200] "GET /reload?ser=1632484552362 HTTP/1.1" 200 28 "http://renault.activities.at/success" "Mozilla/5.0 (Windows NT 6.3; Win64; x64) AppleWebKit/537.36 (KHTML, like Gecko) Chrome/93.0.4577.82 Safari/537.36"
93.83.167.218 - - [24/Sep/2021:13:55:58 +0200] "GET /reload?ser=1632484489115 HTTP/1.1" 200 28 "http://renault.activities.at/result?searchterm=true&search=arkana" "Mozilla/5.0 (Windows NT 10.0; Win64; x64) AppleWebKit/537.36 (KHTML, like Gecko) Chrome/93.0.4577.82 Safari/537.36"
185.22.23.252 - - [24/Sep/2021:13:56:53 +0200] "GET /reload?ser=1632484613362 HTTP/1.1" 200 28 "http://renault.activities.at/success" "Mozilla/5.0 (Windows NT 6.3; Win64; x64) AppleWebKit/537.36 (KHTML, like Gecko) Chrome/93.0.4577.82 Safari/537.36"
93.83.167.218 - - [24/Sep/2021:13:56:59 +0200] "GET /reload?ser=1632484550112 HTTP/1.1" 200 28 "http://renault.activities.at/result?searchterm=true&search=arkana" "Mozilla/5.0 (Windows NT 10.0; Win64; x64) AppleWebKit/537.36 (KHTML, like Gecko) Chrome/93.0.4577.82 Safari/537.36"
185.22.23.252 - - [24/Sep/2021:13:57:54 +0200] "GET /reload?ser=1632484674361 HTTP/1.1" 200 28 "http://renault.activities.at/success" "Mozilla/5.0 (Windows NT 6.3; Win64; x64) AppleWebKit/537.36 (KHTML, like Gecko) Chrome/93.0.4577.82 Safari/537.36"
93.83.167.218 - - [24/Sep/2021:13:58:00 +0200] "GET /reload?ser=1632484611110 HTTP/1.1" 200 28 "http://renault.activities.at/result?searchterm=true&search=arkana" "Mozilla/5.0 (Windows NT 10.0; Win64; x64) AppleWebKit/537.36 (KHTML, like Gecko) Chrome/93.0.4577.82 Safari/537.36"
185.22.23.252 - - [24/Sep/2021:13:58:55 +0200] "GET /reload?ser=1632484735361 HTTP/1.1" 200 28 "http://renault.activities.at/success" "Mozilla/5.0 (Windows NT 6.3; Win64; x64) AppleWebKit/537.36 (KHTML, like Gecko) Chrome/93.0.4577.82 Safari/537.36"
