185.22.23.252 - - [24/Sep/2021:11:48:47 +0200] "GET /reload?ser=1632476927409 HTTP/1.1" 200 28 "http://renault.activities.at/success" "Mozilla/5.0 (Windows NT 6.3; Win64; x64) AppleWebKit/537.36 (KHTML, like Gecko) Chrome/93.0.4577.82 Safari/537.36"
93.83.241.1 - - [24/Sep/2021:11:49:16 +0200] "GET /reload?ser=1632476956854 HTTP/1.1" 200 28 "http://renault.activities.at/10201442" "Mozilla/5.0 (Windows NT 10.0; WOW64; Trident/7.0; rv:11.0) like Gecko"
185.22.23.252 - - [24/Sep/2021:11:49:48 +0200] "GET /reload?ser=1632476988409 HTTP/1.1" 200 28 "http://renault.activities.at/success" "Mozilla/5.0 (Windows NT 6.3; Win64; x64) AppleWebKit/537.36 (KHTML, like Gecko) Chrome/93.0.4577.82 Safari/537.36"
93.83.167.218 - - [24/Sep/2021:11:49:48 +0200] "GET /reload?ser=1632476919560 HTTP/1.1" 200 28 "http://renault.activities.at/result?searchterm=true&search=arkana" "Mozilla/5.0 (Windows NT 10.0; Win64; x64) AppleWebKit/537.36 (KHTML, like Gecko) Chrome/93.0.4577.82 Safari/537.36"
93.83.241.1 - - [24/Sep/2021:11:50:17 +0200] "GET /reload?ser=1632477017884 HTTP/1.1" 200 28 "http://renault.activities.at/10201442" "Mozilla/5.0 (Windows NT 10.0; WOW64; Trident/7.0; rv:11.0) like Gecko"
185.22.23.252 - - [24/Sep/2021:11:50:49 +0200] "GET /reload?ser=1632477049409 HTTP/1.1" 200 28 "http://renault.activities.at/success" "Mozilla/5.0 (Windows NT 6.3; Win64; x64) AppleWebKit/537.36 (KHTML, like Gecko) Chrome/93.0.4577.82 Safari/537.36"
93.83.167.218 - - [24/Sep/2021:11:50:49 +0200] "GET /reload?ser=1632476980559 HTTP/1.1" 200 28 "http://renault.activities.at/result?searchterm=true&search=arkana" "Mozilla/5.0 (Windows NT 10.0; Win64; x64) AppleWebKit/537.36 (KHTML, like Gecko) Chrome/93.0.4577.82 Safari/537.36"
93.83.241.1 - - [24/Sep/2021:11:51:18 +0200] "GET /reload?ser=1632477078853 HTTP/1.1" 200 28 "http://renault.activities.at/10201442" "Mozilla/5.0 (Windows NT 10.0; WOW64; Trident/7.0; rv:11.0) like Gecko"
185.22.23.252 - - [24/Sep/2021:11:51:50 +0200] "GET /reload?ser=1632477110409 HTTP/1.1" 200 28 "http://renault.activities.at/success" "Mozilla/5.0 (Windows NT 6.3; Win64; x64) AppleWebKit/537.36 (KHTML, like Gecko) Chrome/93.0.4577.82 Safari/537.36"
93.83.167.218 - - [24/Sep/2021:11:51:50 +0200] "GET /reload?ser=1632477041559 HTTP/1.1" 200 28 "http://renault.activities.at/result?searchterm=true&search=arkana" "Mozilla/5.0 (Windows NT 10.0; Win64; x64) AppleWebKit/537.36 (KHTML, like Gecko) Chrome/93.0.4577.82 Safari/537.36"
93.83.241.1 - - [24/Sep/2021:11:52:19 +0200] "GET /reload?ser=1632477139879 HTTP/1.1" 200 28 "http://renault.activities.at/10201442" "Mozilla/5.0 (Windows NT 10.0; WOW64; Trident/7.0; rv:11.0) like Gecko"
185.22.23.252 - - [24/Sep/2021:11:52:51 +0200] "GET /reload?ser=1632477171408 HTTP/1.1" 200 28 "http://renault.activities.at/success" "Mozilla/5.0 (Windows NT 6.3; Win64; x64) AppleWebKit/537.36 (KHTML, like Gecko) Chrome/93.0.4577.82 Safari/537.36"
93.83.167.218 - - [24/Sep/2021:11:52:51 +0200] "GET /reload?ser=1632477102557 HTTP/1.1" 200 28 "http://renault.activities.at/result?searchterm=true&search=arkana" "Mozilla/5.0 (Windows NT 10.0; Win64; x64) AppleWebKit/537.36 (KHTML, like Gecko) Chrome/93.0.4577.82 Safari/537.36"
93.83.241.1 - - [24/Sep/2021:11:53:20 +0200] "GET /reload?ser=1632477200848 HTTP/1.1" 200 28 "http://renault.activities.at/10201442" "Mozilla/5.0 (Windows NT 10.0; WOW64; Trident/7.0; rv:11.0) like Gecko"
185.22.23.252 - - [24/Sep/2021:11:53:52 +0200] "GET /reload?ser=1632477232407 HTTP/1.1" 200 28 "http://renault.activities.at/success" "Mozilla/5.0 (Windows NT 6.3; Win64; x64) AppleWebKit/537.36 (KHTML, like Gecko) Chrome/93.0.4577.82 Safari/537.36"
93.83.167.218 - - [24/Sep/2021:11:53:52 +0200] "GET /reload?ser=1632477163557 HTTP/1.1" 200 28 "http://renault.activities.at/result?searchterm=true&search=arkana" "Mozilla/5.0 (Windows NT 10.0; Win64; x64) AppleWebKit/537.36 (KHTML, like Gecko) Chrome/93.0.4577.82 Safari/537.36"
93.83.241.1 - - [24/Sep/2021:11:54:21 +0200] "GET /reload?ser=1632477261878 HTTP/1.1" 200 28 "http://renault.activities.at/10201442" "Mozilla/5.0 (Windows NT 10.0; WOW64; Trident/7.0; rv:11.0) like Gecko"
185.22.23.252 - - [24/Sep/2021:11:54:53 +0200] "GET /reload?ser=1632477293407 HTTP/1.1" 200 28 "http://renault.activities.at/success" "Mozilla/5.0 (Windows NT 6.3; Win64; x64) AppleWebKit/537.36 (KHTML, like Gecko) Chrome/93.0.4577.82 Safari/537.36"
93.83.167.218 - - [24/Sep/2021:11:54:53 +0200] "GET /reload?ser=1632477224556 HTTP/1.1" 200 28 "http://renault.activities.at/result?searchterm=true&search=arkana" "Mozilla/5.0 (Windows NT 10.0; Win64; x64) AppleWebKit/537.36 (KHTML, like Gecko) Chrome/93.0.4577.82 Safari/537.36"
93.83.241.1 - - [24/Sep/2021:11:55:22 +0200] "GET /reload?ser=1632477322872 HTTP/1.1" 200 28 "http://renault.activities.at/10201442" "Mozilla/5.0 (Windows NT 10.0; WOW64; Trident/7.0; rv:11.0) like Gecko"
185.22.23.252 - - [24/Sep/2021:11:55:54 +0200] "GET /reload?ser=1632477354407 HTTP/1.1" 200 28 "http://renault.activities.at/success" "Mozilla/5.0 (Windows NT 6.3; Win64; x64) AppleWebKit/537.36 (KHTML, like Gecko) Chrome/93.0.4577.82 Safari/537.36"
93.83.167.218 - - [24/Sep/2021:11:55:55 +0200] "GET /reload?ser=1632477286554 HTTP/1.1" 200 28 "http://renault.activities.at/result?searchterm=true&search=arkana" "Mozilla/5.0 (Windows NT 10.0; Win64; x64) AppleWebKit/537.36 (KHTML, like Gecko) Chrome/93.0.4577.82 Safari/537.36"
93.83.241.1 - - [24/Sep/2021:11:56:24 +0200] "GET /reload?ser=1632477383881 HTTP/1.1" 200 28 "http://renault.activities.at/10201442" "Mozilla/5.0 (Windows NT 10.0; WOW64; Trident/7.0; rv:11.0) like Gecko"
185.22.23.252 - - [24/Sep/2021:11:56:55 +0200] "GET /reload?ser=1632477415406 HTTP/1.1" 200 28 "http://renault.activities.at/success" "Mozilla/5.0 (Windows NT 6.3; Win64; x64) AppleWebKit/537.36 (KHTML, like Gecko) Chrome/93.0.4577.82 Safari/537.36"
93.83.167.218 - - [24/Sep/2021:11:56:56 +0200] "GET /reload?ser=1632477347554 HTTP/1.1" 200 28 "http://renault.activities.at/result?searchterm=true&search=arkana" "Mozilla/5.0 (Windows NT 10.0; Win64; x64) AppleWebKit/537.36 (KHTML, like Gecko) Chrome/93.0.4577.82 Safari/537.36"
93.83.241.1 - - [24/Sep/2021:11:57:25 +0200] "GET /reload?ser=1632477444980 HTTP/1.1" 200 28 "http://renault.activities.at/10201442" "Mozilla/5.0 (Windows NT 10.0; WOW64; Trident/7.0; rv:11.0) like Gecko"
185.22.23.252 - - [24/Sep/2021:11:57:56 +0200] "GET /reload?ser=1632477476406 HTTP/1.1" 200 28 "http://renault.activities.at/success" "Mozilla/5.0 (Windows NT 6.3; Win64; x64) AppleWebKit/537.36 (KHTML, like Gecko) Chrome/93.0.4577.82 Safari/537.36"
93.83.167.218 - - [24/Sep/2021:11:57:57 +0200] "GET /reload?ser=1632477408553 HTTP/1.1" 200 28 "http://renault.activities.at/result?searchterm=true&search=arkana" "Mozilla/5.0 (Windows NT 10.0; Win64; x64) AppleWebKit/537.36 (KHTML, like Gecko) Chrome/93.0.4577.82 Safari/537.36"
93.83.241.1 - - [24/Sep/2021:11:58:26 +0200] "GET /reload?ser=1632477505979 HTTP/1.1" 200 28 "http://renault.activities.at/10201442" "Mozilla/5.0 (Windows NT 10.0; WOW64; Trident/7.0; rv:11.0) like Gecko"
185.22.23.252 - - [24/Sep/2021:11:58:57 +0200] "GET /reload?ser=1632477537406 HTTP/1.1" 200 28 "http://renault.activities.at/success" "Mozilla/5.0 (Windows NT 6.3; Win64; x64) AppleWebKit/537.36 (KHTML, like Gecko) Chrome/93.0.4577.82 Safari/537.36"
93.83.167.218 - - [24/Sep/2021:11:58:58 +0200] "GET /reload?ser=1632477469552 HTTP/1.1" 200 28 "http://renault.activities.at/result?searchterm=true&search=arkana" "Mozilla/5.0 (Windows NT 10.0; Win64; x64) AppleWebKit/537.36 (KHTML, like Gecko) Chrome/93.0.4577.82 Safari/537.36"
93.83.241.1 - - [24/Sep/2021:11:59:27 +0200] "GET /reload?ser=1632477567023 HTTP/1.1" 200 28 "http://renault.activities.at/10201442" "Mozilla/5.0 (Windows NT 10.0; WOW64; Trident/7.0; rv:11.0) like Gecko"
185.22.23.252 - - [24/Sep/2021:11:59:58 +0200] "GET /reload?ser=1632477598406 HTTP/1.1" 200 28 "http://renault.activities.at/success" "Mozilla/5.0 (Windows NT 6.3; Win64; x64) AppleWebKit/537.36 (KHTML, like Gecko) Chrome/93.0.4577.82 Safari/537.36"
93.83.167.218 - - [24/Sep/2021:11:59:59 +0200] "GET /reload?ser=1632477530551 HTTP/1.1" 200 28 "http://renault.activities.at/result?searchterm=true&search=arkana" "Mozilla/5.0 (Windows NT 10.0; Win64; x64) AppleWebKit/537.36 (KHTML, like Gecko) Chrome/93.0.4577.82 Safari/537.36"
93.83.241.1 - - [24/Sep/2021:12:00:28 +0200] "GET /reload?ser=1632477628057 HTTP/1.1" 200 28 "http://renault.activities.at/10201442" "Mozilla/5.0 (Windows NT 10.0; WOW64; Trident/7.0; rv:11.0) like Gecko"
185.22.23.252 - - [24/Sep/2021:12:00:59 +0200] "GET /reload?ser=1632477659406 HTTP/1.1" 200 28 "http://renault.activities.at/success" "Mozilla/5.0 (Windows NT 6.3; Win64; x64) AppleWebKit/537.36 (KHTML, like Gecko) Chrome/93.0.4577.82 Safari/537.36"
93.83.167.218 - - [24/Sep/2021:12:01:00 +0200] "GET /reload?ser=1632477591550 HTTP/1.1" 200 28 "http://renault.activities.at/result?searchterm=true&search=arkana" "Mozilla/5.0 (Windows NT 10.0; Win64; x64) AppleWebKit/537.36 (KHTML, like Gecko) Chrome/93.0.4577.82 Safari/537.36"
87.250.224.8 - - [24/Sep/2021:12:01:04 +0200] "GET /robots.txt HTTP/1.1" 404 372 "-" "Mozilla/5.0 (compatible; YandexBot/3.0; +http://yandex.com/bots)"
87.250.224.8 - - [24/Sep/2021:12:01:08 +0200] "GET /10260003?dir=DESC&mode=list&order=name&limit=10&detail=717756 HTTP/1.1" 200 3638 "-" "Mozilla/5.0 (compatible; YandexBot/3.0; +http://yandex.com/bots)"
185.22.23.252 - - [24/Sep/2021:12:02:00 +0200] "GET /reload?ser=1632477720405 HTTP/1.1" 200 28 "http://renault.activities.at/success" "Mozilla/5.0 (Windows NT 6.3; Win64; x64) AppleWebKit/537.36 (KHTML, like Gecko) Chrome/93.0.4577.82 Safari/537.36"
93.83.167.218 - - [24/Sep/2021:12:02:01 +0200] "GET /reload?ser=1632477652551 HTTP/1.1" 200 28 "http://renault.activities.at/result?searchterm=true&search=arkana" "Mozilla/5.0 (Windows NT 10.0; Win64; x64) AppleWebKit/537.36 (KHTML, like Gecko) Chrome/93.0.4577.82 Safari/537.36"
5.255.253.155 - - [24/Sep/2021:12:02:07 +0200] "GET /10260003 HTTP/1.1" 200 6665 "-" "Mozilla/5.0 (compatible; YandexBot/3.0; +http://yandex.com/bots)"
5.255.253.155 - - [24/Sep/2021:12:02:10 +0200] "GET /loadthumbnail.php?id=10995605&width=900&height=900 HTTP/1.1" 200 8654 "-" "Mozilla/5.0 (compatible; YandexBot/3.0; +http://yandex.com/bots)"
5.255.253.155 - - [24/Sep/2021:12:02:14 +0200] "GET /10201442 HTTP/1.1" 302 150 "-" "Mozilla/5.0 (compatible; YandexBot/3.0; +http://yandex.com/bots)"
87.250.224.8 - - [24/Sep/2021:12:02:17 +0200] "GET /login?required=true HTTP/1.1" 200 2085 "-" "Mozilla/5.0 (compatible; YandexBot/3.0; +http://yandex.com/bots)"
87.250.224.8 - - [24/Sep/2021:12:02:20 +0200] "GET /login HTTP/1.1" 200 2085 "-" "Mozilla/5.0 (compatible; YandexBot/3.0; +http://yandex.com/bots)"
87.250.224.8 - - [24/Sep/2021:12:02:23 +0200] "GET / HTTP/1.1" 200 3086 "-" "Mozilla/5.0 (compatible; YandexBot/3.0; +http://yandex.com/bots)"
87.250.224.8 - - [24/Sep/2021:12:02:55 +0200] "GET /forgotpassword HTTP/1.1" 200 2187 "-" "Mozilla/5.0 (compatible; YandexBot/3.0; +http://yandex.com/bots)"
185.22.23.252 - - [24/Sep/2021:12:03:01 +0200] "GET /reload?ser=1632477781406 HTTP/1.1" 200 28 "http://renault.activities.at/success" "Mozilla/5.0 (Windows NT 6.3; Win64; x64) AppleWebKit/537.36 (KHTML, like Gecko) Chrome/93.0.4577.82 Safari/537.36"
93.83.167.218 - - [24/Sep/2021:12:03:02 +0200] "GET /reload?ser=1632477713549 HTTP/1.1" 200 28 "http://renault.activities.at/result?searchterm=true&search=arkana" "Mozilla/5.0 (Windows NT 10.0; Win64; x64) AppleWebKit/537.36 (KHTML, like Gecko) Chrome/93.0.4577.82 Safari/537.36"
87.250.224.8 - - [24/Sep/2021:12:03:20 +0200] "GET /login?required=true HTTP/1.1" 200 2085 "-" "Mozilla/5.0 (compatible; YandexBot/3.0; +http://yandex.com/bots)"
185.22.23.252 - - [24/Sep/2021:12:04:02 +0200] "GET /reload?ser=1632477842406 HTTP/1.1" 200 28 "http://renault.activities.at/success" "Mozilla/5.0 (Windows NT 6.3; Win64; x64) AppleWebKit/537.36 (KHTML, like Gecko) Chrome/93.0.4577.82 Safari/537.36"
93.83.167.218 - - [24/Sep/2021:12:04:03 +0200] "GET /reload?ser=1632477774548 HTTP/1.1" 200 28 "http://renault.activities.at/result?searchterm=true&search=arkana" "Mozilla/5.0 (Windows NT 10.0; Win64; x64) AppleWebKit/537.36 (KHTML, like Gecko) Chrome/93.0.4577.82 Safari/537.36"
185.22.23.252 - - [24/Sep/2021:12:05:03 +0200] "GET /reload?ser=1632477903405 HTTP/1.1" 200 28 "http://renault.activities.at/success" "Mozilla/5.0 (Windows NT 6.3; Win64; x64) AppleWebKit/537.36 (KHTML, like Gecko) Chrome/93.0.4577.82 Safari/537.36"
93.83.167.218 - - [24/Sep/2021:12:05:04 +0200] "GET /reload?ser=1632477835547 HTTP/1.1" 200 28 "http://renault.activities.at/result?searchterm=true&search=arkana" "Mozilla/5.0 (Windows NT 10.0; Win64; x64) AppleWebKit/537.36 (KHTML, like Gecko) Chrome/93.0.4577.82 Safari/537.36"
185.22.23.252 - - [24/Sep/2021:12:06:04 +0200] "GET /reload?ser=1632477964404 HTTP/1.1" 200 28 "http://renault.activities.at/success" "Mozilla/5.0 (Windows NT 6.3; Win64; x64) AppleWebKit/537.36 (KHTML, like Gecko) Chrome/93.0.4577.82 Safari/537.36"
93.83.167.218 - - [24/Sep/2021:12:06:05 +0200] "GET /reload?ser=1632477896546 HTTP/1.1" 200 28 "http://renault.activities.at/result?searchterm=true&search=arkana" "Mozilla/5.0 (Windows NT 10.0; Win64; x64) AppleWebKit/537.36 (KHTML, like Gecko) Chrome/93.0.4577.82 Safari/537.36"
87.250.224.8 - - [24/Sep/2021:12:06:34 +0200] "GET /10260003?dir=DESC&mode=grid&order=name&limit=15&page=4 HTTP/1.1" 200 6722 "-" "Mozilla/5.0 (compatible; YandexBot/3.0; +http://yandex.com/bots)"
87.250.224.8 - - [24/Sep/2021:12:06:37 +0200] "GET /10260003?mode=list HTTP/1.1" 200 5936 "-" "Mozilla/5.0 (compatible; YandexBot/3.0; +http://yandex.com/bots)"
87.250.224.8 - - [24/Sep/2021:12:06:39 +0200] "GET /10260003?cat=10260300 HTTP/1.1" 200 6424 "-" "Mozilla/5.0 (compatible; YandexBot/3.0; +http://yandex.com/bots)"
87.250.224.8 - - [24/Sep/2021:12:06:42 +0200] "GET /10260003?cat=10260304 HTTP/1.1" 200 4326 "-" "Mozilla/5.0 (compatible; YandexBot/3.0; +http://yandex.com/bots)"
87.250.224.8 - - [24/Sep/2021:12:06:44 +0200] "GET /10260003?cat=10260306 HTTP/1.1" 200 3629 "-" "Mozilla/5.0 (compatible; YandexBot/3.0; +http://yandex.com/bots)"
87.250.224.8 - - [24/Sep/2021:12:06:46 +0200] "GET /10260003?dir=ASC&mode=grid&order=name&limit=15&page=1 HTTP/1.1" 200 6713 "-" "Mozilla/5.0 (compatible; YandexBot/3.0; +http://yandex.com/bots)"
87.250.224.8 - - [24/Sep/2021:12:06:49 +0200] "GET /10260003?cat=10260288 HTTP/1.1" 200 3947 "-" "Mozilla/5.0 (compatible; YandexBot/3.0; +http://yandex.com/bots)"
87.250.224.8 - - [24/Sep/2021:12:06:51 +0200] "GET /10260003?cat=10260284 HTTP/1.1" 200 3784 "-" "Mozilla/5.0 (compatible; YandexBot/3.0; +http://yandex.com/bots)"
87.250.224.8 - - [24/Sep/2021:12:06:53 +0200] "GET /10260003?cat=10260286 HTTP/1.1" 200 4662 "-" "Mozilla/5.0 (compatible; YandexBot/3.0; +http://yandex.com/bots)"
87.250.224.8 - - [24/Sep/2021:12:06:55 +0200] "GET /10260003?cat=10260290 HTTP/1.1" 200 6238 "-" "Mozilla/5.0 (compatible; YandexBot/3.0; +http://yandex.com/bots)"
87.250.224.8 - - [24/Sep/2021:12:06:58 +0200] "GET /10260003?dir=DESC&mode=grid&order=name&limit=15&page=2 HTTP/1.1" 200 6416 "-" "Mozilla/5.0 (compatible; YandexBot/3.0; +http://yandex.com/bots)"
185.22.23.252 - - [24/Sep/2021:12:07:05 +0200] "GET /reload?ser=1632478025404 HTTP/1.1" 200 28 "http://renault.activities.at/success" "Mozilla/5.0 (Windows NT 6.3; Win64; x64) AppleWebKit/537.36 (KHTML, like Gecko) Chrome/93.0.4577.82 Safari/537.36"
93.83.167.218 - - [24/Sep/2021:12:07:06 +0200] "GET /reload?ser=1632477957545 HTTP/1.1" 200 28 "http://renault.activities.at/result?searchterm=true&search=arkana" "Mozilla/5.0 (Windows NT 10.0; Win64; x64) AppleWebKit/537.36 (KHTML, like Gecko) Chrome/93.0.4577.82 Safari/537.36"
185.22.23.252 - - [24/Sep/2021:12:08:06 +0200] "GET /reload?ser=1632478086404 HTTP/1.1" 200 28 "http://renault.activities.at/success" "Mozilla/5.0 (Windows NT 6.3; Win64; x64) AppleWebKit/537.36 (KHTML, like Gecko) Chrome/93.0.4577.82 Safari/537.36"
93.83.167.218 - - [24/Sep/2021:12:08:07 +0200] "GET /reload?ser=1632478018543 HTTP/1.1" 200 28 "http://renault.activities.at/result?searchterm=true&search=arkana" "Mozilla/5.0 (Windows NT 10.0; Win64; x64) AppleWebKit/537.36 (KHTML, like Gecko) Chrome/93.0.4577.82 Safari/537.36"
185.22.23.252 - - [24/Sep/2021:12:09:07 +0200] "GET /reload?ser=1632478147404 HTTP/1.1" 200 28 "http://renault.activities.at/success" "Mozilla/5.0 (Windows NT 6.3; Win64; x64) AppleWebKit/537.36 (KHTML, like Gecko) Chrome/93.0.4577.82 Safari/537.36"
93.83.167.218 - - [24/Sep/2021:12:09:08 +0200] "GET /reload?ser=1632478079538 HTTP/1.1" 200 28 "http://renault.activities.at/result?searchterm=true&search=arkana" "Mozilla/5.0 (Windows NT 10.0; Win64; x64) AppleWebKit/537.36 (KHTML, like Gecko) Chrome/93.0.4577.82 Safari/537.36"
185.22.23.252 - - [24/Sep/2021:12:10:08 +0200] "GET /reload?ser=1632478208403 HTTP/1.1" 200 28 "http://renault.activities.at/success" "Mozilla/5.0 (Windows NT 6.3; Win64; x64) AppleWebKit/537.36 (KHTML, like Gecko) Chrome/93.0.4577.82 Safari/537.36"
93.83.167.218 - - [24/Sep/2021:12:10:09 +0200] "GET /reload?ser=1632478140534 HTTP/1.1" 200 28 "http://renault.activities.at/result?searchterm=true&search=arkana" "Mozilla/5.0 (Windows NT 10.0; Win64; x64) AppleWebKit/537.36 (KHTML, like Gecko) Chrome/93.0.4577.82 Safari/537.36"
185.22.23.252 - - [24/Sep/2021:12:11:09 +0200] "GET /reload?ser=1632478269403 HTTP/1.1" 200 28 "http://renault.activities.at/success" "Mozilla/5.0 (Windows NT 6.3; Win64; x64) AppleWebKit/537.36 (KHTML, like Gecko) Chrome/93.0.4577.82 Safari/537.36"
93.83.167.218 - - [24/Sep/2021:12:11:10 +0200] "GET /reload?ser=1632478201528 HTTP/1.1" 200 28 "http://renault.activities.at/result?searchterm=true&search=arkana" "Mozilla/5.0 (Windows NT 10.0; Win64; x64) AppleWebKit/537.36 (KHTML, like Gecko) Chrome/93.0.4577.82 Safari/537.36"
87.250.224.8 - - [24/Sep/2021:12:11:37 +0200] "GET /10260003?dir=ASC&mode=grid&order=name&limit=15&page=1&cat=10260284 HTTP/1.1" 200 3784 "-" "Mozilla/5.0 (compatible; YandexBot/3.0; +http://yandex.com/bots)"
87.250.224.8 - - [24/Sep/2021:12:11:39 +0200] "GET /10260003?mode=list&cat=10260284 HTTP/1.1" 200 3838 "-" "Mozilla/5.0 (compatible; YandexBot/3.0; +http://yandex.com/bots)"
87.250.224.8 - - [24/Sep/2021:12:11:41 +0200] "GET /10260003?cat=10260003 HTTP/1.1" 200 6694 "-" "Mozilla/5.0 (compatible; YandexBot/3.0; +http://yandex.com/bots)"
185.22.23.252 - - [24/Sep/2021:12:12:10 +0200] "GET /reload?ser=1632478330403 HTTP/1.1" 200 28 "http://renault.activities.at/success" "Mozilla/5.0 (Windows NT 6.3; Win64; x64) AppleWebKit/537.36 (KHTML, like Gecko) Chrome/93.0.4577.82 Safari/537.36"
93.83.167.218 - - [24/Sep/2021:12:12:11 +0200] "GET /reload?ser=1632478262522 HTTP/1.1" 200 28 "http://renault.activities.at/result?searchterm=true&search=arkana" "Mozilla/5.0 (Windows NT 10.0; Win64; x64) AppleWebKit/537.36 (KHTML, like Gecko) Chrome/93.0.4577.82 Safari/537.36"
87.250.224.8 - - [24/Sep/2021:12:12:50 +0200] "GET /10260003?mode=grid&cat=10260284 HTTP/1.1" 200 3785 "-" "Mozilla/5.0 (compatible; YandexBot/3.0; +http://yandex.com/bots)"
5.255.253.155 - - [24/Sep/2021:12:12:52 +0200] "GET /10260003?dir=DESC&mode=list&order=name&limit=10&detail=10980928 HTTP/1.1" 200 3319 "-" "Mozilla/5.0 (compatible; YandexBot/3.0; +http://yandex.com/bots)"
87.250.224.8 - - [24/Sep/2021:12:12:55 +0200] "GET /10260003?dir=ASC&mode=list&order=name&limit=10&page=1&cat=10260284 HTTP/1.1" 200 3830 "-" "Mozilla/5.0 (compatible; YandexBot/3.0; +http://yandex.com/bots)"
5.255.253.155 - - [24/Sep/2021:12:12:57 +0200] "GET /10260003?dir=DESC&mode=list&order=name&limit=10&detail=10764754 HTTP/1.1" 200 3651 "-" "Mozilla/5.0 (compatible; YandexBot/3.0; +http://yandex.com/bots)"
185.22.23.252 - - [24/Sep/2021:12:13:11 +0200] "GET /reload?ser=1632478391403 HTTP/1.1" 200 28 "http://renault.activities.at/success" "Mozilla/5.0 (Windows NT 6.3; Win64; x64) AppleWebKit/537.36 (KHTML, like Gecko) Chrome/93.0.4577.82 Safari/537.36"
93.83.167.218 - - [24/Sep/2021:12:13:12 +0200] "GET /reload?ser=1632478323517 HTTP/1.1" 200 28 "http://renault.activities.at/result?searchterm=true&search=arkana" "Mozilla/5.0 (Windows NT 10.0; Win64; x64) AppleWebKit/537.36 (KHTML, like Gecko) Chrome/93.0.4577.82 Safari/537.36"
185.22.23.252 - - [24/Sep/2021:12:14:12 +0200] "GET /reload?ser=1632478452402 HTTP/1.1" 200 28 "http://renault.activities.at/success" "Mozilla/5.0 (Windows NT 6.3; Win64; x64) AppleWebKit/537.36 (KHTML, like Gecko) Chrome/93.0.4577.82 Safari/537.36"
93.83.167.218 - - [24/Sep/2021:12:14:14 +0200] "GET /reload?ser=1632478385511 HTTP/1.1" 200 28 "http://renault.activities.at/result?searchterm=true&search=arkana" "Mozilla/5.0 (Windows NT 10.0; Win64; x64) AppleWebKit/537.36 (KHTML, like Gecko) Chrome/93.0.4577.82 Safari/537.36"
185.22.23.252 - - [24/Sep/2021:12:15:13 +0200] "GET /reload?ser=1632478513402 HTTP/1.1" 200 28 "http://renault.activities.at/success" "Mozilla/5.0 (Windows NT 6.3; Win64; x64) AppleWebKit/537.36 (KHTML, like Gecko) Chrome/93.0.4577.82 Safari/537.36"
93.83.167.218 - - [24/Sep/2021:12:15:16 +0200] "GET /reload?ser=1632478447507 HTTP/1.1" 200 28 "http://renault.activities.at/result?searchterm=true&search=arkana" "Mozilla/5.0 (Windows NT 10.0; Win64; x64) AppleWebKit/537.36 (KHTML, like Gecko) Chrome/93.0.4577.82 Safari/537.36"
185.22.23.252 - - [24/Sep/2021:12:16:14 +0200] "GET /reload?ser=1632478574401 HTTP/1.1" 200 28 "http://renault.activities.at/success" "Mozilla/5.0 (Windows NT 6.3; Win64; x64) AppleWebKit/537.36 (KHTML, like Gecko) Chrome/93.0.4577.82 Safari/537.36"
93.83.167.218 - - [24/Sep/2021:12:16:17 +0200] "GET /reload?ser=1632478508501 HTTP/1.1" 200 28 "http://renault.activities.at/result?searchterm=true&search=arkana" "Mozilla/5.0 (Windows NT 10.0; Win64; x64) AppleWebKit/537.36 (KHTML, like Gecko) Chrome/93.0.4577.82 Safari/537.36"
185.22.23.252 - - [24/Sep/2021:12:17:15 +0200] "GET /reload?ser=1632478635400 HTTP/1.1" 200 28 "http://renault.activities.at/success" "Mozilla/5.0 (Windows NT 6.3; Win64; x64) AppleWebKit/537.36 (KHTML, like Gecko) Chrome/93.0.4577.82 Safari/537.36"
93.83.167.218 - - [24/Sep/2021:12:17:18 +0200] "GET /reload?ser=1632478569496 HTTP/1.1" 200 28 "http://renault.activities.at/result?searchterm=true&search=arkana" "Mozilla/5.0 (Windows NT 10.0; Win64; x64) AppleWebKit/537.36 (KHTML, like Gecko) Chrome/93.0.4577.82 Safari/537.36"
185.22.23.252 - - [24/Sep/2021:12:18:16 +0200] "GET /reload?ser=1632478696400 HTTP/1.1" 200 28 "http://renault.activities.at/success" "Mozilla/5.0 (Windows NT 6.3; Win64; x64) AppleWebKit/537.36 (KHTML, like Gecko) Chrome/93.0.4577.82 Safari/537.36"
93.83.167.218 - - [24/Sep/2021:12:18:19 +0200] "GET /reload?ser=1632478630490 HTTP/1.1" 200 28 "http://renault.activities.at/result?searchterm=true&search=arkana" "Mozilla/5.0 (Windows NT 10.0; Win64; x64) AppleWebKit/537.36 (KHTML, like Gecko) Chrome/93.0.4577.82 Safari/537.36"
185.22.23.252 - - [24/Sep/2021:12:19:17 +0200] "GET /reload?ser=1632478757401 HTTP/1.1" 200 28 "http://renault.activities.at/success" "Mozilla/5.0 (Windows NT 6.3; Win64; x64) AppleWebKit/537.36 (KHTML, like Gecko) Chrome/93.0.4577.82 Safari/537.36"
93.83.167.218 - - [24/Sep/2021:12:19:20 +0200] "GET /reload?ser=1632478691486 HTTP/1.1" 200 28 "http://renault.activities.at/result?searchterm=true&search=arkana" "Mozilla/5.0 (Windows NT 10.0; Win64; x64) AppleWebKit/537.36 (KHTML, like Gecko) Chrome/93.0.4577.82 Safari/537.36"
87.250.224.8 - - [24/Sep/2021:12:20:14 +0200] "GET /10260003?dir=DESC&mode=grid&order=name&limit=15&page=1&cat=10260284 HTTP/1.1" 200 3783 "-" "Mozilla/5.0 (compatible; YandexBot/3.0; +http://yandex.com/bots)"
185.22.23.252 - - [24/Sep/2021:12:20:18 +0200] "GET /reload?ser=1632478818400 HTTP/1.1" 200 28 "http://renault.activities.at/success" "Mozilla/5.0 (Windows NT 6.3; Win64; x64) AppleWebKit/537.36 (KHTML, like Gecko) Chrome/93.0.4577.82 Safari/537.36"
93.83.167.218 - - [24/Sep/2021:12:20:21 +0200] "GET /reload?ser=1632478752480 HTTP/1.1" 200 28 "http://renault.activities.at/result?searchterm=true&search=arkana" "Mozilla/5.0 (Windows NT 10.0; Win64; x64) AppleWebKit/537.36 (KHTML, like Gecko) Chrome/93.0.4577.82 Safari/537.36"
185.22.23.252 - - [24/Sep/2021:12:21:19 +0200] "GET /reload?ser=1632478879413 HTTP/1.1" 200 28 "http://renault.activities.at/success" "Mozilla/5.0 (Windows NT 6.3; Win64; x64) AppleWebKit/537.36 (KHTML, like Gecko) Chrome/93.0.4577.82 Safari/537.36"
93.83.167.218 - - [24/Sep/2021:12:21:22 +0200] "GET /reload?ser=1632478813476 HTTP/1.1" 200 28 "http://renault.activities.at/result?searchterm=true&search=arkana" "Mozilla/5.0 (Windows NT 10.0; Win64; x64) AppleWebKit/537.36 (KHTML, like Gecko) Chrome/93.0.4577.82 Safari/537.36"
185.22.23.252 - - [24/Sep/2021:12:22:20 +0200] "GET /reload?ser=1632478940399 HTTP/1.1" 200 28 "http://renault.activities.at/success" "Mozilla/5.0 (Windows NT 6.3; Win64; x64) AppleWebKit/537.36 (KHTML, like Gecko) Chrome/93.0.4577.82 Safari/537.36"
93.83.167.218 - - [24/Sep/2021:12:22:23 +0200] "GET /reload?ser=1632478874470 HTTP/1.1" 200 28 "http://renault.activities.at/result?searchterm=true&search=arkana" "Mozilla/5.0 (Windows NT 10.0; Win64; x64) AppleWebKit/537.36 (KHTML, like Gecko) Chrome/93.0.4577.82 Safari/537.36"
185.22.23.252 - - [24/Sep/2021:12:23:21 +0200] "GET /reload?ser=1632479001398 HTTP/1.1" 200 28 "http://renault.activities.at/success" "Mozilla/5.0 (Windows NT 6.3; Win64; x64) AppleWebKit/537.36 (KHTML, like Gecko) Chrome/93.0.4577.82 Safari/537.36"
93.83.167.218 - - [24/Sep/2021:12:23:24 +0200] "GET /reload?ser=1632478935465 HTTP/1.1" 200 28 "http://renault.activities.at/result?searchterm=true&search=arkana" "Mozilla/5.0 (Windows NT 10.0; Win64; x64) AppleWebKit/537.36 (KHTML, like Gecko) Chrome/93.0.4577.82 Safari/537.36"
185.22.23.252 - - [24/Sep/2021:12:24:22 +0200] "GET /reload?ser=1632479062398 HTTP/1.1" 200 28 "http://renault.activities.at/success" "Mozilla/5.0 (Windows NT 6.3; Win64; x64) AppleWebKit/537.36 (KHTML, like Gecko) Chrome/93.0.4577.82 Safari/537.36"
93.83.167.218 - - [24/Sep/2021:12:24:25 +0200] "GET /reload?ser=1632478996460 HTTP/1.1" 200 28 "http://renault.activities.at/result?searchterm=true&search=arkana" "Mozilla/5.0 (Windows NT 10.0; Win64; x64) AppleWebKit/537.36 (KHTML, like Gecko) Chrome/93.0.4577.82 Safari/537.36"
87.250.224.8 - - [24/Sep/2021:12:24:47 +0200] "GET /loadthumbnail.php?id=11108158&width=900&height=900 HTTP/1.1" 200 35241 "-" "Mozilla/5.0 (compatible; YandexBot/3.0; +http://yandex.com/bots)"
87.250.224.8 - - [24/Sep/2021:12:24:49 +0200] "GET /10201442 HTTP/1.1" 302 150 "-" "Mozilla/5.0 (compatible; YandexBot/3.0; +http://yandex.com/bots)"
5.255.253.155 - - [24/Sep/2021:12:24:50 +0200] "GET /login?required=true HTTP/1.1" 200 2085 "-" "Mozilla/5.0 (compatible; YandexBot/3.0; +http://yandex.com/bots)"
87.250.224.8 - - [24/Sep/2021:12:24:52 +0200] "GET /loadthumbnail.php?id=11108158&width=250 HTTP/1.1" 200 4408 "-" "Mozilla/5.0 (compatible; YandexImages/3.0; +http://yandex.com/bots)"
185.22.23.252 - - [24/Sep/2021:12:25:23 +0200] "GET /reload?ser=1632479123398 HTTP/1.1" 200 28 "http://renault.activities.at/success" "Mozilla/5.0 (Windows NT 6.3; Win64; x64) AppleWebKit/537.36 (KHTML, like Gecko) Chrome/93.0.4577.82 Safari/537.36"
93.83.167.218 - - [24/Sep/2021:12:25:26 +0200] "GET /reload?ser=1632479057455 HTTP/1.1" 200 28 "http://renault.activities.at/result?searchterm=true&search=arkana" "Mozilla/5.0 (Windows NT 10.0; Win64; x64) AppleWebKit/537.36 (KHTML, like Gecko) Chrome/93.0.4577.82 Safari/537.36"
185.22.23.252 - - [24/Sep/2021:12:26:24 +0200] "GET /reload?ser=1632479184410 HTTP/1.1" 200 28 "http://renault.activities.at/success" "Mozilla/5.0 (Windows NT 6.3; Win64; x64) AppleWebKit/537.36 (KHTML, like Gecko) Chrome/93.0.4577.82 Safari/537.36"
93.83.167.218 - - [24/Sep/2021:12:26:27 +0200] "GET /reload?ser=1632479118450 HTTP/1.1" 200 28 "http://renault.activities.at/result?searchterm=true&search=arkana" "Mozilla/5.0 (Windows NT 10.0; Win64; x64) AppleWebKit/537.36 (KHTML, like Gecko) Chrome/93.0.4577.82 Safari/537.36"
185.22.23.252 - - [24/Sep/2021:12:27:25 +0200] "GET /reload?ser=1632479245398 HTTP/1.1" 200 28 "http://renault.activities.at/success" "Mozilla/5.0 (Windows NT 6.3; Win64; x64) AppleWebKit/537.36 (KHTML, like Gecko) Chrome/93.0.4577.82 Safari/537.36"
93.83.167.218 - - [24/Sep/2021:12:27:28 +0200] "GET /reload?ser=1632479179445 HTTP/1.1" 200 28 "http://renault.activities.at/result?searchterm=true&search=arkana" "Mozilla/5.0 (Windows NT 10.0; Win64; x64) AppleWebKit/537.36 (KHTML, like Gecko) Chrome/93.0.4577.82 Safari/537.36"
87.250.224.8 - - [24/Sep/2021:12:27:46 +0200] "GET /10260003?dir=DESC&mode=grid&order=name&limit=15&page=1 HTTP/1.1" 200 6671 "-" "Mozilla/5.0 (compatible; YandexBot/3.0; +http://yandex.com/bots)"
185.22.23.252 - - [24/Sep/2021:12:28:26 +0200] "GET /reload?ser=1632479306397 HTTP/1.1" 200 28 "http://renault.activities.at/success" "Mozilla/5.0 (Windows NT 6.3; Win64; x64) AppleWebKit/537.36 (KHTML, like Gecko) Chrome/93.0.4577.82 Safari/537.36"
93.83.167.218 - - [24/Sep/2021:12:28:29 +0200] "GET /reload?ser=1632479240440 HTTP/1.1" 200 28 "http://renault.activities.at/result?searchterm=true&search=arkana" "Mozilla/5.0 (Windows NT 10.0; Win64; x64) AppleWebKit/537.36 (KHTML, like Gecko) Chrome/93.0.4577.82 Safari/537.36"
185.22.23.252 - - [24/Sep/2021:12:29:27 +0200] "GET /reload?ser=1632479367396 HTTP/1.1" 200 28 "http://renault.activities.at/success" "Mozilla/5.0 (Windows NT 6.3; Win64; x64) AppleWebKit/537.36 (KHTML, like Gecko) Chrome/93.0.4577.82 Safari/537.36"
93.83.167.218 - - [24/Sep/2021:12:29:30 +0200] "GET /reload?ser=1632479301435 HTTP/1.1" 200 28 "http://renault.activities.at/result?searchterm=true&search=arkana" "Mozilla/5.0 (Windows NT 10.0; Win64; x64) AppleWebKit/537.36 (KHTML, like Gecko) Chrome/93.0.4577.82 Safari/537.36"
185.22.23.252 - - [24/Sep/2021:12:30:28 +0200] "GET /reload?ser=1632479428396 HTTP/1.1" 200 28 "http://renault.activities.at/success" "Mozilla/5.0 (Windows NT 6.3; Win64; x64) AppleWebKit/537.36 (KHTML, like Gecko) Chrome/93.0.4577.82 Safari/537.36"
93.83.167.218 - - [24/Sep/2021:12:30:31 +0200] "GET /reload?ser=1632479362432 HTTP/1.1" 200 28 "http://renault.activities.at/result?searchterm=true&search=arkana" "Mozilla/5.0 (Windows NT 10.0; Win64; x64) AppleWebKit/537.36 (KHTML, like Gecko) Chrome/93.0.4577.82 Safari/537.36"
185.22.23.252 - - [24/Sep/2021:12:31:29 +0200] "GET /reload?ser=1632479489396 HTTP/1.1" 200 28 "http://renault.activities.at/success" "Mozilla/5.0 (Windows NT 6.3; Win64; x64) AppleWebKit/537.36 (KHTML, like Gecko) Chrome/93.0.4577.82 Safari/537.36"
93.83.167.218 - - [24/Sep/2021:12:31:32 +0200] "GET /reload?ser=1632479423426 HTTP/1.1" 200 28 "http://renault.activities.at/result?searchterm=true&search=arkana" "Mozilla/5.0 (Windows NT 10.0; Win64; x64) AppleWebKit/537.36 (KHTML, like Gecko) Chrome/93.0.4577.82 Safari/537.36"
185.22.23.252 - - [24/Sep/2021:12:32:30 +0200] "GET /reload?ser=1632479550395 HTTP/1.1" 200 28 "http://renault.activities.at/success" "Mozilla/5.0 (Windows NT 6.3; Win64; x64) AppleWebKit/537.36 (KHTML, like Gecko) Chrome/93.0.4577.82 Safari/537.36"
93.83.167.218 - - [24/Sep/2021:12:32:33 +0200] "GET /reload?ser=1632479484421 HTTP/1.1" 200 28 "http://renault.activities.at/result?searchterm=true&search=arkana" "Mozilla/5.0 (Windows NT 10.0; Win64; x64) AppleWebKit/537.36 (KHTML, like Gecko) Chrome/93.0.4577.82 Safari/537.36"
185.22.23.252 - - [24/Sep/2021:12:33:31 +0200] "GET /reload?ser=1632479611394 HTTP/1.1" 200 28 "http://renault.activities.at/success" "Mozilla/5.0 (Windows NT 6.3; Win64; x64) AppleWebKit/537.36 (KHTML, like Gecko) Chrome/93.0.4577.82 Safari/537.36"
93.83.167.218 - - [24/Sep/2021:12:33:34 +0200] "GET /reload?ser=1632479545417 HTTP/1.1" 200 28 "http://renault.activities.at/result?searchterm=true&search=arkana" "Mozilla/5.0 (Windows NT 10.0; Win64; x64) AppleWebKit/537.36 (KHTML, like Gecko) Chrome/93.0.4577.82 Safari/537.36"
185.22.23.252 - - [24/Sep/2021:12:34:32 +0200] "GET /reload?ser=1632479672395 HTTP/1.1" 200 28 "http://renault.activities.at/success" "Mozilla/5.0 (Windows NT 6.3; Win64; x64) AppleWebKit/537.36 (KHTML, like Gecko) Chrome/93.0.4577.82 Safari/537.36"
93.83.167.218 - - [24/Sep/2021:12:34:35 +0200] "GET /reload?ser=1632479606412 HTTP/1.1" 200 28 "http://renault.activities.at/result?searchterm=true&search=arkana" "Mozilla/5.0 (Windows NT 10.0; Win64; x64) AppleWebKit/537.36 (KHTML, like Gecko) Chrome/93.0.4577.82 Safari/537.36"
185.22.23.252 - - [24/Sep/2021:12:35:33 +0200] "GET /reload?ser=1632479733394 HTTP/1.1" 200 28 "http://renault.activities.at/success" "Mozilla/5.0 (Windows NT 6.3; Win64; x64) AppleWebKit/537.36 (KHTML, like Gecko) Chrome/93.0.4577.82 Safari/537.36"
93.83.167.218 - - [24/Sep/2021:12:35:36 +0200] "GET /reload?ser=1632479667407 HTTP/1.1" 200 28 "http://renault.activities.at/result?searchterm=true&search=arkana" "Mozilla/5.0 (Windows NT 10.0; Win64; x64) AppleWebKit/537.36 (KHTML, like Gecko) Chrome/93.0.4577.82 Safari/537.36"
185.22.23.252 - - [24/Sep/2021:12:36:34 +0200] "GET /reload?ser=1632479794393 HTTP/1.1" 200 28 "http://renault.activities.at/success" "Mozilla/5.0 (Windows NT 6.3; Win64; x64) AppleWebKit/537.36 (KHTML, like Gecko) Chrome/93.0.4577.82 Safari/537.36"
93.83.167.218 - - [24/Sep/2021:12:36:37 +0200] "GET /reload?ser=1632479728403 HTTP/1.1" 200 28 "http://renault.activities.at/result?searchterm=true&search=arkana" "Mozilla/5.0 (Windows NT 10.0; Win64; x64) AppleWebKit/537.36 (KHTML, like Gecko) Chrome/93.0.4577.82 Safari/537.36"
185.22.23.252 - - [24/Sep/2021:12:37:35 +0200] "GET /reload?ser=1632479855393 HTTP/1.1" 200 28 "http://renault.activities.at/success" "Mozilla/5.0 (Windows NT 6.3; Win64; x64) AppleWebKit/537.36 (KHTML, like Gecko) Chrome/93.0.4577.82 Safari/537.36"
93.83.167.218 - - [24/Sep/2021:12:37:38 +0200] "GET /reload?ser=1632479789399 HTTP/1.1" 200 28 "http://renault.activities.at/result?searchterm=true&search=arkana" "Mozilla/5.0 (Windows NT 10.0; Win64; x64) AppleWebKit/537.36 (KHTML, like Gecko) Chrome/93.0.4577.82 Safari/537.36"
185.22.23.252 - - [24/Sep/2021:12:38:36 +0200] "GET /reload?ser=1632479916393 HTTP/1.1" 200 28 "http://renault.activities.at/success" "Mozilla/5.0 (Windows NT 6.3; Win64; x64) AppleWebKit/537.36 (KHTML, like Gecko) Chrome/93.0.4577.82 Safari/537.36"
93.83.167.218 - - [24/Sep/2021:12:38:39 +0200] "GET /reload?ser=1632479850394 HTTP/1.1" 200 28 "http://renault.activities.at/result?searchterm=true&search=arkana" "Mozilla/5.0 (Windows NT 10.0; Win64; x64) AppleWebKit/537.36 (KHTML, like Gecko) Chrome/93.0.4577.82 Safari/537.36"
185.22.23.252 - - [24/Sep/2021:12:39:37 +0200] "GET /reload?ser=1632479977393 HTTP/1.1" 200 28 "http://renault.activities.at/success" "Mozilla/5.0 (Windows NT 6.3; Win64; x64) AppleWebKit/537.36 (KHTML, like Gecko) Chrome/93.0.4577.82 Safari/537.36"
93.83.167.218 - - [24/Sep/2021:12:39:40 +0200] "GET /reload?ser=1632479911389 HTTP/1.1" 200 28 "http://renault.activities.at/result?searchterm=true&search=arkana" "Mozilla/5.0 (Windows NT 10.0; Win64; x64) AppleWebKit/537.36 (KHTML, like Gecko) Chrome/93.0.4577.82 Safari/537.36"
185.22.23.252 - - [24/Sep/2021:12:40:38 +0200] "GET /reload?ser=1632480038391 HTTP/1.1" 200 28 "http://renault.activities.at/success" "Mozilla/5.0 (Windows NT 6.3; Win64; x64) AppleWebKit/537.36 (KHTML, like Gecko) Chrome/93.0.4577.82 Safari/537.36"
93.83.167.218 - - [24/Sep/2021:12:40:41 +0200] "GET /reload?ser=1632479972385 HTTP/1.1" 200 28 "http://renault.activities.at/result?searchterm=true&search=arkana" "Mozilla/5.0 (Windows NT 10.0; Win64; x64) AppleWebKit/537.36 (KHTML, like Gecko) Chrome/93.0.4577.82 Safari/537.36"
185.22.23.252 - - [24/Sep/2021:12:41:39 +0200] "GET /reload?ser=1632480099391 HTTP/1.1" 200 28 "http://renault.activities.at/success" "Mozilla/5.0 (Windows NT 6.3; Win64; x64) AppleWebKit/537.36 (KHTML, like Gecko) Chrome/93.0.4577.82 Safari/537.36"
93.83.167.218 - - [24/Sep/2021:12:41:42 +0200] "GET /reload?ser=1632480033380 HTTP/1.1" 200 28 "http://renault.activities.at/result?searchterm=true&search=arkana" "Mozilla/5.0 (Windows NT 10.0; Win64; x64) AppleWebKit/537.36 (KHTML, like Gecko) Chrome/93.0.4577.82 Safari/537.36"
185.22.23.252 - - [24/Sep/2021:12:42:40 +0200] "GET /reload?ser=1632480160390 HTTP/1.1" 200 28 "http://renault.activities.at/success" "Mozilla/5.0 (Windows NT 6.3; Win64; x64) AppleWebKit/537.36 (KHTML, like Gecko) Chrome/93.0.4577.82 Safari/537.36"
93.83.167.218 - - [24/Sep/2021:12:42:43 +0200] "GET /reload?ser=1632480094376 HTTP/1.1" 200 28 "http://renault.activities.at/result?searchterm=true&search=arkana" "Mozilla/5.0 (Windows NT 10.0; Win64; x64) AppleWebKit/537.36 (KHTML, like Gecko) Chrome/93.0.4577.82 Safari/537.36"
185.22.23.252 - - [24/Sep/2021:12:43:41 +0200] "GET /reload?ser=1632480221391 HTTP/1.1" 200 28 "http://renault.activities.at/success" "Mozilla/5.0 (Windows NT 6.3; Win64; x64) AppleWebKit/537.36 (KHTML, like Gecko) Chrome/93.0.4577.82 Safari/537.36"
93.83.167.218 - - [24/Sep/2021:12:43:44 +0200] "GET /reload?ser=1632480155371 HTTP/1.1" 200 28 "http://renault.activities.at/result?searchterm=true&search=arkana" "Mozilla/5.0 (Windows NT 10.0; Win64; x64) AppleWebKit/537.36 (KHTML, like Gecko) Chrome/93.0.4577.82 Safari/537.36"
185.22.23.252 - - [24/Sep/2021:12:44:42 +0200] "GET /reload?ser=1632480282390 HTTP/1.1" 200 28 "http://renault.activities.at/success" "Mozilla/5.0 (Windows NT 6.3; Win64; x64) AppleWebKit/537.36 (KHTML, like Gecko) Chrome/93.0.4577.82 Safari/537.36"
93.83.167.218 - - [24/Sep/2021:12:44:46 +0200] "GET /reload?ser=1632480217368 HTTP/1.1" 200 28 "http://renault.activities.at/result?searchterm=true&search=arkana" "Mozilla/5.0 (Windows NT 10.0; Win64; x64) AppleWebKit/537.36 (KHTML, like Gecko) Chrome/93.0.4577.82 Safari/537.36"
185.22.23.252 - - [24/Sep/2021:12:45:43 +0200] "GET /reload?ser=1632480343390 HTTP/1.1" 200 28 "http://renault.activities.at/success" "Mozilla/5.0 (Windows NT 6.3; Win64; x64) AppleWebKit/537.36 (KHTML, like Gecko) Chrome/93.0.4577.82 Safari/537.36"
93.83.167.218 - - [24/Sep/2021:12:45:47 +0200] "GET /reload?ser=1632480278363 HTTP/1.1" 200 28 "http://renault.activities.at/result?searchterm=true&search=arkana" "Mozilla/5.0 (Windows NT 10.0; Win64; x64) AppleWebKit/537.36 (KHTML, like Gecko) Chrome/93.0.4577.82 Safari/537.36"
185.22.23.252 - - [24/Sep/2021:12:46:44 +0200] "GET /reload?ser=1632480404389 HTTP/1.1" 200 28 "http://renault.activities.at/success" "Mozilla/5.0 (Windows NT 6.3; Win64; x64) AppleWebKit/537.36 (KHTML, like Gecko) Chrome/93.0.4577.82 Safari/537.36"
93.83.167.218 - - [24/Sep/2021:12:46:48 +0200] "GET /reload?ser=1632480339357 HTTP/1.1" 200 28 "http://renault.activities.at/result?searchterm=true&search=arkana" "Mozilla/5.0 (Windows NT 10.0; Win64; x64) AppleWebKit/537.36 (KHTML, like Gecko) Chrome/93.0.4577.82 Safari/537.36"
185.22.23.252 - - [24/Sep/2021:12:47:45 +0200] "GET /reload?ser=1632480465388 HTTP/1.1" 200 28 "http://renault.activities.at/success" "Mozilla/5.0 (Windows NT 6.3; Win64; x64) AppleWebKit/537.36 (KHTML, like Gecko) Chrome/93.0.4577.82 Safari/537.36"
93.83.167.218 - - [24/Sep/2021:12:47:49 +0200] "GET /reload?ser=1632480400354 HTTP/1.1" 200 28 "http://renault.activities.at/result?searchterm=true&search=arkana" "Mozilla/5.0 (Windows NT 10.0; Win64; x64) AppleWebKit/537.36 (KHTML, like Gecko) Chrome/93.0.4577.82 Safari/537.36"
185.22.23.252 - - [24/Sep/2021:12:48:46 +0200] "GET /reload?ser=1632480526387 HTTP/1.1" 200 28 "http://renault.activities.at/success" "Mozilla/5.0 (Windows NT 6.3; Win64; x64) AppleWebKit/537.36 (KHTML, like Gecko) Chrome/93.0.4577.82 Safari/537.36"
93.83.167.218 - - [24/Sep/2021:12:48:50 +0200] "GET /reload?ser=1632480461349 HTTP/1.1" 200 28 "http://renault.activities.at/result?searchterm=true&search=arkana" "Mozilla/5.0 (Windows NT 10.0; Win64; x64) AppleWebKit/537.36 (KHTML, like Gecko) Chrome/93.0.4577.82 Safari/537.36"
185.22.23.252 - - [24/Sep/2021:12:49:47 +0200] "GET /reload?ser=1632480587387 HTTP/1.1" 200 28 "http://renault.activities.at/success" "Mozilla/5.0 (Windows NT 6.3; Win64; x64) AppleWebKit/537.36 (KHTML, like Gecko) Chrome/93.0.4577.82 Safari/537.36"
93.83.167.218 - - [24/Sep/2021:12:49:51 +0200] "GET /reload?ser=1632480522344 HTTP/1.1" 200 28 "http://renault.activities.at/result?searchterm=true&search=arkana" "Mozilla/5.0 (Windows NT 10.0; Win64; x64) AppleWebKit/537.36 (KHTML, like Gecko) Chrome/93.0.4577.82 Safari/537.36"
185.22.23.252 - - [24/Sep/2021:12:50:48 +0200] "GET /reload?ser=1632480648387 HTTP/1.1" 200 28 "http://renault.activities.at/success" "Mozilla/5.0 (Windows NT 6.3; Win64; x64) AppleWebKit/537.36 (KHTML, like Gecko) Chrome/93.0.4577.82 Safari/537.36"
93.83.167.218 - - [24/Sep/2021:12:50:52 +0200] "GET /reload?ser=1632480583341 HTTP/1.1" 200 28 "http://renault.activities.at/result?searchterm=true&search=arkana" "Mozilla/5.0 (Windows NT 10.0; Win64; x64) AppleWebKit/537.36 (KHTML, like Gecko) Chrome/93.0.4577.82 Safari/537.36"
185.22.23.252 - - [24/Sep/2021:12:51:49 +0200] "GET /reload?ser=1632480709386 HTTP/1.1" 200 28 "http://renault.activities.at/success" "Mozilla/5.0 (Windows NT 6.3; Win64; x64) AppleWebKit/537.36 (KHTML, like Gecko) Chrome/93.0.4577.82 Safari/537.36"
93.83.167.218 - - [24/Sep/2021:12:51:53 +0200] "GET /reload?ser=1632480644336 HTTP/1.1" 200 28 "http://renault.activities.at/result?searchterm=true&search=arkana" "Mozilla/5.0 (Windows NT 10.0; Win64; x64) AppleWebKit/537.36 (KHTML, like Gecko) Chrome/93.0.4577.82 Safari/537.36"
185.22.23.252 - - [24/Sep/2021:12:52:50 +0200] "GET /reload?ser=1632480770386 HTTP/1.1" 200 28 "http://renault.activities.at/success" "Mozilla/5.0 (Windows NT 6.3; Win64; x64) AppleWebKit/537.36 (KHTML, like Gecko) Chrome/93.0.4577.82 Safari/537.36"
93.83.167.218 - - [24/Sep/2021:12:52:54 +0200] "GET /reload?ser=1632480705333 HTTP/1.1" 200 28 "http://renault.activities.at/result?searchterm=true&search=arkana" "Mozilla/5.0 (Windows NT 10.0; Win64; x64) AppleWebKit/537.36 (KHTML, like Gecko) Chrome/93.0.4577.82 Safari/537.36"
185.22.23.252 - - [24/Sep/2021:12:53:51 +0200] "GET /reload?ser=1632480831386 HTTP/1.1" 200 28 "http://renault.activities.at/success" "Mozilla/5.0 (Windows NT 6.3; Win64; x64) AppleWebKit/537.36 (KHTML, like Gecko) Chrome/93.0.4577.82 Safari/537.36"
93.83.167.218 - - [24/Sep/2021:12:53:55 +0200] "GET /reload?ser=1632480766329 HTTP/1.1" 200 28 "http://renault.activities.at/result?searchterm=true&search=arkana" "Mozilla/5.0 (Windows NT 10.0; Win64; x64) AppleWebKit/537.36 (KHTML, like Gecko) Chrome/93.0.4577.82 Safari/537.36"
185.22.23.252 - - [24/Sep/2021:12:54:52 +0200] "GET /reload?ser=1632480892384 HTTP/1.1" 200 28 "http://renault.activities.at/success" "Mozilla/5.0 (Windows NT 6.3; Win64; x64) AppleWebKit/537.36 (KHTML, like Gecko) Chrome/93.0.4577.82 Safari/537.36"
93.83.167.218 - - [24/Sep/2021:12:54:56 +0200] "GET /reload?ser=1632480827325 HTTP/1.1" 200 28 "http://renault.activities.at/result?searchterm=true&search=arkana" "Mozilla/5.0 (Windows NT 10.0; Win64; x64) AppleWebKit/537.36 (KHTML, like Gecko) Chrome/93.0.4577.82 Safari/537.36"
185.22.23.252 - - [24/Sep/2021:12:55:53 +0200] "GET /reload?ser=1632480953384 HTTP/1.1" 200 28 "http://renault.activities.at/success" "Mozilla/5.0 (Windows NT 6.3; Win64; x64) AppleWebKit/537.36 (KHTML, like Gecko) Chrome/93.0.4577.82 Safari/537.36"
93.83.167.218 - - [24/Sep/2021:12:55:57 +0200] "GET /reload?ser=1632480888320 HTTP/1.1" 200 28 "http://renault.activities.at/result?searchterm=true&search=arkana" "Mozilla/5.0 (Windows NT 10.0; Win64; x64) AppleWebKit/537.36 (KHTML, like Gecko) Chrome/93.0.4577.82 Safari/537.36"
185.22.23.252 - - [24/Sep/2021:12:56:54 +0200] "GET /reload?ser=1632481014383 HTTP/1.1" 200 28 "http://renault.activities.at/success" "Mozilla/5.0 (Windows NT 6.3; Win64; x64) AppleWebKit/537.36 (KHTML, like Gecko) Chrome/93.0.4577.82 Safari/537.36"
93.83.167.218 - - [24/Sep/2021:12:56:58 +0200] "GET /reload?ser=1632480949317 HTTP/1.1" 200 28 "http://renault.activities.at/result?searchterm=true&search=arkana" "Mozilla/5.0 (Windows NT 10.0; Win64; x64) AppleWebKit/537.36 (KHTML, like Gecko) Chrome/93.0.4577.82 Safari/537.36"
185.22.23.252 - - [24/Sep/2021:12:57:55 +0200] "GET /reload?ser=1632481075383 HTTP/1.1" 200 28 "http://renault.activities.at/success" "Mozilla/5.0 (Windows NT 6.3; Win64; x64) AppleWebKit/537.36 (KHTML, like Gecko) Chrome/93.0.4577.82 Safari/537.36"
93.83.167.218 - - [24/Sep/2021:12:57:59 +0200] "GET /reload?ser=1632481010312 HTTP/1.1" 200 28 "http://renault.activities.at/result?searchterm=true&search=arkana" "Mozilla/5.0 (Windows NT 10.0; Win64; x64) AppleWebKit/537.36 (KHTML, like Gecko) Chrome/93.0.4577.82 Safari/537.36"
185.22.23.252 - - [24/Sep/2021:12:58:56 +0200] "GET /reload?ser=1632481136383 HTTP/1.1" 200 28 "http://renault.activities.at/success" "Mozilla/5.0 (Windows NT 6.3; Win64; x64) AppleWebKit/537.36 (KHTML, like Gecko) Chrome/93.0.4577.82 Safari/537.36"
93.83.167.218 - - [24/Sep/2021:12:59:00 +0200] "GET /reload?ser=1632481071309 HTTP/1.1" 200 28 "http://renault.activities.at/result?searchterm=true&search=arkana" "Mozilla/5.0 (Windows NT 10.0; Win64; x64) AppleWebKit/537.36 (KHTML, like Gecko) Chrome/93.0.4577.82 Safari/537.36"
185.22.23.252 - - [24/Sep/2021:12:59:57 +0200] "GET /reload?ser=1632481197382 HTTP/1.1" 200 28 "http://renault.activities.at/success" "Mozilla/5.0 (Windows NT 6.3; Win64; x64) AppleWebKit/537.36 (KHTML, like Gecko) Chrome/93.0.4577.82 Safari/537.36"
93.83.167.218 - - [24/Sep/2021:13:00:01 +0200] "GET /reload?ser=1632481132304 HTTP/1.1" 200 28 "http://renault.activities.at/result?searchterm=true&search=arkana" "Mozilla/5.0 (Windows NT 10.0; Win64; x64) AppleWebKit/537.36 (KHTML, like Gecko) Chrome/93.0.4577.82 Safari/537.36"
185.22.23.252 - - [24/Sep/2021:13:00:58 +0200] "GET /reload?ser=1632481258381 HTTP/1.1" 200 28 "http://renault.activities.at/success" "Mozilla/5.0 (Windows NT 6.3; Win64; x64) AppleWebKit/537.36 (KHTML, like Gecko) Chrome/93.0.4577.82 Safari/537.36"
93.83.167.218 - - [24/Sep/2021:13:01:02 +0200] "GET /reload?ser=1632481193300 HTTP/1.1" 200 28 "http://renault.activities.at/result?searchterm=true&search=arkana" "Mozilla/5.0 (Windows NT 10.0; Win64; x64) AppleWebKit/537.36 (KHTML, like Gecko) Chrome/93.0.4577.82 Safari/537.36"
185.22.23.252 - - [24/Sep/2021:13:01:59 +0200] "GET /reload?ser=1632481319381 HTTP/1.1" 200 28 "http://renault.activities.at/success" "Mozilla/5.0 (Windows NT 6.3; Win64; x64) AppleWebKit/537.36 (KHTML, like Gecko) Chrome/93.0.4577.82 Safari/537.36"
93.83.167.218 - - [24/Sep/2021:13:02:03 +0200] "GET /reload?ser=1632481254296 HTTP/1.1" 200 28 "http://renault.activities.at/result?searchterm=true&search=arkana" "Mozilla/5.0 (Windows NT 10.0; Win64; x64) AppleWebKit/537.36 (KHTML, like Gecko) Chrome/93.0.4577.82 Safari/537.36"
185.22.23.252 - - [24/Sep/2021:13:03:00 +0200] "GET /reload?ser=1632481380381 HTTP/1.1" 200 28 "http://renault.activities.at/success" "Mozilla/5.0 (Windows NT 6.3; Win64; x64) AppleWebKit/537.36 (KHTML, like Gecko) Chrome/93.0.4577.82 Safari/537.36"
93.83.167.218 - - [24/Sep/2021:13:03:04 +0200] "GET /reload?ser=1632481315291 HTTP/1.1" 200 28 "http://renault.activities.at/result?searchterm=true&search=arkana" "Mozilla/5.0 (Windows NT 10.0; Win64; x64) AppleWebKit/537.36 (KHTML, like Gecko) Chrome/93.0.4577.82 Safari/537.36"
185.22.23.252 - - [24/Sep/2021:13:04:01 +0200] "GET /reload?ser=1632481441382 HTTP/1.1" 200 28 "http://renault.activities.at/success" "Mozilla/5.0 (Windows NT 6.3; Win64; x64) AppleWebKit/537.36 (KHTML, like Gecko) Chrome/93.0.4577.82 Safari/537.36"
93.83.167.218 - - [24/Sep/2021:13:04:05 +0200] "GET /reload?ser=1632481376288 HTTP/1.1" 200 28 "http://renault.activities.at/result?searchterm=true&search=arkana" "Mozilla/5.0 (Windows NT 10.0; Win64; x64) AppleWebKit/537.36 (KHTML, like Gecko) Chrome/93.0.4577.82 Safari/537.36"
185.22.23.252 - - [24/Sep/2021:13:05:02 +0200] "GET /reload?ser=1632481502381 HTTP/1.1" 200 28 "http://renault.activities.at/success" "Mozilla/5.0 (Windows NT 6.3; Win64; x64) AppleWebKit/537.36 (KHTML, like Gecko) Chrome/93.0.4577.82 Safari/537.36"
93.83.167.218 - - [24/Sep/2021:13:05:06 +0200] "GET /reload?ser=1632481437284 HTTP/1.1" 200 28 "http://renault.activities.at/result?searchterm=true&search=arkana" "Mozilla/5.0 (Windows NT 10.0; Win64; x64) AppleWebKit/537.36 (KHTML, like Gecko) Chrome/93.0.4577.82 Safari/537.36"
185.22.23.252 - - [24/Sep/2021:13:06:03 +0200] "GET /reload?ser=1632481563380 HTTP/1.1" 200 28 "http://renault.activities.at/success" "Mozilla/5.0 (Windows NT 6.3; Win64; x64) AppleWebKit/537.36 (KHTML, like Gecko) Chrome/93.0.4577.82 Safari/537.36"
93.83.167.218 - - [24/Sep/2021:13:06:07 +0200] "GET /reload?ser=1632481498280 HTTP/1.1" 200 28 "http://renault.activities.at/result?searchterm=true&search=arkana" "Mozilla/5.0 (Windows NT 10.0; Win64; x64) AppleWebKit/537.36 (KHTML, like Gecko) Chrome/93.0.4577.82 Safari/537.36"
185.22.23.252 - - [24/Sep/2021:13:07:04 +0200] "GET /reload?ser=1632481624380 HTTP/1.1" 200 28 "http://renault.activities.at/success" "Mozilla/5.0 (Windows NT 6.3; Win64; x64) AppleWebKit/537.36 (KHTML, like Gecko) Chrome/93.0.4577.82 Safari/537.36"
93.83.167.218 - - [24/Sep/2021:13:07:08 +0200] "GET /reload?ser=1632481559277 HTTP/1.1" 200 28 "http://renault.activities.at/result?searchterm=true&search=arkana" "Mozilla/5.0 (Windows NT 10.0; Win64; x64) AppleWebKit/537.36 (KHTML, like Gecko) Chrome/93.0.4577.82 Safari/537.36"
185.22.23.252 - - [24/Sep/2021:13:08:05 +0200] "GET /reload?ser=1632481685380 HTTP/1.1" 200 28 "http://renault.activities.at/success" "Mozilla/5.0 (Windows NT 6.3; Win64; x64) AppleWebKit/537.36 (KHTML, like Gecko) Chrome/93.0.4577.82 Safari/537.36"
