80.120.5.131 - - [06/Oct/2021:15:16:05 +0200] "GET /loadthumbnail.php?id=12364770&width=113 HTTP/1.1" 200 8925 "http://renault.activities.at/10260003?dir=DESC&mode=grid&order=name&limit=15&page=4" "Mozilla/5.0 (Windows NT 10.0; Win64; x64) AppleWebKit/537.36 (KHTML, like Gecko) Chrome/94.0.4606.61 Safari/537.36"
80.120.5.131 - - [06/Oct/2021:15:16:06 +0200] "GET /loadthumbnail.php?id=12455579&width=113 HTTP/1.1" 200 5314 "http://renault.activities.at/10260003?dir=DESC&mode=grid&order=name&limit=15&page=4" "Mozilla/5.0 (Windows NT 10.0; Win64; x64) AppleWebKit/537.36 (KHTML, like Gecko) Chrome/94.0.4606.61 Safari/537.36"
80.120.5.131 - - [06/Oct/2021:15:16:06 +0200] "GET /loadthumbnail.php?id=12348146&width=113 HTTP/1.1" 200 38739 "http://renault.activities.at/10260003?dir=DESC&mode=grid&order=name&limit=15&page=4" "Mozilla/5.0 (Windows NT 10.0; Win64; x64) AppleWebKit/537.36 (KHTML, like Gecko) Chrome/94.0.4606.61 Safari/537.36"
80.120.5.131 - - [06/Oct/2021:15:16:06 +0200] "GET /loadthumbnail.php?id=12297782&width=113 HTTP/1.1" 200 32707 "http://renault.activities.at/10260003?dir=DESC&mode=grid&order=name&limit=15&page=4" "Mozilla/5.0 (Windows NT 10.0; Win64; x64) AppleWebKit/537.36 (KHTML, like Gecko) Chrome/94.0.4606.61 Safari/537.36"
80.120.5.131 - - [06/Oct/2021:15:16:06 +0200] "GET /loadthumbnail.php?id=10562347&width=113 HTTP/1.1" 200 4993 "http://renault.activities.at/10260003?dir=DESC&mode=grid&order=name&limit=15&page=4" "Mozilla/5.0 (Windows NT 10.0; Win64; x64) AppleWebKit/537.36 (KHTML, like Gecko) Chrome/94.0.4606.61 Safari/537.36"
80.120.5.131 - - [06/Oct/2021:15:16:06 +0200] "GET /loadthumbnail.php?id=10562346&width=113 HTTP/1.1" 200 5314 "http://renault.activities.at/10260003?dir=DESC&mode=grid&order=name&limit=15&page=4" "Mozilla/5.0 (Windows NT 10.0; Win64; x64) AppleWebKit/537.36 (KHTML, like Gecko) Chrome/94.0.4606.61 Safari/537.36"
80.120.5.131 - - [06/Oct/2021:15:16:06 +0200] "GET /loadthumbnail.php?id=12363384&width=113 HTTP/1.1" 200 20801 "http://renault.activities.at/10260003?dir=DESC&mode=grid&order=name&limit=15&page=4" "Mozilla/5.0 (Windows NT 10.0; Win64; x64) AppleWebKit/537.36 (KHTML, like Gecko) Chrome/94.0.4606.61 Safari/537.36"
80.120.5.131 - - [06/Oct/2021:15:16:06 +0200] "GET /loadthumbnail.php?id=11423838&width=113 HTTP/1.1" 200 2865 "http://renault.activities.at/10260003?dir=DESC&mode=grid&order=name&limit=15&page=4" "Mozilla/5.0 (Windows NT 10.0; Win64; x64) AppleWebKit/537.36 (KHTML, like Gecko) Chrome/94.0.4606.61 Safari/537.36"
80.120.5.131 - - [06/Oct/2021:15:16:06 +0200] "GET /loadthumbnail.php?id=12364065&width=113 HTTP/1.1" 200 5991 "http://renault.activities.at/10260003?dir=DESC&mode=grid&order=name&limit=15&page=4" "Mozilla/5.0 (Windows NT 10.0; Win64; x64) AppleWebKit/537.36 (KHTML, like Gecko) Chrome/94.0.4606.61 Safari/537.36"
80.123.225.38 - - [06/Oct/2021:15:16:43 +0200] "GET /reload?ser=1633526168685 HTTP/1.1" 200 28 "http://renault.activities.at/success" "Mozilla/5.0 (Windows NT 6.1; Win64; x64) AppleWebKit/537.36 (KHTML, like Gecko) Chrome/94.0.4606.71 Safari/537.36"
93.83.167.130 - - [06/Oct/2021:15:16:57 +0200] "GET /reload?ser=1633526217204 HTTP/1.1" 200 28 "http://renault.activities.at/result?searchterm=true&search=Tasche" "Mozilla/5.0 (Windows NT 10.0; Win64; x64) AppleWebKit/537.36 (KHTML, like Gecko) Chrome/94.0.4606.71 Safari/537.36"
80.120.5.131 - - [06/Oct/2021:15:17:06 +0200] "GET /reload?ser=1633526226340 HTTP/1.1" 200 28 "http://renault.activities.at/10260003?dir=DESC&mode=grid&order=name&limit=15&page=4" "Mozilla/5.0 (Windows NT 10.0; Win64; x64) AppleWebKit/537.36 (KHTML, like Gecko) Chrome/94.0.4606.61 Safari/537.36"
80.120.5.131 - - [06/Oct/2021:15:17:41 +0200] "GET / HTTP/1.1" 200 6021 "http://renault.activities.at/10260003?dir=DESC&mode=grid&order=name&limit=15&page=4" "Mozilla/5.0 (Windows NT 10.0; Win64; x64) AppleWebKit/537.36 (KHTML, like Gecko) Chrome/94.0.4606.61 Safari/537.36"
80.120.5.131 - - [06/Oct/2021:15:17:42 +0200] "GET /js/flashdetection.js HTTP/1.1" 200 1059 "http://renault.activities.at/" "Mozilla/5.0 (Windows NT 10.0; Win64; x64) AppleWebKit/537.36 (KHTML, like Gecko) Chrome/94.0.4606.61 Safari/537.36"
80.123.225.38 - - [06/Oct/2021:15:17:44 +0200] "GET /reload?ser=1633526229711 HTTP/1.1" 200 28 "http://renault.activities.at/success" "Mozilla/5.0 (Windows NT 6.1; Win64; x64) AppleWebKit/537.36 (KHTML, like Gecko) Chrome/94.0.4606.71 Safari/537.36"
80.120.5.131 - - [06/Oct/2021:15:17:45 +0200] "GET /10201442 HTTP/1.1" 200 8740 "http://renault.activities.at/" "Mozilla/5.0 (Windows NT 10.0; Win64; x64) AppleWebKit/537.36 (KHTML, like Gecko) Chrome/94.0.4606.61 Safari/537.36"
80.120.5.131 - - [06/Oct/2021:15:17:51 +0200] "GET /10201442?cat=10201634 HTTP/1.1" 200 8860 "http://renault.activities.at/10201442" "Mozilla/5.0 (Windows NT 10.0; Win64; x64) AppleWebKit/537.36 (KHTML, like Gecko) Chrome/94.0.4606.61 Safari/537.36"
80.120.5.131 - - [06/Oct/2021:15:17:54 +0200] "GET /loadthumbnail.php?id=10201939&width=15&height=15 HTTP/1.1" 200 201 "http://renault.activities.at/10201442?cat=10201634" "Mozilla/5.0 (Windows NT 10.0; Win64; x64) AppleWebKit/537.36 (KHTML, like Gecko) Chrome/94.0.4606.61 Safari/537.36"
93.83.167.130 - - [06/Oct/2021:15:17:58 +0200] "GET /reload?ser=1633526279212 HTTP/1.1" 200 28 "http://renault.activities.at/result?searchterm=true&search=Tasche" "Mozilla/5.0 (Windows NT 10.0; Win64; x64) AppleWebKit/537.36 (KHTML, like Gecko) Chrome/94.0.4606.71 Safari/537.36"
80.120.5.131 - - [06/Oct/2021:15:18:40 +0200] "GET /images/vista-dn-hover.gif HTTP/1.1" 200 127 "http://renault.activities.at/css/styles.css" "Mozilla/5.0 (Windows NT 10.0; Win64; x64) AppleWebKit/537.36 (KHTML, like Gecko) Chrome/94.0.4606.61 Safari/537.36"
80.123.225.38 - - [06/Oct/2021:15:18:45 +0200] "GET /reload?ser=1633526290718 HTTP/1.1" 200 28 "http://renault.activities.at/success" "Mozilla/5.0 (Windows NT 6.1; Win64; x64) AppleWebKit/537.36 (KHTML, like Gecko) Chrome/94.0.4606.71 Safari/537.36"
80.120.5.131 - - [06/Oct/2021:15:18:42 +0200] "GET /10201442?dir=DESC&mode=grid&order=name&limit=15&page=2&cat=10201634 HTTP/1.1" 200 9215 "http://renault.activities.at/10201442?cat=10201634" "Mozilla/5.0 (Windows NT 10.0; Win64; x64) AppleWebKit/537.36 (KHTML, like Gecko) Chrome/94.0.4606.61 Safari/537.36"
80.120.5.131 - - [06/Oct/2021:15:18:46 +0200] "GET /loadthumbnail.php?id=12428324&width=113 HTTP/1.1" 200 6000 "http://renault.activities.at/10201442?dir=DESC&mode=grid&order=name&limit=15&page=2&cat=10201634" "Mozilla/5.0 (Windows NT 10.0; Win64; x64) AppleWebKit/537.36 (KHTML, like Gecko) Chrome/94.0.4606.61 Safari/537.36"
80.120.5.131 - - [06/Oct/2021:15:18:46 +0200] "GET /loadthumbnail.php?id=12428318&width=113 HTTP/1.1" 200 6007 "http://renault.activities.at/10201442?dir=DESC&mode=grid&order=name&limit=15&page=2&cat=10201634" "Mozilla/5.0 (Windows NT 10.0; Win64; x64) AppleWebKit/537.36 (KHTML, like Gecko) Chrome/94.0.4606.61 Safari/537.36"
80.120.5.131 - - [06/Oct/2021:15:18:46 +0200] "GET /loadthumbnail.php?id=12428314&width=113 HTTP/1.1" 200 5819 "http://renault.activities.at/10201442?dir=DESC&mode=grid&order=name&limit=15&page=2&cat=10201634" "Mozilla/5.0 (Windows NT 10.0; Win64; x64) AppleWebKit/537.36 (KHTML, like Gecko) Chrome/94.0.4606.61 Safari/537.36"
80.120.5.131 - - [06/Oct/2021:15:18:46 +0200] "GET /loadthumbnail.php?id=12037190&width=113 HTTP/1.1" 200 19857 "http://renault.activities.at/10201442?dir=DESC&mode=grid&order=name&limit=15&page=2&cat=10201634" "Mozilla/5.0 (Windows NT 10.0; Win64; x64) AppleWebKit/537.36 (KHTML, like Gecko) Chrome/94.0.4606.61 Safari/537.36"
80.120.5.131 - - [06/Oct/2021:15:18:46 +0200] "GET /loadthumbnail.php?id=12329395&width=113 HTTP/1.1" 200 6279 "http://renault.activities.at/10201442?dir=DESC&mode=grid&order=name&limit=15&page=2&cat=10201634" "Mozilla/5.0 (Windows NT 10.0; Win64; x64) AppleWebKit/537.36 (KHTML, like Gecko) Chrome/94.0.4606.61 Safari/537.36"
80.120.5.131 - - [06/Oct/2021:15:18:46 +0200] "GET /loadthumbnail.php?id=12138224&width=113 HTTP/1.1" 200 3427 "http://renault.activities.at/10201442?dir=DESC&mode=grid&order=name&limit=15&page=2&cat=10201634" "Mozilla/5.0 (Windows NT 10.0; Win64; x64) AppleWebKit/537.36 (KHTML, like Gecko) Chrome/94.0.4606.61 Safari/537.36"
80.120.5.131 - - [06/Oct/2021:15:18:47 +0200] "GET /loadthumbnail.php?id=12328871&width=113 HTTP/1.1" 200 3047 "http://renault.activities.at/10201442?dir=DESC&mode=grid&order=name&limit=15&page=2&cat=10201634" "Mozilla/5.0 (Windows NT 10.0; Win64; x64) AppleWebKit/537.36 (KHTML, like Gecko) Chrome/94.0.4606.61 Safari/537.36"
80.120.5.131 - - [06/Oct/2021:15:18:47 +0200] "GET /loadthumbnail.php?id=11976076&width=113 HTTP/1.1" 200 17152 "http://renault.activities.at/10201442?dir=DESC&mode=grid&order=name&limit=15&page=2&cat=10201634" "Mozilla/5.0 (Windows NT 10.0; Win64; x64) AppleWebKit/537.36 (KHTML, like Gecko) Chrome/94.0.4606.61 Safari/537.36"
80.120.5.131 - - [06/Oct/2021:15:18:47 +0200] "GET /loadthumbnail.php?id=12122446&width=113 HTTP/1.1" 200 3706 "http://renault.activities.at/10201442?dir=DESC&mode=grid&order=name&limit=15&page=2&cat=10201634" "Mozilla/5.0 (Windows NT 10.0; Win64; x64) AppleWebKit/537.36 (KHTML, like Gecko) Chrome/94.0.4606.61 Safari/537.36"
80.120.5.131 - - [06/Oct/2021:15:18:47 +0200] "GET /loadthumbnail.php?id=12385971&width=113 HTTP/1.1" 200 3358 "http://renault.activities.at/10201442?dir=DESC&mode=grid&order=name&limit=15&page=2&cat=10201634" "Mozilla/5.0 (Windows NT 10.0; Win64; x64) AppleWebKit/537.36 (KHTML, like Gecko) Chrome/94.0.4606.61 Safari/537.36"
80.120.5.131 - - [06/Oct/2021:15:18:47 +0200] "GET /loadthumbnail.php?id=12328160&width=113 HTTP/1.1" 200 2784 "http://renault.activities.at/10201442?dir=DESC&mode=grid&order=name&limit=15&page=2&cat=10201634" "Mozilla/5.0 (Windows NT 10.0; Win64; x64) AppleWebKit/537.36 (KHTML, like Gecko) Chrome/94.0.4606.61 Safari/537.36"
80.120.5.131 - - [06/Oct/2021:15:18:47 +0200] "GET /loadthumbnail.php?id=12027671&width=113 HTTP/1.1" 200 19456 "http://renault.activities.at/10201442?dir=DESC&mode=grid&order=name&limit=15&page=2&cat=10201634" "Mozilla/5.0 (Windows NT 10.0; Win64; x64) AppleWebKit/537.36 (KHTML, like Gecko) Chrome/94.0.4606.61 Safari/537.36"
80.120.5.131 - - [06/Oct/2021:15:18:47 +0200] "GET /loadthumbnail.php?id=12115542&width=113 HTTP/1.1" 200 6084 "http://renault.activities.at/10201442?dir=DESC&mode=grid&order=name&limit=15&page=2&cat=10201634" "Mozilla/5.0 (Windows NT 10.0; Win64; x64) AppleWebKit/537.36 (KHTML, like Gecko) Chrome/94.0.4606.61 Safari/537.36"
80.120.5.131 - - [06/Oct/2021:15:18:47 +0200] "GET /loadthumbnail.php?id=12153811&width=113 HTTP/1.1" 200 2537 "http://renault.activities.at/10201442?dir=DESC&mode=grid&order=name&limit=15&page=2&cat=10201634" "Mozilla/5.0 (Windows NT 10.0; Win64; x64) AppleWebKit/537.36 (KHTML, like Gecko) Chrome/94.0.4606.61 Safari/537.36"
80.120.5.131 - - [06/Oct/2021:15:18:47 +0200] "GET /loadthumbnail.php?id=11564187&width=113 HTTP/1.1" 200 22491 "http://renault.activities.at/10201442?dir=DESC&mode=grid&order=name&limit=15&page=2&cat=10201634" "Mozilla/5.0 (Windows NT 10.0; Win64; x64) AppleWebKit/537.36 (KHTML, like Gecko) Chrome/94.0.4606.61 Safari/537.36"
80.120.5.131 - - [06/Oct/2021:15:18:53 +0200] "GET /10201442?dir=DESC&mode=grid&order=name&limit=15&page=3&cat=10201634 HTTP/1.1" 200 9198 "http://renault.activities.at/10201442?dir=DESC&mode=grid&order=name&limit=15&page=2&cat=10201634" "Mozilla/5.0 (Windows NT 10.0; Win64; x64) AppleWebKit/537.36 (KHTML, like Gecko) Chrome/94.0.4606.61 Safari/537.36"
80.120.5.131 - - [06/Oct/2021:15:18:58 +0200] "GET /loadthumbnail.php?id=11976092&width=113 HTTP/1.1" 200 22943 "http://renault.activities.at/10201442?dir=DESC&mode=grid&order=name&limit=15&page=3&cat=10201634" "Mozilla/5.0 (Windows NT 10.0; Win64; x64) AppleWebKit/537.36 (KHTML, like Gecko) Chrome/94.0.4606.61 Safari/537.36"
80.120.5.131 - - [06/Oct/2021:15:18:58 +0200] "GET /loadthumbnail.php?id=12385967&width=113 HTTP/1.1" 200 3114 "http://renault.activities.at/10201442?dir=DESC&mode=grid&order=name&limit=15&page=3&cat=10201634" "Mozilla/5.0 (Windows NT 10.0; Win64; x64) AppleWebKit/537.36 (KHTML, like Gecko) Chrome/94.0.4606.61 Safari/537.36"
80.120.5.131 - - [06/Oct/2021:15:18:58 +0200] "GET /loadthumbnail.php?id=11878139&width=113 HTTP/1.1" 200 19930 "http://renault.activities.at/10201442?dir=DESC&mode=grid&order=name&limit=15&page=3&cat=10201634" "Mozilla/5.0 (Windows NT 10.0; Win64; x64) AppleWebKit/537.36 (KHTML, like Gecko) Chrome/94.0.4606.61 Safari/537.36"
80.120.5.131 - - [06/Oct/2021:15:18:58 +0200] "GET /loadthumbnail.php?id=12153814&width=113 HTTP/1.1" 200 3262 "http://renault.activities.at/10201442?dir=DESC&mode=grid&order=name&limit=15&page=3&cat=10201634" "Mozilla/5.0 (Windows NT 10.0; Win64; x64) AppleWebKit/537.36 (KHTML, like Gecko) Chrome/94.0.4606.61 Safari/537.36"
80.120.5.131 - - [06/Oct/2021:15:18:58 +0200] "GET /loadthumbnail.php?id=12310521&width=113 HTTP/1.1" 200 3088 "http://renault.activities.at/10201442?dir=DESC&mode=grid&order=name&limit=15&page=3&cat=10201634" "Mozilla/5.0 (Windows NT 10.0; Win64; x64) AppleWebKit/537.36 (KHTML, like Gecko) Chrome/94.0.4606.61 Safari/537.36"
80.120.5.131 - - [06/Oct/2021:15:18:58 +0200] "GET /loadthumbnail.php?id=12310511&width=113 HTTP/1.1" 200 2831 "http://renault.activities.at/10201442?dir=DESC&mode=grid&order=name&limit=15&page=3&cat=10201634" "Mozilla/5.0 (Windows NT 10.0; Win64; x64) AppleWebKit/537.36 (KHTML, like Gecko) Chrome/94.0.4606.61 Safari/537.36"
80.120.5.131 - - [06/Oct/2021:15:18:58 +0200] "GET /loadthumbnail.php?id=12130660&width=113 HTTP/1.1" 200 9098 "http://renault.activities.at/10201442?dir=DESC&mode=grid&order=name&limit=15&page=3&cat=10201634" "Mozilla/5.0 (Windows NT 10.0; Win64; x64) AppleWebKit/537.36 (KHTML, like Gecko) Chrome/94.0.4606.61 Safari/537.36"
80.120.5.131 - - [06/Oct/2021:15:18:58 +0200] "GET /loadthumbnail.php?id=12230337&width=113 HTTP/1.1" 200 2209 "http://renault.activities.at/10201442?dir=DESC&mode=grid&order=name&limit=15&page=3&cat=10201634" "Mozilla/5.0 (Windows NT 10.0; Win64; x64) AppleWebKit/537.36 (KHTML, like Gecko) Chrome/94.0.4606.61 Safari/537.36"
80.120.5.131 - - [06/Oct/2021:15:18:58 +0200] "GET /loadthumbnail.php?id=12230318&width=113 HTTP/1.1" 200 2255 "http://renault.activities.at/10201442?dir=DESC&mode=grid&order=name&limit=15&page=3&cat=10201634" "Mozilla/5.0 (Windows NT 10.0; Win64; x64) AppleWebKit/537.36 (KHTML, like Gecko) Chrome/94.0.4606.61 Safari/537.36"
80.120.5.131 - - [06/Oct/2021:15:18:58 +0200] "GET /loadthumbnail.php?id=12455831&width=113 HTTP/1.1" 200 3878 "http://renault.activities.at/10201442?dir=DESC&mode=grid&order=name&limit=15&page=3&cat=10201634" "Mozilla/5.0 (Windows NT 10.0; Win64; x64) AppleWebKit/537.36 (KHTML, like Gecko) Chrome/94.0.4606.61 Safari/537.36"
80.120.5.131 - - [06/Oct/2021:15:18:58 +0200] "GET /loadthumbnail.php?id=12262997&width=113 HTTP/1.1" 200 3818 "http://renault.activities.at/10201442?dir=DESC&mode=grid&order=name&limit=15&page=3&cat=10201634" "Mozilla/5.0 (Windows NT 10.0; Win64; x64) AppleWebKit/537.36 (KHTML, like Gecko) Chrome/94.0.4606.61 Safari/537.36"
80.120.5.131 - - [06/Oct/2021:15:18:58 +0200] "GET /loadthumbnail.php?id=12455819&width=113 HTTP/1.1" 200 5611 "http://renault.activities.at/10201442?dir=DESC&mode=grid&order=name&limit=15&page=3&cat=10201634" "Mozilla/5.0 (Windows NT 10.0; Win64; x64) AppleWebKit/537.36 (KHTML, like Gecko) Chrome/94.0.4606.61 Safari/537.36"
80.120.5.131 - - [06/Oct/2021:15:18:58 +0200] "GET /loadthumbnail.php?id=12455796&width=113 HTTP/1.1" 200 3577 "http://renault.activities.at/10201442?dir=DESC&mode=grid&order=name&limit=15&page=3&cat=10201634" "Mozilla/5.0 (Windows NT 10.0; Win64; x64) AppleWebKit/537.36 (KHTML, like Gecko) Chrome/94.0.4606.61 Safari/537.36"
80.120.5.131 - - [06/Oct/2021:15:18:58 +0200] "GET /loadthumbnail.php?id=12455823&width=113 HTTP/1.1" 200 2670 "http://renault.activities.at/10201442?dir=DESC&mode=grid&order=name&limit=15&page=3&cat=10201634" "Mozilla/5.0 (Windows NT 10.0; Win64; x64) AppleWebKit/537.36 (KHTML, like Gecko) Chrome/94.0.4606.61 Safari/537.36"
80.120.5.131 - - [06/Oct/2021:15:18:58 +0200] "GET /loadthumbnail.php?id=12455827&width=113 HTTP/1.1" 200 4303 "http://renault.activities.at/10201442?dir=DESC&mode=grid&order=name&limit=15&page=3&cat=10201634" "Mozilla/5.0 (Windows NT 10.0; Win64; x64) AppleWebKit/537.36 (KHTML, like Gecko) Chrome/94.0.4606.61 Safari/537.36"
93.83.167.130 - - [06/Oct/2021:15:18:59 +0200] "GET /reload?ser=1633526340201 HTTP/1.1" 200 28 "http://renault.activities.at/result?searchterm=true&search=Tasche" "Mozilla/5.0 (Windows NT 10.0; Win64; x64) AppleWebKit/537.36 (KHTML, like Gecko) Chrome/94.0.4606.71 Safari/537.36"
80.120.5.131 - - [06/Oct/2021:15:19:04 +0200] "GET /images/vista-up-hover.gif HTTP/1.1" 200 130 "http://renault.activities.at/css/styles.css" "Mozilla/5.0 (Windows NT 10.0; Win64; x64) AppleWebKit/537.36 (KHTML, like Gecko) Chrome/94.0.4606.61 Safari/537.36"
80.120.5.131 - - [06/Oct/2021:15:19:10 +0200] "GET /10201442?dir=DESC&mode=grid&order=name&limit=15&page=4&cat=10201634 HTTP/1.1" 200 9407 "http://renault.activities.at/10201442?dir=DESC&mode=grid&order=name&limit=15&page=3&cat=10201634" "Mozilla/5.0 (Windows NT 10.0; Win64; x64) AppleWebKit/537.36 (KHTML, like Gecko) Chrome/94.0.4606.61 Safari/537.36"
80.120.5.131 - - [06/Oct/2021:15:19:18 +0200] "GET /loadthumbnail.php?id=12329376&width=113 HTTP/1.1" 200 4961 "http://renault.activities.at/10201442?dir=DESC&mode=grid&order=name&limit=15&page=4&cat=10201634" "Mozilla/5.0 (Windows NT 10.0; Win64; x64) AppleWebKit/537.36 (KHTML, like Gecko) Chrome/94.0.4606.61 Safari/537.36"
80.120.5.131 - - [06/Oct/2021:15:19:18 +0200] "GET /loadthumbnail.php?id=10272696&width=113 HTTP/1.1" 200 6494 "http://renault.activities.at/10201442?dir=DESC&mode=grid&order=name&limit=15&page=4&cat=10201634" "Mozilla/5.0 (Windows NT 10.0; Win64; x64) AppleWebKit/537.36 (KHTML, like Gecko) Chrome/94.0.4606.61 Safari/537.36"
80.120.5.131 - - [06/Oct/2021:15:19:18 +0200] "GET /loadthumbnail.php?id=10460287&width=113 HTTP/1.1" 200 2135 "http://renault.activities.at/10201442?dir=DESC&mode=grid&order=name&limit=15&page=4&cat=10201634" "Mozilla/5.0 (Windows NT 10.0; Win64; x64) AppleWebKit/537.36 (KHTML, like Gecko) Chrome/94.0.4606.61 Safari/537.36"
80.120.5.131 - - [06/Oct/2021:15:19:18 +0200] "GET /loadthumbnail.php?id=11586948&width=113 HTTP/1.1" 200 5839 "http://renault.activities.at/10201442?dir=DESC&mode=grid&order=name&limit=15&page=4&cat=10201634" "Mozilla/5.0 (Windows NT 10.0; Win64; x64) AppleWebKit/537.36 (KHTML, like Gecko) Chrome/94.0.4606.61 Safari/537.36"
80.120.5.131 - - [06/Oct/2021:15:19:18 +0200] "GET /loadthumbnail.php?id=11340123&width=113 HTTP/1.1" 200 5559 "http://renault.activities.at/10201442?dir=DESC&mode=grid&order=name&limit=15&page=4&cat=10201634" "Mozilla/5.0 (Windows NT 10.0; Win64; x64) AppleWebKit/537.36 (KHTML, like Gecko) Chrome/94.0.4606.61 Safari/537.36"
80.120.5.131 - - [06/Oct/2021:15:19:18 +0200] "GET /loadthumbnail.php?id=11340124&width=113 HTTP/1.1" 200 4949 "http://renault.activities.at/10201442?dir=DESC&mode=grid&order=name&limit=15&page=4&cat=10201634" "Mozilla/5.0 (Windows NT 10.0; Win64; x64) AppleWebKit/537.36 (KHTML, like Gecko) Chrome/94.0.4606.61 Safari/537.36"
80.120.5.131 - - [06/Oct/2021:15:19:19 +0200] "GET /loadthumbnail.php?id=11461719&width=113 HTTP/1.1" 200 32753 "http://renault.activities.at/10201442?dir=DESC&mode=grid&order=name&limit=15&page=4&cat=10201634" "Mozilla/5.0 (Windows NT 10.0; Win64; x64) AppleWebKit/537.36 (KHTML, like Gecko) Chrome/94.0.4606.61 Safari/537.36"
80.120.5.131 - - [06/Oct/2021:15:19:19 +0200] "GET /loadthumbnail.php?id=12010091&width=113 HTTP/1.1" 200 18044 "http://renault.activities.at/10201442?dir=DESC&mode=grid&order=name&limit=15&page=4&cat=10201634" "Mozilla/5.0 (Windows NT 10.0; Win64; x64) AppleWebKit/537.36 (KHTML, like Gecko) Chrome/94.0.4606.61 Safari/537.36"
80.120.5.131 - - [06/Oct/2021:15:19:19 +0200] "GET /loadthumbnail.php?id=12208107&width=113 HTTP/1.1" 200 2203 "http://renault.activities.at/10201442?dir=DESC&mode=grid&order=name&limit=15&page=4&cat=10201634" "Mozilla/5.0 (Windows NT 10.0; Win64; x64) AppleWebKit/537.36 (KHTML, like Gecko) Chrome/94.0.4606.61 Safari/537.36"
80.120.5.131 - - [06/Oct/2021:15:19:19 +0200] "GET /loadthumbnail.php?id=11146700&width=113 HTTP/1.1" 200 1415 "http://renault.activities.at/10201442?dir=DESC&mode=grid&order=name&limit=15&page=4&cat=10201634" "Mozilla/5.0 (Windows NT 10.0; Win64; x64) AppleWebKit/537.36 (KHTML, like Gecko) Chrome/94.0.4606.61 Safari/537.36"
80.120.5.131 - - [06/Oct/2021:15:19:19 +0200] "GET /loadthumbnail.php?id=12094749&width=113 HTTP/1.1" 200 15117 "http://renault.activities.at/10201442?dir=DESC&mode=grid&order=name&limit=15&page=4&cat=10201634" "Mozilla/5.0 (Windows NT 10.0; Win64; x64) AppleWebKit/537.36 (KHTML, like Gecko) Chrome/94.0.4606.61 Safari/537.36"
80.120.210.180 - - [06/Oct/2021:15:19:34 +0200] "GET /account HTTP/1.1" 302 150 "-" "Mozilla/5.0 (Windows NT 10.0; WOW64; Trident/7.0; rv:11.0) like Gecko"
80.120.210.180 - - [06/Oct/2021:15:19:35 +0200] "GET /login?required=true HTTP/1.1" 200 2085 "-" "Mozilla/5.0 (Windows NT 10.0; WOW64; Trident/7.0; rv:11.0) like Gecko"
80.120.210.180 - - [06/Oct/2021:15:19:36 +0200] "GET /js/default.js HTTP/1.1" 200 14698 "http://renault.activities.at/login?required=true" "Mozilla/5.0 (Windows NT 10.0; WOW64; Trident/7.0; rv:11.0) like Gecko"
80.120.210.180 - - [06/Oct/2021:15:19:36 +0200] "GET /css/reset.css HTTP/1.1" 200 1356 "http://renault.activities.at/login?required=true" "Mozilla/5.0 (Windows NT 10.0; WOW64; Trident/7.0; rv:11.0) like Gecko"
80.120.210.180 - - [06/Oct/2021:15:19:36 +0200] "GET /css/styles.css HTTP/1.1" 200 14664 "http://renault.activities.at/login?required=true" "Mozilla/5.0 (Windows NT 10.0; WOW64; Trident/7.0; rv:11.0) like Gecko"
80.120.210.180 - - [06/Oct/2021:15:19:36 +0200] "GET /css/print.css HTTP/1.1" 200 543 "http://renault.activities.at/login?required=true" "Mozilla/5.0 (Windows NT 10.0; WOW64; Trident/7.0; rv:11.0) like Gecko"
80.120.210.180 - - [06/Oct/2021:15:19:36 +0200] "GET /js/checkout.css HTTP/1.1" 200 359 "http://renault.activities.at/login?required=true" "Mozilla/5.0 (Windows NT 10.0; WOW64; Trident/7.0; rv:11.0) like Gecko"
80.120.210.180 - - [06/Oct/2021:15:19:36 +0200] "GET /css/clears.css HTTP/1.1" 200 851 "http://renault.activities.at/login?required=true" "Mozilla/5.0 (Windows NT 10.0; WOW64; Trident/7.0; rv:11.0) like Gecko"
80.120.210.180 - - [06/Oct/2021:15:19:36 +0200] "GET /css/prototip.css HTTP/1.1" 200 968 "http://renault.activities.at/login?required=true" "Mozilla/5.0 (Windows NT 10.0; WOW64; Trident/7.0; rv:11.0) like Gecko"
80.120.210.180 - - [06/Oct/2021:15:19:36 +0200] "GET /css/themes/alphacube.css HTTP/1.1" 200 743 "http://renault.activities.at/login?required=true" "Mozilla/5.0 (Windows NT 10.0; WOW64; Trident/7.0; rv:11.0) like Gecko"
80.120.210.180 - - [06/Oct/2021:15:19:36 +0200] "GET /css/themes/default.css HTTP/1.1" 200 769 "http://renault.activities.at/login?required=true" "Mozilla/5.0 (Windows NT 10.0; WOW64; Trident/7.0; rv:11.0) like Gecko"
80.120.210.180 - - [06/Oct/2021:15:19:36 +0200] "GET /js/index.php?c=auto&f=,prototype/prototype.js,prototype/validation.js,scriptaculous/builder.js,scriptaculous/effects.js,scriptaculous/dragdrop.js,scriptaculous/controls.js,scriptaculous/slider.js,varien/js.js,varien/form.js,varien/menu.js,mage/translate.js,mage/cookies.js,varien/product.js,spinner/SpinnerControl.jsmin.js,prototype/window.js,prototype/window_ext.js HTTP/1.1" 200 94182 "http://renault.activities.at/login?required=true" "Mozilla/5.0 (Windows NT 10.0; WOW64; Trident/7.0; rv:11.0) like Gecko"
80.120.210.180 - - [06/Oct/2021:15:19:37 +0200] "GET /images/main_block_border.gif HTTP/1.1" 200 43 "http://renault.activities.at/login?required=true" "Mozilla/5.0 (Windows NT 10.0; WOW64; Trident/7.0; rv:11.0) like Gecko"
80.120.210.180 - - [06/Oct/2021:15:19:37 +0200] "GET /images/main_block_corner_right_top.gif HTTP/1.1" 200 159 "http://renault.activities.at/login?required=true" "Mozilla/5.0 (Windows NT 10.0; WOW64; Trident/7.0; rv:11.0) like Gecko"
80.120.210.180 - - [06/Oct/2021:15:19:37 +0200] "GET /images/main_block_corner_left_top.gif HTTP/1.1" 200 159 "http://renault.activities.at/login?required=true" "Mozilla/5.0 (Windows NT 10.0; WOW64; Trident/7.0; rv:11.0) like Gecko"
80.120.210.180 - - [06/Oct/2021:15:19:37 +0200] "GET /images/main_block_corner_left_bot.gif HTTP/1.1" 200 159 "http://renault.activities.at/login?required=true" "Mozilla/5.0 (Windows NT 10.0; WOW64; Trident/7.0; rv:11.0) like Gecko"
80.120.210.180 - - [06/Oct/2021:15:19:37 +0200] "GET /images/header_block_border.gif HTTP/1.1" 200 43 "http://renault.activities.at/login?required=true" "Mozilla/5.0 (Windows NT 10.0; WOW64; Trident/7.0; rv:11.0) like Gecko"
80.120.210.180 - - [06/Oct/2021:15:19:37 +0200] "GET /images/main_block_corner_right_bot.gif HTTP/1.1" 200 158 "http://renault.activities.at/login?required=true" "Mozilla/5.0 (Windows NT 10.0; WOW64; Trident/7.0; rv:11.0) like Gecko"
80.120.210.180 - - [06/Oct/2021:15:19:37 +0200] "GET /images/header_block_corner_left_top.gif HTTP/1.1" 200 160 "http://renault.activities.at/login?required=true" "Mozilla/5.0 (Windows NT 10.0; WOW64; Trident/7.0; rv:11.0) like Gecko"
80.120.210.180 - - [06/Oct/2021:15:19:37 +0200] "GET /images/title_border.jpg HTTP/1.1" 200 304 "http://renault.activities.at/login?required=true" "Mozilla/5.0 (Windows NT 10.0; WOW64; Trident/7.0; rv:11.0) like Gecko"
80.120.210.180 - - [06/Oct/2021:15:19:37 +0200] "GET /images/header_block_corner_right_top.gif HTTP/1.1" 200 160 "http://renault.activities.at/login?required=true" "Mozilla/5.0 (Windows NT 10.0; WOW64; Trident/7.0; rv:11.0) like Gecko"
80.120.210.180 - - [06/Oct/2021:15:19:37 +0200] "GET /images/title_border_top.jpg HTTP/1.1" 200 336 "http://renault.activities.at/login?required=true" "Mozilla/5.0 (Windows NT 10.0; WOW64; Trident/7.0; rv:11.0) like Gecko"
80.120.210.180 - - [06/Oct/2021:15:19:37 +0200] "GET /images/button_right_bg.gif HTTP/1.1" 200 561 "http://renault.activities.at/login?required=true" "Mozilla/5.0 (Windows NT 10.0; WOW64; Trident/7.0; rv:11.0) like Gecko"
80.120.210.180 - - [06/Oct/2021:15:19:37 +0200] "GET /images/title_corner_left_top.jpg HTTP/1.1" 200 372 "http://renault.activities.at/login?required=true" "Mozilla/5.0 (Windows NT 10.0; WOW64; Trident/7.0; rv:11.0) like Gecko"
80.120.210.180 - - [06/Oct/2021:15:19:37 +0200] "GET /images/title_corner_right_top.jpg HTTP/1.1" 200 389 "http://renault.activities.at/login?required=true" "Mozilla/5.0 (Windows NT 10.0; WOW64; Trident/7.0; rv:11.0) like Gecko"
80.120.210.180 - - [06/Oct/2021:15:19:37 +0200] "GET /images/button_left_bg.gif HTTP/1.1" 200 564 "http://renault.activities.at/login?required=true" "Mozilla/5.0 (Windows NT 10.0; WOW64; Trident/7.0; rv:11.0) like Gecko"
80.120.210.180 - - [06/Oct/2021:15:19:37 +0200] "GET /images/button_bg.gif HTTP/1.1" 200 151 "http://renault.activities.at/login?required=true" "Mozilla/5.0 (Windows NT 10.0; WOW64; Trident/7.0; rv:11.0) like Gecko"
80.120.210.180 - - [06/Oct/2021:15:19:37 +0200] "GET /loadthumbnail.php?id=11127982 HTTP/1.1" 200 399614 "http://renault.activities.at/login?required=true" "Mozilla/5.0 (Windows NT 10.0; WOW64; Trident/7.0; rv:11.0) like Gecko"
80.123.225.38 - - [06/Oct/2021:15:19:46 +0200] "GET /reload?ser=1633526351699 HTTP/1.1" 200 28 "http://renault.activities.at/success" "Mozilla/5.0 (Windows NT 6.1; Win64; x64) AppleWebKit/537.36 (KHTML, like Gecko) Chrome/94.0.4606.71 Safari/537.36"
80.120.210.180 - - [06/Oct/2021:15:19:45 +0200] "POST /login HTTP/1.1" 302 152 "http://renault.activities.at/login?required=true" "Mozilla/5.0 (Windows NT 10.0; WOW64; Trident/7.0; rv:11.0) like Gecko"
80.120.210.180 - - [06/Oct/2021:15:19:48 +0200] "GET /account?loadrequest=true HTTP/1.1" 200 5900 "http://renault.activities.at/login?required=true" "Mozilla/5.0 (Windows NT 10.0; WOW64; Trident/7.0; rv:11.0) like Gecko"
80.120.210.180 - - [06/Oct/2021:15:19:52 +0200] "GET /js/default.js HTTP/1.1" 304 - "http://renault.activities.at/account?loadrequest=true" "Mozilla/5.0 (Windows NT 10.0; WOW64; Trident/7.0; rv:11.0) like Gecko"
80.120.210.180 - - [06/Oct/2021:15:19:52 +0200] "GET /css/reset.css HTTP/1.1" 304 - "http://renault.activities.at/account?loadrequest=true" "Mozilla/5.0 (Windows NT 10.0; WOW64; Trident/7.0; rv:11.0) like Gecko"
80.120.210.180 - - [06/Oct/2021:15:19:52 +0200] "GET /css/styles.css HTTP/1.1" 304 - "http://renault.activities.at/account?loadrequest=true" "Mozilla/5.0 (Windows NT 10.0; WOW64; Trident/7.0; rv:11.0) like Gecko"
80.120.210.180 - - [06/Oct/2021:15:19:52 +0200] "GET /css/clears.css HTTP/1.1" 304 - "http://renault.activities.at/account?loadrequest=true" "Mozilla/5.0 (Windows NT 10.0; WOW64; Trident/7.0; rv:11.0) like Gecko"
80.120.210.180 - - [06/Oct/2021:15:19:52 +0200] "GET /js/checkout.css HTTP/1.1" 304 - "http://renault.activities.at/account?loadrequest=true" "Mozilla/5.0 (Windows NT 10.0; WOW64; Trident/7.0; rv:11.0) like Gecko"
80.120.210.180 - - [06/Oct/2021:15:19:52 +0200] "GET /css/print.css HTTP/1.1" 304 - "http://renault.activities.at/account?loadrequest=true" "Mozilla/5.0 (Windows NT 10.0; WOW64; Trident/7.0; rv:11.0) like Gecko"
80.120.210.180 - - [06/Oct/2021:15:19:52 +0200] "GET /css/prototip.css HTTP/1.1" 304 - "http://renault.activities.at/account?loadrequest=true" "Mozilla/5.0 (Windows NT 10.0; WOW64; Trident/7.0; rv:11.0) like Gecko"
80.120.210.180 - - [06/Oct/2021:15:19:52 +0200] "GET /css/themes/default.css HTTP/1.1" 304 - "http://renault.activities.at/account?loadrequest=true" "Mozilla/5.0 (Windows NT 10.0; WOW64; Trident/7.0; rv:11.0) like Gecko"
80.120.210.180 - - [06/Oct/2021:15:19:52 +0200] "GET /css/themes/alphacube.css HTTP/1.1" 304 - "http://renault.activities.at/account?loadrequest=true" "Mozilla/5.0 (Windows NT 10.0; WOW64; Trident/7.0; rv:11.0) like Gecko"
80.120.210.180 - - [06/Oct/2021:15:19:52 +0200] "GET /js/account.js HTTP/1.1" 200 953 "http://renault.activities.at/account?loadrequest=true" "Mozilla/5.0 (Windows NT 10.0; WOW64; Trident/7.0; rv:11.0) like Gecko"
80.120.210.180 - - [06/Oct/2021:15:19:52 +0200] "GET /images/header_block_corner_left_top.gif HTTP/1.1" 304 - "http://renault.activities.at/account?loadrequest=true" "Mozilla/5.0 (Windows NT 10.0; WOW64; Trident/7.0; rv:11.0) like Gecko"
80.120.210.180 - - [06/Oct/2021:15:19:52 +0200] "GET /images/header_block_corner_right_top.gif HTTP/1.1" 304 - "http://renault.activities.at/account?loadrequest=true" "Mozilla/5.0 (Windows NT 10.0; WOW64; Trident/7.0; rv:11.0) like Gecko"
80.120.210.180 - - [06/Oct/2021:15:19:52 +0200] "GET /images/main_block_border.gif HTTP/1.1" 304 - "http://renault.activities.at/account?loadrequest=true" "Mozilla/5.0 (Windows NT 10.0; WOW64; Trident/7.0; rv:11.0) like Gecko"
80.120.210.180 - - [06/Oct/2021:15:19:52 +0200] "GET /images/main_block_corner_left_top.gif HTTP/1.1" 304 - "http://renault.activities.at/account?loadrequest=true" "Mozilla/5.0 (Windows NT 10.0; WOW64; Trident/7.0; rv:11.0) like Gecko"
80.120.210.180 - - [06/Oct/2021:15:19:52 +0200] "GET /images/header_block_border.gif HTTP/1.1" 304 - "http://renault.activities.at/account?loadrequest=true" "Mozilla/5.0 (Windows NT 10.0; WOW64; Trident/7.0; rv:11.0) like Gecko"
80.120.210.180 - - [06/Oct/2021:15:19:52 +0200] "GET /images/main_block_corner_right_top.gif HTTP/1.1" 304 - "http://renault.activities.at/account?loadrequest=true" "Mozilla/5.0 (Windows NT 10.0; WOW64; Trident/7.0; rv:11.0) like Gecko"
80.120.210.180 - - [06/Oct/2021:15:19:52 +0200] "GET /images/main_block_corner_left_bot.gif HTTP/1.1" 304 - "http://renault.activities.at/account?loadrequest=true" "Mozilla/5.0 (Windows NT 10.0; WOW64; Trident/7.0; rv:11.0) like Gecko"
80.120.210.180 - - [06/Oct/2021:15:19:52 +0200] "GET /images/main_block_corner_right_bot.gif HTTP/1.1" 304 - "http://renault.activities.at/account?loadrequest=true" "Mozilla/5.0 (Windows NT 10.0; WOW64; Trident/7.0; rv:11.0) like Gecko"
80.120.210.180 - - [06/Oct/2021:15:19:52 +0200] "GET /images/search_bg.gif HTTP/1.1" 200 1726 "http://renault.activities.at/account?loadrequest=true" "Mozilla/5.0 (Windows NT 10.0; WOW64; Trident/7.0; rv:11.0) like Gecko"
80.120.210.180 - - [06/Oct/2021:15:19:52 +0200] "GET /images/button_left_bg.gif HTTP/1.1" 304 - "http://renault.activities.at/account?loadrequest=true" "Mozilla/5.0 (Windows NT 10.0; WOW64; Trident/7.0; rv:11.0) like Gecko"
80.120.210.180 - - [06/Oct/2021:15:19:52 +0200] "GET /loadthumbnail.php?id=12414627&width=50&height=50 HTTP/1.1" 200 1221 "http://renault.activities.at/account?loadrequest=true" "Mozilla/5.0 (Windows NT 10.0; WOW64; Trident/7.0; rv:11.0) like Gecko"
80.120.210.180 - - [06/Oct/2021:15:19:52 +0200] "GET /images/menu_divider.gif HTTP/1.1" 200 176 "http://renault.activities.at/account?loadrequest=true" "Mozilla/5.0 (Windows NT 10.0; WOW64; Trident/7.0; rv:11.0) like Gecko"
80.120.210.180 - - [06/Oct/2021:15:19:52 +0200] "GET /images/top_links_divider.gif HTTP/1.1" 200 44 "http://renault.activities.at/account?loadrequest=true" "Mozilla/5.0 (Windows NT 10.0; WOW64; Trident/7.0; rv:11.0) like Gecko"
80.120.210.180 - - [06/Oct/2021:15:19:52 +0200] "GET /images/sidebar_title_border.gif HTTP/1.1" 200 43 "http://renault.activities.at/account?loadrequest=true" "Mozilla/5.0 (Windows NT 10.0; WOW64; Trident/7.0; rv:11.0) like Gecko"
80.120.210.180 - - [06/Oct/2021:15:19:52 +0200] "GET /images/menu_button_bg.jpg HTTP/1.1" 200 322 "http://renault.activities.at/account?loadrequest=true" "Mozilla/5.0 (Windows NT 10.0; WOW64; Trident/7.0; rv:11.0) like Gecko"
80.120.210.180 - - [06/Oct/2021:15:19:52 +0200] "GET /images/button_right_bg.gif HTTP/1.1" 304 - "http://renault.activities.at/account?loadrequest=true" "Mozilla/5.0 (Windows NT 10.0; WOW64; Trident/7.0; rv:11.0) like Gecko"
80.120.210.180 - - [06/Oct/2021:15:19:52 +0200] "GET /images/button_bg.gif HTTP/1.1" 304 - "http://renault.activities.at/account?loadrequest=true" "Mozilla/5.0 (Windows NT 10.0; WOW64; Trident/7.0; rv:11.0) like Gecko"
80.120.210.180 - - [06/Oct/2021:15:19:52 +0200] "GET /images/sidebar_title_corner_right_top.gif HTTP/1.1" 200 383 "http://renault.activities.at/account?loadrequest=true" "Mozilla/5.0 (Windows NT 10.0; WOW64; Trident/7.0; rv:11.0) like Gecko"
80.120.210.180 - - [06/Oct/2021:15:19:52 +0200] "GET /images/nav_divider.gif HTTP/1.1" 200 43 "http://renault.activities.at/account?loadrequest=true" "Mozilla/5.0 (Windows NT 10.0; WOW64; Trident/7.0; rv:11.0) like Gecko"
80.120.210.180 - - [06/Oct/2021:15:19:52 +0200] "GET /images/title_corner_left_top.jpg HTTP/1.1" 304 - "http://renault.activities.at/account?loadrequest=true" "Mozilla/5.0 (Windows NT 10.0; WOW64; Trident/7.0; rv:11.0) like Gecko"
80.120.210.180 - - [06/Oct/2021:15:19:52 +0200] "GET /images/sidebar_title_border_top.gif HTTP/1.1" 200 155 "http://renault.activities.at/account?loadrequest=true" "Mozilla/5.0 (Windows NT 10.0; WOW64; Trident/7.0; rv:11.0) like Gecko"
80.120.210.180 - - [06/Oct/2021:15:19:52 +0200] "GET /images/title_border.jpg HTTP/1.1" 304 - "http://renault.activities.at/account?loadrequest=true" "Mozilla/5.0 (Windows NT 10.0; WOW64; Trident/7.0; rv:11.0) like Gecko"
80.120.210.180 - - [06/Oct/2021:15:19:52 +0200] "GET /images/title_corner_right_top.jpg HTTP/1.1" 304 - "http://renault.activities.at/account?loadrequest=true" "Mozilla/5.0 (Windows NT 10.0; WOW64; Trident/7.0; rv:11.0) like Gecko"
80.120.210.180 - - [06/Oct/2021:15:19:52 +0200] "GET /images/sidebar_title_corner_left_top.gif HTTP/1.1" 200 1124 "http://renault.activities.at/account?loadrequest=true" "Mozilla/5.0 (Windows NT 10.0; WOW64; Trident/7.0; rv:11.0) like Gecko"
80.120.210.180 - - [06/Oct/2021:15:19:52 +0200] "GET /images/title_border_top.jpg HTTP/1.1" 304 - "http://renault.activities.at/account?loadrequest=true" "Mozilla/5.0 (Windows NT 10.0; WOW64; Trident/7.0; rv:11.0) like Gecko"
80.120.210.180 - - [06/Oct/2021:15:19:53 +0200] "GET /images/footer_divider.gif HTTP/1.1" 200 44 "http://renault.activities.at/account?loadrequest=true" "Mozilla/5.0 (Windows NT 10.0; WOW64; Trident/7.0; rv:11.0) like Gecko"
80.120.5.131 - - [06/Oct/2021:15:19:47 +0200] "GET /10201442?dir=DESC&mode=grid&order=name&limit=15&page=5&cat=10201634 HTTP/1.1" 200 9314 "http://renault.activities.at/10201442?dir=DESC&mode=grid&order=name&limit=15&page=4&cat=10201634" "Mozilla/5.0 (Windows NT 10.0; Win64; x64) AppleWebKit/537.36 (KHTML, like Gecko) Chrome/94.0.4606.61 Safari/537.36"
80.120.5.131 - - [06/Oct/2021:15:19:53 +0200] "GET /loadthumbnail.php?id=12397075&width=113 HTTP/1.1" 200 3619 "http://renault.activities.at/10201442?dir=DESC&mode=grid&order=name&limit=15&page=5&cat=10201634" "Mozilla/5.0 (Windows NT 10.0; Win64; x64) AppleWebKit/537.36 (KHTML, like Gecko) Chrome/94.0.4606.61 Safari/537.36"
80.120.5.131 - - [06/Oct/2021:15:19:53 +0200] "GET /loadthumbnail.php?id=11245117&width=113 HTTP/1.1" 200 2832 "http://renault.activities.at/10201442?dir=DESC&mode=grid&order=name&limit=15&page=5&cat=10201634" "Mozilla/5.0 (Windows NT 10.0; Win64; x64) AppleWebKit/537.36 (KHTML, like Gecko) Chrome/94.0.4606.61 Safari/537.36"
80.120.5.131 - - [06/Oct/2021:15:19:53 +0200] "GET /loadthumbnail.php?id=11340121&width=113 HTTP/1.1" 200 4540 "http://renault.activities.at/10201442?dir=DESC&mode=grid&order=name&limit=15&page=5&cat=10201634" "Mozilla/5.0 (Windows NT 10.0; Win64; x64) AppleWebKit/537.36 (KHTML, like Gecko) Chrome/94.0.4606.61 Safari/537.36"
80.120.5.131 - - [06/Oct/2021:15:19:53 +0200] "GET /loadthumbnail.php?id=12243596&width=113 HTTP/1.1" 200 2926 "http://renault.activities.at/10201442?dir=DESC&mode=grid&order=name&limit=15&page=5&cat=10201634" "Mozilla/5.0 (Windows NT 10.0; Win64; x64) AppleWebKit/537.36 (KHTML, like Gecko) Chrome/94.0.4606.61 Safari/537.36"
80.120.5.131 - - [06/Oct/2021:15:19:53 +0200] "GET /loadthumbnail.php?id=11423690&width=113 HTTP/1.1" 200 1470 "http://renault.activities.at/10201442?dir=DESC&mode=grid&order=name&limit=15&page=5&cat=10201634" "Mozilla/5.0 (Windows NT 10.0; Win64; x64) AppleWebKit/537.36 (KHTML, like Gecko) Chrome/94.0.4606.61 Safari/537.36"
80.120.5.131 - - [06/Oct/2021:15:19:53 +0200] "GET /loadthumbnail.php?id=11831340&width=113 HTTP/1.1" 200 4684 "http://renault.activities.at/10201442?dir=DESC&mode=grid&order=name&limit=15&page=5&cat=10201634" "Mozilla/5.0 (Windows NT 10.0; Win64; x64) AppleWebKit/537.36 (KHTML, like Gecko) Chrome/94.0.4606.61 Safari/537.36"
80.120.5.131 - - [06/Oct/2021:15:19:53 +0200] "GET /loadthumbnail.php?id=12243604&width=113 HTTP/1.1" 200 3094 "http://renault.activities.at/10201442?dir=DESC&mode=grid&order=name&limit=15&page=5&cat=10201634" "Mozilla/5.0 (Windows NT 10.0; Win64; x64) AppleWebKit/537.36 (KHTML, like Gecko) Chrome/94.0.4606.61 Safari/537.36"
80.120.5.131 - - [06/Oct/2021:15:19:53 +0200] "GET /loadthumbnail.php?id=12341632&width=113 HTTP/1.1" 200 21154 "http://renault.activities.at/10201442?dir=DESC&mode=grid&order=name&limit=15&page=5&cat=10201634" "Mozilla/5.0 (Windows NT 10.0; Win64; x64) AppleWebKit/537.36 (KHTML, like Gecko) Chrome/94.0.4606.61 Safari/537.36"
80.120.5.131 - - [06/Oct/2021:15:19:53 +0200] "GET /loadthumbnail.php?id=12243600&width=113 HTTP/1.1" 200 3157 "http://renault.activities.at/10201442?dir=DESC&mode=grid&order=name&limit=15&page=5&cat=10201634" "Mozilla/5.0 (Windows NT 10.0; Win64; x64) AppleWebKit/537.36 (KHTML, like Gecko) Chrome/94.0.4606.61 Safari/537.36"
80.120.5.131 - - [06/Oct/2021:15:19:53 +0200] "GET /loadthumbnail.php?id=12341640&width=113 HTTP/1.1" 200 18882 "http://renault.activities.at/10201442?dir=DESC&mode=grid&order=name&limit=15&page=5&cat=10201634" "Mozilla/5.0 (Windows NT 10.0; Win64; x64) AppleWebKit/537.36 (KHTML, like Gecko) Chrome/94.0.4606.61 Safari/537.36"
80.120.5.131 - - [06/Oct/2021:15:19:53 +0200] "GET /loadthumbnail.php?id=11573493&width=113 HTTP/1.1" 200 8256 "http://renault.activities.at/10201442?dir=DESC&mode=grid&order=name&limit=15&page=5&cat=10201634" "Mozilla/5.0 (Windows NT 10.0; Win64; x64) AppleWebKit/537.36 (KHTML, like Gecko) Chrome/94.0.4606.61 Safari/537.36"
80.120.5.131 - - [06/Oct/2021:15:19:53 +0200] "GET /loadthumbnail.php?id=11355691&width=113 HTTP/1.1" 200 1198 "http://renault.activities.at/10201442?dir=DESC&mode=grid&order=name&limit=15&page=5&cat=10201634" "Mozilla/5.0 (Windows NT 10.0; Win64; x64) AppleWebKit/537.36 (KHTML, like Gecko) Chrome/94.0.4606.61 Safari/537.36"
93.83.167.130 - - [06/Oct/2021:15:20:00 +0200] "GET /reload?ser=1633526401213 HTTP/1.1" 200 28 "http://renault.activities.at/result?searchterm=true&search=Tasche" "Mozilla/5.0 (Windows NT 10.0; Win64; x64) AppleWebKit/537.36 (KHTML, like Gecko) Chrome/94.0.4606.71 Safari/537.36"
80.123.225.38 - - [06/Oct/2021:15:20:47 +0200] "GET /reload?ser=1633526412660 HTTP/1.1" 200 28 "http://renault.activities.at/success" "Mozilla/5.0 (Windows NT 6.1; Win64; x64) AppleWebKit/537.36 (KHTML, like Gecko) Chrome/94.0.4606.71 Safari/537.36"
80.120.210.180 - - [06/Oct/2021:15:20:53 +0200] "GET /reload?ser=1633526453092 HTTP/1.1" 200 28 "http://renault.activities.at/account?loadrequest=true" "Mozilla/5.0 (Windows NT 10.0; WOW64; Trident/7.0; rv:11.0) like Gecko"
80.120.5.131 - - [06/Oct/2021:15:20:54 +0200] "GET /reload?ser=1633526453761 HTTP/1.1" 200 28 "http://renault.activities.at/10201442?dir=DESC&mode=grid&order=name&limit=15&page=5&cat=10201634" "Mozilla/5.0 (Windows NT 10.0; Win64; x64) AppleWebKit/537.36 (KHTML, like Gecko) Chrome/94.0.4606.61 Safari/537.36"
93.83.167.130 - - [06/Oct/2021:15:21:01 +0200] "GET /reload?ser=1633526462205 HTTP/1.1" 200 28 "http://renault.activities.at/result?searchterm=true&search=Tasche" "Mozilla/5.0 (Windows NT 10.0; Win64; x64) AppleWebKit/537.36 (KHTML, like Gecko) Chrome/94.0.4606.71 Safari/537.36"
80.120.5.131 - - [06/Oct/2021:15:21:07 +0200] "GET /10201442?dir=DESC&mode=grid&order=name&limit=15&page=6&cat=10201634 HTTP/1.1" 200 9252 "http://renault.activities.at/10201442?dir=DESC&mode=grid&order=name&limit=15&page=5&cat=10201634" "Mozilla/5.0 (Windows NT 10.0; Win64; x64) AppleWebKit/537.36 (KHTML, like Gecko) Chrome/94.0.4606.61 Safari/537.36"
80.120.5.131 - - [06/Oct/2021:15:21:11 +0200] "GET /10201442?dir=DESC&mode=grid&order=name&limit=15&page=6&cat=10201634 HTTP/1.1" 200 9252 "http://renault.activities.at/10201442?dir=DESC&mode=grid&order=name&limit=15&page=5&cat=10201634" "Mozilla/5.0 (Windows NT 10.0; Win64; x64) AppleWebKit/537.36 (KHTML, like Gecko) Chrome/94.0.4606.61 Safari/537.36"
80.120.5.131 - - [06/Oct/2021:15:21:16 +0200] "GET /loadthumbnail.php?id=10260174&width=113 HTTP/1.1" 200 3715 "http://renault.activities.at/10201442?dir=DESC&mode=grid&order=name&limit=15&page=6&cat=10201634" "Mozilla/5.0 (Windows NT 10.0; Win64; x64) AppleWebKit/537.36 (KHTML, like Gecko) Chrome/94.0.4606.61 Safari/537.36"
80.120.5.131 - - [06/Oct/2021:15:21:16 +0200] "GET /loadthumbnail.php?id=11721290&width=113 HTTP/1.1" 200 1179 "http://renault.activities.at/10201442?dir=DESC&mode=grid&order=name&limit=15&page=6&cat=10201634" "Mozilla/5.0 (Windows NT 10.0; Win64; x64) AppleWebKit/537.36 (KHTML, like Gecko) Chrome/94.0.4606.61 Safari/537.36"
80.120.5.131 - - [06/Oct/2021:15:21:16 +0200] "GET /loadthumbnail.php?id=12247019&width=113 HTTP/1.1" 200 3543 "http://renault.activities.at/10201442?dir=DESC&mode=grid&order=name&limit=15&page=6&cat=10201634" "Mozilla/5.0 (Windows NT 10.0; Win64; x64) AppleWebKit/537.36 (KHTML, like Gecko) Chrome/94.0.4606.61 Safari/537.36"
80.120.5.131 - - [06/Oct/2021:15:21:16 +0200] "GET /loadthumbnail.php?id=11730239&width=113 HTTP/1.1" 200 4665 "http://renault.activities.at/10201442?dir=DESC&mode=grid&order=name&limit=15&page=6&cat=10201634" "Mozilla/5.0 (Windows NT 10.0; Win64; x64) AppleWebKit/537.36 (KHTML, like Gecko) Chrome/94.0.4606.61 Safari/537.36"
80.120.5.131 - - [06/Oct/2021:15:21:16 +0200] "GET /loadthumbnail.php?id=10260190&width=113 HTTP/1.1" 200 4509 "http://renault.activities.at/10201442?dir=DESC&mode=grid&order=name&limit=15&page=6&cat=10201634" "Mozilla/5.0 (Windows NT 10.0; Win64; x64) AppleWebKit/537.36 (KHTML, like Gecko) Chrome/94.0.4606.61 Safari/537.36"
80.120.5.131 - - [06/Oct/2021:15:21:16 +0200] "GET /loadthumbnail.php?id=11788552&width=113 HTTP/1.1" 200 3318 "http://renault.activities.at/10201442?dir=DESC&mode=grid&order=name&limit=15&page=6&cat=10201634" "Mozilla/5.0 (Windows NT 10.0; Win64; x64) AppleWebKit/537.36 (KHTML, like Gecko) Chrome/94.0.4606.61 Safari/537.36"
80.120.5.131 - - [06/Oct/2021:15:21:16 +0200] "GET /loadthumbnail.php?id=12454910&width=113 HTTP/1.1" 200 2578 "http://renault.activities.at/10201442?dir=DESC&mode=grid&order=name&limit=15&page=6&cat=10201634" "Mozilla/5.0 (Windows NT 10.0; Win64; x64) AppleWebKit/537.36 (KHTML, like Gecko) Chrome/94.0.4606.61 Safari/537.36"
80.120.5.131 - - [06/Oct/2021:15:21:16 +0200] "GET /loadthumbnail.php?id=12247032&width=113 HTTP/1.1" 200 5603 "http://renault.activities.at/10201442?dir=DESC&mode=grid&order=name&limit=15&page=6&cat=10201634" "Mozilla/5.0 (Windows NT 10.0; Win64; x64) AppleWebKit/537.36 (KHTML, like Gecko) Chrome/94.0.4606.61 Safari/537.36"
80.120.5.131 - - [06/Oct/2021:15:21:16 +0200] "GET /loadthumbnail.php?id=11308855&width=113 HTTP/1.1" 200 4521 "http://renault.activities.at/10201442?dir=DESC&mode=grid&order=name&limit=15&page=6&cat=10201634" "Mozilla/5.0 (Windows NT 10.0; Win64; x64) AppleWebKit/537.36 (KHTML, like Gecko) Chrome/94.0.4606.61 Safari/537.36"
80.120.5.131 - - [06/Oct/2021:15:21:16 +0200] "GET /loadthumbnail.php?id=12094811&width=113 HTTP/1.1" 200 27912 "http://renault.activities.at/10201442?dir=DESC&mode=grid&order=name&limit=15&page=6&cat=10201634" "Mozilla/5.0 (Windows NT 10.0; Win64; x64) AppleWebKit/537.36 (KHTML, like Gecko) Chrome/94.0.4606.61 Safari/537.36"
80.120.5.131 - - [06/Oct/2021:15:21:16 +0200] "GET /loadthumbnail.php?id=10745359&width=113 HTTP/1.1" 200 4202 "http://renault.activities.at/10201442?dir=DESC&mode=grid&order=name&limit=15&page=6&cat=10201634" "Mozilla/5.0 (Windows NT 10.0; Win64; x64) AppleWebKit/537.36 (KHTML, like Gecko) Chrome/94.0.4606.61 Safari/537.36"
80.120.5.131 - - [06/Oct/2021:15:21:16 +0200] "GET /loadthumbnail.php?id=12088443&width=113 HTTP/1.1" 200 7201 "http://renault.activities.at/10201442?dir=DESC&mode=grid&order=name&limit=15&page=6&cat=10201634" "Mozilla/5.0 (Windows NT 10.0; Win64; x64) AppleWebKit/537.36 (KHTML, like Gecko) Chrome/94.0.4606.61 Safari/537.36"
80.120.5.131 - - [06/Oct/2021:15:21:16 +0200] "GET /loadthumbnail.php?id=12010095&width=113 HTTP/1.1" 200 20832 "http://renault.activities.at/10201442?dir=DESC&mode=grid&order=name&limit=15&page=6&cat=10201634" "Mozilla/5.0 (Windows NT 10.0; Win64; x64) AppleWebKit/537.36 (KHTML, like Gecko) Chrome/94.0.4606.61 Safari/537.36"
80.120.210.180 - - [06/Oct/2021:15:21:31 +0200] "POST /axjaxrequest?mode=suggest HTTP/1.1" 200 247 "http://renault.activities.at/account?loadrequest=true" "Mozilla/5.0 (Windows NT 10.0; WOW64; Trident/7.0; rv:11.0) like Gecko"
80.120.210.180 - - [06/Oct/2021:15:21:34 +0200] "POST /axjaxrequest?mode=suggest HTTP/1.1" 200 247 "http://renault.activities.at/account?loadrequest=true" "Mozilla/5.0 (Windows NT 10.0; WOW64; Trident/7.0; rv:11.0) like Gecko"
80.120.210.180 - - [06/Oct/2021:15:21:36 +0200] "POST /axjaxrequest?mode=suggest HTTP/1.1" 200 21 "http://renault.activities.at/account?loadrequest=true" "Mozilla/5.0 (Windows NT 10.0; WOW64; Trident/7.0; rv:11.0) like Gecko"
80.120.210.180 - - [06/Oct/2021:15:21:39 +0200] "GET /result?searchterm=true&search=REB100519 HTTP/1.1" 200 4563 "http://renault.activities.at/account?loadrequest=true" "Mozilla/5.0 (Windows NT 10.0; WOW64; Trident/7.0; rv:11.0) like Gecko"
80.120.210.180 - - [06/Oct/2021:15:21:40 +0200] "GET /js/default.js HTTP/1.1" 304 - "http://renault.activities.at/result?searchterm=true&search=REB100519" "Mozilla/5.0 (Windows NT 10.0; WOW64; Trident/7.0; rv:11.0) like Gecko"
80.120.210.180 - - [06/Oct/2021:15:21:40 +0200] "GET /css/reset.css HTTP/1.1" 304 - "http://renault.activities.at/result?searchterm=true&search=REB100519" "Mozilla/5.0 (Windows NT 10.0; WOW64; Trident/7.0; rv:11.0) like Gecko"
80.120.210.180 - - [06/Oct/2021:15:21:40 +0200] "GET /css/styles.css HTTP/1.1" 304 - "http://renault.activities.at/result?searchterm=true&search=REB100519" "Mozilla/5.0 (Windows NT 10.0; WOW64; Trident/7.0; rv:11.0) like Gecko"
80.120.210.180 - - [06/Oct/2021:15:21:40 +0200] "GET /css/prototip.css HTTP/1.1" 304 - "http://renault.activities.at/result?searchterm=true&search=REB100519" "Mozilla/5.0 (Windows NT 10.0; WOW64; Trident/7.0; rv:11.0) like Gecko"
80.120.210.180 - - [06/Oct/2021:15:21:40 +0200] "GET /js/prototip.js HTTP/1.1" 200 4588 "http://renault.activities.at/result?searchterm=true&search=REB100519" "Mozilla/5.0 (Windows NT 10.0; WOW64; Trident/7.0; rv:11.0) like Gecko"
80.120.210.180 - - [06/Oct/2021:15:21:40 +0200] "GET /css/clears.css HTTP/1.1" 304 - "http://renault.activities.at/result?searchterm=true&search=REB100519" "Mozilla/5.0 (Windows NT 10.0; WOW64; Trident/7.0; rv:11.0) like Gecko"
80.120.210.180 - - [06/Oct/2021:15:21:40 +0200] "GET /css/print.css HTTP/1.1" 304 - "http://renault.activities.at/result?searchterm=true&search=REB100519" "Mozilla/5.0 (Windows NT 10.0; WOW64; Trident/7.0; rv:11.0) like Gecko"
80.120.210.180 - - [06/Oct/2021:15:21:40 +0200] "GET /js/checkout.css HTTP/1.1" 304 - "http://renault.activities.at/result?searchterm=true&search=REB100519" "Mozilla/5.0 (Windows NT 10.0; WOW64; Trident/7.0; rv:11.0) like Gecko"
80.120.210.180 - - [06/Oct/2021:15:21:40 +0200] "GET /css/themes/default.css HTTP/1.1" 304 - "http://renault.activities.at/result?searchterm=true&search=REB100519" "Mozilla/5.0 (Windows NT 10.0; WOW64; Trident/7.0; rv:11.0) like Gecko"
