193.194.132.25 - - [06/Oct/2021:15:56:21 +0200] "GET /reload?ser=1633528581735 HTTP/1.1" 200 28 "http://renault.2web.at/result?dir=DESC&mode=grid&order=name&limit=15&page=2&search=scenic" "Mozilla/5.0 (Windows NT 10.0; Win64; x64) AppleWebKit/537.36 (KHTML, like Gecko) Chrome/94.0.4606.61 Safari/537.36"
80.123.225.38 - - [06/Oct/2021:15:56:26 +0200] "GET /reload?ser=1633528552359 HTTP/1.1" 200 28 "http://renault.activities.at/success" "Mozilla/5.0 (Windows NT 6.1; Win64; x64) AppleWebKit/537.36 (KHTML, like Gecko) Chrome/94.0.4606.71 Safari/537.36"
93.83.167.130 - - [06/Oct/2021:15:56:40 +0200] "GET /reload?ser=1633528601209 HTTP/1.1" 200 28 "http://renault.activities.at/result?searchterm=true&search=Tasche" "Mozilla/5.0 (Windows NT 10.0; Win64; x64) AppleWebKit/537.36 (KHTML, like Gecko) Chrome/94.0.4606.71 Safari/537.36"
193.194.132.25 - - [06/Oct/2021:15:57:23 +0200] "GET /reload?ser=1633528643734 HTTP/1.1" 200 28 "http://renault.2web.at/result?dir=DESC&mode=grid&order=name&limit=15&page=2&search=scenic" "Mozilla/5.0 (Windows NT 10.0; Win64; x64) AppleWebKit/537.36 (KHTML, like Gecko) Chrome/94.0.4606.61 Safari/537.36"
80.123.225.38 - - [06/Oct/2021:15:57:27 +0200] "GET /reload?ser=1633528613353 HTTP/1.1" 200 28 "http://renault.activities.at/success" "Mozilla/5.0 (Windows NT 6.1; Win64; x64) AppleWebKit/537.36 (KHTML, like Gecko) Chrome/94.0.4606.71 Safari/537.36"
93.83.167.130 - - [06/Oct/2021:15:57:41 +0200] "GET /reload?ser=1633528662211 HTTP/1.1" 200 28 "http://renault.activities.at/result?searchterm=true&search=Tasche" "Mozilla/5.0 (Windows NT 10.0; Win64; x64) AppleWebKit/537.36 (KHTML, like Gecko) Chrome/94.0.4606.71 Safari/537.36"
193.194.132.25 - - [06/Oct/2021:15:58:25 +0200] "GET /reload?ser=1633528705734 HTTP/1.1" 200 28 "http://renault.2web.at/result?dir=DESC&mode=grid&order=name&limit=15&page=2&search=scenic" "Mozilla/5.0 (Windows NT 10.0; Win64; x64) AppleWebKit/537.36 (KHTML, like Gecko) Chrome/94.0.4606.61 Safari/537.36"
80.123.225.38 - - [06/Oct/2021:15:58:28 +0200] "GET /reload?ser=1633528674364 HTTP/1.1" 200 28 "http://renault.activities.at/success" "Mozilla/5.0 (Windows NT 6.1; Win64; x64) AppleWebKit/537.36 (KHTML, like Gecko) Chrome/94.0.4606.71 Safari/537.36"
93.83.167.130 - - [06/Oct/2021:15:58:42 +0200] "GET /reload?ser=1633528723212 HTTP/1.1" 200 28 "http://renault.activities.at/result?searchterm=true&search=Tasche" "Mozilla/5.0 (Windows NT 10.0; Win64; x64) AppleWebKit/537.36 (KHTML, like Gecko) Chrome/94.0.4606.71 Safari/537.36"
193.194.132.25 - - [06/Oct/2021:15:59:27 +0200] "GET /reload?ser=1633528767735 HTTP/1.1" 200 28 "http://renault.2web.at/result?dir=DESC&mode=grid&order=name&limit=15&page=2&search=scenic" "Mozilla/5.0 (Windows NT 10.0; Win64; x64) AppleWebKit/537.36 (KHTML, like Gecko) Chrome/94.0.4606.61 Safari/537.36"
80.123.225.38 - - [06/Oct/2021:15:59:30 +0200] "GET /reload?ser=1633528736359 HTTP/1.1" 200 28 "http://renault.activities.at/success" "Mozilla/5.0 (Windows NT 6.1; Win64; x64) AppleWebKit/537.36 (KHTML, like Gecko) Chrome/94.0.4606.71 Safari/537.36"
93.83.167.130 - - [06/Oct/2021:15:59:43 +0200] "GET /reload?ser=1633528784207 HTTP/1.1" 200 28 "http://renault.activities.at/result?searchterm=true&search=Tasche" "Mozilla/5.0 (Windows NT 10.0; Win64; x64) AppleWebKit/537.36 (KHTML, like Gecko) Chrome/94.0.4606.71 Safari/537.36"
193.194.132.25 - - [06/Oct/2021:16:00:29 +0200] "GET /reload?ser=1633528829735 HTTP/1.1" 200 28 "http://renault.2web.at/result?dir=DESC&mode=grid&order=name&limit=15&page=2&search=scenic" "Mozilla/5.0 (Windows NT 10.0; Win64; x64) AppleWebKit/537.36 (KHTML, like Gecko) Chrome/94.0.4606.61 Safari/537.36"
80.123.225.38 - - [06/Oct/2021:16:00:31 +0200] "GET /reload?ser=1633528797357 HTTP/1.1" 200 28 "http://renault.activities.at/success" "Mozilla/5.0 (Windows NT 6.1; Win64; x64) AppleWebKit/537.36 (KHTML, like Gecko) Chrome/94.0.4606.71 Safari/537.36"
93.83.167.130 - - [06/Oct/2021:16:00:44 +0200] "GET /reload?ser=1633528845206 HTTP/1.1" 200 28 "http://renault.activities.at/result?searchterm=true&search=Tasche" "Mozilla/5.0 (Windows NT 10.0; Win64; x64) AppleWebKit/537.36 (KHTML, like Gecko) Chrome/94.0.4606.71 Safari/537.36"
193.194.132.25 - - [06/Oct/2021:16:01:31 +0200] "GET /reload?ser=1633528891735 HTTP/1.1" 200 28 "http://renault.2web.at/result?dir=DESC&mode=grid&order=name&limit=15&page=2&search=scenic" "Mozilla/5.0 (Windows NT 10.0; Win64; x64) AppleWebKit/537.36 (KHTML, like Gecko) Chrome/94.0.4606.61 Safari/537.36"
80.123.225.38 - - [06/Oct/2021:16:01:32 +0200] "GET /reload?ser=1633528858353 HTTP/1.1" 200 28 "http://renault.activities.at/success" "Mozilla/5.0 (Windows NT 6.1; Win64; x64) AppleWebKit/537.36 (KHTML, like Gecko) Chrome/94.0.4606.71 Safari/537.36"
93.83.167.130 - - [06/Oct/2021:16:01:45 +0200] "GET /reload?ser=1633528906213 HTTP/1.1" 200 28 "http://renault.activities.at/result?searchterm=true&search=Tasche" "Mozilla/5.0 (Windows NT 10.0; Win64; x64) AppleWebKit/537.36 (KHTML, like Gecko) Chrome/94.0.4606.71 Safari/537.36"
193.194.132.25 - - [06/Oct/2021:16:02:33 +0200] "GET /reload?ser=1633528953735 HTTP/1.1" 200 28 "http://renault.2web.at/result?dir=DESC&mode=grid&order=name&limit=15&page=2&search=scenic" "Mozilla/5.0 (Windows NT 10.0; Win64; x64) AppleWebKit/537.36 (KHTML, like Gecko) Chrome/94.0.4606.61 Safari/537.36"
80.123.225.38 - - [06/Oct/2021:16:02:33 +0200] "GET /reload?ser=1633528919361 HTTP/1.1" 200 28 "http://renault.activities.at/success" "Mozilla/5.0 (Windows NT 6.1; Win64; x64) AppleWebKit/537.36 (KHTML, like Gecko) Chrome/94.0.4606.71 Safari/537.36"
93.83.167.130 - - [06/Oct/2021:16:02:46 +0200] "GET /reload?ser=1633528967213 HTTP/1.1" 200 28 "http://renault.activities.at/result?searchterm=true&search=Tasche" "Mozilla/5.0 (Windows NT 10.0; Win64; x64) AppleWebKit/537.36 (KHTML, like Gecko) Chrome/94.0.4606.71 Safari/537.36"
193.194.132.25 - - [06/Oct/2021:16:03:34 +0200] "GET /reload?ser=1633529014734 HTTP/1.1" 200 28 "http://renault.2web.at/result?dir=DESC&mode=grid&order=name&limit=15&page=2&search=scenic" "Mozilla/5.0 (Windows NT 10.0; Win64; x64) AppleWebKit/537.36 (KHTML, like Gecko) Chrome/94.0.4606.61 Safari/537.36"
80.123.225.38 - - [06/Oct/2021:16:03:34 +0200] "GET /reload?ser=1633528980354 HTTP/1.1" 200 28 "http://renault.activities.at/success" "Mozilla/5.0 (Windows NT 6.1; Win64; x64) AppleWebKit/537.36 (KHTML, like Gecko) Chrome/94.0.4606.71 Safari/537.36"
93.83.167.130 - - [06/Oct/2021:16:03:47 +0200] "GET /reload?ser=1633529028208 HTTP/1.1" 200 28 "http://renault.activities.at/result?searchterm=true&search=Tasche" "Mozilla/5.0 (Windows NT 10.0; Win64; x64) AppleWebKit/537.36 (KHTML, like Gecko) Chrome/94.0.4606.71 Safari/537.36"
80.123.225.38 - - [06/Oct/2021:16:04:36 +0200] "GET /reload?ser=1633529041359 HTTP/1.1" 200 28 "http://renault.activities.at/success" "Mozilla/5.0 (Windows NT 6.1; Win64; x64) AppleWebKit/537.36 (KHTML, like Gecko) Chrome/94.0.4606.71 Safari/537.36"
193.194.132.25 - - [06/Oct/2021:16:04:36 +0200] "GET /reload?ser=1633529076733 HTTP/1.1" 200 28 "http://renault.2web.at/result?dir=DESC&mode=grid&order=name&limit=15&page=2&search=scenic" "Mozilla/5.0 (Windows NT 10.0; Win64; x64) AppleWebKit/537.36 (KHTML, like Gecko) Chrome/94.0.4606.61 Safari/537.36"
93.83.167.130 - - [06/Oct/2021:16:04:50 +0200] "GET /reload?ser=1633529090214 HTTP/1.1" 200 28 "http://renault.activities.at/result?searchterm=true&search=Tasche" "Mozilla/5.0 (Windows NT 10.0; Win64; x64) AppleWebKit/537.36 (KHTML, like Gecko) Chrome/94.0.4606.71 Safari/537.36"
80.123.225.38 - - [06/Oct/2021:16:05:37 +0200] "GET /reload?ser=1633529103367 HTTP/1.1" 200 28 "http://renault.activities.at/success" "Mozilla/5.0 (Windows NT 6.1; Win64; x64) AppleWebKit/537.36 (KHTML, like Gecko) Chrome/94.0.4606.71 Safari/537.36"
193.194.132.25 - - [06/Oct/2021:16:05:38 +0200] "GET /reload?ser=1633529138731 HTTP/1.1" 200 28 "http://renault.2web.at/result?dir=DESC&mode=grid&order=name&limit=15&page=2&search=scenic" "Mozilla/5.0 (Windows NT 10.0; Win64; x64) AppleWebKit/537.36 (KHTML, like Gecko) Chrome/94.0.4606.61 Safari/537.36"
93.83.167.130 - - [06/Oct/2021:16:05:51 +0200] "GET /reload?ser=1633529152214 HTTP/1.1" 200 28 "http://renault.activities.at/result?searchterm=true&search=Tasche" "Mozilla/5.0 (Windows NT 10.0; Win64; x64) AppleWebKit/537.36 (KHTML, like Gecko) Chrome/94.0.4606.71 Safari/537.36"
80.123.225.38 - - [06/Oct/2021:16:06:39 +0200] "GET /reload?ser=1633529165352 HTTP/1.1" 200 28 "http://renault.activities.at/success" "Mozilla/5.0 (Windows NT 6.1; Win64; x64) AppleWebKit/537.36 (KHTML, like Gecko) Chrome/94.0.4606.71 Safari/537.36"
193.194.132.25 - - [06/Oct/2021:16:06:40 +0200] "GET /reload?ser=1633529200731 HTTP/1.1" 200 28 "http://renault.2web.at/result?dir=DESC&mode=grid&order=name&limit=15&page=2&search=scenic" "Mozilla/5.0 (Windows NT 10.0; Win64; x64) AppleWebKit/537.36 (KHTML, like Gecko) Chrome/94.0.4606.61 Safari/537.36"
93.83.167.130 - - [06/Oct/2021:16:06:52 +0200] "GET /reload?ser=1633529213209 HTTP/1.1" 200 28 "http://renault.activities.at/result?searchterm=true&search=Tasche" "Mozilla/5.0 (Windows NT 10.0; Win64; x64) AppleWebKit/537.36 (KHTML, like Gecko) Chrome/94.0.4606.71 Safari/537.36"
80.123.225.38 - - [06/Oct/2021:16:07:40 +0200] "GET /reload?ser=1633529226362 HTTP/1.1" 200 28 "http://renault.activities.at/success" "Mozilla/5.0 (Windows NT 6.1; Win64; x64) AppleWebKit/537.36 (KHTML, like Gecko) Chrome/94.0.4606.71 Safari/537.36"
193.194.132.25 - - [06/Oct/2021:16:07:42 +0200] "GET /reload?ser=1633529262731 HTTP/1.1" 200 28 "http://renault.2web.at/result?dir=DESC&mode=grid&order=name&limit=15&page=2&search=scenic" "Mozilla/5.0 (Windows NT 10.0; Win64; x64) AppleWebKit/537.36 (KHTML, like Gecko) Chrome/94.0.4606.61 Safari/537.36"
93.83.167.130 - - [06/Oct/2021:16:07:53 +0200] "GET /reload?ser=1633529274209 HTTP/1.1" 200 28 "http://renault.activities.at/result?searchterm=true&search=Tasche" "Mozilla/5.0 (Windows NT 10.0; Win64; x64) AppleWebKit/537.36 (KHTML, like Gecko) Chrome/94.0.4606.71 Safari/537.36"
80.123.225.38 - - [06/Oct/2021:16:08:41 +0200] "GET /reload?ser=1633529287356 HTTP/1.1" 200 28 "http://renault.activities.at/success" "Mozilla/5.0 (Windows NT 6.1; Win64; x64) AppleWebKit/537.36 (KHTML, like Gecko) Chrome/94.0.4606.71 Safari/537.36"
193.194.132.25 - - [06/Oct/2021:16:08:44 +0200] "GET /reload?ser=1633529324730 HTTP/1.1" 200 28 "http://renault.2web.at/result?dir=DESC&mode=grid&order=name&limit=15&page=2&search=scenic" "Mozilla/5.0 (Windows NT 10.0; Win64; x64) AppleWebKit/537.36 (KHTML, like Gecko) Chrome/94.0.4606.61 Safari/537.36"
93.83.167.130 - - [06/Oct/2021:16:08:54 +0200] "GET /reload?ser=1633529335208 HTTP/1.1" 200 28 "http://renault.activities.at/result?searchterm=true&search=Tasche" "Mozilla/5.0 (Windows NT 10.0; Win64; x64) AppleWebKit/537.36 (KHTML, like Gecko) Chrome/94.0.4606.71 Safari/537.36"
80.123.225.38 - - [06/Oct/2021:16:09:42 +0200] "GET /reload?ser=1633529348363 HTTP/1.1" 200 28 "http://renault.activities.at/success" "Mozilla/5.0 (Windows NT 6.1; Win64; x64) AppleWebKit/537.36 (KHTML, like Gecko) Chrome/94.0.4606.71 Safari/537.36"
193.194.132.25 - - [06/Oct/2021:16:09:46 +0200] "GET /reload?ser=1633529386731 HTTP/1.1" 200 28 "http://renault.2web.at/result?dir=DESC&mode=grid&order=name&limit=15&page=2&search=scenic" "Mozilla/5.0 (Windows NT 10.0; Win64; x64) AppleWebKit/537.36 (KHTML, like Gecko) Chrome/94.0.4606.61 Safari/537.36"
93.83.167.130 - - [06/Oct/2021:16:09:55 +0200] "GET /reload?ser=1633529396209 HTTP/1.1" 200 28 "http://renault.activities.at/result?searchterm=true&search=Tasche" "Mozilla/5.0 (Windows NT 10.0; Win64; x64) AppleWebKit/537.36 (KHTML, like Gecko) Chrome/94.0.4606.71 Safari/537.36"
80.123.225.38 - - [06/Oct/2021:16:10:43 +0200] "GET /reload?ser=1633529409368 HTTP/1.1" 200 28 "http://renault.activities.at/success" "Mozilla/5.0 (Windows NT 6.1; Win64; x64) AppleWebKit/537.36 (KHTML, like Gecko) Chrome/94.0.4606.71 Safari/537.36"
193.194.132.25 - - [06/Oct/2021:16:10:48 +0200] "GET /reload?ser=1633529448730 HTTP/1.1" 200 28 "http://renault.2web.at/result?dir=DESC&mode=grid&order=name&limit=15&page=2&search=scenic" "Mozilla/5.0 (Windows NT 10.0; Win64; x64) AppleWebKit/537.36 (KHTML, like Gecko) Chrome/94.0.4606.61 Safari/537.36"
93.83.167.130 - - [06/Oct/2021:16:10:56 +0200] "GET /reload?ser=1633529457204 HTTP/1.1" 200 28 "http://renault.activities.at/result?searchterm=true&search=Tasche" "Mozilla/5.0 (Windows NT 10.0; Win64; x64) AppleWebKit/537.36 (KHTML, like Gecko) Chrome/94.0.4606.71 Safari/537.36"
80.123.225.38 - - [06/Oct/2021:16:11:44 +0200] "GET /reload?ser=1633529470356 HTTP/1.1" 200 28 "http://renault.activities.at/success" "Mozilla/5.0 (Windows NT 6.1; Win64; x64) AppleWebKit/537.36 (KHTML, like Gecko) Chrome/94.0.4606.71 Safari/537.36"
193.194.132.25 - - [06/Oct/2021:16:11:50 +0200] "GET /reload?ser=1633529510729 HTTP/1.1" 200 28 "http://renault.2web.at/result?dir=DESC&mode=grid&order=name&limit=15&page=2&search=scenic" "Mozilla/5.0 (Windows NT 10.0; Win64; x64) AppleWebKit/537.36 (KHTML, like Gecko) Chrome/94.0.4606.61 Safari/537.36"
93.83.167.130 - - [06/Oct/2021:16:11:57 +0200] "GET /reload?ser=1633529518206 HTTP/1.1" 200 28 "http://renault.activities.at/result?searchterm=true&search=Tasche" "Mozilla/5.0 (Windows NT 10.0; Win64; x64) AppleWebKit/537.36 (KHTML, like Gecko) Chrome/94.0.4606.71 Safari/537.36"
80.123.225.38 - - [06/Oct/2021:16:12:45 +0200] "GET /reload?ser=1633529531364 HTTP/1.1" 200 28 "http://renault.activities.at/success" "Mozilla/5.0 (Windows NT 6.1; Win64; x64) AppleWebKit/537.36 (KHTML, like Gecko) Chrome/94.0.4606.71 Safari/537.36"
193.194.132.25 - - [06/Oct/2021:16:12:52 +0200] "GET /reload?ser=1633529572730 HTTP/1.1" 200 28 "http://renault.2web.at/result?dir=DESC&mode=grid&order=name&limit=15&page=2&search=scenic" "Mozilla/5.0 (Windows NT 10.0; Win64; x64) AppleWebKit/537.36 (KHTML, like Gecko) Chrome/94.0.4606.61 Safari/537.36"
93.83.167.130 - - [06/Oct/2021:16:12:58 +0200] "GET /reload?ser=1633529579208 HTTP/1.1" 200 28 "http://renault.activities.at/result?searchterm=true&search=Tasche" "Mozilla/5.0 (Windows NT 10.0; Win64; x64) AppleWebKit/537.36 (KHTML, like Gecko) Chrome/94.0.4606.71 Safari/537.36"
80.123.225.38 - - [06/Oct/2021:16:13:46 +0200] "GET /reload?ser=1633529592368 HTTP/1.1" 200 28 "http://renault.activities.at/success" "Mozilla/5.0 (Windows NT 6.1; Win64; x64) AppleWebKit/537.36 (KHTML, like Gecko) Chrome/94.0.4606.71 Safari/537.36"
193.194.132.25 - - [06/Oct/2021:16:13:54 +0200] "GET /reload?ser=1633529634729 HTTP/1.1" 200 28 "http://renault.2web.at/result?dir=DESC&mode=grid&order=name&limit=15&page=2&search=scenic" "Mozilla/5.0 (Windows NT 10.0; Win64; x64) AppleWebKit/537.36 (KHTML, like Gecko) Chrome/94.0.4606.61 Safari/537.36"
93.83.167.130 - - [06/Oct/2021:16:13:59 +0200] "GET /reload?ser=1633529640212 HTTP/1.1" 200 28 "http://renault.activities.at/result?searchterm=true&search=Tasche" "Mozilla/5.0 (Windows NT 10.0; Win64; x64) AppleWebKit/537.36 (KHTML, like Gecko) Chrome/94.0.4606.71 Safari/537.36"
80.123.225.38 - - [06/Oct/2021:16:14:47 +0200] "GET /reload?ser=1633529653361 HTTP/1.1" 200 28 "http://renault.activities.at/success" "Mozilla/5.0 (Windows NT 6.1; Win64; x64) AppleWebKit/537.36 (KHTML, like Gecko) Chrome/94.0.4606.71 Safari/537.36"
193.194.132.25 - - [06/Oct/2021:16:14:56 +0200] "GET /reload?ser=1633529696729 HTTP/1.1" 200 28 "http://renault.2web.at/result?dir=DESC&mode=grid&order=name&limit=15&page=2&search=scenic" "Mozilla/5.0 (Windows NT 10.0; Win64; x64) AppleWebKit/537.36 (KHTML, like Gecko) Chrome/94.0.4606.61 Safari/537.36"
93.83.167.130 - - [06/Oct/2021:16:15:00 +0200] "GET /reload?ser=1633529701213 HTTP/1.1" 200 28 "http://renault.activities.at/result?searchterm=true&search=Tasche" "Mozilla/5.0 (Windows NT 10.0; Win64; x64) AppleWebKit/537.36 (KHTML, like Gecko) Chrome/94.0.4606.71 Safari/537.36"
80.123.225.38 - - [06/Oct/2021:16:15:48 +0200] "GET /reload?ser=1633529714366 HTTP/1.1" 200 28 "http://renault.activities.at/success" "Mozilla/5.0 (Windows NT 6.1; Win64; x64) AppleWebKit/537.36 (KHTML, like Gecko) Chrome/94.0.4606.71 Safari/537.36"
193.194.132.25 - - [06/Oct/2021:16:15:58 +0200] "GET /reload?ser=1633529758730 HTTP/1.1" 200 28 "http://renault.2web.at/result?dir=DESC&mode=grid&order=name&limit=15&page=2&search=scenic" "Mozilla/5.0 (Windows NT 10.0; Win64; x64) AppleWebKit/537.36 (KHTML, like Gecko) Chrome/94.0.4606.61 Safari/537.36"
93.83.167.130 - - [06/Oct/2021:16:16:01 +0200] "GET /reload?ser=1633529762204 HTTP/1.1" 200 28 "http://renault.activities.at/result?searchterm=true&search=Tasche" "Mozilla/5.0 (Windows NT 10.0; Win64; x64) AppleWebKit/537.36 (KHTML, like Gecko) Chrome/94.0.4606.71 Safari/537.36"
80.123.225.38 - - [06/Oct/2021:16:16:49 +0200] "GET /reload?ser=1633529775331 HTTP/1.1" 200 28 "http://renault.activities.at/success" "Mozilla/5.0 (Windows NT 6.1; Win64; x64) AppleWebKit/537.36 (KHTML, like Gecko) Chrome/94.0.4606.71 Safari/537.36"
193.194.132.25 - - [06/Oct/2021:16:17:00 +0200] "GET /reload?ser=1633529820729 HTTP/1.1" 200 28 "http://renault.2web.at/result?dir=DESC&mode=grid&order=name&limit=15&page=2&search=scenic" "Mozilla/5.0 (Windows NT 10.0; Win64; x64) AppleWebKit/537.36 (KHTML, like Gecko) Chrome/94.0.4606.61 Safari/537.36"
93.83.167.130 - - [06/Oct/2021:16:17:02 +0200] "GET /reload?ser=1633529823209 HTTP/1.1" 200 28 "http://renault.activities.at/result?searchterm=true&search=Tasche" "Mozilla/5.0 (Windows NT 10.0; Win64; x64) AppleWebKit/537.36 (KHTML, like Gecko) Chrome/94.0.4606.71 Safari/537.36"
80.123.225.38 - - [06/Oct/2021:16:17:51 +0200] "GET /reload?ser=1633529837359 HTTP/1.1" 200 28 "http://renault.activities.at/success" "Mozilla/5.0 (Windows NT 6.1; Win64; x64) AppleWebKit/537.36 (KHTML, like Gecko) Chrome/94.0.4606.71 Safari/537.36"
193.194.132.25 - - [06/Oct/2021:16:18:02 +0200] "GET /reload?ser=1633529882729 HTTP/1.1" 200 28 "http://renault.2web.at/result?dir=DESC&mode=grid&order=name&limit=15&page=2&search=scenic" "Mozilla/5.0 (Windows NT 10.0; Win64; x64) AppleWebKit/537.36 (KHTML, like Gecko) Chrome/94.0.4606.61 Safari/537.36"
93.83.167.130 - - [06/Oct/2021:16:18:03 +0200] "GET /reload?ser=1633529884203 HTTP/1.1" 200 28 "http://renault.activities.at/result?searchterm=true&search=Tasche" "Mozilla/5.0 (Windows NT 10.0; Win64; x64) AppleWebKit/537.36 (KHTML, like Gecko) Chrome/94.0.4606.71 Safari/537.36"
80.123.225.38 - - [06/Oct/2021:16:18:52 +0200] "GET /reload?ser=1633529898372 HTTP/1.1" 200 28 "http://renault.activities.at/success" "Mozilla/5.0 (Windows NT 6.1; Win64; x64) AppleWebKit/537.36 (KHTML, like Gecko) Chrome/94.0.4606.71 Safari/537.36"
193.194.132.25 - - [06/Oct/2021:16:19:04 +0200] "GET /reload?ser=1633529944730 HTTP/1.1" 200 28 "http://renault.2web.at/result?dir=DESC&mode=grid&order=name&limit=15&page=2&search=scenic" "Mozilla/5.0 (Windows NT 10.0; Win64; x64) AppleWebKit/537.36 (KHTML, like Gecko) Chrome/94.0.4606.61 Safari/537.36"
93.83.167.130 - - [06/Oct/2021:16:19:04 +0200] "GET /reload?ser=1633529945215 HTTP/1.1" 200 28 "http://renault.activities.at/result?searchterm=true&search=Tasche" "Mozilla/5.0 (Windows NT 10.0; Win64; x64) AppleWebKit/537.36 (KHTML, like Gecko) Chrome/94.0.4606.71 Safari/537.36"
80.123.225.38 - - [06/Oct/2021:16:19:53 +0200] "GET /reload?ser=1633529959370 HTTP/1.1" 200 28 "http://renault.activities.at/success" "Mozilla/5.0 (Windows NT 6.1; Win64; x64) AppleWebKit/537.36 (KHTML, like Gecko) Chrome/94.0.4606.71 Safari/537.36"
93.83.167.130 - - [06/Oct/2021:16:20:05 +0200] "GET /reload?ser=1633530006207 HTTP/1.1" 200 28 "http://renault.activities.at/result?searchterm=true&search=Tasche" "Mozilla/5.0 (Windows NT 10.0; Win64; x64) AppleWebKit/537.36 (KHTML, like Gecko) Chrome/94.0.4606.71 Safari/537.36"
193.194.132.25 - - [06/Oct/2021:16:20:06 +0200] "GET /reload?ser=1633530006728 HTTP/1.1" 200 28 "http://renault.2web.at/result?dir=DESC&mode=grid&order=name&limit=15&page=2&search=scenic" "Mozilla/5.0 (Windows NT 10.0; Win64; x64) AppleWebKit/537.36 (KHTML, like Gecko) Chrome/94.0.4606.61 Safari/537.36"
80.123.225.38 - - [06/Oct/2021:16:20:55 +0200] "GET /reload?ser=1633530021359 HTTP/1.1" 200 28 "http://renault.activities.at/success" "Mozilla/5.0 (Windows NT 6.1; Win64; x64) AppleWebKit/537.36 (KHTML, like Gecko) Chrome/94.0.4606.71 Safari/537.36"
93.83.167.130 - - [06/Oct/2021:16:21:06 +0200] "GET /reload?ser=1633530067204 HTTP/1.1" 200 28 "http://renault.activities.at/result?searchterm=true&search=Tasche" "Mozilla/5.0 (Windows NT 10.0; Win64; x64) AppleWebKit/537.36 (KHTML, like Gecko) Chrome/94.0.4606.71 Safari/537.36"
193.194.132.25 - - [06/Oct/2021:16:21:08 +0200] "GET /reload?ser=1633530068727 HTTP/1.1" 200 28 "http://renault.2web.at/result?dir=DESC&mode=grid&order=name&limit=15&page=2&search=scenic" "Mozilla/5.0 (Windows NT 10.0; Win64; x64) AppleWebKit/537.36 (KHTML, like Gecko) Chrome/94.0.4606.61 Safari/537.36"
80.123.225.38 - - [06/Oct/2021:16:21:56 +0200] "GET /reload?ser=1633530082368 HTTP/1.1" 200 28 "http://renault.activities.at/success" "Mozilla/5.0 (Windows NT 6.1; Win64; x64) AppleWebKit/537.36 (KHTML, like Gecko) Chrome/94.0.4606.71 Safari/537.36"
93.83.167.130 - - [06/Oct/2021:16:22:07 +0200] "GET /reload?ser=1633530128212 HTTP/1.1" 200 28 "http://renault.activities.at/result?searchterm=true&search=Tasche" "Mozilla/5.0 (Windows NT 10.0; Win64; x64) AppleWebKit/537.36 (KHTML, like Gecko) Chrome/94.0.4606.71 Safari/537.36"
193.194.132.25 - - [06/Oct/2021:16:22:10 +0200] "GET /reload?ser=1633530130726 HTTP/1.1" 200 28 "http://renault.2web.at/result?dir=DESC&mode=grid&order=name&limit=15&page=2&search=scenic" "Mozilla/5.0 (Windows NT 10.0; Win64; x64) AppleWebKit/537.36 (KHTML, like Gecko) Chrome/94.0.4606.61 Safari/537.36"
80.123.225.38 - - [06/Oct/2021:16:22:57 +0200] "GET /reload?ser=1633530143359 HTTP/1.1" 200 28 "http://renault.activities.at/success" "Mozilla/5.0 (Windows NT 6.1; Win64; x64) AppleWebKit/537.36 (KHTML, like Gecko) Chrome/94.0.4606.71 Safari/537.36"
93.83.167.130 - - [06/Oct/2021:16:23:08 +0200] "GET /reload?ser=1633530189210 HTTP/1.1" 200 28 "http://renault.activities.at/result?searchterm=true&search=Tasche" "Mozilla/5.0 (Windows NT 10.0; Win64; x64) AppleWebKit/537.36 (KHTML, like Gecko) Chrome/94.0.4606.71 Safari/537.36"
193.194.132.25 - - [06/Oct/2021:16:23:12 +0200] "GET /reload?ser=1633530192726 HTTP/1.1" 200 28 "http://renault.2web.at/result?dir=DESC&mode=grid&order=name&limit=15&page=2&search=scenic" "Mozilla/5.0 (Windows NT 10.0; Win64; x64) AppleWebKit/537.36 (KHTML, like Gecko) Chrome/94.0.4606.61 Safari/537.36"
80.123.225.38 - - [06/Oct/2021:16:23:59 +0200] "GET /reload?ser=1633530205369 HTTP/1.1" 200 28 "http://renault.activities.at/success" "Mozilla/5.0 (Windows NT 6.1; Win64; x64) AppleWebKit/537.36 (KHTML, like Gecko) Chrome/94.0.4606.71 Safari/537.36"
93.83.167.130 - - [06/Oct/2021:16:24:09 +0200] "GET /reload?ser=1633530250200 HTTP/1.1" 200 28 "http://renault.activities.at/result?searchterm=true&search=Tasche" "Mozilla/5.0 (Windows NT 10.0; Win64; x64) AppleWebKit/537.36 (KHTML, like Gecko) Chrome/94.0.4606.71 Safari/537.36"
193.194.132.25 - - [06/Oct/2021:16:24:14 +0200] "GET /reload?ser=1633530254725 HTTP/1.1" 200 28 "http://renault.2web.at/result?dir=DESC&mode=grid&order=name&limit=15&page=2&search=scenic" "Mozilla/5.0 (Windows NT 10.0; Win64; x64) AppleWebKit/537.36 (KHTML, like Gecko) Chrome/94.0.4606.61 Safari/537.36"
80.123.225.38 - - [06/Oct/2021:16:25:00 +0200] "GET /reload?ser=1633530266359 HTTP/1.1" 200 28 "http://renault.activities.at/success" "Mozilla/5.0 (Windows NT 6.1; Win64; x64) AppleWebKit/537.36 (KHTML, like Gecko) Chrome/94.0.4606.71 Safari/537.36"
93.83.167.130 - - [06/Oct/2021:16:25:10 +0200] "GET /reload?ser=1633530311203 HTTP/1.1" 200 28 "http://renault.activities.at/result?searchterm=true&search=Tasche" "Mozilla/5.0 (Windows NT 10.0; Win64; x64) AppleWebKit/537.36 (KHTML, like Gecko) Chrome/94.0.4606.71 Safari/537.36"
193.194.132.25 - - [06/Oct/2021:16:25:16 +0200] "GET /reload?ser=1633530316725 HTTP/1.1" 200 28 "http://renault.2web.at/result?dir=DESC&mode=grid&order=name&limit=15&page=2&search=scenic" "Mozilla/5.0 (Windows NT 10.0; Win64; x64) AppleWebKit/537.36 (KHTML, like Gecko) Chrome/94.0.4606.61 Safari/537.36"
80.123.225.38 - - [06/Oct/2021:16:26:01 +0200] "GET /reload?ser=1633530327361 HTTP/1.1" 200 28 "http://renault.activities.at/success" "Mozilla/5.0 (Windows NT 6.1; Win64; x64) AppleWebKit/537.36 (KHTML, like Gecko) Chrome/94.0.4606.71 Safari/537.36"
93.83.167.130 - - [06/Oct/2021:16:26:11 +0200] "GET /reload?ser=1633530372202 HTTP/1.1" 200 28 "http://renault.activities.at/result?searchterm=true&search=Tasche" "Mozilla/5.0 (Windows NT 10.0; Win64; x64) AppleWebKit/537.36 (KHTML, like Gecko) Chrome/94.0.4606.71 Safari/537.36"
193.194.132.25 - - [06/Oct/2021:16:26:18 +0200] "GET /reload?ser=1633530378725 HTTP/1.1" 200 28 "http://renault.2web.at/result?dir=DESC&mode=grid&order=name&limit=15&page=2&search=scenic" "Mozilla/5.0 (Windows NT 10.0; Win64; x64) AppleWebKit/537.36 (KHTML, like Gecko) Chrome/94.0.4606.61 Safari/537.36"
80.123.225.38 - - [06/Oct/2021:16:27:03 +0200] "GET /reload?ser=1633530389366 HTTP/1.1" 200 28 "http://renault.activities.at/success" "Mozilla/5.0 (Windows NT 6.1; Win64; x64) AppleWebKit/537.36 (KHTML, like Gecko) Chrome/94.0.4606.71 Safari/537.36"
93.83.167.130 - - [06/Oct/2021:16:27:13 +0200] "GET /reload?ser=1633530433252 HTTP/1.1" 200 28 "http://renault.activities.at/result?searchterm=true&search=Tasche" "Mozilla/5.0 (Windows NT 10.0; Win64; x64) AppleWebKit/537.36 (KHTML, like Gecko) Chrome/94.0.4606.71 Safari/537.36"
193.194.132.25 - - [06/Oct/2021:16:27:20 +0200] "GET /reload?ser=1633530440724 HTTP/1.1" 200 28 "http://renault.2web.at/result?dir=DESC&mode=grid&order=name&limit=15&page=2&search=scenic" "Mozilla/5.0 (Windows NT 10.0; Win64; x64) AppleWebKit/537.36 (KHTML, like Gecko) Chrome/94.0.4606.61 Safari/537.36"
80.123.225.38 - - [06/Oct/2021:16:28:04 +0200] "GET /reload?ser=1633530450365 HTTP/1.1" 200 28 "http://renault.activities.at/success" "Mozilla/5.0 (Windows NT 6.1; Win64; x64) AppleWebKit/537.36 (KHTML, like Gecko) Chrome/94.0.4606.71 Safari/537.36"
93.83.167.130 - - [06/Oct/2021:16:28:14 +0200] "GET /reload?ser=1633530495216 HTTP/1.1" 200 28 "http://renault.activities.at/result?searchterm=true&search=Tasche" "Mozilla/5.0 (Windows NT 10.0; Win64; x64) AppleWebKit/537.36 (KHTML, like Gecko) Chrome/94.0.4606.71 Safari/537.36"
193.194.132.25 - - [06/Oct/2021:16:28:22 +0200] "GET /reload?ser=1633530502723 HTTP/1.1" 200 28 "http://renault.2web.at/result?dir=DESC&mode=grid&order=name&limit=15&page=2&search=scenic" "Mozilla/5.0 (Windows NT 10.0; Win64; x64) AppleWebKit/537.36 (KHTML, like Gecko) Chrome/94.0.4606.61 Safari/537.36"
93.83.167.130 - - [06/Oct/2021:16:29:15 +0200] "GET /reload?ser=1633530556215 HTTP/1.1" 200 28 "http://renault.activities.at/result?searchterm=true&search=Tasche" "Mozilla/5.0 (Windows NT 10.0; Win64; x64) AppleWebKit/537.36 (KHTML, like Gecko) Chrome/94.0.4606.71 Safari/537.36"
193.194.132.25 - - [06/Oct/2021:16:29:24 +0200] "GET /reload?ser=1633530564724 HTTP/1.1" 200 28 "http://renault.2web.at/result?dir=DESC&mode=grid&order=name&limit=15&page=2&search=scenic" "Mozilla/5.0 (Windows NT 10.0; Win64; x64) AppleWebKit/537.36 (KHTML, like Gecko) Chrome/94.0.4606.61 Safari/537.36"
93.83.167.130 - - [06/Oct/2021:16:30:16 +0200] "GET /reload?ser=1633530617214 HTTP/1.1" 200 28 "http://renault.activities.at/result?searchterm=true&search=Tasche" "Mozilla/5.0 (Windows NT 10.0; Win64; x64) AppleWebKit/537.36 (KHTML, like Gecko) Chrome/94.0.4606.71 Safari/537.36"
193.194.132.25 - - [06/Oct/2021:16:30:26 +0200] "GET /reload?ser=1633530626723 HTTP/1.1" 200 28 "http://renault.2web.at/result?dir=DESC&mode=grid&order=name&limit=15&page=2&search=scenic" "Mozilla/5.0 (Windows NT 10.0; Win64; x64) AppleWebKit/537.36 (KHTML, like Gecko) Chrome/94.0.4606.61 Safari/537.36"
93.83.167.130 - - [06/Oct/2021:16:31:17 +0200] "GET /reload?ser=1633530678215 HTTP/1.1" 200 28 "http://renault.activities.at/result?searchterm=true&search=Tasche" "Mozilla/5.0 (Windows NT 10.0; Win64; x64) AppleWebKit/537.36 (KHTML, like Gecko) Chrome/94.0.4606.71 Safari/537.36"
193.194.132.25 - - [06/Oct/2021:16:31:28 +0200] "GET /reload?ser=1633530688722 HTTP/1.1" 200 28 "http://renault.2web.at/result?dir=DESC&mode=grid&order=name&limit=15&page=2&search=scenic" "Mozilla/5.0 (Windows NT 10.0; Win64; x64) AppleWebKit/537.36 (KHTML, like Gecko) Chrome/94.0.4606.61 Safari/537.36"
93.83.167.130 - - [06/Oct/2021:16:32:18 +0200] "GET /reload?ser=1633530739203 HTTP/1.1" 200 28 "http://renault.activities.at/result?searchterm=true&search=Tasche" "Mozilla/5.0 (Windows NT 10.0; Win64; x64) AppleWebKit/537.36 (KHTML, like Gecko) Chrome/94.0.4606.71 Safari/537.36"
193.194.132.25 - - [06/Oct/2021:16:32:30 +0200] "GET /reload?ser=1633530750723 HTTP/1.1" 200 28 "http://renault.2web.at/result?dir=DESC&mode=grid&order=name&limit=15&page=2&search=scenic" "Mozilla/5.0 (Windows NT 10.0; Win64; x64) AppleWebKit/537.36 (KHTML, like Gecko) Chrome/94.0.4606.61 Safari/537.36"
93.83.167.130 - - [06/Oct/2021:16:33:20 +0200] "GET /reload?ser=1633530801213 HTTP/1.1" 200 28 "http://renault.activities.at/result?searchterm=true&search=Tasche" "Mozilla/5.0 (Windows NT 10.0; Win64; x64) AppleWebKit/537.36 (KHTML, like Gecko) Chrome/94.0.4606.71 Safari/537.36"
193.194.132.25 - - [06/Oct/2021:16:33:32 +0200] "GET /reload?ser=1633530812722 HTTP/1.1" 200 28 "http://renault.2web.at/result?dir=DESC&mode=grid&order=name&limit=15&page=2&search=scenic" "Mozilla/5.0 (Windows NT 10.0; Win64; x64) AppleWebKit/537.36 (KHTML, like Gecko) Chrome/94.0.4606.61 Safari/537.36"
93.83.167.130 - - [06/Oct/2021:16:34:21 +0200] "GET /reload?ser=1633530862203 HTTP/1.1" 200 28 "http://renault.activities.at/result?searchterm=true&search=Tasche" "Mozilla/5.0 (Windows NT 10.0; Win64; x64) AppleWebKit/537.36 (KHTML, like Gecko) Chrome/94.0.4606.71 Safari/537.36"
80.121.183.198 - - [06/Oct/2021:16:34:23 +0200] "GET / HTTP/1.1" 200 3086 "-" "Mozilla/5.0 (Windows NT 10.0; Win64; x64) AppleWebKit/537.36 (KHTML, like Gecko) Chrome/94.0.4606.71 Safari/537.36 Edg/94.0.992.38"
80.121.183.198 - - [06/Oct/2021:16:34:24 +0200] "GET /js/default.js HTTP/1.1" 200 14698 "http://renault.activities.at/" "Mozilla/5.0 (Windows NT 10.0; Win64; x64) AppleWebKit/537.36 (KHTML, like Gecko) Chrome/94.0.4606.71 Safari/537.36 Edg/94.0.992.38"
80.121.183.198 - - [06/Oct/2021:16:34:24 +0200] "GET /css/reset.css HTTP/1.1" 200 1356 "http://renault.activities.at/" "Mozilla/5.0 (Windows NT 10.0; Win64; x64) AppleWebKit/537.36 (KHTML, like Gecko) Chrome/94.0.4606.71 Safari/537.36 Edg/94.0.992.38"
80.121.183.198 - - [06/Oct/2021:16:34:24 +0200] "GET /js/checkout.css HTTP/1.1" 200 359 "http://renault.activities.at/" "Mozilla/5.0 (Windows NT 10.0; Win64; x64) AppleWebKit/537.36 (KHTML, like Gecko) Chrome/94.0.4606.71 Safari/537.36 Edg/94.0.992.38"
80.121.183.198 - - [06/Oct/2021:16:34:24 +0200] "GET /css/clears.css HTTP/1.1" 200 851 "http://renault.activities.at/" "Mozilla/5.0 (Windows NT 10.0; Win64; x64) AppleWebKit/537.36 (KHTML, like Gecko) Chrome/94.0.4606.71 Safari/537.36 Edg/94.0.992.38"
80.121.183.198 - - [06/Oct/2021:16:34:24 +0200] "GET /css/prototip.css HTTP/1.1" 200 968 "http://renault.activities.at/" "Mozilla/5.0 (Windows NT 10.0; Win64; x64) AppleWebKit/537.36 (KHTML, like Gecko) Chrome/94.0.4606.71 Safari/537.36 Edg/94.0.992.38"
80.121.183.198 - - [06/Oct/2021:16:34:24 +0200] "GET /css/styles.css HTTP/1.1" 200 14664 "http://renault.activities.at/" "Mozilla/5.0 (Windows NT 10.0; Win64; x64) AppleWebKit/537.36 (KHTML, like Gecko) Chrome/94.0.4606.71 Safari/537.36 Edg/94.0.992.38"
80.121.183.198 - - [06/Oct/2021:16:34:24 +0200] "GET /css/themes/default.css HTTP/1.1" 200 769 "http://renault.activities.at/" "Mozilla/5.0 (Windows NT 10.0; Win64; x64) AppleWebKit/537.36 (KHTML, like Gecko) Chrome/94.0.4606.71 Safari/537.36 Edg/94.0.992.38"
80.121.183.198 - - [06/Oct/2021:16:34:24 +0200] "GET /css/themes/alphacube.css HTTP/1.1" 200 743 "http://renault.activities.at/" "Mozilla/5.0 (Windows NT 10.0; Win64; x64) AppleWebKit/537.36 (KHTML, like Gecko) Chrome/94.0.4606.71 Safari/537.36 Edg/94.0.992.38"
80.121.183.198 - - [06/Oct/2021:16:34:24 +0200] "GET /js/flashdetection.js HTTP/1.1" 200 1059 "http://renault.activities.at/" "Mozilla/5.0 (Windows NT 10.0; Win64; x64) AppleWebKit/537.36 (KHTML, like Gecko) Chrome/94.0.4606.71 Safari/537.36 Edg/94.0.992.38"
80.121.183.198 - - [06/Oct/2021:16:34:24 +0200] "GET /js/index.php?c=auto&f=,prototype/prototype.js,prototype/validation.js,scriptaculous/builder.js,scriptaculous/effects.js,scriptaculous/dragdrop.js,scriptaculous/controls.js,scriptaculous/slider.js,varien/js.js,varien/form.js,varien/menu.js,mage/translate.js,mage/cookies.js,varien/product.js,spinner/SpinnerControl.jsmin.js,prototype/window.js,prototype/window_ext.js HTTP/1.1" 200 94182 "http://renault.activities.at/" "Mozilla/5.0 (Windows NT 10.0; Win64; x64) AppleWebKit/537.36 (KHTML, like Gecko) Chrome/94.0.4606.71 Safari/537.36 Edg/94.0.992.38"
80.121.183.198 - - [06/Oct/2021:16:34:24 +0200] "GET /images/main_block_border.gif HTTP/1.1" 200 43 "http://renault.activities.at/css/styles.css" "Mozilla/5.0 (Windows NT 10.0; Win64; x64) AppleWebKit/537.36 (KHTML, like Gecko) Chrome/94.0.4606.71 Safari/537.36 Edg/94.0.992.38"
80.121.183.198 - - [06/Oct/2021:16:34:24 +0200] "GET /images/main_block_corner_left_bot.gif HTTP/1.1" 200 159 "http://renault.activities.at/css/styles.css" "Mozilla/5.0 (Windows NT 10.0; Win64; x64) AppleWebKit/537.36 (KHTML, like Gecko) Chrome/94.0.4606.71 Safari/537.36 Edg/94.0.992.38"
80.121.183.198 - - [06/Oct/2021:16:34:24 +0200] "GET /images/header_block_corner_left_top.gif HTTP/1.1" 200 160 "http://renault.activities.at/css/styles.css" "Mozilla/5.0 (Windows NT 10.0; Win64; x64) AppleWebKit/537.36 (KHTML, like Gecko) Chrome/94.0.4606.71 Safari/537.36 Edg/94.0.992.38"
80.121.183.198 - - [06/Oct/2021:16:34:24 +0200] "GET /css/print.css HTTP/1.1" 200 543 "http://renault.activities.at/" "Mozilla/5.0 (Windows NT 10.0; Win64; x64) AppleWebKit/537.36 (KHTML, like Gecko) Chrome/94.0.4606.71 Safari/537.36 Edg/94.0.992.38"
80.121.183.198 - - [06/Oct/2021:16:34:24 +0200] "GET /images/header_block_border.gif HTTP/1.1" 200 43 "http://renault.activities.at/css/styles.css" "Mozilla/5.0 (Windows NT 10.0; Win64; x64) AppleWebKit/537.36 (KHTML, like Gecko) Chrome/94.0.4606.71 Safari/537.36 Edg/94.0.992.38"
80.121.183.198 - - [06/Oct/2021:16:34:24 +0200] "GET /images/main_block_corner_right_bot.gif HTTP/1.1" 200 158 "http://renault.activities.at/css/styles.css" "Mozilla/5.0 (Windows NT 10.0; Win64; x64) AppleWebKit/537.36 (KHTML, like Gecko) Chrome/94.0.4606.71 Safari/537.36 Edg/94.0.992.38"
80.121.183.198 - - [06/Oct/2021:16:34:24 +0200] "GET /images/header_block_corner_right_top.gif HTTP/1.1" 200 160 "http://renault.activities.at/css/styles.css" "Mozilla/5.0 (Windows NT 10.0; Win64; x64) AppleWebKit/537.36 (KHTML, like Gecko) Chrome/94.0.4606.71 Safari/537.36 Edg/94.0.992.38"
80.121.183.198 - - [06/Oct/2021:16:34:24 +0200] "GET /images/main_block_corner_left_top.gif HTTP/1.1" 200 159 "http://renault.activities.at/css/styles.css" "Mozilla/5.0 (Windows NT 10.0; Win64; x64) AppleWebKit/537.36 (KHTML, like Gecko) Chrome/94.0.4606.71 Safari/537.36 Edg/94.0.992.38"
80.121.183.198 - - [06/Oct/2021:16:34:24 +0200] "GET /images/main_block_corner_right_top.gif HTTP/1.1" 200 159 "http://renault.activities.at/css/styles.css" "Mozilla/5.0 (Windows NT 10.0; Win64; x64) AppleWebKit/537.36 (KHTML, like Gecko) Chrome/94.0.4606.71 Safari/537.36 Edg/94.0.992.38"
80.121.183.198 - - [06/Oct/2021:16:34:24 +0200] "GET /images/title_border_top.jpg HTTP/1.1" 200 336 "http://renault.activities.at/css/styles.css" "Mozilla/5.0 (Windows NT 10.0; Win64; x64) AppleWebKit/537.36 (KHTML, like Gecko) Chrome/94.0.4606.71 Safari/537.36 Edg/94.0.992.38"
80.121.183.198 - - [06/Oct/2021:16:34:24 +0200] "GET /images/title_border.jpg HTTP/1.1" 200 304 "http://renault.activities.at/css/styles.css" "Mozilla/5.0 (Windows NT 10.0; Win64; x64) AppleWebKit/537.36 (KHTML, like Gecko) Chrome/94.0.4606.71 Safari/537.36 Edg/94.0.992.38"
80.121.183.198 - - [06/Oct/2021:16:34:24 +0200] "GET /images/title_corner_left_top.jpg HTTP/1.1" 200 372 "http://renault.activities.at/css/styles.css" "Mozilla/5.0 (Windows NT 10.0; Win64; x64) AppleWebKit/537.36 (KHTML, like Gecko) Chrome/94.0.4606.71 Safari/537.36 Edg/94.0.992.38"
80.121.183.198 - - [06/Oct/2021:16:34:24 +0200] "GET /images/title_corner_right_top.jpg HTTP/1.1" 200 389 "http://renault.activities.at/css/styles.css" "Mozilla/5.0 (Windows NT 10.0; Win64; x64) AppleWebKit/537.36 (KHTML, like Gecko) Chrome/94.0.4606.71 Safari/537.36 Edg/94.0.992.38"
80.121.183.198 - - [06/Oct/2021:16:34:24 +0200] "GET /loadthumbnail.php?id=11127982 HTTP/1.1" 200 399614 "http://renault.activities.at/" "Mozilla/5.0 (Windows NT 10.0; Win64; x64) AppleWebKit/537.36 (KHTML, like Gecko) Chrome/94.0.4606.71 Safari/537.36 Edg/94.0.992.38"
80.121.183.198 - - [06/Oct/2021:16:34:25 +0200] "GET /images/favicon.ico HTTP/1.1" 404 305 "http://renault.activities.at/" "Mozilla/5.0 (Windows NT 10.0; Win64; x64) AppleWebKit/537.36 (KHTML, like Gecko) Chrome/94.0.4606.71 Safari/537.36 Edg/94.0.992.38"
80.121.183.198 - - [06/Oct/2021:16:34:34 +0200] "GET /login HTTP/1.1" 200 2085 "http://renault.activities.at/" "Mozilla/5.0 (Windows NT 10.0; Win64; x64) AppleWebKit/537.36 (KHTML, like Gecko) Chrome/94.0.4606.71 Safari/537.36 Edg/94.0.992.38"
80.121.183.198 - - [06/Oct/2021:16:34:34 +0200] "GET /images/button_left_bg.gif HTTP/1.1" 200 564 "http://renault.activities.at/css/styles.css" "Mozilla/5.0 (Windows NT 10.0; Win64; x64) AppleWebKit/537.36 (KHTML, like Gecko) Chrome/94.0.4606.71 Safari/537.36 Edg/94.0.992.38"
80.121.183.198 - - [06/Oct/2021:16:34:34 +0200] "GET /images/button_right_bg.gif HTTP/1.1" 200 561 "http://renault.activities.at/css/styles.css" "Mozilla/5.0 (Windows NT 10.0; Win64; x64) AppleWebKit/537.36 (KHTML, like Gecko) Chrome/94.0.4606.71 Safari/537.36 Edg/94.0.992.38"
80.121.183.198 - - [06/Oct/2021:16:34:34 +0200] "GET /images/button_bg.gif HTTP/1.1" 200 151 "http://renault.activities.at/css/styles.css" "Mozilla/5.0 (Windows NT 10.0; Win64; x64) AppleWebKit/537.36 (KHTML, like Gecko) Chrome/94.0.4606.71 Safari/537.36 Edg/94.0.992.38"
193.194.132.25 - - [06/Oct/2021:16:34:34 +0200] "GET /reload?ser=1633530874723 HTTP/1.1" 200 28 "http://renault.2web.at/result?dir=DESC&mode=grid&order=name&limit=15&page=2&search=scenic" "Mozilla/5.0 (Windows NT 10.0; Win64; x64) AppleWebKit/537.36 (KHTML, like Gecko) Chrome/94.0.4606.61 Safari/537.36"
80.121.183.198 - - [06/Oct/2021:16:34:47 +0200] "POST /login HTTP/1.1" 302 140 "http://renault.activities.at/login" "Mozilla/5.0 (Windows NT 10.0; Win64; x64) AppleWebKit/537.36 (KHTML, like Gecko) Chrome/94.0.4606.71 Safari/537.36 Edg/94.0.992.38"
80.121.183.198 - - [06/Oct/2021:16:34:49 +0200] "GET /account HTTP/1.1" 200 5965 "http://renault.activities.at/login" "Mozilla/5.0 (Windows NT 10.0; Win64; x64) AppleWebKit/537.36 (KHTML, like Gecko) Chrome/94.0.4606.71 Safari/537.36 Edg/94.0.992.38"
80.121.183.198 - - [06/Oct/2021:16:34:51 +0200] "GET /js/account.js HTTP/1.1" 200 953 "http://renault.activities.at/account" "Mozilla/5.0 (Windows NT 10.0; Win64; x64) AppleWebKit/537.36 (KHTML, like Gecko) Chrome/94.0.4606.71 Safari/537.36 Edg/94.0.992.38"
80.121.183.198 - - [06/Oct/2021:16:34:51 +0200] "GET /images/search_bg.gif HTTP/1.1" 200 1726 "http://renault.activities.at/css/styles.css" "Mozilla/5.0 (Windows NT 10.0; Win64; x64) AppleWebKit/537.36 (KHTML, like Gecko) Chrome/94.0.4606.71 Safari/537.36 Edg/94.0.992.38"
80.121.183.198 - - [06/Oct/2021:16:34:52 +0200] "GET /images/menu_button_bg.jpg HTTP/1.1" 200 322 "http://renault.activities.at/css/styles.css" "Mozilla/5.0 (Windows NT 10.0; Win64; x64) AppleWebKit/537.36 (KHTML, like Gecko) Chrome/94.0.4606.71 Safari/537.36 Edg/94.0.992.38"
80.121.183.198 - - [06/Oct/2021:16:34:52 +0200] "GET /images/nav_divider.gif HTTP/1.1" 200 43 "http://renault.activities.at/css/styles.css" "Mozilla/5.0 (Windows NT 10.0; Win64; x64) AppleWebKit/537.36 (KHTML, like Gecko) Chrome/94.0.4606.71 Safari/537.36 Edg/94.0.992.38"
80.121.183.198 - - [06/Oct/2021:16:34:52 +0200] "GET /images/top_links_divider.gif HTTP/1.1" 200 44 "http://renault.activities.at/css/styles.css" "Mozilla/5.0 (Windows NT 10.0; Win64; x64) AppleWebKit/537.36 (KHTML, like Gecko) Chrome/94.0.4606.71 Safari/537.36 Edg/94.0.992.38"
80.121.183.198 - - [06/Oct/2021:16:34:52 +0200] "GET /images/sidebar_title_border.gif HTTP/1.1" 200 43 "http://renault.activities.at/css/styles.css" "Mozilla/5.0 (Windows NT 10.0; Win64; x64) AppleWebKit/537.36 (KHTML, like Gecko) Chrome/94.0.4606.71 Safari/537.36 Edg/94.0.992.38"
80.121.183.198 - - [06/Oct/2021:16:34:52 +0200] "GET /images/sidebar_title_border_top.gif HTTP/1.1" 200 155 "http://renault.activities.at/css/styles.css" "Mozilla/5.0 (Windows NT 10.0; Win64; x64) AppleWebKit/537.36 (KHTML, like Gecko) Chrome/94.0.4606.71 Safari/537.36 Edg/94.0.992.38"
80.121.183.198 - - [06/Oct/2021:16:34:52 +0200] "GET /images/sidebar_title_corner_left_top.gif HTTP/1.1" 200 1124 "http://renault.activities.at/css/styles.css" "Mozilla/5.0 (Windows NT 10.0; Win64; x64) AppleWebKit/537.36 (KHTML, like Gecko) Chrome/94.0.4606.71 Safari/537.36 Edg/94.0.992.38"
80.121.183.198 - - [06/Oct/2021:16:34:52 +0200] "GET /images/sidebar_title_corner_right_top.gif HTTP/1.1" 200 383 "http://renault.activities.at/css/styles.css" "Mozilla/5.0 (Windows NT 10.0; Win64; x64) AppleWebKit/537.36 (KHTML, like Gecko) Chrome/94.0.4606.71 Safari/537.36 Edg/94.0.992.38"
80.121.183.198 - - [06/Oct/2021:16:34:52 +0200] "GET /images/footer_divider.gif HTTP/1.1" 200 44 "http://renault.activities.at/css/styles.css" "Mozilla/5.0 (Windows NT 10.0; Win64; x64) AppleWebKit/537.36 (KHTML, like Gecko) Chrome/94.0.4606.71 Safari/537.36 Edg/94.0.992.38"
80.121.183.198 - - [06/Oct/2021:16:34:52 +0200] "GET /images/menu_divider.gif HTTP/1.1" 200 176 "http://renault.activities.at/css/styles.css" "Mozilla/5.0 (Windows NT 10.0; Win64; x64) AppleWebKit/537.36 (KHTML, like Gecko) Chrome/94.0.4606.71 Safari/537.36 Edg/94.0.992.38"
80.121.183.198 - - [06/Oct/2021:16:34:51 +0200] "GET /loadthumbnail.php?id=12334029&width=50&height=50 HTTP/1.1" 200 1295 "http://renault.activities.at/account" "Mozilla/5.0 (Windows NT 10.0; Win64; x64) AppleWebKit/537.36 (KHTML, like Gecko) Chrome/94.0.4606.71 Safari/537.36 Edg/94.0.992.38"
80.121.183.198 - - [06/Oct/2021:16:34:52 +0200] "GET /loadthumbnail.php?id=12334025&width=50&height=50 HTTP/1.1" 200 1317 "http://renault.activities.at/account" "Mozilla/5.0 (Windows NT 10.0; Win64; x64) AppleWebKit/537.36 (KHTML, like Gecko) Chrome/94.0.4606.71 Safari/537.36 Edg/94.0.992.38"
80.121.183.198 - - [06/Oct/2021:16:35:12 +0200] "GET /address HTTP/1.1" 200 5261 "http://renault.activities.at/account" "Mozilla/5.0 (Windows NT 10.0; Win64; x64) AppleWebKit/537.36 (KHTML, like Gecko) Chrome/94.0.4606.71 Safari/537.36 Edg/94.0.992.38"
80.121.183.198 - - [06/Oct/2021:16:35:22 +0200] "POST /address HTTP/1.1" 200 8866 "http://renault.activities.at/address" "Mozilla/5.0 (Windows NT 10.0; Win64; x64) AppleWebKit/537.36 (KHTML, like Gecko) Chrome/94.0.4606.71 Safari/537.36 Edg/94.0.992.38"
80.121.183.198 - - [06/Oct/2021:16:35:23 +0200] "GET /images/note_msg_icon.gif HTTP/1.1" 200 1022 "http://renault.activities.at/css/styles.css" "Mozilla/5.0 (Windows NT 10.0; Win64; x64) AppleWebKit/537.36 (KHTML, like Gecko) Chrome/94.0.4606.71 Safari/537.36 Edg/94.0.992.38"
93.83.167.130 - - [06/Oct/2021:16:35:22 +0200] "GET /reload?ser=1633530923203 HTTP/1.1" 200 28 "http://renault.activities.at/result?searchterm=true&search=Tasche" "Mozilla/5.0 (Windows NT 10.0; Win64; x64) AppleWebKit/537.36 (KHTML, like Gecko) Chrome/94.0.4606.71 Safari/537.36"
80.121.183.198 - - [06/Oct/2021:16:35:29 +0200] "GET /address HTTP/1.1" 200 5261 "http://renault.activities.at/address" "Mozilla/5.0 (Windows NT 10.0; Win64; x64) AppleWebKit/537.36 (KHTML, like Gecko) Chrome/94.0.4606.71 Safari/537.36 Edg/94.0.992.38"
193.194.132.25 - - [06/Oct/2021:16:35:36 +0200] "GET /reload?ser=1633530936722 HTTP/1.1" 200 28 "http://renault.2web.at/result?dir=DESC&mode=grid&order=name&limit=15&page=2&search=scenic" "Mozilla/5.0 (Windows NT 10.0; Win64; x64) AppleWebKit/537.36 (KHTML, like Gecko) Chrome/94.0.4606.61 Safari/537.36"
80.121.183.198 - - [06/Oct/2021:16:35:58 +0200] "GET /account HTTP/1.1" 200 5965 "http://renault.activities.at/address" "Mozilla/5.0 (Windows NT 10.0; Win64; x64) AppleWebKit/537.36 (KHTML, like Gecko) Chrome/94.0.4606.71 Safari/537.36 Edg/94.0.992.38"
80.121.183.198 - - [06/Oct/2021:16:36:07 +0200] "GET /account HTTP/1.1" 200 5965 "http://renault.activities.at/account" "Mozilla/5.0 (Windows NT 10.0; Win64; x64) AppleWebKit/537.36 (KHTML, like Gecko) Chrome/94.0.4606.71 Safari/537.36 Edg/94.0.992.38"
80.121.183.198 - - [06/Oct/2021:16:36:21 +0200] "GET /imprintaddress HTTP/1.1" 200 6852 "http://renault.activities.at/account" "Mozilla/5.0 (Windows NT 10.0; Win64; x64) AppleWebKit/537.36 (KHTML, like Gecko) Chrome/94.0.4606.71 Safari/537.36 Edg/94.0.992.38"
93.83.167.130 - - [06/Oct/2021:16:36:23 +0200] "GET /reload?ser=1633530984213 HTTP/1.1" 200 28 "http://renault.activities.at/result?searchterm=true&search=Tasche" "Mozilla/5.0 (Windows NT 10.0; Win64; x64) AppleWebKit/537.36 (KHTML, like Gecko) Chrome/94.0.4606.71 Safari/537.36"
80.121.183.198 - - [06/Oct/2021:16:36:21 +0200] "GET /imprintaddress HTTP/1.1" 200 6852 "http://renault.activities.at/account" "Mozilla/5.0 (Windows NT 10.0; Win64; x64) AppleWebKit/537.36 (KHTML, like Gecko) Chrome/94.0.4606.71 Safari/537.36 Edg/94.0.992.38"
80.121.183.198 - - [06/Oct/2021:16:36:25 +0200] "GET /js/prototip.js HTTP/1.1" 200 4588 "http://renault.activities.at/imprintaddress" "Mozilla/5.0 (Windows NT 10.0; Win64; x64) AppleWebKit/537.36 (KHTML, like Gecko) Chrome/94.0.4606.71 Safari/537.36 Edg/94.0.992.38"
80.121.183.198 - - [06/Oct/2021:16:36:25 +0200] "GET /js/CompanyImprint.js HTTP/1.1" 200 1197 "http://renault.activities.at/imprintaddress" "Mozilla/5.0 (Windows NT 10.0; Win64; x64) AppleWebKit/537.36 (KHTML, like Gecko) Chrome/94.0.4606.71 Safari/537.36 Edg/94.0.992.38"
80.121.183.198 - - [06/Oct/2021:16:36:25 +0200] "GET /images/loading.gif HTTP/1.1" 200 3208 "http://renault.activities.at/imprintaddress" "Mozilla/5.0 (Windows NT 10.0; Win64; x64) AppleWebKit/537.36 (KHTML, like Gecko) Chrome/94.0.4606.71 Safari/537.36 Edg/94.0.992.38"
80.121.183.198 - - [06/Oct/2021:16:36:25 +0200] "GET /images/information.gif HTTP/1.1" 200 1025 "http://renault.activities.at/imprintaddress" "Mozilla/5.0 (Windows NT 10.0; Win64; x64) AppleWebKit/537.36 (KHTML, like Gecko) Chrome/94.0.4606.71 Safari/537.36 Edg/94.0.992.38"
193.194.132.25 - - [06/Oct/2021:16:36:38 +0200] "GET /reload?ser=1633530998723 HTTP/1.1" 200 28 "http://renault.2web.at/result?dir=DESC&mode=grid&order=name&limit=15&page=2&search=scenic" "Mozilla/5.0 (Windows NT 10.0; Win64; x64) AppleWebKit/537.36 (KHTML, like Gecko) Chrome/94.0.4606.61 Safari/537.36"
207.46.13.8 - - [06/Oct/2021:16:36:57 +0200] "GET /robots.txt HTTP/1.1" 404 300 "-" "Mozilla/5.0 (compatible; bingbot/2.0; +http://www.bing.com/bingbot.htm)"
93.83.167.130 - - [06/Oct/2021:16:37:24 +0200] "GET /reload?ser=1633531045217 HTTP/1.1" 200 28 "http://renault.activities.at/result?searchterm=true&search=Tasche" "Mozilla/5.0 (Windows NT 10.0; Win64; x64) AppleWebKit/537.36 (KHTML, like Gecko) Chrome/94.0.4606.71 Safari/537.36"
80.121.183.198 - - [06/Oct/2021:16:37:25 +0200] "GET /reload?ser=1633531045367 HTTP/1.1" 200 28 "http://renault.activities.at/imprintaddress" "Mozilla/5.0 (Windows NT 10.0; Win64; x64) AppleWebKit/537.36 (KHTML, like Gecko) Chrome/94.0.4606.71 Safari/537.36 Edg/94.0.992.38"
80.121.183.198 - - [06/Oct/2021:16:37:34 +0200] "GET /account HTTP/1.1" 200 5965 "http://renault.activities.at/imprintaddress" "Mozilla/5.0 (Windows NT 10.0; Win64; x64) AppleWebKit/537.36 (KHTML, like Gecko) Chrome/94.0.4606.71 Safari/537.36 Edg/94.0.992.38"
193.194.132.25 - - [06/Oct/2021:16:37:40 +0200] "GET /reload?ser=1633531060723 HTTP/1.1" 200 28 "http://renault.2web.at/result?dir=DESC&mode=grid&order=name&limit=15&page=2&search=scenic" "Mozilla/5.0 (Windows NT 10.0; Win64; x64) AppleWebKit/537.36 (KHTML, like Gecko) Chrome/94.0.4606.61 Safari/537.36"
80.121.183.198 - - [06/Oct/2021:16:37:54 +0200] "GET /account HTTP/1.1" 200 5965 "http://renault.activities.at/account" "Mozilla/5.0 (Windows NT 10.0; Win64; x64) AppleWebKit/537.36 (KHTML, like Gecko) Chrome/94.0.4606.71 Safari/537.36 Edg/94.0.992.38"
80.121.183.198 - - [06/Oct/2021:16:37:57 +0200] "GET / HTTP/1.1" 200 5926 "http://renault.activities.at/account" "Mozilla/5.0 (Windows NT 10.0; Win64; x64) AppleWebKit/537.36 (KHTML, like Gecko) Chrome/94.0.4606.71 Safari/537.36 Edg/94.0.992.38"
80.121.183.198 - - [06/Oct/2021:16:38:07 +0200] "GET /account HTTP/1.1" 200 5965 "http://renault.activities.at/" "Mozilla/5.0 (Windows NT 10.0; Win64; x64) AppleWebKit/537.36 (KHTML, like Gecko) Chrome/94.0.4606.71 Safari/537.36 Edg/94.0.992.38"
93.83.167.130 - - [06/Oct/2021:16:38:25 +0200] "GET /reload?ser=1633531106202 HTTP/1.1" 200 28 "http://renault.activities.at/result?searchterm=true&search=Tasche" "Mozilla/5.0 (Windows NT 10.0; Win64; x64) AppleWebKit/537.36 (KHTML, like Gecko) Chrome/94.0.4606.71 Safari/537.36"
193.194.132.25 - - [06/Oct/2021:16:38:42 +0200] "GET /reload?ser=1633531122723 HTTP/1.1" 200 28 "http://renault.2web.at/result?dir=DESC&mode=grid&order=name&limit=15&page=2&search=scenic" "Mozilla/5.0 (Windows NT 10.0; Win64; x64) AppleWebKit/537.36 (KHTML, like Gecko) Chrome/94.0.4606.61 Safari/537.36"
80.121.183.198 - - [06/Oct/2021:16:38:50 +0200] "GET /editaccount HTTP/1.1" 200 5510 "http://renault.activities.at/account" "Mozilla/5.0 (Windows NT 10.0; Win64; x64) AppleWebKit/537.36 (KHTML, like Gecko) Chrome/94.0.4606.71 Safari/537.36 Edg/94.0.992.38"
