93.83.167.130 - - [06/Oct/2021:10:07:42 +0200] "GET /reload?ser=1633507662537 HTTP/1.1" 200 28 "http://renault.activities.at/result?searchterm=true&search=scenic" "Mozilla/5.0 (Windows NT 10.0; Win64; x64) AppleWebKit/537.36 (KHTML, like Gecko) Chrome/94.0.4606.71 Safari/537.36"
93.83.167.130 - - [06/Oct/2021:10:08:43 +0200] "GET /reload?ser=1633507723502 HTTP/1.1" 200 28 "http://renault.activities.at/result?searchterm=true&search=scenic" "Mozilla/5.0 (Windows NT 10.0; Win64; x64) AppleWebKit/537.36 (KHTML, like Gecko) Chrome/94.0.4606.71 Safari/537.36"
93.83.167.130 - - [06/Oct/2021:10:09:44 +0200] "GET /reload?ser=1633507784492 HTTP/1.1" 200 28 "http://renault.activities.at/result?searchterm=true&search=scenic" "Mozilla/5.0 (Windows NT 10.0; Win64; x64) AppleWebKit/537.36 (KHTML, like Gecko) Chrome/94.0.4606.71 Safari/537.36"
138.21.12.24 - - [06/Oct/2021:10:10:20 +0200] "GET / HTTP/1.1" 200 3086 "-" "Mozilla/5.0 (Windows NT 10.0; Win64; x64) AppleWebKit/537.36 (KHTML, like Gecko) Chrome/91.0.4472.124 Safari/537.36"
138.21.12.24 - - [06/Oct/2021:10:10:21 +0200] "GET /js/index.php?c=auto&f=,prototype/prototype.js,prototype/validation.js,scriptaculous/builder.js,scriptaculous/effects.js,scriptaculous/dragdrop.js,scriptaculous/controls.js,scriptaculous/slider.js,varien/js.js,varien/form.js,varien/menu.js,mage/translate.js,mage/cookies.js,varien/product.js,spinner/SpinnerControl.jsmin.js,prototype/window.js,prototype/window_ext.js HTTP/1.1" 304 - "http://renault.activities.at/" "Mozilla/5.0 (Windows NT 10.0; Win64; x64) AppleWebKit/537.36 (KHTML, like Gecko) Chrome/91.0.4472.124 Safari/537.36"
138.21.12.24 - - [06/Oct/2021:10:10:21 +0200] "GET /loadthumbnail.php?id=11127982 HTTP/1.1" 200 399614 "http://renault.activities.at/" "Mozilla/5.0 (Windows NT 10.0; Win64; x64) AppleWebKit/537.36 (KHTML, like Gecko) Chrome/91.0.4472.124 Safari/537.36"
138.21.12.24 - - [06/Oct/2021:10:10:22 +0200] "GET /images/favicon.ico HTTP/1.1" 404 305 "http://renault.activities.at/" "Mozilla/5.0 (Windows NT 10.0; Win64; x64) AppleWebKit/537.36 (KHTML, like Gecko) Chrome/91.0.4472.124 Safari/537.36"
93.83.167.130 - - [06/Oct/2021:10:10:45 +0200] "GET /reload?ser=1633507845446 HTTP/1.1" 200 28 "http://renault.activities.at/result?searchterm=true&search=scenic" "Mozilla/5.0 (Windows NT 10.0; Win64; x64) AppleWebKit/537.36 (KHTML, like Gecko) Chrome/94.0.4606.71 Safari/537.36"
138.21.12.24 - - [06/Oct/2021:10:11:23 +0200] "GET /reload?ser=1633507883066 HTTP/1.1" 200 28 "http://renault.activities.at/" "Mozilla/5.0 (Windows NT 10.0; Win64; x64) AppleWebKit/537.36 (KHTML, like Gecko) Chrome/91.0.4472.124 Safari/537.36"
93.83.167.130 - - [06/Oct/2021:10:11:46 +0200] "GET /reload?ser=1633507906445 HTTP/1.1" 200 28 "http://renault.activities.at/result?searchterm=true&search=scenic" "Mozilla/5.0 (Windows NT 10.0; Win64; x64) AppleWebKit/537.36 (KHTML, like Gecko) Chrome/94.0.4606.71 Safari/537.36"
138.21.12.24 - - [06/Oct/2021:10:12:24 +0200] "GET /reload?ser=1633507944063 HTTP/1.1" 200 28 "http://renault.activities.at/" "Mozilla/5.0 (Windows NT 10.0; Win64; x64) AppleWebKit/537.36 (KHTML, like Gecko) Chrome/91.0.4472.124 Safari/537.36"
93.83.167.130 - - [06/Oct/2021:10:12:46 +0200] "GET /reload?ser=1633507967423 HTTP/1.1" 200 28 "http://renault.activities.at/result?searchterm=true&search=scenic" "Mozilla/5.0 (Windows NT 10.0; Win64; x64) AppleWebKit/537.36 (KHTML, like Gecko) Chrome/94.0.4606.71 Safari/537.36"
138.21.12.24 - - [06/Oct/2021:10:13:25 +0200] "GET /reload?ser=1633508005067 HTTP/1.1" 200 28 "http://renault.activities.at/" "Mozilla/5.0 (Windows NT 10.0; Win64; x64) AppleWebKit/537.36 (KHTML, like Gecko) Chrome/91.0.4472.124 Safari/537.36"
93.83.167.130 - - [06/Oct/2021:10:13:47 +0200] "GET /reload?ser=1633508028364 HTTP/1.1" 200 28 "http://renault.activities.at/result?searchterm=true&search=scenic" "Mozilla/5.0 (Windows NT 10.0; Win64; x64) AppleWebKit/537.36 (KHTML, like Gecko) Chrome/94.0.4606.71 Safari/537.36"
138.21.12.24 - - [06/Oct/2021:10:14:26 +0200] "GET /reload?ser=1633508066067 HTTP/1.1" 200 28 "http://renault.activities.at/" "Mozilla/5.0 (Windows NT 10.0; Win64; x64) AppleWebKit/537.36 (KHTML, like Gecko) Chrome/91.0.4472.124 Safari/537.36"
93.83.167.130 - - [06/Oct/2021:10:14:48 +0200] "GET /reload?ser=1633508089351 HTTP/1.1" 200 28 "http://renault.activities.at/result?searchterm=true&search=scenic" "Mozilla/5.0 (Windows NT 10.0; Win64; x64) AppleWebKit/537.36 (KHTML, like Gecko) Chrome/94.0.4606.71 Safari/537.36"
138.21.12.24 - - [06/Oct/2021:10:14:54 +0200] "GET /login HTTP/1.1" 200 2085 "http://renault.activities.at/" "Mozilla/5.0 (Windows NT 10.0; Win64; x64) AppleWebKit/537.36 (KHTML, like Gecko) Chrome/91.0.4472.124 Safari/537.36"
138.21.12.24 - - [06/Oct/2021:10:14:59 +0200] "POST /login HTTP/1.1" 302 140 "http://renault.activities.at/login" "Mozilla/5.0 (Windows NT 10.0; Win64; x64) AppleWebKit/537.36 (KHTML, like Gecko) Chrome/91.0.4472.124 Safari/537.36"
138.21.12.24 - - [06/Oct/2021:10:15:01 +0200] "GET /account HTTP/1.1" 200 5946 "http://renault.activities.at/login" "Mozilla/5.0 (Windows NT 10.0; Win64; x64) AppleWebKit/537.36 (KHTML, like Gecko) Chrome/91.0.4472.124 Safari/537.36"
138.21.12.24 - - [06/Oct/2021:10:15:04 +0200] "GET /loadthumbnail.php?id=12040662&width=50&height=50 HTTP/1.1" 200 1063 "http://renault.activities.at/account" "Mozilla/5.0 (Windows NT 10.0; Win64; x64) AppleWebKit/537.36 (KHTML, like Gecko) Chrome/91.0.4472.124 Safari/537.36"
138.21.12.24 - - [06/Oct/2021:10:15:13 +0200] "GET /result?searchterm=true&search=backlight HTTP/1.1" 200 4560 "http://renault.activities.at/account" "Mozilla/5.0 (Windows NT 10.0; Win64; x64) AppleWebKit/537.36 (KHTML, like Gecko) Chrome/91.0.4472.124 Safari/537.36"
138.21.12.24 - - [06/Oct/2021:10:15:14 +0200] "POST /axjaxrequest?mode=suggest HTTP/1.1" 200 21 "http://renault.activities.at/account" "Mozilla/5.0 (Windows NT 10.0; Win64; x64) AppleWebKit/537.36 (KHTML, like Gecko) Chrome/91.0.4472.124 Safari/537.36"
138.21.12.24 - - [06/Oct/2021:10:15:18 +0200] "GET /10201442 HTTP/1.1" 200 8589 "http://renault.activities.at/result?searchterm=true&search=backlight" "Mozilla/5.0 (Windows NT 10.0; Win64; x64) AppleWebKit/537.36 (KHTML, like Gecko) Chrome/91.0.4472.124 Safari/537.36"
138.21.12.24 - - [06/Oct/2021:10:15:19 +0200] "GET /loadthumbnail.php?id=10203276 HTTP/1.1" 200 75 "http://renault.activities.at/10201442" "Mozilla/5.0 (Windows NT 10.0; Win64; x64) AppleWebKit/537.36 (KHTML, like Gecko) Chrome/91.0.4472.124 Safari/537.36"
138.21.12.24 - - [06/Oct/2021:10:15:19 +0200] "GET /loadthumbnail.php?id=12329773&width=113 HTTP/1.1" 200 6402 "http://renault.activities.at/10201442" "Mozilla/5.0 (Windows NT 10.0; Win64; x64) AppleWebKit/537.36 (KHTML, like Gecko) Chrome/91.0.4472.124 Safari/537.36"
138.21.12.24 - - [06/Oct/2021:10:15:19 +0200] "GET /loadthumbnail.php?id=12329769&width=113 HTTP/1.1" 200 6281 "http://renault.activities.at/10201442" "Mozilla/5.0 (Windows NT 10.0; Win64; x64) AppleWebKit/537.36 (KHTML, like Gecko) Chrome/91.0.4472.124 Safari/537.36"
138.21.12.24 - - [06/Oct/2021:10:15:19 +0200] "GET /loadthumbnail.php?id=12329777&width=113 HTTP/1.1" 200 5924 "http://renault.activities.at/10201442" "Mozilla/5.0 (Windows NT 10.0; Win64; x64) AppleWebKit/537.36 (KHTML, like Gecko) Chrome/91.0.4472.124 Safari/537.36"
138.21.12.24 - - [06/Oct/2021:10:15:19 +0200] "GET /loadthumbnail.php?id=10203255 HTTP/1.1" 200 137 "http://renault.activities.at/10201442" "Mozilla/5.0 (Windows NT 10.0; Win64; x64) AppleWebKit/537.36 (KHTML, like Gecko) Chrome/91.0.4472.124 Safari/537.36"
138.21.12.24 - - [06/Oct/2021:10:15:19 +0200] "GET /loadthumbnail.php?id=12428343&width=113 HTTP/1.1" 200 5906 "http://renault.activities.at/10201442" "Mozilla/5.0 (Windows NT 10.0; Win64; x64) AppleWebKit/537.36 (KHTML, like Gecko) Chrome/91.0.4472.124 Safari/537.36"
138.21.12.24 - - [06/Oct/2021:10:15:19 +0200] "GET /loadthumbnail.php?id=12329380&width=113 HTTP/1.1" 200 6136 "http://renault.activities.at/10201442" "Mozilla/5.0 (Windows NT 10.0; Win64; x64) AppleWebKit/537.36 (KHTML, like Gecko) Chrome/91.0.4472.124 Safari/537.36"
138.21.12.24 - - [06/Oct/2021:10:15:19 +0200] "GET /loadthumbnail.php?id=12329388&width=113 HTTP/1.1" 200 6391 "http://renault.activities.at/10201442" "Mozilla/5.0 (Windows NT 10.0; Win64; x64) AppleWebKit/537.36 (KHTML, like Gecko) Chrome/91.0.4472.124 Safari/537.36"
138.21.12.24 - - [06/Oct/2021:10:15:19 +0200] "GET /loadthumbnail.php?id=12329384&width=113 HTTP/1.1" 200 6523 "http://renault.activities.at/10201442" "Mozilla/5.0 (Windows NT 10.0; Win64; x64) AppleWebKit/537.36 (KHTML, like Gecko) Chrome/91.0.4472.124 Safari/537.36"
138.21.12.24 - - [06/Oct/2021:10:15:19 +0200] "GET /loadthumbnail.php?id=12428339&width=113 HTTP/1.1" 200 6161 "http://renault.activities.at/10201442" "Mozilla/5.0 (Windows NT 10.0; Win64; x64) AppleWebKit/537.36 (KHTML, like Gecko) Chrome/91.0.4472.124 Safari/537.36"
138.21.12.24 - - [06/Oct/2021:10:15:19 +0200] "GET /loadthumbnail.php?id=12428347&width=113 HTTP/1.1" 200 5778 "http://renault.activities.at/10201442" "Mozilla/5.0 (Windows NT 10.0; Win64; x64) AppleWebKit/537.36 (KHTML, like Gecko) Chrome/91.0.4472.124 Safari/537.36"
138.21.12.24 - - [06/Oct/2021:10:15:20 +0200] "GET /loadthumbnail.php?id=12329742&width=113 HTTP/1.1" 200 6011 "http://renault.activities.at/10201442" "Mozilla/5.0 (Windows NT 10.0; Win64; x64) AppleWebKit/537.36 (KHTML, like Gecko) Chrome/91.0.4472.124 Safari/537.36"
138.21.12.24 - - [06/Oct/2021:10:15:20 +0200] "GET /loadthumbnail.php?id=12428351&width=113 HTTP/1.1" 200 5484 "http://renault.activities.at/10201442" "Mozilla/5.0 (Windows NT 10.0; Win64; x64) AppleWebKit/537.36 (KHTML, like Gecko) Chrome/91.0.4472.124 Safari/537.36"
138.21.12.24 - - [06/Oct/2021:10:15:20 +0200] "GET /loadthumbnail.php?id=12329758&width=113 HTTP/1.1" 200 6291 "http://renault.activities.at/10201442" "Mozilla/5.0 (Windows NT 10.0; Win64; x64) AppleWebKit/537.36 (KHTML, like Gecko) Chrome/91.0.4472.124 Safari/537.36"
138.21.12.24 - - [06/Oct/2021:10:15:20 +0200] "GET /loadthumbnail.php?id=12329765&width=113 HTTP/1.1" 200 6417 "http://renault.activities.at/10201442" "Mozilla/5.0 (Windows NT 10.0; Win64; x64) AppleWebKit/537.36 (KHTML, like Gecko) Chrome/91.0.4472.124 Safari/537.36"
138.21.12.24 - - [06/Oct/2021:10:15:20 +0200] "GET /loadthumbnail.php?id=12428355&width=113 HTTP/1.1" 200 6350 "http://renault.activities.at/10201442" "Mozilla/5.0 (Windows NT 10.0; Win64; x64) AppleWebKit/537.36 (KHTML, like Gecko) Chrome/91.0.4472.124 Safari/537.36"
138.21.12.24 - - [06/Oct/2021:10:15:20 +0200] "GET /loadthumbnail.php?id=12428361&width=113 HTTP/1.1" 200 6467 "http://renault.activities.at/10201442" "Mozilla/5.0 (Windows NT 10.0; Win64; x64) AppleWebKit/537.36 (KHTML, like Gecko) Chrome/91.0.4472.124 Safari/537.36"
138.21.12.24 - - [06/Oct/2021:10:15:34 +0200] "GET /10260300 HTTP/1.1" 200 8768 "http://renault.activities.at/10201442" "Mozilla/5.0 (Windows NT 10.0; Win64; x64) AppleWebKit/537.36 (KHTML, like Gecko) Chrome/91.0.4472.124 Safari/537.36"
138.21.12.24 - - [06/Oct/2021:10:15:38 +0200] "GET /loadthumbnail.php?id=10203650&width=113 HTTP/1.1" 200 2741 "http://renault.activities.at/10260300" "Mozilla/5.0 (Windows NT 10.0; Win64; x64) AppleWebKit/537.36 (KHTML, like Gecko) Chrome/91.0.4472.124 Safari/537.36"
138.21.12.24 - - [06/Oct/2021:10:15:38 +0200] "GET /loadthumbnail.php?id=10260877&width=113 HTTP/1.1" 200 1170 "http://renault.activities.at/10260300" "Mozilla/5.0 (Windows NT 10.0; Win64; x64) AppleWebKit/537.36 (KHTML, like Gecko) Chrome/91.0.4472.124 Safari/537.36"
138.21.12.24 - - [06/Oct/2021:10:15:38 +0200] "GET /loadthumbnail.php?id=12294747&width=113 HTTP/1.1" 200 20271 "http://renault.activities.at/10260300" "Mozilla/5.0 (Windows NT 10.0; Win64; x64) AppleWebKit/537.36 (KHTML, like Gecko) Chrome/91.0.4472.124 Safari/537.36"
138.21.12.24 - - [06/Oct/2021:10:15:38 +0200] "GET /loadthumbnail.php?id=11036127&width=113 HTTP/1.1" 200 1099 "http://renault.activities.at/10260300" "Mozilla/5.0 (Windows NT 10.0; Win64; x64) AppleWebKit/537.36 (KHTML, like Gecko) Chrome/91.0.4472.124 Safari/537.36"
138.21.12.24 - - [06/Oct/2021:10:15:38 +0200] "GET /loadthumbnail.php?id=10746885&width=113 HTTP/1.1" 200 3633 "http://renault.activities.at/10260300" "Mozilla/5.0 (Windows NT 10.0; Win64; x64) AppleWebKit/537.36 (KHTML, like Gecko) Chrome/91.0.4472.124 Safari/537.36"
138.21.12.24 - - [06/Oct/2021:10:15:38 +0200] "GET /loadthumbnail.php?id=12364069&width=113 HTTP/1.1" 200 19275 "http://renault.activities.at/10260300" "Mozilla/5.0 (Windows NT 10.0; Win64; x64) AppleWebKit/537.36 (KHTML, like Gecko) Chrome/91.0.4472.124 Safari/537.36"
138.21.12.24 - - [06/Oct/2021:10:15:38 +0200] "GET /loadthumbnail.php?id=11036339&width=113 HTTP/1.1" 200 1330 "http://renault.activities.at/10260300" "Mozilla/5.0 (Windows NT 10.0; Win64; x64) AppleWebKit/537.36 (KHTML, like Gecko) Chrome/91.0.4472.124 Safari/537.36"
138.21.12.24 - - [06/Oct/2021:10:15:38 +0200] "GET /loadthumbnail.php?id=10260863&width=113 HTTP/1.1" 200 1170 "http://renault.activities.at/10260300" "Mozilla/5.0 (Windows NT 10.0; Win64; x64) AppleWebKit/537.36 (KHTML, like Gecko) Chrome/91.0.4472.124 Safari/537.36"
138.21.12.24 - - [06/Oct/2021:10:15:38 +0200] "GET /loadthumbnail.php?id=11255648&width=113 HTTP/1.1" 200 1285 "http://renault.activities.at/10260300" "Mozilla/5.0 (Windows NT 10.0; Win64; x64) AppleWebKit/537.36 (KHTML, like Gecko) Chrome/91.0.4472.124 Safari/537.36"
138.21.12.24 - - [06/Oct/2021:10:15:38 +0200] "GET /loadthumbnail.php?id=11036124&width=113 HTTP/1.1" 200 1328 "http://renault.activities.at/10260300" "Mozilla/5.0 (Windows NT 10.0; Win64; x64) AppleWebKit/537.36 (KHTML, like Gecko) Chrome/91.0.4472.124 Safari/537.36"
138.21.12.24 - - [06/Oct/2021:10:15:38 +0200] "GET /loadthumbnail.php?id=10260861&width=113 HTTP/1.1" 200 1170 "http://renault.activities.at/10260300" "Mozilla/5.0 (Windows NT 10.0; Win64; x64) AppleWebKit/537.36 (KHTML, like Gecko) Chrome/91.0.4472.124 Safari/537.36"
138.21.12.24 - - [06/Oct/2021:10:15:38 +0200] "GET /loadthumbnail.php?id=11885850&width=113 HTTP/1.1" 200 1552 "http://renault.activities.at/10260300" "Mozilla/5.0 (Windows NT 10.0; Win64; x64) AppleWebKit/537.36 (KHTML, like Gecko) Chrome/91.0.4472.124 Safari/537.36"
138.21.12.24 - - [06/Oct/2021:10:15:41 +0200] "GET /10260300?dir=DESC&mode=grid&order=name&limit=50 HTTP/1.1" 200 12209 "http://renault.activities.at/10260300" "Mozilla/5.0 (Windows NT 10.0; Win64; x64) AppleWebKit/537.36 (KHTML, like Gecko) Chrome/91.0.4472.124 Safari/537.36"
138.21.12.24 - - [06/Oct/2021:10:15:48 +0200] "GET /loadthumbnail.php?id=10260875&width=113 HTTP/1.1" 200 1170 "http://renault.activities.at/10260300?dir=DESC&mode=grid&order=name&limit=50" "Mozilla/5.0 (Windows NT 10.0; Win64; x64) AppleWebKit/537.36 (KHTML, like Gecko) Chrome/91.0.4472.124 Safari/537.36"
138.21.12.24 - - [06/Oct/2021:10:15:48 +0200] "GET /loadthumbnail.php?id=10919466&width=113 HTTP/1.1" 200 1477 "http://renault.activities.at/10260300?dir=DESC&mode=grid&order=name&limit=50" "Mozilla/5.0 (Windows NT 10.0; Win64; x64) AppleWebKit/537.36 (KHTML, like Gecko) Chrome/91.0.4472.124 Safari/537.36"
138.21.12.24 - - [06/Oct/2021:10:15:48 +0200] "GET /loadthumbnail.php?id=10915652&width=113 HTTP/1.1" 200 1387 "http://renault.activities.at/10260300?dir=DESC&mode=grid&order=name&limit=50" "Mozilla/5.0 (Windows NT 10.0; Win64; x64) AppleWebKit/537.36 (KHTML, like Gecko) Chrome/91.0.4472.124 Safari/537.36"
138.21.12.24 - - [06/Oct/2021:10:15:48 +0200] "GET /loadthumbnail.php?id=11885851&width=113 HTTP/1.1" 200 1576 "http://renault.activities.at/10260300?dir=DESC&mode=grid&order=name&limit=50" "Mozilla/5.0 (Windows NT 10.0; Win64; x64) AppleWebKit/537.36 (KHTML, like Gecko) Chrome/91.0.4472.124 Safari/537.36"
138.21.12.24 - - [06/Oct/2021:10:15:48 +0200] "GET /loadthumbnail.php?id=10915886&width=113 HTTP/1.1" 200 1376 "http://renault.activities.at/10260300?dir=DESC&mode=grid&order=name&limit=50" "Mozilla/5.0 (Windows NT 10.0; Win64; x64) AppleWebKit/537.36 (KHTML, like Gecko) Chrome/91.0.4472.124 Safari/537.36"
138.21.12.24 - - [06/Oct/2021:10:15:48 +0200] "GET /loadthumbnail.php?id=11036126&width=113 HTTP/1.1" 200 1377 "http://renault.activities.at/10260300?dir=DESC&mode=grid&order=name&limit=50" "Mozilla/5.0 (Windows NT 10.0; Win64; x64) AppleWebKit/537.36 (KHTML, like Gecko) Chrome/91.0.4472.124 Safari/537.36"
138.21.12.24 - - [06/Oct/2021:10:15:48 +0200] "GET /loadthumbnail.php?id=10260890&width=113 HTTP/1.1" 200 1170 "http://renault.activities.at/10260300?dir=DESC&mode=grid&order=name&limit=50" "Mozilla/5.0 (Windows NT 10.0; Win64; x64) AppleWebKit/537.36 (KHTML, like Gecko) Chrome/91.0.4472.124 Safari/537.36"
138.21.12.24 - - [06/Oct/2021:10:15:48 +0200] "GET /loadthumbnail.php?id=11243081&width=113 HTTP/1.1" 200 1218 "http://renault.activities.at/10260300?dir=DESC&mode=grid&order=name&limit=50" "Mozilla/5.0 (Windows NT 10.0; Win64; x64) AppleWebKit/537.36 (KHTML, like Gecko) Chrome/91.0.4472.124 Safari/537.36"
138.21.12.24 - - [06/Oct/2021:10:15:48 +0200] "GET /loadthumbnail.php?id=11141133&width=113 HTTP/1.1" 200 1050 "http://renault.activities.at/10260300?dir=DESC&mode=grid&order=name&limit=50" "Mozilla/5.0 (Windows NT 10.0; Win64; x64) AppleWebKit/537.36 (KHTML, like Gecko) Chrome/91.0.4472.124 Safari/537.36"
138.21.12.24 - - [06/Oct/2021:10:15:48 +0200] "GET /loadthumbnail.php?id=11249797&width=113 HTTP/1.1" 200 2985 "http://renault.activities.at/10260300?dir=DESC&mode=grid&order=name&limit=50" "Mozilla/5.0 (Windows NT 10.0; Win64; x64) AppleWebKit/537.36 (KHTML, like Gecko) Chrome/91.0.4472.124 Safari/537.36"
138.21.12.24 - - [06/Oct/2021:10:15:48 +0200] "GET /loadthumbnail.php?id=10995605&width=113 HTTP/1.1" 200 1252 "http://renault.activities.at/10260300?dir=DESC&mode=grid&order=name&limit=50" "Mozilla/5.0 (Windows NT 10.0; Win64; x64) AppleWebKit/537.36 (KHTML, like Gecko) Chrome/91.0.4472.124 Safari/537.36"
138.21.12.24 - - [06/Oct/2021:10:15:48 +0200] "GET /loadthumbnail.php?id=11249798&width=113 HTTP/1.1" 200 2985 "http://renault.activities.at/10260300?dir=DESC&mode=grid&order=name&limit=50" "Mozilla/5.0 (Windows NT 10.0; Win64; x64) AppleWebKit/537.36 (KHTML, like Gecko) Chrome/91.0.4472.124 Safari/537.36"
138.21.12.24 - - [06/Oct/2021:10:15:48 +0200] "GET /loadthumbnail.php?id=12455584&width=113 HTTP/1.1" 200 3466 "http://renault.activities.at/10260300?dir=DESC&mode=grid&order=name&limit=50" "Mozilla/5.0 (Windows NT 10.0; Win64; x64) AppleWebKit/537.36 (KHTML, like Gecko) Chrome/91.0.4472.124 Safari/537.36"
138.21.12.24 - - [06/Oct/2021:10:15:48 +0200] "GET /loadthumbnail.php?id=12297782&width=113 HTTP/1.1" 200 32707 "http://renault.activities.at/10260300?dir=DESC&mode=grid&order=name&limit=50" "Mozilla/5.0 (Windows NT 10.0; Win64; x64) AppleWebKit/537.36 (KHTML, like Gecko) Chrome/91.0.4472.124 Safari/537.36"
138.21.12.24 - - [06/Oct/2021:10:15:48 +0200] "GET /loadthumbnail.php?id=10562346&width=113 HTTP/1.1" 200 5314 "http://renault.activities.at/10260300?dir=DESC&mode=grid&order=name&limit=50" "Mozilla/5.0 (Windows NT 10.0; Win64; x64) AppleWebKit/537.36 (KHTML, like Gecko) Chrome/91.0.4472.124 Safari/537.36"
138.21.12.24 - - [06/Oct/2021:10:15:48 +0200] "GET /loadthumbnail.php?id=10562347&width=113 HTTP/1.1" 200 4993 "http://renault.activities.at/10260300?dir=DESC&mode=grid&order=name&limit=50" "Mozilla/5.0 (Windows NT 10.0; Win64; x64) AppleWebKit/537.36 (KHTML, like Gecko) Chrome/91.0.4472.124 Safari/537.36"
138.21.12.24 - - [06/Oct/2021:10:15:48 +0200] "GET /loadthumbnail.php?id=12348146&width=113 HTTP/1.1" 200 38739 "http://renault.activities.at/10260300?dir=DESC&mode=grid&order=name&limit=50" "Mozilla/5.0 (Windows NT 10.0; Win64; x64) AppleWebKit/537.36 (KHTML, like Gecko) Chrome/91.0.4472.124 Safari/537.36"
138.21.12.24 - - [06/Oct/2021:10:15:48 +0200] "GET /loadthumbnail.php?id=11423838&width=113 HTTP/1.1" 200 2865 "http://renault.activities.at/10260300?dir=DESC&mode=grid&order=name&limit=50" "Mozilla/5.0 (Windows NT 10.0; Win64; x64) AppleWebKit/537.36 (KHTML, like Gecko) Chrome/91.0.4472.124 Safari/537.36"
93.83.167.130 - - [06/Oct/2021:10:15:50 +0200] "GET /reload?ser=1633508151213 HTTP/1.1" 200 28 "http://renault.activities.at/result?searchterm=true&search=scenic" "Mozilla/5.0 (Windows NT 10.0; Win64; x64) AppleWebKit/537.36 (KHTML, like Gecko) Chrome/94.0.4606.71 Safari/537.36"
138.21.12.24 - - [06/Oct/2021:10:16:02 +0200] "GET /10201442 HTTP/1.1" 200 8589 "http://renault.activities.at/10260300?dir=DESC&mode=grid&order=name&limit=50" "Mozilla/5.0 (Windows NT 10.0; Win64; x64) AppleWebKit/537.36 (KHTML, like Gecko) Chrome/91.0.4472.124 Safari/537.36"
138.21.12.24 - - [06/Oct/2021:10:16:07 +0200] "GET /10260281 HTTP/1.1" 200 4791 "http://renault.activities.at/10201442" "Mozilla/5.0 (Windows NT 10.0; Win64; x64) AppleWebKit/537.36 (KHTML, like Gecko) Chrome/91.0.4472.124 Safari/537.36"
138.21.12.24 - - [06/Oct/2021:10:16:18 +0200] "GET /aboutus HTTP/1.1" 200 4519 "http://renault.activities.at/10260281" "Mozilla/5.0 (Windows NT 10.0; Win64; x64) AppleWebKit/537.36 (KHTML, like Gecko) Chrome/91.0.4472.124 Safari/537.36"
138.21.12.24 - - [06/Oct/2021:10:16:37 +0200] "GET /result?searchterm=true&search=kasten HTTP/1.1" 200 5765 "http://renault.activities.at/aboutus" "Mozilla/5.0 (Windows NT 10.0; Win64; x64) AppleWebKit/537.36 (KHTML, like Gecko) Chrome/91.0.4472.124 Safari/537.36"
138.21.12.24 - - [06/Oct/2021:10:16:39 +0200] "GET /loadthumbnail.php?id=10271875&width=113 HTTP/1.1" 200 1262 "http://renault.activities.at/result?searchterm=true&search=kasten" "Mozilla/5.0 (Windows NT 10.0; Win64; x64) AppleWebKit/537.36 (KHTML, like Gecko) Chrome/91.0.4472.124 Safari/537.36"
138.21.12.24 - - [06/Oct/2021:10:16:37 +0200] "POST /axjaxrequest?mode=suggest HTTP/1.1" 200 21 "http://renault.activities.at/aboutus" "Mozilla/5.0 (Windows NT 10.0; Win64; x64) AppleWebKit/537.36 (KHTML, like Gecko) Chrome/91.0.4472.124 Safari/537.36"
138.21.12.24 - - [06/Oct/2021:10:16:43 +0200] "GET /aboutus HTTP/1.1" 200 4519 "http://renault.activities.at/result?searchterm=true&search=kasten" "Mozilla/5.0 (Windows NT 10.0; Win64; x64) AppleWebKit/537.36 (KHTML, like Gecko) Chrome/91.0.4472.124 Safari/537.36"
138.21.12.24 - - [06/Oct/2021:10:16:59 +0200] "GET /result?searchterm=true&search=poster HTTP/1.1" 200 8469 "http://renault.activities.at/aboutus" "Mozilla/5.0 (Windows NT 10.0; Win64; x64) AppleWebKit/537.36 (KHTML, like Gecko) Chrome/91.0.4472.124 Safari/537.36"
138.21.12.24 - - [06/Oct/2021:10:17:02 +0200] "GET /loadthumbnail.php?id=12455823&width=113 HTTP/1.1" 200 2670 "http://renault.activities.at/result?searchterm=true&search=poster" "Mozilla/5.0 (Windows NT 10.0; Win64; x64) AppleWebKit/537.36 (KHTML, like Gecko) Chrome/91.0.4472.124 Safari/537.36"
138.21.12.24 - - [06/Oct/2021:10:17:02 +0200] "GET /loadthumbnail.php?id=12455819&width=113 HTTP/1.1" 200 5611 "http://renault.activities.at/result?searchterm=true&search=poster" "Mozilla/5.0 (Windows NT 10.0; Win64; x64) AppleWebKit/537.36 (KHTML, like Gecko) Chrome/91.0.4472.124 Safari/537.36"
138.21.12.24 - - [06/Oct/2021:10:17:02 +0200] "GET /loadthumbnail.php?id=12455827&width=113 HTTP/1.1" 200 4303 "http://renault.activities.at/result?searchterm=true&search=poster" "Mozilla/5.0 (Windows NT 10.0; Win64; x64) AppleWebKit/537.36 (KHTML, like Gecko) Chrome/91.0.4472.124 Safari/537.36"
138.21.12.24 - - [06/Oct/2021:10:17:02 +0200] "GET /loadthumbnail.php?id=12455796&width=113 HTTP/1.1" 200 3577 "http://renault.activities.at/result?searchterm=true&search=poster" "Mozilla/5.0 (Windows NT 10.0; Win64; x64) AppleWebKit/537.36 (KHTML, like Gecko) Chrome/91.0.4472.124 Safari/537.36"
138.21.12.24 - - [06/Oct/2021:10:17:02 +0200] "GET /loadthumbnail.php?id=12208107&width=113 HTTP/1.1" 200 2203 "http://renault.activities.at/result?searchterm=true&search=poster" "Mozilla/5.0 (Windows NT 10.0; Win64; x64) AppleWebKit/537.36 (KHTML, like Gecko) Chrome/91.0.4472.124 Safari/537.36"
138.21.12.24 - - [06/Oct/2021:10:17:02 +0200] "GET /loadthumbnail.php?id=11586948&width=113 HTTP/1.1" 200 5839 "http://renault.activities.at/result?searchterm=true&search=poster" "Mozilla/5.0 (Windows NT 10.0; Win64; x64) AppleWebKit/537.36 (KHTML, like Gecko) Chrome/91.0.4472.124 Safari/537.36"
138.21.12.24 - - [06/Oct/2021:10:17:03 +0200] "GET /loadthumbnail.php?id=11461719&width=113 HTTP/1.1" 200 32753 "http://renault.activities.at/result?searchterm=true&search=poster" "Mozilla/5.0 (Windows NT 10.0; Win64; x64) AppleWebKit/537.36 (KHTML, like Gecko) Chrome/91.0.4472.124 Safari/537.36"
138.21.12.24 - - [06/Oct/2021:10:17:03 +0200] "GET /loadthumbnail.php?id=12397075&width=113 HTTP/1.1" 200 3619 "http://renault.activities.at/result?searchterm=true&search=poster" "Mozilla/5.0 (Windows NT 10.0; Win64; x64) AppleWebKit/537.36 (KHTML, like Gecko) Chrome/91.0.4472.124 Safari/537.36"
138.21.12.24 - - [06/Oct/2021:10:17:03 +0200] "GET /loadthumbnail.php?id=12040662&width=113 HTTP/1.1" 200 4115 "http://renault.activities.at/result?searchterm=true&search=poster" "Mozilla/5.0 (Windows NT 10.0; Win64; x64) AppleWebKit/537.36 (KHTML, like Gecko) Chrome/91.0.4472.124 Safari/537.36"
138.21.12.24 - - [06/Oct/2021:10:17:03 +0200] "GET /loadthumbnail.php?id=12040651&width=113 HTTP/1.1" 200 3124 "http://renault.activities.at/result?searchterm=true&search=poster" "Mozilla/5.0 (Windows NT 10.0; Win64; x64) AppleWebKit/537.36 (KHTML, like Gecko) Chrome/91.0.4472.124 Safari/537.36"
138.21.12.24 - - [06/Oct/2021:10:17:03 +0200] "GET /loadthumbnail.php?id=12101538&width=113 HTTP/1.1" 200 2597 "http://renault.activities.at/result?searchterm=true&search=poster" "Mozilla/5.0 (Windows NT 10.0; Win64; x64) AppleWebKit/537.36 (KHTML, like Gecko) Chrome/91.0.4472.124 Safari/537.36"
138.21.12.24 - - [06/Oct/2021:10:17:03 +0200] "GET /loadthumbnail.php?id=10259680&width=113 HTTP/1.1" 200 1966 "http://renault.activities.at/result?searchterm=true&search=poster" "Mozilla/5.0 (Windows NT 10.0; Win64; x64) AppleWebKit/537.36 (KHTML, like Gecko) Chrome/91.0.4472.124 Safari/537.36"
138.21.12.24 - - [06/Oct/2021:10:17:03 +0200] "GET /loadthumbnail.php?id=11927086&width=113 HTTP/1.1" 200 2978 "http://renault.activities.at/result?searchterm=true&search=poster" "Mozilla/5.0 (Windows NT 10.0; Win64; x64) AppleWebKit/537.36 (KHTML, like Gecko) Chrome/91.0.4472.124 Safari/537.36"
138.21.12.24 - - [06/Oct/2021:10:16:59 +0200] "POST /axjaxrequest?mode=suggest HTTP/1.1" 200 188 "http://renault.activities.at/aboutus" "Mozilla/5.0 (Windows NT 10.0; Win64; x64) AppleWebKit/537.36 (KHTML, like Gecko) Chrome/91.0.4472.124 Safari/537.36"
138.21.12.24 - - [06/Oct/2021:10:17:15 +0200] "GET /result?dir=DESC&mode=grid&order=name&limit=15&page=2&search=poster HTTP/1.1" 200 8528 "http://renault.activities.at/result?searchterm=true&search=poster" "Mozilla/5.0 (Windows NT 10.0; Win64; x64) AppleWebKit/537.36 (KHTML, like Gecko) Chrome/91.0.4472.124 Safari/537.36"
138.21.12.24 - - [06/Oct/2021:10:17:18 +0200] "GET /loadthumbnail.php?id=12463082&width=113 HTTP/1.1" 200 3039 "http://renault.activities.at/result?dir=DESC&mode=grid&order=name&limit=15&page=2&search=poster" "Mozilla/5.0 (Windows NT 10.0; Win64; x64) AppleWebKit/537.36 (KHTML, like Gecko) Chrome/91.0.4472.124 Safari/537.36"
138.21.12.24 - - [06/Oct/2021:10:17:18 +0200] "GET /loadthumbnail.php?id=12463098&width=113 HTTP/1.1" 200 3058 "http://renault.activities.at/result?dir=DESC&mode=grid&order=name&limit=15&page=2&search=poster" "Mozilla/5.0 (Windows NT 10.0; Win64; x64) AppleWebKit/537.36 (KHTML, like Gecko) Chrome/91.0.4472.124 Safari/537.36"
138.21.12.24 - - [06/Oct/2021:10:17:18 +0200] "GET /loadthumbnail.php?id=10203275 HTTP/1.1" 200 85 "http://renault.activities.at/result?dir=DESC&mode=grid&order=name&limit=15&page=2&search=poster" "Mozilla/5.0 (Windows NT 10.0; Win64; x64) AppleWebKit/537.36 (KHTML, like Gecko) Chrome/91.0.4472.124 Safari/537.36"
138.21.12.24 - - [06/Oct/2021:10:17:18 +0200] "GET /loadthumbnail.php?id=12463094&width=113 HTTP/1.1" 200 4745 "http://renault.activities.at/result?dir=DESC&mode=grid&order=name&limit=15&page=2&search=poster" "Mozilla/5.0 (Windows NT 10.0; Win64; x64) AppleWebKit/537.36 (KHTML, like Gecko) Chrome/91.0.4472.124 Safari/537.36"
138.21.12.24 - - [06/Oct/2021:10:17:18 +0200] "GET /loadthumbnail.php?id=12088624&width=113 HTTP/1.1" 200 2886 "http://renault.activities.at/result?dir=DESC&mode=grid&order=name&limit=15&page=2&search=poster" "Mozilla/5.0 (Windows NT 10.0; Win64; x64) AppleWebKit/537.36 (KHTML, like Gecko) Chrome/91.0.4472.124 Safari/537.36"
138.21.12.24 - - [06/Oct/2021:10:17:18 +0200] "GET /loadthumbnail.php?id=11906025&width=113 HTTP/1.1" 200 2994 "http://renault.activities.at/result?dir=DESC&mode=grid&order=name&limit=15&page=2&search=poster" "Mozilla/5.0 (Windows NT 10.0; Win64; x64) AppleWebKit/537.36 (KHTML, like Gecko) Chrome/91.0.4472.124 Safari/537.36"
138.21.12.24 - - [06/Oct/2021:10:17:18 +0200] "GET /loadthumbnail.php?id=12463078&width=113 HTTP/1.1" 200 5268 "http://renault.activities.at/result?dir=DESC&mode=grid&order=name&limit=15&page=2&search=poster" "Mozilla/5.0 (Windows NT 10.0; Win64; x64) AppleWebKit/537.36 (KHTML, like Gecko) Chrome/91.0.4472.124 Safari/537.36"
138.21.12.24 - - [06/Oct/2021:10:17:18 +0200] "GET /loadthumbnail.php?id=12463090&width=113 HTTP/1.1" 200 3187 "http://renault.activities.at/result?dir=DESC&mode=grid&order=name&limit=15&page=2&search=poster" "Mozilla/5.0 (Windows NT 10.0; Win64; x64) AppleWebKit/537.36 (KHTML, like Gecko) Chrome/91.0.4472.124 Safari/537.36"
138.21.12.24 - - [06/Oct/2021:10:17:18 +0200] "GET /loadthumbnail.php?id=12463086&width=113 HTTP/1.1" 200 4769 "http://renault.activities.at/result?dir=DESC&mode=grid&order=name&limit=15&page=2&search=poster" "Mozilla/5.0 (Windows NT 10.0; Win64; x64) AppleWebKit/537.36 (KHTML, like Gecko) Chrome/91.0.4472.124 Safari/537.36"
138.21.12.24 - - [06/Oct/2021:10:17:18 +0200] "GET /loadthumbnail.php?id=11435681&width=113 HTTP/1.1" 200 3946 "http://renault.activities.at/result?dir=DESC&mode=grid&order=name&limit=15&page=2&search=poster" "Mozilla/5.0 (Windows NT 10.0; Win64; x64) AppleWebKit/537.36 (KHTML, like Gecko) Chrome/91.0.4472.124 Safari/537.36"
138.21.12.24 - - [06/Oct/2021:10:17:18 +0200] "GET /loadthumbnail.php?id=11784465&width=113 HTTP/1.1" 200 2824 "http://renault.activities.at/result?dir=DESC&mode=grid&order=name&limit=15&page=2&search=poster" "Mozilla/5.0 (Windows NT 10.0; Win64; x64) AppleWebKit/537.36 (KHTML, like Gecko) Chrome/91.0.4472.124 Safari/537.36"
138.21.12.24 - - [06/Oct/2021:10:17:18 +0200] "GET /loadthumbnail.php?id=11340121&width=113 HTTP/1.1" 200 4540 "http://renault.activities.at/result?dir=DESC&mode=grid&order=name&limit=15&page=2&search=poster" "Mozilla/5.0 (Windows NT 10.0; Win64; x64) AppleWebKit/537.36 (KHTML, like Gecko) Chrome/91.0.4472.124 Safari/537.36"
138.21.12.24 - - [06/Oct/2021:10:17:19 +0200] "GET /loadthumbnail.php?id=12328148&width=113 HTTP/1.1" 200 3311 "http://renault.activities.at/result?dir=DESC&mode=grid&order=name&limit=15&page=2&search=poster" "Mozilla/5.0 (Windows NT 10.0; Win64; x64) AppleWebKit/537.36 (KHTML, like Gecko) Chrome/91.0.4472.124 Safari/537.36"
138.21.12.24 - - [06/Oct/2021:10:17:19 +0200] "GET /loadthumbnail.php?id=12244864&width=113 HTTP/1.1" 200 11050 "http://renault.activities.at/result?dir=DESC&mode=grid&order=name&limit=15&page=2&search=poster" "Mozilla/5.0 (Windows NT 10.0; Win64; x64) AppleWebKit/537.36 (KHTML, like Gecko) Chrome/91.0.4472.124 Safari/537.36"
91.114.96.114 - - [06/Oct/2021:10:17:21 +0200] "GET / HTTP/1.1" 200 3086 "-" "Mozilla/5.0 (Windows NT 10.0; Win64; x64) AppleWebKit/537.36 (KHTML, like Gecko) Chrome/94.0.4606.71 Safari/537.36 Edg/94.0.992.38"
91.114.96.114 - - [06/Oct/2021:10:17:24 +0200] "GET /login HTTP/1.1" 200 2085 "http://renault.activities.at/" "Mozilla/5.0 (Windows NT 10.0; Win64; x64) AppleWebKit/537.36 (KHTML, like Gecko) Chrome/94.0.4606.71 Safari/537.36 Edg/94.0.992.38"
138.21.12.24 - - [06/Oct/2021:10:17:24 +0200] "GET /12463091?print=true HTTP/1.1" 200 2643 "http://renault.activities.at/result?dir=DESC&mode=grid&order=name&limit=15&page=2&search=poster" "Mozilla/5.0 (Windows NT 10.0; Win64; x64) AppleWebKit/537.36 (KHTML, like Gecko) Chrome/91.0.4472.124 Safari/537.36"
138.21.12.24 - - [06/Oct/2021:10:17:28 +0200] "GET /loadthumbnail.php?id=12463094&width=250 HTTP/1.1" 200 15564 "http://renault.activities.at/12463091?print=true" "Mozilla/5.0 (Windows NT 10.0; Win64; x64) AppleWebKit/537.36 (KHTML, like Gecko) Chrome/91.0.4472.124 Safari/537.36"
138.21.12.24 - - [06/Oct/2021:10:17:28 +0200] "GET /loadthumbnail.php?id=12463094&width=900&height=900 HTTP/1.1" 200 73249 "http://renault.activities.at/12463091?print=true" "Mozilla/5.0 (Windows NT 10.0; Win64; x64) AppleWebKit/537.36 (KHTML, like Gecko) Chrome/91.0.4472.124 Safari/537.36"
91.114.96.114 - - [06/Oct/2021:10:17:31 +0200] "POST /login HTTP/1.1" 302 140 "http://renault.activities.at/login" "Mozilla/5.0 (Windows NT 10.0; Win64; x64) AppleWebKit/537.36 (KHTML, like Gecko) Chrome/94.0.4606.71 Safari/537.36 Edg/94.0.992.38"
91.114.96.114 - - [06/Oct/2021:10:17:33 +0200] "GET /account HTTP/1.1" 200 6187 "http://renault.activities.at/login" "Mozilla/5.0 (Windows NT 10.0; Win64; x64) AppleWebKit/537.36 (KHTML, like Gecko) Chrome/94.0.4606.71 Safari/537.36 Edg/94.0.992.38"
91.114.96.114 - - [06/Oct/2021:10:17:35 +0200] "GET /loadthumbnail.php?id=12455831&width=50&height=50 HTTP/1.1" 200 930 "http://renault.activities.at/account" "Mozilla/5.0 (Windows NT 10.0; Win64; x64) AppleWebKit/537.36 (KHTML, like Gecko) Chrome/94.0.4606.71 Safari/537.36 Edg/94.0.992.38"
91.114.96.114 - - [06/Oct/2021:10:17:35 +0200] "GET /loadthumbnail.php?id=10260174&width=50&height=50 HTTP/1.1" 200 1024 "http://renault.activities.at/account" "Mozilla/5.0 (Windows NT 10.0; Win64; x64) AppleWebKit/537.36 (KHTML, like Gecko) Chrome/94.0.4606.71 Safari/537.36 Edg/94.0.992.38"
91.114.96.114 - - [06/Oct/2021:10:17:35 +0200] "GET /loadthumbnail.php?id=11730239&width=50&height=50 HTTP/1.1" 200 947 "http://renault.activities.at/account" "Mozilla/5.0 (Windows NT 10.0; Win64; x64) AppleWebKit/537.36 (KHTML, like Gecko) Chrome/94.0.4606.71 Safari/537.36 Edg/94.0.992.38"
91.114.96.114 - - [06/Oct/2021:10:17:35 +0200] "GET /loadthumbnail.php?id=10260190&width=50&height=50 HTTP/1.1" 200 1018 "http://renault.activities.at/account" "Mozilla/5.0 (Windows NT 10.0; Win64; x64) AppleWebKit/537.36 (KHTML, like Gecko) Chrome/94.0.4606.71 Safari/537.36 Edg/94.0.992.38"
91.114.96.114 - - [06/Oct/2021:10:17:35 +0200] "GET /loadthumbnail.php?id=11730248&width=50&height=50 HTTP/1.1" 200 1012 "http://renault.activities.at/account" "Mozilla/5.0 (Windows NT 10.0; Win64; x64) AppleWebKit/537.36 (KHTML, like Gecko) Chrome/94.0.4606.71 Safari/537.36 Edg/94.0.992.38"
138.21.12.24 - - [06/Oct/2021:10:17:42 +0200] "POST /12463091?print=true HTTP/1.1" 200 2755 "http://renault.activities.at/12463091?print=true" "Mozilla/5.0 (Windows NT 10.0; Win64; x64) AppleWebKit/537.36 (KHTML, like Gecko) Chrome/91.0.4472.124 Safari/537.36"
138.21.12.24 - - [06/Oct/2021:10:17:55 +0200] "POST /result?dir=DESC&mode=grid&order=name&limit=15&page=2&search=poster HTTP/1.1" 200 8725 "http://renault.activities.at/result?dir=DESC&mode=grid&order=name&limit=15&page=2&search=poster" "Mozilla/5.0 (Windows NT 10.0; Win64; x64) AppleWebKit/537.36 (KHTML, like Gecko) Chrome/91.0.4472.124 Safari/537.36"
138.21.12.24 - - [06/Oct/2021:10:18:05 +0200] "POST /result?dir=DESC&mode=grid&order=name&limit=15&page=2&search=poster HTTP/1.1" 200 8724 "http://renault.activities.at/result?dir=DESC&mode=grid&order=name&limit=15&page=2&search=poster" "Mozilla/5.0 (Windows NT 10.0; Win64; x64) AppleWebKit/537.36 (KHTML, like Gecko) Chrome/91.0.4472.124 Safari/537.36"
138.21.12.24 - - [06/Oct/2021:10:18:16 +0200] "GET /cart HTTP/1.1" 200 5367 "http://renault.activities.at/result?dir=DESC&mode=grid&order=name&limit=15&page=2&search=poster" "Mozilla/5.0 (Windows NT 10.0; Win64; x64) AppleWebKit/537.36 (KHTML, like Gecko) Chrome/91.0.4472.124 Safari/537.36"
138.21.12.24 - - [06/Oct/2021:10:18:19 +0200] "GET /loadthumbnail.php?id=10232009&width=16&height=16 HTTP/1.1" 200 700 "http://renault.activities.at/cart" "Mozilla/5.0 (Windows NT 10.0; Win64; x64) AppleWebKit/537.36 (KHTML, like Gecko) Chrome/91.0.4472.124 Safari/537.36"
138.21.12.24 - - [06/Oct/2021:10:18:19 +0200] "GET /loadthumbnail.php?id=12463086&width=100 HTTP/1.1" 200 3989 "http://renault.activities.at/cart" "Mozilla/5.0 (Windows NT 10.0; Win64; x64) AppleWebKit/537.36 (KHTML, like Gecko) Chrome/91.0.4472.124 Safari/537.36"
138.21.12.24 - - [06/Oct/2021:10:18:19 +0200] "GET /loadthumbnail.php?id=12463094&width=100 HTTP/1.1" 200 3938 "http://renault.activities.at/cart" "Mozilla/5.0 (Windows NT 10.0; Win64; x64) AppleWebKit/537.36 (KHTML, like Gecko) Chrome/91.0.4472.124 Safari/537.36"
138.21.12.24 - - [06/Oct/2021:10:18:19 +0200] "GET /loadthumbnail.php?id=12463078&width=100 HTTP/1.1" 200 4418 "http://renault.activities.at/cart" "Mozilla/5.0 (Windows NT 10.0; Win64; x64) AppleWebKit/537.36 (KHTML, like Gecko) Chrome/91.0.4472.124 Safari/537.36"
138.21.12.24 - - [06/Oct/2021:10:18:23 +0200] "GET /checkout HTTP/1.1" 200 20462 "http://renault.activities.at/cart" "Mozilla/5.0 (Windows NT 10.0; Win64; x64) AppleWebKit/537.36 (KHTML, like Gecko) Chrome/91.0.4472.124 Safari/537.36"
138.21.12.24 - - [06/Oct/2021:10:18:28 +0200] "GET /loadthumbnail.php?id=10201939 HTTP/1.1" 200 201 "http://renault.activities.at/checkout" "Mozilla/5.0 (Windows NT 10.0; Win64; x64) AppleWebKit/537.36 (KHTML, like Gecko) Chrome/91.0.4472.124 Safari/537.36"
138.21.12.24 - - [06/Oct/2021:10:18:28 +0200] "GET /loadthumbnail.php?id=10202698 HTTP/1.1" 200 16686 "http://renault.activities.at/checkout" "Mozilla/5.0 (Windows NT 10.0; Win64; x64) AppleWebKit/537.36 (KHTML, like Gecko) Chrome/91.0.4472.124 Safari/537.36"
91.114.96.114 - - [06/Oct/2021:10:18:36 +0200] "GET /reload?ser=1633508313998 HTTP/1.1" 200 28 "http://renault.activities.at/account" "Mozilla/5.0 (Windows NT 10.0; Win64; x64) AppleWebKit/537.36 (KHTML, like Gecko) Chrome/94.0.4606.71 Safari/537.36 Edg/94.0.992.38"
138.21.12.24 - - [06/Oct/2021:10:18:50 +0200] "POST /docheckout HTTP/1.1" 200 469 "http://renault.activities.at/checkout" "Mozilla/5.0 (Windows NT 10.0; Win64; x64) AppleWebKit/537.36 (KHTML, like Gecko) Chrome/91.0.4472.124 Safari/537.36"
138.21.12.24 - - [06/Oct/2021:10:18:53 +0200] "POST /docheckout HTTP/1.1" 200 670 "http://renault.activities.at/checkout" "Mozilla/5.0 (Windows NT 10.0; Win64; x64) AppleWebKit/537.36 (KHTML, like Gecko) Chrome/91.0.4472.124 Safari/537.36"
138.21.12.24 - - [06/Oct/2021:10:19:00 +0200] "POST /docheckout HTTP/1.1" 200 68 "http://renault.activities.at/checkout" "Mozilla/5.0 (Windows NT 10.0; Win64; x64) AppleWebKit/537.36 (KHTML, like Gecko) Chrome/91.0.4472.124 Safari/537.36"
138.21.12.24 - - [06/Oct/2021:10:19:03 +0200] "GET /success HTTP/1.1" 200 3780 "http://renault.activities.at/checkout" "Mozilla/5.0 (Windows NT 10.0; Win64; x64) AppleWebKit/537.36 (KHTML, like Gecko) Chrome/91.0.4472.124 Safari/537.36"
138.21.12.24 - - [06/Oct/2021:10:19:13 +0200] "POST /axjaxrequest?mode=suggest HTTP/1.1" 200 21 "http://renault.activities.at/success" "Mozilla/5.0 (Windows NT 10.0; Win64; x64) AppleWebKit/537.36 (KHTML, like Gecko) Chrome/91.0.4472.124 Safari/537.36"
138.21.12.24 - - [06/Oct/2021:10:19:13 +0200] "GET /result?searchterm=true&search=hochformat HTTP/1.1" 200 6632 "http://renault.activities.at/success" "Mozilla/5.0 (Windows NT 10.0; Win64; x64) AppleWebKit/537.36 (KHTML, like Gecko) Chrome/91.0.4472.124 Safari/537.36"
138.21.12.24 - - [06/Oct/2021:10:19:16 +0200] "GET /loadthumbnail.php?id=12463094&width=50&height=50 HTTP/1.1" 200 1118 "http://renault.activities.at/result?searchterm=true&search=hochformat" "Mozilla/5.0 (Windows NT 10.0; Win64; x64) AppleWebKit/537.36 (KHTML, like Gecko) Chrome/91.0.4472.124 Safari/537.36"
138.21.12.24 - - [06/Oct/2021:10:19:16 +0200] "GET /loadthumbnail.php?id=12463078&width=50&height=50 HTTP/1.1" 200 1207 "http://renault.activities.at/result?searchterm=true&search=hochformat" "Mozilla/5.0 (Windows NT 10.0; Win64; x64) AppleWebKit/537.36 (KHTML, like Gecko) Chrome/91.0.4472.124 Safari/537.36"
138.21.12.24 - - [06/Oct/2021:10:19:16 +0200] "GET /loadthumbnail.php?id=12463086&width=50&height=50 HTTP/1.1" 200 1150 "http://renault.activities.at/result?searchterm=true&search=hochformat" "Mozilla/5.0 (Windows NT 10.0; Win64; x64) AppleWebKit/537.36 (KHTML, like Gecko) Chrome/91.0.4472.124 Safari/537.36"
138.21.12.24 - - [06/Oct/2021:10:19:13 +0200] "POST /axjaxrequest?mode=suggest HTTP/1.1" 200 113 "http://renault.activities.at/success" "Mozilla/5.0 (Windows NT 10.0; Win64; x64) AppleWebKit/537.36 (KHTML, like Gecko) Chrome/91.0.4472.124 Safari/537.36"
138.21.12.24 - - [06/Oct/2021:10:19:20 +0200] "GET /12463075?print=true HTTP/1.1" 200 2646 "http://renault.activities.at/result?searchterm=true&search=hochformat" "Mozilla/5.0 (Windows NT 10.0; Win64; x64) AppleWebKit/537.36 (KHTML, like Gecko) Chrome/91.0.4472.124 Safari/537.36"
138.21.12.24 - - [06/Oct/2021:10:19:23 +0200] "GET /loadthumbnail.php?id=12463078&width=250 HTTP/1.1" 200 19174 "http://renault.activities.at/12463075?print=true" "Mozilla/5.0 (Windows NT 10.0; Win64; x64) AppleWebKit/537.36 (KHTML, like Gecko) Chrome/91.0.4472.124 Safari/537.36"
138.21.12.24 - - [06/Oct/2021:10:19:23 +0200] "GET /loadthumbnail.php?id=12463078&width=900&height=900 HTTP/1.1" 200 91681 "http://renault.activities.at/12463075?print=true" "Mozilla/5.0 (Windows NT 10.0; Win64; x64) AppleWebKit/537.36 (KHTML, like Gecko) Chrome/91.0.4472.124 Safari/537.36"
138.21.12.24 - - [06/Oct/2021:10:19:30 +0200] "GET /account HTTP/1.1" 200 6083 "http://renault.activities.at/result?searchterm=true&search=hochformat" "Mozilla/5.0 (Windows NT 10.0; Win64; x64) AppleWebKit/537.36 (KHTML, like Gecko) Chrome/91.0.4472.124 Safari/537.36"
138.21.12.24 - - [06/Oct/2021:10:19:35 +0200] "POST /editaccount HTTP/1.1" 200 5603 "http://renault.activities.at/account" "Mozilla/5.0 (Windows NT 10.0; Win64; x64) AppleWebKit/537.36 (KHTML, like Gecko) Chrome/91.0.4472.124 Safari/537.36"
91.114.96.114 - - [06/Oct/2021:10:19:37 +0200] "GET /reload?ser=1633508374994 HTTP/1.1" 200 28 "http://renault.activities.at/account" "Mozilla/5.0 (Windows NT 10.0; Win64; x64) AppleWebKit/537.36 (KHTML, like Gecko) Chrome/94.0.4606.71 Safari/537.36 Edg/94.0.992.38"
138.21.12.24 - - [06/Oct/2021:10:19:43 +0200] "GET /account HTTP/1.1" 200 6083 "http://renault.activities.at/editaccount" "Mozilla/5.0 (Windows NT 10.0; Win64; x64) AppleWebKit/537.36 (KHTML, like Gecko) Chrome/91.0.4472.124 Safari/537.36"
138.21.12.24 - - [06/Oct/2021:10:19:56 +0200] "GET /address HTTP/1.1" 200 5367 "http://renault.activities.at/account" "Mozilla/5.0 (Windows NT 10.0; Win64; x64) AppleWebKit/537.36 (KHTML, like Gecko) Chrome/91.0.4472.124 Safari/537.36"
138.21.12.24 - - [06/Oct/2021:10:20:07 +0200] "GET /logout HTTP/1.1" 302 140 "http://renault.activities.at/address" "Mozilla/5.0 (Windows NT 10.0; Win64; x64) AppleWebKit/537.36 (KHTML, like Gecko) Chrome/91.0.4472.124 Safari/537.36"
138.21.12.24 - - [06/Oct/2021:10:20:08 +0200] "GET /logout HTTP/1.1" 200 1583 "http://renault.activities.at/address" "Mozilla/5.0 (Windows NT 10.0; Win64; x64) AppleWebKit/537.36 (KHTML, like Gecko) Chrome/91.0.4472.124 Safari/537.36"
18.209.105.120 - - [06/Oct/2021:10:20:15 +0200] "GET / HTTP/1.1" 200 12017 "-" "Mozilla/5.0 (Windows NT 6.1; Win64; x64) AppleWebKit/537.36 (KHTML, like Gecko) Chrome/72.0.3626.109 Safari/537.36"
91.114.96.114 - - [06/Oct/2021:10:20:38 +0200] "GET /reload?ser=1633508436147 HTTP/1.1" 200 28 "http://renault.activities.at/account" "Mozilla/5.0 (Windows NT 10.0; Win64; x64) AppleWebKit/537.36 (KHTML, like Gecko) Chrome/94.0.4606.71 Safari/537.36 Edg/94.0.992.38"
91.114.96.114 - - [06/Oct/2021:10:21:39 +0200] "GET /reload?ser=1633508497100 HTTP/1.1" 200 28 "http://renault.activities.at/account" "Mozilla/5.0 (Windows NT 10.0; Win64; x64) AppleWebKit/537.36 (KHTML, like Gecko) Chrome/94.0.4606.71 Safari/537.36 Edg/94.0.992.38"
91.114.96.114 - - [06/Oct/2021:10:22:40 +0200] "GET /reload?ser=1633508558138 HTTP/1.1" 200 28 "http://renault.activities.at/account" "Mozilla/5.0 (Windows NT 10.0; Win64; x64) AppleWebKit/537.36 (KHTML, like Gecko) Chrome/94.0.4606.71 Safari/537.36 Edg/94.0.992.38"
91.114.96.114 - - [06/Oct/2021:10:23:41 +0200] "GET /reload?ser=1633508619139 HTTP/1.1" 200 28 "http://renault.activities.at/account" "Mozilla/5.0 (Windows NT 10.0; Win64; x64) AppleWebKit/537.36 (KHTML, like Gecko) Chrome/94.0.4606.71 Safari/537.36 Edg/94.0.992.38"
91.114.96.114 - - [06/Oct/2021:10:24:42 +0200] "GET /reload?ser=1633508680126 HTTP/1.1" 200 28 "http://renault.activities.at/account" "Mozilla/5.0 (Windows NT 10.0; Win64; x64) AppleWebKit/537.36 (KHTML, like Gecko) Chrome/94.0.4606.71 Safari/537.36 Edg/94.0.992.38"
91.114.96.114 - - [06/Oct/2021:10:25:43 +0200] "GET /reload?ser=1633508741136 HTTP/1.1" 200 28 "http://renault.activities.at/account" "Mozilla/5.0 (Windows NT 10.0; Win64; x64) AppleWebKit/537.36 (KHTML, like Gecko) Chrome/94.0.4606.71 Safari/537.36 Edg/94.0.992.38"
91.114.96.114 - - [06/Oct/2021:10:26:45 +0200] "GET /reload?ser=1633508803126 HTTP/1.1" 200 28 "http://renault.activities.at/account" "Mozilla/5.0 (Windows NT 10.0; Win64; x64) AppleWebKit/537.36 (KHTML, like Gecko) Chrome/94.0.4606.71 Safari/537.36 Edg/94.0.992.38"
91.114.96.114 - - [06/Oct/2021:10:27:47 +0200] "GET /reload?ser=1633508865129 HTTP/1.1" 200 28 "http://renault.activities.at/account" "Mozilla/5.0 (Windows NT 10.0; Win64; x64) AppleWebKit/537.36 (KHTML, like Gecko) Chrome/94.0.4606.71 Safari/537.36 Edg/94.0.992.38"
91.114.96.114 - - [06/Oct/2021:10:28:49 +0200] "GET /reload?ser=1633508927129 HTTP/1.1" 200 28 "http://renault.activities.at/account" "Mozilla/5.0 (Windows NT 10.0; Win64; x64) AppleWebKit/537.36 (KHTML, like Gecko) Chrome/94.0.4606.71 Safari/537.36 Edg/94.0.992.38"
40.77.167.100 - - [06/Oct/2021:10:29:25 +0200] "GET / HTTP/1.1" 200 3086 "-" "Mozilla/5.0 (compatible; bingbot/2.0; +http://www.bing.com/bingbot.htm)"
91.114.96.114 - - [06/Oct/2021:10:29:51 +0200] "GET /reload?ser=1633508989124 HTTP/1.1" 200 28 "http://renault.activities.at/account" "Mozilla/5.0 (Windows NT 10.0; Win64; x64) AppleWebKit/537.36 (KHTML, like Gecko) Chrome/94.0.4606.71 Safari/537.36 Edg/94.0.992.38"
91.114.96.114 - - [06/Oct/2021:10:30:53 +0200] "GET /reload?ser=1633509051128 HTTP/1.1" 200 28 "http://renault.activities.at/account" "Mozilla/5.0 (Windows NT 10.0; Win64; x64) AppleWebKit/537.36 (KHTML, like Gecko) Chrome/94.0.4606.71 Safari/537.36 Edg/94.0.992.38"
80.120.5.131 - - [06/Oct/2021:10:31:48 +0200] "GET / HTTP/1.1" 200 3086 "https://www.google.com/" "Mozilla/5.0 (Windows NT 10.0; Win64; x64) AppleWebKit/537.36 (KHTML, like Gecko) Chrome/94.0.4606.61 Safari/537.36"
80.120.5.131 - - [06/Oct/2021:10:31:49 +0200] "GET /js/flashdetection.js HTTP/1.1" 200 1059 "http://renault.activities.at/" "Mozilla/5.0 (Windows NT 10.0; Win64; x64) AppleWebKit/537.36 (KHTML, like Gecko) Chrome/94.0.4606.61 Safari/537.36"
80.120.5.131 - - [06/Oct/2021:10:31:49 +0200] "GET /css/reset.css HTTP/1.1" 200 1356 "http://renault.activities.at/" "Mozilla/5.0 (Windows NT 10.0; Win64; x64) AppleWebKit/537.36 (KHTML, like Gecko) Chrome/94.0.4606.61 Safari/537.36"
80.120.5.131 - - [06/Oct/2021:10:31:49 +0200] "GET /css/clears.css HTTP/1.1" 200 851 "http://renault.activities.at/" "Mozilla/5.0 (Windows NT 10.0; Win64; x64) AppleWebKit/537.36 (KHTML, like Gecko) Chrome/94.0.4606.61 Safari/537.36"
80.120.5.131 - - [06/Oct/2021:10:31:49 +0200] "GET /css/styles.css HTTP/1.1" 200 14664 "http://renault.activities.at/" "Mozilla/5.0 (Windows NT 10.0; Win64; x64) AppleWebKit/537.36 (KHTML, like Gecko) Chrome/94.0.4606.61 Safari/537.36"
80.120.5.131 - - [06/Oct/2021:10:31:49 +0200] "GET /js/default.js HTTP/1.1" 200 14698 "http://renault.activities.at/" "Mozilla/5.0 (Windows NT 10.0; Win64; x64) AppleWebKit/537.36 (KHTML, like Gecko) Chrome/94.0.4606.61 Safari/537.36"
80.120.5.131 - - [06/Oct/2021:10:31:50 +0200] "GET /js/checkout.css HTTP/1.1" 200 359 "http://renault.activities.at/" "Mozilla/5.0 (Windows NT 10.0; Win64; x64) AppleWebKit/537.36 (KHTML, like Gecko) Chrome/94.0.4606.61 Safari/537.36"
80.120.5.131 - - [06/Oct/2021:10:31:50 +0200] "GET /css/prototip.css HTTP/1.1" 200 968 "http://renault.activities.at/" "Mozilla/5.0 (Windows NT 10.0; Win64; x64) AppleWebKit/537.36 (KHTML, like Gecko) Chrome/94.0.4606.61 Safari/537.36"
80.120.5.131 - - [06/Oct/2021:10:31:50 +0200] "GET /css/themes/default.css HTTP/1.1" 200 769 "http://renault.activities.at/" "Mozilla/5.0 (Windows NT 10.0; Win64; x64) AppleWebKit/537.36 (KHTML, like Gecko) Chrome/94.0.4606.61 Safari/537.36"
80.120.5.131 - - [06/Oct/2021:10:31:50 +0200] "GET /css/themes/alphacube.css HTTP/1.1" 200 743 "http://renault.activities.at/" "Mozilla/5.0 (Windows NT 10.0; Win64; x64) AppleWebKit/537.36 (KHTML, like Gecko) Chrome/94.0.4606.61 Safari/537.36"
80.120.5.131 - - [06/Oct/2021:10:31:49 +0200] "GET /js/index.php?c=auto&f=,prototype/prototype.js,prototype/validation.js,scriptaculous/builder.js,scriptaculous/effects.js,scriptaculous/dragdrop.js,scriptaculous/controls.js,scriptaculous/slider.js,varien/js.js,varien/form.js,varien/menu.js,mage/translate.js,mage/cookies.js,varien/product.js,spinner/SpinnerControl.jsmin.js,prototype/window.js,prototype/window_ext.js HTTP/1.1" 200 94182 "http://renault.activities.at/" "Mozilla/5.0 (Windows NT 10.0; Win64; x64) AppleWebKit/537.36 (KHTML, like Gecko) Chrome/94.0.4606.61 Safari/537.36"
80.120.5.131 - - [06/Oct/2021:10:31:50 +0200] "GET / HTTP/1.1" 200 3086 "https://www.google.com/" "Mozilla/5.0 (Windows NT 10.0; Win64; x64) AppleWebKit/537.36 (KHTML, like Gecko) Chrome/94.0.4606.61 Safari/537.36"
