178.188.57.42 - - [07/Oct/2021:14:41:04 +0200] "POST /login HTTP/1.1" 302 140 "http://renault.activities.at/login" "Mozilla/5.0 (Windows NT 6.1) AppleWebKit/537.36 (KHTML, like Gecko) Chrome/94.0.4606.71 Safari/537.36"
178.188.57.42 - - [07/Oct/2021:14:41:08 +0200] "GET /account HTTP/1.1" 200 5927 "http://renault.activities.at/login" "Mozilla/5.0 (Windows NT 6.1) AppleWebKit/537.36 (KHTML, like Gecko) Chrome/94.0.4606.71 Safari/537.36"
178.188.57.42 - - [07/Oct/2021:14:41:10 +0200] "GET /js/account.js HTTP/1.1" 200 953 "http://renault.activities.at/account" "Mozilla/5.0 (Windows NT 6.1) AppleWebKit/537.36 (KHTML, like Gecko) Chrome/94.0.4606.71 Safari/537.36"
178.188.57.42 - - [07/Oct/2021:14:41:10 +0200] "GET /images/top_links_divider.gif HTTP/1.1" 200 44 "http://renault.activities.at/css/styles.css" "Mozilla/5.0 (Windows NT 6.1) AppleWebKit/537.36 (KHTML, like Gecko) Chrome/94.0.4606.71 Safari/537.36"
178.188.57.42 - - [07/Oct/2021:14:41:10 +0200] "GET /images/menu_button_bg.jpg HTTP/1.1" 200 322 "http://renault.activities.at/css/styles.css" "Mozilla/5.0 (Windows NT 6.1) AppleWebKit/537.36 (KHTML, like Gecko) Chrome/94.0.4606.71 Safari/537.36"
178.188.57.42 - - [07/Oct/2021:14:41:10 +0200] "GET /images/nav_divider.gif HTTP/1.1" 200 43 "http://renault.activities.at/css/styles.css" "Mozilla/5.0 (Windows NT 6.1) AppleWebKit/537.36 (KHTML, like Gecko) Chrome/94.0.4606.71 Safari/537.36"
178.188.57.42 - - [07/Oct/2021:14:41:10 +0200] "GET /images/menu_divider.gif HTTP/1.1" 200 176 "http://renault.activities.at/css/styles.css" "Mozilla/5.0 (Windows NT 6.1) AppleWebKit/537.36 (KHTML, like Gecko) Chrome/94.0.4606.71 Safari/537.36"
178.188.57.42 - - [07/Oct/2021:14:41:10 +0200] "GET /images/search_bg.gif HTTP/1.1" 200 1726 "http://renault.activities.at/css/styles.css" "Mozilla/5.0 (Windows NT 6.1) AppleWebKit/537.36 (KHTML, like Gecko) Chrome/94.0.4606.71 Safari/537.36"
178.188.57.42 - - [07/Oct/2021:14:41:10 +0200] "GET /images/sidebar_title_border.gif HTTP/1.1" 200 43 "http://renault.activities.at/css/styles.css" "Mozilla/5.0 (Windows NT 6.1) AppleWebKit/537.36 (KHTML, like Gecko) Chrome/94.0.4606.71 Safari/537.36"
178.188.57.42 - - [07/Oct/2021:14:41:10 +0200] "GET /images/sidebar_title_border_top.gif HTTP/1.1" 200 155 "http://renault.activities.at/css/styles.css" "Mozilla/5.0 (Windows NT 6.1) AppleWebKit/537.36 (KHTML, like Gecko) Chrome/94.0.4606.71 Safari/537.36"
178.188.57.42 - - [07/Oct/2021:14:41:10 +0200] "GET /images/sidebar_title_corner_left_top.gif HTTP/1.1" 200 1124 "http://renault.activities.at/css/styles.css" "Mozilla/5.0 (Windows NT 6.1) AppleWebKit/537.36 (KHTML, like Gecko) Chrome/94.0.4606.71 Safari/537.36"
178.188.57.42 - - [07/Oct/2021:14:41:10 +0200] "GET /images/sidebar_title_corner_right_top.gif HTTP/1.1" 200 383 "http://renault.activities.at/css/styles.css" "Mozilla/5.0 (Windows NT 6.1) AppleWebKit/537.36 (KHTML, like Gecko) Chrome/94.0.4606.71 Safari/537.36"
178.188.57.42 - - [07/Oct/2021:14:41:10 +0200] "GET /loadthumbnail.php?id=12243600&width=50&height=50 HTTP/1.1" 200 1393 "http://renault.activities.at/account" "Mozilla/5.0 (Windows NT 6.1) AppleWebKit/537.36 (KHTML, like Gecko) Chrome/94.0.4606.71 Safari/537.36"
178.188.57.42 - - [07/Oct/2021:14:41:10 +0200] "GET /images/footer_divider.gif HTTP/1.1" 200 44 "http://renault.activities.at/css/styles.css" "Mozilla/5.0 (Windows NT 6.1) AppleWebKit/537.36 (KHTML, like Gecko) Chrome/94.0.4606.71 Safari/537.36"
157.97.69.246 - - [07/Oct/2021:14:41:15 +0200] "GET /address HTTP/1.1" 200 5193 "http://renault.activities.at/account" "Mozilla/5.0 (Windows NT 10.0; Win64; x64) AppleWebKit/537.36 (KHTML, like Gecko) Chrome/94.0.4606.71 Safari/537.36"
80.122.221.194 - - [07/Oct/2021:14:41:19 +0200] "GET /reload?ser=1633610479466 HTTP/1.1" 200 28 "http://renault.activities.at/result?searchterm=true&search=Duster" "Mozilla/5.0 (Windows NT 10.0; Win64; x64) AppleWebKit/537.36 (KHTML, like Gecko) Chrome/93.0.4577.63 Safari/537.36 Edg/93.0.961.47"
157.97.69.246 - - [07/Oct/2021:14:41:25 +0200] "GET /imprintaddress HTTP/1.1" 200 6770 "http://renault.activities.at/address" "Mozilla/5.0 (Windows NT 10.0; Win64; x64) AppleWebKit/537.36 (KHTML, like Gecko) Chrome/94.0.4606.71 Safari/537.36"
80.120.210.180 - - [07/Oct/2021:14:41:26 +0200] "GET /reload?ser=1633610486677 HTTP/1.1" 200 28 "http://renault.activities.at/result?searchterm=true&search=vfw+kleber" "Mozilla/5.0 (Windows NT 10.0; WOW64; Trident/7.0; rv:11.0) like Gecko"
178.188.57.42 - - [07/Oct/2021:14:41:42 +0200] "POST /axjaxrequest?mode=suggest HTTP/1.1" 200 228 "http://renault.activities.at/account" "Mozilla/5.0 (Windows NT 6.1) AppleWebKit/537.36 (KHTML, like Gecko) Chrome/94.0.4606.71 Safari/537.36"
178.188.57.42 - - [07/Oct/2021:14:41:43 +0200] "GET /result?searchterm=true&search=service HTTP/1.1" 200 8551 "http://renault.activities.at/account" "Mozilla/5.0 (Windows NT 6.1) AppleWebKit/537.36 (KHTML, like Gecko) Chrome/94.0.4606.71 Safari/537.36"
178.188.57.42 - - [07/Oct/2021:14:41:46 +0200] "GET /js/prototip.js HTTP/1.1" 200 4588 "http://renault.activities.at/result?searchterm=true&search=service" "Mozilla/5.0 (Windows NT 6.1) AppleWebKit/537.36 (KHTML, like Gecko) Chrome/94.0.4606.71 Safari/537.36"
178.188.57.42 - - [07/Oct/2021:14:41:46 +0200] "GET /js/ProduktGrp.js HTTP/1.1" 200 1569 "http://renault.activities.at/result?searchterm=true&search=service" "Mozilla/5.0 (Windows NT 6.1) AppleWebKit/537.36 (KHTML, like Gecko) Chrome/94.0.4606.71 Safari/537.36"
178.188.57.42 - - [07/Oct/2021:14:41:46 +0200] "GET /images/loading.gif HTTP/1.1" 200 3208 "http://renault.activities.at/result?searchterm=true&search=service" "Mozilla/5.0 (Windows NT 6.1) AppleWebKit/537.36 (KHTML, like Gecko) Chrome/94.0.4606.71 Safari/537.36"
178.188.57.42 - - [07/Oct/2021:14:41:46 +0200] "GET /images/vista-dn.gif HTTP/1.1" 200 128 "http://renault.activities.at/css/styles.css" "Mozilla/5.0 (Windows NT 6.1) AppleWebKit/537.36 (KHTML, like Gecko) Chrome/94.0.4606.71 Safari/537.36"
178.188.57.42 - - [07/Oct/2021:14:41:46 +0200] "GET /images/pager_bg.gif HTTP/1.1" 200 150 "http://renault.activities.at/css/styles.css" "Mozilla/5.0 (Windows NT 6.1) AppleWebKit/537.36 (KHTML, like Gecko) Chrome/94.0.4606.71 Safari/537.36"
178.188.57.42 - - [07/Oct/2021:14:41:46 +0200] "GET /images/vista-up.gif HTTP/1.1" 200 131 "http://renault.activities.at/css/styles.css" "Mozilla/5.0 (Windows NT 6.1) AppleWebKit/537.36 (KHTML, like Gecko) Chrome/94.0.4606.71 Safari/537.36"
178.188.57.42 - - [07/Oct/2021:14:41:46 +0200] "GET /loadthumbnail.php?id=10203255 HTTP/1.1" 200 137 "http://renault.activities.at/result?searchterm=true&search=service" "Mozilla/5.0 (Windows NT 6.1) AppleWebKit/537.36 (KHTML, like Gecko) Chrome/94.0.4606.71 Safari/537.36"
178.188.57.42 - - [07/Oct/2021:14:41:46 +0200] "GET /loadthumbnail.php?id=12230337&width=113 HTTP/1.1" 200 2209 "http://renault.activities.at/result?searchterm=true&search=service" "Mozilla/5.0 (Windows NT 6.1) AppleWebKit/537.36 (KHTML, like Gecko) Chrome/94.0.4606.71 Safari/537.36"
178.188.57.42 - - [07/Oct/2021:14:41:46 +0200] "GET /loadthumbnail.php?id=11461719&width=113 HTTP/1.1" 200 32753 "http://renault.activities.at/result?searchterm=true&search=service" "Mozilla/5.0 (Windows NT 6.1) AppleWebKit/537.36 (KHTML, like Gecko) Chrome/94.0.4606.71 Safari/537.36"
178.188.57.42 - - [07/Oct/2021:14:41:46 +0200] "GET /loadthumbnail.php?id=12230318&width=113 HTTP/1.1" 200 2255 "http://renault.activities.at/result?searchterm=true&search=service" "Mozilla/5.0 (Windows NT 6.1) AppleWebKit/537.36 (KHTML, like Gecko) Chrome/94.0.4606.71 Safari/537.36"
178.188.57.42 - - [07/Oct/2021:14:41:46 +0200] "GET /loadthumbnail.php?id=11075492&width=113 HTTP/1.1" 200 2349 "http://renault.activities.at/result?searchterm=true&search=service" "Mozilla/5.0 (Windows NT 6.1) AppleWebKit/537.36 (KHTML, like Gecko) Chrome/94.0.4606.71 Safari/537.36"
178.188.57.42 - - [07/Oct/2021:14:41:47 +0200] "GET /loadthumbnail.php?id=12094811&width=113 HTTP/1.1" 200 27912 "http://renault.activities.at/result?searchterm=true&search=service" "Mozilla/5.0 (Windows NT 6.1) AppleWebKit/537.36 (KHTML, like Gecko) Chrome/94.0.4606.71 Safari/537.36"
178.188.57.42 - - [07/Oct/2021:14:41:47 +0200] "GET /loadthumbnail.php?id=12010095&width=113 HTTP/1.1" 200 20832 "http://renault.activities.at/result?searchterm=true&search=service" "Mozilla/5.0 (Windows NT 6.1) AppleWebKit/537.36 (KHTML, like Gecko) Chrome/94.0.4606.71 Safari/537.36"
178.188.57.42 - - [07/Oct/2021:14:41:47 +0200] "GET /loadthumbnail.php?id=12088443&width=113 HTTP/1.1" 200 7201 "http://renault.activities.at/result?searchterm=true&search=service" "Mozilla/5.0 (Windows NT 6.1) AppleWebKit/537.36 (KHTML, like Gecko) Chrome/94.0.4606.71 Safari/537.36"
178.188.57.42 - - [07/Oct/2021:14:41:47 +0200] "GET /loadthumbnail.php?id=12230577&width=113 HTTP/1.1" 200 1374 "http://renault.activities.at/result?searchterm=true&search=service" "Mozilla/5.0 (Windows NT 6.1) AppleWebKit/537.36 (KHTML, like Gecko) Chrome/94.0.4606.71 Safari/537.36"
178.188.57.42 - - [07/Oct/2021:14:41:47 +0200] "GET /loadthumbnail.php?id=12094749&width=113 HTTP/1.1" 200 15117 "http://renault.activities.at/result?searchterm=true&search=service" "Mozilla/5.0 (Windows NT 6.1) AppleWebKit/537.36 (KHTML, like Gecko) Chrome/94.0.4606.71 Safari/537.36"
178.188.57.42 - - [07/Oct/2021:14:41:47 +0200] "GET /loadthumbnail.php?id=12388135&width=113 HTTP/1.1" 200 1381 "http://renault.activities.at/result?searchterm=true&search=service" "Mozilla/5.0 (Windows NT 6.1) AppleWebKit/537.36 (KHTML, like Gecko) Chrome/94.0.4606.71 Safari/537.36"
178.188.57.42 - - [07/Oct/2021:14:41:47 +0200] "GET /loadthumbnail.php?id=12388134&width=113 HTTP/1.1" 200 1524 "http://renault.activities.at/result?searchterm=true&search=service" "Mozilla/5.0 (Windows NT 6.1) AppleWebKit/537.36 (KHTML, like Gecko) Chrome/94.0.4606.71 Safari/537.36"
178.188.57.42 - - [07/Oct/2021:14:41:47 +0200] "GET /loadthumbnail.php?id=11730248&width=113 HTTP/1.1" 200 4910 "http://renault.activities.at/result?searchterm=true&search=service" "Mozilla/5.0 (Windows NT 6.1) AppleWebKit/537.36 (KHTML, like Gecko) Chrome/94.0.4606.71 Safari/537.36"
178.188.57.42 - - [07/Oct/2021:14:41:47 +0200] "GET /loadthumbnail.php?id=12250795&width=113 HTTP/1.1" 200 1501 "http://renault.activities.at/result?searchterm=true&search=service" "Mozilla/5.0 (Windows NT 6.1) AppleWebKit/537.36 (KHTML, like Gecko) Chrome/94.0.4606.71 Safari/537.36"
178.188.57.42 - - [07/Oct/2021:14:41:47 +0200] "GET /loadthumbnail.php?id=12250803&width=113 HTTP/1.1" 200 1475 "http://renault.activities.at/result?searchterm=true&search=service" "Mozilla/5.0 (Windows NT 6.1) AppleWebKit/537.36 (KHTML, like Gecko) Chrome/94.0.4606.71 Safari/537.36"
178.188.57.42 - - [07/Oct/2021:14:41:47 +0200] "GET /loadthumbnail.php?id=10633817&width=113 HTTP/1.1" 200 2614 "http://renault.activities.at/result?searchterm=true&search=service" "Mozilla/5.0 (Windows NT 6.1) AppleWebKit/537.36 (KHTML, like Gecko) Chrome/94.0.4606.71 Safari/537.36"
193.194.132.29 - - [07/Oct/2021:14:41:57 +0200] "GET /reload?ser=1633610516982 HTTP/1.1" 200 28 "http://renault.2web.at/account" "Mozilla/5.0 (Windows NT 10.0; Win64; x64) AppleWebKit/537.36 (KHTML, like Gecko) Chrome/94.0.4606.71 Safari/537.36"
178.188.57.42 - - [07/Oct/2021:14:42:02 +0200] "GET /images/vista-up-hover.gif HTTP/1.1" 200 130 "http://renault.activities.at/css/styles.css" "Mozilla/5.0 (Windows NT 6.1) AppleWebKit/537.36 (KHTML, like Gecko) Chrome/94.0.4606.71 Safari/537.36"
178.188.57.42 - - [07/Oct/2021:14:41:59 +0200] "GET /result?dir=DESC&mode=grid&order=name&limit=50&search=service HTTP/1.1" 200 8552 "http://renault.activities.at/result?searchterm=true&search=service" "Mozilla/5.0 (Windows NT 6.1) AppleWebKit/537.36 (KHTML, like Gecko) Chrome/94.0.4606.71 Safari/537.36"
157.97.69.246 - - [07/Oct/2021:14:42:14 +0200] "GET /address HTTP/1.1" 200 5193 "http://renault.activities.at/account" "Mozilla/5.0 (Windows NT 10.0; Win64; x64) AppleWebKit/537.36 (KHTML, like Gecko) Chrome/94.0.4606.71 Safari/537.36"
80.122.221.194 - - [07/Oct/2021:14:42:20 +0200] "GET /reload?ser=1633610540421 HTTP/1.1" 200 28 "http://renault.activities.at/result?searchterm=true&search=Duster" "Mozilla/5.0 (Windows NT 10.0; Win64; x64) AppleWebKit/537.36 (KHTML, like Gecko) Chrome/93.0.4577.63 Safari/537.36 Edg/93.0.961.47"
80.120.210.180 - - [07/Oct/2021:14:42:27 +0200] "GET /reload?ser=1633610547641 HTTP/1.1" 200 28 "http://renault.activities.at/result?searchterm=true&search=vfw+kleber" "Mozilla/5.0 (Windows NT 10.0; WOW64; Trident/7.0; rv:11.0) like Gecko"
178.188.57.42 - - [07/Oct/2021:14:42:42 +0200] "POST /axjaxrequest?mode=suggest HTTP/1.1" 200 128 "http://renault.activities.at/result?dir=DESC&mode=grid&order=name&limit=50&search=service" "Mozilla/5.0 (Windows NT 6.1) AppleWebKit/537.36 (KHTML, like Gecko) Chrome/94.0.4606.71 Safari/537.36"
178.188.57.42 - - [07/Oct/2021:14:42:47 +0200] "GET /result?searchterm=true&search=Motorraumaufh%E4nger HTTP/1.1" 200 6180 "http://renault.activities.at/result?dir=DESC&mode=grid&order=name&limit=50&search=service" "Mozilla/5.0 (Windows NT 6.1) AppleWebKit/537.36 (KHTML, like Gecko) Chrome/94.0.4606.71 Safari/537.36"
178.188.57.42 - - [07/Oct/2021:14:42:48 +0200] "GET /loadthumbnail.php?id=12243596&width=113 HTTP/1.1" 200 2926 "http://renault.activities.at/result?searchterm=true&search=Motorraumaufh%E4nger" "Mozilla/5.0 (Windows NT 6.1) AppleWebKit/537.36 (KHTML, like Gecko) Chrome/94.0.4606.71 Safari/537.36"
178.188.57.42 - - [07/Oct/2021:14:42:48 +0200] "GET /loadthumbnail.php?id=12243604&width=113 HTTP/1.1" 200 3094 "http://renault.activities.at/result?searchterm=true&search=Motorraumaufh%E4nger" "Mozilla/5.0 (Windows NT 6.1) AppleWebKit/537.36 (KHTML, like Gecko) Chrome/94.0.4606.71 Safari/537.36"
178.188.57.42 - - [07/Oct/2021:14:42:48 +0200] "GET /loadthumbnail.php?id=12243600&width=113 HTTP/1.1" 200 3157 "http://renault.activities.at/result?searchterm=true&search=Motorraumaufh%E4nger" "Mozilla/5.0 (Windows NT 6.1) AppleWebKit/537.36 (KHTML, like Gecko) Chrome/94.0.4606.71 Safari/537.36"
178.188.57.42 - - [07/Oct/2021:14:42:56 +0200] "GET /images/vista-dn-hover.gif HTTP/1.1" 200 127 "http://renault.activities.at/css/styles.css" "Mozilla/5.0 (Windows NT 6.1) AppleWebKit/537.36 (KHTML, like Gecko) Chrome/94.0.4606.71 Safari/537.36"
157.97.69.246 - - [07/Oct/2021:14:42:54 +0200] "GET /account HTTP/1.1" 200 5893 "http://renault.activities.at/address" "Mozilla/5.0 (Windows NT 10.0; Win64; x64) AppleWebKit/537.36 (KHTML, like Gecko) Chrome/94.0.4606.71 Safari/537.36"
157.97.69.246 - - [07/Oct/2021:14:42:58 +0200] "GET /address HTTP/1.1" 200 5193 "http://renault.activities.at/account" "Mozilla/5.0 (Windows NT 10.0; Win64; x64) AppleWebKit/537.36 (KHTML, like Gecko) Chrome/94.0.4606.71 Safari/537.36"
193.194.132.29 - - [07/Oct/2021:14:42:59 +0200] "GET /reload?ser=1633610578978 HTTP/1.1" 200 28 "http://renault.2web.at/account" "Mozilla/5.0 (Windows NT 10.0; Win64; x64) AppleWebKit/537.36 (KHTML, like Gecko) Chrome/94.0.4606.71 Safari/537.36"
157.97.69.246 - - [07/Oct/2021:14:43:03 +0200] "GET /imprintaddress HTTP/1.1" 200 6770 "http://renault.activities.at/address" "Mozilla/5.0 (Windows NT 10.0; Win64; x64) AppleWebKit/537.36 (KHTML, like Gecko) Chrome/94.0.4606.71 Safari/537.36"
178.188.57.42 - - [07/Oct/2021:14:43:06 +0200] "GET /orders HTTP/1.1" 200 5465 "http://renault.activities.at/result?searchterm=true&search=Motorraumaufh%E4nger" "Mozilla/5.0 (Windows NT 6.1) AppleWebKit/537.36 (KHTML, like Gecko) Chrome/94.0.4606.71 Safari/537.36"
178.188.57.42 - - [07/Oct/2021:14:43:08 +0200] "GET /loadthumbnail.php?id=10203276 HTTP/1.1" 200 75 "http://renault.activities.at/orders" "Mozilla/5.0 (Windows NT 6.1) AppleWebKit/537.36 (KHTML, like Gecko) Chrome/94.0.4606.71 Safari/537.36"
80.122.221.194 - - [07/Oct/2021:14:43:21 +0200] "GET /reload?ser=1633610601371 HTTP/1.1" 200 28 "http://renault.activities.at/result?searchterm=true&search=Duster" "Mozilla/5.0 (Windows NT 10.0; Win64; x64) AppleWebKit/537.36 (KHTML, like Gecko) Chrome/93.0.4577.63 Safari/537.36 Edg/93.0.961.47"
178.188.57.42 - - [07/Oct/2021:14:43:20 +0200] "GET /12465482 HTTP/1.1" 200 5604 "http://renault.activities.at/orders" "Mozilla/5.0 (Windows NT 6.1) AppleWebKit/537.36 (KHTML, like Gecko) Chrome/94.0.4606.71 Safari/537.36"
157.97.69.246 - - [07/Oct/2021:14:43:25 +0200] "GET /imprints HTTP/1.1" 200 6050 "http://renault.activities.at/imprintaddress" "Mozilla/5.0 (Windows NT 10.0; Win64; x64) AppleWebKit/537.36 (KHTML, like Gecko) Chrome/94.0.4606.71 Safari/537.36"
80.120.210.180 - - [07/Oct/2021:14:43:28 +0200] "GET /reload?ser=1633610608593 HTTP/1.1" 200 28 "http://renault.activities.at/result?searchterm=true&search=vfw+kleber" "Mozilla/5.0 (Windows NT 10.0; WOW64; Trident/7.0; rv:11.0) like Gecko"
178.188.57.42 - - [07/Oct/2021:14:43:29 +0200] "GET /orders HTTP/1.1" 200 5465 "http://renault.activities.at/result?searchterm=true&search=Motorraumaufh%E4nger" "Mozilla/5.0 (Windows NT 6.1) AppleWebKit/537.36 (KHTML, like Gecko) Chrome/94.0.4606.71 Safari/537.36"
178.188.57.42 - - [07/Oct/2021:14:43:32 +0200] "GET /12415503 HTTP/1.1" 200 5702 "http://renault.activities.at/orders" "Mozilla/5.0 (Windows NT 6.1) AppleWebKit/537.36 (KHTML, like Gecko) Chrome/94.0.4606.71 Safari/537.36"
178.188.57.42 - - [07/Oct/2021:14:43:41 +0200] "GET /orders HTTP/1.1" 200 5465 "http://renault.activities.at/result?searchterm=true&search=Motorraumaufh%E4nger" "Mozilla/5.0 (Windows NT 6.1) AppleWebKit/537.36 (KHTML, like Gecko) Chrome/94.0.4606.71 Safari/537.36"
178.188.57.42 - - [07/Oct/2021:14:43:44 +0200] "GET /12370141 HTTP/1.1" 200 5820 "http://renault.activities.at/orders" "Mozilla/5.0 (Windows NT 6.1) AppleWebKit/537.36 (KHTML, like Gecko) Chrome/94.0.4606.71 Safari/537.36"
178.188.57.42 - - [07/Oct/2021:14:43:47 +0200] "GET /images/icons/lupe.gif HTTP/1.1" 200 324 "http://renault.activities.at/12370141" "Mozilla/5.0 (Windows NT 6.1) AppleWebKit/537.36 (KHTML, like Gecko) Chrome/94.0.4606.71 Safari/537.36"
178.188.57.42 - - [07/Oct/2021:14:43:50 +0200] "GET /orders HTTP/1.1" 200 5465 "http://renault.activities.at/result?searchterm=true&search=Motorraumaufh%E4nger" "Mozilla/5.0 (Windows NT 6.1) AppleWebKit/537.36 (KHTML, like Gecko) Chrome/94.0.4606.71 Safari/537.36"
178.188.57.42 - - [07/Oct/2021:14:43:54 +0200] "GET /12356518 HTTP/1.1" 200 5789 "http://renault.activities.at/orders" "Mozilla/5.0 (Windows NT 6.1) AppleWebKit/537.36 (KHTML, like Gecko) Chrome/94.0.4606.71 Safari/537.36"
193.194.132.29 - - [07/Oct/2021:14:44:01 +0200] "GET /reload?ser=1633610640978 HTTP/1.1" 200 28 "http://renault.2web.at/account" "Mozilla/5.0 (Windows NT 10.0; Win64; x64) AppleWebKit/537.36 (KHTML, like Gecko) Chrome/94.0.4606.71 Safari/537.36"
178.188.57.42 - - [07/Oct/2021:14:44:00 +0200] "GET /orders HTTP/1.1" 200 5465 "http://renault.activities.at/result?searchterm=true&search=Motorraumaufh%E4nger" "Mozilla/5.0 (Windows NT 6.1) AppleWebKit/537.36 (KHTML, like Gecko) Chrome/94.0.4606.71 Safari/537.36"
178.188.57.42 - - [07/Oct/2021:14:44:05 +0200] "GET /12324151 HTTP/1.1" 200 5691 "http://renault.activities.at/orders" "Mozilla/5.0 (Windows NT 6.1) AppleWebKit/537.36 (KHTML, like Gecko) Chrome/94.0.4606.71 Safari/537.36"
178.188.57.42 - - [07/Oct/2021:14:44:12 +0200] "GET /orders HTTP/1.1" 200 5465 "http://renault.activities.at/result?searchterm=true&search=Motorraumaufh%E4nger" "Mozilla/5.0 (Windows NT 6.1) AppleWebKit/537.36 (KHTML, like Gecko) Chrome/94.0.4606.71 Safari/537.36"
178.188.57.42 - - [07/Oct/2021:14:44:16 +0200] "GET /12317521 HTTP/1.1" 200 5795 "http://renault.activities.at/orders" "Mozilla/5.0 (Windows NT 6.1) AppleWebKit/537.36 (KHTML, like Gecko) Chrome/94.0.4606.71 Safari/537.36"
80.122.221.194 - - [07/Oct/2021:14:44:22 +0200] "GET /reload?ser=1633610662314 HTTP/1.1" 200 28 "http://renault.activities.at/result?searchterm=true&search=Duster" "Mozilla/5.0 (Windows NT 10.0; Win64; x64) AppleWebKit/537.36 (KHTML, like Gecko) Chrome/93.0.4577.63 Safari/537.36 Edg/93.0.961.47"
157.97.69.246 - - [07/Oct/2021:14:44:27 +0200] "GET /reload?ser=1633610668151 HTTP/1.1" 200 28 "http://renault.activities.at/imprints" "Mozilla/5.0 (Windows NT 10.0; Win64; x64) AppleWebKit/537.36 (KHTML, like Gecko) Chrome/94.0.4606.71 Safari/537.36"
178.188.57.42 - - [07/Oct/2021:14:44:27 +0200] "GET /orders HTTP/1.1" 200 5465 "http://renault.activities.at/result?searchterm=true&search=Motorraumaufh%E4nger" "Mozilla/5.0 (Windows NT 6.1) AppleWebKit/537.36 (KHTML, like Gecko) Chrome/94.0.4606.71 Safari/537.36"
80.120.210.180 - - [07/Oct/2021:14:44:29 +0200] "GET /reload?ser=1633610669575 HTTP/1.1" 200 28 "http://renault.activities.at/result?searchterm=true&search=vfw+kleber" "Mozilla/5.0 (Windows NT 10.0; WOW64; Trident/7.0; rv:11.0) like Gecko"
178.188.57.42 - - [07/Oct/2021:14:44:31 +0200] "GET /12232054 HTTP/1.1" 200 5785 "http://renault.activities.at/orders" "Mozilla/5.0 (Windows NT 6.1) AppleWebKit/537.36 (KHTML, like Gecko) Chrome/94.0.4606.71 Safari/537.36"
178.188.57.42 - - [07/Oct/2021:14:44:54 +0200] "POST /cart HTTP/1.1" 200 5008 "http://renault.activities.at/12232054" "Mozilla/5.0 (Windows NT 6.1) AppleWebKit/537.36 (KHTML, like Gecko) Chrome/94.0.4606.71 Safari/537.36"
178.188.57.42 - - [07/Oct/2021:14:44:56 +0200] "GET /loadthumbnail.php?id=10232009&width=16&height=16 HTTP/1.1" 200 700 "http://renault.activities.at/cart" "Mozilla/5.0 (Windows NT 6.1) AppleWebKit/537.36 (KHTML, like Gecko) Chrome/94.0.4606.71 Safari/537.36"
178.188.57.42 - - [07/Oct/2021:14:44:56 +0200] "GET /loadthumbnail.php?id=11592506&width=100 HTTP/1.1" 200 14501 "http://renault.activities.at/cart" "Mozilla/5.0 (Windows NT 6.1) AppleWebKit/537.36 (KHTML, like Gecko) Chrome/94.0.4606.71 Safari/537.36"
193.194.132.29 - - [07/Oct/2021:14:45:03 +0200] "GET /reload?ser=1633610702979 HTTP/1.1" 200 28 "http://renault.2web.at/account" "Mozilla/5.0 (Windows NT 10.0; Win64; x64) AppleWebKit/537.36 (KHTML, like Gecko) Chrome/94.0.4606.71 Safari/537.36"
178.188.57.42 - - [07/Oct/2021:14:45:13 +0200] "GET /result?searchterm=true&search=REH5278 HTTP/1.1" 200 4570 "http://renault.activities.at/cart" "Mozilla/5.0 (Windows NT 6.1) AppleWebKit/537.36 (KHTML, like Gecko) Chrome/94.0.4606.71 Safari/537.36"
178.188.57.42 - - [07/Oct/2021:14:45:15 +0200] "GET /images/note_msg_icon.gif HTTP/1.1" 200 1022 "http://renault.activities.at/css/styles.css" "Mozilla/5.0 (Windows NT 6.1) AppleWebKit/537.36 (KHTML, like Gecko) Chrome/94.0.4606.71 Safari/537.36"
80.122.221.194 - - [07/Oct/2021:14:45:23 +0200] "GET /reload?ser=1633610723245 HTTP/1.1" 200 28 "http://renault.activities.at/result?searchterm=true&search=Duster" "Mozilla/5.0 (Windows NT 10.0; Win64; x64) AppleWebKit/537.36 (KHTML, like Gecko) Chrome/93.0.4577.63 Safari/537.36 Edg/93.0.961.47"
178.188.57.42 - - [07/Oct/2021:14:45:26 +0200] "GET /10201442 HTTP/1.1" 200 8603 "http://renault.activities.at/result?searchterm=true&search=REH5278" "Mozilla/5.0 (Windows NT 6.1) AppleWebKit/537.36 (KHTML, like Gecko) Chrome/94.0.4606.71 Safari/537.36"
178.188.57.42 - - [07/Oct/2021:14:45:27 +0200] "GET /images/sub_title_bg.jpg HTTP/1.1" 200 314 "http://renault.activities.at/css/styles.css" "Mozilla/5.0 (Windows NT 6.1) AppleWebKit/537.36 (KHTML, like Gecko) Chrome/94.0.4606.71 Safari/537.36"
178.188.57.42 - - [07/Oct/2021:14:45:27 +0200] "GET /loadthumbnail.php?id=12329777&width=113 HTTP/1.1" 200 5924 "http://renault.activities.at/10201442" "Mozilla/5.0 (Windows NT 6.1) AppleWebKit/537.36 (KHTML, like Gecko) Chrome/94.0.4606.71 Safari/537.36"
178.188.57.42 - - [07/Oct/2021:14:45:27 +0200] "GET /loadthumbnail.php?id=12329769&width=113 HTTP/1.1" 200 6281 "http://renault.activities.at/10201442" "Mozilla/5.0 (Windows NT 6.1) AppleWebKit/537.36 (KHTML, like Gecko) Chrome/94.0.4606.71 Safari/537.36"
178.188.57.42 - - [07/Oct/2021:14:45:27 +0200] "GET /loadthumbnail.php?id=12428347&width=113 HTTP/1.1" 200 5778 "http://renault.activities.at/10201442" "Mozilla/5.0 (Windows NT 6.1) AppleWebKit/537.36 (KHTML, like Gecko) Chrome/94.0.4606.71 Safari/537.36"
178.188.57.42 - - [07/Oct/2021:14:45:27 +0200] "GET /loadthumbnail.php?id=12329773&width=113 HTTP/1.1" 200 6402 "http://renault.activities.at/10201442" "Mozilla/5.0 (Windows NT 6.1) AppleWebKit/537.36 (KHTML, like Gecko) Chrome/94.0.4606.71 Safari/537.36"
178.188.57.42 - - [07/Oct/2021:14:45:27 +0200] "GET /loadthumbnail.php?id=12329380&width=113 HTTP/1.1" 200 6136 "http://renault.activities.at/10201442" "Mozilla/5.0 (Windows NT 6.1) AppleWebKit/537.36 (KHTML, like Gecko) Chrome/94.0.4606.71 Safari/537.36"
178.188.57.42 - - [07/Oct/2021:14:45:27 +0200] "GET /loadthumbnail.php?id=12428339&width=113 HTTP/1.1" 200 6161 "http://renault.activities.at/10201442" "Mozilla/5.0 (Windows NT 6.1) AppleWebKit/537.36 (KHTML, like Gecko) Chrome/94.0.4606.71 Safari/537.36"
178.188.57.42 - - [07/Oct/2021:14:45:27 +0200] "GET /loadthumbnail.php?id=12428343&width=113 HTTP/1.1" 200 5906 "http://renault.activities.at/10201442" "Mozilla/5.0 (Windows NT 6.1) AppleWebKit/537.36 (KHTML, like Gecko) Chrome/94.0.4606.71 Safari/537.36"
178.188.57.42 - - [07/Oct/2021:14:45:27 +0200] "GET /loadthumbnail.php?id=12329384&width=113 HTTP/1.1" 200 6523 "http://renault.activities.at/10201442" "Mozilla/5.0 (Windows NT 6.1) AppleWebKit/537.36 (KHTML, like Gecko) Chrome/94.0.4606.71 Safari/537.36"
178.188.57.42 - - [07/Oct/2021:14:45:27 +0200] "GET /loadthumbnail.php?id=12329388&width=113 HTTP/1.1" 200 6391 "http://renault.activities.at/10201442" "Mozilla/5.0 (Windows NT 6.1) AppleWebKit/537.36 (KHTML, like Gecko) Chrome/94.0.4606.71 Safari/537.36"
178.188.57.42 - - [07/Oct/2021:14:45:28 +0200] "GET /loadthumbnail.php?id=12329742&width=113 HTTP/1.1" 200 6011 "http://renault.activities.at/10201442" "Mozilla/5.0 (Windows NT 6.1) AppleWebKit/537.36 (KHTML, like Gecko) Chrome/94.0.4606.71 Safari/537.36"
178.188.57.42 - - [07/Oct/2021:14:45:28 +0200] "GET /loadthumbnail.php?id=12428351&width=113 HTTP/1.1" 200 5484 "http://renault.activities.at/10201442" "Mozilla/5.0 (Windows NT 6.1) AppleWebKit/537.36 (KHTML, like Gecko) Chrome/94.0.4606.71 Safari/537.36"
178.188.57.42 - - [07/Oct/2021:14:45:28 +0200] "GET /loadthumbnail.php?id=12329765&width=113 HTTP/1.1" 200 6417 "http://renault.activities.at/10201442" "Mozilla/5.0 (Windows NT 6.1) AppleWebKit/537.36 (KHTML, like Gecko) Chrome/94.0.4606.71 Safari/537.36"
178.188.57.42 - - [07/Oct/2021:14:45:28 +0200] "GET /loadthumbnail.php?id=12329758&width=113 HTTP/1.1" 200 6291 "http://renault.activities.at/10201442" "Mozilla/5.0 (Windows NT 6.1) AppleWebKit/537.36 (KHTML, like Gecko) Chrome/94.0.4606.71 Safari/537.36"
178.188.57.42 - - [07/Oct/2021:14:45:28 +0200] "GET /loadthumbnail.php?id=12428361&width=113 HTTP/1.1" 200 6467 "http://renault.activities.at/10201442" "Mozilla/5.0 (Windows NT 6.1) AppleWebKit/537.36 (KHTML, like Gecko) Chrome/94.0.4606.71 Safari/537.36"
178.188.57.42 - - [07/Oct/2021:14:45:28 +0200] "GET /loadthumbnail.php?id=12428355&width=113 HTTP/1.1" 200 6350 "http://renault.activities.at/10201442" "Mozilla/5.0 (Windows NT 6.1) AppleWebKit/537.36 (KHTML, like Gecko) Chrome/94.0.4606.71 Safari/537.36"
157.97.69.246 - - [07/Oct/2021:14:45:29 +0200] "GET /reload?ser=1633610730150 HTTP/1.1" 200 28 "http://renault.activities.at/imprints" "Mozilla/5.0 (Windows NT 10.0; Win64; x64) AppleWebKit/537.36 (KHTML, like Gecko) Chrome/94.0.4606.71 Safari/537.36"
80.120.210.180 - - [07/Oct/2021:14:45:30 +0200] "GET /reload?ser=1633610730514 HTTP/1.1" 200 28 "http://renault.activities.at/result?searchterm=true&search=vfw+kleber" "Mozilla/5.0 (Windows NT 10.0; WOW64; Trident/7.0; rv:11.0) like Gecko"
178.188.57.42 - - [07/Oct/2021:14:45:37 +0200] "GET /orders HTTP/1.1" 200 5465 "http://renault.activities.at/10201442" "Mozilla/5.0 (Windows NT 6.1) AppleWebKit/537.36 (KHTML, like Gecko) Chrome/94.0.4606.71 Safari/537.36"
178.188.57.42 - - [07/Oct/2021:14:45:47 +0200] "POST /axjaxrequest?mode=suggest HTTP/1.1" 200 1146 "http://renault.activities.at/orders" "Mozilla/5.0 (Windows NT 6.1) AppleWebKit/537.36 (KHTML, like Gecko) Chrome/94.0.4606.71 Safari/537.36"
193.194.132.29 - - [07/Oct/2021:14:46:05 +0200] "GET /reload?ser=1633610764978 HTTP/1.1" 200 28 "http://renault.2web.at/account" "Mozilla/5.0 (Windows NT 10.0; Win64; x64) AppleWebKit/537.36 (KHTML, like Gecko) Chrome/94.0.4606.71 Safari/537.36"
178.188.57.42 - - [07/Oct/2021:14:46:20 +0200] "GET /10201442 HTTP/1.1" 200 8603 "http://renault.activities.at/result?searchterm=true&search=REH5278" "Mozilla/5.0 (Windows NT 6.1) AppleWebKit/537.36 (KHTML, like Gecko) Chrome/94.0.4606.71 Safari/537.36"
178.188.57.42 - - [07/Oct/2021:14:46:23 +0200] "GET /result?searchterm=true&search=REH5278 HTTP/1.1" 200 4570 "http://renault.activities.at/cart" "Mozilla/5.0 (Windows NT 6.1) AppleWebKit/537.36 (KHTML, like Gecko) Chrome/94.0.4606.71 Safari/537.36"
80.122.221.194 - - [07/Oct/2021:14:46:24 +0200] "GET /reload?ser=1633610784187 HTTP/1.1" 200 28 "http://renault.activities.at/result?searchterm=true&search=Duster" "Mozilla/5.0 (Windows NT 10.0; Win64; x64) AppleWebKit/537.36 (KHTML, like Gecko) Chrome/93.0.4577.63 Safari/537.36 Edg/93.0.961.47"
178.188.57.42 - - [07/Oct/2021:14:46:27 +0200] "GET /12232054 HTTP/1.1" 200 5805 "http://renault.activities.at/orders" "Mozilla/5.0 (Windows NT 6.1) AppleWebKit/537.36 (KHTML, like Gecko) Chrome/94.0.4606.71 Safari/537.36"
178.188.57.42 - - [07/Oct/2021:14:46:28 +0200] "GET /orders HTTP/1.1" 200 5465 "http://renault.activities.at/result?searchterm=true&search=Motorraumaufh%E4nger" "Mozilla/5.0 (Windows NT 6.1) AppleWebKit/537.36 (KHTML, like Gecko) Chrome/94.0.4606.71 Safari/537.36"
157.97.69.246 - - [07/Oct/2021:14:46:30 +0200] "GET /reload?ser=1633610791151 HTTP/1.1" 200 28 "http://renault.activities.at/imprints" "Mozilla/5.0 (Windows NT 10.0; Win64; x64) AppleWebKit/537.36 (KHTML, like Gecko) Chrome/94.0.4606.71 Safari/537.36"
80.120.210.180 - - [07/Oct/2021:14:46:31 +0200] "GET /reload?ser=1633610791472 HTTP/1.1" 200 28 "http://renault.activities.at/result?searchterm=true&search=vfw+kleber" "Mozilla/5.0 (Windows NT 10.0; WOW64; Trident/7.0; rv:11.0) like Gecko"
178.188.57.42 - - [07/Oct/2021:14:46:30 +0200] "GET /12232054 HTTP/1.1" 200 5785 "http://renault.activities.at/orders" "Mozilla/5.0 (Windows NT 6.1) AppleWebKit/537.36 (KHTML, like Gecko) Chrome/94.0.4606.71 Safari/537.36"
178.188.57.42 - - [07/Oct/2021:14:47:03 +0200] "POST /cart HTTP/1.1" 200 5008 "http://renault.activities.at/12232054" "Mozilla/5.0 (Windows NT 6.1) AppleWebKit/537.36 (KHTML, like Gecko) Chrome/94.0.4606.71 Safari/537.36"
193.194.132.29 - - [07/Oct/2021:14:47:07 +0200] "GET /reload?ser=1633610826978 HTTP/1.1" 200 28 "http://renault.2web.at/account" "Mozilla/5.0 (Windows NT 10.0; Win64; x64) AppleWebKit/537.36 (KHTML, like Gecko) Chrome/94.0.4606.71 Safari/537.36"
178.188.57.42 - - [07/Oct/2021:14:47:17 +0200] "POST /cart HTTP/1.1" 200 3836 "http://renault.activities.at/cart" "Mozilla/5.0 (Windows NT 6.1) AppleWebKit/537.36 (KHTML, like Gecko) Chrome/94.0.4606.71 Safari/537.36"
178.188.57.42 - - [07/Oct/2021:14:47:18 +0200] "GET /images/success_msg_icon.gif HTTP/1.1" 200 1024 "http://renault.activities.at/css/styles.css" "Mozilla/5.0 (Windows NT 6.1) AppleWebKit/537.36 (KHTML, like Gecko) Chrome/94.0.4606.71 Safari/537.36"
80.122.221.194 - - [07/Oct/2021:14:47:25 +0200] "GET /reload?ser=1633610845122 HTTP/1.1" 200 28 "http://renault.activities.at/result?searchterm=true&search=Duster" "Mozilla/5.0 (Windows NT 10.0; Win64; x64) AppleWebKit/537.36 (KHTML, like Gecko) Chrome/93.0.4577.63 Safari/537.36 Edg/93.0.961.47"
157.97.69.246 - - [07/Oct/2021:14:47:31 +0200] "GET /reload?ser=1633610852154 HTTP/1.1" 200 28 "http://renault.activities.at/imprints" "Mozilla/5.0 (Windows NT 10.0; Win64; x64) AppleWebKit/537.36 (KHTML, like Gecko) Chrome/94.0.4606.71 Safari/537.36"
80.120.210.180 - - [07/Oct/2021:14:47:32 +0200] "GET /reload?ser=1633610852452 HTTP/1.1" 200 28 "http://renault.activities.at/result?searchterm=true&search=vfw+kleber" "Mozilla/5.0 (Windows NT 10.0; WOW64; Trident/7.0; rv:11.0) like Gecko"
193.194.132.29 - - [07/Oct/2021:14:48:09 +0200] "GET /reload?ser=1633610888979 HTTP/1.1" 200 28 "http://renault.2web.at/account" "Mozilla/5.0 (Windows NT 10.0; Win64; x64) AppleWebKit/537.36 (KHTML, like Gecko) Chrome/94.0.4606.71 Safari/537.36"
80.122.221.194 - - [07/Oct/2021:14:48:26 +0200] "GET /reload?ser=1633610906046 HTTP/1.1" 200 28 "http://renault.activities.at/result?searchterm=true&search=Duster" "Mozilla/5.0 (Windows NT 10.0; Win64; x64) AppleWebKit/537.36 (KHTML, like Gecko) Chrome/93.0.4577.63 Safari/537.36 Edg/93.0.961.47"
157.97.69.246 - - [07/Oct/2021:14:48:32 +0200] "GET /reload?ser=1633610913154 HTTP/1.1" 200 28 "http://renault.activities.at/imprints" "Mozilla/5.0 (Windows NT 10.0; Win64; x64) AppleWebKit/537.36 (KHTML, like Gecko) Chrome/94.0.4606.71 Safari/537.36"
80.120.210.180 - - [07/Oct/2021:14:48:33 +0200] "GET /reload?ser=1633610913400 HTTP/1.1" 200 28 "http://renault.activities.at/result?searchterm=true&search=vfw+kleber" "Mozilla/5.0 (Windows NT 10.0; WOW64; Trident/7.0; rv:11.0) like Gecko"
193.194.132.29 - - [07/Oct/2021:14:49:11 +0200] "GET /reload?ser=1633610950979 HTTP/1.1" 200 28 "http://renault.2web.at/account" "Mozilla/5.0 (Windows NT 10.0; Win64; x64) AppleWebKit/537.36 (KHTML, like Gecko) Chrome/94.0.4606.71 Safari/537.36"
80.122.221.194 - - [07/Oct/2021:14:49:27 +0200] "GET /reload?ser=1633610967031 HTTP/1.1" 200 28 "http://renault.activities.at/result?searchterm=true&search=Duster" "Mozilla/5.0 (Windows NT 10.0; Win64; x64) AppleWebKit/537.36 (KHTML, like Gecko) Chrome/93.0.4577.63 Safari/537.36 Edg/93.0.961.47"
80.120.210.180 - - [07/Oct/2021:14:49:34 +0200] "GET /reload?ser=1633610974345 HTTP/1.1" 200 28 "http://renault.activities.at/result?searchterm=true&search=vfw+kleber" "Mozilla/5.0 (Windows NT 10.0; WOW64; Trident/7.0; rv:11.0) like Gecko"
157.97.69.246 - - [07/Oct/2021:14:49:34 +0200] "GET /reload?ser=1633610975152 HTTP/1.1" 200 28 "http://renault.activities.at/imprints" "Mozilla/5.0 (Windows NT 10.0; Win64; x64) AppleWebKit/537.36 (KHTML, like Gecko) Chrome/94.0.4606.71 Safari/537.36"
193.194.132.29 - - [07/Oct/2021:14:50:13 +0200] "GET /reload?ser=1633611012979 HTTP/1.1" 200 28 "http://renault.2web.at/account" "Mozilla/5.0 (Windows NT 10.0; Win64; x64) AppleWebKit/537.36 (KHTML, like Gecko) Chrome/94.0.4606.71 Safari/537.36"
80.122.221.194 - - [07/Oct/2021:14:50:27 +0200] "GET /reload?ser=1633611027986 HTTP/1.1" 200 28 "http://renault.activities.at/result?searchterm=true&search=Duster" "Mozilla/5.0 (Windows NT 10.0; Win64; x64) AppleWebKit/537.36 (KHTML, like Gecko) Chrome/93.0.4577.63 Safari/537.36 Edg/93.0.961.47"
80.120.210.180 - - [07/Oct/2021:14:50:35 +0200] "GET /reload?ser=1633611035310 HTTP/1.1" 200 28 "http://renault.activities.at/result?searchterm=true&search=vfw+kleber" "Mozilla/5.0 (Windows NT 10.0; WOW64; Trident/7.0; rv:11.0) like Gecko"
157.97.69.246 - - [07/Oct/2021:14:50:35 +0200] "GET /reload?ser=1633611036149 HTTP/1.1" 200 28 "http://renault.activities.at/imprints" "Mozilla/5.0 (Windows NT 10.0; Win64; x64) AppleWebKit/537.36 (KHTML, like Gecko) Chrome/94.0.4606.71 Safari/537.36"
157.97.69.246 - - [07/Oct/2021:14:50:45 +0200] "GET /address HTTP/1.1" 200 5193 "http://renault.activities.at/imprints" "Mozilla/5.0 (Windows NT 10.0; Win64; x64) AppleWebKit/537.36 (KHTML, like Gecko) Chrome/94.0.4606.71 Safari/537.36"
193.194.132.29 - - [07/Oct/2021:14:51:15 +0200] "GET /reload?ser=1633611074979 HTTP/1.1" 200 28 "http://renault.2web.at/account" "Mozilla/5.0 (Windows NT 10.0; Win64; x64) AppleWebKit/537.36 (KHTML, like Gecko) Chrome/94.0.4606.71 Safari/537.36"
80.122.221.194 - - [07/Oct/2021:14:51:28 +0200] "GET /reload?ser=1633611088935 HTTP/1.1" 200 28 "http://renault.activities.at/result?searchterm=true&search=Duster" "Mozilla/5.0 (Windows NT 10.0; Win64; x64) AppleWebKit/537.36 (KHTML, like Gecko) Chrome/93.0.4577.63 Safari/537.36 Edg/93.0.961.47"
80.120.210.180 - - [07/Oct/2021:14:51:36 +0200] "GET /reload?ser=1633611096293 HTTP/1.1" 200 28 "http://renault.activities.at/result?searchterm=true&search=vfw+kleber" "Mozilla/5.0 (Windows NT 10.0; WOW64; Trident/7.0; rv:11.0) like Gecko"
157.97.69.246 - - [07/Oct/2021:14:51:46 +0200] "GET /reload?ser=1633611107158 HTTP/1.1" 200 28 "http://renault.activities.at/address" "Mozilla/5.0 (Windows NT 10.0; Win64; x64) AppleWebKit/537.36 (KHTML, like Gecko) Chrome/94.0.4606.71 Safari/537.36"
193.194.132.29 - - [07/Oct/2021:14:52:17 +0200] "GET /reload?ser=1633611136979 HTTP/1.1" 200 28 "http://renault.2web.at/account" "Mozilla/5.0 (Windows NT 10.0; Win64; x64) AppleWebKit/537.36 (KHTML, like Gecko) Chrome/94.0.4606.71 Safari/537.36"
80.122.221.194 - - [07/Oct/2021:14:52:29 +0200] "GET /reload?ser=1633611149860 HTTP/1.1" 200 28 "http://renault.activities.at/result?searchterm=true&search=Duster" "Mozilla/5.0 (Windows NT 10.0; Win64; x64) AppleWebKit/537.36 (KHTML, like Gecko) Chrome/93.0.4577.63 Safari/537.36 Edg/93.0.961.47"
80.120.210.180 - - [07/Oct/2021:14:52:37 +0200] "GET /reload?ser=1633611157243 HTTP/1.1" 200 28 "http://renault.activities.at/result?searchterm=true&search=vfw+kleber" "Mozilla/5.0 (Windows NT 10.0; WOW64; Trident/7.0; rv:11.0) like Gecko"
157.97.69.246 - - [07/Oct/2021:14:52:48 +0200] "GET /reload?ser=1633611169164 HTTP/1.1" 200 28 "http://renault.activities.at/address" "Mozilla/5.0 (Windows NT 10.0; Win64; x64) AppleWebKit/537.36 (KHTML, like Gecko) Chrome/94.0.4606.71 Safari/537.36"
193.194.132.29 - - [07/Oct/2021:14:53:19 +0200] "GET /reload?ser=1633611198979 HTTP/1.1" 200 28 "http://renault.2web.at/account" "Mozilla/5.0 (Windows NT 10.0; Win64; x64) AppleWebKit/537.36 (KHTML, like Gecko) Chrome/94.0.4606.71 Safari/537.36"
80.122.221.194 - - [07/Oct/2021:14:53:30 +0200] "GET /reload?ser=1633611210810 HTTP/1.1" 200 28 "http://renault.activities.at/result?searchterm=true&search=Duster" "Mozilla/5.0 (Windows NT 10.0; Win64; x64) AppleWebKit/537.36 (KHTML, like Gecko) Chrome/93.0.4577.63 Safari/537.36 Edg/93.0.961.47"
80.120.210.180 - - [07/Oct/2021:14:53:38 +0200] "GET /reload?ser=1633611218199 HTTP/1.1" 200 28 "http://renault.activities.at/result?searchterm=true&search=vfw+kleber" "Mozilla/5.0 (Windows NT 10.0; WOW64; Trident/7.0; rv:11.0) like Gecko"
157.97.69.246 - - [07/Oct/2021:14:53:51 +0200] "GET /reload?ser=1633611231163 HTTP/1.1" 200 28 "http://renault.activities.at/address" "Mozilla/5.0 (Windows NT 10.0; Win64; x64) AppleWebKit/537.36 (KHTML, like Gecko) Chrome/94.0.4606.71 Safari/537.36"
193.194.132.29 - - [07/Oct/2021:14:54:21 +0200] "GET /reload?ser=1633611260980 HTTP/1.1" 200 28 "http://renault.2web.at/account" "Mozilla/5.0 (Windows NT 10.0; Win64; x64) AppleWebKit/537.36 (KHTML, like Gecko) Chrome/94.0.4606.71 Safari/537.36"
80.122.221.194 - - [07/Oct/2021:14:54:31 +0200] "GET /reload?ser=1633611271745 HTTP/1.1" 200 28 "http://renault.activities.at/result?searchterm=true&search=Duster" "Mozilla/5.0 (Windows NT 10.0; Win64; x64) AppleWebKit/537.36 (KHTML, like Gecko) Chrome/93.0.4577.63 Safari/537.36 Edg/93.0.961.47"
80.120.210.180 - - [07/Oct/2021:14:54:39 +0200] "GET /reload?ser=1633611279126 HTTP/1.1" 200 28 "http://renault.activities.at/result?searchterm=true&search=vfw+kleber" "Mozilla/5.0 (Windows NT 10.0; WOW64; Trident/7.0; rv:11.0) like Gecko"
157.97.69.246 - - [07/Oct/2021:14:54:52 +0200] "GET /reload?ser=1633611293154 HTTP/1.1" 200 28 "http://renault.activities.at/address" "Mozilla/5.0 (Windows NT 10.0; Win64; x64) AppleWebKit/537.36 (KHTML, like Gecko) Chrome/94.0.4606.71 Safari/537.36"
193.194.132.29 - - [07/Oct/2021:14:55:23 +0200] "GET /reload?ser=1633611322980 HTTP/1.1" 200 28 "http://renault.2web.at/account" "Mozilla/5.0 (Windows NT 10.0; Win64; x64) AppleWebKit/537.36 (KHTML, like Gecko) Chrome/94.0.4606.71 Safari/537.36"
80.122.221.194 - - [07/Oct/2021:14:55:33 +0200] "GET /reload?ser=1633611333136 HTTP/1.1" 200 28 "http://renault.activities.at/result?searchterm=true&search=Duster" "Mozilla/5.0 (Windows NT 10.0; Win64; x64) AppleWebKit/537.36 (KHTML, like Gecko) Chrome/93.0.4577.63 Safari/537.36 Edg/93.0.961.47"
80.120.210.180 - - [07/Oct/2021:14:55:39 +0200] "GET /reload?ser=1633611340059 HTTP/1.1" 200 28 "http://renault.activities.at/result?searchterm=true&search=vfw+kleber" "Mozilla/5.0 (Windows NT 10.0; WOW64; Trident/7.0; rv:11.0) like Gecko"
157.97.69.246 - - [07/Oct/2021:14:55:53 +0200] "GET /reload?ser=1633611354158 HTTP/1.1" 200 28 "http://renault.activities.at/address" "Mozilla/5.0 (Windows NT 10.0; Win64; x64) AppleWebKit/537.36 (KHTML, like Gecko) Chrome/94.0.4606.71 Safari/537.36"
193.194.132.29 - - [07/Oct/2021:14:56:25 +0200] "GET /reload?ser=1633611384980 HTTP/1.1" 200 28 "http://renault.2web.at/account" "Mozilla/5.0 (Windows NT 10.0; Win64; x64) AppleWebKit/537.36 (KHTML, like Gecko) Chrome/94.0.4606.71 Safari/537.36"
80.122.221.194 - - [07/Oct/2021:14:56:34 +0200] "GET /reload?ser=1633611394140 HTTP/1.1" 200 28 "http://renault.activities.at/result?searchterm=true&search=Duster" "Mozilla/5.0 (Windows NT 10.0; Win64; x64) AppleWebKit/537.36 (KHTML, like Gecko) Chrome/93.0.4577.63 Safari/537.36 Edg/93.0.961.47"
80.120.210.180 - - [07/Oct/2021:14:56:40 +0200] "GET /reload?ser=1633611401026 HTTP/1.1" 200 28 "http://renault.activities.at/result?searchterm=true&search=vfw+kleber" "Mozilla/5.0 (Windows NT 10.0; WOW64; Trident/7.0; rv:11.0) like Gecko"
157.97.69.246 - - [07/Oct/2021:14:56:54 +0200] "GET /reload?ser=1633611415151 HTTP/1.1" 200 28 "http://renault.activities.at/address" "Mozilla/5.0 (Windows NT 10.0; Win64; x64) AppleWebKit/537.36 (KHTML, like Gecko) Chrome/94.0.4606.71 Safari/537.36"
193.194.132.29 - - [07/Oct/2021:14:57:27 +0200] "GET /reload?ser=1633611446980 HTTP/1.1" 200 28 "http://renault.2web.at/account" "Mozilla/5.0 (Windows NT 10.0; Win64; x64) AppleWebKit/537.36 (KHTML, like Gecko) Chrome/94.0.4606.71 Safari/537.36"
80.122.221.194 - - [07/Oct/2021:14:57:35 +0200] "GET /reload?ser=1633611455151 HTTP/1.1" 200 28 "http://renault.activities.at/result?searchterm=true&search=Duster" "Mozilla/5.0 (Windows NT 10.0; Win64; x64) AppleWebKit/537.36 (KHTML, like Gecko) Chrome/93.0.4577.63 Safari/537.36 Edg/93.0.961.47"
80.120.210.180 - - [07/Oct/2021:14:57:41 +0200] "GET /reload?ser=1633611461976 HTTP/1.1" 200 28 "http://renault.activities.at/result?searchterm=true&search=vfw+kleber" "Mozilla/5.0 (Windows NT 10.0; WOW64; Trident/7.0; rv:11.0) like Gecko"
157.97.69.246 - - [07/Oct/2021:14:57:55 +0200] "GET /reload?ser=1633611476157 HTTP/1.1" 200 28 "http://renault.activities.at/address" "Mozilla/5.0 (Windows NT 10.0; Win64; x64) AppleWebKit/537.36 (KHTML, like Gecko) Chrome/94.0.4606.71 Safari/537.36"
193.194.132.29 - - [07/Oct/2021:14:58:29 +0200] "GET /reload?ser=1633611508981 HTTP/1.1" 200 28 "http://renault.2web.at/account" "Mozilla/5.0 (Windows NT 10.0; Win64; x64) AppleWebKit/537.36 (KHTML, like Gecko) Chrome/94.0.4606.71 Safari/537.36"
80.122.221.194 - - [07/Oct/2021:14:58:36 +0200] "GET /reload?ser=1633611516149 HTTP/1.1" 200 28 "http://renault.activities.at/result?searchterm=true&search=Duster" "Mozilla/5.0 (Windows NT 10.0; Win64; x64) AppleWebKit/537.36 (KHTML, like Gecko) Chrome/93.0.4577.63 Safari/537.36 Edg/93.0.961.47"
80.120.210.180 - - [07/Oct/2021:14:58:42 +0200] "GET /reload?ser=1633611522912 HTTP/1.1" 200 28 "http://renault.activities.at/result?searchterm=true&search=vfw+kleber" "Mozilla/5.0 (Windows NT 10.0; WOW64; Trident/7.0; rv:11.0) like Gecko"
157.97.69.246 - - [07/Oct/2021:14:58:57 +0200] "GET /reload?ser=1633611538163 HTTP/1.1" 200 28 "http://renault.activities.at/address" "Mozilla/5.0 (Windows NT 10.0; Win64; x64) AppleWebKit/537.36 (KHTML, like Gecko) Chrome/94.0.4606.71 Safari/537.36"
193.194.132.29 - - [07/Oct/2021:14:59:31 +0200] "GET /reload?ser=1633611570980 HTTP/1.1" 200 28 "http://renault.2web.at/account" "Mozilla/5.0 (Windows NT 10.0; Win64; x64) AppleWebKit/537.36 (KHTML, like Gecko) Chrome/94.0.4606.71 Safari/537.36"
80.122.221.194 - - [07/Oct/2021:14:59:37 +0200] "GET /reload?ser=1633611577145 HTTP/1.1" 200 28 "http://renault.activities.at/result?searchterm=true&search=Duster" "Mozilla/5.0 (Windows NT 10.0; Win64; x64) AppleWebKit/537.36 (KHTML, like Gecko) Chrome/93.0.4577.63 Safari/537.36 Edg/93.0.961.47"
80.120.210.180 - - [07/Oct/2021:14:59:43 +0200] "GET /reload?ser=1633611583867 HTTP/1.1" 200 28 "http://renault.activities.at/result?searchterm=true&search=vfw+kleber" "Mozilla/5.0 (Windows NT 10.0; WOW64; Trident/7.0; rv:11.0) like Gecko"
157.97.69.246 - - [07/Oct/2021:14:59:58 +0200] "GET /reload?ser=1633611599162 HTTP/1.1" 200 28 "http://renault.activities.at/address" "Mozilla/5.0 (Windows NT 10.0; Win64; x64) AppleWebKit/537.36 (KHTML, like Gecko) Chrome/94.0.4606.71 Safari/537.36"
193.194.132.29 - - [07/Oct/2021:15:00:33 +0200] "GET /reload?ser=1633611632980 HTTP/1.1" 200 28 "http://renault.2web.at/account" "Mozilla/5.0 (Windows NT 10.0; Win64; x64) AppleWebKit/537.36 (KHTML, like Gecko) Chrome/94.0.4606.71 Safari/537.36"
80.122.221.194 - - [07/Oct/2021:15:00:38 +0200] "GET /reload?ser=1633611638143 HTTP/1.1" 200 28 "http://renault.activities.at/result?searchterm=true&search=Duster" "Mozilla/5.0 (Windows NT 10.0; Win64; x64) AppleWebKit/537.36 (KHTML, like Gecko) Chrome/93.0.4577.63 Safari/537.36 Edg/93.0.961.47"
80.120.210.180 - - [07/Oct/2021:15:00:44 +0200] "GET /reload?ser=1633611644798 HTTP/1.1" 200 28 "http://renault.activities.at/result?searchterm=true&search=vfw+kleber" "Mozilla/5.0 (Windows NT 10.0; WOW64; Trident/7.0; rv:11.0) like Gecko"
157.97.69.246 - - [07/Oct/2021:15:01:00 +0200] "GET /reload?ser=1633611661150 HTTP/1.1" 200 28 "http://renault.activities.at/address" "Mozilla/5.0 (Windows NT 10.0; Win64; x64) AppleWebKit/537.36 (KHTML, like Gecko) Chrome/94.0.4606.71 Safari/537.36"
193.194.132.29 - - [07/Oct/2021:15:01:35 +0200] "GET /reload?ser=1633611694980 HTTP/1.1" 200 28 "http://renault.2web.at/account" "Mozilla/5.0 (Windows NT 10.0; Win64; x64) AppleWebKit/537.36 (KHTML, like Gecko) Chrome/94.0.4606.71 Safari/537.36"
80.122.221.194 - - [07/Oct/2021:15:01:39 +0200] "GET /reload?ser=1633611699143 HTTP/1.1" 200 28 "http://renault.activities.at/result?searchterm=true&search=Duster" "Mozilla/5.0 (Windows NT 10.0; Win64; x64) AppleWebKit/537.36 (KHTML, like Gecko) Chrome/93.0.4577.63 Safari/537.36 Edg/93.0.961.47"
80.120.210.180 - - [07/Oct/2021:15:01:45 +0200] "GET /reload?ser=1633611705757 HTTP/1.1" 200 28 "http://renault.activities.at/result?searchterm=true&search=vfw+kleber" "Mozilla/5.0 (Windows NT 10.0; WOW64; Trident/7.0; rv:11.0) like Gecko"
157.97.69.246 - - [07/Oct/2021:15:02:01 +0200] "GET /reload?ser=1633611722156 HTTP/1.1" 200 28 "http://renault.activities.at/address" "Mozilla/5.0 (Windows NT 10.0; Win64; x64) AppleWebKit/537.36 (KHTML, like Gecko) Chrome/94.0.4606.71 Safari/537.36"
193.194.132.29 - - [07/Oct/2021:15:02:37 +0200] "GET /reload?ser=1633611756981 HTTP/1.1" 200 28 "http://renault.2web.at/account" "Mozilla/5.0 (Windows NT 10.0; Win64; x64) AppleWebKit/537.36 (KHTML, like Gecko) Chrome/94.0.4606.71 Safari/537.36"
80.122.221.194 - - [07/Oct/2021:15:02:40 +0200] "GET /reload?ser=1633611760141 HTTP/1.1" 200 28 "http://renault.activities.at/result?searchterm=true&search=Duster" "Mozilla/5.0 (Windows NT 10.0; Win64; x64) AppleWebKit/537.36 (KHTML, like Gecko) Chrome/93.0.4577.63 Safari/537.36 Edg/93.0.961.47"
80.120.210.180 - - [07/Oct/2021:15:02:46 +0200] "GET /reload?ser=1633611766712 HTTP/1.1" 200 28 "http://renault.activities.at/result?searchterm=true&search=vfw+kleber" "Mozilla/5.0 (Windows NT 10.0; WOW64; Trident/7.0; rv:11.0) like Gecko"
157.97.69.246 - - [07/Oct/2021:15:03:02 +0200] "GET /reload?ser=1633611783157 HTTP/1.1" 200 28 "http://renault.activities.at/address" "Mozilla/5.0 (Windows NT 10.0; Win64; x64) AppleWebKit/537.36 (KHTML, like Gecko) Chrome/94.0.4606.71 Safari/537.36"
193.194.132.29 - - [07/Oct/2021:15:03:39 +0200] "GET /reload?ser=1633611818980 HTTP/1.1" 200 28 "http://renault.2web.at/account" "Mozilla/5.0 (Windows NT 10.0; Win64; x64) AppleWebKit/537.36 (KHTML, like Gecko) Chrome/94.0.4606.71 Safari/537.36"
80.122.221.194 - - [07/Oct/2021:15:03:41 +0200] "GET /reload?ser=1633611821149 HTTP/1.1" 200 28 "http://renault.activities.at/result?searchterm=true&search=Duster" "Mozilla/5.0 (Windows NT 10.0; Win64; x64) AppleWebKit/537.36 (KHTML, like Gecko) Chrome/93.0.4577.63 Safari/537.36 Edg/93.0.961.47"
80.120.210.180 - - [07/Oct/2021:15:03:47 +0200] "GET /reload?ser=1633611827660 HTTP/1.1" 200 28 "http://renault.activities.at/result?searchterm=true&search=vfw+kleber" "Mozilla/5.0 (Windows NT 10.0; WOW64; Trident/7.0; rv:11.0) like Gecko"
157.97.69.246 - - [07/Oct/2021:15:04:03 +0200] "GET /reload?ser=1633611844163 HTTP/1.1" 200 28 "http://renault.activities.at/address" "Mozilla/5.0 (Windows NT 10.0; Win64; x64) AppleWebKit/537.36 (KHTML, like Gecko) Chrome/94.0.4606.71 Safari/537.36"
193.194.132.29 - - [07/Oct/2021:15:04:41 +0200] "GET /reload?ser=1633611880980 HTTP/1.1" 200 28 "http://renault.2web.at/account" "Mozilla/5.0 (Windows NT 10.0; Win64; x64) AppleWebKit/537.36 (KHTML, like Gecko) Chrome/94.0.4606.71 Safari/537.36"
80.122.221.194 - - [07/Oct/2021:15:04:42 +0200] "GET /reload?ser=1633611882139 HTTP/1.1" 200 28 "http://renault.activities.at/result?searchterm=true&search=Duster" "Mozilla/5.0 (Windows NT 10.0; Win64; x64) AppleWebKit/537.36 (KHTML, like Gecko) Chrome/93.0.4577.63 Safari/537.36 Edg/93.0.961.47"
80.120.210.180 - - [07/Oct/2021:15:04:48 +0200] "GET /reload?ser=1633611888677 HTTP/1.1" 200 28 "http://renault.activities.at/result?searchterm=true&search=vfw+kleber" "Mozilla/5.0 (Windows NT 10.0; WOW64; Trident/7.0; rv:11.0) like Gecko"
157.97.69.246 - - [07/Oct/2021:15:05:05 +0200] "GET /reload?ser=1633611906162 HTTP/1.1" 200 28 "http://renault.activities.at/address" "Mozilla/5.0 (Windows NT 10.0; Win64; x64) AppleWebKit/537.36 (KHTML, like Gecko) Chrome/94.0.4606.71 Safari/537.36"
