157.97.69.246 - - [14/Oct/2021:09:26:49 +0200] "GET /result?searchterm=true&search=sandero+poster HTTP/1.1" 200 6020 "http://renault.activities.at/result?searchterm=true&search=sandero+III+poster" "Mozilla/5.0 (Windows NT 10.0; Win64; x64) AppleWebKit/537.36 (KHTML, like Gecko) Chrome/94.0.4606.81 Safari/537.36"
157.97.69.246 - - [14/Oct/2021:09:26:54 +0200] "GET /12463079?print=true HTTP/1.1" 200 2646 "http://renault.activities.at/result?searchterm=true&search=sandero+poster" "Mozilla/5.0 (Windows NT 10.0; Win64; x64) AppleWebKit/537.36 (KHTML, like Gecko) Chrome/94.0.4606.81 Safari/537.36"
83.175.83.150 - - [14/Oct/2021:09:27:04 +0200] "GET /reload?ser=1634196423586 HTTP/1.1" 200 28 "http://renault.activities.at/10260282?dir=DESC&mode=grid&order=name&limit=15&page=7" "Mozilla/5.0 (Windows NT 10.0; Win64; x64) AppleWebKit/537.36 (KHTML, like Gecko) Chrome/94.0.4606.71 Safari/537.36"
80.120.210.180 - - [14/Oct/2021:09:27:07 +0200] "POST /result?dir=DESC&mode=grid&order=name&limit=15&page=2&search=Brosch%C3%BCre HTTP/1.1" 200 8925 "http://renault.activities.at/result?dir=DESC&mode=grid&order=name&limit=15&page=2&search=Brosch%C3%BCre" "Mozilla/5.0 (Windows NT 6.1; WOW64; Trident/7.0; rv:11.0) like Gecko"
138.21.12.24 - - [14/Oct/2021:09:27:10 +0200] "GET /reload?ser=1634196430531 HTTP/1.1" 200 28 "http://renault.2web.at/account" "Mozilla/5.0 (Windows NT 10.0; Win64; x64) AppleWebKit/537.36 (KHTML, like Gecko) Chrome/94.0.4606.81 Safari/537.36"
157.97.69.246 - - [14/Oct/2021:09:27:14 +0200] "POST /axjaxrequest?mode=suggest HTTP/1.1" 200 136 "http://renault.activities.at/result?searchterm=true&search=sandero+poster" "Mozilla/5.0 (Windows NT 10.0; Win64; x64) AppleWebKit/537.36 (KHTML, like Gecko) Chrome/94.0.4606.81 Safari/537.36"
157.97.69.246 - - [14/Oct/2021:09:27:16 +0200] "GET /result?searchterm=true&search=duster+poster HTTP/1.1" 200 6017 "http://renault.activities.at/result?searchterm=true&search=sandero+poster" "Mozilla/5.0 (Windows NT 10.0; Win64; x64) AppleWebKit/537.36 (KHTML, like Gecko) Chrome/94.0.4606.81 Safari/537.36"
157.97.69.246 - - [14/Oct/2021:09:27:16 +0200] "POST /axjaxrequest?mode=suggest HTTP/1.1" 200 21 "http://renault.activities.at/result?searchterm=true&search=sandero+poster" "Mozilla/5.0 (Windows NT 10.0; Win64; x64) AppleWebKit/537.36 (KHTML, like Gecko) Chrome/94.0.4606.81 Safari/537.36"
157.97.69.246 - - [14/Oct/2021:09:27:18 +0200] "GET /result?searchterm=true&search=duster+poster HTTP/1.1" 200 6017 "http://renault.activities.at/result?searchterm=true&search=duster+poster" "Mozilla/5.0 (Windows NT 10.0; Win64; x64) AppleWebKit/537.36 (KHTML, like Gecko) Chrome/94.0.4606.81 Safari/537.36"
80.120.210.180 - - [14/Oct/2021:09:27:18 +0200] "GET /result?dir=DESC&mode=grid&order=name&limit=15&page=4&search=Brosch%C3%BCre HTTP/1.1" 200 8221 "http://renault.activities.at/result?dir=DESC&mode=grid&order=name&limit=15&page=2&search=Brosch%C3%BCre" "Mozilla/5.0 (Windows NT 6.1; WOW64; Trident/7.0; rv:11.0) like Gecko"
157.97.69.246 - - [14/Oct/2021:09:27:19 +0200] "GET /12463087?print=true HTTP/1.1" 200 2643 "http://renault.activities.at/result?searchterm=true&search=duster+poster" "Mozilla/5.0 (Windows NT 10.0; Win64; x64) AppleWebKit/537.36 (KHTML, like Gecko) Chrome/94.0.4606.81 Safari/537.36"
80.120.210.180 - - [14/Oct/2021:09:27:21 +0200] "GET /loadthumbnail.php?id=11877757&width=113 HTTP/1.1" 200 32396 "http://renault.activities.at/result?dir=DESC&mode=grid&order=name&limit=15&page=4&search=Brosch%C3%BCre" "Mozilla/5.0 (Windows NT 6.1; WOW64; Trident/7.0; rv:11.0) like Gecko"
80.120.210.180 - - [14/Oct/2021:09:27:21 +0200] "GET /loadthumbnail.php?id=12034916&width=113 HTTP/1.1" 200 5915 "http://renault.activities.at/result?dir=DESC&mode=grid&order=name&limit=15&page=4&search=Brosch%C3%BCre" "Mozilla/5.0 (Windows NT 6.1; WOW64; Trident/7.0; rv:11.0) like Gecko"
80.120.210.180 - - [14/Oct/2021:09:27:21 +0200] "GET /loadthumbnail.php?id=11715013&width=113 HTTP/1.1" 200 33856 "http://renault.activities.at/result?dir=DESC&mode=grid&order=name&limit=15&page=4&search=Brosch%C3%BCre" "Mozilla/5.0 (Windows NT 6.1; WOW64; Trident/7.0; rv:11.0) like Gecko"
80.120.210.180 - - [14/Oct/2021:09:27:21 +0200] "GET /loadthumbnail.php?id=12017023&width=113 HTTP/1.1" 200 34650 "http://renault.activities.at/result?dir=DESC&mode=grid&order=name&limit=15&page=4&search=Brosch%C3%BCre" "Mozilla/5.0 (Windows NT 6.1; WOW64; Trident/7.0; rv:11.0) like Gecko"
80.120.210.180 - - [14/Oct/2021:09:27:21 +0200] "GET /loadthumbnail.php?id=11319983&width=113 HTTP/1.1" 200 38992 "http://renault.activities.at/result?dir=DESC&mode=grid&order=name&limit=15&page=4&search=Brosch%C3%BCre" "Mozilla/5.0 (Windows NT 6.1; WOW64; Trident/7.0; rv:11.0) like Gecko"
80.120.210.180 - - [14/Oct/2021:09:27:21 +0200] "GET /loadthumbnail.php?id=11031880&width=113 HTTP/1.1" 200 39263 "http://renault.activities.at/result?dir=DESC&mode=grid&order=name&limit=15&page=4&search=Brosch%C3%BCre" "Mozilla/5.0 (Windows NT 6.1; WOW64; Trident/7.0; rv:11.0) like Gecko"
80.120.210.180 - - [14/Oct/2021:09:27:22 +0200] "GET /loadthumbnail.php?id=12421770&width=113 HTTP/1.1" 200 3431 "http://renault.activities.at/result?dir=DESC&mode=grid&order=name&limit=15&page=4&search=Brosch%C3%BCre" "Mozilla/5.0 (Windows NT 6.1; WOW64; Trident/7.0; rv:11.0) like Gecko"
80.120.210.180 - - [14/Oct/2021:09:27:22 +0200] "GET /loadthumbnail.php?id=12367879&width=113 HTTP/1.1" 200 3151 "http://renault.activities.at/result?dir=DESC&mode=grid&order=name&limit=15&page=4&search=Brosch%C3%BCre" "Mozilla/5.0 (Windows NT 6.1; WOW64; Trident/7.0; rv:11.0) like Gecko"
80.120.210.180 - - [14/Oct/2021:09:27:22 +0200] "GET /loadthumbnail.php?id=12456542&width=113 HTTP/1.1" 200 3226 "http://renault.activities.at/result?dir=DESC&mode=grid&order=name&limit=15&page=4&search=Brosch%C3%BCre" "Mozilla/5.0 (Windows NT 6.1; WOW64; Trident/7.0; rv:11.0) like Gecko"
80.120.210.180 - - [14/Oct/2021:09:27:22 +0200] "GET /loadthumbnail.php?id=10633817&width=113 HTTP/1.1" 200 2614 "http://renault.activities.at/result?dir=DESC&mode=grid&order=name&limit=15&page=4&search=Brosch%C3%BCre" "Mozilla/5.0 (Windows NT 6.1; WOW64; Trident/7.0; rv:11.0) like Gecko"
80.120.210.180 - - [14/Oct/2021:09:27:22 +0200] "GET /loadthumbnail.php?id=10970934&width=113 HTTP/1.1" 200 4103 "http://renault.activities.at/result?dir=DESC&mode=grid&order=name&limit=15&page=4&search=Brosch%C3%BCre" "Mozilla/5.0 (Windows NT 6.1; WOW64; Trident/7.0; rv:11.0) like Gecko"
157.97.69.246 - - [14/Oct/2021:09:27:23 +0200] "GET /12463087?print=true HTTP/1.1" 200 2643 "http://renault.activities.at/result?searchterm=true&search=duster+poster" "Mozilla/5.0 (Windows NT 10.0; Win64; x64) AppleWebKit/537.36 (KHTML, like Gecko) Chrome/94.0.4606.81 Safari/537.36"
193.194.132.23 - - [14/Oct/2021:09:27:27 +0200] "GET /reload?ser=1634196447174 HTTP/1.1" 200 28 "http://renault.2web.at/result?searchterm=true&search=sandero" "Mozilla/5.0 (Windows NT 10.0; Win64; x64) AppleWebKit/537.36 (KHTML, like Gecko) Chrome/94.0.4606.81 Safari/537.36"
80.122.53.230 - - [14/Oct/2021:09:27:30 +0200] "GET /reload?ser=1634196450073 HTTP/1.1" 200 28 "http://renault.activities.at/result?searchterm=true&search=wintercheck" "Mozilla/5.0 (Windows NT 10.0; Win64; x64) AppleWebKit/537.36 (KHTML, like Gecko) Chrome/94.0.4606.81 Safari/537.36"
157.97.69.246 - - [14/Oct/2021:09:27:34 +0200] "POST /axjaxrequest?mode=suggest HTTP/1.1" 200 21 "http://renault.activities.at/result?searchterm=true&search=duster+poster" "Mozilla/5.0 (Windows NT 10.0; Win64; x64) AppleWebKit/537.36 (KHTML, like Gecko) Chrome/94.0.4606.81 Safari/537.36"
157.97.69.246 - - [14/Oct/2021:09:27:35 +0200] "GET /result?searchterm=true&search=sandero+poster HTTP/1.1" 200 6020 "http://renault.activities.at/result?searchterm=true&search=duster+poster" "Mozilla/5.0 (Windows NT 10.0; Win64; x64) AppleWebKit/537.36 (KHTML, like Gecko) Chrome/94.0.4606.81 Safari/537.36"
157.97.69.246 - - [14/Oct/2021:09:27:39 +0200] "POST /result?searchterm=true&search=sandero+poster HTTP/1.1" 200 6120 "http://renault.activities.at/result?searchterm=true&search=sandero+poster" "Mozilla/5.0 (Windows NT 10.0; Win64; x64) AppleWebKit/537.36 (KHTML, like Gecko) Chrome/94.0.4606.81 Safari/537.36"
157.97.69.246 - - [14/Oct/2021:09:27:47 +0200] "POST /axjaxrequest?mode=suggest HTTP/1.1" 200 151 "http://renault.activities.at/result?searchterm=true&search=sandero+poster" "Mozilla/5.0 (Windows NT 10.0; Win64; x64) AppleWebKit/537.36 (KHTML, like Gecko) Chrome/94.0.4606.81 Safari/537.36"
157.97.69.246 - - [14/Oct/2021:09:27:47 +0200] "POST /axjaxrequest?mode=suggest HTTP/1.1" 200 111 "http://renault.activities.at/result?searchterm=true&search=sandero+poster" "Mozilla/5.0 (Windows NT 10.0; Win64; x64) AppleWebKit/537.36 (KHTML, like Gecko) Chrome/94.0.4606.81 Safari/537.36"
80.120.210.180 - - [14/Oct/2021:09:27:44 +0200] "GET /checkout HTTP/1.1" 200 10240 "http://renault.activities.at/result?dir=DESC&mode=grid&order=name&limit=15&page=4&search=Brosch%C3%BCre" "Mozilla/5.0 (Windows NT 6.1; WOW64; Trident/7.0; rv:11.0) like Gecko"
80.120.210.180 - - [14/Oct/2021:09:27:49 +0200] "GET /loadthumbnail.php?id=10201939 HTTP/1.1" 200 201 "http://renault.activities.at/checkout" "Mozilla/5.0 (Windows NT 6.1; WOW64; Trident/7.0; rv:11.0) like Gecko"
80.120.210.180 - - [14/Oct/2021:09:27:49 +0200] "GET /loadthumbnail.php?id=10202698 HTTP/1.1" 200 16686 "http://renault.activities.at/checkout" "Mozilla/5.0 (Windows NT 6.1; WOW64; Trident/7.0; rv:11.0) like Gecko"
157.97.69.246 - - [14/Oct/2021:09:27:50 +0200] "GET /result?searchterm=true&search=kangoo HTTP/1.1" 200 8585 "http://renault.activities.at/result?searchterm=true&search=sandero+poster" "Mozilla/5.0 (Windows NT 10.0; Win64; x64) AppleWebKit/537.36 (KHTML, like Gecko) Chrome/94.0.4606.81 Safari/537.36"
157.97.69.246 - - [14/Oct/2021:09:27:53 +0200] "GET /loadthumbnail.php?id=11564187&width=113 HTTP/1.1" 200 22491 "http://renault.activities.at/result?searchterm=true&search=kangoo" "Mozilla/5.0 (Windows NT 10.0; Win64; x64) AppleWebKit/537.36 (KHTML, like Gecko) Chrome/94.0.4606.81 Safari/537.36"
157.97.69.246 - - [14/Oct/2021:09:27:53 +0200] "GET /loadthumbnail.php?id=11181187&width=113 HTTP/1.1" 200 1532 "http://renault.activities.at/result?searchterm=true&search=kangoo" "Mozilla/5.0 (Windows NT 10.0; Win64; x64) AppleWebKit/537.36 (KHTML, like Gecko) Chrome/94.0.4606.81 Safari/537.36"
157.97.69.246 - - [14/Oct/2021:09:27:53 +0200] "GET /loadthumbnail.php?id=11181180&width=113 HTTP/1.1" 200 1834 "http://renault.activities.at/result?searchterm=true&search=kangoo" "Mozilla/5.0 (Windows NT 10.0; Win64; x64) AppleWebKit/537.36 (KHTML, like Gecko) Chrome/94.0.4606.81 Safari/537.36"
157.97.69.246 - - [14/Oct/2021:09:27:53 +0200] "GET /loadthumbnail.php?id=11181178&width=113 HTTP/1.1" 200 1834 "http://renault.activities.at/result?searchterm=true&search=kangoo" "Mozilla/5.0 (Windows NT 10.0; Win64; x64) AppleWebKit/537.36 (KHTML, like Gecko) Chrome/94.0.4606.81 Safari/537.36"
157.97.69.246 - - [14/Oct/2021:09:27:53 +0200] "GET /loadthumbnail.php?id=11181185&width=113 HTTP/1.1" 200 1532 "http://renault.activities.at/result?searchterm=true&search=kangoo" "Mozilla/5.0 (Windows NT 10.0; Win64; x64) AppleWebKit/537.36 (KHTML, like Gecko) Chrome/94.0.4606.81 Safari/537.36"
157.97.69.246 - - [14/Oct/2021:09:27:53 +0200] "GET /loadthumbnail.php?id=12428351&width=113 HTTP/1.1" 200 5484 "http://renault.activities.at/result?searchterm=true&search=kangoo" "Mozilla/5.0 (Windows NT 10.0; Win64; x64) AppleWebKit/537.36 (KHTML, like Gecko) Chrome/94.0.4606.81 Safari/537.36"
157.97.69.246 - - [14/Oct/2021:09:27:54 +0200] "GET /loadthumbnail.php?id=11186457&width=113 HTTP/1.1" 200 1278 "http://renault.activities.at/result?searchterm=true&search=kangoo" "Mozilla/5.0 (Windows NT 10.0; Win64; x64) AppleWebKit/537.36 (KHTML, like Gecko) Chrome/94.0.4606.81 Safari/537.36"
157.97.69.246 - - [14/Oct/2021:09:27:54 +0200] "GET /loadthumbnail.php?id=11194717&width=113 HTTP/1.1" 200 1278 "http://renault.activities.at/result?searchterm=true&search=kangoo" "Mozilla/5.0 (Windows NT 10.0; Win64; x64) AppleWebKit/537.36 (KHTML, like Gecko) Chrome/94.0.4606.81 Safari/537.36"
157.97.69.246 - - [14/Oct/2021:09:27:54 +0200] "GET /loadthumbnail.php?id=11181172&width=113 HTTP/1.1" 200 1576 "http://renault.activities.at/result?searchterm=true&search=kangoo" "Mozilla/5.0 (Windows NT 10.0; Win64; x64) AppleWebKit/537.36 (KHTML, like Gecko) Chrome/94.0.4606.81 Safari/537.36"
157.97.69.246 - - [14/Oct/2021:09:27:54 +0200] "GET /loadthumbnail.php?id=11186469&width=113 HTTP/1.1" 200 1278 "http://renault.activities.at/result?searchterm=true&search=kangoo" "Mozilla/5.0 (Windows NT 10.0; Win64; x64) AppleWebKit/537.36 (KHTML, like Gecko) Chrome/94.0.4606.81 Safari/537.36"
157.97.69.246 - - [14/Oct/2021:09:27:54 +0200] "GET /loadthumbnail.php?id=11181170&width=113 HTTP/1.1" 200 1576 "http://renault.activities.at/result?searchterm=true&search=kangoo" "Mozilla/5.0 (Windows NT 10.0; Win64; x64) AppleWebKit/537.36 (KHTML, like Gecko) Chrome/94.0.4606.81 Safari/537.36"
157.97.69.246 - - [14/Oct/2021:09:27:54 +0200] "GET /loadthumbnail.php?id=11181166&width=113 HTTP/1.1" 200 847 "http://renault.activities.at/result?searchterm=true&search=kangoo" "Mozilla/5.0 (Windows NT 10.0; Win64; x64) AppleWebKit/537.36 (KHTML, like Gecko) Chrome/94.0.4606.81 Safari/537.36"
157.97.69.246 - - [14/Oct/2021:09:27:54 +0200] "GET /loadthumbnail.php?id=12358954&width=113 HTTP/1.1" 200 1711 "http://renault.activities.at/result?searchterm=true&search=kangoo" "Mozilla/5.0 (Windows NT 10.0; Win64; x64) AppleWebKit/537.36 (KHTML, like Gecko) Chrome/94.0.4606.81 Safari/537.36"
157.97.69.246 - - [14/Oct/2021:09:27:54 +0200] "GET /loadthumbnail.php?id=12455615&width=113 HTTP/1.1" 200 1974 "http://renault.activities.at/result?searchterm=true&search=kangoo" "Mozilla/5.0 (Windows NT 10.0; Win64; x64) AppleWebKit/537.36 (KHTML, like Gecko) Chrome/94.0.4606.81 Safari/537.36"
157.97.69.246 - - [14/Oct/2021:09:27:54 +0200] "GET /loadthumbnail.php?id=12455610&width=113 HTTP/1.1" 200 2069 "http://renault.activities.at/result?searchterm=true&search=kangoo" "Mozilla/5.0 (Windows NT 10.0; Win64; x64) AppleWebKit/537.36 (KHTML, like Gecko) Chrome/94.0.4606.81 Safari/537.36"
157.97.69.246 - - [14/Oct/2021:09:27:52 +0200] "POST /axjaxrequest?mode=suggest HTTP/1.1" 200 111 "http://renault.activities.at/result?searchterm=true&search=sandero+poster" "Mozilla/5.0 (Windows NT 10.0; Win64; x64) AppleWebKit/537.36 (KHTML, like Gecko) Chrome/94.0.4606.81 Safari/537.36"
80.120.210.180 - - [14/Oct/2021:09:27:53 +0200] "POST /docheckout HTTP/1.1" 200 449 "http://renault.activities.at/checkout" "Mozilla/5.0 (Windows NT 6.1; WOW64; Trident/7.0; rv:11.0) like Gecko"
80.120.210.180 - - [14/Oct/2021:09:27:57 +0200] "POST /docheckout HTTP/1.1" 200 747 "http://renault.activities.at/checkout" "Mozilla/5.0 (Windows NT 6.1; WOW64; Trident/7.0; rv:11.0) like Gecko"
157.97.69.246 - - [14/Oct/2021:09:27:59 +0200] "POST /axjaxrequest?mode=suggest HTTP/1.1" 200 21 "http://renault.activities.at/result?searchterm=true&search=kangoo" "Mozilla/5.0 (Windows NT 10.0; Win64; x64) AppleWebKit/537.36 (KHTML, like Gecko) Chrome/94.0.4606.81 Safari/537.36"
157.97.69.246 - - [14/Oct/2021:09:27:59 +0200] "GET /result?searchterm=true&search=kangoo+poster HTTP/1.1" 200 4663 "http://renault.activities.at/result?searchterm=true&search=kangoo" "Mozilla/5.0 (Windows NT 10.0; Win64; x64) AppleWebKit/537.36 (KHTML, like Gecko) Chrome/94.0.4606.81 Safari/537.36"
157.97.69.246 - - [14/Oct/2021:09:28:02 +0200] "GET /result?searchterm=true&search=kangoo+poster HTTP/1.1" 200 4663 "http://renault.activities.at/result?searchterm=true&search=kangoo+poster" "Mozilla/5.0 (Windows NT 10.0; Win64; x64) AppleWebKit/537.36 (KHTML, like Gecko) Chrome/94.0.4606.81 Safari/537.36"
83.175.83.150 - - [14/Oct/2021:09:28:05 +0200] "GET /reload?ser=1634196484571 HTTP/1.1" 200 28 "http://renault.activities.at/10260282?dir=DESC&mode=grid&order=name&limit=15&page=7" "Mozilla/5.0 (Windows NT 10.0; Win64; x64) AppleWebKit/537.36 (KHTML, like Gecko) Chrome/94.0.4606.71 Safari/537.36"
157.97.69.246 - - [14/Oct/2021:09:28:10 +0200] "POST /axjaxrequest?mode=suggest HTTP/1.1" 200 21 "http://renault.activities.at/result?searchterm=true&search=kangoo+poster" "Mozilla/5.0 (Windows NT 10.0; Win64; x64) AppleWebKit/537.36 (KHTML, like Gecko) Chrome/94.0.4606.81 Safari/537.36"
157.97.69.246 - - [14/Oct/2021:09:28:12 +0200] "POST /axjaxrequest?mode=suggest HTTP/1.1" 200 21 "http://renault.activities.at/result?searchterm=true&search=kangoo+poster" "Mozilla/5.0 (Windows NT 10.0; Win64; x64) AppleWebKit/537.36 (KHTML, like Gecko) Chrome/94.0.4606.81 Safari/537.36"
138.21.12.24 - - [14/Oct/2021:09:28:12 +0200] "GET /reload?ser=1634196492533 HTTP/1.1" 200 28 "http://renault.2web.at/account" "Mozilla/5.0 (Windows NT 10.0; Win64; x64) AppleWebKit/537.36 (KHTML, like Gecko) Chrome/94.0.4606.81 Safari/537.36"
157.97.69.246 - - [14/Oct/2021:09:28:13 +0200] "GET /result?searchterm=true&search=arkana+poster HTTP/1.1" 200 4663 "http://renault.activities.at/result?searchterm=true&search=kangoo+poster" "Mozilla/5.0 (Windows NT 10.0; Win64; x64) AppleWebKit/537.36 (KHTML, like Gecko) Chrome/94.0.4606.81 Safari/537.36"
80.120.210.180 - - [14/Oct/2021:09:28:13 +0200] "POST /docheckout HTTP/1.1" 200 68 "http://renault.activities.at/checkout" "Mozilla/5.0 (Windows NT 6.1; WOW64; Trident/7.0; rv:11.0) like Gecko"
80.120.210.180 - - [14/Oct/2021:09:28:17 +0200] "GET /success HTTP/1.1" 200 3773 "http://renault.activities.at/checkout" "Mozilla/5.0 (Windows NT 6.1; WOW64; Trident/7.0; rv:11.0) like Gecko"
157.97.69.246 - - [14/Oct/2021:09:28:22 +0200] "POST /axjaxrequest?mode=suggest HTTP/1.1" 200 21 "http://renault.activities.at/result?searchterm=true&search=arkana+poster" "Mozilla/5.0 (Windows NT 10.0; Win64; x64) AppleWebKit/537.36 (KHTML, like Gecko) Chrome/94.0.4606.81 Safari/537.36"
157.97.69.246 - - [14/Oct/2021:09:28:24 +0200] "GET /result?searchterm=true&search=captur+poster HTTP/1.1" 200 4663 "http://renault.activities.at/result?searchterm=true&search=arkana+poster" "Mozilla/5.0 (Windows NT 10.0; Win64; x64) AppleWebKit/537.36 (KHTML, like Gecko) Chrome/94.0.4606.81 Safari/537.36"
193.194.132.23 - - [14/Oct/2021:09:28:29 +0200] "GET /reload?ser=1634196509174 HTTP/1.1" 200 28 "http://renault.2web.at/result?searchterm=true&search=sandero" "Mozilla/5.0 (Windows NT 10.0; Win64; x64) AppleWebKit/537.36 (KHTML, like Gecko) Chrome/94.0.4606.81 Safari/537.36"
80.122.53.230 - - [14/Oct/2021:09:28:31 +0200] "GET /reload?ser=1634196511074 HTTP/1.1" 200 28 "http://renault.activities.at/result?searchterm=true&search=wintercheck" "Mozilla/5.0 (Windows NT 10.0; Win64; x64) AppleWebKit/537.36 (KHTML, like Gecko) Chrome/94.0.4606.81 Safari/537.36"
157.97.69.246 - - [14/Oct/2021:09:28:32 +0200] "POST /axjaxrequest?mode=suggest HTTP/1.1" 200 21 "http://renault.activities.at/result?searchterm=true&search=captur+poster" "Mozilla/5.0 (Windows NT 10.0; Win64; x64) AppleWebKit/537.36 (KHTML, like Gecko) Chrome/94.0.4606.81 Safari/537.36"
157.97.69.246 - - [14/Oct/2021:09:28:33 +0200] "POST /axjaxrequest?mode=suggest HTTP/1.1" 200 21 "http://renault.activities.at/result?searchterm=true&search=captur+poster" "Mozilla/5.0 (Windows NT 10.0; Win64; x64) AppleWebKit/537.36 (KHTML, like Gecko) Chrome/94.0.4606.81 Safari/537.36"
157.97.69.246 - - [14/Oct/2021:09:28:34 +0200] "GET /result?searchterm=true&search=clio+poster HTTP/1.1" 200 5875 "http://renault.activities.at/result?searchterm=true&search=captur+poster" "Mozilla/5.0 (Windows NT 10.0; Win64; x64) AppleWebKit/537.36 (KHTML, like Gecko) Chrome/94.0.4606.81 Safari/537.36"
157.97.69.246 - - [14/Oct/2021:09:28:36 +0200] "GET /loadthumbnail.php?id=12088624&width=113 HTTP/1.1" 200 2886 "http://renault.activities.at/result?searchterm=true&search=clio+poster" "Mozilla/5.0 (Windows NT 10.0; Win64; x64) AppleWebKit/537.36 (KHTML, like Gecko) Chrome/94.0.4606.81 Safari/537.36"
157.97.69.246 - - [14/Oct/2021:09:28:36 +0200] "GET /result?searchterm=true&search=clio+poster HTTP/1.1" 200 5875 "http://renault.activities.at/result?searchterm=true&search=clio+poster" "Mozilla/5.0 (Windows NT 10.0; Win64; x64) AppleWebKit/537.36 (KHTML, like Gecko) Chrome/94.0.4606.81 Safari/537.36"
157.97.69.246 - - [14/Oct/2021:09:28:40 +0200] "GET /12083566?print=true HTTP/1.1" 200 2633 "http://renault.activities.at/result?searchterm=true&search=clio+poster" "Mozilla/5.0 (Windows NT 10.0; Win64; x64) AppleWebKit/537.36 (KHTML, like Gecko) Chrome/94.0.4606.81 Safari/537.36"
157.97.69.246 - - [14/Oct/2021:09:28:41 +0200] "GET /loadthumbnail.php?id=12088624&width=250 HTTP/1.1" 200 9764 "http://renault.activities.at/12083566?print=true" "Mozilla/5.0 (Windows NT 10.0; Win64; x64) AppleWebKit/537.36 (KHTML, like Gecko) Chrome/94.0.4606.81 Safari/537.36"
157.97.69.246 - - [14/Oct/2021:09:28:41 +0200] "GET /loadthumbnail.php?id=12088624&width=900&height=900 HTTP/1.1" 200 91884 "http://renault.activities.at/12083566?print=true" "Mozilla/5.0 (Windows NT 10.0; Win64; x64) AppleWebKit/537.36 (KHTML, like Gecko) Chrome/94.0.4606.81 Safari/537.36"
157.97.69.246 - - [14/Oct/2021:09:28:53 +0200] "GET /result?searchterm=true&search=zoe+poster HTTP/1.1" 200 4661 "http://renault.activities.at/result?searchterm=true&search=clio+poster" "Mozilla/5.0 (Windows NT 10.0; Win64; x64) AppleWebKit/537.36 (KHTML, like Gecko) Chrome/94.0.4606.81 Safari/537.36"
157.97.69.246 - - [14/Oct/2021:09:28:53 +0200] "POST /axjaxrequest?mode=suggest HTTP/1.1" 200 21 "http://renault.activities.at/result?searchterm=true&search=clio+poster" "Mozilla/5.0 (Windows NT 10.0; Win64; x64) AppleWebKit/537.36 (KHTML, like Gecko) Chrome/94.0.4606.81 Safari/537.36"
157.97.69.246 - - [14/Oct/2021:09:29:00 +0200] "POST /axjaxrequest?mode=suggest HTTP/1.1" 200 21 "http://renault.activities.at/result?searchterm=true&search=zoe+poster" "Mozilla/5.0 (Windows NT 10.0; Win64; x64) AppleWebKit/537.36 (KHTML, like Gecko) Chrome/94.0.4606.81 Safari/537.36"
157.97.69.246 - - [14/Oct/2021:09:29:01 +0200] "GET /result?searchterm=true&search=megane+poster HTTP/1.1" 200 4661 "http://renault.activities.at/result?searchterm=true&search=zoe+poster" "Mozilla/5.0 (Windows NT 10.0; Win64; x64) AppleWebKit/537.36 (KHTML, like Gecko) Chrome/94.0.4606.81 Safari/537.36"
83.175.83.150 - - [14/Oct/2021:09:29:06 +0200] "GET /reload?ser=1634196545578 HTTP/1.1" 200 28 "http://renault.activities.at/10260282?dir=DESC&mode=grid&order=name&limit=15&page=7" "Mozilla/5.0 (Windows NT 10.0; Win64; x64) AppleWebKit/537.36 (KHTML, like Gecko) Chrome/94.0.4606.71 Safari/537.36"
138.21.12.24 - - [14/Oct/2021:09:29:14 +0200] "GET /reload?ser=1634196554534 HTTP/1.1" 200 28 "http://renault.2web.at/account" "Mozilla/5.0 (Windows NT 10.0; Win64; x64) AppleWebKit/537.36 (KHTML, like Gecko) Chrome/94.0.4606.81 Safari/537.36"
157.97.69.246 - - [14/Oct/2021:09:29:17 +0200] "POST /axjaxrequest?mode=suggest HTTP/1.1" 200 175 "http://renault.activities.at/result?searchterm=true&search=megane+poster" "Mozilla/5.0 (Windows NT 10.0; Win64; x64) AppleWebKit/537.36 (KHTML, like Gecko) Chrome/94.0.4606.81 Safari/537.36"
157.97.69.246 - - [14/Oct/2021:09:29:19 +0200] "POST /axjaxrequest?mode=suggest HTTP/1.1" 200 114 "http://renault.activities.at/result?searchterm=true&search=megane+poster" "Mozilla/5.0 (Windows NT 10.0; Win64; x64) AppleWebKit/537.36 (KHTML, like Gecko) Chrome/94.0.4606.81 Safari/537.36"
157.97.69.246 - - [14/Oct/2021:09:29:21 +0200] "GET /result?searchterm=true&search=wintercheck HTTP/1.1" 200 6901 "http://renault.activities.at/result?searchterm=true&search=megane+poster" "Mozilla/5.0 (Windows NT 10.0; Win64; x64) AppleWebKit/537.36 (KHTML, like Gecko) Chrome/94.0.4606.81 Safari/537.36"
157.97.69.246 - - [14/Oct/2021:09:29:28 +0200] "GET /images/vista-up-hover.gif HTTP/1.1" 200 130 "http://renault.activities.at/css/styles.css" "Mozilla/5.0 (Windows NT 10.0; Win64; x64) AppleWebKit/537.36 (KHTML, like Gecko) Chrome/94.0.4606.81 Safari/537.36"
157.97.69.246 - - [14/Oct/2021:09:29:28 +0200] "GET /images/vista-dn-hover.gif HTTP/1.1" 200 127 "http://renault.activities.at/css/styles.css" "Mozilla/5.0 (Windows NT 10.0; Win64; x64) AppleWebKit/537.36 (KHTML, like Gecko) Chrome/94.0.4606.81 Safari/537.36"
193.194.132.23 - - [14/Oct/2021:09:29:30 +0200] "GET /reload?ser=1634196570174 HTTP/1.1" 200 28 "http://renault.2web.at/result?searchterm=true&search=sandero" "Mozilla/5.0 (Windows NT 10.0; Win64; x64) AppleWebKit/537.36 (KHTML, like Gecko) Chrome/94.0.4606.81 Safari/537.36"
80.122.53.230 - - [14/Oct/2021:09:29:32 +0200] "GET /reload?ser=1634196572081 HTTP/1.1" 200 28 "http://renault.activities.at/result?searchterm=true&search=wintercheck" "Mozilla/5.0 (Windows NT 10.0; Win64; x64) AppleWebKit/537.36 (KHTML, like Gecko) Chrome/94.0.4606.81 Safari/537.36"
157.97.69.246 - - [14/Oct/2021:09:30:02 +0200] "POST /result?searchterm=true&search=wintercheck HTTP/1.1" 200 7006 "http://renault.activities.at/result?searchterm=true&search=wintercheck" "Mozilla/5.0 (Windows NT 10.0; Win64; x64) AppleWebKit/537.36 (KHTML, like Gecko) Chrome/94.0.4606.81 Safari/537.36"
83.175.83.150 - - [14/Oct/2021:09:30:07 +0200] "GET /reload?ser=1634196606574 HTTP/1.1" 200 28 "http://renault.activities.at/10260282?dir=DESC&mode=grid&order=name&limit=15&page=7" "Mozilla/5.0 (Windows NT 10.0; Win64; x64) AppleWebKit/537.36 (KHTML, like Gecko) Chrome/94.0.4606.71 Safari/537.36"
138.21.12.24 - - [14/Oct/2021:09:30:16 +0200] "GET /reload?ser=1634196616534 HTTP/1.1" 200 28 "http://renault.2web.at/account" "Mozilla/5.0 (Windows NT 10.0; Win64; x64) AppleWebKit/537.36 (KHTML, like Gecko) Chrome/94.0.4606.81 Safari/537.36"
193.194.132.23 - - [14/Oct/2021:09:30:32 +0200] "GET /reload?ser=1634196632173 HTTP/1.1" 200 28 "http://renault.2web.at/result?searchterm=true&search=sandero" "Mozilla/5.0 (Windows NT 10.0; Win64; x64) AppleWebKit/537.36 (KHTML, like Gecko) Chrome/94.0.4606.81 Safari/537.36"
80.122.53.230 - - [14/Oct/2021:09:30:33 +0200] "GET /reload?ser=1634196633079 HTTP/1.1" 200 28 "http://renault.activities.at/result?searchterm=true&search=wintercheck" "Mozilla/5.0 (Windows NT 10.0; Win64; x64) AppleWebKit/537.36 (KHTML, like Gecko) Chrome/94.0.4606.81 Safari/537.36"
157.97.69.246 - - [14/Oct/2021:09:30:31 +0200] "POST /result?searchterm=true&search=wintercheck HTTP/1.1" 200 7015 "http://renault.activities.at/result?searchterm=true&search=wintercheck" "Mozilla/5.0 (Windows NT 10.0; Win64; x64) AppleWebKit/537.36 (KHTML, like Gecko) Chrome/94.0.4606.81 Safari/537.36"
157.97.69.246 - - [14/Oct/2021:09:30:58 +0200] "GET /cart HTTP/1.1" 200 5477 "http://renault.activities.at/result?searchterm=true&search=wintercheck" "Mozilla/5.0 (Windows NT 10.0; Win64; x64) AppleWebKit/537.36 (KHTML, like Gecko) Chrome/94.0.4606.81 Safari/537.36"
157.97.69.246 - - [14/Oct/2021:09:31:01 +0200] "GET /loadthumbnail.php?id=12463082&width=100 HTTP/1.1" 200 2581 "http://renault.activities.at/cart" "Mozilla/5.0 (Windows NT 10.0; Win64; x64) AppleWebKit/537.36 (KHTML, like Gecko) Chrome/94.0.4606.81 Safari/537.36"
157.97.69.246 - - [14/Oct/2021:09:31:01 +0200] "GET /loadthumbnail.php?id=10232009&width=16&height=16 HTTP/1.1" 200 700 "http://renault.activities.at/cart" "Mozilla/5.0 (Windows NT 10.0; Win64; x64) AppleWebKit/537.36 (KHTML, like Gecko) Chrome/94.0.4606.81 Safari/537.36"
157.97.69.246 - - [14/Oct/2021:09:31:01 +0200] "GET /loadthumbnail.php?id=12463090&width=100 HTTP/1.1" 200 2702 "http://renault.activities.at/cart" "Mozilla/5.0 (Windows NT 10.0; Win64; x64) AppleWebKit/537.36 (KHTML, like Gecko) Chrome/94.0.4606.81 Safari/537.36"
157.97.69.246 - - [14/Oct/2021:09:31:01 +0200] "GET /loadthumbnail.php?id=12458505&width=100 HTTP/1.1" 200 2579 "http://renault.activities.at/cart" "Mozilla/5.0 (Windows NT 10.0; Win64; x64) AppleWebKit/537.36 (KHTML, like Gecko) Chrome/94.0.4606.81 Safari/537.36"
157.97.69.246 - - [14/Oct/2021:09:31:01 +0200] "GET /loadthumbnail.php?id=12458509&width=100 HTTP/1.1" 200 2552 "http://renault.activities.at/cart" "Mozilla/5.0 (Windows NT 10.0; Win64; x64) AppleWebKit/537.36 (KHTML, like Gecko) Chrome/94.0.4606.81 Safari/537.36"
83.175.83.150 - - [14/Oct/2021:09:31:08 +0200] "GET /reload?ser=1634196667576 HTTP/1.1" 200 28 "http://renault.activities.at/10260282?dir=DESC&mode=grid&order=name&limit=15&page=7" "Mozilla/5.0 (Windows NT 10.0; Win64; x64) AppleWebKit/537.36 (KHTML, like Gecko) Chrome/94.0.4606.71 Safari/537.36"
138.21.12.24 - - [14/Oct/2021:09:31:18 +0200] "GET /reload?ser=1634196678535 HTTP/1.1" 200 28 "http://renault.2web.at/account" "Mozilla/5.0 (Windows NT 10.0; Win64; x64) AppleWebKit/537.36 (KHTML, like Gecko) Chrome/94.0.4606.81 Safari/537.36"
157.97.69.246 - - [14/Oct/2021:09:31:20 +0200] "POST /cart HTTP/1.1" 200 5542 "http://renault.activities.at/cart" "Mozilla/5.0 (Windows NT 10.0; Win64; x64) AppleWebKit/537.36 (KHTML, like Gecko) Chrome/94.0.4606.81 Safari/537.36"
80.122.53.230 - - [14/Oct/2021:09:31:34 +0200] "GET /reload?ser=1634196694077 HTTP/1.1" 200 28 "http://renault.activities.at/result?searchterm=true&search=wintercheck" "Mozilla/5.0 (Windows NT 10.0; Win64; x64) AppleWebKit/537.36 (KHTML, like Gecko) Chrome/94.0.4606.81 Safari/537.36"
193.194.132.23 - - [14/Oct/2021:09:31:34 +0200] "GET /reload?ser=1634196694175 HTTP/1.1" 200 28 "http://renault.2web.at/result?searchterm=true&search=sandero" "Mozilla/5.0 (Windows NT 10.0; Win64; x64) AppleWebKit/537.36 (KHTML, like Gecko) Chrome/94.0.4606.81 Safari/537.36"
157.97.69.246 - - [14/Oct/2021:09:31:47 +0200] "POST /cart HTTP/1.1" 200 5541 "http://renault.activities.at/cart" "Mozilla/5.0 (Windows NT 10.0; Win64; x64) AppleWebKit/537.36 (KHTML, like Gecko) Chrome/94.0.4606.81 Safari/537.36"
83.175.83.150 - - [14/Oct/2021:09:32:09 +0200] "GET /reload?ser=1634196728577 HTTP/1.1" 200 28 "http://renault.activities.at/10260282?dir=DESC&mode=grid&order=name&limit=15&page=7" "Mozilla/5.0 (Windows NT 10.0; Win64; x64) AppleWebKit/537.36 (KHTML, like Gecko) Chrome/94.0.4606.71 Safari/537.36"
138.21.12.24 - - [14/Oct/2021:09:32:20 +0200] "GET /reload?ser=1634196740536 HTTP/1.1" 200 28 "http://renault.2web.at/account" "Mozilla/5.0 (Windows NT 10.0; Win64; x64) AppleWebKit/537.36 (KHTML, like Gecko) Chrome/94.0.4606.81 Safari/537.36"
80.122.53.230 - - [14/Oct/2021:09:32:35 +0200] "GET /reload?ser=1634196755076 HTTP/1.1" 200 28 "http://renault.activities.at/result?searchterm=true&search=wintercheck" "Mozilla/5.0 (Windows NT 10.0; Win64; x64) AppleWebKit/537.36 (KHTML, like Gecko) Chrome/94.0.4606.81 Safari/537.36"
193.194.132.23 - - [14/Oct/2021:09:32:36 +0200] "GET /reload?ser=1634196756176 HTTP/1.1" 200 28 "http://renault.2web.at/result?searchterm=true&search=sandero" "Mozilla/5.0 (Windows NT 10.0; Win64; x64) AppleWebKit/537.36 (KHTML, like Gecko) Chrome/94.0.4606.81 Safari/537.36"
157.97.69.246 - - [14/Oct/2021:09:32:50 +0200] "GET /reload?ser=1634196770532 HTTP/1.1" 200 28 "http://renault.activities.at/cart" "Mozilla/5.0 (Windows NT 10.0; Win64; x64) AppleWebKit/537.36 (KHTML, like Gecko) Chrome/94.0.4606.81 Safari/537.36"
83.175.83.150 - - [14/Oct/2021:09:33:10 +0200] "GET /reload?ser=1634196789576 HTTP/1.1" 200 28 "http://renault.activities.at/10260282?dir=DESC&mode=grid&order=name&limit=15&page=7" "Mozilla/5.0 (Windows NT 10.0; Win64; x64) AppleWebKit/537.36 (KHTML, like Gecko) Chrome/94.0.4606.71 Safari/537.36"
138.21.12.24 - - [14/Oct/2021:09:33:22 +0200] "GET /reload?ser=1634196802537 HTTP/1.1" 200 28 "http://renault.2web.at/account" "Mozilla/5.0 (Windows NT 10.0; Win64; x64) AppleWebKit/537.36 (KHTML, like Gecko) Chrome/94.0.4606.81 Safari/537.36"
80.122.53.230 - - [14/Oct/2021:09:33:36 +0200] "GET /reload?ser=1634196816086 HTTP/1.1" 200 28 "http://renault.activities.at/result?searchterm=true&search=wintercheck" "Mozilla/5.0 (Windows NT 10.0; Win64; x64) AppleWebKit/537.36 (KHTML, like Gecko) Chrome/94.0.4606.81 Safari/537.36"
193.194.132.23 - - [14/Oct/2021:09:33:38 +0200] "GET /reload?ser=1634196818176 HTTP/1.1" 200 28 "http://renault.2web.at/result?searchterm=true&search=sandero" "Mozilla/5.0 (Windows NT 10.0; Win64; x64) AppleWebKit/537.36 (KHTML, like Gecko) Chrome/94.0.4606.81 Safari/537.36"
157.97.69.246 - - [14/Oct/2021:09:33:51 +0200] "GET /reload?ser=1634196831528 HTTP/1.1" 200 28 "http://renault.activities.at/cart" "Mozilla/5.0 (Windows NT 10.0; Win64; x64) AppleWebKit/537.36 (KHTML, like Gecko) Chrome/94.0.4606.81 Safari/537.36"
83.175.83.150 - - [14/Oct/2021:09:34:11 +0200] "GET /reload?ser=1634196850571 HTTP/1.1" 200 28 "http://renault.activities.at/10260282?dir=DESC&mode=grid&order=name&limit=15&page=7" "Mozilla/5.0 (Windows NT 10.0; Win64; x64) AppleWebKit/537.36 (KHTML, like Gecko) Chrome/94.0.4606.71 Safari/537.36"
138.21.12.24 - - [14/Oct/2021:09:34:24 +0200] "GET /reload?ser=1634196864537 HTTP/1.1" 200 28 "http://renault.2web.at/account" "Mozilla/5.0 (Windows NT 10.0; Win64; x64) AppleWebKit/537.36 (KHTML, like Gecko) Chrome/94.0.4606.81 Safari/537.36"
80.122.53.230 - - [14/Oct/2021:09:34:37 +0200] "GET /reload?ser=1634196877093 HTTP/1.1" 200 28 "http://renault.activities.at/result?searchterm=true&search=wintercheck" "Mozilla/5.0 (Windows NT 10.0; Win64; x64) AppleWebKit/537.36 (KHTML, like Gecko) Chrome/94.0.4606.81 Safari/537.36"
193.194.132.23 - - [14/Oct/2021:09:34:40 +0200] "GET /reload?ser=1634196880177 HTTP/1.1" 200 28 "http://renault.2web.at/result?searchterm=true&search=sandero" "Mozilla/5.0 (Windows NT 10.0; Win64; x64) AppleWebKit/537.36 (KHTML, like Gecko) Chrome/94.0.4606.81 Safari/537.36"
157.97.69.246 - - [14/Oct/2021:09:34:52 +0200] "GET /reload?ser=1634196892530 HTTP/1.1" 200 28 "http://renault.activities.at/cart" "Mozilla/5.0 (Windows NT 10.0; Win64; x64) AppleWebKit/537.36 (KHTML, like Gecko) Chrome/94.0.4606.81 Safari/537.36"
83.175.83.150 - - [14/Oct/2021:09:35:12 +0200] "GET /reload?ser=1634196911572 HTTP/1.1" 200 28 "http://renault.activities.at/10260282?dir=DESC&mode=grid&order=name&limit=15&page=7" "Mozilla/5.0 (Windows NT 10.0; Win64; x64) AppleWebKit/537.36 (KHTML, like Gecko) Chrome/94.0.4606.71 Safari/537.36"
138.21.12.24 - - [14/Oct/2021:09:35:26 +0200] "GET /reload?ser=1634196926540 HTTP/1.1" 200 28 "http://renault.2web.at/account" "Mozilla/5.0 (Windows NT 10.0; Win64; x64) AppleWebKit/537.36 (KHTML, like Gecko) Chrome/94.0.4606.81 Safari/537.36"
80.122.53.230 - - [14/Oct/2021:09:35:38 +0200] "GET /reload?ser=1634196938094 HTTP/1.1" 200 28 "http://renault.activities.at/result?searchterm=true&search=wintercheck" "Mozilla/5.0 (Windows NT 10.0; Win64; x64) AppleWebKit/537.36 (KHTML, like Gecko) Chrome/94.0.4606.81 Safari/537.36"
193.194.132.23 - - [14/Oct/2021:09:35:42 +0200] "GET /reload?ser=1634196942178 HTTP/1.1" 200 28 "http://renault.2web.at/result?searchterm=true&search=sandero" "Mozilla/5.0 (Windows NT 10.0; Win64; x64) AppleWebKit/537.36 (KHTML, like Gecko) Chrome/94.0.4606.81 Safari/537.36"
157.97.69.246 - - [14/Oct/2021:09:35:53 +0200] "GET /reload?ser=1634196953536 HTTP/1.1" 200 28 "http://renault.activities.at/cart" "Mozilla/5.0 (Windows NT 10.0; Win64; x64) AppleWebKit/537.36 (KHTML, like Gecko) Chrome/94.0.4606.81 Safari/537.36"
83.175.83.150 - - [14/Oct/2021:09:36:13 +0200] "GET /reload?ser=1634196972571 HTTP/1.1" 200 28 "http://renault.activities.at/10260282?dir=DESC&mode=grid&order=name&limit=15&page=7" "Mozilla/5.0 (Windows NT 10.0; Win64; x64) AppleWebKit/537.36 (KHTML, like Gecko) Chrome/94.0.4606.71 Safari/537.36"
138.21.12.24 - - [14/Oct/2021:09:36:28 +0200] "GET /reload?ser=1634196988544 HTTP/1.1" 200 28 "http://renault.2web.at/account" "Mozilla/5.0 (Windows NT 10.0; Win64; x64) AppleWebKit/537.36 (KHTML, like Gecko) Chrome/94.0.4606.81 Safari/537.36"
80.122.53.230 - - [14/Oct/2021:09:36:39 +0200] "GET /reload?ser=1634196999089 HTTP/1.1" 200 28 "http://renault.activities.at/result?searchterm=true&search=wintercheck" "Mozilla/5.0 (Windows NT 10.0; Win64; x64) AppleWebKit/537.36 (KHTML, like Gecko) Chrome/94.0.4606.81 Safari/537.36"
193.194.132.23 - - [14/Oct/2021:09:36:44 +0200] "GET /reload?ser=1634197004178 HTTP/1.1" 200 28 "http://renault.2web.at/result?searchterm=true&search=sandero" "Mozilla/5.0 (Windows NT 10.0; Win64; x64) AppleWebKit/537.36 (KHTML, like Gecko) Chrome/94.0.4606.81 Safari/537.36"
157.97.69.246 - - [14/Oct/2021:09:36:54 +0200] "GET /reload?ser=1634197014533 HTTP/1.1" 200 28 "http://renault.activities.at/cart" "Mozilla/5.0 (Windows NT 10.0; Win64; x64) AppleWebKit/537.36 (KHTML, like Gecko) Chrome/94.0.4606.81 Safari/537.36"
83.175.83.150 - - [14/Oct/2021:09:37:14 +0200] "GET /reload?ser=1634197033575 HTTP/1.1" 200 28 "http://renault.activities.at/10260282?dir=DESC&mode=grid&order=name&limit=15&page=7" "Mozilla/5.0 (Windows NT 10.0; Win64; x64) AppleWebKit/537.36 (KHTML, like Gecko) Chrome/94.0.4606.71 Safari/537.36"
138.21.12.24 - - [14/Oct/2021:09:37:30 +0200] "GET /reload?ser=1634197050548 HTTP/1.1" 200 28 "http://renault.2web.at/account" "Mozilla/5.0 (Windows NT 10.0; Win64; x64) AppleWebKit/537.36 (KHTML, like Gecko) Chrome/94.0.4606.81 Safari/537.36"
80.122.53.230 - - [14/Oct/2021:09:37:40 +0200] "GET /reload?ser=1634197060103 HTTP/1.1" 200 28 "http://renault.activities.at/result?searchterm=true&search=wintercheck" "Mozilla/5.0 (Windows NT 10.0; Win64; x64) AppleWebKit/537.36 (KHTML, like Gecko) Chrome/94.0.4606.81 Safari/537.36"
193.194.132.23 - - [14/Oct/2021:09:37:46 +0200] "GET /reload?ser=1634197066179 HTTP/1.1" 200 28 "http://renault.2web.at/result?searchterm=true&search=sandero" "Mozilla/5.0 (Windows NT 10.0; Win64; x64) AppleWebKit/537.36 (KHTML, like Gecko) Chrome/94.0.4606.81 Safari/537.36"
157.97.69.246 - - [14/Oct/2021:09:37:55 +0200] "GET /reload?ser=1634197075534 HTTP/1.1" 200 28 "http://renault.activities.at/cart" "Mozilla/5.0 (Windows NT 10.0; Win64; x64) AppleWebKit/537.36 (KHTML, like Gecko) Chrome/94.0.4606.81 Safari/537.36"
83.175.83.150 - - [14/Oct/2021:09:38:15 +0200] "GET /reload?ser=1634197094578 HTTP/1.1" 200 28 "http://renault.activities.at/10260282?dir=DESC&mode=grid&order=name&limit=15&page=7" "Mozilla/5.0 (Windows NT 10.0; Win64; x64) AppleWebKit/537.36 (KHTML, like Gecko) Chrome/94.0.4606.71 Safari/537.36"
138.21.12.24 - - [14/Oct/2021:09:38:32 +0200] "GET /reload?ser=1634197112554 HTTP/1.1" 200 28 "http://renault.2web.at/account" "Mozilla/5.0 (Windows NT 10.0; Win64; x64) AppleWebKit/537.36 (KHTML, like Gecko) Chrome/94.0.4606.81 Safari/537.36"
80.122.53.230 - - [14/Oct/2021:09:38:41 +0200] "GET /reload?ser=1634197121094 HTTP/1.1" 200 28 "http://renault.activities.at/result?searchterm=true&search=wintercheck" "Mozilla/5.0 (Windows NT 10.0; Win64; x64) AppleWebKit/537.36 (KHTML, like Gecko) Chrome/94.0.4606.81 Safari/537.36"
193.194.132.23 - - [14/Oct/2021:09:38:48 +0200] "GET /reload?ser=1634197128179 HTTP/1.1" 200 28 "http://renault.2web.at/result?searchterm=true&search=sandero" "Mozilla/5.0 (Windows NT 10.0; Win64; x64) AppleWebKit/537.36 (KHTML, like Gecko) Chrome/94.0.4606.81 Safari/537.36"
157.97.69.246 - - [14/Oct/2021:09:38:56 +0200] "GET /reload?ser=1634197136535 HTTP/1.1" 200 28 "http://renault.activities.at/cart" "Mozilla/5.0 (Windows NT 10.0; Win64; x64) AppleWebKit/537.36 (KHTML, like Gecko) Chrome/94.0.4606.81 Safari/537.36"
83.175.83.150 - - [14/Oct/2021:09:39:16 +0200] "GET /reload?ser=1634197155586 HTTP/1.1" 200 28 "http://renault.activities.at/10260282?dir=DESC&mode=grid&order=name&limit=15&page=7" "Mozilla/5.0 (Windows NT 10.0; Win64; x64) AppleWebKit/537.36 (KHTML, like Gecko) Chrome/94.0.4606.71 Safari/537.36"
138.21.12.24 - - [14/Oct/2021:09:39:34 +0200] "GET /reload?ser=1634197174557 HTTP/1.1" 200 28 "http://renault.2web.at/account" "Mozilla/5.0 (Windows NT 10.0; Win64; x64) AppleWebKit/537.36 (KHTML, like Gecko) Chrome/94.0.4606.81 Safari/537.36"
80.122.53.230 - - [14/Oct/2021:09:39:42 +0200] "GET /reload?ser=1634197182102 HTTP/1.1" 200 28 "http://renault.activities.at/result?searchterm=true&search=wintercheck" "Mozilla/5.0 (Windows NT 10.0; Win64; x64) AppleWebKit/537.36 (KHTML, like Gecko) Chrome/94.0.4606.81 Safari/537.36"
193.194.132.23 - - [14/Oct/2021:09:39:50 +0200] "GET /reload?ser=1634197190178 HTTP/1.1" 200 28 "http://renault.2web.at/result?searchterm=true&search=sandero" "Mozilla/5.0 (Windows NT 10.0; Win64; x64) AppleWebKit/537.36 (KHTML, like Gecko) Chrome/94.0.4606.81 Safari/537.36"
157.97.69.246 - - [14/Oct/2021:09:39:57 +0200] "GET /reload?ser=1634197197526 HTTP/1.1" 200 28 "http://renault.activities.at/cart" "Mozilla/5.0 (Windows NT 10.0; Win64; x64) AppleWebKit/537.36 (KHTML, like Gecko) Chrome/94.0.4606.81 Safari/537.36"
83.175.83.150 - - [14/Oct/2021:09:40:17 +0200] "GET /reload?ser=1634197216582 HTTP/1.1" 200 28 "http://renault.activities.at/10260282?dir=DESC&mode=grid&order=name&limit=15&page=7" "Mozilla/5.0 (Windows NT 10.0; Win64; x64) AppleWebKit/537.36 (KHTML, like Gecko) Chrome/94.0.4606.71 Safari/537.36"
138.21.12.24 - - [14/Oct/2021:09:40:36 +0200] "GET /reload?ser=1634197236560 HTTP/1.1" 200 28 "http://renault.2web.at/account" "Mozilla/5.0 (Windows NT 10.0; Win64; x64) AppleWebKit/537.36 (KHTML, like Gecko) Chrome/94.0.4606.81 Safari/537.36"
80.122.53.230 - - [14/Oct/2021:09:40:44 +0200] "GET /reload?ser=1634197244105 HTTP/1.1" 200 28 "http://renault.activities.at/result?searchterm=true&search=wintercheck" "Mozilla/5.0 (Windows NT 10.0; Win64; x64) AppleWebKit/537.36 (KHTML, like Gecko) Chrome/94.0.4606.81 Safari/537.36"
193.194.132.23 - - [14/Oct/2021:09:40:52 +0200] "GET /reload?ser=1634197252179 HTTP/1.1" 200 28 "http://renault.2web.at/result?searchterm=true&search=sandero" "Mozilla/5.0 (Windows NT 10.0; Win64; x64) AppleWebKit/537.36 (KHTML, like Gecko) Chrome/94.0.4606.81 Safari/537.36"
157.97.69.246 - - [14/Oct/2021:09:40:59 +0200] "GET /reload?ser=1634197259531 HTTP/1.1" 200 28 "http://renault.activities.at/cart" "Mozilla/5.0 (Windows NT 10.0; Win64; x64) AppleWebKit/537.36 (KHTML, like Gecko) Chrome/94.0.4606.81 Safari/537.36"
83.175.83.150 - - [14/Oct/2021:09:41:19 +0200] "GET /reload?ser=1634197278580 HTTP/1.1" 200 28 "http://renault.activities.at/10260282?dir=DESC&mode=grid&order=name&limit=15&page=7" "Mozilla/5.0 (Windows NT 10.0; Win64; x64) AppleWebKit/537.36 (KHTML, like Gecko) Chrome/94.0.4606.71 Safari/537.36"
138.21.12.24 - - [14/Oct/2021:09:41:38 +0200] "GET /reload?ser=1634197298577 HTTP/1.1" 200 28 "http://renault.2web.at/account" "Mozilla/5.0 (Windows NT 10.0; Win64; x64) AppleWebKit/537.36 (KHTML, like Gecko) Chrome/94.0.4606.81 Safari/537.36"
80.122.53.230 - - [14/Oct/2021:09:41:45 +0200] "GET /reload?ser=1634197305108 HTTP/1.1" 200 28 "http://renault.activities.at/result?searchterm=true&search=wintercheck" "Mozilla/5.0 (Windows NT 10.0; Win64; x64) AppleWebKit/537.36 (KHTML, like Gecko) Chrome/94.0.4606.81 Safari/537.36"
193.194.132.23 - - [14/Oct/2021:09:41:54 +0200] "GET /reload?ser=1634197314178 HTTP/1.1" 200 28 "http://renault.2web.at/result?searchterm=true&search=sandero" "Mozilla/5.0 (Windows NT 10.0; Win64; x64) AppleWebKit/537.36 (KHTML, like Gecko) Chrome/94.0.4606.81 Safari/537.36"
157.97.69.246 - - [14/Oct/2021:09:42:00 +0200] "GET /reload?ser=1634197320529 HTTP/1.1" 200 28 "http://renault.activities.at/cart" "Mozilla/5.0 (Windows NT 10.0; Win64; x64) AppleWebKit/537.36 (KHTML, like Gecko) Chrome/94.0.4606.81 Safari/537.36"
83.175.83.150 - - [14/Oct/2021:09:42:20 +0200] "GET /reload?ser=1634197339573 HTTP/1.1" 200 28 "http://renault.activities.at/10260282?dir=DESC&mode=grid&order=name&limit=15&page=7" "Mozilla/5.0 (Windows NT 10.0; Win64; x64) AppleWebKit/537.36 (KHTML, like Gecko) Chrome/94.0.4606.71 Safari/537.36"
138.21.12.24 - - [14/Oct/2021:09:42:40 +0200] "GET /reload?ser=1634197360590 HTTP/1.1" 200 28 "http://renault.2web.at/account" "Mozilla/5.0 (Windows NT 10.0; Win64; x64) AppleWebKit/537.36 (KHTML, like Gecko) Chrome/94.0.4606.81 Safari/537.36"
80.122.53.230 - - [14/Oct/2021:09:42:46 +0200] "GET /reload?ser=1634197366109 HTTP/1.1" 200 28 "http://renault.activities.at/result?searchterm=true&search=wintercheck" "Mozilla/5.0 (Windows NT 10.0; Win64; x64) AppleWebKit/537.36 (KHTML, like Gecko) Chrome/94.0.4606.81 Safari/537.36"
193.194.132.23 - - [14/Oct/2021:09:42:56 +0200] "GET /reload?ser=1634197376178 HTTP/1.1" 200 28 "http://renault.2web.at/result?searchterm=true&search=sandero" "Mozilla/5.0 (Windows NT 10.0; Win64; x64) AppleWebKit/537.36 (KHTML, like Gecko) Chrome/94.0.4606.81 Safari/537.36"
157.97.69.246 - - [14/Oct/2021:09:43:01 +0200] "GET /reload?ser=1634197381525 HTTP/1.1" 200 28 "http://renault.activities.at/cart" "Mozilla/5.0 (Windows NT 10.0; Win64; x64) AppleWebKit/537.36 (KHTML, like Gecko) Chrome/94.0.4606.81 Safari/537.36"
83.175.83.150 - - [14/Oct/2021:09:43:21 +0200] "GET /reload?ser=1634197400574 HTTP/1.1" 200 28 "http://renault.activities.at/10260282?dir=DESC&mode=grid&order=name&limit=15&page=7" "Mozilla/5.0 (Windows NT 10.0; Win64; x64) AppleWebKit/537.36 (KHTML, like Gecko) Chrome/94.0.4606.71 Safari/537.36"
138.21.12.24 - - [14/Oct/2021:09:43:42 +0200] "GET /reload?ser=1634197422566 HTTP/1.1" 200 28 "http://renault.2web.at/account" "Mozilla/5.0 (Windows NT 10.0; Win64; x64) AppleWebKit/537.36 (KHTML, like Gecko) Chrome/94.0.4606.81 Safari/537.36"
80.122.53.230 - - [14/Oct/2021:09:43:47 +0200] "GET /reload?ser=1634197427108 HTTP/1.1" 200 28 "http://renault.activities.at/result?searchterm=true&search=wintercheck" "Mozilla/5.0 (Windows NT 10.0; Win64; x64) AppleWebKit/537.36 (KHTML, like Gecko) Chrome/94.0.4606.81 Safari/537.36"
193.194.132.23 - - [14/Oct/2021:09:43:58 +0200] "GET /reload?ser=1634197438179 HTTP/1.1" 200 28 "http://renault.2web.at/result?searchterm=true&search=sandero" "Mozilla/5.0 (Windows NT 10.0; Win64; x64) AppleWebKit/537.36 (KHTML, like Gecko) Chrome/94.0.4606.81 Safari/537.36"
157.97.69.246 - - [14/Oct/2021:09:44:02 +0200] "GET /reload?ser=1634197442524 HTTP/1.1" 200 28 "http://renault.activities.at/cart" "Mozilla/5.0 (Windows NT 10.0; Win64; x64) AppleWebKit/537.36 (KHTML, like Gecko) Chrome/94.0.4606.81 Safari/537.36"
83.175.83.150 - - [14/Oct/2021:09:44:23 +0200] "GET /reload?ser=1634197462583 HTTP/1.1" 200 28 "http://renault.activities.at/10260282?dir=DESC&mode=grid&order=name&limit=15&page=7" "Mozilla/5.0 (Windows NT 10.0; Win64; x64) AppleWebKit/537.36 (KHTML, like Gecko) Chrome/94.0.4606.71 Safari/537.36"
138.21.12.24 - - [14/Oct/2021:09:44:44 +0200] "GET /reload?ser=1634197484568 HTTP/1.1" 200 28 "http://renault.2web.at/account" "Mozilla/5.0 (Windows NT 10.0; Win64; x64) AppleWebKit/537.36 (KHTML, like Gecko) Chrome/94.0.4606.81 Safari/537.36"
80.122.53.230 - - [14/Oct/2021:09:44:48 +0200] "GET /reload?ser=1634197488097 HTTP/1.1" 200 28 "http://renault.activities.at/result?searchterm=true&search=wintercheck" "Mozilla/5.0 (Windows NT 10.0; Win64; x64) AppleWebKit/537.36 (KHTML, like Gecko) Chrome/94.0.4606.81 Safari/537.36"
193.194.132.23 - - [14/Oct/2021:09:45:00 +0200] "GET /reload?ser=1634197500180 HTTP/1.1" 200 28 "http://renault.2web.at/result?searchterm=true&search=sandero" "Mozilla/5.0 (Windows NT 10.0; Win64; x64) AppleWebKit/537.36 (KHTML, like Gecko) Chrome/94.0.4606.81 Safari/537.36"
157.97.69.246 - - [14/Oct/2021:09:45:03 +0200] "GET /reload?ser=1634197503527 HTTP/1.1" 200 28 "http://renault.activities.at/cart" "Mozilla/5.0 (Windows NT 10.0; Win64; x64) AppleWebKit/537.36 (KHTML, like Gecko) Chrome/94.0.4606.81 Safari/537.36"
83.175.83.150 - - [14/Oct/2021:09:45:24 +0200] "GET /reload?ser=1634197523578 HTTP/1.1" 200 28 "http://renault.activities.at/10260282?dir=DESC&mode=grid&order=name&limit=15&page=7" "Mozilla/5.0 (Windows NT 10.0; Win64; x64) AppleWebKit/537.36 (KHTML, like Gecko) Chrome/94.0.4606.71 Safari/537.36"
138.21.12.24 - - [14/Oct/2021:09:45:46 +0200] "GET /reload?ser=1634197546569 HTTP/1.1" 200 28 "http://renault.2web.at/account" "Mozilla/5.0 (Windows NT 10.0; Win64; x64) AppleWebKit/537.36 (KHTML, like Gecko) Chrome/94.0.4606.81 Safari/537.36"
80.122.53.230 - - [14/Oct/2021:09:45:49 +0200] "GET /reload?ser=1634197549096 HTTP/1.1" 200 28 "http://renault.activities.at/result?searchterm=true&search=wintercheck" "Mozilla/5.0 (Windows NT 10.0; Win64; x64) AppleWebKit/537.36 (KHTML, like Gecko) Chrome/94.0.4606.81 Safari/537.36"
193.194.132.23 - - [14/Oct/2021:09:46:02 +0200] "GET /reload?ser=1634197562179 HTTP/1.1" 200 28 "http://renault.2web.at/result?searchterm=true&search=sandero" "Mozilla/5.0 (Windows NT 10.0; Win64; x64) AppleWebKit/537.36 (KHTML, like Gecko) Chrome/94.0.4606.81 Safari/537.36"
157.97.69.246 - - [14/Oct/2021:09:46:04 +0200] "GET /reload?ser=1634197564526 HTTP/1.1" 200 28 "http://renault.activities.at/cart" "Mozilla/5.0 (Windows NT 10.0; Win64; x64) AppleWebKit/537.36 (KHTML, like Gecko) Chrome/94.0.4606.81 Safari/537.36"
83.175.83.150 - - [14/Oct/2021:09:46:28 +0200] "GET /reload?ser=1634197587579 HTTP/1.1" 200 28 "http://renault.activities.at/10260282?dir=DESC&mode=grid&order=name&limit=15&page=7" "Mozilla/5.0 (Windows NT 10.0; Win64; x64) AppleWebKit/537.36 (KHTML, like Gecko) Chrome/94.0.4606.71 Safari/537.36"
138.21.12.24 - - [14/Oct/2021:09:46:48 +0200] "GET /reload?ser=1634197608570 HTTP/1.1" 200 28 "http://renault.2web.at/account" "Mozilla/5.0 (Windows NT 10.0; Win64; x64) AppleWebKit/537.36 (KHTML, like Gecko) Chrome/94.0.4606.81 Safari/537.36"
80.122.53.230 - - [14/Oct/2021:09:46:50 +0200] "GET /reload?ser=1634197610107 HTTP/1.1" 200 28 "http://renault.activities.at/result?searchterm=true&search=wintercheck" "Mozilla/5.0 (Windows NT 10.0; Win64; x64) AppleWebKit/537.36 (KHTML, like Gecko) Chrome/94.0.4606.81 Safari/537.36"
193.194.132.23 - - [14/Oct/2021:09:47:04 +0200] "GET /reload?ser=1634197624179 HTTP/1.1" 200 28 "http://renault.2web.at/result?searchterm=true&search=sandero" "Mozilla/5.0 (Windows NT 10.0; Win64; x64) AppleWebKit/537.36 (KHTML, like Gecko) Chrome/94.0.4606.81 Safari/537.36"
157.97.69.246 - - [14/Oct/2021:09:47:05 +0200] "GET /reload?ser=1634197625531 HTTP/1.1" 200 28 "http://renault.activities.at/cart" "Mozilla/5.0 (Windows NT 10.0; Win64; x64) AppleWebKit/537.36 (KHTML, like Gecko) Chrome/94.0.4606.81 Safari/537.36"
