84.115.208.78 - - [14/Oct/2021:09:47:19 +0200] "GET / HTTP/1.1" 200 3086 "-" "Mozilla/5.0 (iPhone; CPU iPhone OS 15_0_2 like Mac OS X) AppleWebKit/605.1.15 (KHTML, like Gecko) Version/15.0 Mobile/15E148 Safari/604.1"
83.175.83.150 - - [14/Oct/2021:09:47:30 +0200] "GET /reload?ser=1634197649579 HTTP/1.1" 200 28 "http://renault.activities.at/10260282?dir=DESC&mode=grid&order=name&limit=15&page=7" "Mozilla/5.0 (Windows NT 10.0; Win64; x64) AppleWebKit/537.36 (KHTML, like Gecko) Chrome/94.0.4606.71 Safari/537.36"
80.123.225.38 - - [14/Oct/2021:09:47:34 +0200] "GET /login HTTP/1.1" 200 2085 "-" "Mozilla/5.0 (Windows NT 10.0; Win64; x64; rv:93.0) Gecko/20100101 Firefox/93.0"
80.123.225.38 - - [14/Oct/2021:09:47:35 +0200] "GET /css/reset.css HTTP/1.1" 200 1356 "http://renault.activities.at/login" "Mozilla/5.0 (Windows NT 10.0; Win64; x64; rv:93.0) Gecko/20100101 Firefox/93.0"
80.123.225.38 - - [14/Oct/2021:09:47:35 +0200] "GET /js/default.js HTTP/1.1" 304 - "http://renault.activities.at/login" "Mozilla/5.0 (Windows NT 10.0; Win64; x64; rv:93.0) Gecko/20100101 Firefox/93.0"
80.123.225.38 - - [14/Oct/2021:09:47:35 +0200] "GET /css/themes/default.css HTTP/1.1" 200 769 "http://renault.activities.at/login" "Mozilla/5.0 (Windows NT 10.0; Win64; x64; rv:93.0) Gecko/20100101 Firefox/93.0"
80.123.225.38 - - [14/Oct/2021:09:47:35 +0200] "GET /css/styles.css HTTP/1.1" 200 14664 "http://renault.activities.at/login" "Mozilla/5.0 (Windows NT 10.0; Win64; x64; rv:93.0) Gecko/20100101 Firefox/93.0"
80.123.225.38 - - [14/Oct/2021:09:47:35 +0200] "GET /css/prototip.css HTTP/1.1" 200 968 "http://renault.activities.at/login" "Mozilla/5.0 (Windows NT 10.0; Win64; x64; rv:93.0) Gecko/20100101 Firefox/93.0"
80.123.225.38 - - [14/Oct/2021:09:47:35 +0200] "GET /css/clears.css HTTP/1.1" 200 851 "http://renault.activities.at/login" "Mozilla/5.0 (Windows NT 10.0; Win64; x64; rv:93.0) Gecko/20100101 Firefox/93.0"
80.123.225.38 - - [14/Oct/2021:09:47:35 +0200] "GET /css/themes/alphacube.css HTTP/1.1" 200 743 "http://renault.activities.at/login" "Mozilla/5.0 (Windows NT 10.0; Win64; x64; rv:93.0) Gecko/20100101 Firefox/93.0"
80.123.225.38 - - [14/Oct/2021:09:47:35 +0200] "GET /js/checkout.css HTTP/1.1" 200 359 "http://renault.activities.at/login" "Mozilla/5.0 (Windows NT 10.0; Win64; x64; rv:93.0) Gecko/20100101 Firefox/93.0"
80.123.225.38 - - [14/Oct/2021:09:47:35 +0200] "GET /css/print.css HTTP/1.1" 200 543 "http://renault.activities.at/login" "Mozilla/5.0 (Windows NT 10.0; Win64; x64; rv:93.0) Gecko/20100101 Firefox/93.0"
80.123.225.38 - - [14/Oct/2021:09:47:35 +0200] "GET /images/main_block_corner_left_bot.gif HTTP/1.1" 200 159 "http://renault.activities.at/css/styles.css" "Mozilla/5.0 (Windows NT 10.0; Win64; x64; rv:93.0) Gecko/20100101 Firefox/93.0"
80.123.225.38 - - [14/Oct/2021:09:47:35 +0200] "GET /images/main_block_border.gif HTTP/1.1" 200 43 "http://renault.activities.at/css/styles.css" "Mozilla/5.0 (Windows NT 10.0; Win64; x64; rv:93.0) Gecko/20100101 Firefox/93.0"
80.123.225.38 - - [14/Oct/2021:09:47:35 +0200] "GET /images/main_block_corner_right_bot.gif HTTP/1.1" 200 158 "http://renault.activities.at/css/styles.css" "Mozilla/5.0 (Windows NT 10.0; Win64; x64; rv:93.0) Gecko/20100101 Firefox/93.0"
80.123.225.38 - - [14/Oct/2021:09:47:35 +0200] "GET /images/header_block_border.gif HTTP/1.1" 200 43 "http://renault.activities.at/css/styles.css" "Mozilla/5.0 (Windows NT 10.0; Win64; x64; rv:93.0) Gecko/20100101 Firefox/93.0"
80.123.225.38 - - [14/Oct/2021:09:47:35 +0200] "GET /images/header_block_corner_left_top.gif HTTP/1.1" 200 160 "http://renault.activities.at/css/styles.css" "Mozilla/5.0 (Windows NT 10.0; Win64; x64; rv:93.0) Gecko/20100101 Firefox/93.0"
80.123.225.38 - - [14/Oct/2021:09:47:35 +0200] "GET /images/header_block_corner_right_top.gif HTTP/1.1" 200 160 "http://renault.activities.at/css/styles.css" "Mozilla/5.0 (Windows NT 10.0; Win64; x64; rv:93.0) Gecko/20100101 Firefox/93.0"
80.123.225.38 - - [14/Oct/2021:09:47:35 +0200] "GET /images/main_block_corner_left_top.gif HTTP/1.1" 200 159 "http://renault.activities.at/css/styles.css" "Mozilla/5.0 (Windows NT 10.0; Win64; x64; rv:93.0) Gecko/20100101 Firefox/93.0"
80.123.225.38 - - [14/Oct/2021:09:47:35 +0200] "GET /images/main_block_corner_right_top.gif HTTP/1.1" 200 159 "http://renault.activities.at/css/styles.css" "Mozilla/5.0 (Windows NT 10.0; Win64; x64; rv:93.0) Gecko/20100101 Firefox/93.0"
80.123.225.38 - - [14/Oct/2021:09:47:35 +0200] "GET /images/title_border_top.jpg HTTP/1.1" 200 336 "http://renault.activities.at/css/styles.css" "Mozilla/5.0 (Windows NT 10.0; Win64; x64; rv:93.0) Gecko/20100101 Firefox/93.0"
80.123.225.38 - - [14/Oct/2021:09:47:35 +0200] "GET /images/title_border.jpg HTTP/1.1" 200 304 "http://renault.activities.at/css/styles.css" "Mozilla/5.0 (Windows NT 10.0; Win64; x64; rv:93.0) Gecko/20100101 Firefox/93.0"
80.123.225.38 - - [14/Oct/2021:09:47:35 +0200] "GET /images/title_corner_left_top.jpg HTTP/1.1" 200 372 "http://renault.activities.at/css/styles.css" "Mozilla/5.0 (Windows NT 10.0; Win64; x64; rv:93.0) Gecko/20100101 Firefox/93.0"
80.123.225.38 - - [14/Oct/2021:09:47:35 +0200] "GET /images/title_corner_right_top.jpg HTTP/1.1" 200 389 "http://renault.activities.at/css/styles.css" "Mozilla/5.0 (Windows NT 10.0; Win64; x64; rv:93.0) Gecko/20100101 Firefox/93.0"
80.123.225.38 - - [14/Oct/2021:09:47:35 +0200] "GET /images/button_left_bg.gif HTTP/1.1" 200 564 "http://renault.activities.at/css/styles.css" "Mozilla/5.0 (Windows NT 10.0; Win64; x64; rv:93.0) Gecko/20100101 Firefox/93.0"
80.123.225.38 - - [14/Oct/2021:09:47:35 +0200] "GET /images/button_right_bg.gif HTTP/1.1" 200 561 "http://renault.activities.at/css/styles.css" "Mozilla/5.0 (Windows NT 10.0; Win64; x64; rv:93.0) Gecko/20100101 Firefox/93.0"
80.123.225.38 - - [14/Oct/2021:09:47:35 +0200] "GET /images/button_bg.gif HTTP/1.1" 200 151 "http://renault.activities.at/css/styles.css" "Mozilla/5.0 (Windows NT 10.0; Win64; x64; rv:93.0) Gecko/20100101 Firefox/93.0"
80.123.225.38 - - [14/Oct/2021:09:47:35 +0200] "GET /loadthumbnail.php?id=11127982 HTTP/1.1" 200 399614 "http://renault.activities.at/login" "Mozilla/5.0 (Windows NT 10.0; Win64; x64; rv:93.0) Gecko/20100101 Firefox/93.0"
138.21.12.24 - - [14/Oct/2021:09:47:50 +0200] "GET /reload?ser=1634197670571 HTTP/1.1" 200 28 "http://renault.2web.at/account" "Mozilla/5.0 (Windows NT 10.0; Win64; x64) AppleWebKit/537.36 (KHTML, like Gecko) Chrome/94.0.4606.81 Safari/537.36"
80.122.53.230 - - [14/Oct/2021:09:47:51 +0200] "GET /reload?ser=1634197671097 HTTP/1.1" 200 28 "http://renault.activities.at/result?searchterm=true&search=wintercheck" "Mozilla/5.0 (Windows NT 10.0; Win64; x64) AppleWebKit/537.36 (KHTML, like Gecko) Chrome/94.0.4606.81 Safari/537.36"
193.194.132.23 - - [14/Oct/2021:09:48:06 +0200] "GET /reload?ser=1634197686180 HTTP/1.1" 200 28 "http://renault.2web.at/result?searchterm=true&search=sandero" "Mozilla/5.0 (Windows NT 10.0; Win64; x64) AppleWebKit/537.36 (KHTML, like Gecko) Chrome/94.0.4606.81 Safari/537.36"
157.97.69.246 - - [14/Oct/2021:09:48:06 +0200] "GET /reload?ser=1634197686533 HTTP/1.1" 200 28 "http://renault.activities.at/cart" "Mozilla/5.0 (Windows NT 10.0; Win64; x64) AppleWebKit/537.36 (KHTML, like Gecko) Chrome/94.0.4606.81 Safari/537.36"
83.175.83.150 - - [14/Oct/2021:09:48:31 +0200] "GET /reload?ser=1634197710578 HTTP/1.1" 200 28 "http://renault.activities.at/10260282?dir=DESC&mode=grid&order=name&limit=15&page=7" "Mozilla/5.0 (Windows NT 10.0; Win64; x64) AppleWebKit/537.36 (KHTML, like Gecko) Chrome/94.0.4606.71 Safari/537.36"
80.123.225.38 - - [14/Oct/2021:09:48:35 +0200] "GET /reload?ser=1634197715934 HTTP/1.1" 200 28 "http://renault.activities.at/login" "Mozilla/5.0 (Windows NT 10.0; Win64; x64; rv:93.0) Gecko/20100101 Firefox/93.0"
80.122.53.230 - - [14/Oct/2021:09:48:52 +0200] "GET /reload?ser=1634197732097 HTTP/1.1" 200 28 "http://renault.activities.at/result?searchterm=true&search=wintercheck" "Mozilla/5.0 (Windows NT 10.0; Win64; x64) AppleWebKit/537.36 (KHTML, like Gecko) Chrome/94.0.4606.81 Safari/537.36"
138.21.12.24 - - [14/Oct/2021:09:48:52 +0200] "GET /reload?ser=1634197732572 HTTP/1.1" 200 28 "http://renault.2web.at/account" "Mozilla/5.0 (Windows NT 10.0; Win64; x64) AppleWebKit/537.36 (KHTML, like Gecko) Chrome/94.0.4606.81 Safari/537.36"
157.97.69.246 - - [14/Oct/2021:09:49:07 +0200] "GET /reload?ser=1634197747524 HTTP/1.1" 200 28 "http://renault.activities.at/cart" "Mozilla/5.0 (Windows NT 10.0; Win64; x64) AppleWebKit/537.36 (KHTML, like Gecko) Chrome/94.0.4606.81 Safari/537.36"
193.194.132.23 - - [14/Oct/2021:09:49:08 +0200] "GET /reload?ser=1634197748179 HTTP/1.1" 200 28 "http://renault.2web.at/result?searchterm=true&search=sandero" "Mozilla/5.0 (Windows NT 10.0; Win64; x64) AppleWebKit/537.36 (KHTML, like Gecko) Chrome/94.0.4606.81 Safari/537.36"
83.175.83.150 - - [14/Oct/2021:09:49:32 +0200] "GET /reload?ser=1634197771581 HTTP/1.1" 200 28 "http://renault.activities.at/10260282?dir=DESC&mode=grid&order=name&limit=15&page=7" "Mozilla/5.0 (Windows NT 10.0; Win64; x64) AppleWebKit/537.36 (KHTML, like Gecko) Chrome/94.0.4606.71 Safari/537.36"
80.123.225.38 - - [14/Oct/2021:09:49:36 +0200] "GET /reload?ser=1634197776586 HTTP/1.1" 200 28 "http://renault.activities.at/login" "Mozilla/5.0 (Windows NT 10.0; Win64; x64; rv:93.0) Gecko/20100101 Firefox/93.0"
80.122.53.230 - - [14/Oct/2021:09:49:53 +0200] "GET /reload?ser=1634197793102 HTTP/1.1" 200 28 "http://renault.activities.at/result?searchterm=true&search=wintercheck" "Mozilla/5.0 (Windows NT 10.0; Win64; x64) AppleWebKit/537.36 (KHTML, like Gecko) Chrome/94.0.4606.81 Safari/537.36"
138.21.12.24 - - [14/Oct/2021:09:49:54 +0200] "GET /reload?ser=1634197794572 HTTP/1.1" 200 28 "http://renault.2web.at/account" "Mozilla/5.0 (Windows NT 10.0; Win64; x64) AppleWebKit/537.36 (KHTML, like Gecko) Chrome/94.0.4606.81 Safari/537.36"
157.97.69.246 - - [14/Oct/2021:09:50:08 +0200] "GET /reload?ser=1634197808536 HTTP/1.1" 200 28 "http://renault.activities.at/cart" "Mozilla/5.0 (Windows NT 10.0; Win64; x64) AppleWebKit/537.36 (KHTML, like Gecko) Chrome/94.0.4606.81 Safari/537.36"
193.194.132.23 - - [14/Oct/2021:09:50:10 +0200] "GET /reload?ser=1634197810181 HTTP/1.1" 200 28 "http://renault.2web.at/result?searchterm=true&search=sandero" "Mozilla/5.0 (Windows NT 10.0; Win64; x64) AppleWebKit/537.36 (KHTML, like Gecko) Chrome/94.0.4606.81 Safari/537.36"
83.175.83.150 - - [14/Oct/2021:09:50:33 +0200] "GET /reload?ser=1634197832584 HTTP/1.1" 200 28 "http://renault.activities.at/10260282?dir=DESC&mode=grid&order=name&limit=15&page=7" "Mozilla/5.0 (Windows NT 10.0; Win64; x64) AppleWebKit/537.36 (KHTML, like Gecko) Chrome/94.0.4606.71 Safari/537.36"
80.123.225.38 - - [14/Oct/2021:09:50:37 +0200] "GET /reload?ser=1634197837234 HTTP/1.1" 200 28 "http://renault.activities.at/login" "Mozilla/5.0 (Windows NT 10.0; Win64; x64; rv:93.0) Gecko/20100101 Firefox/93.0"
80.122.53.230 - - [14/Oct/2021:09:50:54 +0200] "GET /reload?ser=1634197854105 HTTP/1.1" 200 28 "http://renault.activities.at/result?searchterm=true&search=wintercheck" "Mozilla/5.0 (Windows NT 10.0; Win64; x64) AppleWebKit/537.36 (KHTML, like Gecko) Chrome/94.0.4606.81 Safari/537.36"
138.21.12.24 - - [14/Oct/2021:09:50:56 +0200] "GET /reload?ser=1634197856573 HTTP/1.1" 200 28 "http://renault.2web.at/account" "Mozilla/5.0 (Windows NT 10.0; Win64; x64) AppleWebKit/537.36 (KHTML, like Gecko) Chrome/94.0.4606.81 Safari/537.36"
157.97.69.246 - - [14/Oct/2021:09:51:09 +0200] "GET /reload?ser=1634197869535 HTTP/1.1" 200 28 "http://renault.activities.at/cart" "Mozilla/5.0 (Windows NT 10.0; Win64; x64) AppleWebKit/537.36 (KHTML, like Gecko) Chrome/94.0.4606.81 Safari/537.36"
193.194.132.23 - - [14/Oct/2021:09:51:12 +0200] "GET /reload?ser=1634197872181 HTTP/1.1" 200 28 "http://renault.2web.at/result?searchterm=true&search=sandero" "Mozilla/5.0 (Windows NT 10.0; Win64; x64) AppleWebKit/537.36 (KHTML, like Gecko) Chrome/94.0.4606.81 Safari/537.36"
83.175.83.150 - - [14/Oct/2021:09:51:34 +0200] "GET /reload?ser=1634197893574 HTTP/1.1" 200 28 "http://renault.activities.at/10260282?dir=DESC&mode=grid&order=name&limit=15&page=7" "Mozilla/5.0 (Windows NT 10.0; Win64; x64) AppleWebKit/537.36 (KHTML, like Gecko) Chrome/94.0.4606.71 Safari/537.36"
80.123.225.38 - - [14/Oct/2021:09:51:37 +0200] "GET /reload?ser=1634197897885 HTTP/1.1" 200 28 "http://renault.activities.at/login" "Mozilla/5.0 (Windows NT 10.0; Win64; x64; rv:93.0) Gecko/20100101 Firefox/93.0"
80.122.53.230 - - [14/Oct/2021:09:51:55 +0200] "GET /reload?ser=1634197915101 HTTP/1.1" 200 28 "http://renault.activities.at/result?searchterm=true&search=wintercheck" "Mozilla/5.0 (Windows NT 10.0; Win64; x64) AppleWebKit/537.36 (KHTML, like Gecko) Chrome/94.0.4606.81 Safari/537.36"
138.21.12.24 - - [14/Oct/2021:09:51:58 +0200] "GET /reload?ser=1634197918574 HTTP/1.1" 200 28 "http://renault.2web.at/account" "Mozilla/5.0 (Windows NT 10.0; Win64; x64) AppleWebKit/537.36 (KHTML, like Gecko) Chrome/94.0.4606.81 Safari/537.36"
157.97.69.246 - - [14/Oct/2021:09:52:10 +0200] "GET /reload?ser=1634197930535 HTTP/1.1" 200 28 "http://renault.activities.at/cart" "Mozilla/5.0 (Windows NT 10.0; Win64; x64) AppleWebKit/537.36 (KHTML, like Gecko) Chrome/94.0.4606.81 Safari/537.36"
193.194.132.23 - - [14/Oct/2021:09:52:14 +0200] "GET /reload?ser=1634197934180 HTTP/1.1" 200 28 "http://renault.2web.at/result?searchterm=true&search=sandero" "Mozilla/5.0 (Windows NT 10.0; Win64; x64) AppleWebKit/537.36 (KHTML, like Gecko) Chrome/94.0.4606.81 Safari/537.36"
83.175.83.150 - - [14/Oct/2021:09:52:35 +0200] "GET /reload?ser=1634197954584 HTTP/1.1" 200 28 "http://renault.activities.at/10260282?dir=DESC&mode=grid&order=name&limit=15&page=7" "Mozilla/5.0 (Windows NT 10.0; Win64; x64) AppleWebKit/537.36 (KHTML, like Gecko) Chrome/94.0.4606.71 Safari/537.36"
80.123.225.38 - - [14/Oct/2021:09:52:38 +0200] "GET /reload?ser=1634197958557 HTTP/1.1" 200 28 "http://renault.activities.at/login" "Mozilla/5.0 (Windows NT 10.0; Win64; x64; rv:93.0) Gecko/20100101 Firefox/93.0"
80.122.53.230 - - [14/Oct/2021:09:52:56 +0200] "GET /reload?ser=1634197976111 HTTP/1.1" 200 28 "http://renault.activities.at/result?searchterm=true&search=wintercheck" "Mozilla/5.0 (Windows NT 10.0; Win64; x64) AppleWebKit/537.36 (KHTML, like Gecko) Chrome/94.0.4606.81 Safari/537.36"
138.21.12.24 - - [14/Oct/2021:09:53:00 +0200] "GET /reload?ser=1634197980576 HTTP/1.1" 200 28 "http://renault.2web.at/account" "Mozilla/5.0 (Windows NT 10.0; Win64; x64) AppleWebKit/537.36 (KHTML, like Gecko) Chrome/94.0.4606.81 Safari/537.36"
157.97.69.246 - - [14/Oct/2021:09:53:11 +0200] "GET /reload?ser=1634197991534 HTTP/1.1" 200 28 "http://renault.activities.at/cart" "Mozilla/5.0 (Windows NT 10.0; Win64; x64) AppleWebKit/537.36 (KHTML, like Gecko) Chrome/94.0.4606.81 Safari/537.36"
193.194.132.23 - - [14/Oct/2021:09:53:16 +0200] "GET /reload?ser=1634197996182 HTTP/1.1" 200 28 "http://renault.2web.at/result?searchterm=true&search=sandero" "Mozilla/5.0 (Windows NT 10.0; Win64; x64) AppleWebKit/537.36 (KHTML, like Gecko) Chrome/94.0.4606.81 Safari/537.36"
83.175.83.150 - - [14/Oct/2021:09:53:36 +0200] "GET /reload?ser=1634198015579 HTTP/1.1" 200 28 "http://renault.activities.at/10260282?dir=DESC&mode=grid&order=name&limit=15&page=7" "Mozilla/5.0 (Windows NT 10.0; Win64; x64) AppleWebKit/537.36 (KHTML, like Gecko) Chrome/94.0.4606.71 Safari/537.36"
80.123.225.38 - - [14/Oct/2021:09:53:39 +0200] "GET /reload?ser=1634198019211 HTTP/1.1" 200 28 "http://renault.activities.at/login" "Mozilla/5.0 (Windows NT 10.0; Win64; x64; rv:93.0) Gecko/20100101 Firefox/93.0"
80.122.53.230 - - [14/Oct/2021:09:53:57 +0200] "GET /reload?ser=1634198037111 HTTP/1.1" 200 28 "http://renault.activities.at/result?searchterm=true&search=wintercheck" "Mozilla/5.0 (Windows NT 10.0; Win64; x64) AppleWebKit/537.36 (KHTML, like Gecko) Chrome/94.0.4606.81 Safari/537.36"
138.21.12.24 - - [14/Oct/2021:09:54:02 +0200] "GET /reload?ser=1634198042580 HTTP/1.1" 200 28 "http://renault.2web.at/account" "Mozilla/5.0 (Windows NT 10.0; Win64; x64) AppleWebKit/537.36 (KHTML, like Gecko) Chrome/94.0.4606.81 Safari/537.36"
157.97.69.246 - - [14/Oct/2021:09:54:12 +0200] "GET /reload?ser=1634198052522 HTTP/1.1" 200 28 "http://renault.activities.at/cart" "Mozilla/5.0 (Windows NT 10.0; Win64; x64) AppleWebKit/537.36 (KHTML, like Gecko) Chrome/94.0.4606.81 Safari/537.36"
193.194.132.23 - - [14/Oct/2021:09:54:18 +0200] "GET /reload?ser=1634198058181 HTTP/1.1" 200 28 "http://renault.2web.at/result?searchterm=true&search=sandero" "Mozilla/5.0 (Windows NT 10.0; Win64; x64) AppleWebKit/537.36 (KHTML, like Gecko) Chrome/94.0.4606.81 Safari/537.36"
83.175.83.150 - - [14/Oct/2021:09:54:37 +0200] "GET /reload?ser=1634198076602 HTTP/1.1" 200 28 "http://renault.activities.at/10260282?dir=DESC&mode=grid&order=name&limit=15&page=7" "Mozilla/5.0 (Windows NT 10.0; Win64; x64) AppleWebKit/537.36 (KHTML, like Gecko) Chrome/94.0.4606.71 Safari/537.36"
80.123.225.38 - - [14/Oct/2021:09:54:39 +0200] "GET /reload?ser=1634198079859 HTTP/1.1" 200 28 "http://renault.activities.at/login" "Mozilla/5.0 (Windows NT 10.0; Win64; x64; rv:93.0) Gecko/20100101 Firefox/93.0"
80.122.53.230 - - [14/Oct/2021:09:54:58 +0200] "GET /reload?ser=1634198098104 HTTP/1.1" 200 28 "http://renault.activities.at/result?searchterm=true&search=wintercheck" "Mozilla/5.0 (Windows NT 10.0; Win64; x64) AppleWebKit/537.36 (KHTML, like Gecko) Chrome/94.0.4606.81 Safari/537.36"
138.21.12.24 - - [14/Oct/2021:09:55:05 +0200] "GET /reload?ser=1634198104583 HTTP/1.1" 200 28 "http://renault.2web.at/account" "Mozilla/5.0 (Windows NT 10.0; Win64; x64) AppleWebKit/537.36 (KHTML, like Gecko) Chrome/94.0.4606.81 Safari/537.36"
157.97.69.246 - - [14/Oct/2021:09:55:13 +0200] "GET /reload?ser=1634198113534 HTTP/1.1" 200 28 "http://renault.activities.at/cart" "Mozilla/5.0 (Windows NT 10.0; Win64; x64) AppleWebKit/537.36 (KHTML, like Gecko) Chrome/94.0.4606.81 Safari/537.36"
193.194.132.23 - - [14/Oct/2021:09:55:20 +0200] "GET /reload?ser=1634198120181 HTTP/1.1" 200 28 "http://renault.2web.at/result?searchterm=true&search=sandero" "Mozilla/5.0 (Windows NT 10.0; Win64; x64) AppleWebKit/537.36 (KHTML, like Gecko) Chrome/94.0.4606.81 Safari/537.36"
83.175.83.150 - - [14/Oct/2021:09:55:39 +0200] "GET /reload?ser=1634198138571 HTTP/1.1" 200 28 "http://renault.activities.at/10260282?dir=DESC&mode=grid&order=name&limit=15&page=7" "Mozilla/5.0 (Windows NT 10.0; Win64; x64) AppleWebKit/537.36 (KHTML, like Gecko) Chrome/94.0.4606.71 Safari/537.36"
80.123.225.38 - - [14/Oct/2021:09:55:40 +0200] "GET /reload?ser=1634198140512 HTTP/1.1" 200 28 "http://renault.activities.at/login" "Mozilla/5.0 (Windows NT 10.0; Win64; x64; rv:93.0) Gecko/20100101 Firefox/93.0"
80.122.53.230 - - [14/Oct/2021:09:55:59 +0200] "GET /reload?ser=1634198159104 HTTP/1.1" 200 28 "http://renault.activities.at/result?searchterm=true&search=wintercheck" "Mozilla/5.0 (Windows NT 10.0; Win64; x64) AppleWebKit/537.36 (KHTML, like Gecko) Chrome/94.0.4606.81 Safari/537.36"
138.21.12.24 - - [14/Oct/2021:09:56:06 +0200] "GET /reload?ser=1634198166587 HTTP/1.1" 200 28 "http://renault.2web.at/account" "Mozilla/5.0 (Windows NT 10.0; Win64; x64) AppleWebKit/537.36 (KHTML, like Gecko) Chrome/94.0.4606.81 Safari/537.36"
157.97.69.246 - - [14/Oct/2021:09:56:14 +0200] "GET /reload?ser=1634198174526 HTTP/1.1" 200 28 "http://renault.activities.at/cart" "Mozilla/5.0 (Windows NT 10.0; Win64; x64) AppleWebKit/537.36 (KHTML, like Gecko) Chrome/94.0.4606.81 Safari/537.36"
193.194.132.23 - - [14/Oct/2021:09:56:22 +0200] "GET /reload?ser=1634198182182 HTTP/1.1" 200 28 "http://renault.2web.at/result?searchterm=true&search=sandero" "Mozilla/5.0 (Windows NT 10.0; Win64; x64) AppleWebKit/537.36 (KHTML, like Gecko) Chrome/94.0.4606.81 Safari/537.36"
83.175.83.150 - - [14/Oct/2021:09:56:40 +0200] "GET /reload?ser=1634198199585 HTTP/1.1" 200 28 "http://renault.activities.at/10260282?dir=DESC&mode=grid&order=name&limit=15&page=7" "Mozilla/5.0 (Windows NT 10.0; Win64; x64) AppleWebKit/537.36 (KHTML, like Gecko) Chrome/94.0.4606.71 Safari/537.36"
80.123.225.38 - - [14/Oct/2021:09:56:41 +0200] "GET /reload?ser=1634198201172 HTTP/1.1" 200 28 "http://renault.activities.at/login" "Mozilla/5.0 (Windows NT 10.0; Win64; x64; rv:93.0) Gecko/20100101 Firefox/93.0"
80.122.53.230 - - [14/Oct/2021:09:57:00 +0200] "GET /reload?ser=1634198220108 HTTP/1.1" 200 28 "http://renault.activities.at/result?searchterm=true&search=wintercheck" "Mozilla/5.0 (Windows NT 10.0; Win64; x64) AppleWebKit/537.36 (KHTML, like Gecko) Chrome/94.0.4606.81 Safari/537.36"
138.21.12.24 - - [14/Oct/2021:09:57:08 +0200] "GET /reload?ser=1634198228590 HTTP/1.1" 200 28 "http://renault.2web.at/account" "Mozilla/5.0 (Windows NT 10.0; Win64; x64) AppleWebKit/537.36 (KHTML, like Gecko) Chrome/94.0.4606.81 Safari/537.36"
157.97.69.246 - - [14/Oct/2021:09:57:15 +0200] "GET /reload?ser=1634198235529 HTTP/1.1" 200 28 "http://renault.activities.at/cart" "Mozilla/5.0 (Windows NT 10.0; Win64; x64) AppleWebKit/537.36 (KHTML, like Gecko) Chrome/94.0.4606.81 Safari/537.36"
193.194.132.23 - - [14/Oct/2021:09:57:24 +0200] "GET /reload?ser=1634198244182 HTTP/1.1" 200 28 "http://renault.2web.at/result?searchterm=true&search=sandero" "Mozilla/5.0 (Windows NT 10.0; Win64; x64) AppleWebKit/537.36 (KHTML, like Gecko) Chrome/94.0.4606.81 Safari/537.36"
83.175.83.150 - - [14/Oct/2021:09:57:41 +0200] "GET /reload?ser=1634198260587 HTTP/1.1" 200 28 "http://renault.activities.at/10260282?dir=DESC&mode=grid&order=name&limit=15&page=7" "Mozilla/5.0 (Windows NT 10.0; Win64; x64) AppleWebKit/537.36 (KHTML, like Gecko) Chrome/94.0.4606.71 Safari/537.36"
80.123.225.38 - - [14/Oct/2021:09:57:41 +0200] "GET /reload?ser=1634198261827 HTTP/1.1" 200 28 "http://renault.activities.at/login" "Mozilla/5.0 (Windows NT 10.0; Win64; x64; rv:93.0) Gecko/20100101 Firefox/93.0"
80.122.53.230 - - [14/Oct/2021:09:58:01 +0200] "GET /reload?ser=1634198281112 HTTP/1.1" 200 28 "http://renault.activities.at/result?searchterm=true&search=wintercheck" "Mozilla/5.0 (Windows NT 10.0; Win64; x64) AppleWebKit/537.36 (KHTML, like Gecko) Chrome/94.0.4606.81 Safari/537.36"
138.21.12.24 - - [14/Oct/2021:09:58:10 +0200] "GET /reload?ser=1634198290591 HTTP/1.1" 200 28 "http://renault.2web.at/account" "Mozilla/5.0 (Windows NT 10.0; Win64; x64) AppleWebKit/537.36 (KHTML, like Gecko) Chrome/94.0.4606.81 Safari/537.36"
157.97.69.246 - - [14/Oct/2021:09:58:16 +0200] "GET /reload?ser=1634198296543 HTTP/1.1" 200 28 "http://renault.activities.at/cart" "Mozilla/5.0 (Windows NT 10.0; Win64; x64) AppleWebKit/537.36 (KHTML, like Gecko) Chrome/94.0.4606.81 Safari/537.36"
193.194.132.23 - - [14/Oct/2021:09:58:25 +0200] "GET /reload?ser=1634198305182 HTTP/1.1" 200 28 "http://renault.2web.at/result?searchterm=true&search=sandero" "Mozilla/5.0 (Windows NT 10.0; Win64; x64) AppleWebKit/537.36 (KHTML, like Gecko) Chrome/94.0.4606.81 Safari/537.36"
157.97.69.246 - - [14/Oct/2021:09:58:30 +0200] "GET /checkout HTTP/1.1" 200 10248 "http://renault.activities.at/cart" "Mozilla/5.0 (Windows NT 10.0; Win64; x64) AppleWebKit/537.36 (KHTML, like Gecko) Chrome/94.0.4606.81 Safari/537.36"
157.97.69.246 - - [14/Oct/2021:09:58:34 +0200] "GET /js/checkout2.js HTTP/1.1" 200 4122 "http://renault.activities.at/checkout" "Mozilla/5.0 (Windows NT 10.0; Win64; x64) AppleWebKit/537.36 (KHTML, like Gecko) Chrome/94.0.4606.81 Safari/537.36"
157.97.69.246 - - [14/Oct/2021:09:58:34 +0200] "GET /images/ajax_loading.gif HTTP/1.1" 200 1542 "http://renault.activities.at/checkout" "Mozilla/5.0 (Windows NT 10.0; Win64; x64) AppleWebKit/537.36 (KHTML, like Gecko) Chrome/94.0.4606.81 Safari/537.36"
157.97.69.246 - - [14/Oct/2021:09:58:35 +0200] "GET /images/step_marker.gif HTTP/1.1" 200 650 "http://renault.activities.at/css/styles.css" "Mozilla/5.0 (Windows NT 10.0; Win64; x64) AppleWebKit/537.36 (KHTML, like Gecko) Chrome/94.0.4606.81 Safari/537.36"
157.97.69.246 - - [14/Oct/2021:09:58:35 +0200] "GET /images/step_bg.jpg HTTP/1.1" 200 319 "http://renault.activities.at/css/styles.css" "Mozilla/5.0 (Windows NT 10.0; Win64; x64) AppleWebKit/537.36 (KHTML, like Gecko) Chrome/94.0.4606.81 Safari/537.36"
157.97.69.246 - - [14/Oct/2021:09:58:35 +0200] "GET /images/checkout_border.gif HTTP/1.1" 200 43 "http://renault.activities.at/css/styles.css" "Mozilla/5.0 (Windows NT 10.0; Win64; x64) AppleWebKit/537.36 (KHTML, like Gecko) Chrome/94.0.4606.81 Safari/537.36"
157.97.69.246 - - [14/Oct/2021:09:58:35 +0200] "GET /images/checkout_border_top.gif HTTP/1.1" 200 156 "http://renault.activities.at/css/styles.css" "Mozilla/5.0 (Windows NT 10.0; Win64; x64) AppleWebKit/537.36 (KHTML, like Gecko) Chrome/94.0.4606.81 Safari/537.36"
157.97.69.246 - - [14/Oct/2021:09:58:35 +0200] "GET /loadthumbnail.php?id=10202698 HTTP/1.1" 200 16686 "http://renault.activities.at/checkout" "Mozilla/5.0 (Windows NT 10.0; Win64; x64) AppleWebKit/537.36 (KHTML, like Gecko) Chrome/94.0.4606.81 Safari/537.36"
157.97.69.246 - - [14/Oct/2021:09:58:34 +0200] "GET /loadthumbnail.php?id=10201939 HTTP/1.1" 200 201 "http://renault.activities.at/checkout" "Mozilla/5.0 (Windows NT 10.0; Win64; x64) AppleWebKit/537.36 (KHTML, like Gecko) Chrome/94.0.4606.81 Safari/537.36"
80.123.225.38 - - [14/Oct/2021:09:58:42 +0200] "GET /reload?ser=1634198322480 HTTP/1.1" 200 28 "http://renault.activities.at/login" "Mozilla/5.0 (Windows NT 10.0; Win64; x64; rv:93.0) Gecko/20100101 Firefox/93.0"
83.175.83.150 - - [14/Oct/2021:09:58:42 +0200] "GET /reload?ser=1634198321583 HTTP/1.1" 200 28 "http://renault.activities.at/10260282?dir=DESC&mode=grid&order=name&limit=15&page=7" "Mozilla/5.0 (Windows NT 10.0; Win64; x64) AppleWebKit/537.36 (KHTML, like Gecko) Chrome/94.0.4606.71 Safari/537.36"
80.122.53.230 - - [14/Oct/2021:09:59:02 +0200] "GET /reload?ser=1634198342109 HTTP/1.1" 200 28 "http://renault.activities.at/result?searchterm=true&search=wintercheck" "Mozilla/5.0 (Windows NT 10.0; Win64; x64) AppleWebKit/537.36 (KHTML, like Gecko) Chrome/94.0.4606.81 Safari/537.36"
138.21.12.24 - - [14/Oct/2021:09:59:12 +0200] "GET /reload?ser=1634198352592 HTTP/1.1" 200 28 "http://renault.2web.at/account" "Mozilla/5.0 (Windows NT 10.0; Win64; x64) AppleWebKit/537.36 (KHTML, like Gecko) Chrome/94.0.4606.81 Safari/537.36"
193.194.132.23 - - [14/Oct/2021:09:59:27 +0200] "GET /reload?ser=1634198367182 HTTP/1.1" 200 28 "http://renault.2web.at/result?searchterm=true&search=sandero" "Mozilla/5.0 (Windows NT 10.0; Win64; x64) AppleWebKit/537.36 (KHTML, like Gecko) Chrome/94.0.4606.81 Safari/537.36"
157.97.69.246 - - [14/Oct/2021:09:59:35 +0200] "GET /reload?ser=1634198375528 HTTP/1.1" 200 28 "http://renault.activities.at/checkout" "Mozilla/5.0 (Windows NT 10.0; Win64; x64) AppleWebKit/537.36 (KHTML, like Gecko) Chrome/94.0.4606.81 Safari/537.36"
80.123.225.38 - - [14/Oct/2021:09:59:43 +0200] "GET /reload?ser=1634198383127 HTTP/1.1" 200 28 "http://renault.activities.at/login" "Mozilla/5.0 (Windows NT 10.0; Win64; x64; rv:93.0) Gecko/20100101 Firefox/93.0"
83.175.83.150 - - [14/Oct/2021:09:59:43 +0200] "GET /reload?ser=1634198382575 HTTP/1.1" 200 28 "http://renault.activities.at/10260282?dir=DESC&mode=grid&order=name&limit=15&page=7" "Mozilla/5.0 (Windows NT 10.0; Win64; x64) AppleWebKit/537.36 (KHTML, like Gecko) Chrome/94.0.4606.71 Safari/537.36"
80.122.53.230 - - [14/Oct/2021:10:00:03 +0200] "GET /reload?ser=1634198403101 HTTP/1.1" 200 28 "http://renault.activities.at/result?searchterm=true&search=wintercheck" "Mozilla/5.0 (Windows NT 10.0; Win64; x64) AppleWebKit/537.36 (KHTML, like Gecko) Chrome/94.0.4606.81 Safari/537.36"
138.21.12.24 - - [14/Oct/2021:10:00:14 +0200] "GET /reload?ser=1634198414594 HTTP/1.1" 200 28 "http://renault.2web.at/account" "Mozilla/5.0 (Windows NT 10.0; Win64; x64) AppleWebKit/537.36 (KHTML, like Gecko) Chrome/94.0.4606.81 Safari/537.36"
193.194.132.23 - - [14/Oct/2021:10:00:29 +0200] "GET /reload?ser=1634198429182 HTTP/1.1" 200 28 "http://renault.2web.at/result?searchterm=true&search=sandero" "Mozilla/5.0 (Windows NT 10.0; Win64; x64) AppleWebKit/537.36 (KHTML, like Gecko) Chrome/94.0.4606.81 Safari/537.36"
157.97.69.246 - - [14/Oct/2021:10:00:36 +0200] "GET /reload?ser=1634198436537 HTTP/1.1" 200 28 "http://renault.activities.at/checkout" "Mozilla/5.0 (Windows NT 10.0; Win64; x64) AppleWebKit/537.36 (KHTML, like Gecko) Chrome/94.0.4606.81 Safari/537.36"
80.123.225.38 - - [14/Oct/2021:10:00:43 +0200] "GET /reload?ser=1634198443787 HTTP/1.1" 200 28 "http://renault.activities.at/login" "Mozilla/5.0 (Windows NT 10.0; Win64; x64; rv:93.0) Gecko/20100101 Firefox/93.0"
83.175.83.150 - - [14/Oct/2021:10:00:44 +0200] "GET /reload?ser=1634198443583 HTTP/1.1" 200 28 "http://renault.activities.at/10260282?dir=DESC&mode=grid&order=name&limit=15&page=7" "Mozilla/5.0 (Windows NT 10.0; Win64; x64) AppleWebKit/537.36 (KHTML, like Gecko) Chrome/94.0.4606.71 Safari/537.36"
80.122.53.230 - - [14/Oct/2021:10:01:04 +0200] "GET /reload?ser=1634198464104 HTTP/1.1" 200 28 "http://renault.activities.at/result?searchterm=true&search=wintercheck" "Mozilla/5.0 (Windows NT 10.0; Win64; x64) AppleWebKit/537.36 (KHTML, like Gecko) Chrome/94.0.4606.81 Safari/537.36"
138.21.12.24 - - [14/Oct/2021:10:01:16 +0200] "GET /reload?ser=1634198476595 HTTP/1.1" 200 28 "http://renault.2web.at/account" "Mozilla/5.0 (Windows NT 10.0; Win64; x64) AppleWebKit/537.36 (KHTML, like Gecko) Chrome/94.0.4606.81 Safari/537.36"
193.194.132.23 - - [14/Oct/2021:10:01:31 +0200] "GET /reload?ser=1634198491182 HTTP/1.1" 200 28 "http://renault.2web.at/result?searchterm=true&search=sandero" "Mozilla/5.0 (Windows NT 10.0; Win64; x64) AppleWebKit/537.36 (KHTML, like Gecko) Chrome/94.0.4606.81 Safari/537.36"
157.97.69.246 - - [14/Oct/2021:10:01:37 +0200] "GET /reload?ser=1634198497528 HTTP/1.1" 200 28 "http://renault.activities.at/checkout" "Mozilla/5.0 (Windows NT 10.0; Win64; x64) AppleWebKit/537.36 (KHTML, like Gecko) Chrome/94.0.4606.81 Safari/537.36"
80.123.225.38 - - [14/Oct/2021:10:01:44 +0200] "GET /reload?ser=1634198504445 HTTP/1.1" 200 28 "http://renault.activities.at/login" "Mozilla/5.0 (Windows NT 10.0; Win64; x64; rv:93.0) Gecko/20100101 Firefox/93.0"
83.175.83.150 - - [14/Oct/2021:10:01:45 +0200] "GET /reload?ser=1634198504579 HTTP/1.1" 200 28 "http://renault.activities.at/10260282?dir=DESC&mode=grid&order=name&limit=15&page=7" "Mozilla/5.0 (Windows NT 10.0; Win64; x64) AppleWebKit/537.36 (KHTML, like Gecko) Chrome/94.0.4606.71 Safari/537.36"
80.122.53.230 - - [14/Oct/2021:10:02:05 +0200] "GET /reload?ser=1634198525107 HTTP/1.1" 200 28 "http://renault.activities.at/result?searchterm=true&search=wintercheck" "Mozilla/5.0 (Windows NT 10.0; Win64; x64) AppleWebKit/537.36 (KHTML, like Gecko) Chrome/94.0.4606.81 Safari/537.36"
138.21.12.24 - - [14/Oct/2021:10:02:18 +0200] "GET /reload?ser=1634198538596 HTTP/1.1" 200 28 "http://renault.2web.at/account" "Mozilla/5.0 (Windows NT 10.0; Win64; x64) AppleWebKit/537.36 (KHTML, like Gecko) Chrome/94.0.4606.81 Safari/537.36"
193.194.132.23 - - [14/Oct/2021:10:02:33 +0200] "GET /reload?ser=1634198553182 HTTP/1.1" 200 28 "http://renault.2web.at/result?searchterm=true&search=sandero" "Mozilla/5.0 (Windows NT 10.0; Win64; x64) AppleWebKit/537.36 (KHTML, like Gecko) Chrome/94.0.4606.81 Safari/537.36"
157.97.69.246 - - [14/Oct/2021:10:02:38 +0200] "GET /reload?ser=1634198558534 HTTP/1.1" 200 28 "http://renault.activities.at/checkout" "Mozilla/5.0 (Windows NT 10.0; Win64; x64) AppleWebKit/537.36 (KHTML, like Gecko) Chrome/94.0.4606.81 Safari/537.36"
80.123.225.38 - - [14/Oct/2021:10:02:45 +0200] "GET /reload?ser=1634198565097 HTTP/1.1" 200 28 "http://renault.activities.at/login" "Mozilla/5.0 (Windows NT 10.0; Win64; x64; rv:93.0) Gecko/20100101 Firefox/93.0"
83.175.83.150 - - [14/Oct/2021:10:02:46 +0200] "GET /reload?ser=1634198565581 HTTP/1.1" 200 28 "http://renault.activities.at/10260282?dir=DESC&mode=grid&order=name&limit=15&page=7" "Mozilla/5.0 (Windows NT 10.0; Win64; x64) AppleWebKit/537.36 (KHTML, like Gecko) Chrome/94.0.4606.71 Safari/537.36"
80.122.53.230 - - [14/Oct/2021:10:03:06 +0200] "GET /reload?ser=1634198586105 HTTP/1.1" 200 28 "http://renault.activities.at/result?searchterm=true&search=wintercheck" "Mozilla/5.0 (Windows NT 10.0; Win64; x64) AppleWebKit/537.36 (KHTML, like Gecko) Chrome/94.0.4606.81 Safari/537.36"
138.21.12.24 - - [14/Oct/2021:10:03:20 +0200] "GET /reload?ser=1634198600597 HTTP/1.1" 200 28 "http://renault.2web.at/account" "Mozilla/5.0 (Windows NT 10.0; Win64; x64) AppleWebKit/537.36 (KHTML, like Gecko) Chrome/94.0.4606.81 Safari/537.36"
193.194.132.23 - - [14/Oct/2021:10:03:34 +0200] "GET /reload?ser=1634198614182 HTTP/1.1" 200 28 "http://renault.2web.at/result?searchterm=true&search=sandero" "Mozilla/5.0 (Windows NT 10.0; Win64; x64) AppleWebKit/537.36 (KHTML, like Gecko) Chrome/94.0.4606.81 Safari/537.36"
157.97.69.246 - - [14/Oct/2021:10:03:40 +0200] "GET /reload?ser=1634198619534 HTTP/1.1" 200 28 "http://renault.activities.at/checkout" "Mozilla/5.0 (Windows NT 10.0; Win64; x64) AppleWebKit/537.36 (KHTML, like Gecko) Chrome/94.0.4606.81 Safari/537.36"
80.123.225.38 - - [14/Oct/2021:10:03:45 +0200] "GET /reload?ser=1634198625742 HTTP/1.1" 200 28 "http://renault.activities.at/login" "Mozilla/5.0 (Windows NT 10.0; Win64; x64; rv:93.0) Gecko/20100101 Firefox/93.0"
83.175.83.150 - - [14/Oct/2021:10:03:47 +0200] "GET /reload?ser=1634198626584 HTTP/1.1" 200 28 "http://renault.activities.at/10260282?dir=DESC&mode=grid&order=name&limit=15&page=7" "Mozilla/5.0 (Windows NT 10.0; Win64; x64) AppleWebKit/537.36 (KHTML, like Gecko) Chrome/94.0.4606.71 Safari/537.36"
80.122.53.230 - - [14/Oct/2021:10:04:07 +0200] "GET /reload?ser=1634198647110 HTTP/1.1" 200 28 "http://renault.activities.at/result?searchterm=true&search=wintercheck" "Mozilla/5.0 (Windows NT 10.0; Win64; x64) AppleWebKit/537.36 (KHTML, like Gecko) Chrome/94.0.4606.81 Safari/537.36"
138.21.12.24 - - [14/Oct/2021:10:04:22 +0200] "GET /reload?ser=1634198662598 HTTP/1.1" 200 28 "http://renault.2web.at/account" "Mozilla/5.0 (Windows NT 10.0; Win64; x64) AppleWebKit/537.36 (KHTML, like Gecko) Chrome/94.0.4606.81 Safari/537.36"
193.194.132.23 - - [14/Oct/2021:10:04:36 +0200] "GET /reload?ser=1634198676183 HTTP/1.1" 200 28 "http://renault.2web.at/result?searchterm=true&search=sandero" "Mozilla/5.0 (Windows NT 10.0; Win64; x64) AppleWebKit/537.36 (KHTML, like Gecko) Chrome/94.0.4606.81 Safari/537.36"
157.97.69.246 - - [14/Oct/2021:10:04:41 +0200] "GET /reload?ser=1634198681534 HTTP/1.1" 200 28 "http://renault.activities.at/checkout" "Mozilla/5.0 (Windows NT 10.0; Win64; x64) AppleWebKit/537.36 (KHTML, like Gecko) Chrome/94.0.4606.81 Safari/537.36"
80.123.225.38 - - [14/Oct/2021:10:04:46 +0200] "GET /reload?ser=1634198686399 HTTP/1.1" 200 28 "http://renault.activities.at/login" "Mozilla/5.0 (Windows NT 10.0; Win64; x64; rv:93.0) Gecko/20100101 Firefox/93.0"
83.175.83.150 - - [14/Oct/2021:10:04:48 +0200] "GET /reload?ser=1634198687572 HTTP/1.1" 200 28 "http://renault.activities.at/10260282?dir=DESC&mode=grid&order=name&limit=15&page=7" "Mozilla/5.0 (Windows NT 10.0; Win64; x64) AppleWebKit/537.36 (KHTML, like Gecko) Chrome/94.0.4606.71 Safari/537.36"
80.122.53.230 - - [14/Oct/2021:10:05:08 +0200] "GET /reload?ser=1634198708108 HTTP/1.1" 200 28 "http://renault.activities.at/result?searchterm=true&search=wintercheck" "Mozilla/5.0 (Windows NT 10.0; Win64; x64) AppleWebKit/537.36 (KHTML, like Gecko) Chrome/94.0.4606.81 Safari/537.36"
138.21.12.24 - - [14/Oct/2021:10:05:24 +0200] "GET /reload?ser=1634198724598 HTTP/1.1" 200 28 "http://renault.2web.at/account" "Mozilla/5.0 (Windows NT 10.0; Win64; x64) AppleWebKit/537.36 (KHTML, like Gecko) Chrome/94.0.4606.81 Safari/537.36"
193.194.132.23 - - [14/Oct/2021:10:05:38 +0200] "GET /reload?ser=1634198738182 HTTP/1.1" 200 28 "http://renault.2web.at/result?searchterm=true&search=sandero" "Mozilla/5.0 (Windows NT 10.0; Win64; x64) AppleWebKit/537.36 (KHTML, like Gecko) Chrome/94.0.4606.81 Safari/537.36"
157.97.69.246 - - [14/Oct/2021:10:05:43 +0200] "GET /reload?ser=1634198743525 HTTP/1.1" 200 28 "http://renault.activities.at/checkout" "Mozilla/5.0 (Windows NT 10.0; Win64; x64) AppleWebKit/537.36 (KHTML, like Gecko) Chrome/94.0.4606.81 Safari/537.36"
80.123.225.38 - - [14/Oct/2021:10:05:47 +0200] "GET /reload?ser=1634198747052 HTTP/1.1" 200 28 "http://renault.activities.at/login" "Mozilla/5.0 (Windows NT 10.0; Win64; x64; rv:93.0) Gecko/20100101 Firefox/93.0"
83.175.83.150 - - [14/Oct/2021:10:05:49 +0200] "GET /reload?ser=1634198748575 HTTP/1.1" 200 28 "http://renault.activities.at/10260282?dir=DESC&mode=grid&order=name&limit=15&page=7" "Mozilla/5.0 (Windows NT 10.0; Win64; x64) AppleWebKit/537.36 (KHTML, like Gecko) Chrome/94.0.4606.71 Safari/537.36"
80.122.53.230 - - [14/Oct/2021:10:06:09 +0200] "GET /reload?ser=1634198769108 HTTP/1.1" 200 28 "http://renault.activities.at/result?searchterm=true&search=wintercheck" "Mozilla/5.0 (Windows NT 10.0; Win64; x64) AppleWebKit/537.36 (KHTML, like Gecko) Chrome/94.0.4606.81 Safari/537.36"
138.21.12.24 - - [14/Oct/2021:10:06:26 +0200] "GET /reload?ser=1634198786599 HTTP/1.1" 200 28 "http://renault.2web.at/account" "Mozilla/5.0 (Windows NT 10.0; Win64; x64) AppleWebKit/537.36 (KHTML, like Gecko) Chrome/94.0.4606.81 Safari/537.36"
193.194.132.23 - - [14/Oct/2021:10:06:40 +0200] "GET /reload?ser=1634198800184 HTTP/1.1" 200 28 "http://renault.2web.at/result?searchterm=true&search=sandero" "Mozilla/5.0 (Windows NT 10.0; Win64; x64) AppleWebKit/537.36 (KHTML, like Gecko) Chrome/94.0.4606.81 Safari/537.36"
157.97.69.246 - - [14/Oct/2021:10:06:44 +0200] "GET /reload?ser=1634198804526 HTTP/1.1" 200 28 "http://renault.activities.at/checkout" "Mozilla/5.0 (Windows NT 10.0; Win64; x64) AppleWebKit/537.36 (KHTML, like Gecko) Chrome/94.0.4606.81 Safari/537.36"
80.123.225.38 - - [14/Oct/2021:10:06:47 +0200] "GET /reload?ser=1634198807702 HTTP/1.1" 200 28 "http://renault.activities.at/login" "Mozilla/5.0 (Windows NT 10.0; Win64; x64; rv:93.0) Gecko/20100101 Firefox/93.0"
83.175.83.150 - - [14/Oct/2021:10:06:50 +0200] "GET /reload?ser=1634198809577 HTTP/1.1" 200 28 "http://renault.activities.at/10260282?dir=DESC&mode=grid&order=name&limit=15&page=7" "Mozilla/5.0 (Windows NT 10.0; Win64; x64) AppleWebKit/537.36 (KHTML, like Gecko) Chrome/94.0.4606.71 Safari/537.36"
80.122.53.230 - - [14/Oct/2021:10:07:10 +0200] "GET /reload?ser=1634198830112 HTTP/1.1" 200 28 "http://renault.activities.at/result?searchterm=true&search=wintercheck" "Mozilla/5.0 (Windows NT 10.0; Win64; x64) AppleWebKit/537.36 (KHTML, like Gecko) Chrome/94.0.4606.81 Safari/537.36"
138.21.12.24 - - [14/Oct/2021:10:07:28 +0200] "GET /reload?ser=1634198848599 HTTP/1.1" 200 28 "http://renault.2web.at/account" "Mozilla/5.0 (Windows NT 10.0; Win64; x64) AppleWebKit/537.36 (KHTML, like Gecko) Chrome/94.0.4606.81 Safari/537.36"
193.194.132.23 - - [14/Oct/2021:10:07:42 +0200] "GET /reload?ser=1634198862184 HTTP/1.1" 200 28 "http://renault.2web.at/result?searchterm=true&search=sandero" "Mozilla/5.0 (Windows NT 10.0; Win64; x64) AppleWebKit/537.36 (KHTML, like Gecko) Chrome/94.0.4606.81 Safari/537.36"
157.97.69.246 - - [14/Oct/2021:10:07:46 +0200] "GET /reload?ser=1634198866535 HTTP/1.1" 200 28 "http://renault.activities.at/checkout" "Mozilla/5.0 (Windows NT 10.0; Win64; x64) AppleWebKit/537.36 (KHTML, like Gecko) Chrome/94.0.4606.81 Safari/537.36"
80.123.225.38 - - [14/Oct/2021:10:07:48 +0200] "GET /reload?ser=1634198868353 HTTP/1.1" 200 28 "http://renault.activities.at/login" "Mozilla/5.0 (Windows NT 10.0; Win64; x64; rv:93.0) Gecko/20100101 Firefox/93.0"
83.175.83.150 - - [14/Oct/2021:10:07:51 +0200] "GET /reload?ser=1634198870585 HTTP/1.1" 200 28 "http://renault.activities.at/10260282?dir=DESC&mode=grid&order=name&limit=15&page=7" "Mozilla/5.0 (Windows NT 10.0; Win64; x64) AppleWebKit/537.36 (KHTML, like Gecko) Chrome/94.0.4606.71 Safari/537.36"
80.122.53.230 - - [14/Oct/2021:10:08:11 +0200] "GET /reload?ser=1634198891115 HTTP/1.1" 200 28 "http://renault.activities.at/result?searchterm=true&search=wintercheck" "Mozilla/5.0 (Windows NT 10.0; Win64; x64) AppleWebKit/537.36 (KHTML, like Gecko) Chrome/94.0.4606.81 Safari/537.36"
138.21.12.24 - - [14/Oct/2021:10:08:30 +0200] "GET /reload?ser=1634198910598 HTTP/1.1" 200 28 "http://renault.2web.at/account" "Mozilla/5.0 (Windows NT 10.0; Win64; x64) AppleWebKit/537.36 (KHTML, like Gecko) Chrome/94.0.4606.81 Safari/537.36"
193.194.132.23 - - [14/Oct/2021:10:08:44 +0200] "GET /reload?ser=1634198924184 HTTP/1.1" 200 28 "http://renault.2web.at/result?searchterm=true&search=sandero" "Mozilla/5.0 (Windows NT 10.0; Win64; x64) AppleWebKit/537.36 (KHTML, like Gecko) Chrome/94.0.4606.81 Safari/537.36"
157.97.69.246 - - [14/Oct/2021:10:08:48 +0200] "GET /reload?ser=1634198928527 HTTP/1.1" 200 28 "http://renault.activities.at/checkout" "Mozilla/5.0 (Windows NT 10.0; Win64; x64) AppleWebKit/537.36 (KHTML, like Gecko) Chrome/94.0.4606.81 Safari/537.36"
80.123.225.38 - - [14/Oct/2021:10:08:49 +0200] "GET /reload?ser=1634198929014 HTTP/1.1" 200 28 "http://renault.activities.at/login" "Mozilla/5.0 (Windows NT 10.0; Win64; x64; rv:93.0) Gecko/20100101 Firefox/93.0"
83.175.83.150 - - [14/Oct/2021:10:08:52 +0200] "GET /reload?ser=1634198931578 HTTP/1.1" 200 28 "http://renault.activities.at/10260282?dir=DESC&mode=grid&order=name&limit=15&page=7" "Mozilla/5.0 (Windows NT 10.0; Win64; x64) AppleWebKit/537.36 (KHTML, like Gecko) Chrome/94.0.4606.71 Safari/537.36"
80.122.53.230 - - [14/Oct/2021:10:09:12 +0200] "GET /reload?ser=1634198952115 HTTP/1.1" 200 28 "http://renault.activities.at/result?searchterm=true&search=wintercheck" "Mozilla/5.0 (Windows NT 10.0; Win64; x64) AppleWebKit/537.36 (KHTML, like Gecko) Chrome/94.0.4606.81 Safari/537.36"
138.21.12.24 - - [14/Oct/2021:10:09:32 +0200] "GET /reload?ser=1634198972600 HTTP/1.1" 200 28 "http://renault.2web.at/account" "Mozilla/5.0 (Windows NT 10.0; Win64; x64) AppleWebKit/537.36 (KHTML, like Gecko) Chrome/94.0.4606.81 Safari/537.36"
193.194.132.23 - - [14/Oct/2021:10:09:46 +0200] "GET /reload?ser=1634198986185 HTTP/1.1" 200 28 "http://renault.2web.at/result?searchterm=true&search=sandero" "Mozilla/5.0 (Windows NT 10.0; Win64; x64) AppleWebKit/537.36 (KHTML, like Gecko) Chrome/94.0.4606.81 Safari/537.36"
80.123.225.38 - - [14/Oct/2021:10:09:49 +0200] "GET /reload?ser=1634198989668 HTTP/1.1" 200 28 "http://renault.activities.at/login" "Mozilla/5.0 (Windows NT 10.0; Win64; x64; rv:93.0) Gecko/20100101 Firefox/93.0"
157.97.69.246 - - [14/Oct/2021:10:09:49 +0200] "GET /reload?ser=1634198989526 HTTP/1.1" 200 28 "http://renault.activities.at/checkout" "Mozilla/5.0 (Windows NT 10.0; Win64; x64) AppleWebKit/537.36 (KHTML, like Gecko) Chrome/94.0.4606.81 Safari/537.36"
83.175.83.150 - - [14/Oct/2021:10:09:53 +0200] "GET /reload?ser=1634198992579 HTTP/1.1" 200 28 "http://renault.activities.at/10260282?dir=DESC&mode=grid&order=name&limit=15&page=7" "Mozilla/5.0 (Windows NT 10.0; Win64; x64) AppleWebKit/537.36 (KHTML, like Gecko) Chrome/94.0.4606.71 Safari/537.36"
80.122.53.230 - - [14/Oct/2021:10:10:13 +0200] "GET /reload?ser=1634199013116 HTTP/1.1" 200 28 "http://renault.activities.at/result?searchterm=true&search=wintercheck" "Mozilla/5.0 (Windows NT 10.0; Win64; x64) AppleWebKit/537.36 (KHTML, like Gecko) Chrome/94.0.4606.81 Safari/537.36"
138.21.12.24 - - [14/Oct/2021:10:10:34 +0200] "GET /reload?ser=1634199034602 HTTP/1.1" 200 28 "http://renault.2web.at/account" "Mozilla/5.0 (Windows NT 10.0; Win64; x64) AppleWebKit/537.36 (KHTML, like Gecko) Chrome/94.0.4606.81 Safari/537.36"
193.194.132.23 - - [14/Oct/2021:10:10:48 +0200] "GET /reload?ser=1634199048184 HTTP/1.1" 200 28 "http://renault.2web.at/result?searchterm=true&search=sandero" "Mozilla/5.0 (Windows NT 10.0; Win64; x64) AppleWebKit/537.36 (KHTML, like Gecko) Chrome/94.0.4606.81 Safari/537.36"
80.123.225.38 - - [14/Oct/2021:10:10:50 +0200] "GET /reload?ser=1634199050332 HTTP/1.1" 200 28 "http://renault.activities.at/login" "Mozilla/5.0 (Windows NT 10.0; Win64; x64; rv:93.0) Gecko/20100101 Firefox/93.0"
157.97.69.246 - - [14/Oct/2021:10:10:50 +0200] "GET /reload?ser=1634199050534 HTTP/1.1" 200 28 "http://renault.activities.at/checkout" "Mozilla/5.0 (Windows NT 10.0; Win64; x64) AppleWebKit/537.36 (KHTML, like Gecko) Chrome/94.0.4606.81 Safari/537.36"
83.175.83.150 - - [14/Oct/2021:10:10:54 +0200] "GET /reload?ser=1634199053580 HTTP/1.1" 200 28 "http://renault.activities.at/10260282?dir=DESC&mode=grid&order=name&limit=15&page=7" "Mozilla/5.0 (Windows NT 10.0; Win64; x64) AppleWebKit/537.36 (KHTML, like Gecko) Chrome/94.0.4606.71 Safari/537.36"
80.122.53.230 - - [14/Oct/2021:10:11:14 +0200] "GET /reload?ser=1634199074104 HTTP/1.1" 200 28 "http://renault.activities.at/result?searchterm=true&search=wintercheck" "Mozilla/5.0 (Windows NT 10.0; Win64; x64) AppleWebKit/537.36 (KHTML, like Gecko) Chrome/94.0.4606.81 Safari/537.36"
138.21.12.24 - - [14/Oct/2021:10:11:36 +0200] "GET /reload?ser=1634199096604 HTTP/1.1" 200 28 "http://renault.2web.at/account" "Mozilla/5.0 (Windows NT 10.0; Win64; x64) AppleWebKit/537.36 (KHTML, like Gecko) Chrome/94.0.4606.81 Safari/537.36"
193.194.132.23 - - [14/Oct/2021:10:11:50 +0200] "GET /reload?ser=1634199110185 HTTP/1.1" 200 28 "http://renault.2web.at/result?searchterm=true&search=sandero" "Mozilla/5.0 (Windows NT 10.0; Win64; x64) AppleWebKit/537.36 (KHTML, like Gecko) Chrome/94.0.4606.81 Safari/537.36"
80.123.225.38 - - [14/Oct/2021:10:11:51 +0200] "GET /reload?ser=1634199110977 HTTP/1.1" 200 28 "http://renault.activities.at/login" "Mozilla/5.0 (Windows NT 10.0; Win64; x64; rv:93.0) Gecko/20100101 Firefox/93.0"
157.97.69.246 - - [14/Oct/2021:10:11:51 +0200] "GET /reload?ser=1634199111535 HTTP/1.1" 200 28 "http://renault.activities.at/checkout" "Mozilla/5.0 (Windows NT 10.0; Win64; x64) AppleWebKit/537.36 (KHTML, like Gecko) Chrome/94.0.4606.81 Safari/537.36"
83.175.83.150 - - [14/Oct/2021:10:11:55 +0200] "GET /reload?ser=1634199114584 HTTP/1.1" 200 28 "http://renault.activities.at/10260282?dir=DESC&mode=grid&order=name&limit=15&page=7" "Mozilla/5.0 (Windows NT 10.0; Win64; x64) AppleWebKit/537.36 (KHTML, like Gecko) Chrome/94.0.4606.71 Safari/537.36"
80.122.53.230 - - [14/Oct/2021:10:12:15 +0200] "GET /reload?ser=1634199135115 HTTP/1.1" 200 28 "http://renault.activities.at/result?searchterm=true&search=wintercheck" "Mozilla/5.0 (Windows NT 10.0; Win64; x64) AppleWebKit/537.36 (KHTML, like Gecko) Chrome/94.0.4606.81 Safari/537.36"
138.21.12.24 - - [14/Oct/2021:10:12:38 +0200] "GET /reload?ser=1634199158606 HTTP/1.1" 200 28 "http://renault.2web.at/account" "Mozilla/5.0 (Windows NT 10.0; Win64; x64) AppleWebKit/537.36 (KHTML, like Gecko) Chrome/94.0.4606.81 Safari/537.36"
80.123.225.38 - - [14/Oct/2021:10:12:51 +0200] "GET /reload?ser=1634199171633 HTTP/1.1" 200 28 "http://renault.activities.at/login" "Mozilla/5.0 (Windows NT 10.0; Win64; x64; rv:93.0) Gecko/20100101 Firefox/93.0"
193.194.132.23 - - [14/Oct/2021:10:12:52 +0200] "GET /reload?ser=1634199172185 HTTP/1.1" 200 28 "http://renault.2web.at/result?searchterm=true&search=sandero" "Mozilla/5.0 (Windows NT 10.0; Win64; x64) AppleWebKit/537.36 (KHTML, like Gecko) Chrome/94.0.4606.81 Safari/537.36"
157.97.69.246 - - [14/Oct/2021:10:12:52 +0200] "GET /reload?ser=1634199172522 HTTP/1.1" 200 28 "http://renault.activities.at/checkout" "Mozilla/5.0 (Windows NT 10.0; Win64; x64) AppleWebKit/537.36 (KHTML, like Gecko) Chrome/94.0.4606.81 Safari/537.36"
83.175.83.150 - - [14/Oct/2021:10:12:56 +0200] "GET /reload?ser=1634199175583 HTTP/1.1" 200 28 "http://renault.activities.at/10260282?dir=DESC&mode=grid&order=name&limit=15&page=7" "Mozilla/5.0 (Windows NT 10.0; Win64; x64) AppleWebKit/537.36 (KHTML, like Gecko) Chrome/94.0.4606.71 Safari/537.36"
80.122.53.230 - - [14/Oct/2021:10:13:16 +0200] "GET /reload?ser=1634199196117 HTTP/1.1" 200 28 "http://renault.activities.at/result?searchterm=true&search=wintercheck" "Mozilla/5.0 (Windows NT 10.0; Win64; x64) AppleWebKit/537.36 (KHTML, like Gecko) Chrome/94.0.4606.81 Safari/537.36"
138.21.12.24 - - [14/Oct/2021:10:13:40 +0200] "GET /reload?ser=1634199220608 HTTP/1.1" 200 28 "http://renault.2web.at/account" "Mozilla/5.0 (Windows NT 10.0; Win64; x64) AppleWebKit/537.36 (KHTML, like Gecko) Chrome/94.0.4606.81 Safari/537.36"
80.123.225.38 - - [14/Oct/2021:10:13:52 +0200] "GET /reload?ser=1634199232307 HTTP/1.1" 200 28 "http://renault.activities.at/login" "Mozilla/5.0 (Windows NT 10.0; Win64; x64; rv:93.0) Gecko/20100101 Firefox/93.0"
157.97.69.246 - - [14/Oct/2021:10:13:53 +0200] "GET /reload?ser=1634199233530 HTTP/1.1" 200 28 "http://renault.activities.at/checkout" "Mozilla/5.0 (Windows NT 10.0; Win64; x64) AppleWebKit/537.36 (KHTML, like Gecko) Chrome/94.0.4606.81 Safari/537.36"
193.194.132.23 - - [14/Oct/2021:10:13:54 +0200] "GET /reload?ser=1634199234186 HTTP/1.1" 200 28 "http://renault.2web.at/result?searchterm=true&search=sandero" "Mozilla/5.0 (Windows NT 10.0; Win64; x64) AppleWebKit/537.36 (KHTML, like Gecko) Chrome/94.0.4606.81 Safari/537.36"
83.175.83.150 - - [14/Oct/2021:10:13:57 +0200] "GET /reload?ser=1634199236576 HTTP/1.1" 200 28 "http://renault.activities.at/10260282?dir=DESC&mode=grid&order=name&limit=15&page=7" "Mozilla/5.0 (Windows NT 10.0; Win64; x64) AppleWebKit/537.36 (KHTML, like Gecko) Chrome/94.0.4606.71 Safari/537.36"
80.122.53.230 - - [14/Oct/2021:10:14:17 +0200] "GET /reload?ser=1634199257110 HTTP/1.1" 200 28 "http://renault.activities.at/result?searchterm=true&search=wintercheck" "Mozilla/5.0 (Windows NT 10.0; Win64; x64) AppleWebKit/537.36 (KHTML, like Gecko) Chrome/94.0.4606.81 Safari/537.36"
138.21.12.24 - - [14/Oct/2021:10:14:42 +0200] "GET /reload?ser=1634199282610 HTTP/1.1" 200 28 "http://renault.2web.at/account" "Mozilla/5.0 (Windows NT 10.0; Win64; x64) AppleWebKit/537.36 (KHTML, like Gecko) Chrome/94.0.4606.81 Safari/537.36"
80.123.225.38 - - [14/Oct/2021:10:14:52 +0200] "GET /reload?ser=1634199292955 HTTP/1.1" 200 28 "http://renault.activities.at/login" "Mozilla/5.0 (Windows NT 10.0; Win64; x64; rv:93.0) Gecko/20100101 Firefox/93.0"
