80.120.210.180 - - [15/Oct/2021:11:10:43 +0200] "GET /reload?ser=1634289043285 HTTP/1.1" 200 28 "http://renault.activities.at/result?searchterm=true&search=duster" "Mozilla/5.0 (Windows NT 10.0; Win64; x64) AppleWebKit/537.36 (KHTML, like Gecko) Chrome/94.0.4606.81 Safari/537.36"
80.123.225.38 - - [15/Oct/2021:11:11:07 +0200] "GET /reload?ser=1634289067802 HTTP/1.1" 200 28 "http://renault.activities.at/result?searchterm=true&search=arkana" "Mozilla/5.0 (Windows NT 10.0; Win64; x64; rv:93.0) Gecko/20100101 Firefox/93.0"
83.175.83.150 - - [15/Oct/2021:11:11:08 +0200] "GET /reload?ser=1634289068667 HTTP/1.1" 200 28 "http://renault.activities.at/12471102" "Mozilla/5.0 (Windows NT 10.0; Win64; x64) AppleWebKit/537.36 (KHTML, like Gecko) Chrome/94.0.4606.71 Safari/537.36"
138.21.12.22 - - [15/Oct/2021:11:11:41 +0200] "GET /reload?ser=1634289100959 HTTP/1.1" 200 28 "http://renault.2web.at/account" "Mozilla/5.0 (Windows NT 10.0; Win64; x64) AppleWebKit/537.36 (KHTML, like Gecko) Chrome/94.0.4606.81 Safari/537.36"
80.120.210.180 - - [15/Oct/2021:11:11:44 +0200] "GET /reload?ser=1634289104385 HTTP/1.1" 200 28 "http://renault.activities.at/result?searchterm=true&search=duster" "Mozilla/5.0 (Windows NT 10.0; Win64; x64) AppleWebKit/537.36 (KHTML, like Gecko) Chrome/94.0.4606.81 Safari/537.36"
80.120.210.180 - - [15/Oct/2021:11:12:00 +0200] "GET /images/vista-up-hover.gif HTTP/1.1" 200 130 "http://renault.activities.at/css/styles.css" "Mozilla/5.0 (Windows NT 10.0; Win64; x64) AppleWebKit/537.36 (KHTML, like Gecko) Chrome/94.0.4606.81 Safari/537.36"
80.120.210.180 - - [15/Oct/2021:11:12:02 +0200] "POST /result?searchterm=true&search=duster HTTP/1.1" 200 8283 "http://renault.activities.at/result?searchterm=true&search=duster" "Mozilla/5.0 (Windows NT 10.0; Win64; x64) AppleWebKit/537.36 (KHTML, like Gecko) Chrome/94.0.4606.81 Safari/537.36"
80.120.210.180 - - [15/Oct/2021:11:12:06 +0200] "GET /images/success_msg_icon.gif HTTP/1.1" 200 1024 "http://renault.activities.at/css/styles.css" "Mozilla/5.0 (Windows NT 10.0; Win64; x64) AppleWebKit/537.36 (KHTML, like Gecko) Chrome/94.0.4606.81 Safari/537.36"
80.123.225.38 - - [15/Oct/2021:11:12:08 +0200] "GET /reload?ser=1634289128749 HTTP/1.1" 200 28 "http://renault.activities.at/result?searchterm=true&search=arkana" "Mozilla/5.0 (Windows NT 10.0; Win64; x64; rv:93.0) Gecko/20100101 Firefox/93.0"
83.175.83.150 - - [15/Oct/2021:11:12:09 +0200] "GET /reload?ser=1634289129675 HTTP/1.1" 200 28 "http://renault.activities.at/12471102" "Mozilla/5.0 (Windows NT 10.0; Win64; x64) AppleWebKit/537.36 (KHTML, like Gecko) Chrome/94.0.4606.71 Safari/537.36"
80.120.210.180 - - [15/Oct/2021:11:12:22 +0200] "POST /result?searchterm=true&search=duster HTTP/1.1" 200 8281 "http://renault.activities.at/result?searchterm=true&search=duster" "Mozilla/5.0 (Windows NT 10.0; Win64; x64) AppleWebKit/537.36 (KHTML, like Gecko) Chrome/94.0.4606.81 Safari/537.36"
80.120.210.180 - - [15/Oct/2021:11:12:28 +0200] "GET /css/themes/alphacube/bottom_left-c.gif HTTP/1.1" 200 62 "http://renault.activities.at/css/themes/alphacube.css" "Mozilla/5.0 (Windows NT 10.0; Win64; x64) AppleWebKit/537.36 (KHTML, like Gecko) Chrome/94.0.4606.81 Safari/537.36"
80.120.210.180 - - [15/Oct/2021:11:12:28 +0200] "GET /css/themes/alphacube/top_right.gif HTTP/1.1" 200 972 "http://renault.activities.at/css/themes/alphacube.css" "Mozilla/5.0 (Windows NT 10.0; Win64; x64) AppleWebKit/537.36 (KHTML, like Gecko) Chrome/94.0.4606.81 Safari/537.36"
80.120.210.180 - - [15/Oct/2021:11:12:28 +0200] "GET /css/themes/alphacube/bottom_right-c.gif HTTP/1.1" 200 62 "http://renault.activities.at/css/themes/alphacube.css" "Mozilla/5.0 (Windows NT 10.0; Win64; x64) AppleWebKit/537.36 (KHTML, like Gecko) Chrome/94.0.4606.81 Safari/537.36"
80.120.210.180 - - [15/Oct/2021:11:12:28 +0200] "GET /css/themes/alphacube/top_mid.gif HTTP/1.1" 200 833 "http://renault.activities.at/css/themes/alphacube.css" "Mozilla/5.0 (Windows NT 10.0; Win64; x64) AppleWebKit/537.36 (KHTML, like Gecko) Chrome/94.0.4606.81 Safari/537.36"
80.120.210.180 - - [15/Oct/2021:11:12:28 +0200] "GET /css/themes/alphacube/bottom_middle.gif HTTP/1.1" 200 44 "http://renault.activities.at/css/themes/alphacube.css" "Mozilla/5.0 (Windows NT 10.0; Win64; x64) AppleWebKit/537.36 (KHTML, like Gecko) Chrome/94.0.4606.81 Safari/537.36"
80.120.210.180 - - [15/Oct/2021:11:12:28 +0200] "GET /css/themes/alphacube/frame_right.gif HTTP/1.1" 200 64 "http://renault.activities.at/css/themes/alphacube.css" "Mozilla/5.0 (Windows NT 10.0; Win64; x64) AppleWebKit/537.36 (KHTML, like Gecko) Chrome/94.0.4606.81 Safari/537.36"
80.120.210.180 - - [15/Oct/2021:11:12:28 +0200] "GET /css/themes/alphacube/frame_left.gif HTTP/1.1" 200 64 "http://renault.activities.at/css/themes/alphacube.css" "Mozilla/5.0 (Windows NT 10.0; Win64; x64) AppleWebKit/537.36 (KHTML, like Gecko) Chrome/94.0.4606.81 Safari/537.36"
80.120.210.180 - - [15/Oct/2021:11:12:28 +0200] "GET /css/themes/alphacube/button-close-focus.gif HTTP/1.1" 200 699 "http://renault.activities.at/css/themes/alphacube.css" "Mozilla/5.0 (Windows NT 10.0; Win64; x64) AppleWebKit/537.36 (KHTML, like Gecko) Chrome/94.0.4606.81 Safari/537.36"
80.120.210.180 - - [15/Oct/2021:11:12:28 +0200] "GET /css/themes/alphacube/top_left.gif HTTP/1.1" 200 973 "http://renault.activities.at/css/themes/alphacube.css" "Mozilla/5.0 (Windows NT 10.0; Win64; x64) AppleWebKit/537.36 (KHTML, like Gecko) Chrome/94.0.4606.81 Safari/537.36"
80.120.210.180 - - [15/Oct/2021:11:12:28 +0200] "GET /12460962?print=true HTTP/1.1" 200 2646 "http://renault.activities.at/result?searchterm=true&search=duster" "Mozilla/5.0 (Windows NT 10.0; Win64; x64) AppleWebKit/537.36 (KHTML, like Gecko) Chrome/94.0.4606.81 Safari/537.36"
80.120.210.180 - - [15/Oct/2021:11:12:31 +0200] "GET /js/magiczoom/magiczoom.css HTTP/1.1" 200 1210 "http://renault.activities.at/12460962?print=true" "Mozilla/5.0 (Windows NT 10.0; Win64; x64) AppleWebKit/537.36 (KHTML, like Gecko) Chrome/94.0.4606.81 Safari/537.36"
80.120.210.180 - - [15/Oct/2021:11:12:31 +0200] "GET /js/Produkt.js HTTP/1.1" 200 852 "http://renault.activities.at/12460962?print=true" "Mozilla/5.0 (Windows NT 10.0; Win64; x64) AppleWebKit/537.36 (KHTML, like Gecko) Chrome/94.0.4606.81 Safari/537.36"
80.120.210.180 - - [15/Oct/2021:11:12:31 +0200] "GET /js/magiczoom/magiczoom.js HTTP/1.1" 200 26397 "http://renault.activities.at/12460962?print=true" "Mozilla/5.0 (Windows NT 10.0; Win64; x64) AppleWebKit/537.36 (KHTML, like Gecko) Chrome/94.0.4606.81 Safari/537.36"
80.120.210.180 - - [15/Oct/2021:11:12:31 +0200] "GET /loadthumbnail.php?id=12460965&width=250 HTTP/1.1" 200 10736 "http://renault.activities.at/12460962?print=true" "Mozilla/5.0 (Windows NT 10.0; Win64; x64) AppleWebKit/537.36 (KHTML, like Gecko) Chrome/94.0.4606.81 Safari/537.36"
80.120.210.180 - - [15/Oct/2021:11:12:32 +0200] "GET /js/magiczoom/graphics/loader.gif HTTP/1.1" 200 1849 "http://renault.activities.at/js/magiczoom/magiczoom.css" "Mozilla/5.0 (Windows NT 10.0; Win64; x64) AppleWebKit/537.36 (KHTML, like Gecko) Chrome/94.0.4606.81 Safari/537.36"
80.120.210.180 - - [15/Oct/2021:11:12:31 +0200] "GET /loadthumbnail.php?id=12460965&width=900&height=900 HTTP/1.1" 200 103298 "http://renault.activities.at/12460962?print=true" "Mozilla/5.0 (Windows NT 10.0; Win64; x64) AppleWebKit/537.36 (KHTML, like Gecko) Chrome/94.0.4606.81 Safari/537.36"
80.120.210.180 - - [15/Oct/2021:11:12:33 +0200] "GET /js/magiczoom/graphics/hint.gif HTTP/1.1" 200 73 "http://renault.activities.at/js/magiczoom/magiczoom.css" "Mozilla/5.0 (Windows NT 10.0; Win64; x64) AppleWebKit/537.36 (KHTML, like Gecko) Chrome/94.0.4606.81 Safari/537.36"
80.120.210.180 - - [15/Oct/2021:11:12:33 +0200] "GET /js/magiczoom/graphics/zoomin.cur HTTP/1.1" 200 326 "http://renault.activities.at/js/magiczoom/magiczoom.css" "Mozilla/5.0 (Windows NT 10.0; Win64; x64) AppleWebKit/537.36 (KHTML, like Gecko) Chrome/94.0.4606.81 Safari/537.36"
138.21.12.22 - - [15/Oct/2021:11:12:43 +0200] "GET /reload?ser=1634289162958 HTTP/1.1" 200 28 "http://renault.2web.at/account" "Mozilla/5.0 (Windows NT 10.0; Win64; x64) AppleWebKit/537.36 (KHTML, like Gecko) Chrome/94.0.4606.81 Safari/537.36"
80.120.210.180 - - [15/Oct/2021:11:12:43 +0200] "POST /axjaxrequest?mode=suggest HTTP/1.1" 200 134 "http://renault.activities.at/result?searchterm=true&search=duster" "Mozilla/5.0 (Windows NT 10.0; Win64; x64) AppleWebKit/537.36 (KHTML, like Gecko) Chrome/94.0.4606.81 Safari/537.36"
80.120.210.180 - - [15/Oct/2021:11:12:44 +0200] "POST /axjaxrequest?mode=suggest HTTP/1.1" 200 112 "http://renault.activities.at/result?searchterm=true&search=duster" "Mozilla/5.0 (Windows NT 10.0; Win64; x64) AppleWebKit/537.36 (KHTML, like Gecko) Chrome/94.0.4606.81 Safari/537.36"
80.120.210.180 - - [15/Oct/2021:11:12:46 +0200] "GET /result?searchterm=true&search=arkana HTTP/1.1" 200 7193 "http://renault.activities.at/result?searchterm=true&search=duster" "Mozilla/5.0 (Windows NT 10.0; Win64; x64) AppleWebKit/537.36 (KHTML, like Gecko) Chrome/94.0.4606.81 Safari/537.36"
80.120.210.180 - - [15/Oct/2021:11:12:48 +0200] "GET /loadthumbnail.php?id=12428314&width=113 HTTP/1.1" 200 5819 "http://renault.activities.at/result?searchterm=true&search=arkana" "Mozilla/5.0 (Windows NT 10.0; Win64; x64) AppleWebKit/537.36 (KHTML, like Gecko) Chrome/94.0.4606.81 Safari/537.36"
80.120.210.180 - - [15/Oct/2021:11:12:49 +0200] "GET /loadthumbnail.php?id=12421086&width=113 HTTP/1.1" 200 1910 "http://renault.activities.at/result?searchterm=true&search=arkana" "Mozilla/5.0 (Windows NT 10.0; Win64; x64) AppleWebKit/537.36 (KHTML, like Gecko) Chrome/94.0.4606.81 Safari/537.36"
80.120.210.180 - - [15/Oct/2021:11:12:49 +0200] "GET /loadthumbnail.php?id=12421074&width=113 HTTP/1.1" 200 1888 "http://renault.activities.at/result?searchterm=true&search=arkana" "Mozilla/5.0 (Windows NT 10.0; Win64; x64) AppleWebKit/537.36 (KHTML, like Gecko) Chrome/94.0.4606.81 Safari/537.36"
80.120.210.180 - - [15/Oct/2021:11:12:49 +0200] "GET /loadthumbnail.php?id=12421078&width=113 HTTP/1.1" 200 1888 "http://renault.activities.at/result?searchterm=true&search=arkana" "Mozilla/5.0 (Windows NT 10.0; Win64; x64) AppleWebKit/537.36 (KHTML, like Gecko) Chrome/94.0.4606.81 Safari/537.36"
80.120.210.180 - - [15/Oct/2021:11:12:49 +0200] "GET /loadthumbnail.php?id=12421082&width=113 HTTP/1.1" 200 1910 "http://renault.activities.at/result?searchterm=true&search=arkana" "Mozilla/5.0 (Windows NT 10.0; Win64; x64) AppleWebKit/537.36 (KHTML, like Gecko) Chrome/94.0.4606.81 Safari/537.36"
80.120.210.180 - - [15/Oct/2021:11:12:49 +0200] "GET /loadthumbnail.php?id=12358950&width=113 HTTP/1.1" 200 1680 "http://renault.activities.at/result?searchterm=true&search=arkana" "Mozilla/5.0 (Windows NT 10.0; Win64; x64) AppleWebKit/537.36 (KHTML, like Gecko) Chrome/94.0.4606.81 Safari/537.36"
80.120.210.180 - - [15/Oct/2021:11:12:49 +0200] "GET /loadthumbnail.php?id=12358949&width=113 HTTP/1.1" 200 2061 "http://renault.activities.at/result?searchterm=true&search=arkana" "Mozilla/5.0 (Windows NT 10.0; Win64; x64) AppleWebKit/537.36 (KHTML, like Gecko) Chrome/94.0.4606.81 Safari/537.36"
80.120.210.180 - - [15/Oct/2021:11:12:49 +0200] "GET /loadthumbnail.php?id=12414627&width=113 HTTP/1.1" 200 3273 "http://renault.activities.at/result?searchterm=true&search=arkana" "Mozilla/5.0 (Windows NT 10.0; Win64; x64) AppleWebKit/537.36 (KHTML, like Gecko) Chrome/94.0.4606.81 Safari/537.36"
80.123.225.38 - - [15/Oct/2021:11:13:09 +0200] "GET /reload?ser=1634289189709 HTTP/1.1" 200 28 "http://renault.activities.at/result?searchterm=true&search=arkana" "Mozilla/5.0 (Windows NT 10.0; Win64; x64; rv:93.0) Gecko/20100101 Firefox/93.0"
83.175.83.150 - - [15/Oct/2021:11:13:10 +0200] "GET /reload?ser=1634289190670 HTTP/1.1" 200 28 "http://renault.activities.at/12471102" "Mozilla/5.0 (Windows NT 10.0; Win64; x64) AppleWebKit/537.36 (KHTML, like Gecko) Chrome/94.0.4606.71 Safari/537.36"
80.120.210.180 - - [15/Oct/2021:11:13:21 +0200] "GET /12400627?print=true HTTP/1.1" 200 2673 "http://renault.activities.at/result?searchterm=true&search=arkana" "Mozilla/5.0 (Windows NT 10.0; Win64; x64) AppleWebKit/537.36 (KHTML, like Gecko) Chrome/94.0.4606.81 Safari/537.36"
80.120.210.180 - - [15/Oct/2021:11:13:25 +0200] "GET /loadthumbnail.php?id=12414627&width=250 HTTP/1.1" 200 11344 "http://renault.activities.at/12400627?print=true" "Mozilla/5.0 (Windows NT 10.0; Win64; x64) AppleWebKit/537.36 (KHTML, like Gecko) Chrome/94.0.4606.81 Safari/537.36"
80.120.210.180 - - [15/Oct/2021:11:13:25 +0200] "GET /loadthumbnail.php?id=12414627&width=900&height=900 HTTP/1.1" 200 90523 "http://renault.activities.at/12400627?print=true" "Mozilla/5.0 (Windows NT 10.0; Win64; x64) AppleWebKit/537.36 (KHTML, like Gecko) Chrome/94.0.4606.81 Safari/537.36"
138.21.12.22 - - [15/Oct/2021:11:13:45 +0200] "GET /reload?ser=1634289224961 HTTP/1.1" 200 28 "http://renault.2web.at/account" "Mozilla/5.0 (Windows NT 10.0; Win64; x64) AppleWebKit/537.36 (KHTML, like Gecko) Chrome/94.0.4606.81 Safari/537.36"
80.120.210.180 - - [15/Oct/2021:11:13:49 +0200] "GET /reload?ser=1634289229757 HTTP/1.1" 200 28 "http://renault.activities.at/result?searchterm=true&search=arkana" "Mozilla/5.0 (Windows NT 10.0; Win64; x64) AppleWebKit/537.36 (KHTML, like Gecko) Chrome/94.0.4606.81 Safari/537.36"
80.123.225.38 - - [15/Oct/2021:11:14:10 +0200] "GET /reload?ser=1634289250692 HTTP/1.1" 200 28 "http://renault.activities.at/result?searchterm=true&search=arkana" "Mozilla/5.0 (Windows NT 10.0; Win64; x64; rv:93.0) Gecko/20100101 Firefox/93.0"
83.175.83.150 - - [15/Oct/2021:11:14:11 +0200] "GET /reload?ser=1634289251670 HTTP/1.1" 200 28 "http://renault.activities.at/12471102" "Mozilla/5.0 (Windows NT 10.0; Win64; x64) AppleWebKit/537.36 (KHTML, like Gecko) Chrome/94.0.4606.71 Safari/537.36"
138.21.12.22 - - [15/Oct/2021:11:14:47 +0200] "GET /reload?ser=1634289286965 HTTP/1.1" 200 28 "http://renault.2web.at/account" "Mozilla/5.0 (Windows NT 10.0; Win64; x64) AppleWebKit/537.36 (KHTML, like Gecko) Chrome/94.0.4606.81 Safari/537.36"
80.120.210.180 - - [15/Oct/2021:11:14:50 +0200] "GET /reload?ser=1634289290880 HTTP/1.1" 200 28 "http://renault.activities.at/result?searchterm=true&search=arkana" "Mozilla/5.0 (Windows NT 10.0; Win64; x64) AppleWebKit/537.36 (KHTML, like Gecko) Chrome/94.0.4606.81 Safari/537.36"
80.123.225.38 - - [15/Oct/2021:11:15:11 +0200] "GET /reload?ser=1634289311653 HTTP/1.1" 200 28 "http://renault.activities.at/result?searchterm=true&search=arkana" "Mozilla/5.0 (Windows NT 10.0; Win64; x64; rv:93.0) Gecko/20100101 Firefox/93.0"
83.175.83.150 - - [15/Oct/2021:11:15:12 +0200] "GET /reload?ser=1634289312679 HTTP/1.1" 200 28 "http://renault.activities.at/12471102" "Mozilla/5.0 (Windows NT 10.0; Win64; x64) AppleWebKit/537.36 (KHTML, like Gecko) Chrome/94.0.4606.71 Safari/537.36"
138.21.12.22 - - [15/Oct/2021:11:15:49 +0200] "GET /reload?ser=1634289348969 HTTP/1.1" 200 28 "http://renault.2web.at/account" "Mozilla/5.0 (Windows NT 10.0; Win64; x64) AppleWebKit/537.36 (KHTML, like Gecko) Chrome/94.0.4606.81 Safari/537.36"
80.120.210.180 - - [15/Oct/2021:11:15:51 +0200] "GET /reload?ser=1634289351942 HTTP/1.1" 200 28 "http://renault.activities.at/result?searchterm=true&search=arkana" "Mozilla/5.0 (Windows NT 10.0; Win64; x64) AppleWebKit/537.36 (KHTML, like Gecko) Chrome/94.0.4606.81 Safari/537.36"
80.123.225.38 - - [15/Oct/2021:11:16:12 +0200] "GET /reload?ser=1634289372671 HTTP/1.1" 200 28 "http://renault.activities.at/result?searchterm=true&search=arkana" "Mozilla/5.0 (Windows NT 10.0; Win64; x64; rv:93.0) Gecko/20100101 Firefox/93.0"
83.175.83.150 - - [15/Oct/2021:11:16:13 +0200] "GET /reload?ser=1634289373677 HTTP/1.1" 200 28 "http://renault.activities.at/12471102" "Mozilla/5.0 (Windows NT 10.0; Win64; x64) AppleWebKit/537.36 (KHTML, like Gecko) Chrome/94.0.4606.71 Safari/537.36"
80.120.210.180 - - [15/Oct/2021:11:16:17 +0200] "POST /axjaxrequest?mode=suggest HTTP/1.1" 200 111 "http://renault.activities.at/result?searchterm=true&search=arkana" "Mozilla/5.0 (Windows NT 10.0; Win64; x64) AppleWebKit/537.36 (KHTML, like Gecko) Chrome/94.0.4606.81 Safari/537.36"
80.120.210.180 - - [15/Oct/2021:11:16:19 +0200] "GET /result?searchterm=true&search=Kangoo HTTP/1.1" 200 8601 "http://renault.activities.at/result?searchterm=true&search=arkana" "Mozilla/5.0 (Windows NT 10.0; Win64; x64) AppleWebKit/537.36 (KHTML, like Gecko) Chrome/94.0.4606.81 Safari/537.36"
80.120.210.180 - - [15/Oct/2021:11:16:23 +0200] "GET /loadthumbnail.php?id=11564187&width=113 HTTP/1.1" 200 22491 "http://renault.activities.at/result?searchterm=true&search=Kangoo" "Mozilla/5.0 (Windows NT 10.0; Win64; x64) AppleWebKit/537.36 (KHTML, like Gecko) Chrome/94.0.4606.81 Safari/537.36"
80.120.210.180 - - [15/Oct/2021:11:16:23 +0200] "GET /loadthumbnail.php?id=11181185&width=113 HTTP/1.1" 200 1532 "http://renault.activities.at/result?searchterm=true&search=Kangoo" "Mozilla/5.0 (Windows NT 10.0; Win64; x64) AppleWebKit/537.36 (KHTML, like Gecko) Chrome/94.0.4606.81 Safari/537.36"
80.120.210.180 - - [15/Oct/2021:11:16:23 +0200] "GET /loadthumbnail.php?id=11181180&width=113 HTTP/1.1" 200 1834 "http://renault.activities.at/result?searchterm=true&search=Kangoo" "Mozilla/5.0 (Windows NT 10.0; Win64; x64) AppleWebKit/537.36 (KHTML, like Gecko) Chrome/94.0.4606.81 Safari/537.36"
80.120.210.180 - - [15/Oct/2021:11:16:23 +0200] "GET /loadthumbnail.php?id=11181178&width=113 HTTP/1.1" 200 1834 "http://renault.activities.at/result?searchterm=true&search=Kangoo" "Mozilla/5.0 (Windows NT 10.0; Win64; x64) AppleWebKit/537.36 (KHTML, like Gecko) Chrome/94.0.4606.81 Safari/537.36"
80.120.210.180 - - [15/Oct/2021:11:16:23 +0200] "GET /loadthumbnail.php?id=11181187&width=113 HTTP/1.1" 200 1532 "http://renault.activities.at/result?searchterm=true&search=Kangoo" "Mozilla/5.0 (Windows NT 10.0; Win64; x64) AppleWebKit/537.36 (KHTML, like Gecko) Chrome/94.0.4606.81 Safari/537.36"
80.120.210.180 - - [15/Oct/2021:11:16:23 +0200] "GET /loadthumbnail.php?id=11186469&width=113 HTTP/1.1" 200 1278 "http://renault.activities.at/result?searchterm=true&search=Kangoo" "Mozilla/5.0 (Windows NT 10.0; Win64; x64) AppleWebKit/537.36 (KHTML, like Gecko) Chrome/94.0.4606.81 Safari/537.36"
80.120.210.180 - - [15/Oct/2021:11:16:23 +0200] "GET /loadthumbnail.php?id=11181166&width=113 HTTP/1.1" 200 847 "http://renault.activities.at/result?searchterm=true&search=Kangoo" "Mozilla/5.0 (Windows NT 10.0; Win64; x64) AppleWebKit/537.36 (KHTML, like Gecko) Chrome/94.0.4606.81 Safari/537.36"
80.120.210.180 - - [15/Oct/2021:11:16:23 +0200] "GET /loadthumbnail.php?id=11194717&width=113 HTTP/1.1" 200 1278 "http://renault.activities.at/result?searchterm=true&search=Kangoo" "Mozilla/5.0 (Windows NT 10.0; Win64; x64) AppleWebKit/537.36 (KHTML, like Gecko) Chrome/94.0.4606.81 Safari/537.36"
80.120.210.180 - - [15/Oct/2021:11:16:23 +0200] "GET /loadthumbnail.php?id=11181172&width=113 HTTP/1.1" 200 1576 "http://renault.activities.at/result?searchterm=true&search=Kangoo" "Mozilla/5.0 (Windows NT 10.0; Win64; x64) AppleWebKit/537.36 (KHTML, like Gecko) Chrome/94.0.4606.81 Safari/537.36"
80.120.210.180 - - [15/Oct/2021:11:16:23 +0200] "GET /loadthumbnail.php?id=11186457&width=113 HTTP/1.1" 200 1278 "http://renault.activities.at/result?searchterm=true&search=Kangoo" "Mozilla/5.0 (Windows NT 10.0; Win64; x64) AppleWebKit/537.36 (KHTML, like Gecko) Chrome/94.0.4606.81 Safari/537.36"
80.120.210.180 - - [15/Oct/2021:11:16:23 +0200] "GET /loadthumbnail.php?id=11181170&width=113 HTTP/1.1" 200 1576 "http://renault.activities.at/result?searchterm=true&search=Kangoo" "Mozilla/5.0 (Windows NT 10.0; Win64; x64) AppleWebKit/537.36 (KHTML, like Gecko) Chrome/94.0.4606.81 Safari/537.36"
80.120.210.180 - - [15/Oct/2021:11:16:23 +0200] "GET /loadthumbnail.php?id=12455610&width=113 HTTP/1.1" 200 2069 "http://renault.activities.at/result?searchterm=true&search=Kangoo" "Mozilla/5.0 (Windows NT 10.0; Win64; x64) AppleWebKit/537.36 (KHTML, like Gecko) Chrome/94.0.4606.81 Safari/537.36"
80.120.210.180 - - [15/Oct/2021:11:16:24 +0200] "GET /loadthumbnail.php?id=12358954&width=113 HTTP/1.1" 200 1711 "http://renault.activities.at/result?searchterm=true&search=Kangoo" "Mozilla/5.0 (Windows NT 10.0; Win64; x64) AppleWebKit/537.36 (KHTML, like Gecko) Chrome/94.0.4606.81 Safari/537.36"
80.120.210.180 - - [15/Oct/2021:11:16:24 +0200] "GET /loadthumbnail.php?id=12455615&width=113 HTTP/1.1" 200 1974 "http://renault.activities.at/result?searchterm=true&search=Kangoo" "Mozilla/5.0 (Windows NT 10.0; Win64; x64) AppleWebKit/537.36 (KHTML, like Gecko) Chrome/94.0.4606.81 Safari/537.36"
80.120.210.180 - - [15/Oct/2021:11:16:48 +0200] "POST /result?searchterm=true&search=Kangoo HTTP/1.1" 200 8707 "http://renault.activities.at/result?searchterm=true&search=Kangoo" "Mozilla/5.0 (Windows NT 10.0; Win64; x64) AppleWebKit/537.36 (KHTML, like Gecko) Chrome/94.0.4606.81 Safari/537.36"
138.21.12.22 - - [15/Oct/2021:11:16:51 +0200] "GET /reload?ser=1634289410973 HTTP/1.1" 200 28 "http://renault.2web.at/account" "Mozilla/5.0 (Windows NT 10.0; Win64; x64) AppleWebKit/537.36 (KHTML, like Gecko) Chrome/94.0.4606.81 Safari/537.36"
80.120.210.180 - - [15/Oct/2021:11:16:56 +0200] "GET /result?searchterm=true&search=duster HTTP/1.1" 200 8178 "http://renault.activities.at/result?searchterm=true&search=Kangoo" "Mozilla/5.0 (Windows NT 10.0; Win64; x64) AppleWebKit/537.36 (KHTML, like Gecko) Chrome/94.0.4606.81 Safari/537.36"
80.120.210.180 - - [15/Oct/2021:11:16:57 +0200] "POST /axjaxrequest?mode=suggest HTTP/1.1" 200 136 "http://renault.activities.at/result?searchterm=true&search=Kangoo" "Mozilla/5.0 (Windows NT 10.0; Win64; x64) AppleWebKit/537.36 (KHTML, like Gecko) Chrome/94.0.4606.81 Safari/537.36"
80.120.210.180 - - [15/Oct/2021:11:17:11 +0200] "GET /12428357?print=true HTTP/1.1" 200 2642 "http://renault.activities.at/result?searchterm=true&search=duster" "Mozilla/5.0 (Windows NT 10.0; Win64; x64) AppleWebKit/537.36 (KHTML, like Gecko) Chrome/94.0.4606.81 Safari/537.36"
80.123.225.38 - - [15/Oct/2021:11:17:13 +0200] "GET /reload?ser=1634289433653 HTTP/1.1" 200 28 "http://renault.activities.at/result?searchterm=true&search=arkana" "Mozilla/5.0 (Windows NT 10.0; Win64; x64; rv:93.0) Gecko/20100101 Firefox/93.0"
80.120.210.180 - - [15/Oct/2021:11:17:14 +0200] "GET /loadthumbnail.php?id=12428361&width=250 HTTP/1.1" 200 22972 "http://renault.activities.at/12428357?print=true" "Mozilla/5.0 (Windows NT 10.0; Win64; x64) AppleWebKit/537.36 (KHTML, like Gecko) Chrome/94.0.4606.81 Safari/537.36"
80.120.210.180 - - [15/Oct/2021:11:17:14 +0200] "GET /loadthumbnail.php?id=12428361&width=900&height=900 HTTP/1.1" 200 114320 "http://renault.activities.at/12428357?print=true" "Mozilla/5.0 (Windows NT 10.0; Win64; x64) AppleWebKit/537.36 (KHTML, like Gecko) Chrome/94.0.4606.81 Safari/537.36"
83.175.83.150 - - [15/Oct/2021:11:17:15 +0200] "GET /reload?ser=1634289435669 HTTP/1.1" 200 28 "http://renault.activities.at/12471102" "Mozilla/5.0 (Windows NT 10.0; Win64; x64) AppleWebKit/537.36 (KHTML, like Gecko) Chrome/94.0.4606.71 Safari/537.36"
80.120.210.180 - - [15/Oct/2021:11:17:18 +0200] "GET /12310500?print=true HTTP/1.1" 200 2650 "http://renault.activities.at/result?searchterm=true&search=duster" "Mozilla/5.0 (Windows NT 10.0; Win64; x64) AppleWebKit/537.36 (KHTML, like Gecko) Chrome/94.0.4606.81 Safari/537.36"
80.120.210.180 - - [15/Oct/2021:11:17:21 +0200] "GET /loadthumbnail.php?id=12310511&width=250 HTTP/1.1" 200 9791 "http://renault.activities.at/12310500?print=true" "Mozilla/5.0 (Windows NT 10.0; Win64; x64) AppleWebKit/537.36 (KHTML, like Gecko) Chrome/94.0.4606.81 Safari/537.36"
80.120.210.180 - - [15/Oct/2021:11:17:21 +0200] "GET /loadthumbnail.php?id=12310511&width=900&height=900 HTTP/1.1" 200 69692 "http://renault.activities.at/12310500?print=true" "Mozilla/5.0 (Windows NT 10.0; Win64; x64) AppleWebKit/537.36 (KHTML, like Gecko) Chrome/94.0.4606.81 Safari/537.36"
80.120.210.180 - - [15/Oct/2021:11:17:41 +0200] "POST /12310500?print=true HTTP/1.1" 200 2762 "http://renault.activities.at/12310500?print=true" "Mozilla/5.0 (Windows NT 10.0; Win64; x64) AppleWebKit/537.36 (KHTML, like Gecko) Chrome/94.0.4606.81 Safari/537.36"
80.120.210.180 - - [15/Oct/2021:11:17:49 +0200] "POST /axjaxrequest?mode=suggest HTTP/1.1" 200 314 "http://renault.activities.at/result?searchterm=true&search=duster" "Mozilla/5.0 (Windows NT 10.0; Win64; x64) AppleWebKit/537.36 (KHTML, like Gecko) Chrome/94.0.4606.81 Safari/537.36"
80.120.210.180 - - [15/Oct/2021:11:17:50 +0200] "POST /axjaxrequest?mode=suggest HTTP/1.1" 200 21 "http://renault.activities.at/result?searchterm=true&search=duster" "Mozilla/5.0 (Windows NT 10.0; Win64; x64) AppleWebKit/537.36 (KHTML, like Gecko) Chrome/94.0.4606.81 Safari/537.36"
80.120.210.180 - - [15/Oct/2021:11:17:51 +0200] "POST /axjaxrequest?mode=suggest HTTP/1.1" 200 134 "http://renault.activities.at/result?searchterm=true&search=duster" "Mozilla/5.0 (Windows NT 10.0; Win64; x64) AppleWebKit/537.36 (KHTML, like Gecko) Chrome/94.0.4606.81 Safari/537.36"
138.21.12.22 - - [15/Oct/2021:11:17:53 +0200] "GET /reload?ser=1634289472978 HTTP/1.1" 200 28 "http://renault.2web.at/account" "Mozilla/5.0 (Windows NT 10.0; Win64; x64) AppleWebKit/537.36 (KHTML, like Gecko) Chrome/94.0.4606.81 Safari/537.36"
80.120.210.180 - - [15/Oct/2021:11:17:52 +0200] "POST /axjaxrequest?mode=suggest HTTP/1.1" 200 134 "http://renault.activities.at/result?searchterm=true&search=duster" "Mozilla/5.0 (Windows NT 10.0; Win64; x64) AppleWebKit/537.36 (KHTML, like Gecko) Chrome/94.0.4606.81 Safari/537.36"
80.120.210.180 - - [15/Oct/2021:11:17:53 +0200] "POST /axjaxrequest?mode=suggest HTTP/1.1" 200 134 "http://renault.activities.at/result?searchterm=true&search=duster" "Mozilla/5.0 (Windows NT 10.0; Win64; x64) AppleWebKit/537.36 (KHTML, like Gecko) Chrome/94.0.4606.81 Safari/537.36"
80.120.210.180 - - [15/Oct/2021:11:17:55 +0200] "GET /result?searchterm=true&search=Sandero HTTP/1.1" 200 8249 "http://renault.activities.at/result?searchterm=true&search=duster" "Mozilla/5.0 (Windows NT 10.0; Win64; x64) AppleWebKit/537.36 (KHTML, like Gecko) Chrome/94.0.4606.81 Safari/537.36"
80.120.210.180 - - [15/Oct/2021:11:17:57 +0200] "GET /result?searchterm=true&search=Sandero HTTP/1.1" 200 8249 "http://renault.activities.at/result?searchterm=true&search=duster" "Mozilla/5.0 (Windows NT 10.0; Win64; x64) AppleWebKit/537.36 (KHTML, like Gecko) Chrome/94.0.4606.81 Safari/537.36"
80.120.210.180 - - [15/Oct/2021:11:18:01 +0200] "GET /loadthumbnail.php?id=12358956&width=113 HTTP/1.1" 200 1658 "http://renault.activities.at/result?searchterm=true&search=Sandero" "Mozilla/5.0 (Windows NT 10.0; Win64; x64) AppleWebKit/537.36 (KHTML, like Gecko) Chrome/94.0.4606.81 Safari/537.36"
80.120.210.180 - - [15/Oct/2021:11:18:01 +0200] "GET /loadthumbnail.php?id=12333874&width=113 HTTP/1.1" 200 1957 "http://renault.activities.at/result?searchterm=true&search=Sandero" "Mozilla/5.0 (Windows NT 10.0; Win64; x64) AppleWebKit/537.36 (KHTML, like Gecko) Chrome/94.0.4606.81 Safari/537.36"
80.120.210.180 - - [15/Oct/2021:11:18:01 +0200] "GET /loadthumbnail.php?id=12333878&width=113 HTTP/1.1" 200 1913 "http://renault.activities.at/result?searchterm=true&search=Sandero" "Mozilla/5.0 (Windows NT 10.0; Win64; x64) AppleWebKit/537.36 (KHTML, like Gecko) Chrome/94.0.4606.81 Safari/537.36"
80.120.210.180 - - [15/Oct/2021:11:18:01 +0200] "GET /loadthumbnail.php?id=12385971&width=113 HTTP/1.1" 200 3358 "http://renault.activities.at/result?searchterm=true&search=Sandero" "Mozilla/5.0 (Windows NT 10.0; Win64; x64) AppleWebKit/537.36 (KHTML, like Gecko) Chrome/94.0.4606.81 Safari/537.36"
80.120.210.180 - - [15/Oct/2021:11:18:01 +0200] "GET /loadthumbnail.php?id=12358273&width=113 HTTP/1.1" 200 2569 "http://renault.activities.at/result?searchterm=true&search=Sandero" "Mozilla/5.0 (Windows NT 10.0; Win64; x64) AppleWebKit/537.36 (KHTML, like Gecko) Chrome/94.0.4606.81 Safari/537.36"
80.120.210.180 - - [15/Oct/2021:11:18:01 +0200] "GET /loadthumbnail.php?id=12358272&width=113 HTTP/1.1" 200 2569 "http://renault.activities.at/result?searchterm=true&search=Sandero" "Mozilla/5.0 (Windows NT 10.0; Win64; x64) AppleWebKit/537.36 (KHTML, like Gecko) Chrome/94.0.4606.81 Safari/537.36"
80.120.210.180 - - [15/Oct/2021:11:18:00 +0200] "GET /reload?ser=1634289480322 HTTP/1.1" 200 28 "http://renault.activities.at/result?searchterm=true&search=duster" "Mozilla/5.0 (Windows NT 10.0; Win64; x64) AppleWebKit/537.36 (KHTML, like Gecko) Chrome/94.0.4606.81 Safari/537.36"
80.120.210.180 - - [15/Oct/2021:11:18:02 +0200] "GET /loadthumbnail.php?id=12358955&width=113 HTTP/1.1" 200 2055 "http://renault.activities.at/result?searchterm=true&search=Sandero" "Mozilla/5.0 (Windows NT 10.0; Win64; x64) AppleWebKit/537.36 (KHTML, like Gecko) Chrome/94.0.4606.81 Safari/537.36"
80.120.210.180 - - [15/Oct/2021:11:18:02 +0200] "GET /loadthumbnail.php?id=12463082&width=113 HTTP/1.1" 200 3039 "http://renault.activities.at/result?searchterm=true&search=Sandero" "Mozilla/5.0 (Windows NT 10.0; Win64; x64) AppleWebKit/537.36 (KHTML, like Gecko) Chrome/94.0.4606.81 Safari/537.36"
80.120.210.180 - - [15/Oct/2021:11:18:02 +0200] "GET /loadthumbnail.php?id=12463078&width=113 HTTP/1.1" 200 5268 "http://renault.activities.at/result?searchterm=true&search=Sandero" "Mozilla/5.0 (Windows NT 10.0; Win64; x64) AppleWebKit/537.36 (KHTML, like Gecko) Chrome/94.0.4606.81 Safari/537.36"
80.120.210.180 - - [15/Oct/2021:11:18:02 +0200] "GET /loadthumbnail.php?id=12414629&width=113 HTTP/1.1" 200 3404 "http://renault.activities.at/result?searchterm=true&search=Sandero" "Mozilla/5.0 (Windows NT 10.0; Win64; x64) AppleWebKit/537.36 (KHTML, like Gecko) Chrome/94.0.4606.81 Safari/537.36"
80.120.210.180 - - [15/Oct/2021:11:18:02 +0200] "GET /loadthumbnail.php?id=10260863&width=113 HTTP/1.1" 200 1170 "http://renault.activities.at/result?searchterm=true&search=Sandero" "Mozilla/5.0 (Windows NT 10.0; Win64; x64) AppleWebKit/537.36 (KHTML, like Gecko) Chrome/94.0.4606.81 Safari/537.36"
80.120.210.180 - - [15/Oct/2021:11:18:02 +0200] "GET /loadthumbnail.php?id=11715005&width=113 HTTP/1.1" 200 30128 "http://renault.activities.at/result?searchterm=true&search=Sandero" "Mozilla/5.0 (Windows NT 10.0; Win64; x64) AppleWebKit/537.36 (KHTML, like Gecko) Chrome/94.0.4606.81 Safari/537.36"
80.123.225.38 - - [15/Oct/2021:11:18:14 +0200] "GET /reload?ser=1634289494642 HTTP/1.1" 200 28 "http://renault.activities.at/result?searchterm=true&search=arkana" "Mozilla/5.0 (Windows NT 10.0; Win64; x64; rv:93.0) Gecko/20100101 Firefox/93.0"
83.175.83.150 - - [15/Oct/2021:11:18:16 +0200] "GET /reload?ser=1634289496673 HTTP/1.1" 200 28 "http://renault.activities.at/12471102" "Mozilla/5.0 (Windows NT 10.0; Win64; x64) AppleWebKit/537.36 (KHTML, like Gecko) Chrome/94.0.4606.71 Safari/537.36"
80.120.210.180 - - [15/Oct/2021:11:18:22 +0200] "POST /result?searchterm=true&search=Sandero HTTP/1.1" 200 8357 "http://renault.activities.at/result?searchterm=true&search=Sandero" "Mozilla/5.0 (Windows NT 10.0; Win64; x64) AppleWebKit/537.36 (KHTML, like Gecko) Chrome/94.0.4606.81 Safari/537.36"
80.120.210.180 - - [15/Oct/2021:11:18:39 +0200] "POST /result?searchterm=true&search=Sandero HTTP/1.1" 200 8367 "http://renault.activities.at/result?searchterm=true&search=Sandero" "Mozilla/5.0 (Windows NT 10.0; Win64; x64) AppleWebKit/537.36 (KHTML, like Gecko) Chrome/94.0.4606.81 Safari/537.36"
80.120.210.180 - - [15/Oct/2021:11:18:40 +0200] "POST /result?searchterm=true&search=Sandero HTTP/1.1" 200 8367 "http://renault.activities.at/result?searchterm=true&search=Sandero" "Mozilla/5.0 (Windows NT 10.0; Win64; x64) AppleWebKit/537.36 (KHTML, like Gecko) Chrome/94.0.4606.81 Safari/537.36"
138.21.12.22 - - [15/Oct/2021:11:18:55 +0200] "GET /reload?ser=1634289534981 HTTP/1.1" 200 28 "http://renault.2web.at/account" "Mozilla/5.0 (Windows NT 10.0; Win64; x64) AppleWebKit/537.36 (KHTML, like Gecko) Chrome/94.0.4606.81 Safari/537.36"
80.120.210.180 - - [15/Oct/2021:11:18:55 +0200] "GET /cart HTTP/1.1" 200 5839 "http://renault.activities.at/result?searchterm=true&search=Sandero" "Mozilla/5.0 (Windows NT 10.0; Win64; x64) AppleWebKit/537.36 (KHTML, like Gecko) Chrome/94.0.4606.81 Safari/537.36"
80.120.210.180 - - [15/Oct/2021:11:18:58 +0200] "GET /loadthumbnail.php?id=10232009&width=16&height=16 HTTP/1.1" 200 700 "http://renault.activities.at/cart" "Mozilla/5.0 (Windows NT 10.0; Win64; x64) AppleWebKit/537.36 (KHTML, like Gecko) Chrome/94.0.4606.81 Safari/537.36"
80.120.210.180 - - [15/Oct/2021:11:18:58 +0200] "GET /loadthumbnail.php?id=12460965&width=100 HTTP/1.1" 200 2443 "http://renault.activities.at/cart" "Mozilla/5.0 (Windows NT 10.0; Win64; x64) AppleWebKit/537.36 (KHTML, like Gecko) Chrome/94.0.4606.81 Safari/537.36"
80.120.210.180 - - [15/Oct/2021:11:18:58 +0200] "GET /loadthumbnail.php?id=12463078&width=100 HTTP/1.1" 200 4418 "http://renault.activities.at/cart" "Mozilla/5.0 (Windows NT 10.0; Win64; x64) AppleWebKit/537.36 (KHTML, like Gecko) Chrome/94.0.4606.81 Safari/537.36"
80.120.210.180 - - [15/Oct/2021:11:18:58 +0200] "GET /loadthumbnail.php?id=12310511&width=100 HTTP/1.1" 200 2378 "http://renault.activities.at/cart" "Mozilla/5.0 (Windows NT 10.0; Win64; x64) AppleWebKit/537.36 (KHTML, like Gecko) Chrome/94.0.4606.81 Safari/537.36"
80.120.210.180 - - [15/Oct/2021:11:18:58 +0200] "GET /loadthumbnail.php?id=12428351&width=100 HTTP/1.1" 200 4618 "http://renault.activities.at/cart" "Mozilla/5.0 (Windows NT 10.0; Win64; x64) AppleWebKit/537.36 (KHTML, like Gecko) Chrome/94.0.4606.81 Safari/537.36"
80.120.210.180 - - [15/Oct/2021:11:18:58 +0200] "GET /loadthumbnail.php?id=12463086&width=100 HTTP/1.1" 200 3989 "http://renault.activities.at/cart" "Mozilla/5.0 (Windows NT 10.0; Win64; x64) AppleWebKit/537.36 (KHTML, like Gecko) Chrome/94.0.4606.81 Safari/537.36"
80.120.210.180 - - [15/Oct/2021:11:18:58 +0200] "GET /loadthumbnail.php?id=12385971&width=100 HTTP/1.1" 200 2800 "http://renault.activities.at/cart" "Mozilla/5.0 (Windows NT 10.0; Win64; x64) AppleWebKit/537.36 (KHTML, like Gecko) Chrome/94.0.4606.81 Safari/537.36"
80.120.210.180 - - [15/Oct/2021:11:19:05 +0200] "POST /cart HTTP/1.1" 200 5889 "http://renault.activities.at/cart" "Mozilla/5.0 (Windows NT 10.0; Win64; x64) AppleWebKit/537.36 (KHTML, like Gecko) Chrome/94.0.4606.81 Safari/537.36"
80.120.210.180 - - [15/Oct/2021:11:19:13 +0200] "POST /cart HTTP/1.1" 200 5885 "http://renault.activities.at/cart" "Mozilla/5.0 (Windows NT 10.0; Win64; x64) AppleWebKit/537.36 (KHTML, like Gecko) Chrome/94.0.4606.81 Safari/537.36"
80.123.225.38 - - [15/Oct/2021:11:19:15 +0200] "GET /reload?ser=1634289555619 HTTP/1.1" 200 28 "http://renault.activities.at/result?searchterm=true&search=arkana" "Mozilla/5.0 (Windows NT 10.0; Win64; x64; rv:93.0) Gecko/20100101 Firefox/93.0"
83.175.83.150 - - [15/Oct/2021:11:19:17 +0200] "GET /reload?ser=1634289557665 HTTP/1.1" 200 28 "http://renault.activities.at/12471102" "Mozilla/5.0 (Windows NT 10.0; Win64; x64) AppleWebKit/537.36 (KHTML, like Gecko) Chrome/94.0.4606.71 Safari/537.36"
80.120.210.180 - - [15/Oct/2021:11:19:20 +0200] "GET /result?searchterm=true&search=power HTTP/1.1" 200 4679 "http://renault.activities.at/cart" "Mozilla/5.0 (Windows NT 10.0; Win64; x64) AppleWebKit/537.36 (KHTML, like Gecko) Chrome/94.0.4606.81 Safari/537.36"
80.120.210.180 - - [15/Oct/2021:11:19:22 +0200] "GET /images/note_msg_icon.gif HTTP/1.1" 200 1022 "http://renault.activities.at/css/styles.css" "Mozilla/5.0 (Windows NT 10.0; Win64; x64) AppleWebKit/537.36 (KHTML, like Gecko) Chrome/94.0.4606.81 Safari/537.36"
80.120.210.180 - - [15/Oct/2021:11:19:20 +0200] "POST /axjaxrequest?mode=suggest HTTP/1.1" 200 21 "http://renault.activities.at/cart" "Mozilla/5.0 (Windows NT 10.0; Win64; x64) AppleWebKit/537.36 (KHTML, like Gecko) Chrome/94.0.4606.81 Safari/537.36"
138.21.12.22 - - [15/Oct/2021:11:19:57 +0200] "GET /reload?ser=1634289596984 HTTP/1.1" 200 28 "http://renault.2web.at/account" "Mozilla/5.0 (Windows NT 10.0; Win64; x64) AppleWebKit/537.36 (KHTML, like Gecko) Chrome/94.0.4606.81 Safari/537.36"
80.123.225.38 - - [15/Oct/2021:11:20:16 +0200] "GET /reload?ser=1634289616599 HTTP/1.1" 200 28 "http://renault.activities.at/result?searchterm=true&search=arkana" "Mozilla/5.0 (Windows NT 10.0; Win64; x64; rv:93.0) Gecko/20100101 Firefox/93.0"
83.175.83.150 - - [15/Oct/2021:11:20:18 +0200] "GET /reload?ser=1634289618668 HTTP/1.1" 200 28 "http://renault.activities.at/12471102" "Mozilla/5.0 (Windows NT 10.0; Win64; x64) AppleWebKit/537.36 (KHTML, like Gecko) Chrome/94.0.4606.71 Safari/537.36"
80.120.210.180 - - [15/Oct/2021:11:20:22 +0200] "GET /reload?ser=1634289622652 HTTP/1.1" 200 28 "http://renault.activities.at/result?searchterm=true&search=power" "Mozilla/5.0 (Windows NT 10.0; Win64; x64) AppleWebKit/537.36 (KHTML, like Gecko) Chrome/94.0.4606.81 Safari/537.36"
138.21.12.22 - - [15/Oct/2021:11:20:59 +0200] "GET /reload?ser=1634289658987 HTTP/1.1" 200 28 "http://renault.2web.at/account" "Mozilla/5.0 (Windows NT 10.0; Win64; x64) AppleWebKit/537.36 (KHTML, like Gecko) Chrome/94.0.4606.81 Safari/537.36"
80.120.210.180 - - [15/Oct/2021:11:21:07 +0200] "GET /cart HTTP/1.1" 200 5831 "http://renault.activities.at/result?searchterm=true&search=power" "Mozilla/5.0 (Windows NT 10.0; Win64; x64) AppleWebKit/537.36 (KHTML, like Gecko) Chrome/94.0.4606.81 Safari/537.36"
80.120.210.180 - - [15/Oct/2021:11:21:12 +0200] "POST /axjaxrequest?mode=suggest HTTP/1.1" 200 21 "http://renault.activities.at/cart" "Mozilla/5.0 (Windows NT 10.0; Win64; x64) AppleWebKit/537.36 (KHTML, like Gecko) Chrome/94.0.4606.81 Safari/537.36"
80.120.210.180 - - [15/Oct/2021:11:21:14 +0200] "GET /result?searchterm=true&search=winter HTTP/1.1" 200 7787 "http://renault.activities.at/cart" "Mozilla/5.0 (Windows NT 10.0; Win64; x64) AppleWebKit/537.36 (KHTML, like Gecko) Chrome/94.0.4606.81 Safari/537.36"
80.120.210.180 - - [15/Oct/2021:11:21:14 +0200] "POST /axjaxrequest?mode=suggest HTTP/1.1" 200 175 "http://renault.activities.at/cart" "Mozilla/5.0 (Windows NT 10.0; Win64; x64) AppleWebKit/537.36 (KHTML, like Gecko) Chrome/94.0.4606.81 Safari/537.36"
80.123.225.38 - - [15/Oct/2021:11:21:17 +0200] "GET /reload?ser=1634289677577 HTTP/1.1" 200 28 "http://renault.activities.at/result?searchterm=true&search=arkana" "Mozilla/5.0 (Windows NT 10.0; Win64; x64; rv:93.0) Gecko/20100101 Firefox/93.0"
83.175.83.150 - - [15/Oct/2021:11:21:19 +0200] "GET /reload?ser=1634289679672 HTTP/1.1" 200 28 "http://renault.activities.at/12471102" "Mozilla/5.0 (Windows NT 10.0; Win64; x64) AppleWebKit/537.36 (KHTML, like Gecko) Chrome/94.0.4606.71 Safari/537.36"
80.120.210.180 - - [15/Oct/2021:11:21:16 +0200] "GET /result?searchterm=true&search=winter HTTP/1.1" 200 7787 "http://renault.activities.at/cart" "Mozilla/5.0 (Windows NT 10.0; Win64; x64) AppleWebKit/537.36 (KHTML, like Gecko) Chrome/94.0.4606.81 Safari/537.36"
80.120.210.180 - - [15/Oct/2021:11:21:21 +0200] "GET /loadthumbnail.php?id=12455831&width=113 HTTP/1.1" 200 3878 "http://renault.activities.at/result?searchterm=true&search=winter" "Mozilla/5.0 (Windows NT 10.0; Win64; x64) AppleWebKit/537.36 (KHTML, like Gecko) Chrome/94.0.4606.81 Safari/537.36"
80.120.210.180 - - [15/Oct/2021:11:21:21 +0200] "GET /loadthumbnail.php?id=12455796&width=113 HTTP/1.1" 200 3577 "http://renault.activities.at/result?searchterm=true&search=winter" "Mozilla/5.0 (Windows NT 10.0; Win64; x64) AppleWebKit/537.36 (KHTML, like Gecko) Chrome/94.0.4606.81 Safari/537.36"
80.120.210.180 - - [15/Oct/2021:11:21:21 +0200] "GET /loadthumbnail.php?id=12455819&width=113 HTTP/1.1" 200 5611 "http://renault.activities.at/result?searchterm=true&search=winter" "Mozilla/5.0 (Windows NT 10.0; Win64; x64) AppleWebKit/537.36 (KHTML, like Gecko) Chrome/94.0.4606.81 Safari/537.36"
80.120.210.180 - - [15/Oct/2021:11:21:21 +0200] "GET /loadthumbnail.php?id=12455823&width=113 HTTP/1.1" 200 2670 "http://renault.activities.at/result?searchterm=true&search=winter" "Mozilla/5.0 (Windows NT 10.0; Win64; x64) AppleWebKit/537.36 (KHTML, like Gecko) Chrome/94.0.4606.81 Safari/537.36"
80.120.210.180 - - [15/Oct/2021:11:21:21 +0200] "GET /loadthumbnail.php?id=12262997&width=113 HTTP/1.1" 200 3818 "http://renault.activities.at/result?searchterm=true&search=winter" "Mozilla/5.0 (Windows NT 10.0; Win64; x64) AppleWebKit/537.36 (KHTML, like Gecko) Chrome/94.0.4606.81 Safari/537.36"
80.120.210.180 - - [15/Oct/2021:11:21:21 +0200] "GET /loadthumbnail.php?id=12455827&width=113 HTTP/1.1" 200 4303 "http://renault.activities.at/result?searchterm=true&search=winter" "Mozilla/5.0 (Windows NT 10.0; Win64; x64) AppleWebKit/537.36 (KHTML, like Gecko) Chrome/94.0.4606.81 Safari/537.36"
80.120.210.180 - - [15/Oct/2021:11:21:21 +0200] "GET /loadthumbnail.php?id=12458505&width=113 HTTP/1.1" 200 2979 "http://renault.activities.at/result?searchterm=true&search=winter" "Mozilla/5.0 (Windows NT 10.0; Win64; x64) AppleWebKit/537.36 (KHTML, like Gecko) Chrome/94.0.4606.81 Safari/537.36"
80.120.210.180 - - [15/Oct/2021:11:21:21 +0200] "GET /loadthumbnail.php?id=12127769&width=113 HTTP/1.1" 200 1807 "http://renault.activities.at/result?searchterm=true&search=winter" "Mozilla/5.0 (Windows NT 10.0; Win64; x64) AppleWebKit/537.36 (KHTML, like Gecko) Chrome/94.0.4606.81 Safari/537.36"
80.120.210.180 - - [15/Oct/2021:11:21:21 +0200] "GET /loadthumbnail.php?id=12458509&width=113 HTTP/1.1" 200 2876 "http://renault.activities.at/result?searchterm=true&search=winter" "Mozilla/5.0 (Windows NT 10.0; Win64; x64) AppleWebKit/537.36 (KHTML, like Gecko) Chrome/94.0.4606.81 Safari/537.36"
80.120.210.180 - - [15/Oct/2021:11:21:21 +0200] "GET /loadthumbnail.php?id=11124852&width=113 HTTP/1.1" 200 8535 "http://renault.activities.at/result?searchterm=true&search=winter" "Mozilla/5.0 (Windows NT 10.0; Win64; x64) AppleWebKit/537.36 (KHTML, like Gecko) Chrome/94.0.4606.81 Safari/537.36"
80.120.210.180 - - [15/Oct/2021:11:21:21 +0200] "GET /loadthumbnail.php?id=12136016&width=113 HTTP/1.1" 200 6678 "http://renault.activities.at/result?searchterm=true&search=winter" "Mozilla/5.0 (Windows NT 10.0; Win64; x64) AppleWebKit/537.36 (KHTML, like Gecko) Chrome/94.0.4606.81 Safari/537.36"
80.120.210.180 - - [15/Oct/2021:11:21:43 +0200] "POST /result?searchterm=true&search=winter HTTP/1.1" 200 7887 "http://renault.activities.at/result?searchterm=true&search=winter" "Mozilla/5.0 (Windows NT 10.0; Win64; x64) AppleWebKit/537.36 (KHTML, like Gecko) Chrome/94.0.4606.81 Safari/537.36"
80.120.210.180 - - [15/Oct/2021:11:21:50 +0200] "GET /10201442 HTTP/1.1" 200 8694 "http://renault.activities.at/result?searchterm=true&search=winter" "Mozilla/5.0 (Windows NT 10.0; Win64; x64) AppleWebKit/537.36 (KHTML, like Gecko) Chrome/94.0.4606.81 Safari/537.36"
138.21.12.22 - - [15/Oct/2021:11:22:01 +0200] "GET /reload?ser=1634289720990 HTTP/1.1" 200 28 "http://renault.2web.at/account" "Mozilla/5.0 (Windows NT 10.0; Win64; x64) AppleWebKit/537.36 (KHTML, like Gecko) Chrome/94.0.4606.81 Safari/537.36"
80.120.210.180 - - [15/Oct/2021:11:22:01 +0200] "GET /10260284 HTTP/1.1" 200 6245 "http://renault.activities.at/10201442" "Mozilla/5.0 (Windows NT 10.0; Win64; x64) AppleWebKit/537.36 (KHTML, like Gecko) Chrome/94.0.4606.81 Safari/537.36"
80.120.210.180 - - [15/Oct/2021:11:22:03 +0200] "GET /loadthumbnail.php?id=11108158&width=113 HTTP/1.1" 200 1545 "http://renault.activities.at/10260284" "Mozilla/5.0 (Windows NT 10.0; Win64; x64) AppleWebKit/537.36 (KHTML, like Gecko) Chrome/94.0.4606.81 Safari/537.36"
80.120.210.180 - - [15/Oct/2021:11:22:15 +0200] "GET /10260011 HTTP/1.1" 200 7316 "http://renault.activities.at/10260284" "Mozilla/5.0 (Windows NT 10.0; Win64; x64) AppleWebKit/537.36 (KHTML, like Gecko) Chrome/94.0.4606.81 Safari/537.36"
80.120.210.180 - - [15/Oct/2021:11:22:18 +0200] "GET /loadthumbnail.php?id=12294743&width=113 HTTP/1.1" 200 2695 "http://renault.activities.at/10260011" "Mozilla/5.0 (Windows NT 10.0; Win64; x64) AppleWebKit/537.36 (KHTML, like Gecko) Chrome/94.0.4606.81 Safari/537.36"
80.120.210.180 - - [15/Oct/2021:11:22:18 +0200] "GET /loadthumbnail.php?id=12244847&width=113 HTTP/1.1" 200 5903 "http://renault.activities.at/10260011" "Mozilla/5.0 (Windows NT 10.0; Win64; x64) AppleWebKit/537.36 (KHTML, like Gecko) Chrome/94.0.4606.81 Safari/537.36"
80.120.210.180 - - [15/Oct/2021:11:22:18 +0200] "GET /loadthumbnail.php?id=12244864&width=113 HTTP/1.1" 200 11050 "http://renault.activities.at/10260011" "Mozilla/5.0 (Windows NT 10.0; Win64; x64) AppleWebKit/537.36 (KHTML, like Gecko) Chrome/94.0.4606.81 Safari/537.36"
80.120.210.180 - - [15/Oct/2021:11:22:18 +0200] "GET /loadthumbnail.php?id=12244843&width=113 HTTP/1.1" 200 6390 "http://renault.activities.at/10260011" "Mozilla/5.0 (Windows NT 10.0; Win64; x64) AppleWebKit/537.36 (KHTML, like Gecko) Chrome/94.0.4606.81 Safari/537.36"
80.120.210.180 - - [15/Oct/2021:11:22:18 +0200] "GET /loadthumbnail.php?id=12244856&width=113 HTTP/1.1" 200 5659 "http://renault.activities.at/10260011" "Mozilla/5.0 (Windows NT 10.0; Win64; x64) AppleWebKit/537.36 (KHTML, like Gecko) Chrome/94.0.4606.81 Safari/537.36"
80.120.210.180 - - [15/Oct/2021:11:22:18 +0200] "GET /loadthumbnail.php?id=12244860&width=113 HTTP/1.1" 200 18982 "http://renault.activities.at/10260011" "Mozilla/5.0 (Windows NT 10.0; Win64; x64) AppleWebKit/537.36 (KHTML, like Gecko) Chrome/94.0.4606.81 Safari/537.36"
80.120.210.180 - - [15/Oct/2021:11:22:18 +0200] "GET /loadthumbnail.php?id=12244839&width=113 HTTP/1.1" 200 21692 "http://renault.activities.at/10260011" "Mozilla/5.0 (Windows NT 10.0; Win64; x64) AppleWebKit/537.36 (KHTML, like Gecko) Chrome/94.0.4606.81 Safari/537.36"
80.120.210.180 - - [15/Oct/2021:11:22:18 +0200] "GET /loadthumbnail.php?id=10562347&width=113 HTTP/1.1" 200 4993 "http://renault.activities.at/10260011" "Mozilla/5.0 (Windows NT 10.0; Win64; x64) AppleWebKit/537.36 (KHTML, like Gecko) Chrome/94.0.4606.81 Safari/537.36"
80.120.210.180 - - [15/Oct/2021:11:22:19 +0200] "GET /loadthumbnail.php?id=10562346&width=113 HTTP/1.1" 200 5314 "http://renault.activities.at/10260011" "Mozilla/5.0 (Windows NT 10.0; Win64; x64) AppleWebKit/537.36 (KHTML, like Gecko) Chrome/94.0.4606.81 Safari/537.36"
80.123.225.38 - - [15/Oct/2021:11:22:18 +0200] "GET /reload?ser=1634289738555 HTTP/1.1" 200 28 "http://renault.activities.at/result?searchterm=true&search=arkana" "Mozilla/5.0 (Windows NT 10.0; Win64; x64; rv:93.0) Gecko/20100101 Firefox/93.0"
83.175.83.150 - - [15/Oct/2021:11:22:20 +0200] "GET /reload?ser=1634289740678 HTTP/1.1" 200 28 "http://renault.activities.at/12471102" "Mozilla/5.0 (Windows NT 10.0; Win64; x64) AppleWebKit/537.36 (KHTML, like Gecko) Chrome/94.0.4606.71 Safari/537.36"
80.120.210.180 - - [15/Oct/2021:11:22:29 +0200] "GET /10260008 HTTP/1.1" 200 8967 "http://renault.activities.at/10260011" "Mozilla/5.0 (Windows NT 10.0; Win64; x64) AppleWebKit/537.36 (KHTML, like Gecko) Chrome/94.0.4606.81 Safari/537.36"
80.120.210.180 - - [15/Oct/2021:11:22:32 +0200] "GET /10260012 HTTP/1.1" 200 4923 "http://renault.activities.at/10260011" "Mozilla/5.0 (Windows NT 10.0; Win64; x64) AppleWebKit/537.36 (KHTML, like Gecko) Chrome/94.0.4606.81 Safari/537.36"
80.120.210.180 - - [15/Oct/2021:11:22:40 +0200] "GET /10260253 HTTP/1.1" 200 6582 "http://renault.activities.at/10260012" "Mozilla/5.0 (Windows NT 10.0; Win64; x64) AppleWebKit/537.36 (KHTML, like Gecko) Chrome/94.0.4606.81 Safari/537.36"
80.120.210.180 - - [15/Oct/2021:11:22:43 +0200] "GET /loadthumbnail.php?id=12341632&width=113 HTTP/1.1" 200 21154 "http://renault.activities.at/10260253" "Mozilla/5.0 (Windows NT 10.0; Win64; x64) AppleWebKit/537.36 (KHTML, like Gecko) Chrome/94.0.4606.81 Safari/537.36"
80.120.210.180 - - [15/Oct/2021:11:22:43 +0200] "GET /loadthumbnail.php?id=12454910&width=113 HTTP/1.1" 200 2578 "http://renault.activities.at/10260253" "Mozilla/5.0 (Windows NT 10.0; Win64; x64) AppleWebKit/537.36 (KHTML, like Gecko) Chrome/94.0.4606.81 Safari/537.36"
80.120.210.180 - - [15/Oct/2021:11:22:43 +0200] "GET /loadthumbnail.php?id=11078141&width=113 HTTP/1.1" 200 8866 "http://renault.activities.at/10260253" "Mozilla/5.0 (Windows NT 10.0; Win64; x64) AppleWebKit/537.36 (KHTML, like Gecko) Chrome/94.0.4606.81 Safari/537.36"
80.120.210.180 - - [15/Oct/2021:11:22:43 +0200] "GET /loadthumbnail.php?id=12341640&width=113 HTTP/1.1" 200 18882 "http://renault.activities.at/10260253" "Mozilla/5.0 (Windows NT 10.0; Win64; x64) AppleWebKit/537.36 (KHTML, like Gecko) Chrome/94.0.4606.81 Safari/537.36"
80.120.210.180 - - [15/Oct/2021:11:22:59 +0200] "GET /10201442 HTTP/1.1" 200 8694 "http://renault.activities.at/10260253" "Mozilla/5.0 (Windows NT 10.0; Win64; x64) AppleWebKit/537.36 (KHTML, like Gecko) Chrome/94.0.4606.81 Safari/537.36"
138.21.12.22 - - [15/Oct/2021:11:23:03 +0200] "GET /reload?ser=1634289782993 HTTP/1.1" 200 28 "http://renault.2web.at/account" "Mozilla/5.0 (Windows NT 10.0; Win64; x64) AppleWebKit/537.36 (KHTML, like Gecko) Chrome/94.0.4606.81 Safari/537.36"
80.123.225.38 - - [15/Oct/2021:11:23:19 +0200] "GET /reload?ser=1634289799539 HTTP/1.1" 200 28 "http://renault.activities.at/result?searchterm=true&search=arkana" "Mozilla/5.0 (Windows NT 10.0; Win64; x64; rv:93.0) Gecko/20100101 Firefox/93.0"
83.175.83.150 - - [15/Oct/2021:11:23:21 +0200] "GET /reload?ser=1634289801666 HTTP/1.1" 200 28 "http://renault.activities.at/12471102" "Mozilla/5.0 (Windows NT 10.0; Win64; x64) AppleWebKit/537.36 (KHTML, like Gecko) Chrome/94.0.4606.71 Safari/537.36"
80.120.210.180 - - [15/Oct/2021:11:23:20 +0200] "GET /10260279 HTTP/1.1" 200 6246 "http://renault.activities.at/10201442" "Mozilla/5.0 (Windows NT 10.0; Win64; x64) AppleWebKit/537.36 (KHTML, like Gecko) Chrome/94.0.4606.81 Safari/537.36"
80.120.210.180 - - [15/Oct/2021:11:23:22 +0200] "GET /loadthumbnail.php?id=10309491&width=113 HTTP/1.1" 200 2476 "http://renault.activities.at/10260279" "Mozilla/5.0 (Windows NT 10.0; Win64; x64) AppleWebKit/537.36 (KHTML, like Gecko) Chrome/94.0.4606.81 Safari/537.36"
