80.120.148.242 - - [19/Oct/2021:09:59:03 +0200] "GET /images/vista-up-hover.gif HTTP/1.1" 200 130 "http://renault.activities.at/css/styles.css" "Mozilla/5.0 (Windows NT 10.0; Win64; x64) AppleWebKit/537.36 (KHTML, like Gecko) Chrome/94.0.4606.81 Safari/537.36"
80.122.221.194 - - [19/Oct/2021:09:59:09 +0200] "GET /reload?ser=1634630349915 HTTP/1.1" 200 28 "http://renault.activities.at/result?searchterm=true&search=Spring" "Mozilla/5.0 (Windows NT 10.0; Win64; x64) AppleWebKit/537.36 (KHTML, like Gecko) Chrome/94.0.4606.81 Safari/537.36 Edg/94.0.992.47"
80.120.148.242 - - [19/Oct/2021:09:59:20 +0200] "GET /result?searchterm=true&search=winter HTTP/1.1" 200 7691 "http://renault.activities.at/result?searchterm=true&search=winterche" "Mozilla/5.0 (Windows NT 10.0; Win64; x64) AppleWebKit/537.36 (KHTML, like Gecko) Chrome/94.0.4606.81 Safari/537.36"
80.120.148.242 - - [19/Oct/2021:09:59:23 +0200] "GET /loadthumbnail.php?id=12262997&width=113 HTTP/1.1" 200 3818 "http://renault.activities.at/result?searchterm=true&search=winter" "Mozilla/5.0 (Windows NT 10.0; Win64; x64) AppleWebKit/537.36 (KHTML, like Gecko) Chrome/94.0.4606.81 Safari/537.36"
80.120.148.242 - - [19/Oct/2021:09:59:23 +0200] "GET /loadthumbnail.php?id=12455831&width=113 HTTP/1.1" 200 3878 "http://renault.activities.at/result?searchterm=true&search=winter" "Mozilla/5.0 (Windows NT 10.0; Win64; x64) AppleWebKit/537.36 (KHTML, like Gecko) Chrome/94.0.4606.81 Safari/537.36"
80.120.148.242 - - [19/Oct/2021:09:59:23 +0200] "GET /loadthumbnail.php?id=12127769&width=113 HTTP/1.1" 200 1807 "http://renault.activities.at/result?searchterm=true&search=winter" "Mozilla/5.0 (Windows NT 10.0; Win64; x64) AppleWebKit/537.36 (KHTML, like Gecko) Chrome/94.0.4606.81 Safari/537.36"
80.120.148.242 - - [19/Oct/2021:09:59:20 +0200] "POST /axjaxrequest?mode=suggest HTTP/1.1" 200 175 "http://renault.activities.at/result?searchterm=true&search=winterche" "Mozilla/5.0 (Windows NT 10.0; Win64; x64) AppleWebKit/537.36 (KHTML, like Gecko) Chrome/94.0.4606.81 Safari/537.36"
80.120.148.242 - - [19/Oct/2021:09:59:30 +0200] "GET /images/vista-dn-hover.gif HTTP/1.1" 200 127 "http://renault.activities.at/css/styles.css" "Mozilla/5.0 (Windows NT 10.0; Win64; x64) AppleWebKit/537.36 (KHTML, like Gecko) Chrome/94.0.4606.81 Safari/537.36"
80.120.148.242 - - [19/Oct/2021:09:59:35 +0200] "GET /css/themes/alphacube/bottom_middle.gif HTTP/1.1" 200 44 "http://renault.activities.at/css/themes/alphacube.css" "Mozilla/5.0 (Windows NT 10.0; Win64; x64) AppleWebKit/537.36 (KHTML, like Gecko) Chrome/94.0.4606.81 Safari/537.36"
80.120.148.242 - - [19/Oct/2021:09:59:35 +0200] "GET /css/themes/alphacube/frame_right.gif HTTP/1.1" 200 64 "http://renault.activities.at/css/themes/alphacube.css" "Mozilla/5.0 (Windows NT 10.0; Win64; x64) AppleWebKit/537.36 (KHTML, like Gecko) Chrome/94.0.4606.81 Safari/537.36"
80.120.148.242 - - [19/Oct/2021:09:59:35 +0200] "GET /css/themes/alphacube/bottom_right-c.gif HTTP/1.1" 200 62 "http://renault.activities.at/css/themes/alphacube.css" "Mozilla/5.0 (Windows NT 10.0; Win64; x64) AppleWebKit/537.36 (KHTML, like Gecko) Chrome/94.0.4606.81 Safari/537.36"
80.120.148.242 - - [19/Oct/2021:09:59:35 +0200] "GET /css/themes/alphacube/frame_left.gif HTTP/1.1" 200 64 "http://renault.activities.at/css/themes/alphacube.css" "Mozilla/5.0 (Windows NT 10.0; Win64; x64) AppleWebKit/537.36 (KHTML, like Gecko) Chrome/94.0.4606.81 Safari/537.36"
80.120.148.242 - - [19/Oct/2021:09:59:35 +0200] "GET /css/themes/alphacube/top_right.gif HTTP/1.1" 200 972 "http://renault.activities.at/css/themes/alphacube.css" "Mozilla/5.0 (Windows NT 10.0; Win64; x64) AppleWebKit/537.36 (KHTML, like Gecko) Chrome/94.0.4606.81 Safari/537.36"
80.120.148.242 - - [19/Oct/2021:09:59:35 +0200] "GET /css/themes/alphacube/top_mid.gif HTTP/1.1" 200 833 "http://renault.activities.at/css/themes/alphacube.css" "Mozilla/5.0 (Windows NT 10.0; Win64; x64) AppleWebKit/537.36 (KHTML, like Gecko) Chrome/94.0.4606.81 Safari/537.36"
80.120.148.242 - - [19/Oct/2021:09:59:35 +0200] "GET /css/themes/alphacube/button-close-focus.gif HTTP/1.1" 200 699 "http://renault.activities.at/css/themes/alphacube.css" "Mozilla/5.0 (Windows NT 10.0; Win64; x64) AppleWebKit/537.36 (KHTML, like Gecko) Chrome/94.0.4606.81 Safari/537.36"
80.120.148.242 - - [19/Oct/2021:09:59:35 +0200] "GET /css/themes/alphacube/top_left.gif HTTP/1.1" 200 973 "http://renault.activities.at/css/themes/alphacube.css" "Mozilla/5.0 (Windows NT 10.0; Win64; x64) AppleWebKit/537.36 (KHTML, like Gecko) Chrome/94.0.4606.81 Safari/537.36"
80.120.148.242 - - [19/Oct/2021:09:59:35 +0200] "GET /css/themes/alphacube/bottom_left-c.gif HTTP/1.1" 200 62 "http://renault.activities.at/css/themes/alphacube.css" "Mozilla/5.0 (Windows NT 10.0; Win64; x64) AppleWebKit/537.36 (KHTML, like Gecko) Chrome/94.0.4606.81 Safari/537.36"
80.120.148.242 - - [19/Oct/2021:09:59:35 +0200] "GET /12455829?print=true HTTP/1.1" 200 2636 "http://renault.activities.at/result?searchterm=true&search=winter" "Mozilla/5.0 (Windows NT 10.0; Win64; x64) AppleWebKit/537.36 (KHTML, like Gecko) Chrome/94.0.4606.81 Safari/537.36"
80.120.148.242 - - [19/Oct/2021:09:59:38 +0200] "GET /js/magiczoom/magiczoom.css HTTP/1.1" 200 1210 "http://renault.activities.at/12455829?print=true" "Mozilla/5.0 (Windows NT 10.0; Win64; x64) AppleWebKit/537.36 (KHTML, like Gecko) Chrome/94.0.4606.81 Safari/537.36"
80.120.148.242 - - [19/Oct/2021:09:59:38 +0200] "GET /js/Produkt.js HTTP/1.1" 200 852 "http://renault.activities.at/12455829?print=true" "Mozilla/5.0 (Windows NT 10.0; Win64; x64) AppleWebKit/537.36 (KHTML, like Gecko) Chrome/94.0.4606.81 Safari/537.36"
80.120.148.242 - - [19/Oct/2021:09:59:38 +0200] "GET /js/magiczoom/magiczoom.js HTTP/1.1" 200 26397 "http://renault.activities.at/12455829?print=true" "Mozilla/5.0 (Windows NT 10.0; Win64; x64) AppleWebKit/537.36 (KHTML, like Gecko) Chrome/94.0.4606.81 Safari/537.36"
80.120.148.242 - - [19/Oct/2021:09:59:38 +0200] "GET /loadthumbnail.php?id=12455831&width=250 HTTP/1.1" 200 13537 "http://renault.activities.at/12455829?print=true" "Mozilla/5.0 (Windows NT 10.0; Win64; x64) AppleWebKit/537.36 (KHTML, like Gecko) Chrome/94.0.4606.81 Safari/537.36"
80.120.148.242 - - [19/Oct/2021:09:59:38 +0200] "GET /loadthumbnail.php?id=12455831&width=900&height=900 HTTP/1.1" 200 57864 "http://renault.activities.at/12455829?print=true" "Mozilla/5.0 (Windows NT 10.0; Win64; x64) AppleWebKit/537.36 (KHTML, like Gecko) Chrome/94.0.4606.81 Safari/537.36"
80.120.148.242 - - [19/Oct/2021:09:59:39 +0200] "GET /js/magiczoom/graphics/hint.gif HTTP/1.1" 200 73 "http://renault.activities.at/js/magiczoom/magiczoom.css" "Mozilla/5.0 (Windows NT 10.0; Win64; x64) AppleWebKit/537.36 (KHTML, like Gecko) Chrome/94.0.4606.81 Safari/537.36"
81.189.177.106 - - [19/Oct/2021:09:59:38 +0200] "GET /reload?ser=1634630378660 HTTP/1.1" 200 28 "http://renault.activities.at/success" "Mozilla/5.0 (Windows NT 10.0; Win64; x64) AppleWebKit/537.36 (KHTML, like Gecko) Chrome/94.0.4606.81 Safari/537.36"
80.120.148.242 - - [19/Oct/2021:09:59:44 +0200] "GET /js/magiczoom/graphics/zoomin.cur HTTP/1.1" 200 326 "http://renault.activities.at/js/magiczoom/magiczoom.css" "Mozilla/5.0 (Windows NT 10.0; Win64; x64) AppleWebKit/537.36 (KHTML, like Gecko) Chrome/94.0.4606.81 Safari/537.36"
193.194.132.26 - - [19/Oct/2021:09:59:45 +0200] "GET /reload?ser=1634630385218 HTTP/1.1" 200 28 "http://renault.2web.at/account" "Mozilla/5.0 (Windows NT 10.0; Win64; x64) AppleWebKit/537.36 (KHTML, like Gecko) Chrome/94.0.4606.81 Safari/537.36"
80.120.148.242 - - [19/Oct/2021:09:59:55 +0200] "POST /12455829?print=true HTTP/1.1" 200 2748 "http://renault.activities.at/12455829?print=true" "Mozilla/5.0 (Windows NT 10.0; Win64; x64) AppleWebKit/537.36 (KHTML, like Gecko) Chrome/94.0.4606.81 Safari/537.36"
80.120.148.242 - - [19/Oct/2021:09:59:57 +0200] "GET /images/success_msg_icon.gif HTTP/1.1" 200 1024 "http://renault.activities.at/css/styles.css" "Mozilla/5.0 (Windows NT 10.0; Win64; x64) AppleWebKit/537.36 (KHTML, like Gecko) Chrome/94.0.4606.81 Safari/537.36"
80.120.148.242 - - [19/Oct/2021:10:00:05 +0200] "GET /12262995?print=true HTTP/1.1" 200 2634 "http://renault.activities.at/result?searchterm=true&search=winter" "Mozilla/5.0 (Windows NT 10.0; Win64; x64) AppleWebKit/537.36 (KHTML, like Gecko) Chrome/94.0.4606.81 Safari/537.36"
80.120.148.242 - - [19/Oct/2021:10:00:06 +0200] "GET /loadthumbnail.php?id=12262997&width=250 HTTP/1.1" 200 13418 "http://renault.activities.at/12262995?print=true" "Mozilla/5.0 (Windows NT 10.0; Win64; x64) AppleWebKit/537.36 (KHTML, like Gecko) Chrome/94.0.4606.81 Safari/537.36"
80.120.148.242 - - [19/Oct/2021:10:00:06 +0200] "GET /loadthumbnail.php?id=12262997&width=900&height=900 HTTP/1.1" 200 59203 "http://renault.activities.at/12262995?print=true" "Mozilla/5.0 (Windows NT 10.0; Win64; x64) AppleWebKit/537.36 (KHTML, like Gecko) Chrome/94.0.4606.81 Safari/537.36"
80.122.221.194 - - [19/Oct/2021:10:00:10 +0200] "GET /reload?ser=1634630410918 HTTP/1.1" 200 28 "http://renault.activities.at/result?searchterm=true&search=Spring" "Mozilla/5.0 (Windows NT 10.0; Win64; x64) AppleWebKit/537.36 (KHTML, like Gecko) Chrome/94.0.4606.81 Safari/537.36 Edg/94.0.992.47"
80.120.148.242 - - [19/Oct/2021:10:00:23 +0200] "GET /reload?ser=1634630423500 HTTP/1.1" 200 28 "http://renault.activities.at/result?searchterm=true&search=winter" "Mozilla/5.0 (Windows NT 10.0; Win64; x64) AppleWebKit/537.36 (KHTML, like Gecko) Chrome/94.0.4606.81 Safari/537.36"
80.120.148.242 - - [19/Oct/2021:10:00:30 +0200] "GET /cart HTTP/1.1" 200 5096 "http://renault.activities.at/result?searchterm=true&search=winter" "Mozilla/5.0 (Windows NT 10.0; Win64; x64) AppleWebKit/537.36 (KHTML, like Gecko) Chrome/94.0.4606.81 Safari/537.36"
80.120.148.242 - - [19/Oct/2021:10:00:32 +0200] "GET /loadthumbnail.php?id=10232009&width=16&height=16 HTTP/1.1" 200 700 "http://renault.activities.at/cart" "Mozilla/5.0 (Windows NT 10.0; Win64; x64) AppleWebKit/537.36 (KHTML, like Gecko) Chrome/94.0.4606.81 Safari/537.36"
80.120.148.242 - - [19/Oct/2021:10:00:32 +0200] "GET /loadthumbnail.php?id=12455831&width=100 HTTP/1.1" 200 3275 "http://renault.activities.at/cart" "Mozilla/5.0 (Windows NT 10.0; Win64; x64) AppleWebKit/537.36 (KHTML, like Gecko) Chrome/94.0.4606.81 Safari/537.36"
80.120.148.242 - - [19/Oct/2021:10:00:35 +0200] "GET /checkout HTTP/1.1" 200 20472 "http://renault.activities.at/cart" "Mozilla/5.0 (Windows NT 10.0; Win64; x64) AppleWebKit/537.36 (KHTML, like Gecko) Chrome/94.0.4606.81 Safari/537.36"
80.120.148.242 - - [19/Oct/2021:10:00:40 +0200] "GET /js/checkout2.js HTTP/1.1" 200 4122 "http://renault.activities.at/checkout" "Mozilla/5.0 (Windows NT 10.0; Win64; x64) AppleWebKit/537.36 (KHTML, like Gecko) Chrome/94.0.4606.81 Safari/537.36"
80.120.148.242 - - [19/Oct/2021:10:00:40 +0200] "GET /images/ajax_loading.gif HTTP/1.1" 200 1542 "http://renault.activities.at/checkout" "Mozilla/5.0 (Windows NT 10.0; Win64; x64) AppleWebKit/537.36 (KHTML, like Gecko) Chrome/94.0.4606.81 Safari/537.36"
81.189.177.106 - - [19/Oct/2021:10:00:39 +0200] "GET /reload?ser=1634630439659 HTTP/1.1" 200 28 "http://renault.activities.at/success" "Mozilla/5.0 (Windows NT 10.0; Win64; x64) AppleWebKit/537.36 (KHTML, like Gecko) Chrome/94.0.4606.81 Safari/537.36"
80.120.148.242 - - [19/Oct/2021:10:00:40 +0200] "GET /images/step_marker.gif HTTP/1.1" 200 650 "http://renault.activities.at/css/styles.css" "Mozilla/5.0 (Windows NT 10.0; Win64; x64) AppleWebKit/537.36 (KHTML, like Gecko) Chrome/94.0.4606.81 Safari/537.36"
80.120.148.242 - - [19/Oct/2021:10:00:40 +0200] "GET /images/step_bg.jpg HTTP/1.1" 200 319 "http://renault.activities.at/css/styles.css" "Mozilla/5.0 (Windows NT 10.0; Win64; x64) AppleWebKit/537.36 (KHTML, like Gecko) Chrome/94.0.4606.81 Safari/537.36"
80.120.148.242 - - [19/Oct/2021:10:00:40 +0200] "GET /loadthumbnail.php?id=10202698 HTTP/1.1" 200 16686 "http://renault.activities.at/checkout" "Mozilla/5.0 (Windows NT 10.0; Win64; x64) AppleWebKit/537.36 (KHTML, like Gecko) Chrome/94.0.4606.81 Safari/537.36"
80.120.148.242 - - [19/Oct/2021:10:00:40 +0200] "GET /loadthumbnail.php?id=10201939 HTTP/1.1" 200 201 "http://renault.activities.at/checkout" "Mozilla/5.0 (Windows NT 10.0; Win64; x64) AppleWebKit/537.36 (KHTML, like Gecko) Chrome/94.0.4606.81 Safari/537.36"
80.120.148.242 - - [19/Oct/2021:10:00:40 +0200] "GET /images/checkout_border_top.gif HTTP/1.1" 200 156 "http://renault.activities.at/css/styles.css" "Mozilla/5.0 (Windows NT 10.0; Win64; x64) AppleWebKit/537.36 (KHTML, like Gecko) Chrome/94.0.4606.81 Safari/537.36"
80.120.148.242 - - [19/Oct/2021:10:00:40 +0200] "GET /images/checkout_border.gif HTTP/1.1" 200 43 "http://renault.activities.at/css/styles.css" "Mozilla/5.0 (Windows NT 10.0; Win64; x64) AppleWebKit/537.36 (KHTML, like Gecko) Chrome/94.0.4606.81 Safari/537.36"
80.120.148.242 - - [19/Oct/2021:10:00:42 +0200] "POST /docheckout HTTP/1.1" 200 456 "http://renault.activities.at/checkout" "Mozilla/5.0 (Windows NT 10.0; Win64; x64) AppleWebKit/537.36 (KHTML, like Gecko) Chrome/94.0.4606.81 Safari/537.36"
80.120.148.242 - - [19/Oct/2021:10:00:45 +0200] "POST /docheckout HTTP/1.1" 200 609 "http://renault.activities.at/checkout" "Mozilla/5.0 (Windows NT 10.0; Win64; x64) AppleWebKit/537.36 (KHTML, like Gecko) Chrome/94.0.4606.81 Safari/537.36"
80.120.148.242 - - [19/Oct/2021:10:00:47 +0200] "GET /images/error_msg_icon.gif HTTP/1.1" 200 1013 "http://renault.activities.at/checkout" "Mozilla/5.0 (Windows NT 10.0; Win64; x64) AppleWebKit/537.36 (KHTML, like Gecko) Chrome/94.0.4606.81 Safari/537.36"
193.194.132.26 - - [19/Oct/2021:10:00:47 +0200] "GET /reload?ser=1634630447221 HTTP/1.1" 200 28 "http://renault.2web.at/account" "Mozilla/5.0 (Windows NT 10.0; Win64; x64) AppleWebKit/537.36 (KHTML, like Gecko) Chrome/94.0.4606.81 Safari/537.36"
80.120.148.242 - - [19/Oct/2021:10:00:50 +0200] "POST /docheckout HTTP/1.1" 200 68 "http://renault.activities.at/checkout" "Mozilla/5.0 (Windows NT 10.0; Win64; x64) AppleWebKit/537.36 (KHTML, like Gecko) Chrome/94.0.4606.81 Safari/537.36"
80.120.148.242 - - [19/Oct/2021:10:00:53 +0200] "GET /success HTTP/1.1" 200 3792 "http://renault.activities.at/checkout" "Mozilla/5.0 (Windows NT 10.0; Win64; x64) AppleWebKit/537.36 (KHTML, like Gecko) Chrome/94.0.4606.81 Safari/537.36"
80.122.221.194 - - [19/Oct/2021:10:01:11 +0200] "GET /reload?ser=1634630471919 HTTP/1.1" 200 28 "http://renault.activities.at/result?searchterm=true&search=Spring" "Mozilla/5.0 (Windows NT 10.0; Win64; x64) AppleWebKit/537.36 (KHTML, like Gecko) Chrome/94.0.4606.81 Safari/537.36 Edg/94.0.992.47"
81.189.177.106 - - [19/Oct/2021:10:01:40 +0200] "GET /reload?ser=1634630500652 HTTP/1.1" 200 28 "http://renault.activities.at/success" "Mozilla/5.0 (Windows NT 10.0; Win64; x64) AppleWebKit/537.36 (KHTML, like Gecko) Chrome/94.0.4606.81 Safari/537.36"
193.194.132.26 - - [19/Oct/2021:10:01:49 +0200] "GET /reload?ser=1634630509224 HTTP/1.1" 200 28 "http://renault.2web.at/account" "Mozilla/5.0 (Windows NT 10.0; Win64; x64) AppleWebKit/537.36 (KHTML, like Gecko) Chrome/94.0.4606.81 Safari/537.36"
80.120.148.242 - - [19/Oct/2021:10:01:55 +0200] "GET /reload?ser=1634630515275 HTTP/1.1" 200 28 "http://renault.activities.at/success" "Mozilla/5.0 (Windows NT 10.0; Win64; x64) AppleWebKit/537.36 (KHTML, like Gecko) Chrome/94.0.4606.81 Safari/537.36"
80.122.221.194 - - [19/Oct/2021:10:02:12 +0200] "GET /reload?ser=1634630532918 HTTP/1.1" 200 28 "http://renault.activities.at/result?searchterm=true&search=Spring" "Mozilla/5.0 (Windows NT 10.0; Win64; x64) AppleWebKit/537.36 (KHTML, like Gecko) Chrome/94.0.4606.81 Safari/537.36 Edg/94.0.992.47"
81.189.177.106 - - [19/Oct/2021:10:02:41 +0200] "GET /reload?ser=1634630561657 HTTP/1.1" 200 28 "http://renault.activities.at/success" "Mozilla/5.0 (Windows NT 10.0; Win64; x64) AppleWebKit/537.36 (KHTML, like Gecko) Chrome/94.0.4606.81 Safari/537.36"
193.194.132.26 - - [19/Oct/2021:10:02:51 +0200] "GET /reload?ser=1634630571228 HTTP/1.1" 200 28 "http://renault.2web.at/account" "Mozilla/5.0 (Windows NT 10.0; Win64; x64) AppleWebKit/537.36 (KHTML, like Gecko) Chrome/94.0.4606.81 Safari/537.36"
80.120.148.242 - - [19/Oct/2021:10:02:56 +0200] "GET /reload?ser=1634630576280 HTTP/1.1" 200 28 "http://renault.activities.at/success" "Mozilla/5.0 (Windows NT 10.0; Win64; x64) AppleWebKit/537.36 (KHTML, like Gecko) Chrome/94.0.4606.81 Safari/537.36"
80.122.221.194 - - [19/Oct/2021:10:03:13 +0200] "GET /reload?ser=1634630593917 HTTP/1.1" 200 28 "http://renault.activities.at/result?searchterm=true&search=Spring" "Mozilla/5.0 (Windows NT 10.0; Win64; x64) AppleWebKit/537.36 (KHTML, like Gecko) Chrome/94.0.4606.81 Safari/537.36 Edg/94.0.992.47"
81.189.177.106 - - [19/Oct/2021:10:03:42 +0200] "GET /reload?ser=1634630622655 HTTP/1.1" 200 28 "http://renault.activities.at/success" "Mozilla/5.0 (Windows NT 10.0; Win64; x64) AppleWebKit/537.36 (KHTML, like Gecko) Chrome/94.0.4606.81 Safari/537.36"
193.194.132.26 - - [19/Oct/2021:10:03:53 +0200] "GET /reload?ser=1634630633233 HTTP/1.1" 200 28 "http://renault.2web.at/account" "Mozilla/5.0 (Windows NT 10.0; Win64; x64) AppleWebKit/537.36 (KHTML, like Gecko) Chrome/94.0.4606.81 Safari/537.36"
80.120.148.242 - - [19/Oct/2021:10:03:57 +0200] "GET /reload?ser=1634630637283 HTTP/1.1" 200 28 "http://renault.activities.at/success" "Mozilla/5.0 (Windows NT 10.0; Win64; x64) AppleWebKit/537.36 (KHTML, like Gecko) Chrome/94.0.4606.81 Safari/537.36"
80.122.221.194 - - [19/Oct/2021:10:04:15 +0200] "GET /reload?ser=1634630655918 HTTP/1.1" 200 28 "http://renault.activities.at/result?searchterm=true&search=Spring" "Mozilla/5.0 (Windows NT 10.0; Win64; x64) AppleWebKit/537.36 (KHTML, like Gecko) Chrome/94.0.4606.81 Safari/537.36 Edg/94.0.992.47"
81.189.177.106 - - [19/Oct/2021:10:04:43 +0200] "GET /reload?ser=1634630683656 HTTP/1.1" 200 28 "http://renault.activities.at/success" "Mozilla/5.0 (Windows NT 10.0; Win64; x64) AppleWebKit/537.36 (KHTML, like Gecko) Chrome/94.0.4606.81 Safari/537.36"
193.194.132.26 - - [19/Oct/2021:10:04:55 +0200] "GET /reload?ser=1634630695236 HTTP/1.1" 200 28 "http://renault.2web.at/account" "Mozilla/5.0 (Windows NT 10.0; Win64; x64) AppleWebKit/537.36 (KHTML, like Gecko) Chrome/94.0.4606.81 Safari/537.36"
80.120.148.242 - - [19/Oct/2021:10:04:58 +0200] "GET /reload?ser=1634630698291 HTTP/1.1" 200 28 "http://renault.activities.at/success" "Mozilla/5.0 (Windows NT 10.0; Win64; x64) AppleWebKit/537.36 (KHTML, like Gecko) Chrome/94.0.4606.81 Safari/537.36"
80.122.221.194 - - [19/Oct/2021:10:05:16 +0200] "GET /reload?ser=1634630716905 HTTP/1.1" 200 28 "http://renault.activities.at/result?searchterm=true&search=Spring" "Mozilla/5.0 (Windows NT 10.0; Win64; x64) AppleWebKit/537.36 (KHTML, like Gecko) Chrome/94.0.4606.81 Safari/537.36 Edg/94.0.992.47"
81.189.177.106 - - [19/Oct/2021:10:05:44 +0200] "GET /reload?ser=1634630744658 HTTP/1.1" 200 28 "http://renault.activities.at/success" "Mozilla/5.0 (Windows NT 10.0; Win64; x64) AppleWebKit/537.36 (KHTML, like Gecko) Chrome/94.0.4606.81 Safari/537.36"
193.194.132.26 - - [19/Oct/2021:10:05:57 +0200] "GET /reload?ser=1634630757238 HTTP/1.1" 200 28 "http://renault.2web.at/account" "Mozilla/5.0 (Windows NT 10.0; Win64; x64) AppleWebKit/537.36 (KHTML, like Gecko) Chrome/94.0.4606.81 Safari/537.36"
80.120.148.242 - - [19/Oct/2021:10:05:59 +0200] "GET /reload?ser=1634630759285 HTTP/1.1" 200 28 "http://renault.activities.at/success" "Mozilla/5.0 (Windows NT 10.0; Win64; x64) AppleWebKit/537.36 (KHTML, like Gecko) Chrome/94.0.4606.81 Safari/537.36"
80.122.221.194 - - [19/Oct/2021:10:06:17 +0200] "GET /reload?ser=1634630777905 HTTP/1.1" 200 28 "http://renault.activities.at/result?searchterm=true&search=Spring" "Mozilla/5.0 (Windows NT 10.0; Win64; x64) AppleWebKit/537.36 (KHTML, like Gecko) Chrome/94.0.4606.81 Safari/537.36 Edg/94.0.992.47"
213.153.47.173 - - [19/Oct/2021:10:06:39 +0200] "GET /layout.php HTTP/1.1" 200 1558 "-" "Mozilla/5.0 (Windows NT 10.0; Win64; x64) AppleWebKit/537.36 (KHTML, like Gecko) Chrome/93.0.4577.82 Safari/537.36 OPR/79.0.4143.72"
213.153.47.173 - - [19/Oct/2021:10:06:40 +0200] "GET /images/favicon.ico HTTP/1.1" 404 305 "-" "Mozilla/5.0 (Windows NT 10.0; Win64; x64) AppleWebKit/537.36 (KHTML, like Gecko) Chrome/93.0.4577.82 Safari/537.36 OPR/79.0.4143.72"
81.189.177.106 - - [19/Oct/2021:10:06:45 +0200] "GET /reload?ser=1634630805646 HTTP/1.1" 200 28 "http://renault.activities.at/success" "Mozilla/5.0 (Windows NT 10.0; Win64; x64) AppleWebKit/537.36 (KHTML, like Gecko) Chrome/94.0.4606.81 Safari/537.36"
193.194.132.26 - - [19/Oct/2021:10:06:59 +0200] "GET /reload?ser=1634630819240 HTTP/1.1" 200 28 "http://renault.2web.at/account" "Mozilla/5.0 (Windows NT 10.0; Win64; x64) AppleWebKit/537.36 (KHTML, like Gecko) Chrome/94.0.4606.81 Safari/537.36"
80.120.148.242 - - [19/Oct/2021:10:07:00 +0200] "GET /reload?ser=1634630820280 HTTP/1.1" 200 28 "http://renault.activities.at/success" "Mozilla/5.0 (Windows NT 10.0; Win64; x64) AppleWebKit/537.36 (KHTML, like Gecko) Chrome/94.0.4606.81 Safari/537.36"
80.122.221.194 - - [19/Oct/2021:10:07:18 +0200] "GET /reload?ser=1634630838919 HTTP/1.1" 200 28 "http://renault.activities.at/result?searchterm=true&search=Spring" "Mozilla/5.0 (Windows NT 10.0; Win64; x64) AppleWebKit/537.36 (KHTML, like Gecko) Chrome/94.0.4606.81 Safari/537.36 Edg/94.0.992.47"
81.189.177.106 - - [19/Oct/2021:10:07:46 +0200] "GET /reload?ser=1634630866659 HTTP/1.1" 200 28 "http://renault.activities.at/success" "Mozilla/5.0 (Windows NT 10.0; Win64; x64) AppleWebKit/537.36 (KHTML, like Gecko) Chrome/94.0.4606.81 Safari/537.36"
80.120.148.242 - - [19/Oct/2021:10:08:01 +0200] "GET /reload?ser=1634630881290 HTTP/1.1" 200 28 "http://renault.activities.at/success" "Mozilla/5.0 (Windows NT 10.0; Win64; x64) AppleWebKit/537.36 (KHTML, like Gecko) Chrome/94.0.4606.81 Safari/537.36"
193.194.132.26 - - [19/Oct/2021:10:08:01 +0200] "GET /reload?ser=1634630881242 HTTP/1.1" 200 28 "http://renault.2web.at/account" "Mozilla/5.0 (Windows NT 10.0; Win64; x64) AppleWebKit/537.36 (KHTML, like Gecko) Chrome/94.0.4606.81 Safari/537.36"
80.122.221.194 - - [19/Oct/2021:10:08:19 +0200] "GET /reload?ser=1634630899918 HTTP/1.1" 200 28 "http://renault.activities.at/result?searchterm=true&search=Spring" "Mozilla/5.0 (Windows NT 10.0; Win64; x64) AppleWebKit/537.36 (KHTML, like Gecko) Chrome/94.0.4606.81 Safari/537.36 Edg/94.0.992.47"
81.189.177.106 - - [19/Oct/2021:10:08:47 +0200] "GET /reload?ser=1634630927655 HTTP/1.1" 200 28 "http://renault.activities.at/success" "Mozilla/5.0 (Windows NT 10.0; Win64; x64) AppleWebKit/537.36 (KHTML, like Gecko) Chrome/94.0.4606.81 Safari/537.36"
80.120.148.242 - - [19/Oct/2021:10:09:02 +0200] "GET /reload?ser=1634630942293 HTTP/1.1" 200 28 "http://renault.activities.at/success" "Mozilla/5.0 (Windows NT 10.0; Win64; x64) AppleWebKit/537.36 (KHTML, like Gecko) Chrome/94.0.4606.81 Safari/537.36"
193.194.132.26 - - [19/Oct/2021:10:09:03 +0200] "GET /reload?ser=1634630943243 HTTP/1.1" 200 28 "http://renault.2web.at/account" "Mozilla/5.0 (Windows NT 10.0; Win64; x64) AppleWebKit/537.36 (KHTML, like Gecko) Chrome/94.0.4606.81 Safari/537.36"
80.122.221.194 - - [19/Oct/2021:10:09:20 +0200] "GET /reload?ser=1634630960917 HTTP/1.1" 200 28 "http://renault.activities.at/result?searchterm=true&search=Spring" "Mozilla/5.0 (Windows NT 10.0; Win64; x64) AppleWebKit/537.36 (KHTML, like Gecko) Chrome/94.0.4606.81 Safari/537.36 Edg/94.0.992.47"
81.189.177.106 - - [19/Oct/2021:10:09:48 +0200] "GET /reload?ser=1634630988656 HTTP/1.1" 200 28 "http://renault.activities.at/success" "Mozilla/5.0 (Windows NT 10.0; Win64; x64) AppleWebKit/537.36 (KHTML, like Gecko) Chrome/94.0.4606.81 Safari/537.36"
80.120.148.242 - - [19/Oct/2021:10:10:03 +0200] "GET /reload?ser=1634631003281 HTTP/1.1" 200 28 "http://renault.activities.at/success" "Mozilla/5.0 (Windows NT 10.0; Win64; x64) AppleWebKit/537.36 (KHTML, like Gecko) Chrome/94.0.4606.81 Safari/537.36"
193.194.132.26 - - [19/Oct/2021:10:10:05 +0200] "GET /reload?ser=1634631005250 HTTP/1.1" 200 28 "http://renault.2web.at/account" "Mozilla/5.0 (Windows NT 10.0; Win64; x64) AppleWebKit/537.36 (KHTML, like Gecko) Chrome/94.0.4606.81 Safari/537.36"
80.122.221.194 - - [19/Oct/2021:10:10:21 +0200] "GET /reload?ser=1634631021917 HTTP/1.1" 200 28 "http://renault.activities.at/result?searchterm=true&search=Spring" "Mozilla/5.0 (Windows NT 10.0; Win64; x64) AppleWebKit/537.36 (KHTML, like Gecko) Chrome/94.0.4606.81 Safari/537.36 Edg/94.0.992.47"
81.189.177.106 - - [19/Oct/2021:10:10:49 +0200] "GET /reload?ser=1634631049655 HTTP/1.1" 200 28 "http://renault.activities.at/success" "Mozilla/5.0 (Windows NT 10.0; Win64; x64) AppleWebKit/537.36 (KHTML, like Gecko) Chrome/94.0.4606.81 Safari/537.36"
80.120.148.242 - - [19/Oct/2021:10:11:04 +0200] "GET /reload?ser=1634631064293 HTTP/1.1" 200 28 "http://renault.activities.at/success" "Mozilla/5.0 (Windows NT 10.0; Win64; x64) AppleWebKit/537.36 (KHTML, like Gecko) Chrome/94.0.4606.81 Safari/537.36"
193.194.132.26 - - [19/Oct/2021:10:11:07 +0200] "GET /reload?ser=1634631067246 HTTP/1.1" 200 28 "http://renault.2web.at/account" "Mozilla/5.0 (Windows NT 10.0; Win64; x64) AppleWebKit/537.36 (KHTML, like Gecko) Chrome/94.0.4606.81 Safari/537.36"
80.122.221.194 - - [19/Oct/2021:10:11:23 +0200] "GET /reload?ser=1634631083905 HTTP/1.1" 200 28 "http://renault.activities.at/result?searchterm=true&search=Spring" "Mozilla/5.0 (Windows NT 10.0; Win64; x64) AppleWebKit/537.36 (KHTML, like Gecko) Chrome/94.0.4606.81 Safari/537.36 Edg/94.0.992.47"
81.189.177.106 - - [19/Oct/2021:10:11:50 +0200] "GET /reload?ser=1634631110650 HTTP/1.1" 200 28 "http://renault.activities.at/success" "Mozilla/5.0 (Windows NT 10.0; Win64; x64) AppleWebKit/537.36 (KHTML, like Gecko) Chrome/94.0.4606.81 Safari/537.36"
80.120.148.242 - - [19/Oct/2021:10:12:05 +0200] "GET /reload?ser=1634631125285 HTTP/1.1" 200 28 "http://renault.activities.at/success" "Mozilla/5.0 (Windows NT 10.0; Win64; x64) AppleWebKit/537.36 (KHTML, like Gecko) Chrome/94.0.4606.81 Safari/537.36"
193.194.132.26 - - [19/Oct/2021:10:12:09 +0200] "GET /reload?ser=1634631129245 HTTP/1.1" 200 28 "http://renault.2web.at/account" "Mozilla/5.0 (Windows NT 10.0; Win64; x64) AppleWebKit/537.36 (KHTML, like Gecko) Chrome/94.0.4606.81 Safari/537.36"
80.122.221.194 - - [19/Oct/2021:10:12:24 +0200] "GET /reload?ser=1634631144919 HTTP/1.1" 200 28 "http://renault.activities.at/result?searchterm=true&search=Spring" "Mozilla/5.0 (Windows NT 10.0; Win64; x64) AppleWebKit/537.36 (KHTML, like Gecko) Chrome/94.0.4606.81 Safari/537.36 Edg/94.0.992.47"
81.189.177.106 - - [19/Oct/2021:10:12:51 +0200] "GET /reload?ser=1634631171658 HTTP/1.1" 200 28 "http://renault.activities.at/success" "Mozilla/5.0 (Windows NT 10.0; Win64; x64) AppleWebKit/537.36 (KHTML, like Gecko) Chrome/94.0.4606.81 Safari/537.36"
80.120.148.242 - - [19/Oct/2021:10:13:06 +0200] "GET /reload?ser=1634631186283 HTTP/1.1" 200 28 "http://renault.activities.at/success" "Mozilla/5.0 (Windows NT 10.0; Win64; x64) AppleWebKit/537.36 (KHTML, like Gecko) Chrome/94.0.4606.81 Safari/537.36"
193.194.132.26 - - [19/Oct/2021:10:13:11 +0200] "GET /reload?ser=1634631191247 HTTP/1.1" 200 28 "http://renault.2web.at/account" "Mozilla/5.0 (Windows NT 10.0; Win64; x64) AppleWebKit/537.36 (KHTML, like Gecko) Chrome/94.0.4606.81 Safari/537.36"
80.122.221.194 - - [19/Oct/2021:10:13:25 +0200] "GET /reload?ser=1634631205920 HTTP/1.1" 200 28 "http://renault.activities.at/result?searchterm=true&search=Spring" "Mozilla/5.0 (Windows NT 10.0; Win64; x64) AppleWebKit/537.36 (KHTML, like Gecko) Chrome/94.0.4606.81 Safari/537.36 Edg/94.0.992.47"
81.189.177.106 - - [19/Oct/2021:10:13:52 +0200] "GET /reload?ser=1634631232657 HTTP/1.1" 200 28 "http://renault.activities.at/success" "Mozilla/5.0 (Windows NT 10.0; Win64; x64) AppleWebKit/537.36 (KHTML, like Gecko) Chrome/94.0.4606.81 Safari/537.36"
80.120.148.242 - - [19/Oct/2021:10:14:07 +0200] "GET /reload?ser=1634631247292 HTTP/1.1" 200 28 "http://renault.activities.at/success" "Mozilla/5.0 (Windows NT 10.0; Win64; x64) AppleWebKit/537.36 (KHTML, like Gecko) Chrome/94.0.4606.81 Safari/537.36"
193.194.132.26 - - [19/Oct/2021:10:14:13 +0200] "GET /reload?ser=1634631253248 HTTP/1.1" 200 28 "http://renault.2web.at/account" "Mozilla/5.0 (Windows NT 10.0; Win64; x64) AppleWebKit/537.36 (KHTML, like Gecko) Chrome/94.0.4606.81 Safari/537.36"
80.122.221.194 - - [19/Oct/2021:10:14:26 +0200] "GET /reload?ser=1634631266918 HTTP/1.1" 200 28 "http://renault.activities.at/result?searchterm=true&search=Spring" "Mozilla/5.0 (Windows NT 10.0; Win64; x64) AppleWebKit/537.36 (KHTML, like Gecko) Chrome/94.0.4606.81 Safari/537.36 Edg/94.0.992.47"
81.189.177.106 - - [19/Oct/2021:10:14:53 +0200] "GET /reload?ser=1634631293661 HTTP/1.1" 200 28 "http://renault.activities.at/success" "Mozilla/5.0 (Windows NT 10.0; Win64; x64) AppleWebKit/537.36 (KHTML, like Gecko) Chrome/94.0.4606.81 Safari/537.36"
80.120.148.242 - - [19/Oct/2021:10:15:08 +0200] "GET /reload?ser=1634631308287 HTTP/1.1" 200 28 "http://renault.activities.at/success" "Mozilla/5.0 (Windows NT 10.0; Win64; x64) AppleWebKit/537.36 (KHTML, like Gecko) Chrome/94.0.4606.81 Safari/537.36"
193.194.132.26 - - [19/Oct/2021:10:15:15 +0200] "GET /reload?ser=1634631315248 HTTP/1.1" 200 28 "http://renault.2web.at/account" "Mozilla/5.0 (Windows NT 10.0; Win64; x64) AppleWebKit/537.36 (KHTML, like Gecko) Chrome/94.0.4606.81 Safari/537.36"
80.122.221.194 - - [19/Oct/2021:10:15:27 +0200] "GET /reload?ser=1634631327914 HTTP/1.1" 200 28 "http://renault.activities.at/result?searchterm=true&search=Spring" "Mozilla/5.0 (Windows NT 10.0; Win64; x64) AppleWebKit/537.36 (KHTML, like Gecko) Chrome/94.0.4606.81 Safari/537.36 Edg/94.0.992.47"
81.189.177.106 - - [19/Oct/2021:10:15:54 +0200] "GET /reload?ser=1634631354649 HTTP/1.1" 200 28 "http://renault.activities.at/success" "Mozilla/5.0 (Windows NT 10.0; Win64; x64) AppleWebKit/537.36 (KHTML, like Gecko) Chrome/94.0.4606.81 Safari/537.36"
80.120.148.242 - - [19/Oct/2021:10:16:09 +0200] "GET /reload?ser=1634631369287 HTTP/1.1" 200 28 "http://renault.activities.at/success" "Mozilla/5.0 (Windows NT 10.0; Win64; x64) AppleWebKit/537.36 (KHTML, like Gecko) Chrome/94.0.4606.81 Safari/537.36"
193.194.132.26 - - [19/Oct/2021:10:16:17 +0200] "GET /reload?ser=1634631377249 HTTP/1.1" 200 28 "http://renault.2web.at/account" "Mozilla/5.0 (Windows NT 10.0; Win64; x64) AppleWebKit/537.36 (KHTML, like Gecko) Chrome/94.0.4606.81 Safari/537.36"
80.122.221.194 - - [19/Oct/2021:10:16:28 +0200] "GET /reload?ser=1634631388911 HTTP/1.1" 200 28 "http://renault.activities.at/result?searchterm=true&search=Spring" "Mozilla/5.0 (Windows NT 10.0; Win64; x64) AppleWebKit/537.36 (KHTML, like Gecko) Chrome/94.0.4606.81 Safari/537.36 Edg/94.0.992.47"
81.189.177.106 - - [19/Oct/2021:10:16:55 +0200] "GET /reload?ser=1634631415659 HTTP/1.1" 200 28 "http://renault.activities.at/success" "Mozilla/5.0 (Windows NT 10.0; Win64; x64) AppleWebKit/537.36 (KHTML, like Gecko) Chrome/94.0.4606.81 Safari/537.36"
80.120.148.242 - - [19/Oct/2021:10:17:10 +0200] "GET /reload?ser=1634631430294 HTTP/1.1" 200 28 "http://renault.activities.at/success" "Mozilla/5.0 (Windows NT 10.0; Win64; x64) AppleWebKit/537.36 (KHTML, like Gecko) Chrome/94.0.4606.81 Safari/537.36"
193.194.132.26 - - [19/Oct/2021:10:17:19 +0200] "GET /reload?ser=1634631439256 HTTP/1.1" 200 28 "http://renault.2web.at/account" "Mozilla/5.0 (Windows NT 10.0; Win64; x64) AppleWebKit/537.36 (KHTML, like Gecko) Chrome/94.0.4606.81 Safari/537.36"
80.122.221.194 - - [19/Oct/2021:10:17:29 +0200] "GET /reload?ser=1634631449912 HTTP/1.1" 200 28 "http://renault.activities.at/result?searchterm=true&search=Spring" "Mozilla/5.0 (Windows NT 10.0; Win64; x64) AppleWebKit/537.36 (KHTML, like Gecko) Chrome/94.0.4606.81 Safari/537.36 Edg/94.0.992.47"
81.189.177.106 - - [19/Oct/2021:10:17:56 +0200] "GET /reload?ser=1634631476657 HTTP/1.1" 200 28 "http://renault.activities.at/success" "Mozilla/5.0 (Windows NT 10.0; Win64; x64) AppleWebKit/537.36 (KHTML, like Gecko) Chrome/94.0.4606.81 Safari/537.36"
80.120.148.242 - - [19/Oct/2021:10:18:11 +0200] "GET /reload?ser=1634631491320 HTTP/1.1" 200 28 "http://renault.activities.at/success" "Mozilla/5.0 (Windows NT 10.0; Win64; x64) AppleWebKit/537.36 (KHTML, like Gecko) Chrome/94.0.4606.81 Safari/537.36"
193.194.132.26 - - [19/Oct/2021:10:18:21 +0200] "GET /reload?ser=1634631501253 HTTP/1.1" 200 28 "http://renault.2web.at/account" "Mozilla/5.0 (Windows NT 10.0; Win64; x64) AppleWebKit/537.36 (KHTML, like Gecko) Chrome/94.0.4606.81 Safari/537.36"
80.122.221.194 - - [19/Oct/2021:10:18:30 +0200] "GET /reload?ser=1634631510914 HTTP/1.1" 200 28 "http://renault.activities.at/result?searchterm=true&search=Spring" "Mozilla/5.0 (Windows NT 10.0; Win64; x64) AppleWebKit/537.36 (KHTML, like Gecko) Chrome/94.0.4606.81 Safari/537.36 Edg/94.0.992.47"
81.189.177.106 - - [19/Oct/2021:10:18:57 +0200] "GET /reload?ser=1634631537654 HTTP/1.1" 200 28 "http://renault.activities.at/success" "Mozilla/5.0 (Windows NT 10.0; Win64; x64) AppleWebKit/537.36 (KHTML, like Gecko) Chrome/94.0.4606.81 Safari/537.36"
80.120.148.242 - - [19/Oct/2021:10:19:12 +0200] "GET /reload?ser=1634631552298 HTTP/1.1" 200 28 "http://renault.activities.at/success" "Mozilla/5.0 (Windows NT 10.0; Win64; x64) AppleWebKit/537.36 (KHTML, like Gecko) Chrome/94.0.4606.81 Safari/537.36"
193.194.132.26 - - [19/Oct/2021:10:19:23 +0200] "GET /reload?ser=1634631563258 HTTP/1.1" 200 28 "http://renault.2web.at/account" "Mozilla/5.0 (Windows NT 10.0; Win64; x64) AppleWebKit/537.36 (KHTML, like Gecko) Chrome/94.0.4606.81 Safari/537.36"
80.122.221.194 - - [19/Oct/2021:10:19:31 +0200] "GET /reload?ser=1634631571910 HTTP/1.1" 200 28 "http://renault.activities.at/result?searchterm=true&search=Spring" "Mozilla/5.0 (Windows NT 10.0; Win64; x64) AppleWebKit/537.36 (KHTML, like Gecko) Chrome/94.0.4606.81 Safari/537.36 Edg/94.0.992.47"
81.189.177.106 - - [19/Oct/2021:10:19:58 +0200] "GET /reload?ser=1634631598666 HTTP/1.1" 200 28 "http://renault.activities.at/success" "Mozilla/5.0 (Windows NT 10.0; Win64; x64) AppleWebKit/537.36 (KHTML, like Gecko) Chrome/94.0.4606.81 Safari/537.36"
80.120.148.242 - - [19/Oct/2021:10:20:13 +0200] "GET /reload?ser=1634631613314 HTTP/1.1" 200 28 "http://renault.activities.at/success" "Mozilla/5.0 (Windows NT 10.0; Win64; x64) AppleWebKit/537.36 (KHTML, like Gecko) Chrome/94.0.4606.81 Safari/537.36"
193.194.132.26 - - [19/Oct/2021:10:20:25 +0200] "GET /reload?ser=1634631625262 HTTP/1.1" 200 28 "http://renault.2web.at/account" "Mozilla/5.0 (Windows NT 10.0; Win64; x64) AppleWebKit/537.36 (KHTML, like Gecko) Chrome/94.0.4606.81 Safari/537.36"
80.122.221.194 - - [19/Oct/2021:10:20:32 +0200] "GET /reload?ser=1634631632916 HTTP/1.1" 200 28 "http://renault.activities.at/result?searchterm=true&search=Spring" "Mozilla/5.0 (Windows NT 10.0; Win64; x64) AppleWebKit/537.36 (KHTML, like Gecko) Chrome/94.0.4606.81 Safari/537.36 Edg/94.0.992.47"
81.189.177.106 - - [19/Oct/2021:10:20:59 +0200] "GET /reload?ser=1634631659664 HTTP/1.1" 200 28 "http://renault.activities.at/success" "Mozilla/5.0 (Windows NT 10.0; Win64; x64) AppleWebKit/537.36 (KHTML, like Gecko) Chrome/94.0.4606.81 Safari/537.36"
80.120.148.242 - - [19/Oct/2021:10:21:14 +0200] "GET /reload?ser=1634631674304 HTTP/1.1" 200 28 "http://renault.activities.at/success" "Mozilla/5.0 (Windows NT 10.0; Win64; x64) AppleWebKit/537.36 (KHTML, like Gecko) Chrome/94.0.4606.81 Safari/537.36"
193.194.132.26 - - [19/Oct/2021:10:21:27 +0200] "GET /reload?ser=1634631687267 HTTP/1.1" 200 28 "http://renault.2web.at/account" "Mozilla/5.0 (Windows NT 10.0; Win64; x64) AppleWebKit/537.36 (KHTML, like Gecko) Chrome/94.0.4606.81 Safari/537.36"
80.122.221.194 - - [19/Oct/2021:10:21:33 +0200] "GET /reload?ser=1634631693912 HTTP/1.1" 200 28 "http://renault.activities.at/result?searchterm=true&search=Spring" "Mozilla/5.0 (Windows NT 10.0; Win64; x64) AppleWebKit/537.36 (KHTML, like Gecko) Chrome/94.0.4606.81 Safari/537.36 Edg/94.0.992.47"
81.189.177.106 - - [19/Oct/2021:10:22:00 +0200] "GET /reload?ser=1634631720660 HTTP/1.1" 200 28 "http://renault.activities.at/success" "Mozilla/5.0 (Windows NT 10.0; Win64; x64) AppleWebKit/537.36 (KHTML, like Gecko) Chrome/94.0.4606.81 Safari/537.36"
80.120.148.242 - - [19/Oct/2021:10:22:15 +0200] "GET /reload?ser=1634631735318 HTTP/1.1" 200 28 "http://renault.activities.at/success" "Mozilla/5.0 (Windows NT 10.0; Win64; x64) AppleWebKit/537.36 (KHTML, like Gecko) Chrome/94.0.4606.81 Safari/537.36"
193.194.132.26 - - [19/Oct/2021:10:22:29 +0200] "GET /reload?ser=1634631749270 HTTP/1.1" 200 28 "http://renault.2web.at/account" "Mozilla/5.0 (Windows NT 10.0; Win64; x64) AppleWebKit/537.36 (KHTML, like Gecko) Chrome/94.0.4606.81 Safari/537.36"
80.122.221.194 - - [19/Oct/2021:10:22:34 +0200] "GET /reload?ser=1634631754907 HTTP/1.1" 200 28 "http://renault.activities.at/result?searchterm=true&search=Spring" "Mozilla/5.0 (Windows NT 10.0; Win64; x64) AppleWebKit/537.36 (KHTML, like Gecko) Chrome/94.0.4606.81 Safari/537.36 Edg/94.0.992.47"
81.189.177.106 - - [19/Oct/2021:10:23:01 +0200] "GET /reload?ser=1634631781669 HTTP/1.1" 200 28 "http://renault.activities.at/success" "Mozilla/5.0 (Windows NT 10.0; Win64; x64) AppleWebKit/537.36 (KHTML, like Gecko) Chrome/94.0.4606.81 Safari/537.36"
80.120.148.242 - - [19/Oct/2021:10:23:17 +0200] "GET /reload?ser=1634631797313 HTTP/1.1" 200 28 "http://renault.activities.at/success" "Mozilla/5.0 (Windows NT 10.0; Win64; x64) AppleWebKit/537.36 (KHTML, like Gecko) Chrome/94.0.4606.81 Safari/537.36"
193.194.132.26 - - [19/Oct/2021:10:23:31 +0200] "GET /reload?ser=1634631811271 HTTP/1.1" 200 28 "http://renault.2web.at/account" "Mozilla/5.0 (Windows NT 10.0; Win64; x64) AppleWebKit/537.36 (KHTML, like Gecko) Chrome/94.0.4606.81 Safari/537.36"
80.122.221.194 - - [19/Oct/2021:10:23:35 +0200] "GET /reload?ser=1634631815916 HTTP/1.1" 200 28 "http://renault.activities.at/result?searchterm=true&search=Spring" "Mozilla/5.0 (Windows NT 10.0; Win64; x64) AppleWebKit/537.36 (KHTML, like Gecko) Chrome/94.0.4606.81 Safari/537.36 Edg/94.0.992.47"
81.189.177.106 - - [19/Oct/2021:10:24:02 +0200] "GET /reload?ser=1634631842661 HTTP/1.1" 200 28 "http://renault.activities.at/success" "Mozilla/5.0 (Windows NT 10.0; Win64; x64) AppleWebKit/537.36 (KHTML, like Gecko) Chrome/94.0.4606.81 Safari/537.36"
80.120.148.242 - - [19/Oct/2021:10:24:18 +0200] "GET /reload?ser=1634631858309 HTTP/1.1" 200 28 "http://renault.activities.at/success" "Mozilla/5.0 (Windows NT 10.0; Win64; x64) AppleWebKit/537.36 (KHTML, like Gecko) Chrome/94.0.4606.81 Safari/537.36"
193.194.132.26 - - [19/Oct/2021:10:24:33 +0200] "GET /reload?ser=1634631873272 HTTP/1.1" 200 28 "http://renault.2web.at/account" "Mozilla/5.0 (Windows NT 10.0; Win64; x64) AppleWebKit/537.36 (KHTML, like Gecko) Chrome/94.0.4606.81 Safari/537.36"
80.122.221.194 - - [19/Oct/2021:10:24:36 +0200] "GET /reload?ser=1634631876916 HTTP/1.1" 200 28 "http://renault.activities.at/result?searchterm=true&search=Spring" "Mozilla/5.0 (Windows NT 10.0; Win64; x64) AppleWebKit/537.36 (KHTML, like Gecko) Chrome/94.0.4606.81 Safari/537.36 Edg/94.0.992.47"
81.189.177.106 - - [19/Oct/2021:10:25:03 +0200] "GET /reload?ser=1634631903671 HTTP/1.1" 200 28 "http://renault.activities.at/success" "Mozilla/5.0 (Windows NT 10.0; Win64; x64) AppleWebKit/537.36 (KHTML, like Gecko) Chrome/94.0.4606.81 Safari/537.36"
80.120.148.242 - - [19/Oct/2021:10:25:19 +0200] "GET /reload?ser=1634631919324 HTTP/1.1" 200 28 "http://renault.activities.at/success" "Mozilla/5.0 (Windows NT 10.0; Win64; x64) AppleWebKit/537.36 (KHTML, like Gecko) Chrome/94.0.4606.81 Safari/537.36"
193.194.132.26 - - [19/Oct/2021:10:25:35 +0200] "GET /reload?ser=1634631935274 HTTP/1.1" 200 28 "http://renault.2web.at/account" "Mozilla/5.0 (Windows NT 10.0; Win64; x64) AppleWebKit/537.36 (KHTML, like Gecko) Chrome/94.0.4606.81 Safari/537.36"
80.122.221.194 - - [19/Oct/2021:10:25:37 +0200] "GET /reload?ser=1634631937913 HTTP/1.1" 200 28 "http://renault.activities.at/result?searchterm=true&search=Spring" "Mozilla/5.0 (Windows NT 10.0; Win64; x64) AppleWebKit/537.36 (KHTML, like Gecko) Chrome/94.0.4606.81 Safari/537.36 Edg/94.0.992.47"
81.189.177.106 - - [19/Oct/2021:10:26:04 +0200] "GET /reload?ser=1634631964663 HTTP/1.1" 200 28 "http://renault.activities.at/success" "Mozilla/5.0 (Windows NT 10.0; Win64; x64) AppleWebKit/537.36 (KHTML, like Gecko) Chrome/94.0.4606.81 Safari/537.36"
80.120.148.242 - - [19/Oct/2021:10:26:20 +0200] "GET /reload?ser=1634631980437 HTTP/1.1" 200 28 "http://renault.activities.at/success" "Mozilla/5.0 (Windows NT 10.0; Win64; x64) AppleWebKit/537.36 (KHTML, like Gecko) Chrome/94.0.4606.81 Safari/537.36"
193.194.132.26 - - [19/Oct/2021:10:26:37 +0200] "GET /reload?ser=1634631997275 HTTP/1.1" 200 28 "http://renault.2web.at/account" "Mozilla/5.0 (Windows NT 10.0; Win64; x64) AppleWebKit/537.36 (KHTML, like Gecko) Chrome/94.0.4606.81 Safari/537.36"
80.122.221.194 - - [19/Oct/2021:10:26:39 +0200] "GET /reload?ser=1634631998915 HTTP/1.1" 200 28 "http://renault.activities.at/result?searchterm=true&search=Spring" "Mozilla/5.0 (Windows NT 10.0; Win64; x64) AppleWebKit/537.36 (KHTML, like Gecko) Chrome/94.0.4606.81 Safari/537.36 Edg/94.0.992.47"
81.189.177.106 - - [19/Oct/2021:10:27:05 +0200] "GET /reload?ser=1634632025672 HTTP/1.1" 200 28 "http://renault.activities.at/success" "Mozilla/5.0 (Windows NT 10.0; Win64; x64) AppleWebKit/537.36 (KHTML, like Gecko) Chrome/94.0.4606.81 Safari/537.36"
80.120.148.242 - - [19/Oct/2021:10:27:22 +0200] "GET /reload?ser=1634632042382 HTTP/1.1" 200 28 "http://renault.activities.at/success" "Mozilla/5.0 (Windows NT 10.0; Win64; x64) AppleWebKit/537.36 (KHTML, like Gecko) Chrome/94.0.4606.81 Safari/537.36"
193.194.132.26 - - [19/Oct/2021:10:27:39 +0200] "GET /reload?ser=1634632059275 HTTP/1.1" 200 28 "http://renault.2web.at/account" "Mozilla/5.0 (Windows NT 10.0; Win64; x64) AppleWebKit/537.36 (KHTML, like Gecko) Chrome/94.0.4606.81 Safari/537.36"
80.122.221.194 - - [19/Oct/2021:10:27:40 +0200] "GET /reload?ser=1634632060912 HTTP/1.1" 200 28 "http://renault.activities.at/result?searchterm=true&search=Spring" "Mozilla/5.0 (Windows NT 10.0; Win64; x64) AppleWebKit/537.36 (KHTML, like Gecko) Chrome/94.0.4606.81 Safari/537.36 Edg/94.0.992.47"
81.189.177.106 - - [19/Oct/2021:10:28:06 +0200] "GET /reload?ser=1634632086665 HTTP/1.1" 200 28 "http://renault.activities.at/success" "Mozilla/5.0 (Windows NT 10.0; Win64; x64) AppleWebKit/537.36 (KHTML, like Gecko) Chrome/94.0.4606.81 Safari/537.36"
80.120.148.242 - - [19/Oct/2021:10:28:24 +0200] "GET /reload?ser=1634632104322 HTTP/1.1" 200 28 "http://renault.activities.at/success" "Mozilla/5.0 (Windows NT 10.0; Win64; x64) AppleWebKit/537.36 (KHTML, like Gecko) Chrome/94.0.4606.81 Safari/537.36"
193.194.132.26 - - [19/Oct/2021:10:28:41 +0200] "GET /reload?ser=1634632121276 HTTP/1.1" 200 28 "http://renault.2web.at/account" "Mozilla/5.0 (Windows NT 10.0; Win64; x64) AppleWebKit/537.36 (KHTML, like Gecko) Chrome/94.0.4606.81 Safari/537.36"
80.122.221.194 - - [19/Oct/2021:10:28:41 +0200] "GET /reload?ser=1634632121914 HTTP/1.1" 200 28 "http://renault.activities.at/result?searchterm=true&search=Spring" "Mozilla/5.0 (Windows NT 10.0; Win64; x64) AppleWebKit/537.36 (KHTML, like Gecko) Chrome/94.0.4606.81 Safari/537.36 Edg/94.0.992.47"
81.189.177.106 - - [19/Oct/2021:10:29:07 +0200] "GET /reload?ser=1634632147667 HTTP/1.1" 200 28 "http://renault.activities.at/success" "Mozilla/5.0 (Windows NT 10.0; Win64; x64) AppleWebKit/537.36 (KHTML, like Gecko) Chrome/94.0.4606.81 Safari/537.36"
80.120.148.242 - - [19/Oct/2021:10:29:26 +0200] "GET /reload?ser=1634632166315 HTTP/1.1" 200 28 "http://renault.activities.at/success" "Mozilla/5.0 (Windows NT 10.0; Win64; x64) AppleWebKit/537.36 (KHTML, like Gecko) Chrome/94.0.4606.81 Safari/537.36"
80.122.221.194 - - [19/Oct/2021:10:29:42 +0200] "GET /reload?ser=1634632182912 HTTP/1.1" 200 28 "http://renault.activities.at/result?searchterm=true&search=Spring" "Mozilla/5.0 (Windows NT 10.0; Win64; x64) AppleWebKit/537.36 (KHTML, like Gecko) Chrome/94.0.4606.81 Safari/537.36 Edg/94.0.992.47"
193.194.132.26 - - [19/Oct/2021:10:29:43 +0200] "GET /reload?ser=1634632183277 HTTP/1.1" 200 28 "http://renault.2web.at/account" "Mozilla/5.0 (Windows NT 10.0; Win64; x64) AppleWebKit/537.36 (KHTML, like Gecko) Chrome/94.0.4606.81 Safari/537.36"
81.189.177.106 - - [19/Oct/2021:10:30:08 +0200] "GET /reload?ser=1634632208679 HTTP/1.1" 200 28 "http://renault.activities.at/success" "Mozilla/5.0 (Windows NT 10.0; Win64; x64) AppleWebKit/537.36 (KHTML, like Gecko) Chrome/94.0.4606.81 Safari/537.36"
80.120.148.242 - - [19/Oct/2021:10:30:27 +0200] "GET /reload?ser=1634632227323 HTTP/1.1" 200 28 "http://renault.activities.at/success" "Mozilla/5.0 (Windows NT 10.0; Win64; x64) AppleWebKit/537.36 (KHTML, like Gecko) Chrome/94.0.4606.81 Safari/537.36"
80.122.221.194 - - [19/Oct/2021:10:30:43 +0200] "GET /reload?ser=1634632243910 HTTP/1.1" 200 28 "http://renault.activities.at/result?searchterm=true&search=Spring" "Mozilla/5.0 (Windows NT 10.0; Win64; x64) AppleWebKit/537.36 (KHTML, like Gecko) Chrome/94.0.4606.81 Safari/537.36 Edg/94.0.992.47"
193.194.132.26 - - [19/Oct/2021:10:30:45 +0200] "GET /reload?ser=1634632245277 HTTP/1.1" 200 28 "http://renault.2web.at/account" "Mozilla/5.0 (Windows NT 10.0; Win64; x64) AppleWebKit/537.36 (KHTML, like Gecko) Chrome/94.0.4606.81 Safari/537.36"
81.189.177.106 - - [19/Oct/2021:10:31:09 +0200] "GET /reload?ser=1634632269673 HTTP/1.1" 200 28 "http://renault.activities.at/success" "Mozilla/5.0 (Windows NT 10.0; Win64; x64) AppleWebKit/537.36 (KHTML, like Gecko) Chrome/94.0.4606.81 Safari/537.36"
80.120.148.242 - - [19/Oct/2021:10:31:28 +0200] "GET /reload?ser=1634632288327 HTTP/1.1" 200 28 "http://renault.activities.at/success" "Mozilla/5.0 (Windows NT 10.0; Win64; x64) AppleWebKit/537.36 (KHTML, like Gecko) Chrome/94.0.4606.81 Safari/537.36"
80.122.221.194 - - [19/Oct/2021:10:31:44 +0200] "GET /reload?ser=1634632304910 HTTP/1.1" 200 28 "http://renault.activities.at/result?searchterm=true&search=Spring" "Mozilla/5.0 (Windows NT 10.0; Win64; x64) AppleWebKit/537.36 (KHTML, like Gecko) Chrome/94.0.4606.81 Safari/537.36 Edg/94.0.992.47"
193.194.132.26 - - [19/Oct/2021:10:31:47 +0200] "GET /reload?ser=1634632307278 HTTP/1.1" 200 28 "http://renault.2web.at/account" "Mozilla/5.0 (Windows NT 10.0; Win64; x64) AppleWebKit/537.36 (KHTML, like Gecko) Chrome/94.0.4606.81 Safari/537.36"
81.189.177.106 - - [19/Oct/2021:10:32:10 +0200] "GET /reload?ser=1634632330668 HTTP/1.1" 200 28 "http://renault.activities.at/success" "Mozilla/5.0 (Windows NT 10.0; Win64; x64) AppleWebKit/537.36 (KHTML, like Gecko) Chrome/94.0.4606.81 Safari/537.36"
80.120.148.242 - - [19/Oct/2021:10:32:29 +0200] "GET /reload?ser=1634632349330 HTTP/1.1" 200 28 "http://renault.activities.at/success" "Mozilla/5.0 (Windows NT 10.0; Win64; x64) AppleWebKit/537.36 (KHTML, like Gecko) Chrome/94.0.4606.81 Safari/537.36"
80.122.221.194 - - [19/Oct/2021:10:32:45 +0200] "GET /reload?ser=1634632365907 HTTP/1.1" 200 28 "http://renault.activities.at/result?searchterm=true&search=Spring" "Mozilla/5.0 (Windows NT 10.0; Win64; x64) AppleWebKit/537.36 (KHTML, like Gecko) Chrome/94.0.4606.81 Safari/537.36 Edg/94.0.992.47"
193.194.132.26 - - [19/Oct/2021:10:32:49 +0200] "GET /reload?ser=1634632369279 HTTP/1.1" 200 28 "http://renault.2web.at/account" "Mozilla/5.0 (Windows NT 10.0; Win64; x64) AppleWebKit/537.36 (KHTML, like Gecko) Chrome/94.0.4606.81 Safari/537.36"
81.189.177.106 - - [19/Oct/2021:10:33:11 +0200] "GET /reload?ser=1634632391672 HTTP/1.1" 200 28 "http://renault.activities.at/success" "Mozilla/5.0 (Windows NT 10.0; Win64; x64) AppleWebKit/537.36 (KHTML, like Gecko) Chrome/94.0.4606.81 Safari/537.36"
80.120.148.242 - - [19/Oct/2021:10:33:30 +0200] "GET /reload?ser=1634632410314 HTTP/1.1" 200 28 "http://renault.activities.at/success" "Mozilla/5.0 (Windows NT 10.0; Win64; x64) AppleWebKit/537.36 (KHTML, like Gecko) Chrome/94.0.4606.81 Safari/537.36"
80.122.221.194 - - [19/Oct/2021:10:33:46 +0200] "GET /reload?ser=1634632426919 HTTP/1.1" 200 28 "http://renault.activities.at/result?searchterm=true&search=Spring" "Mozilla/5.0 (Windows NT 10.0; Win64; x64) AppleWebKit/537.36 (KHTML, like Gecko) Chrome/94.0.4606.81 Safari/537.36 Edg/94.0.992.47"
193.194.132.26 - - [19/Oct/2021:10:33:51 +0200] "GET /reload?ser=1634632431279 HTTP/1.1" 200 28 "http://renault.2web.at/account" "Mozilla/5.0 (Windows NT 10.0; Win64; x64) AppleWebKit/537.36 (KHTML, like Gecko) Chrome/94.0.4606.81 Safari/537.36"
81.189.177.106 - - [19/Oct/2021:10:34:12 +0200] "GET /reload?ser=1634632452675 HTTP/1.1" 200 28 "http://renault.activities.at/success" "Mozilla/5.0 (Windows NT 10.0; Win64; x64) AppleWebKit/537.36 (KHTML, like Gecko) Chrome/94.0.4606.81 Safari/537.36"
80.120.148.242 - - [19/Oct/2021:10:34:31 +0200] "GET /reload?ser=1634632471324 HTTP/1.1" 200 28 "http://renault.activities.at/success" "Mozilla/5.0 (Windows NT 10.0; Win64; x64) AppleWebKit/537.36 (KHTML, like Gecko) Chrome/94.0.4606.81 Safari/537.36"
80.122.221.194 - - [19/Oct/2021:10:34:47 +0200] "GET /reload?ser=1634632487914 HTTP/1.1" 200 28 "http://renault.activities.at/result?searchterm=true&search=Spring" "Mozilla/5.0 (Windows NT 10.0; Win64; x64) AppleWebKit/537.36 (KHTML, like Gecko) Chrome/94.0.4606.81 Safari/537.36 Edg/94.0.992.47"
193.194.132.26 - - [19/Oct/2021:10:34:53 +0200] "GET /reload?ser=1634632493280 HTTP/1.1" 200 28 "http://renault.2web.at/account" "Mozilla/5.0 (Windows NT 10.0; Win64; x64) AppleWebKit/537.36 (KHTML, like Gecko) Chrome/94.0.4606.81 Safari/537.36"
81.189.177.106 - - [19/Oct/2021:10:35:13 +0200] "GET /reload?ser=1634632513676 HTTP/1.1" 200 28 "http://renault.activities.at/success" "Mozilla/5.0 (Windows NT 10.0; Win64; x64) AppleWebKit/537.36 (KHTML, like Gecko) Chrome/94.0.4606.81 Safari/537.36"
