212.186.238.50 - - [19/Oct/2021:09:15:47 +0200] "GET /images/ajax_loading.gif HTTP/1.1" 200 1542 "http://renault.activities.at/account" "Mozilla/5.0 (Windows NT 10.0; Win64; x64) AppleWebKit/537.36 (KHTML, like Gecko) Chrome/94.0.4606.81 Safari/537.36"
212.186.238.50 - - [19/Oct/2021:09:15:47 +0200] "GET /images/search_bg.gif HTTP/1.1" 200 1726 "http://renault.activities.at/css/styles.css" "Mozilla/5.0 (Windows NT 10.0; Win64; x64) AppleWebKit/537.36 (KHTML, like Gecko) Chrome/94.0.4606.81 Safari/537.36"
212.186.238.50 - - [19/Oct/2021:09:15:47 +0200] "GET /images/top_links_divider.gif HTTP/1.1" 200 44 "http://renault.activities.at/css/styles.css" "Mozilla/5.0 (Windows NT 10.0; Win64; x64) AppleWebKit/537.36 (KHTML, like Gecko) Chrome/94.0.4606.81 Safari/537.36"
212.186.238.50 - - [19/Oct/2021:09:15:47 +0200] "GET /images/menu_button_bg.jpg HTTP/1.1" 200 322 "http://renault.activities.at/css/styles.css" "Mozilla/5.0 (Windows NT 10.0; Win64; x64) AppleWebKit/537.36 (KHTML, like Gecko) Chrome/94.0.4606.81 Safari/537.36"
212.186.238.50 - - [19/Oct/2021:09:15:47 +0200] "GET /images/nav_divider.gif HTTP/1.1" 200 43 "http://renault.activities.at/css/styles.css" "Mozilla/5.0 (Windows NT 10.0; Win64; x64) AppleWebKit/537.36 (KHTML, like Gecko) Chrome/94.0.4606.81 Safari/537.36"
212.186.238.50 - - [19/Oct/2021:09:15:47 +0200] "GET /images/sidebar_title_border.gif HTTP/1.1" 200 43 "http://renault.activities.at/css/styles.css" "Mozilla/5.0 (Windows NT 10.0; Win64; x64) AppleWebKit/537.36 (KHTML, like Gecko) Chrome/94.0.4606.81 Safari/537.36"
212.186.238.50 - - [19/Oct/2021:09:15:47 +0200] "GET /images/sidebar_title_corner_left_top.gif HTTP/1.1" 200 1124 "http://renault.activities.at/css/styles.css" "Mozilla/5.0 (Windows NT 10.0; Win64; x64) AppleWebKit/537.36 (KHTML, like Gecko) Chrome/94.0.4606.81 Safari/537.36"
212.186.238.50 - - [19/Oct/2021:09:15:47 +0200] "GET /images/sidebar_title_border_top.gif HTTP/1.1" 200 155 "http://renault.activities.at/css/styles.css" "Mozilla/5.0 (Windows NT 10.0; Win64; x64) AppleWebKit/537.36 (KHTML, like Gecko) Chrome/94.0.4606.81 Safari/537.36"
212.186.238.50 - - [19/Oct/2021:09:15:47 +0200] "GET /images/sidebar_title_corner_right_top.gif HTTP/1.1" 200 383 "http://renault.activities.at/css/styles.css" "Mozilla/5.0 (Windows NT 10.0; Win64; x64) AppleWebKit/537.36 (KHTML, like Gecko) Chrome/94.0.4606.81 Safari/537.36"
212.186.238.50 - - [19/Oct/2021:09:15:47 +0200] "GET /images/reset_bg.gif HTTP/1.1" 200 785 "http://renault.activities.at/css/styles.css" "Mozilla/5.0 (Windows NT 10.0; Win64; x64) AppleWebKit/537.36 (KHTML, like Gecko) Chrome/94.0.4606.81 Safari/537.36"
212.186.238.50 - - [19/Oct/2021:09:15:47 +0200] "GET /images/menu_divider.gif HTTP/1.1" 200 176 "http://renault.activities.at/css/styles.css" "Mozilla/5.0 (Windows NT 10.0; Win64; x64) AppleWebKit/537.36 (KHTML, like Gecko) Chrome/94.0.4606.81 Safari/537.36"
212.186.238.50 - - [19/Oct/2021:09:15:47 +0200] "GET /images/footer_divider.gif HTTP/1.1" 200 44 "http://renault.activities.at/css/styles.css" "Mozilla/5.0 (Windows NT 10.0; Win64; x64) AppleWebKit/537.36 (KHTML, like Gecko) Chrome/94.0.4606.81 Safari/537.36"
212.186.238.50 - - [19/Oct/2021:09:15:47 +0200] "GET /loadthumbnail.php?id=12421069&width=50&height=50 HTTP/1.1" 200 1233 "http://renault.activities.at/account" "Mozilla/5.0 (Windows NT 10.0; Win64; x64) AppleWebKit/537.36 (KHTML, like Gecko) Chrome/94.0.4606.81 Safari/537.36"
212.186.238.50 - - [19/Oct/2021:09:15:51 +0200] "POST /account HTTP/1.1" 302 140 "http://renault.activities.at/account" "Mozilla/5.0 (Windows NT 10.0; Win64; x64) AppleWebKit/537.36 (KHTML, like Gecko) Chrome/94.0.4606.81 Safari/537.36"
212.186.238.50 - - [19/Oct/2021:09:15:52 +0200] "GET /account HTTP/1.1" 200 6613 "http://renault.activities.at/account" "Mozilla/5.0 (Windows NT 10.0; Win64; x64) AppleWebKit/537.36 (KHTML, like Gecko) Chrome/94.0.4606.81 Safari/537.36"
81.189.177.106 - - [19/Oct/2021:09:15:54 +0200] "GET /reload?ser=1634627754646 HTTP/1.1" 200 28 "http://renault.activities.at/success" "Mozilla/5.0 (Windows NT 10.0; Win64; x64) AppleWebKit/537.36 (KHTML, like Gecko) Chrome/94.0.4606.81 Safari/537.36"
91.114.96.114 - - [19/Oct/2021:09:16:00 +0200] "GET /reload?ser=1634627758494 HTTP/1.1" 200 28 "http://renault.activities.at/result?searchterm=true&search=arkana" "Mozilla/5.0 (Windows NT 10.0; Win64; x64) AppleWebKit/537.36 (KHTML, like Gecko) Chrome/94.0.4606.81 Safari/537.36 Edg/94.0.992.50"
212.186.238.50 - - [19/Oct/2021:09:16:05 +0200] "POST /axjaxrequest?mode=suggest HTTP/1.1" 200 506 "http://renault.activities.at/account" "Mozilla/5.0 (Windows NT 10.0; Win64; x64) AppleWebKit/537.36 (KHTML, like Gecko) Chrome/94.0.4606.81 Safari/537.36"
212.186.238.50 - - [19/Oct/2021:09:16:08 +0200] "GET /result?searchterm=true&search=ARKANA HTTP/1.1" 200 7212 "http://renault.activities.at/account" "Mozilla/5.0 (Windows NT 10.0; Win64; x64) AppleWebKit/537.36 (KHTML, like Gecko) Chrome/94.0.4606.81 Safari/537.36"
212.186.238.50 - - [19/Oct/2021:09:16:11 +0200] "GET /js/prototip.js HTTP/1.1" 200 4588 "http://renault.activities.at/result?searchterm=true&search=ARKANA" "Mozilla/5.0 (Windows NT 10.0; Win64; x64) AppleWebKit/537.36 (KHTML, like Gecko) Chrome/94.0.4606.81 Safari/537.36"
212.186.238.50 - - [19/Oct/2021:09:16:11 +0200] "GET /js/ProduktGrp.js HTTP/1.1" 200 1569 "http://renault.activities.at/result?searchterm=true&search=ARKANA" "Mozilla/5.0 (Windows NT 10.0; Win64; x64) AppleWebKit/537.36 (KHTML, like Gecko) Chrome/94.0.4606.81 Safari/537.36"
212.186.238.50 - - [19/Oct/2021:09:16:11 +0200] "GET /images/loading.gif HTTP/1.1" 200 3208 "http://renault.activities.at/result?searchterm=true&search=ARKANA" "Mozilla/5.0 (Windows NT 10.0; Win64; x64) AppleWebKit/537.36 (KHTML, like Gecko) Chrome/94.0.4606.81 Safari/537.36"
212.186.238.50 - - [19/Oct/2021:09:16:11 +0200] "GET /loadthumbnail.php?id=10203255 HTTP/1.1" 200 137 "http://renault.activities.at/result?searchterm=true&search=ARKANA" "Mozilla/5.0 (Windows NT 10.0; Win64; x64) AppleWebKit/537.36 (KHTML, like Gecko) Chrome/94.0.4606.81 Safari/537.36"
212.186.238.50 - - [19/Oct/2021:09:16:11 +0200] "GET /loadthumbnail.php?id=12428314&width=113 HTTP/1.1" 200 5819 "http://renault.activities.at/result?searchterm=true&search=ARKANA" "Mozilla/5.0 (Windows NT 10.0; Win64; x64) AppleWebKit/537.36 (KHTML, like Gecko) Chrome/94.0.4606.81 Safari/537.36"
212.186.238.50 - - [19/Oct/2021:09:16:11 +0200] "GET /loadthumbnail.php?id=12421078&width=113 HTTP/1.1" 200 1888 "http://renault.activities.at/result?searchterm=true&search=ARKANA" "Mozilla/5.0 (Windows NT 10.0; Win64; x64) AppleWebKit/537.36 (KHTML, like Gecko) Chrome/94.0.4606.81 Safari/537.36"
212.186.238.50 - - [19/Oct/2021:09:16:11 +0200] "GET /loadthumbnail.php?id=12421086&width=113 HTTP/1.1" 200 1910 "http://renault.activities.at/result?searchterm=true&search=ARKANA" "Mozilla/5.0 (Windows NT 10.0; Win64; x64) AppleWebKit/537.36 (KHTML, like Gecko) Chrome/94.0.4606.81 Safari/537.36"
212.186.238.50 - - [19/Oct/2021:09:16:11 +0200] "GET /loadthumbnail.php?id=12421074&width=113 HTTP/1.1" 200 1888 "http://renault.activities.at/result?searchterm=true&search=ARKANA" "Mozilla/5.0 (Windows NT 10.0; Win64; x64) AppleWebKit/537.36 (KHTML, like Gecko) Chrome/94.0.4606.81 Safari/537.36"
212.186.238.50 - - [19/Oct/2021:09:16:11 +0200] "GET /images/vista-dn.gif HTTP/1.1" 200 128 "http://renault.activities.at/css/styles.css" "Mozilla/5.0 (Windows NT 10.0; Win64; x64) AppleWebKit/537.36 (KHTML, like Gecko) Chrome/94.0.4606.81 Safari/537.36"
212.186.238.50 - - [19/Oct/2021:09:16:11 +0200] "GET /loadthumbnail.php?id=12421082&width=113 HTTP/1.1" 200 1910 "http://renault.activities.at/result?searchterm=true&search=ARKANA" "Mozilla/5.0 (Windows NT 10.0; Win64; x64) AppleWebKit/537.36 (KHTML, like Gecko) Chrome/94.0.4606.81 Safari/537.36"
212.186.238.50 - - [19/Oct/2021:09:16:11 +0200] "GET /images/pager_bg.gif HTTP/1.1" 200 150 "http://renault.activities.at/css/styles.css" "Mozilla/5.0 (Windows NT 10.0; Win64; x64) AppleWebKit/537.36 (KHTML, like Gecko) Chrome/94.0.4606.81 Safari/537.36"
212.186.238.50 - - [19/Oct/2021:09:16:11 +0200] "GET /images/vista-up.gif HTTP/1.1" 200 131 "http://renault.activities.at/css/styles.css" "Mozilla/5.0 (Windows NT 10.0; Win64; x64) AppleWebKit/537.36 (KHTML, like Gecko) Chrome/94.0.4606.81 Safari/537.36"
212.186.238.50 - - [19/Oct/2021:09:16:11 +0200] "GET /loadthumbnail.php?id=12358950&width=113 HTTP/1.1" 200 1680 "http://renault.activities.at/result?searchterm=true&search=ARKANA" "Mozilla/5.0 (Windows NT 10.0; Win64; x64) AppleWebKit/537.36 (KHTML, like Gecko) Chrome/94.0.4606.81 Safari/537.36"
212.186.238.50 - - [19/Oct/2021:09:16:11 +0200] "GET /loadthumbnail.php?id=12358949&width=113 HTTP/1.1" 200 2061 "http://renault.activities.at/result?searchterm=true&search=ARKANA" "Mozilla/5.0 (Windows NT 10.0; Win64; x64) AppleWebKit/537.36 (KHTML, like Gecko) Chrome/94.0.4606.81 Safari/537.36"
212.186.238.50 - - [19/Oct/2021:09:16:11 +0200] "GET /loadthumbnail.php?id=10203650&width=113 HTTP/1.1" 200 2741 "http://renault.activities.at/result?searchterm=true&search=ARKANA" "Mozilla/5.0 (Windows NT 10.0; Win64; x64) AppleWebKit/537.36 (KHTML, like Gecko) Chrome/94.0.4606.81 Safari/537.36"
212.186.238.50 - - [19/Oct/2021:09:16:11 +0200] "GET /loadthumbnail.php?id=12414627&width=113 HTTP/1.1" 200 3273 "http://renault.activities.at/result?searchterm=true&search=ARKANA" "Mozilla/5.0 (Windows NT 10.0; Win64; x64) AppleWebKit/537.36 (KHTML, like Gecko) Chrome/94.0.4606.81 Safari/537.36"
153.92.113.152 - - [19/Oct/2021:09:16:09 +0200] "GET /12453339 HTTP/1.1" 200 6366 "http://renault.activities.at/account" "Mozilla/5.0 (Windows NT 6.1; WOW64) AppleWebKit/537.36 (KHTML, like Gecko) Chrome/94.0.4606.81 Safari/537.36"
153.92.113.152 - - [19/Oct/2021:09:16:13 +0200] "GET /images/icons/lupe.gif HTTP/1.1" 200 324 "http://renault.activities.at/12453339" "Mozilla/5.0 (Windows NT 6.1; WOW64) AppleWebKit/537.36 (KHTML, like Gecko) Chrome/94.0.4606.81 Safari/537.36"
193.194.132.26 - - [19/Oct/2021:09:16:21 +0200] "GET /reload?ser=1634627781125 HTTP/1.1" 200 28 "http://renault.2web.at/account" "Mozilla/5.0 (Windows NT 10.0; Win64; x64) AppleWebKit/537.36 (KHTML, like Gecko) Chrome/94.0.4606.81 Safari/537.36"
153.92.113.152 - - [19/Oct/2021:09:16:22 +0200] "GET /account HTTP/1.1" 200 6237 "http://renault.activities.at/login" "Mozilla/5.0 (Windows NT 6.1; WOW64) AppleWebKit/537.36 (KHTML, like Gecko) Chrome/94.0.4606.81 Safari/537.36"
212.186.238.50 - - [19/Oct/2021:09:16:24 +0200] "GET /result?dir=DESC&mode=grid&order=name&limit=30&search=ARKANA HTTP/1.1" 200 7210 "http://renault.activities.at/result?searchterm=true&search=ARKANA" "Mozilla/5.0 (Windows NT 10.0; Win64; x64) AppleWebKit/537.36 (KHTML, like Gecko) Chrome/94.0.4606.81 Safari/537.36"
80.122.221.194 - - [19/Oct/2021:09:16:25 +0200] "GET /reload?ser=1634627785904 HTTP/1.1" 200 28 "http://renault.activities.at/result?searchterm=true&search=Spring" "Mozilla/5.0 (Windows NT 10.0; Win64; x64) AppleWebKit/537.36 (KHTML, like Gecko) Chrome/94.0.4606.81 Safari/537.36 Edg/94.0.992.47"
153.92.113.152 - - [19/Oct/2021:09:16:26 +0200] "GET /12473795 HTTP/1.1" 200 6115 "http://renault.activities.at/account" "Mozilla/5.0 (Windows NT 6.1; WOW64) AppleWebKit/537.36 (KHTML, like Gecko) Chrome/94.0.4606.81 Safari/537.36"
153.92.113.152 - - [19/Oct/2021:09:16:33 +0200] "GET /account HTTP/1.1" 200 6237 "http://renault.activities.at/login" "Mozilla/5.0 (Windows NT 6.1; WOW64) AppleWebKit/537.36 (KHTML, like Gecko) Chrome/94.0.4606.81 Safari/537.36"
212.186.238.50 - - [19/Oct/2021:09:16:37 +0200] "GET /logout HTTP/1.1" 302 140 "http://renault.activities.at/result?dir=DESC&mode=grid&order=name&limit=30&search=ARKANA" "Mozilla/5.0 (Windows NT 10.0; Win64; x64) AppleWebKit/537.36 (KHTML, like Gecko) Chrome/94.0.4606.81 Safari/537.36"
212.186.238.50 - - [19/Oct/2021:09:16:38 +0200] "GET /logout HTTP/1.1" 200 1583 "http://renault.activities.at/result?dir=DESC&mode=grid&order=name&limit=30&search=ARKANA" "Mozilla/5.0 (Windows NT 10.0; Win64; x64) AppleWebKit/537.36 (KHTML, like Gecko) Chrome/94.0.4606.81 Safari/537.36"
80.123.225.38 - - [19/Oct/2021:09:16:43 +0200] "GET /reload?ser=1634627802955 HTTP/1.1" 200 28 "http://renault.activities.at/success" "Mozilla/5.0 (Windows NT 10.0; Win64; x64) AppleWebKit/537.36 (KHTML, like Gecko) Chrome/94.0.4606.81 Safari/537.36"
81.189.177.106 - - [19/Oct/2021:09:16:55 +0200] "GET /reload?ser=1634627815647 HTTP/1.1" 200 28 "http://renault.activities.at/success" "Mozilla/5.0 (Windows NT 10.0; Win64; x64) AppleWebKit/537.36 (KHTML, like Gecko) Chrome/94.0.4606.81 Safari/537.36"
91.114.96.114 - - [19/Oct/2021:09:17:02 +0200] "GET /reload?ser=1634627820499 HTTP/1.1" 200 28 "http://renault.activities.at/result?searchterm=true&search=arkana" "Mozilla/5.0 (Windows NT 10.0; Win64; x64) AppleWebKit/537.36 (KHTML, like Gecko) Chrome/94.0.4606.81 Safari/537.36 Edg/94.0.992.50"
193.194.132.26 - - [19/Oct/2021:09:17:23 +0200] "GET /reload?ser=1634627843128 HTTP/1.1" 200 28 "http://renault.2web.at/account" "Mozilla/5.0 (Windows NT 10.0; Win64; x64) AppleWebKit/537.36 (KHTML, like Gecko) Chrome/94.0.4606.81 Safari/537.36"
80.122.221.194 - - [19/Oct/2021:09:17:26 +0200] "GET /reload?ser=1634627846912 HTTP/1.1" 200 28 "http://renault.activities.at/result?searchterm=true&search=Spring" "Mozilla/5.0 (Windows NT 10.0; Win64; x64) AppleWebKit/537.36 (KHTML, like Gecko) Chrome/94.0.4606.81 Safari/537.36 Edg/94.0.992.47"
80.123.225.38 - - [19/Oct/2021:09:17:43 +0200] "GET /reload?ser=1634627863904 HTTP/1.1" 200 28 "http://renault.activities.at/success" "Mozilla/5.0 (Windows NT 10.0; Win64; x64) AppleWebKit/537.36 (KHTML, like Gecko) Chrome/94.0.4606.81 Safari/537.36"
81.189.177.106 - - [19/Oct/2021:09:17:56 +0200] "GET /reload?ser=1634627876661 HTTP/1.1" 200 28 "http://renault.activities.at/success" "Mozilla/5.0 (Windows NT 10.0; Win64; x64) AppleWebKit/537.36 (KHTML, like Gecko) Chrome/94.0.4606.81 Safari/537.36"
91.114.96.114 - - [19/Oct/2021:09:18:03 +0200] "GET /reload?ser=1634627881488 HTTP/1.1" 200 28 "http://renault.activities.at/result?searchterm=true&search=arkana" "Mozilla/5.0 (Windows NT 10.0; Win64; x64) AppleWebKit/537.36 (KHTML, like Gecko) Chrome/94.0.4606.81 Safari/537.36 Edg/94.0.992.50"
193.194.132.26 - - [19/Oct/2021:09:18:25 +0200] "GET /reload?ser=1634627905128 HTTP/1.1" 200 28 "http://renault.2web.at/account" "Mozilla/5.0 (Windows NT 10.0; Win64; x64) AppleWebKit/537.36 (KHTML, like Gecko) Chrome/94.0.4606.81 Safari/537.36"
80.122.221.194 - - [19/Oct/2021:09:18:27 +0200] "GET /reload?ser=1634627907913 HTTP/1.1" 200 28 "http://renault.activities.at/result?searchterm=true&search=Spring" "Mozilla/5.0 (Windows NT 10.0; Win64; x64) AppleWebKit/537.36 (KHTML, like Gecko) Chrome/94.0.4606.81 Safari/537.36 Edg/94.0.992.47"
80.123.225.38 - - [19/Oct/2021:09:18:44 +0200] "GET /reload?ser=1634627924841 HTTP/1.1" 200 28 "http://renault.activities.at/success" "Mozilla/5.0 (Windows NT 10.0; Win64; x64) AppleWebKit/537.36 (KHTML, like Gecko) Chrome/94.0.4606.81 Safari/537.36"
81.189.177.106 - - [19/Oct/2021:09:18:57 +0200] "GET /reload?ser=1634627937655 HTTP/1.1" 200 28 "http://renault.activities.at/success" "Mozilla/5.0 (Windows NT 10.0; Win64; x64) AppleWebKit/537.36 (KHTML, like Gecko) Chrome/94.0.4606.81 Safari/537.36"
91.114.96.114 - - [19/Oct/2021:09:19:04 +0200] "GET /reload?ser=1634627942484 HTTP/1.1" 200 28 "http://renault.activities.at/result?searchterm=true&search=arkana" "Mozilla/5.0 (Windows NT 10.0; Win64; x64) AppleWebKit/537.36 (KHTML, like Gecko) Chrome/94.0.4606.81 Safari/537.36 Edg/94.0.992.50"
193.194.132.26 - - [19/Oct/2021:09:19:27 +0200] "GET /reload?ser=1634627967130 HTTP/1.1" 200 28 "http://renault.2web.at/account" "Mozilla/5.0 (Windows NT 10.0; Win64; x64) AppleWebKit/537.36 (KHTML, like Gecko) Chrome/94.0.4606.81 Safari/537.36"
80.122.221.194 - - [19/Oct/2021:09:19:28 +0200] "GET /reload?ser=1634627968903 HTTP/1.1" 200 28 "http://renault.activities.at/result?searchterm=true&search=Spring" "Mozilla/5.0 (Windows NT 10.0; Win64; x64) AppleWebKit/537.36 (KHTML, like Gecko) Chrome/94.0.4606.81 Safari/537.36 Edg/94.0.992.47"
80.123.225.38 - - [19/Oct/2021:09:19:45 +0200] "GET /reload?ser=1634627985770 HTTP/1.1" 200 28 "http://renault.activities.at/success" "Mozilla/5.0 (Windows NT 10.0; Win64; x64) AppleWebKit/537.36 (KHTML, like Gecko) Chrome/94.0.4606.81 Safari/537.36"
81.189.177.106 - - [19/Oct/2021:09:19:58 +0200] "GET /reload?ser=1634627998649 HTTP/1.1" 200 28 "http://renault.activities.at/success" "Mozilla/5.0 (Windows NT 10.0; Win64; x64) AppleWebKit/537.36 (KHTML, like Gecko) Chrome/94.0.4606.81 Safari/537.36"
91.114.96.114 - - [19/Oct/2021:09:20:05 +0200] "GET /reload?ser=1634628003484 HTTP/1.1" 200 28 "http://renault.activities.at/result?searchterm=true&search=arkana" "Mozilla/5.0 (Windows NT 10.0; Win64; x64) AppleWebKit/537.36 (KHTML, like Gecko) Chrome/94.0.4606.81 Safari/537.36 Edg/94.0.992.50"
193.194.132.26 - - [19/Oct/2021:09:20:29 +0200] "GET /reload?ser=1634628029132 HTTP/1.1" 200 28 "http://renault.2web.at/account" "Mozilla/5.0 (Windows NT 10.0; Win64; x64) AppleWebKit/537.36 (KHTML, like Gecko) Chrome/94.0.4606.81 Safari/537.36"
80.122.221.194 - - [19/Oct/2021:09:20:29 +0200] "GET /reload?ser=1634628029904 HTTP/1.1" 200 28 "http://renault.activities.at/result?searchterm=true&search=Spring" "Mozilla/5.0 (Windows NT 10.0; Win64; x64) AppleWebKit/537.36 (KHTML, like Gecko) Chrome/94.0.4606.81 Safari/537.36 Edg/94.0.992.47"
80.123.225.38 - - [19/Oct/2021:09:20:47 +0200] "GET /reload?ser=1634628047048 HTTP/1.1" 200 28 "http://renault.activities.at/success" "Mozilla/5.0 (Windows NT 10.0; Win64; x64) AppleWebKit/537.36 (KHTML, like Gecko) Chrome/94.0.4606.81 Safari/537.36"
81.189.177.106 - - [19/Oct/2021:09:20:59 +0200] "GET /reload?ser=1634628059648 HTTP/1.1" 200 28 "http://renault.activities.at/success" "Mozilla/5.0 (Windows NT 10.0; Win64; x64) AppleWebKit/537.36 (KHTML, like Gecko) Chrome/94.0.4606.81 Safari/537.36"
91.114.96.114 - - [19/Oct/2021:09:21:06 +0200] "GET /reload?ser=1634628064487 HTTP/1.1" 200 28 "http://renault.activities.at/result?searchterm=true&search=arkana" "Mozilla/5.0 (Windows NT 10.0; Win64; x64) AppleWebKit/537.36 (KHTML, like Gecko) Chrome/94.0.4606.81 Safari/537.36 Edg/94.0.992.50"
80.122.221.194 - - [19/Oct/2021:09:21:30 +0200] "GET /reload?ser=1634628090911 HTTP/1.1" 200 28 "http://renault.activities.at/result?searchterm=true&search=Spring" "Mozilla/5.0 (Windows NT 10.0; Win64; x64) AppleWebKit/537.36 (KHTML, like Gecko) Chrome/94.0.4606.81 Safari/537.36 Edg/94.0.992.47"
193.194.132.26 - - [19/Oct/2021:09:21:31 +0200] "GET /reload?ser=1634628091132 HTTP/1.1" 200 28 "http://renault.2web.at/account" "Mozilla/5.0 (Windows NT 10.0; Win64; x64) AppleWebKit/537.36 (KHTML, like Gecko) Chrome/94.0.4606.81 Safari/537.36"
80.123.225.38 - - [19/Oct/2021:09:21:48 +0200] "GET /reload?ser=1634628108038 HTTP/1.1" 200 28 "http://renault.activities.at/success" "Mozilla/5.0 (Windows NT 10.0; Win64; x64) AppleWebKit/537.36 (KHTML, like Gecko) Chrome/94.0.4606.81 Safari/537.36"
81.189.177.106 - - [19/Oct/2021:09:22:00 +0200] "GET /reload?ser=1634628120661 HTTP/1.1" 200 28 "http://renault.activities.at/success" "Mozilla/5.0 (Windows NT 10.0; Win64; x64) AppleWebKit/537.36 (KHTML, like Gecko) Chrome/94.0.4606.81 Safari/537.36"
91.114.96.114 - - [19/Oct/2021:09:22:07 +0200] "GET /reload?ser=1634628125497 HTTP/1.1" 200 28 "http://renault.activities.at/result?searchterm=true&search=arkana" "Mozilla/5.0 (Windows NT 10.0; Win64; x64) AppleWebKit/537.36 (KHTML, like Gecko) Chrome/94.0.4606.81 Safari/537.36 Edg/94.0.992.50"
80.122.221.194 - - [19/Oct/2021:09:22:31 +0200] "GET /reload?ser=1634628151913 HTTP/1.1" 200 28 "http://renault.activities.at/result?searchterm=true&search=Spring" "Mozilla/5.0 (Windows NT 10.0; Win64; x64) AppleWebKit/537.36 (KHTML, like Gecko) Chrome/94.0.4606.81 Safari/537.36 Edg/94.0.992.47"
193.194.132.26 - - [19/Oct/2021:09:22:33 +0200] "GET /reload?ser=1634628153133 HTTP/1.1" 200 28 "http://renault.2web.at/account" "Mozilla/5.0 (Windows NT 10.0; Win64; x64) AppleWebKit/537.36 (KHTML, like Gecko) Chrome/94.0.4606.81 Safari/537.36"
80.123.225.38 - - [19/Oct/2021:09:22:49 +0200] "GET /reload?ser=1634628169046 HTTP/1.1" 200 28 "http://renault.activities.at/success" "Mozilla/5.0 (Windows NT 10.0; Win64; x64) AppleWebKit/537.36 (KHTML, like Gecko) Chrome/94.0.4606.81 Safari/537.36"
81.189.177.106 - - [19/Oct/2021:09:23:01 +0200] "GET /reload?ser=1634628181651 HTTP/1.1" 200 28 "http://renault.activities.at/success" "Mozilla/5.0 (Windows NT 10.0; Win64; x64) AppleWebKit/537.36 (KHTML, like Gecko) Chrome/94.0.4606.81 Safari/537.36"
80.122.221.194 - - [19/Oct/2021:09:23:32 +0200] "GET /reload?ser=1634628212915 HTTP/1.1" 200 28 "http://renault.activities.at/result?searchterm=true&search=Spring" "Mozilla/5.0 (Windows NT 10.0; Win64; x64) AppleWebKit/537.36 (KHTML, like Gecko) Chrome/94.0.4606.81 Safari/537.36 Edg/94.0.992.47"
193.194.132.26 - - [19/Oct/2021:09:23:35 +0200] "GET /reload?ser=1634628215134 HTTP/1.1" 200 28 "http://renault.2web.at/account" "Mozilla/5.0 (Windows NT 10.0; Win64; x64) AppleWebKit/537.36 (KHTML, like Gecko) Chrome/94.0.4606.81 Safari/537.36"
80.123.225.38 - - [19/Oct/2021:09:23:50 +0200] "GET /reload?ser=1634628230048 HTTP/1.1" 200 28 "http://renault.activities.at/success" "Mozilla/5.0 (Windows NT 10.0; Win64; x64) AppleWebKit/537.36 (KHTML, like Gecko) Chrome/94.0.4606.81 Safari/537.36"
81.189.177.106 - - [19/Oct/2021:09:24:02 +0200] "GET /reload?ser=1634628242661 HTTP/1.1" 200 28 "http://renault.activities.at/success" "Mozilla/5.0 (Windows NT 10.0; Win64; x64) AppleWebKit/537.36 (KHTML, like Gecko) Chrome/94.0.4606.81 Safari/537.36"
3.81.49.187 - - [19/Oct/2021:09:24:28 +0200] "GET /reload?ser=1634628125497 HTTP/1.1" 200 10166 "-" "Mozilla/5.0 (Windows NT 6.1; Win64; x64) AppleWebKit/537.36 (KHTML, like Gecko) Chrome/72.0.3626.109 Safari/537.36"
80.122.221.194 - - [19/Oct/2021:09:24:33 +0200] "GET /reload?ser=1634628273907 HTTP/1.1" 200 28 "http://renault.activities.at/result?searchterm=true&search=Spring" "Mozilla/5.0 (Windows NT 10.0; Win64; x64) AppleWebKit/537.36 (KHTML, like Gecko) Chrome/94.0.4606.81 Safari/537.36 Edg/94.0.992.47"
193.194.132.26 - - [19/Oct/2021:09:24:37 +0200] "GET /reload?ser=1634628277134 HTTP/1.1" 200 28 "http://renault.2web.at/account" "Mozilla/5.0 (Windows NT 10.0; Win64; x64) AppleWebKit/537.36 (KHTML, like Gecko) Chrome/94.0.4606.81 Safari/537.36"
80.123.225.38 - - [19/Oct/2021:09:24:51 +0200] "GET /reload?ser=1634628291052 HTTP/1.1" 200 28 "http://renault.activities.at/success" "Mozilla/5.0 (Windows NT 10.0; Win64; x64) AppleWebKit/537.36 (KHTML, like Gecko) Chrome/94.0.4606.81 Safari/537.36"
81.189.177.106 - - [19/Oct/2021:09:25:03 +0200] "GET /reload?ser=1634628303649 HTTP/1.1" 200 28 "http://renault.activities.at/success" "Mozilla/5.0 (Windows NT 10.0; Win64; x64) AppleWebKit/537.36 (KHTML, like Gecko) Chrome/94.0.4606.81 Safari/537.36"
80.122.221.194 - - [19/Oct/2021:09:25:34 +0200] "GET /reload?ser=1634628334908 HTTP/1.1" 200 28 "http://renault.activities.at/result?searchterm=true&search=Spring" "Mozilla/5.0 (Windows NT 10.0; Win64; x64) AppleWebKit/537.36 (KHTML, like Gecko) Chrome/94.0.4606.81 Safari/537.36 Edg/94.0.992.47"
193.194.132.26 - - [19/Oct/2021:09:25:39 +0200] "GET /reload?ser=1634628339135 HTTP/1.1" 200 28 "http://renault.2web.at/account" "Mozilla/5.0 (Windows NT 10.0; Win64; x64) AppleWebKit/537.36 (KHTML, like Gecko) Chrome/94.0.4606.81 Safari/537.36"
80.123.225.38 - - [19/Oct/2021:09:25:52 +0200] "GET /reload?ser=1634628352041 HTTP/1.1" 200 28 "http://renault.activities.at/success" "Mozilla/5.0 (Windows NT 10.0; Win64; x64) AppleWebKit/537.36 (KHTML, like Gecko) Chrome/94.0.4606.81 Safari/537.36"
81.189.177.106 - - [19/Oct/2021:09:26:04 +0200] "GET /reload?ser=1634628364651 HTTP/1.1" 200 28 "http://renault.activities.at/success" "Mozilla/5.0 (Windows NT 10.0; Win64; x64) AppleWebKit/537.36 (KHTML, like Gecko) Chrome/94.0.4606.81 Safari/537.36"
80.122.221.194 - - [19/Oct/2021:09:26:36 +0200] "GET /reload?ser=1634628395918 HTTP/1.1" 200 28 "http://renault.activities.at/result?searchterm=true&search=Spring" "Mozilla/5.0 (Windows NT 10.0; Win64; x64) AppleWebKit/537.36 (KHTML, like Gecko) Chrome/94.0.4606.81 Safari/537.36 Edg/94.0.992.47"
193.194.132.26 - - [19/Oct/2021:09:26:41 +0200] "GET /reload?ser=1634628401139 HTTP/1.1" 200 28 "http://renault.2web.at/account" "Mozilla/5.0 (Windows NT 10.0; Win64; x64) AppleWebKit/537.36 (KHTML, like Gecko) Chrome/94.0.4606.81 Safari/537.36"
80.123.225.38 - - [19/Oct/2021:09:26:53 +0200] "GET /reload?ser=1634628413052 HTTP/1.1" 200 28 "http://renault.activities.at/success" "Mozilla/5.0 (Windows NT 10.0; Win64; x64) AppleWebKit/537.36 (KHTML, like Gecko) Chrome/94.0.4606.81 Safari/537.36"
81.189.177.106 - - [19/Oct/2021:09:27:05 +0200] "GET /reload?ser=1634628425657 HTTP/1.1" 200 28 "http://renault.activities.at/success" "Mozilla/5.0 (Windows NT 10.0; Win64; x64) AppleWebKit/537.36 (KHTML, like Gecko) Chrome/94.0.4606.81 Safari/537.36"
80.122.221.194 - - [19/Oct/2021:09:27:37 +0200] "GET /reload?ser=1634628457918 HTTP/1.1" 200 28 "http://renault.activities.at/result?searchterm=true&search=Spring" "Mozilla/5.0 (Windows NT 10.0; Win64; x64) AppleWebKit/537.36 (KHTML, like Gecko) Chrome/94.0.4606.81 Safari/537.36 Edg/94.0.992.47"
193.194.132.26 - - [19/Oct/2021:09:27:43 +0200] "GET /reload?ser=1634628463145 HTTP/1.1" 200 28 "http://renault.2web.at/account" "Mozilla/5.0 (Windows NT 10.0; Win64; x64) AppleWebKit/537.36 (KHTML, like Gecko) Chrome/94.0.4606.81 Safari/537.36"
80.123.225.38 - - [19/Oct/2021:09:27:54 +0200] "GET /reload?ser=1634628474044 HTTP/1.1" 200 28 "http://renault.activities.at/success" "Mozilla/5.0 (Windows NT 10.0; Win64; x64) AppleWebKit/537.36 (KHTML, like Gecko) Chrome/94.0.4606.81 Safari/537.36"
81.189.177.106 - - [19/Oct/2021:09:28:06 +0200] "GET /reload?ser=1634628486649 HTTP/1.1" 200 28 "http://renault.activities.at/success" "Mozilla/5.0 (Windows NT 10.0; Win64; x64) AppleWebKit/537.36 (KHTML, like Gecko) Chrome/94.0.4606.81 Safari/537.36"
80.122.221.194 - - [19/Oct/2021:09:28:38 +0200] "GET /reload?ser=1634628518906 HTTP/1.1" 200 28 "http://renault.activities.at/result?searchterm=true&search=Spring" "Mozilla/5.0 (Windows NT 10.0; Win64; x64) AppleWebKit/537.36 (KHTML, like Gecko) Chrome/94.0.4606.81 Safari/537.36 Edg/94.0.992.47"
193.194.132.26 - - [19/Oct/2021:09:28:45 +0200] "GET /reload?ser=1634628525151 HTTP/1.1" 200 28 "http://renault.2web.at/account" "Mozilla/5.0 (Windows NT 10.0; Win64; x64) AppleWebKit/537.36 (KHTML, like Gecko) Chrome/94.0.4606.81 Safari/537.36"
80.123.225.38 - - [19/Oct/2021:09:28:55 +0200] "GET /reload?ser=1634628535048 HTTP/1.1" 200 28 "http://renault.activities.at/success" "Mozilla/5.0 (Windows NT 10.0; Win64; x64) AppleWebKit/537.36 (KHTML, like Gecko) Chrome/94.0.4606.81 Safari/537.36"
81.189.177.106 - - [19/Oct/2021:09:29:07 +0200] "GET /reload?ser=1634628547656 HTTP/1.1" 200 28 "http://renault.activities.at/success" "Mozilla/5.0 (Windows NT 10.0; Win64; x64) AppleWebKit/537.36 (KHTML, like Gecko) Chrome/94.0.4606.81 Safari/537.36"
80.122.221.194 - - [19/Oct/2021:09:29:39 +0200] "GET /reload?ser=1634628579907 HTTP/1.1" 200 28 "http://renault.activities.at/result?searchterm=true&search=Spring" "Mozilla/5.0 (Windows NT 10.0; Win64; x64) AppleWebKit/537.36 (KHTML, like Gecko) Chrome/94.0.4606.81 Safari/537.36 Edg/94.0.992.47"
193.194.132.26 - - [19/Oct/2021:09:29:47 +0200] "GET /reload?ser=1634628587158 HTTP/1.1" 200 28 "http://renault.2web.at/account" "Mozilla/5.0 (Windows NT 10.0; Win64; x64) AppleWebKit/537.36 (KHTML, like Gecko) Chrome/94.0.4606.81 Safari/537.36"
80.123.225.38 - - [19/Oct/2021:09:29:56 +0200] "GET /reload?ser=1634628596046 HTTP/1.1" 200 28 "http://renault.activities.at/success" "Mozilla/5.0 (Windows NT 10.0; Win64; x64) AppleWebKit/537.36 (KHTML, like Gecko) Chrome/94.0.4606.81 Safari/537.36"
81.189.177.106 - - [19/Oct/2021:09:30:08 +0200] "GET /reload?ser=1634628608653 HTTP/1.1" 200 28 "http://renault.activities.at/success" "Mozilla/5.0 (Windows NT 10.0; Win64; x64) AppleWebKit/537.36 (KHTML, like Gecko) Chrome/94.0.4606.81 Safari/537.36"
80.122.221.194 - - [19/Oct/2021:09:30:40 +0200] "GET /reload?ser=1634628640915 HTTP/1.1" 200 28 "http://renault.activities.at/result?searchterm=true&search=Spring" "Mozilla/5.0 (Windows NT 10.0; Win64; x64) AppleWebKit/537.36 (KHTML, like Gecko) Chrome/94.0.4606.81 Safari/537.36 Edg/94.0.992.47"
193.194.132.26 - - [19/Oct/2021:09:30:49 +0200] "GET /reload?ser=1634628649164 HTTP/1.1" 200 28 "http://renault.2web.at/account" "Mozilla/5.0 (Windows NT 10.0; Win64; x64) AppleWebKit/537.36 (KHTML, like Gecko) Chrome/94.0.4606.81 Safari/537.36"
80.123.225.38 - - [19/Oct/2021:09:30:57 +0200] "GET /reload?ser=1634628657043 HTTP/1.1" 200 28 "http://renault.activities.at/success" "Mozilla/5.0 (Windows NT 10.0; Win64; x64) AppleWebKit/537.36 (KHTML, like Gecko) Chrome/94.0.4606.81 Safari/537.36"
81.189.177.106 - - [19/Oct/2021:09:31:09 +0200] "GET /reload?ser=1634628669660 HTTP/1.1" 200 28 "http://renault.activities.at/success" "Mozilla/5.0 (Windows NT 10.0; Win64; x64) AppleWebKit/537.36 (KHTML, like Gecko) Chrome/94.0.4606.81 Safari/537.36"
80.122.221.194 - - [19/Oct/2021:09:31:41 +0200] "GET /reload?ser=1634628701916 HTTP/1.1" 200 28 "http://renault.activities.at/result?searchterm=true&search=Spring" "Mozilla/5.0 (Windows NT 10.0; Win64; x64) AppleWebKit/537.36 (KHTML, like Gecko) Chrome/94.0.4606.81 Safari/537.36 Edg/94.0.992.47"
193.194.132.26 - - [19/Oct/2021:09:31:51 +0200] "GET /reload?ser=1634628711168 HTTP/1.1" 200 28 "http://renault.2web.at/account" "Mozilla/5.0 (Windows NT 10.0; Win64; x64) AppleWebKit/537.36 (KHTML, like Gecko) Chrome/94.0.4606.81 Safari/537.36"
80.123.225.38 - - [19/Oct/2021:09:31:58 +0200] "GET /reload?ser=1634628718055 HTTP/1.1" 200 28 "http://renault.activities.at/success" "Mozilla/5.0 (Windows NT 10.0; Win64; x64) AppleWebKit/537.36 (KHTML, like Gecko) Chrome/94.0.4606.81 Safari/537.36"
81.189.177.106 - - [19/Oct/2021:09:32:10 +0200] "GET /reload?ser=1634628730653 HTTP/1.1" 200 28 "http://renault.activities.at/success" "Mozilla/5.0 (Windows NT 10.0; Win64; x64) AppleWebKit/537.36 (KHTML, like Gecko) Chrome/94.0.4606.81 Safari/537.36"
80.122.221.194 - - [19/Oct/2021:09:32:42 +0200] "GET /reload?ser=1634628762923 HTTP/1.1" 200 28 "http://renault.activities.at/result?searchterm=true&search=Spring" "Mozilla/5.0 (Windows NT 10.0; Win64; x64) AppleWebKit/537.36 (KHTML, like Gecko) Chrome/94.0.4606.81 Safari/537.36 Edg/94.0.992.47"
193.194.132.26 - - [19/Oct/2021:09:32:53 +0200] "GET /reload?ser=1634628773170 HTTP/1.1" 200 28 "http://renault.2web.at/account" "Mozilla/5.0 (Windows NT 10.0; Win64; x64) AppleWebKit/537.36 (KHTML, like Gecko) Chrome/94.0.4606.81 Safari/537.36"
80.123.225.38 - - [19/Oct/2021:09:32:59 +0200] "GET /reload?ser=1634628779045 HTTP/1.1" 200 28 "http://renault.activities.at/success" "Mozilla/5.0 (Windows NT 10.0; Win64; x64) AppleWebKit/537.36 (KHTML, like Gecko) Chrome/94.0.4606.81 Safari/537.36"
81.189.177.106 - - [19/Oct/2021:09:33:11 +0200] "GET /reload?ser=1634628791656 HTTP/1.1" 200 28 "http://renault.activities.at/success" "Mozilla/5.0 (Windows NT 10.0; Win64; x64) AppleWebKit/537.36 (KHTML, like Gecko) Chrome/94.0.4606.81 Safari/537.36"
80.122.221.194 - - [19/Oct/2021:09:33:43 +0200] "GET /reload?ser=1634628823908 HTTP/1.1" 200 28 "http://renault.activities.at/result?searchterm=true&search=Spring" "Mozilla/5.0 (Windows NT 10.0; Win64; x64) AppleWebKit/537.36 (KHTML, like Gecko) Chrome/94.0.4606.81 Safari/537.36 Edg/94.0.992.47"
193.194.132.26 - - [19/Oct/2021:09:33:55 +0200] "GET /reload?ser=1634628835172 HTTP/1.1" 200 28 "http://renault.2web.at/account" "Mozilla/5.0 (Windows NT 10.0; Win64; x64) AppleWebKit/537.36 (KHTML, like Gecko) Chrome/94.0.4606.81 Safari/537.36"
80.123.225.38 - - [19/Oct/2021:09:34:00 +0200] "GET /reload?ser=1634628840042 HTTP/1.1" 200 28 "http://renault.activities.at/success" "Mozilla/5.0 (Windows NT 10.0; Win64; x64) AppleWebKit/537.36 (KHTML, like Gecko) Chrome/94.0.4606.81 Safari/537.36"
81.189.177.106 - - [19/Oct/2021:09:34:12 +0200] "GET /reload?ser=1634628852662 HTTP/1.1" 200 28 "http://renault.activities.at/success" "Mozilla/5.0 (Windows NT 10.0; Win64; x64) AppleWebKit/537.36 (KHTML, like Gecko) Chrome/94.0.4606.81 Safari/537.36"
80.122.221.194 - - [19/Oct/2021:09:34:45 +0200] "GET /reload?ser=1634628885909 HTTP/1.1" 200 28 "http://renault.activities.at/result?searchterm=true&search=Spring" "Mozilla/5.0 (Windows NT 10.0; Win64; x64) AppleWebKit/537.36 (KHTML, like Gecko) Chrome/94.0.4606.81 Safari/537.36 Edg/94.0.992.47"
193.194.132.26 - - [19/Oct/2021:09:34:57 +0200] "GET /reload?ser=1634628897175 HTTP/1.1" 200 28 "http://renault.2web.at/account" "Mozilla/5.0 (Windows NT 10.0; Win64; x64) AppleWebKit/537.36 (KHTML, like Gecko) Chrome/94.0.4606.81 Safari/537.36"
80.123.225.38 - - [19/Oct/2021:09:35:01 +0200] "GET /reload?ser=1634628901051 HTTP/1.1" 200 28 "http://renault.activities.at/success" "Mozilla/5.0 (Windows NT 10.0; Win64; x64) AppleWebKit/537.36 (KHTML, like Gecko) Chrome/94.0.4606.81 Safari/537.36"
81.189.177.106 - - [19/Oct/2021:09:35:13 +0200] "GET /reload?ser=1634628913656 HTTP/1.1" 200 28 "http://renault.activities.at/success" "Mozilla/5.0 (Windows NT 10.0; Win64; x64) AppleWebKit/537.36 (KHTML, like Gecko) Chrome/94.0.4606.81 Safari/537.36"
80.122.221.194 - - [19/Oct/2021:09:35:46 +0200] "GET /reload?ser=1634628946917 HTTP/1.1" 200 28 "http://renault.activities.at/result?searchterm=true&search=Spring" "Mozilla/5.0 (Windows NT 10.0; Win64; x64) AppleWebKit/537.36 (KHTML, like Gecko) Chrome/94.0.4606.81 Safari/537.36 Edg/94.0.992.47"
193.194.132.26 - - [19/Oct/2021:09:35:59 +0200] "GET /reload?ser=1634628959179 HTTP/1.1" 200 28 "http://renault.2web.at/account" "Mozilla/5.0 (Windows NT 10.0; Win64; x64) AppleWebKit/537.36 (KHTML, like Gecko) Chrome/94.0.4606.81 Safari/537.36"
80.123.225.38 - - [19/Oct/2021:09:36:02 +0200] "GET /reload?ser=1634628962048 HTTP/1.1" 200 28 "http://renault.activities.at/success" "Mozilla/5.0 (Windows NT 10.0; Win64; x64) AppleWebKit/537.36 (KHTML, like Gecko) Chrome/94.0.4606.81 Safari/537.36"
81.189.177.106 - - [19/Oct/2021:09:36:14 +0200] "GET /reload?ser=1634628974656 HTTP/1.1" 200 28 "http://renault.activities.at/success" "Mozilla/5.0 (Windows NT 10.0; Win64; x64) AppleWebKit/537.36 (KHTML, like Gecko) Chrome/94.0.4606.81 Safari/537.36"
80.122.221.194 - - [19/Oct/2021:09:36:47 +0200] "GET /reload?ser=1634629007917 HTTP/1.1" 200 28 "http://renault.activities.at/result?searchterm=true&search=Spring" "Mozilla/5.0 (Windows NT 10.0; Win64; x64) AppleWebKit/537.36 (KHTML, like Gecko) Chrome/94.0.4606.81 Safari/537.36 Edg/94.0.992.47"
193.194.132.26 - - [19/Oct/2021:09:37:01 +0200] "GET /reload?ser=1634629021180 HTTP/1.1" 200 28 "http://renault.2web.at/account" "Mozilla/5.0 (Windows NT 10.0; Win64; x64) AppleWebKit/537.36 (KHTML, like Gecko) Chrome/94.0.4606.81 Safari/537.36"
80.123.225.38 - - [19/Oct/2021:09:37:03 +0200] "GET /reload?ser=1634629023043 HTTP/1.1" 200 28 "http://renault.activities.at/success" "Mozilla/5.0 (Windows NT 10.0; Win64; x64) AppleWebKit/537.36 (KHTML, like Gecko) Chrome/94.0.4606.81 Safari/537.36"
81.189.177.106 - - [19/Oct/2021:09:37:15 +0200] "GET /reload?ser=1634629035662 HTTP/1.1" 200 28 "http://renault.activities.at/success" "Mozilla/5.0 (Windows NT 10.0; Win64; x64) AppleWebKit/537.36 (KHTML, like Gecko) Chrome/94.0.4606.81 Safari/537.36"
80.122.221.194 - - [19/Oct/2021:09:37:48 +0200] "GET /reload?ser=1634629068909 HTTP/1.1" 200 28 "http://renault.activities.at/result?searchterm=true&search=Spring" "Mozilla/5.0 (Windows NT 10.0; Win64; x64) AppleWebKit/537.36 (KHTML, like Gecko) Chrome/94.0.4606.81 Safari/537.36 Edg/94.0.992.47"
193.194.132.26 - - [19/Oct/2021:09:38:03 +0200] "GET /reload?ser=1634629083181 HTTP/1.1" 200 28 "http://renault.2web.at/account" "Mozilla/5.0 (Windows NT 10.0; Win64; x64) AppleWebKit/537.36 (KHTML, like Gecko) Chrome/94.0.4606.81 Safari/537.36"
80.123.225.38 - - [19/Oct/2021:09:38:04 +0200] "GET /reload?ser=1634629084055 HTTP/1.1" 200 28 "http://renault.activities.at/success" "Mozilla/5.0 (Windows NT 10.0; Win64; x64) AppleWebKit/537.36 (KHTML, like Gecko) Chrome/94.0.4606.81 Safari/537.36"
81.189.177.106 - - [19/Oct/2021:09:38:16 +0200] "GET /reload?ser=1634629096648 HTTP/1.1" 200 28 "http://renault.activities.at/success" "Mozilla/5.0 (Windows NT 10.0; Win64; x64) AppleWebKit/537.36 (KHTML, like Gecko) Chrome/94.0.4606.81 Safari/537.36"
80.122.221.194 - - [19/Oct/2021:09:38:49 +0200] "GET /reload?ser=1634629129910 HTTP/1.1" 200 28 "http://renault.activities.at/result?searchterm=true&search=Spring" "Mozilla/5.0 (Windows NT 10.0; Win64; x64) AppleWebKit/537.36 (KHTML, like Gecko) Chrome/94.0.4606.81 Safari/537.36 Edg/94.0.992.47"
193.194.132.26 - - [19/Oct/2021:09:39:05 +0200] "GET /reload?ser=1634629145181 HTTP/1.1" 200 28 "http://renault.2web.at/account" "Mozilla/5.0 (Windows NT 10.0; Win64; x64) AppleWebKit/537.36 (KHTML, like Gecko) Chrome/94.0.4606.81 Safari/537.36"
81.189.177.106 - - [19/Oct/2021:09:39:17 +0200] "GET /reload?ser=1634629157649 HTTP/1.1" 200 28 "http://renault.activities.at/success" "Mozilla/5.0 (Windows NT 10.0; Win64; x64) AppleWebKit/537.36 (KHTML, like Gecko) Chrome/94.0.4606.81 Safari/537.36"
80.122.221.194 - - [19/Oct/2021:09:39:50 +0200] "GET /reload?ser=1634629190912 HTTP/1.1" 200 28 "http://renault.activities.at/result?searchterm=true&search=Spring" "Mozilla/5.0 (Windows NT 10.0; Win64; x64) AppleWebKit/537.36 (KHTML, like Gecko) Chrome/94.0.4606.81 Safari/537.36 Edg/94.0.992.47"
193.194.132.26 - - [19/Oct/2021:09:40:07 +0200] "GET /reload?ser=1634629207183 HTTP/1.1" 200 28 "http://renault.2web.at/account" "Mozilla/5.0 (Windows NT 10.0; Win64; x64) AppleWebKit/537.36 (KHTML, like Gecko) Chrome/94.0.4606.81 Safari/537.36"
81.189.177.106 - - [19/Oct/2021:09:40:18 +0200] "GET /reload?ser=1634629218658 HTTP/1.1" 200 28 "http://renault.activities.at/success" "Mozilla/5.0 (Windows NT 10.0; Win64; x64) AppleWebKit/537.36 (KHTML, like Gecko) Chrome/94.0.4606.81 Safari/537.36"
80.122.221.194 - - [19/Oct/2021:09:40:51 +0200] "GET /reload?ser=1634629251904 HTTP/1.1" 200 28 "http://renault.activities.at/result?searchterm=true&search=Spring" "Mozilla/5.0 (Windows NT 10.0; Win64; x64) AppleWebKit/537.36 (KHTML, like Gecko) Chrome/94.0.4606.81 Safari/537.36 Edg/94.0.992.47"
193.194.132.26 - - [19/Oct/2021:09:41:09 +0200] "GET /reload?ser=1634629269184 HTTP/1.1" 200 28 "http://renault.2web.at/account" "Mozilla/5.0 (Windows NT 10.0; Win64; x64) AppleWebKit/537.36 (KHTML, like Gecko) Chrome/94.0.4606.81 Safari/537.36"
81.189.177.106 - - [19/Oct/2021:09:41:19 +0200] "GET /reload?ser=1634629279656 HTTP/1.1" 200 28 "http://renault.activities.at/success" "Mozilla/5.0 (Windows NT 10.0; Win64; x64) AppleWebKit/537.36 (KHTML, like Gecko) Chrome/94.0.4606.81 Safari/537.36"
80.122.221.194 - - [19/Oct/2021:09:41:52 +0200] "GET /reload?ser=1634629312904 HTTP/1.1" 200 28 "http://renault.activities.at/result?searchterm=true&search=Spring" "Mozilla/5.0 (Windows NT 10.0; Win64; x64) AppleWebKit/537.36 (KHTML, like Gecko) Chrome/94.0.4606.81 Safari/537.36 Edg/94.0.992.47"
193.194.132.26 - - [19/Oct/2021:09:42:11 +0200] "GET /reload?ser=1634629331185 HTTP/1.1" 200 28 "http://renault.2web.at/account" "Mozilla/5.0 (Windows NT 10.0; Win64; x64) AppleWebKit/537.36 (KHTML, like Gecko) Chrome/94.0.4606.81 Safari/537.36"
81.189.177.106 - - [19/Oct/2021:09:42:20 +0200] "GET /reload?ser=1634629340647 HTTP/1.1" 200 28 "http://renault.activities.at/success" "Mozilla/5.0 (Windows NT 10.0; Win64; x64) AppleWebKit/537.36 (KHTML, like Gecko) Chrome/94.0.4606.81 Safari/537.36"
80.122.221.194 - - [19/Oct/2021:09:42:53 +0200] "GET /reload?ser=1634629373907 HTTP/1.1" 200 28 "http://renault.activities.at/result?searchterm=true&search=Spring" "Mozilla/5.0 (Windows NT 10.0; Win64; x64) AppleWebKit/537.36 (KHTML, like Gecko) Chrome/94.0.4606.81 Safari/537.36 Edg/94.0.992.47"
193.194.132.26 - - [19/Oct/2021:09:43:13 +0200] "GET /reload?ser=1634629393185 HTTP/1.1" 200 28 "http://renault.2web.at/account" "Mozilla/5.0 (Windows NT 10.0; Win64; x64) AppleWebKit/537.36 (KHTML, like Gecko) Chrome/94.0.4606.81 Safari/537.36"
81.189.177.106 - - [19/Oct/2021:09:43:21 +0200] "GET /reload?ser=1634629401656 HTTP/1.1" 200 28 "http://renault.activities.at/success" "Mozilla/5.0 (Windows NT 10.0; Win64; x64) AppleWebKit/537.36 (KHTML, like Gecko) Chrome/94.0.4606.81 Safari/537.36"
80.122.221.194 - - [19/Oct/2021:09:43:54 +0200] "GET /reload?ser=1634629434916 HTTP/1.1" 200 28 "http://renault.activities.at/result?searchterm=true&search=Spring" "Mozilla/5.0 (Windows NT 10.0; Win64; x64) AppleWebKit/537.36 (KHTML, like Gecko) Chrome/94.0.4606.81 Safari/537.36 Edg/94.0.992.47"
193.194.132.26 - - [19/Oct/2021:09:44:15 +0200] "GET /reload?ser=1634629455190 HTTP/1.1" 200 28 "http://renault.2web.at/account" "Mozilla/5.0 (Windows NT 10.0; Win64; x64) AppleWebKit/537.36 (KHTML, like Gecko) Chrome/94.0.4606.81 Safari/537.36"
81.189.177.106 - - [19/Oct/2021:09:44:22 +0200] "GET /reload?ser=1634629462657 HTTP/1.1" 200 28 "http://renault.activities.at/success" "Mozilla/5.0 (Windows NT 10.0; Win64; x64) AppleWebKit/537.36 (KHTML, like Gecko) Chrome/94.0.4606.81 Safari/537.36"
80.122.221.194 - - [19/Oct/2021:09:44:55 +0200] "GET /reload?ser=1634629495919 HTTP/1.1" 200 28 "http://renault.activities.at/result?searchterm=true&search=Spring" "Mozilla/5.0 (Windows NT 10.0; Win64; x64) AppleWebKit/537.36 (KHTML, like Gecko) Chrome/94.0.4606.81 Safari/537.36 Edg/94.0.992.47"
193.194.132.26 - - [19/Oct/2021:09:45:17 +0200] "GET /reload?ser=1634629517194 HTTP/1.1" 200 28 "http://renault.2web.at/account" "Mozilla/5.0 (Windows NT 10.0; Win64; x64) AppleWebKit/537.36 (KHTML, like Gecko) Chrome/94.0.4606.81 Safari/537.36"
81.189.177.106 - - [19/Oct/2021:09:45:23 +0200] "GET /reload?ser=1634629523660 HTTP/1.1" 200 28 "http://renault.activities.at/success" "Mozilla/5.0 (Windows NT 10.0; Win64; x64) AppleWebKit/537.36 (KHTML, like Gecko) Chrome/94.0.4606.81 Safari/537.36"
80.122.221.194 - - [19/Oct/2021:09:45:56 +0200] "GET /reload?ser=1634629556925 HTTP/1.1" 200 28 "http://renault.activities.at/result?searchterm=true&search=Spring" "Mozilla/5.0 (Windows NT 10.0; Win64; x64) AppleWebKit/537.36 (KHTML, like Gecko) Chrome/94.0.4606.81 Safari/537.36 Edg/94.0.992.47"
193.194.132.26 - - [19/Oct/2021:09:46:19 +0200] "GET /reload?ser=1634629579198 HTTP/1.1" 200 28 "http://renault.2web.at/account" "Mozilla/5.0 (Windows NT 10.0; Win64; x64) AppleWebKit/537.36 (KHTML, like Gecko) Chrome/94.0.4606.81 Safari/537.36"
81.189.177.106 - - [19/Oct/2021:09:46:24 +0200] "GET /reload?ser=1634629584656 HTTP/1.1" 200 28 "http://renault.activities.at/success" "Mozilla/5.0 (Windows NT 10.0; Win64; x64) AppleWebKit/537.36 (KHTML, like Gecko) Chrome/94.0.4606.81 Safari/537.36"
80.122.221.194 - - [19/Oct/2021:09:46:57 +0200] "GET /reload?ser=1634629617909 HTTP/1.1" 200 28 "http://renault.activities.at/result?searchterm=true&search=Spring" "Mozilla/5.0 (Windows NT 10.0; Win64; x64) AppleWebKit/537.36 (KHTML, like Gecko) Chrome/94.0.4606.81 Safari/537.36 Edg/94.0.992.47"
193.194.132.26 - - [19/Oct/2021:09:47:21 +0200] "GET /reload?ser=1634629641202 HTTP/1.1" 200 28 "http://renault.2web.at/account" "Mozilla/5.0 (Windows NT 10.0; Win64; x64) AppleWebKit/537.36 (KHTML, like Gecko) Chrome/94.0.4606.81 Safari/537.36"
81.189.177.106 - - [19/Oct/2021:09:47:25 +0200] "GET /reload?ser=1634629645647 HTTP/1.1" 200 28 "http://renault.activities.at/success" "Mozilla/5.0 (Windows NT 10.0; Win64; x64) AppleWebKit/537.36 (KHTML, like Gecko) Chrome/94.0.4606.81 Safari/537.36"
80.122.221.194 - - [19/Oct/2021:09:47:58 +0200] "GET /reload?ser=1634629678910 HTTP/1.1" 200 28 "http://renault.activities.at/result?searchterm=true&search=Spring" "Mozilla/5.0 (Windows NT 10.0; Win64; x64) AppleWebKit/537.36 (KHTML, like Gecko) Chrome/94.0.4606.81 Safari/537.36 Edg/94.0.992.47"
193.194.132.26 - - [19/Oct/2021:09:48:23 +0200] "GET /reload?ser=1634629703205 HTTP/1.1" 200 28 "http://renault.2web.at/account" "Mozilla/5.0 (Windows NT 10.0; Win64; x64) AppleWebKit/537.36 (KHTML, like Gecko) Chrome/94.0.4606.81 Safari/537.36"
81.189.177.106 - - [19/Oct/2021:09:48:27 +0200] "GET /reload?ser=1634629707655 HTTP/1.1" 200 28 "http://renault.activities.at/success" "Mozilla/5.0 (Windows NT 10.0; Win64; x64) AppleWebKit/537.36 (KHTML, like Gecko) Chrome/94.0.4606.81 Safari/537.36"
80.122.221.194 - - [19/Oct/2021:09:48:59 +0200] "GET /reload?ser=1634629739918 HTTP/1.1" 200 28 "http://renault.activities.at/result?searchterm=true&search=Spring" "Mozilla/5.0 (Windows NT 10.0; Win64; x64) AppleWebKit/537.36 (KHTML, like Gecko) Chrome/94.0.4606.81 Safari/537.36 Edg/94.0.992.47"
193.194.132.26 - - [19/Oct/2021:09:49:25 +0200] "GET /reload?ser=1634629765208 HTTP/1.1" 200 28 "http://renault.2web.at/account" "Mozilla/5.0 (Windows NT 10.0; Win64; x64) AppleWebKit/537.36 (KHTML, like Gecko) Chrome/94.0.4606.81 Safari/537.36"
81.189.177.106 - - [19/Oct/2021:09:49:28 +0200] "GET /reload?ser=1634629768652 HTTP/1.1" 200 28 "http://renault.activities.at/success" "Mozilla/5.0 (Windows NT 10.0; Win64; x64) AppleWebKit/537.36 (KHTML, like Gecko) Chrome/94.0.4606.81 Safari/537.36"
80.122.221.194 - - [19/Oct/2021:09:50:00 +0200] "GET /reload?ser=1634629800919 HTTP/1.1" 200 28 "http://renault.activities.at/result?searchterm=true&search=Spring" "Mozilla/5.0 (Windows NT 10.0; Win64; x64) AppleWebKit/537.36 (KHTML, like Gecko) Chrome/94.0.4606.81 Safari/537.36 Edg/94.0.992.47"
193.194.132.26 - - [19/Oct/2021:09:50:27 +0200] "GET /reload?ser=1634629827210 HTTP/1.1" 200 28 "http://renault.2web.at/account" "Mozilla/5.0 (Windows NT 10.0; Win64; x64) AppleWebKit/537.36 (KHTML, like Gecko) Chrome/94.0.4606.81 Safari/537.36"
81.189.177.106 - - [19/Oct/2021:09:50:29 +0200] "GET /reload?ser=1634629829654 HTTP/1.1" 200 28 "http://renault.activities.at/success" "Mozilla/5.0 (Windows NT 10.0; Win64; x64) AppleWebKit/537.36 (KHTML, like Gecko) Chrome/94.0.4606.81 Safari/537.36"
80.122.221.194 - - [19/Oct/2021:09:51:01 +0200] "GET /reload?ser=1634629861910 HTTP/1.1" 200 28 "http://renault.activities.at/result?searchterm=true&search=Spring" "Mozilla/5.0 (Windows NT 10.0; Win64; x64) AppleWebKit/537.36 (KHTML, like Gecko) Chrome/94.0.4606.81 Safari/537.36 Edg/94.0.992.47"
193.194.132.26 - - [19/Oct/2021:09:51:29 +0200] "GET /reload?ser=1634629889211 HTTP/1.1" 200 28 "http://renault.2web.at/account" "Mozilla/5.0 (Windows NT 10.0; Win64; x64) AppleWebKit/537.36 (KHTML, like Gecko) Chrome/94.0.4606.81 Safari/537.36"
81.189.177.106 - - [19/Oct/2021:09:51:30 +0200] "GET /reload?ser=1634629890649 HTTP/1.1" 200 28 "http://renault.activities.at/success" "Mozilla/5.0 (Windows NT 10.0; Win64; x64) AppleWebKit/537.36 (KHTML, like Gecko) Chrome/94.0.4606.81 Safari/537.36"
80.122.221.194 - - [19/Oct/2021:09:52:02 +0200] "GET /reload?ser=1634629922911 HTTP/1.1" 200 28 "http://renault.activities.at/result?searchterm=true&search=Spring" "Mozilla/5.0 (Windows NT 10.0; Win64; x64) AppleWebKit/537.36 (KHTML, like Gecko) Chrome/94.0.4606.81 Safari/537.36 Edg/94.0.992.47"
193.194.132.26 - - [19/Oct/2021:09:52:31 +0200] "GET /reload?ser=1634629951213 HTTP/1.1" 200 28 "http://renault.2web.at/account" "Mozilla/5.0 (Windows NT 10.0; Win64; x64) AppleWebKit/537.36 (KHTML, like Gecko) Chrome/94.0.4606.81 Safari/537.36"
81.189.177.106 - - [19/Oct/2021:09:52:31 +0200] "GET /reload?ser=1634629951646 HTTP/1.1" 200 28 "http://renault.activities.at/success" "Mozilla/5.0 (Windows NT 10.0; Win64; x64) AppleWebKit/537.36 (KHTML, like Gecko) Chrome/94.0.4606.81 Safari/537.36"
80.122.221.194 - - [19/Oct/2021:09:53:03 +0200] "GET /reload?ser=1634629983918 HTTP/1.1" 200 28 "http://renault.activities.at/result?searchterm=true&search=Spring" "Mozilla/5.0 (Windows NT 10.0; Win64; x64) AppleWebKit/537.36 (KHTML, like Gecko) Chrome/94.0.4606.81 Safari/537.36 Edg/94.0.992.47"
81.189.177.106 - - [19/Oct/2021:09:53:32 +0200] "GET /reload?ser=1634630012646 HTTP/1.1" 200 28 "http://renault.activities.at/success" "Mozilla/5.0 (Windows NT 10.0; Win64; x64) AppleWebKit/537.36 (KHTML, like Gecko) Chrome/94.0.4606.81 Safari/537.36"
193.194.132.26 - - [19/Oct/2021:09:53:33 +0200] "GET /reload?ser=1634630013214 HTTP/1.1" 200 28 "http://renault.2web.at/account" "Mozilla/5.0 (Windows NT 10.0; Win64; x64) AppleWebKit/537.36 (KHTML, like Gecko) Chrome/94.0.4606.81 Safari/537.36"
80.122.221.194 - - [19/Oct/2021:09:54:04 +0200] "GET /reload?ser=1634630044919 HTTP/1.1" 200 28 "http://renault.activities.at/result?searchterm=true&search=Spring" "Mozilla/5.0 (Windows NT 10.0; Win64; x64) AppleWebKit/537.36 (KHTML, like Gecko) Chrome/94.0.4606.81 Safari/537.36 Edg/94.0.992.47"
81.189.177.106 - - [19/Oct/2021:09:54:33 +0200] "GET /reload?ser=1634630073653 HTTP/1.1" 200 28 "http://renault.activities.at/success" "Mozilla/5.0 (Windows NT 10.0; Win64; x64) AppleWebKit/537.36 (KHTML, like Gecko) Chrome/94.0.4606.81 Safari/537.36"
193.194.132.26 - - [19/Oct/2021:09:54:35 +0200] "GET /reload?ser=1634630075215 HTTP/1.1" 200 28 "http://renault.2web.at/account" "Mozilla/5.0 (Windows NT 10.0; Win64; x64) AppleWebKit/537.36 (KHTML, like Gecko) Chrome/94.0.4606.81 Safari/537.36"
80.122.221.194 - - [19/Oct/2021:09:55:05 +0200] "GET /reload?ser=1634630105915 HTTP/1.1" 200 28 "http://renault.activities.at/result?searchterm=true&search=Spring" "Mozilla/5.0 (Windows NT 10.0; Win64; x64) AppleWebKit/537.36 (KHTML, like Gecko) Chrome/94.0.4606.81 Safari/537.36 Edg/94.0.992.47"
81.189.177.106 - - [19/Oct/2021:09:55:34 +0200] "GET /reload?ser=1634630134651 HTTP/1.1" 200 28 "http://renault.activities.at/success" "Mozilla/5.0 (Windows NT 10.0; Win64; x64) AppleWebKit/537.36 (KHTML, like Gecko) Chrome/94.0.4606.81 Safari/537.36"
