80.122.221.194 - - [19/Oct/2021:08:26:34 +0200] "GET /loadthumbnail.php?id=10203255 HTTP/1.1" 200 137 "http://renault.activities.at/result?searchterm=true&search=Spring" "Mozilla/5.0 (Windows NT 10.0; Win64; x64) AppleWebKit/537.36 (KHTML, like Gecko) Chrome/94.0.4606.81 Safari/537.36 Edg/94.0.992.47"
80.122.221.194 - - [19/Oct/2021:08:26:34 +0200] "GET /loadthumbnail.php?id=12427345&width=113 HTTP/1.1" 200 1875 "http://renault.activities.at/result?searchterm=true&search=Spring" "Mozilla/5.0 (Windows NT 10.0; Win64; x64) AppleWebKit/537.36 (KHTML, like Gecko) Chrome/94.0.4606.81 Safari/537.36 Edg/94.0.992.47"
80.122.221.194 - - [19/Oct/2021:08:26:34 +0200] "GET /loadthumbnail.php?id=12427346&width=113 HTTP/1.1" 200 1875 "http://renault.activities.at/result?searchterm=true&search=Spring" "Mozilla/5.0 (Windows NT 10.0; Win64; x64) AppleWebKit/537.36 (KHTML, like Gecko) Chrome/94.0.4606.81 Safari/537.36 Edg/94.0.992.47"
80.122.221.194 - - [19/Oct/2021:08:26:34 +0200] "GET /loadthumbnail.php?id=12463094&width=113 HTTP/1.1" 200 4745 "http://renault.activities.at/result?searchterm=true&search=Spring" "Mozilla/5.0 (Windows NT 10.0; Win64; x64) AppleWebKit/537.36 (KHTML, like Gecko) Chrome/94.0.4606.81 Safari/537.36 Edg/94.0.992.47"
80.122.221.194 - - [19/Oct/2021:08:26:34 +0200] "GET /loadthumbnail.php?id=12445066&width=113 HTTP/1.1" 200 2105 "http://renault.activities.at/result?searchterm=true&search=Spring" "Mozilla/5.0 (Windows NT 10.0; Win64; x64) AppleWebKit/537.36 (KHTML, like Gecko) Chrome/94.0.4606.81 Safari/537.36 Edg/94.0.992.47"
80.122.221.194 - - [19/Oct/2021:08:26:34 +0200] "GET /loadthumbnail.php?id=12463098&width=113 HTTP/1.1" 200 3058 "http://renault.activities.at/result?searchterm=true&search=Spring" "Mozilla/5.0 (Windows NT 10.0; Win64; x64) AppleWebKit/537.36 (KHTML, like Gecko) Chrome/94.0.4606.81 Safari/537.36 Edg/94.0.992.47"
80.122.221.194 - - [19/Oct/2021:08:26:34 +0200] "GET /loadthumbnail.php?id=12427347&width=113 HTTP/1.1" 200 1388 "http://renault.activities.at/result?searchterm=true&search=Spring" "Mozilla/5.0 (Windows NT 10.0; Win64; x64) AppleWebKit/537.36 (KHTML, like Gecko) Chrome/94.0.4606.81 Safari/537.36 Edg/94.0.992.47"
193.194.132.26 - - [19/Oct/2021:08:26:45 +0200] "GET /reload?ser=1634624805048 HTTP/1.1" 200 28 "http://renault.2web.at/account" "Mozilla/5.0 (Windows NT 10.0; Win64; x64) AppleWebKit/537.36 (KHTML, like Gecko) Chrome/94.0.4606.81 Safari/537.36"
77.119.245.167 - - [19/Oct/2021:08:26:46 +0200] "GET /images/vista-dn-hover.gif HTTP/1.1" 200 127 "http://renault.activities.at/css/styles.css" "Mozilla/5.0 (Windows NT 10.0; Win64; x64) AppleWebKit/537.36 (KHTML, like Gecko) Chrome/94.0.4606.81 Safari/537.36 Edg/94.0.992.50"
77.119.245.167 - - [19/Oct/2021:08:26:47 +0200] "GET /images/vista-up-hover.gif HTTP/1.1" 200 130 "http://renault.activities.at/css/styles.css" "Mozilla/5.0 (Windows NT 10.0; Win64; x64) AppleWebKit/537.36 (KHTML, like Gecko) Chrome/94.0.4606.81 Safari/537.36 Edg/94.0.992.50"
81.189.177.106 - - [19/Oct/2021:08:26:59 +0200] "GET /reload?ser=1634624819755 HTTP/1.1" 200 28 "http://renault.activities.at/10260003?dir=DESC&mode=grid&order=name&limit=15&page=3" "Mozilla/5.0 (Windows NT 10.0; Win64; x64) AppleWebKit/537.36 (KHTML, like Gecko) Chrome/94.0.4606.81 Safari/537.36"
91.114.96.114 - - [19/Oct/2021:08:27:01 +0200] "GET /reload?ser=1634624819588 HTTP/1.1" 200 28 "http://renault.activities.at/result?searchterm=true&search=arkana" "Mozilla/5.0 (Windows NT 10.0; Win64; x64) AppleWebKit/537.36 (KHTML, like Gecko) Chrome/94.0.4606.81 Safari/537.36 Edg/94.0.992.50"
77.119.245.167 - - [19/Oct/2021:08:27:31 +0200] "POST /result?searchterm=true&search=eisk HTTP/1.1" 200 6360 "http://renault.activities.at/result?searchterm=true&search=eisk" "Mozilla/5.0 (Windows NT 10.0; Win64; x64) AppleWebKit/537.36 (KHTML, like Gecko) Chrome/94.0.4606.81 Safari/537.36 Edg/94.0.992.50"
77.119.245.167 - - [19/Oct/2021:08:27:34 +0200] "GET /images/success_msg_icon.gif HTTP/1.1" 200 1024 "http://renault.activities.at/css/styles.css" "Mozilla/5.0 (Windows NT 10.0; Win64; x64) AppleWebKit/537.36 (KHTML, like Gecko) Chrome/94.0.4606.81 Safari/537.36 Edg/94.0.992.50"
77.119.245.167 - - [19/Oct/2021:08:27:32 +0200] "GET /reload?ser=1634624852363 HTTP/1.1" 200 28 "http://renault.activities.at/result?searchterm=true&search=eisk" "Mozilla/5.0 (Windows NT 10.0; Win64; x64) AppleWebKit/537.36 (KHTML, like Gecko) Chrome/94.0.4606.81 Safari/537.36 Edg/94.0.992.50"
80.122.221.194 - - [19/Oct/2021:08:27:34 +0200] "GET /reload?ser=1634624854902 HTTP/1.1" 200 28 "http://renault.activities.at/result?searchterm=true&search=Spring" "Mozilla/5.0 (Windows NT 10.0; Win64; x64) AppleWebKit/537.36 (KHTML, like Gecko) Chrome/94.0.4606.81 Safari/537.36 Edg/94.0.992.47"
77.119.245.167 - - [19/Oct/2021:08:27:39 +0200] "POST /result?searchterm=true&search=eisk HTTP/1.1" 200 6368 "http://renault.activities.at/result?searchterm=true&search=eisk" "Mozilla/5.0 (Windows NT 10.0; Win64; x64) AppleWebKit/537.36 (KHTML, like Gecko) Chrome/94.0.4606.81 Safari/537.36 Edg/94.0.992.50"
193.194.132.26 - - [19/Oct/2021:08:27:47 +0200] "GET /reload?ser=1634624867051 HTTP/1.1" 200 28 "http://renault.2web.at/account" "Mozilla/5.0 (Windows NT 10.0; Win64; x64) AppleWebKit/537.36 (KHTML, like Gecko) Chrome/94.0.4606.81 Safari/537.36"
77.119.245.167 - - [19/Oct/2021:08:27:44 +0200] "GET /checkout HTTP/1.1" 200 10248 "http://renault.activities.at/result?searchterm=true&search=eisk" "Mozilla/5.0 (Windows NT 10.0; Win64; x64) AppleWebKit/537.36 (KHTML, like Gecko) Chrome/94.0.4606.81 Safari/537.36 Edg/94.0.992.50"
77.119.245.167 - - [19/Oct/2021:08:27:49 +0200] "GET /js/checkout2.js HTTP/1.1" 200 4122 "http://renault.activities.at/checkout" "Mozilla/5.0 (Windows NT 10.0; Win64; x64) AppleWebKit/537.36 (KHTML, like Gecko) Chrome/94.0.4606.81 Safari/537.36 Edg/94.0.992.50"
77.119.245.167 - - [19/Oct/2021:08:27:49 +0200] "GET /images/ajax_loading.gif HTTP/1.1" 200 1542 "http://renault.activities.at/checkout" "Mozilla/5.0 (Windows NT 10.0; Win64; x64) AppleWebKit/537.36 (KHTML, like Gecko) Chrome/94.0.4606.81 Safari/537.36 Edg/94.0.992.50"
77.119.245.167 - - [19/Oct/2021:08:27:49 +0200] "GET /images/checkout_border_top.gif HTTP/1.1" 200 156 "http://renault.activities.at/css/styles.css" "Mozilla/5.0 (Windows NT 10.0; Win64; x64) AppleWebKit/537.36 (KHTML, like Gecko) Chrome/94.0.4606.81 Safari/537.36 Edg/94.0.992.50"
77.119.245.167 - - [19/Oct/2021:08:27:49 +0200] "GET /images/step_marker.gif HTTP/1.1" 200 650 "http://renault.activities.at/css/styles.css" "Mozilla/5.0 (Windows NT 10.0; Win64; x64) AppleWebKit/537.36 (KHTML, like Gecko) Chrome/94.0.4606.81 Safari/537.36 Edg/94.0.992.50"
77.119.245.167 - - [19/Oct/2021:08:27:49 +0200] "GET /images/step_bg.jpg HTTP/1.1" 200 319 "http://renault.activities.at/css/styles.css" "Mozilla/5.0 (Windows NT 10.0; Win64; x64) AppleWebKit/537.36 (KHTML, like Gecko) Chrome/94.0.4606.81 Safari/537.36 Edg/94.0.992.50"
77.119.245.167 - - [19/Oct/2021:08:27:49 +0200] "GET /images/checkout_border.gif HTTP/1.1" 200 43 "http://renault.activities.at/css/styles.css" "Mozilla/5.0 (Windows NT 10.0; Win64; x64) AppleWebKit/537.36 (KHTML, like Gecko) Chrome/94.0.4606.81 Safari/537.36 Edg/94.0.992.50"
77.119.245.167 - - [19/Oct/2021:08:27:49 +0200] "GET /loadthumbnail.php?id=10201939 HTTP/1.1" 200 201 "http://renault.activities.at/checkout" "Mozilla/5.0 (Windows NT 10.0; Win64; x64) AppleWebKit/537.36 (KHTML, like Gecko) Chrome/94.0.4606.81 Safari/537.36 Edg/94.0.992.50"
77.119.245.167 - - [19/Oct/2021:08:27:49 +0200] "GET /loadthumbnail.php?id=10202698 HTTP/1.1" 200 16686 "http://renault.activities.at/checkout" "Mozilla/5.0 (Windows NT 10.0; Win64; x64) AppleWebKit/537.36 (KHTML, like Gecko) Chrome/94.0.4606.81 Safari/537.36 Edg/94.0.992.50"
77.119.245.167 - - [19/Oct/2021:08:27:54 +0200] "POST /docheckout HTTP/1.1" 200 442 "http://renault.activities.at/checkout" "Mozilla/5.0 (Windows NT 10.0; Win64; x64) AppleWebKit/537.36 (KHTML, like Gecko) Chrome/94.0.4606.81 Safari/537.36 Edg/94.0.992.50"
77.119.245.167 - - [19/Oct/2021:08:27:58 +0200] "POST /docheckout HTTP/1.1" 200 646 "http://renault.activities.at/checkout" "Mozilla/5.0 (Windows NT 10.0; Win64; x64) AppleWebKit/537.36 (KHTML, like Gecko) Chrome/94.0.4606.81 Safari/537.36 Edg/94.0.992.50"
77.119.245.167 - - [19/Oct/2021:08:28:00 +0200] "GET /images/error_msg_icon.gif HTTP/1.1" 200 1013 "http://renault.activities.at/checkout" "Mozilla/5.0 (Windows NT 10.0; Win64; x64) AppleWebKit/537.36 (KHTML, like Gecko) Chrome/94.0.4606.81 Safari/537.36 Edg/94.0.992.50"
81.189.177.106 - - [19/Oct/2021:08:28:00 +0200] "GET /reload?ser=1634624880676 HTTP/1.1" 200 28 "http://renault.activities.at/10260003?dir=DESC&mode=grid&order=name&limit=15&page=3" "Mozilla/5.0 (Windows NT 10.0; Win64; x64) AppleWebKit/537.36 (KHTML, like Gecko) Chrome/94.0.4606.81 Safari/537.36"
91.114.96.114 - - [19/Oct/2021:08:28:03 +0200] "GET /reload?ser=1634624881574 HTTP/1.1" 200 28 "http://renault.activities.at/result?searchterm=true&search=arkana" "Mozilla/5.0 (Windows NT 10.0; Win64; x64) AppleWebKit/537.36 (KHTML, like Gecko) Chrome/94.0.4606.81 Safari/537.36 Edg/94.0.992.50"
77.119.245.167 - - [19/Oct/2021:08:28:08 +0200] "POST /docheckout HTTP/1.1" 200 68 "http://renault.activities.at/checkout" "Mozilla/5.0 (Windows NT 10.0; Win64; x64) AppleWebKit/537.36 (KHTML, like Gecko) Chrome/94.0.4606.81 Safari/537.36 Edg/94.0.992.50"
77.119.245.167 - - [19/Oct/2021:08:28:13 +0200] "GET /success HTTP/1.1" 200 3785 "http://renault.activities.at/checkout" "Mozilla/5.0 (Windows NT 10.0; Win64; x64) AppleWebKit/537.36 (KHTML, like Gecko) Chrome/94.0.4606.81 Safari/537.36 Edg/94.0.992.50"
80.122.221.194 - - [19/Oct/2021:08:28:35 +0200] "GET /reload?ser=1634624915919 HTTP/1.1" 200 28 "http://renault.activities.at/result?searchterm=true&search=Spring" "Mozilla/5.0 (Windows NT 10.0; Win64; x64) AppleWebKit/537.36 (KHTML, like Gecko) Chrome/94.0.4606.81 Safari/537.36 Edg/94.0.992.47"
193.194.132.26 - - [19/Oct/2021:08:28:49 +0200] "GET /reload?ser=1634624929051 HTTP/1.1" 200 28 "http://renault.2web.at/account" "Mozilla/5.0 (Windows NT 10.0; Win64; x64) AppleWebKit/537.36 (KHTML, like Gecko) Chrome/94.0.4606.81 Safari/537.36"
81.189.177.106 - - [19/Oct/2021:08:29:01 +0200] "GET /reload?ser=1634624941616 HTTP/1.1" 200 28 "http://renault.activities.at/10260003?dir=DESC&mode=grid&order=name&limit=15&page=3" "Mozilla/5.0 (Windows NT 10.0; Win64; x64) AppleWebKit/537.36 (KHTML, like Gecko) Chrome/94.0.4606.81 Safari/537.36"
91.114.96.114 - - [19/Oct/2021:08:29:04 +0200] "GET /reload?ser=1634624942583 HTTP/1.1" 200 28 "http://renault.activities.at/result?searchterm=true&search=arkana" "Mozilla/5.0 (Windows NT 10.0; Win64; x64) AppleWebKit/537.36 (KHTML, like Gecko) Chrome/94.0.4606.81 Safari/537.36 Edg/94.0.992.50"
80.122.221.194 - - [19/Oct/2021:08:29:36 +0200] "GET /reload?ser=1634624976913 HTTP/1.1" 200 28 "http://renault.activities.at/result?searchterm=true&search=Spring" "Mozilla/5.0 (Windows NT 10.0; Win64; x64) AppleWebKit/537.36 (KHTML, like Gecko) Chrome/94.0.4606.81 Safari/537.36 Edg/94.0.992.47"
193.194.132.26 - - [19/Oct/2021:08:29:51 +0200] "GET /reload?ser=1634624991052 HTTP/1.1" 200 28 "http://renault.2web.at/account" "Mozilla/5.0 (Windows NT 10.0; Win64; x64) AppleWebKit/537.36 (KHTML, like Gecko) Chrome/94.0.4606.81 Safari/537.36"
81.189.177.106 - - [19/Oct/2021:08:30:02 +0200] "GET /reload?ser=1634625002538 HTTP/1.1" 200 28 "http://renault.activities.at/10260003?dir=DESC&mode=grid&order=name&limit=15&page=3" "Mozilla/5.0 (Windows NT 10.0; Win64; x64) AppleWebKit/537.36 (KHTML, like Gecko) Chrome/94.0.4606.81 Safari/537.36"
91.114.96.114 - - [19/Oct/2021:08:30:05 +0200] "GET /reload?ser=1634625003581 HTTP/1.1" 200 28 "http://renault.activities.at/result?searchterm=true&search=arkana" "Mozilla/5.0 (Windows NT 10.0; Win64; x64) AppleWebKit/537.36 (KHTML, like Gecko) Chrome/94.0.4606.81 Safari/537.36 Edg/94.0.992.50"
80.122.221.194 - - [19/Oct/2021:08:30:37 +0200] "GET /reload?ser=1634625037914 HTTP/1.1" 200 28 "http://renault.activities.at/result?searchterm=true&search=Spring" "Mozilla/5.0 (Windows NT 10.0; Win64; x64) AppleWebKit/537.36 (KHTML, like Gecko) Chrome/94.0.4606.81 Safari/537.36 Edg/94.0.992.47"
193.194.132.26 - - [19/Oct/2021:08:30:53 +0200] "GET /reload?ser=1634625053054 HTTP/1.1" 200 28 "http://renault.2web.at/account" "Mozilla/5.0 (Windows NT 10.0; Win64; x64) AppleWebKit/537.36 (KHTML, like Gecko) Chrome/94.0.4606.81 Safari/537.36"
81.189.177.106 - - [19/Oct/2021:08:31:03 +0200] "GET /reload?ser=1634625063488 HTTP/1.1" 200 28 "http://renault.activities.at/10260003?dir=DESC&mode=grid&order=name&limit=15&page=3" "Mozilla/5.0 (Windows NT 10.0; Win64; x64) AppleWebKit/537.36 (KHTML, like Gecko) Chrome/94.0.4606.81 Safari/537.36"
91.114.96.114 - - [19/Oct/2021:08:31:06 +0200] "GET /reload?ser=1634625064584 HTTP/1.1" 200 28 "http://renault.activities.at/result?searchterm=true&search=arkana" "Mozilla/5.0 (Windows NT 10.0; Win64; x64) AppleWebKit/537.36 (KHTML, like Gecko) Chrome/94.0.4606.81 Safari/537.36 Edg/94.0.992.50"
80.122.221.194 - - [19/Oct/2021:08:31:38 +0200] "GET /reload?ser=1634625098906 HTTP/1.1" 200 28 "http://renault.activities.at/result?searchterm=true&search=Spring" "Mozilla/5.0 (Windows NT 10.0; Win64; x64) AppleWebKit/537.36 (KHTML, like Gecko) Chrome/94.0.4606.81 Safari/537.36 Edg/94.0.992.47"
193.194.132.26 - - [19/Oct/2021:08:31:55 +0200] "GET /reload?ser=1634625115054 HTTP/1.1" 200 28 "http://renault.2web.at/account" "Mozilla/5.0 (Windows NT 10.0; Win64; x64) AppleWebKit/537.36 (KHTML, like Gecko) Chrome/94.0.4606.81 Safari/537.36"
81.189.177.106 - - [19/Oct/2021:08:32:04 +0200] "GET /reload?ser=1634625124448 HTTP/1.1" 200 28 "http://renault.activities.at/10260003?dir=DESC&mode=grid&order=name&limit=15&page=3" "Mozilla/5.0 (Windows NT 10.0; Win64; x64) AppleWebKit/537.36 (KHTML, like Gecko) Chrome/94.0.4606.81 Safari/537.36"
91.114.96.114 - - [19/Oct/2021:08:32:08 +0200] "GET /reload?ser=1634625126581 HTTP/1.1" 200 28 "http://renault.activities.at/result?searchterm=true&search=arkana" "Mozilla/5.0 (Windows NT 10.0; Win64; x64) AppleWebKit/537.36 (KHTML, like Gecko) Chrome/94.0.4606.81 Safari/537.36 Edg/94.0.992.50"
80.122.221.194 - - [19/Oct/2021:08:32:39 +0200] "GET /reload?ser=1634625159907 HTTP/1.1" 200 28 "http://renault.activities.at/result?searchterm=true&search=Spring" "Mozilla/5.0 (Windows NT 10.0; Win64; x64) AppleWebKit/537.36 (KHTML, like Gecko) Chrome/94.0.4606.81 Safari/537.36 Edg/94.0.992.47"
193.194.132.26 - - [19/Oct/2021:08:32:57 +0200] "GET /reload?ser=1634625177055 HTTP/1.1" 200 28 "http://renault.2web.at/account" "Mozilla/5.0 (Windows NT 10.0; Win64; x64) AppleWebKit/537.36 (KHTML, like Gecko) Chrome/94.0.4606.81 Safari/537.36"
81.189.177.106 - - [19/Oct/2021:08:33:05 +0200] "GET /reload?ser=1634625185359 HTTP/1.1" 200 28 "http://renault.activities.at/10260003?dir=DESC&mode=grid&order=name&limit=15&page=3" "Mozilla/5.0 (Windows NT 10.0; Win64; x64) AppleWebKit/537.36 (KHTML, like Gecko) Chrome/94.0.4606.81 Safari/537.36"
91.114.96.114 - - [19/Oct/2021:08:33:10 +0200] "GET /reload?ser=1634625188574 HTTP/1.1" 200 28 "http://renault.activities.at/result?searchterm=true&search=arkana" "Mozilla/5.0 (Windows NT 10.0; Win64; x64) AppleWebKit/537.36 (KHTML, like Gecko) Chrome/94.0.4606.81 Safari/537.36 Edg/94.0.992.50"
80.122.221.194 - - [19/Oct/2021:08:33:40 +0200] "GET /reload?ser=1634625220914 HTTP/1.1" 200 28 "http://renault.activities.at/result?searchterm=true&search=Spring" "Mozilla/5.0 (Windows NT 10.0; Win64; x64) AppleWebKit/537.36 (KHTML, like Gecko) Chrome/94.0.4606.81 Safari/537.36 Edg/94.0.992.47"
193.194.132.26 - - [19/Oct/2021:08:33:59 +0200] "GET /reload?ser=1634625239055 HTTP/1.1" 200 28 "http://renault.2web.at/account" "Mozilla/5.0 (Windows NT 10.0; Win64; x64) AppleWebKit/537.36 (KHTML, like Gecko) Chrome/94.0.4606.81 Safari/537.36"
81.189.177.106 - - [19/Oct/2021:08:34:06 +0200] "GET /reload?ser=1634625246282 HTTP/1.1" 200 28 "http://renault.activities.at/10260003?dir=DESC&mode=grid&order=name&limit=15&page=3" "Mozilla/5.0 (Windows NT 10.0; Win64; x64) AppleWebKit/537.36 (KHTML, like Gecko) Chrome/94.0.4606.81 Safari/537.36"
91.114.96.114 - - [19/Oct/2021:08:34:11 +0200] "GET /reload?ser=1634625249583 HTTP/1.1" 200 28 "http://renault.activities.at/result?searchterm=true&search=arkana" "Mozilla/5.0 (Windows NT 10.0; Win64; x64) AppleWebKit/537.36 (KHTML, like Gecko) Chrome/94.0.4606.81 Safari/537.36 Edg/94.0.992.50"
80.122.221.194 - - [19/Oct/2021:08:34:41 +0200] "GET /reload?ser=1634625281900 HTTP/1.1" 200 28 "http://renault.activities.at/result?searchterm=true&search=Spring" "Mozilla/5.0 (Windows NT 10.0; Win64; x64) AppleWebKit/537.36 (KHTML, like Gecko) Chrome/94.0.4606.81 Safari/537.36 Edg/94.0.992.47"
193.194.132.26 - - [19/Oct/2021:08:35:01 +0200] "GET /reload?ser=1634625301056 HTTP/1.1" 200 28 "http://renault.2web.at/account" "Mozilla/5.0 (Windows NT 10.0; Win64; x64) AppleWebKit/537.36 (KHTML, like Gecko) Chrome/94.0.4606.81 Safari/537.36"
81.189.177.106 - - [19/Oct/2021:08:35:07 +0200] "GET /reload?ser=1634625307199 HTTP/1.1" 200 28 "http://renault.activities.at/10260003?dir=DESC&mode=grid&order=name&limit=15&page=3" "Mozilla/5.0 (Windows NT 10.0; Win64; x64) AppleWebKit/537.36 (KHTML, like Gecko) Chrome/94.0.4606.81 Safari/537.36"
91.114.96.114 - - [19/Oct/2021:08:35:12 +0200] "GET /reload?ser=1634625310584 HTTP/1.1" 200 28 "http://renault.activities.at/result?searchterm=true&search=arkana" "Mozilla/5.0 (Windows NT 10.0; Win64; x64) AppleWebKit/537.36 (KHTML, like Gecko) Chrome/94.0.4606.81 Safari/537.36 Edg/94.0.992.50"
80.122.221.194 - - [19/Oct/2021:08:35:42 +0200] "GET /reload?ser=1634625342902 HTTP/1.1" 200 28 "http://renault.activities.at/result?searchterm=true&search=Spring" "Mozilla/5.0 (Windows NT 10.0; Win64; x64) AppleWebKit/537.36 (KHTML, like Gecko) Chrome/94.0.4606.81 Safari/537.36 Edg/94.0.992.47"
193.194.132.26 - - [19/Oct/2021:08:36:03 +0200] "GET /reload?ser=1634625363060 HTTP/1.1" 200 28 "http://renault.2web.at/account" "Mozilla/5.0 (Windows NT 10.0; Win64; x64) AppleWebKit/537.36 (KHTML, like Gecko) Chrome/94.0.4606.81 Safari/537.36"
81.189.177.106 - - [19/Oct/2021:08:36:08 +0200] "GET /reload?ser=1634625368175 HTTP/1.1" 200 28 "http://renault.activities.at/10260003?dir=DESC&mode=grid&order=name&limit=15&page=3" "Mozilla/5.0 (Windows NT 10.0; Win64; x64) AppleWebKit/537.36 (KHTML, like Gecko) Chrome/94.0.4606.81 Safari/537.36"
91.114.96.114 - - [19/Oct/2021:08:36:14 +0200] "GET /reload?ser=1634625372575 HTTP/1.1" 200 28 "http://renault.activities.at/result?searchterm=true&search=arkana" "Mozilla/5.0 (Windows NT 10.0; Win64; x64) AppleWebKit/537.36 (KHTML, like Gecko) Chrome/94.0.4606.81 Safari/537.36 Edg/94.0.992.50"
80.122.221.194 - - [19/Oct/2021:08:36:43 +0200] "GET /reload?ser=1634625403909 HTTP/1.1" 200 28 "http://renault.activities.at/result?searchterm=true&search=Spring" "Mozilla/5.0 (Windows NT 10.0; Win64; x64) AppleWebKit/537.36 (KHTML, like Gecko) Chrome/94.0.4606.81 Safari/537.36 Edg/94.0.992.47"
193.194.132.26 - - [19/Oct/2021:08:37:05 +0200] "GET /reload?ser=1634625425063 HTTP/1.1" 200 28 "http://renault.2web.at/account" "Mozilla/5.0 (Windows NT 10.0; Win64; x64) AppleWebKit/537.36 (KHTML, like Gecko) Chrome/94.0.4606.81 Safari/537.36"
81.189.177.106 - - [19/Oct/2021:08:37:09 +0200] "GET /reload?ser=1634625429086 HTTP/1.1" 200 28 "http://renault.activities.at/10260003?dir=DESC&mode=grid&order=name&limit=15&page=3" "Mozilla/5.0 (Windows NT 10.0; Win64; x64) AppleWebKit/537.36 (KHTML, like Gecko) Chrome/94.0.4606.81 Safari/537.36"
91.114.96.114 - - [19/Oct/2021:08:37:15 +0200] "GET /reload?ser=1634625433581 HTTP/1.1" 200 28 "http://renault.activities.at/result?searchterm=true&search=arkana" "Mozilla/5.0 (Windows NT 10.0; Win64; x64) AppleWebKit/537.36 (KHTML, like Gecko) Chrome/94.0.4606.81 Safari/537.36 Edg/94.0.992.50"
80.122.221.194 - - [19/Oct/2021:08:37:44 +0200] "GET /reload?ser=1634625464910 HTTP/1.1" 200 28 "http://renault.activities.at/result?searchterm=true&search=Spring" "Mozilla/5.0 (Windows NT 10.0; Win64; x64) AppleWebKit/537.36 (KHTML, like Gecko) Chrome/94.0.4606.81 Safari/537.36 Edg/94.0.992.47"
138.21.12.29 - - [19/Oct/2021:08:37:54 +0200] "GET /login HTTP/1.1" 200 2095 "-" "Mozilla/5.0 (Windows NT 10.0; Win64; x64) AppleWebKit/537.36 (KHTML, like Gecko) Chrome/94.0.4606.81 Safari/537.36"
138.21.12.29 - - [19/Oct/2021:08:37:55 +0200] "GET /js/default.js HTTP/1.1" 200 14698 "http://renault.2web.at/login" "Mozilla/5.0 (Windows NT 10.0; Win64; x64) AppleWebKit/537.36 (KHTML, like Gecko) Chrome/94.0.4606.81 Safari/537.36"
138.21.12.29 - - [19/Oct/2021:08:37:55 +0200] "GET /css/styles.css HTTP/1.1" 200 14664 "http://renault.2web.at/login" "Mozilla/5.0 (Windows NT 10.0; Win64; x64) AppleWebKit/537.36 (KHTML, like Gecko) Chrome/94.0.4606.81 Safari/537.36"
138.21.12.29 - - [19/Oct/2021:08:37:55 +0200] "GET /js/index.php?c=auto&f=,prototype/prototype.js,prototype/validation.js,scriptaculous/builder.js,scriptaculous/effects.js,scriptaculous/dragdrop.js,scriptaculous/controls.js,scriptaculous/slider.js,varien/js.js,varien/form.js,varien/menu.js,mage/translate.js,mage/cookies.js,varien/product.js,spinner/SpinnerControl.jsmin.js,prototype/window.js,prototype/window_ext.js HTTP/1.1" 304 - "http://renault.2web.at/login" "Mozilla/5.0 (Windows NT 10.0; Win64; x64) AppleWebKit/537.36 (KHTML, like Gecko) Chrome/94.0.4606.81 Safari/537.36"
138.21.12.29 - - [19/Oct/2021:08:37:56 +0200] "GET /loadthumbnail.php?id=11127982 HTTP/1.1" 200 399614 "http://renault.2web.at/login" "Mozilla/5.0 (Windows NT 10.0; Win64; x64) AppleWebKit/537.36 (KHTML, like Gecko) Chrome/94.0.4606.81 Safari/537.36"
138.21.12.29 - - [19/Oct/2021:08:37:56 +0200] "GET /images/favicon.ico HTTP/1.1" 404 300 "http://renault.2web.at/login" "Mozilla/5.0 (Windows NT 10.0; Win64; x64) AppleWebKit/537.36 (KHTML, like Gecko) Chrome/94.0.4606.81 Safari/537.36"
138.21.12.29 - - [19/Oct/2021:08:38:01 +0200] "POST /login HTTP/1.1" 302 137 "http://renault.2web.at/login" "Mozilla/5.0 (Windows NT 10.0; Win64; x64) AppleWebKit/537.36 (KHTML, like Gecko) Chrome/94.0.4606.81 Safari/537.36"
138.21.12.29 - - [19/Oct/2021:08:38:03 +0200] "GET /account HTTP/1.1" 200 8817 "http://renault.2web.at/login" "Mozilla/5.0 (Windows NT 10.0; Win64; x64) AppleWebKit/537.36 (KHTML, like Gecko) Chrome/94.0.4606.81 Safari/537.36"
138.21.12.29 - - [19/Oct/2021:08:38:07 +0200] "GET /loadthumbnail.php?id=11141133&width=50&height=50 HTTP/1.1" 200 682 "http://renault.2web.at/account" "Mozilla/5.0 (Windows NT 10.0; Win64; x64) AppleWebKit/537.36 (KHTML, like Gecko) Chrome/94.0.4606.81 Safari/537.36"
138.21.12.29 - - [19/Oct/2021:08:38:07 +0200] "GET /loadthumbnail.php?id=11036126&width=50&height=50 HTTP/1.1" 200 748 "http://renault.2web.at/account" "Mozilla/5.0 (Windows NT 10.0; Win64; x64) AppleWebKit/537.36 (KHTML, like Gecko) Chrome/94.0.4606.81 Safari/537.36"
138.21.12.29 - - [19/Oct/2021:08:38:07 +0200] "GET /loadthumbnail.php?id=10203651&width=50&height=50 HTTP/1.1" 200 1234 "http://renault.2web.at/account" "Mozilla/5.0 (Windows NT 10.0; Win64; x64) AppleWebKit/537.36 (KHTML, like Gecko) Chrome/94.0.4606.81 Safari/537.36"
193.194.132.26 - - [19/Oct/2021:08:38:07 +0200] "GET /reload?ser=1634625487065 HTTP/1.1" 200 28 "http://renault.2web.at/account" "Mozilla/5.0 (Windows NT 10.0; Win64; x64) AppleWebKit/537.36 (KHTML, like Gecko) Chrome/94.0.4606.81 Safari/537.36"
81.189.177.106 - - [19/Oct/2021:08:38:10 +0200] "GET /reload?ser=1634625490003 HTTP/1.1" 200 28 "http://renault.activities.at/10260003?dir=DESC&mode=grid&order=name&limit=15&page=3" "Mozilla/5.0 (Windows NT 10.0; Win64; x64) AppleWebKit/537.36 (KHTML, like Gecko) Chrome/94.0.4606.81 Safari/537.36"
138.21.12.29 - - [19/Oct/2021:08:38:13 +0200] "POST /axjaxrequest?mode=suggest HTTP/1.1" 200 116 "http://renault.2web.at/account" "Mozilla/5.0 (Windows NT 10.0; Win64; x64) AppleWebKit/537.36 (KHTML, like Gecko) Chrome/94.0.4606.81 Safari/537.36"
91.114.96.114 - - [19/Oct/2021:08:38:16 +0200] "GET /reload?ser=1634625494583 HTTP/1.1" 200 28 "http://renault.activities.at/result?searchterm=true&search=arkana" "Mozilla/5.0 (Windows NT 10.0; Win64; x64) AppleWebKit/537.36 (KHTML, like Gecko) Chrome/94.0.4606.81 Safari/537.36 Edg/94.0.992.50"
138.21.12.29 - - [19/Oct/2021:08:38:16 +0200] "GET /result?searchterm=true&search=Kugelschreiber HTTP/1.1" 200 8045 "http://renault.2web.at/account" "Mozilla/5.0 (Windows NT 10.0; Win64; x64) AppleWebKit/537.36 (KHTML, like Gecko) Chrome/94.0.4606.81 Safari/537.36"
138.21.12.29 - - [19/Oct/2021:08:38:18 +0200] "GET /result?searchterm=true&search=Kugelschreiber HTTP/1.1" 200 8045 "http://renault.2web.at/account" "Mozilla/5.0 (Windows NT 10.0; Win64; x64) AppleWebKit/537.36 (KHTML, like Gecko) Chrome/94.0.4606.81 Safari/537.36"
138.21.12.29 - - [19/Oct/2021:08:38:20 +0200] "GET /loadthumbnail.php?id=10203255 HTTP/1.1" 200 137 "http://renault.2web.at/result?searchterm=true&search=Kugelschreiber" "Mozilla/5.0 (Windows NT 10.0; Win64; x64) AppleWebKit/537.36 (KHTML, like Gecko) Chrome/94.0.4606.81 Safari/537.36"
138.21.12.29 - - [19/Oct/2021:08:38:20 +0200] "GET /loadthumbnail.php?id=10203650&width=113 HTTP/1.1" 200 2741 "http://renault.2web.at/result?searchterm=true&search=Kugelschreiber" "Mozilla/5.0 (Windows NT 10.0; Win64; x64) AppleWebKit/537.36 (KHTML, like Gecko) Chrome/94.0.4606.81 Safari/537.36"
138.21.12.29 - - [19/Oct/2021:08:38:25 +0200] "GET /css/themes/alphacube/frame_right.gif HTTP/1.1" 200 64 "http://renault.2web.at/css/themes/alphacube.css" "Mozilla/5.0 (Windows NT 10.0; Win64; x64) AppleWebKit/537.36 (KHTML, like Gecko) Chrome/94.0.4606.81 Safari/537.36"
138.21.12.29 - - [19/Oct/2021:08:38:25 +0200] "GET /11044785?print=true HTTP/1.1" 200 2557 "http://renault.2web.at/result?searchterm=true&search=Kugelschreiber" "Mozilla/5.0 (Windows NT 10.0; Win64; x64) AppleWebKit/537.36 (KHTML, like Gecko) Chrome/94.0.4606.81 Safari/537.36"
138.21.12.29 - - [19/Oct/2021:08:38:28 +0200] "GET /loadthumbnail.php?id=10203650&width=200 HTTP/1.1" 200 4671 "http://renault.2web.at/11044785?print=true" "Mozilla/5.0 (Windows NT 10.0; Win64; x64) AppleWebKit/537.36 (KHTML, like Gecko) Chrome/94.0.4606.81 Safari/537.36"
80.122.221.194 - - [19/Oct/2021:08:38:45 +0200] "GET /reload?ser=1634625525901 HTTP/1.1" 200 28 "http://renault.activities.at/result?searchterm=true&search=Spring" "Mozilla/5.0 (Windows NT 10.0; Win64; x64) AppleWebKit/537.36 (KHTML, like Gecko) Chrome/94.0.4606.81 Safari/537.36 Edg/94.0.992.47"
138.21.12.29 - - [19/Oct/2021:08:38:44 +0200] "GET /account HTTP/1.1" 200 8817 "http://renault.2web.at/login" "Mozilla/5.0 (Windows NT 10.0; Win64; x64) AppleWebKit/537.36 (KHTML, like Gecko) Chrome/94.0.4606.81 Safari/537.36"
193.194.132.26 - - [19/Oct/2021:08:39:09 +0200] "GET /reload?ser=1634625549069 HTTP/1.1" 200 28 "http://renault.2web.at/account" "Mozilla/5.0 (Windows NT 10.0; Win64; x64) AppleWebKit/537.36 (KHTML, like Gecko) Chrome/94.0.4606.81 Safari/537.36"
81.189.177.106 - - [19/Oct/2021:08:39:10 +0200] "GET /reload?ser=1634625550944 HTTP/1.1" 200 28 "http://renault.activities.at/10260003?dir=DESC&mode=grid&order=name&limit=15&page=3" "Mozilla/5.0 (Windows NT 10.0; Win64; x64) AppleWebKit/537.36 (KHTML, like Gecko) Chrome/94.0.4606.81 Safari/537.36"
91.114.96.114 - - [19/Oct/2021:08:39:18 +0200] "GET /reload?ser=1634625556567 HTTP/1.1" 200 28 "http://renault.activities.at/result?searchterm=true&search=arkana" "Mozilla/5.0 (Windows NT 10.0; Win64; x64) AppleWebKit/537.36 (KHTML, like Gecko) Chrome/94.0.4606.81 Safari/537.36 Edg/94.0.992.50"
80.122.221.194 - - [19/Oct/2021:08:39:46 +0200] "GET /reload?ser=1634625586903 HTTP/1.1" 200 28 "http://renault.activities.at/result?searchterm=true&search=Spring" "Mozilla/5.0 (Windows NT 10.0; Win64; x64) AppleWebKit/537.36 (KHTML, like Gecko) Chrome/94.0.4606.81 Safari/537.36 Edg/94.0.992.47"
193.194.132.26 - - [19/Oct/2021:08:40:11 +0200] "GET /reload?ser=1634625611071 HTTP/1.1" 200 28 "http://renault.2web.at/account" "Mozilla/5.0 (Windows NT 10.0; Win64; x64) AppleWebKit/537.36 (KHTML, like Gecko) Chrome/94.0.4606.81 Safari/537.36"
81.189.177.106 - - [19/Oct/2021:08:40:11 +0200] "GET /reload?ser=1634625611870 HTTP/1.1" 200 28 "http://renault.activities.at/10260003?dir=DESC&mode=grid&order=name&limit=15&page=3" "Mozilla/5.0 (Windows NT 10.0; Win64; x64) AppleWebKit/537.36 (KHTML, like Gecko) Chrome/94.0.4606.81 Safari/537.36"
91.114.96.114 - - [19/Oct/2021:08:40:20 +0200] "GET /reload?ser=1634625618577 HTTP/1.1" 200 28 "http://renault.activities.at/result?searchterm=true&search=arkana" "Mozilla/5.0 (Windows NT 10.0; Win64; x64) AppleWebKit/537.36 (KHTML, like Gecko) Chrome/94.0.4606.81 Safari/537.36 Edg/94.0.992.50"
80.122.221.194 - - [19/Oct/2021:08:40:47 +0200] "GET /reload?ser=1634625647904 HTTP/1.1" 200 28 "http://renault.activities.at/result?searchterm=true&search=Spring" "Mozilla/5.0 (Windows NT 10.0; Win64; x64) AppleWebKit/537.36 (KHTML, like Gecko) Chrome/94.0.4606.81 Safari/537.36 Edg/94.0.992.47"
81.189.177.106 - - [19/Oct/2021:08:41:12 +0200] "GET /reload?ser=1634625672815 HTTP/1.1" 200 28 "http://renault.activities.at/10260003?dir=DESC&mode=grid&order=name&limit=15&page=3" "Mozilla/5.0 (Windows NT 10.0; Win64; x64) AppleWebKit/537.36 (KHTML, like Gecko) Chrome/94.0.4606.81 Safari/537.36"
193.194.132.26 - - [19/Oct/2021:08:41:13 +0200] "GET /reload?ser=1634625673072 HTTP/1.1" 200 28 "http://renault.2web.at/account" "Mozilla/5.0 (Windows NT 10.0; Win64; x64) AppleWebKit/537.36 (KHTML, like Gecko) Chrome/94.0.4606.81 Safari/537.36"
91.114.96.114 - - [19/Oct/2021:08:41:21 +0200] "GET /reload?ser=1634625679560 HTTP/1.1" 200 28 "http://renault.activities.at/result?searchterm=true&search=arkana" "Mozilla/5.0 (Windows NT 10.0; Win64; x64) AppleWebKit/537.36 (KHTML, like Gecko) Chrome/94.0.4606.81 Safari/537.36 Edg/94.0.992.50"
80.122.221.194 - - [19/Oct/2021:08:41:48 +0200] "GET /reload?ser=1634625708911 HTTP/1.1" 200 28 "http://renault.activities.at/result?searchterm=true&search=Spring" "Mozilla/5.0 (Windows NT 10.0; Win64; x64) AppleWebKit/537.36 (KHTML, like Gecko) Chrome/94.0.4606.81 Safari/537.36 Edg/94.0.992.47"
81.189.177.106 - - [19/Oct/2021:08:42:13 +0200] "GET /reload?ser=1634625733731 HTTP/1.1" 200 28 "http://renault.activities.at/10260003?dir=DESC&mode=grid&order=name&limit=15&page=3" "Mozilla/5.0 (Windows NT 10.0; Win64; x64) AppleWebKit/537.36 (KHTML, like Gecko) Chrome/94.0.4606.81 Safari/537.36"
193.194.132.26 - - [19/Oct/2021:08:42:15 +0200] "GET /reload?ser=1634625735073 HTTP/1.1" 200 28 "http://renault.2web.at/account" "Mozilla/5.0 (Windows NT 10.0; Win64; x64) AppleWebKit/537.36 (KHTML, like Gecko) Chrome/94.0.4606.81 Safari/537.36"
91.114.96.114 - - [19/Oct/2021:08:42:22 +0200] "GET /reload?ser=1634625740559 HTTP/1.1" 200 28 "http://renault.activities.at/result?searchterm=true&search=arkana" "Mozilla/5.0 (Windows NT 10.0; Win64; x64) AppleWebKit/537.36 (KHTML, like Gecko) Chrome/94.0.4606.81 Safari/537.36 Edg/94.0.992.50"
80.122.221.194 - - [19/Oct/2021:08:42:49 +0200] "GET /reload?ser=1634625769913 HTTP/1.1" 200 28 "http://renault.activities.at/result?searchterm=true&search=Spring" "Mozilla/5.0 (Windows NT 10.0; Win64; x64) AppleWebKit/537.36 (KHTML, like Gecko) Chrome/94.0.4606.81 Safari/537.36 Edg/94.0.992.47"
81.189.177.106 - - [19/Oct/2021:08:43:14 +0200] "GET /reload?ser=1634625794708 HTTP/1.1" 200 28 "http://renault.activities.at/10260003?dir=DESC&mode=grid&order=name&limit=15&page=3" "Mozilla/5.0 (Windows NT 10.0; Win64; x64) AppleWebKit/537.36 (KHTML, like Gecko) Chrome/94.0.4606.81 Safari/537.36"
193.194.132.26 - - [19/Oct/2021:08:43:17 +0200] "GET /reload?ser=1634625797075 HTTP/1.1" 200 28 "http://renault.2web.at/account" "Mozilla/5.0 (Windows NT 10.0; Win64; x64) AppleWebKit/537.36 (KHTML, like Gecko) Chrome/94.0.4606.81 Safari/537.36"
91.114.96.114 - - [19/Oct/2021:08:43:24 +0200] "GET /reload?ser=1634625802559 HTTP/1.1" 200 28 "http://renault.activities.at/result?searchterm=true&search=arkana" "Mozilla/5.0 (Windows NT 10.0; Win64; x64) AppleWebKit/537.36 (KHTML, like Gecko) Chrome/94.0.4606.81 Safari/537.36 Edg/94.0.992.50"
80.122.221.194 - - [19/Oct/2021:08:43:50 +0200] "GET /reload?ser=1634625830921 HTTP/1.1" 200 28 "http://renault.activities.at/result?searchterm=true&search=Spring" "Mozilla/5.0 (Windows NT 10.0; Win64; x64) AppleWebKit/537.36 (KHTML, like Gecko) Chrome/94.0.4606.81 Safari/537.36 Edg/94.0.992.47"
81.189.177.106 - - [19/Oct/2021:08:44:15 +0200] "GET /reload?ser=1634625855657 HTTP/1.1" 200 28 "http://renault.activities.at/10260003?dir=DESC&mode=grid&order=name&limit=15&page=3" "Mozilla/5.0 (Windows NT 10.0; Win64; x64) AppleWebKit/537.36 (KHTML, like Gecko) Chrome/94.0.4606.81 Safari/537.36"
193.194.132.26 - - [19/Oct/2021:08:44:19 +0200] "GET /reload?ser=1634625859091 HTTP/1.1" 200 28 "http://renault.2web.at/account" "Mozilla/5.0 (Windows NT 10.0; Win64; x64) AppleWebKit/537.36 (KHTML, like Gecko) Chrome/94.0.4606.81 Safari/537.36"
91.114.96.114 - - [19/Oct/2021:08:44:25 +0200] "GET /reload?ser=1634625863557 HTTP/1.1" 200 28 "http://renault.activities.at/result?searchterm=true&search=arkana" "Mozilla/5.0 (Windows NT 10.0; Win64; x64) AppleWebKit/537.36 (KHTML, like Gecko) Chrome/94.0.4606.81 Safari/537.36 Edg/94.0.992.50"
80.122.221.194 - - [19/Oct/2021:08:44:51 +0200] "GET /reload?ser=1634625891904 HTTP/1.1" 200 28 "http://renault.activities.at/result?searchterm=true&search=Spring" "Mozilla/5.0 (Windows NT 10.0; Win64; x64) AppleWebKit/537.36 (KHTML, like Gecko) Chrome/94.0.4606.81 Safari/537.36 Edg/94.0.992.47"
81.189.177.106 - - [19/Oct/2021:08:45:16 +0200] "GET /reload?ser=1634625916605 HTTP/1.1" 200 28 "http://renault.activities.at/10260003?dir=DESC&mode=grid&order=name&limit=15&page=3" "Mozilla/5.0 (Windows NT 10.0; Win64; x64) AppleWebKit/537.36 (KHTML, like Gecko) Chrome/94.0.4606.81 Safari/537.36"
193.194.132.26 - - [19/Oct/2021:08:45:21 +0200] "GET /reload?ser=1634625921078 HTTP/1.1" 200 28 "http://renault.2web.at/account" "Mozilla/5.0 (Windows NT 10.0; Win64; x64) AppleWebKit/537.36 (KHTML, like Gecko) Chrome/94.0.4606.81 Safari/537.36"
91.114.96.114 - - [19/Oct/2021:08:45:26 +0200] "GET /reload?ser=1634625924553 HTTP/1.1" 200 28 "http://renault.activities.at/result?searchterm=true&search=arkana" "Mozilla/5.0 (Windows NT 10.0; Win64; x64) AppleWebKit/537.36 (KHTML, like Gecko) Chrome/94.0.4606.81 Safari/537.36 Edg/94.0.992.50"
80.122.221.194 - - [19/Oct/2021:08:45:52 +0200] "GET /reload?ser=1634625952915 HTTP/1.1" 200 28 "http://renault.activities.at/result?searchterm=true&search=Spring" "Mozilla/5.0 (Windows NT 10.0; Win64; x64) AppleWebKit/537.36 (KHTML, like Gecko) Chrome/94.0.4606.81 Safari/537.36 Edg/94.0.992.47"
81.189.177.106 - - [19/Oct/2021:08:46:17 +0200] "GET /reload?ser=1634625977577 HTTP/1.1" 200 28 "http://renault.activities.at/10260003?dir=DESC&mode=grid&order=name&limit=15&page=3" "Mozilla/5.0 (Windows NT 10.0; Win64; x64) AppleWebKit/537.36 (KHTML, like Gecko) Chrome/94.0.4606.81 Safari/537.36"
193.194.132.26 - - [19/Oct/2021:08:46:23 +0200] "GET /reload?ser=1634625983078 HTTP/1.1" 200 28 "http://renault.2web.at/account" "Mozilla/5.0 (Windows NT 10.0; Win64; x64) AppleWebKit/537.36 (KHTML, like Gecko) Chrome/94.0.4606.81 Safari/537.36"
91.114.96.114 - - [19/Oct/2021:08:46:27 +0200] "GET /reload?ser=1634625985557 HTTP/1.1" 200 28 "http://renault.activities.at/result?searchterm=true&search=arkana" "Mozilla/5.0 (Windows NT 10.0; Win64; x64) AppleWebKit/537.36 (KHTML, like Gecko) Chrome/94.0.4606.81 Safari/537.36 Edg/94.0.992.50"
80.122.221.194 - - [19/Oct/2021:08:46:53 +0200] "GET /reload?ser=1634626013914 HTTP/1.1" 200 28 "http://renault.activities.at/result?searchterm=true&search=Spring" "Mozilla/5.0 (Windows NT 10.0; Win64; x64) AppleWebKit/537.36 (KHTML, like Gecko) Chrome/94.0.4606.81 Safari/537.36 Edg/94.0.992.47"
81.189.177.106 - - [19/Oct/2021:08:47:18 +0200] "GET /reload?ser=1634626038495 HTTP/1.1" 200 28 "http://renault.activities.at/10260003?dir=DESC&mode=grid&order=name&limit=15&page=3" "Mozilla/5.0 (Windows NT 10.0; Win64; x64) AppleWebKit/537.36 (KHTML, like Gecko) Chrome/94.0.4606.81 Safari/537.36"
193.194.132.26 - - [19/Oct/2021:08:47:25 +0200] "GET /reload?ser=1634626045079 HTTP/1.1" 200 28 "http://renault.2web.at/account" "Mozilla/5.0 (Windows NT 10.0; Win64; x64) AppleWebKit/537.36 (KHTML, like Gecko) Chrome/94.0.4606.81 Safari/537.36"
91.114.96.114 - - [19/Oct/2021:08:47:29 +0200] "GET /reload?ser=1634626047555 HTTP/1.1" 200 28 "http://renault.activities.at/result?searchterm=true&search=arkana" "Mozilla/5.0 (Windows NT 10.0; Win64; x64) AppleWebKit/537.36 (KHTML, like Gecko) Chrome/94.0.4606.81 Safari/537.36 Edg/94.0.992.50"
80.122.221.194 - - [19/Oct/2021:08:47:54 +0200] "GET /reload?ser=1634626074914 HTTP/1.1" 200 28 "http://renault.activities.at/result?searchterm=true&search=Spring" "Mozilla/5.0 (Windows NT 10.0; Win64; x64) AppleWebKit/537.36 (KHTML, like Gecko) Chrome/94.0.4606.81 Safari/537.36 Edg/94.0.992.47"
81.189.177.106 - - [19/Oct/2021:08:48:19 +0200] "GET /reload?ser=1634626099473 HTTP/1.1" 200 28 "http://renault.activities.at/10260003?dir=DESC&mode=grid&order=name&limit=15&page=3" "Mozilla/5.0 (Windows NT 10.0; Win64; x64) AppleWebKit/537.36 (KHTML, like Gecko) Chrome/94.0.4606.81 Safari/537.36"
193.194.132.26 - - [19/Oct/2021:08:48:27 +0200] "GET /reload?ser=1634626107079 HTTP/1.1" 200 28 "http://renault.2web.at/account" "Mozilla/5.0 (Windows NT 10.0; Win64; x64) AppleWebKit/537.36 (KHTML, like Gecko) Chrome/94.0.4606.81 Safari/537.36"
91.114.96.114 - - [19/Oct/2021:08:48:30 +0200] "GET /reload?ser=1634626108554 HTTP/1.1" 200 28 "http://renault.activities.at/result?searchterm=true&search=arkana" "Mozilla/5.0 (Windows NT 10.0; Win64; x64) AppleWebKit/537.36 (KHTML, like Gecko) Chrome/94.0.4606.81 Safari/537.36 Edg/94.0.992.50"
80.122.221.194 - - [19/Oct/2021:08:48:55 +0200] "GET /reload?ser=1634626135914 HTTP/1.1" 200 28 "http://renault.activities.at/result?searchterm=true&search=Spring" "Mozilla/5.0 (Windows NT 10.0; Win64; x64) AppleWebKit/537.36 (KHTML, like Gecko) Chrome/94.0.4606.81 Safari/537.36 Edg/94.0.992.47"
81.189.177.106 - - [19/Oct/2021:08:49:20 +0200] "GET /reload?ser=1634626160423 HTTP/1.1" 200 28 "http://renault.activities.at/10260003?dir=DESC&mode=grid&order=name&limit=15&page=3" "Mozilla/5.0 (Windows NT 10.0; Win64; x64) AppleWebKit/537.36 (KHTML, like Gecko) Chrome/94.0.4606.81 Safari/537.36"
193.194.132.26 - - [19/Oct/2021:08:49:29 +0200] "GET /reload?ser=1634626169081 HTTP/1.1" 200 28 "http://renault.2web.at/account" "Mozilla/5.0 (Windows NT 10.0; Win64; x64) AppleWebKit/537.36 (KHTML, like Gecko) Chrome/94.0.4606.81 Safari/537.36"
91.114.96.114 - - [19/Oct/2021:08:49:31 +0200] "GET /reload?ser=1634626169548 HTTP/1.1" 200 28 "http://renault.activities.at/result?searchterm=true&search=arkana" "Mozilla/5.0 (Windows NT 10.0; Win64; x64) AppleWebKit/537.36 (KHTML, like Gecko) Chrome/94.0.4606.81 Safari/537.36 Edg/94.0.992.50"
80.122.221.194 - - [19/Oct/2021:08:49:57 +0200] "GET /reload?ser=1634626197904 HTTP/1.1" 200 28 "http://renault.activities.at/result?searchterm=true&search=Spring" "Mozilla/5.0 (Windows NT 10.0; Win64; x64) AppleWebKit/537.36 (KHTML, like Gecko) Chrome/94.0.4606.81 Safari/537.36 Edg/94.0.992.47"
81.189.177.106 - - [19/Oct/2021:08:50:21 +0200] "GET /reload?ser=1634626221369 HTTP/1.1" 200 28 "http://renault.activities.at/10260003?dir=DESC&mode=grid&order=name&limit=15&page=3" "Mozilla/5.0 (Windows NT 10.0; Win64; x64) AppleWebKit/537.36 (KHTML, like Gecko) Chrome/94.0.4606.81 Safari/537.36"
193.194.132.26 - - [19/Oct/2021:08:50:31 +0200] "GET /reload?ser=1634626231081 HTTP/1.1" 200 28 "http://renault.2web.at/account" "Mozilla/5.0 (Windows NT 10.0; Win64; x64) AppleWebKit/537.36 (KHTML, like Gecko) Chrome/94.0.4606.81 Safari/537.36"
91.114.96.114 - - [19/Oct/2021:08:50:32 +0200] "GET /reload?ser=1634626230547 HTTP/1.1" 200 28 "http://renault.activities.at/result?searchterm=true&search=arkana" "Mozilla/5.0 (Windows NT 10.0; Win64; x64) AppleWebKit/537.36 (KHTML, like Gecko) Chrome/94.0.4606.81 Safari/537.36 Edg/94.0.992.50"
80.122.221.194 - - [19/Oct/2021:08:50:58 +0200] "GET /reload?ser=1634626258904 HTTP/1.1" 200 28 "http://renault.activities.at/result?searchterm=true&search=Spring" "Mozilla/5.0 (Windows NT 10.0; Win64; x64) AppleWebKit/537.36 (KHTML, like Gecko) Chrome/94.0.4606.81 Safari/537.36 Edg/94.0.992.47"
81.189.177.106 - - [19/Oct/2021:08:51:22 +0200] "GET /reload?ser=1634626282285 HTTP/1.1" 200 28 "http://renault.activities.at/10260003?dir=DESC&mode=grid&order=name&limit=15&page=3" "Mozilla/5.0 (Windows NT 10.0; Win64; x64) AppleWebKit/537.36 (KHTML, like Gecko) Chrome/94.0.4606.81 Safari/537.36"
91.114.96.114 - - [19/Oct/2021:08:51:33 +0200] "GET /reload?ser=1634626291545 HTTP/1.1" 200 28 "http://renault.activities.at/result?searchterm=true&search=arkana" "Mozilla/5.0 (Windows NT 10.0; Win64; x64) AppleWebKit/537.36 (KHTML, like Gecko) Chrome/94.0.4606.81 Safari/537.36 Edg/94.0.992.50"
193.194.132.26 - - [19/Oct/2021:08:51:33 +0200] "GET /reload?ser=1634626293080 HTTP/1.1" 200 28 "http://renault.2web.at/account" "Mozilla/5.0 (Windows NT 10.0; Win64; x64) AppleWebKit/537.36 (KHTML, like Gecko) Chrome/94.0.4606.81 Safari/537.36"
80.122.221.194 - - [19/Oct/2021:08:51:59 +0200] "GET /reload?ser=1634626319908 HTTP/1.1" 200 28 "http://renault.activities.at/result?searchterm=true&search=Spring" "Mozilla/5.0 (Windows NT 10.0; Win64; x64) AppleWebKit/537.36 (KHTML, like Gecko) Chrome/94.0.4606.81 Safari/537.36 Edg/94.0.992.47"
81.189.177.106 - - [19/Oct/2021:08:52:23 +0200] "GET /reload?ser=1634626343213 HTTP/1.1" 200 28 "http://renault.activities.at/10260003?dir=DESC&mode=grid&order=name&limit=15&page=3" "Mozilla/5.0 (Windows NT 10.0; Win64; x64) AppleWebKit/537.36 (KHTML, like Gecko) Chrome/94.0.4606.81 Safari/537.36"
91.114.96.114 - - [19/Oct/2021:08:52:35 +0200] "GET /reload?ser=1634626353543 HTTP/1.1" 200 28 "http://renault.activities.at/result?searchterm=true&search=arkana" "Mozilla/5.0 (Windows NT 10.0; Win64; x64) AppleWebKit/537.36 (KHTML, like Gecko) Chrome/94.0.4606.81 Safari/537.36 Edg/94.0.992.50"
193.194.132.26 - - [19/Oct/2021:08:52:35 +0200] "GET /reload?ser=1634626355082 HTTP/1.1" 200 28 "http://renault.2web.at/account" "Mozilla/5.0 (Windows NT 10.0; Win64; x64) AppleWebKit/537.36 (KHTML, like Gecko) Chrome/94.0.4606.81 Safari/537.36"
80.122.221.194 - - [19/Oct/2021:08:53:00 +0200] "GET /reload?ser=1634626380908 HTTP/1.1" 200 28 "http://renault.activities.at/result?searchterm=true&search=Spring" "Mozilla/5.0 (Windows NT 10.0; Win64; x64) AppleWebKit/537.36 (KHTML, like Gecko) Chrome/94.0.4606.81 Safari/537.36 Edg/94.0.992.47"
81.189.177.106 - - [19/Oct/2021:08:53:24 +0200] "GET /reload?ser=1634626404157 HTTP/1.1" 200 28 "http://renault.activities.at/10260003?dir=DESC&mode=grid&order=name&limit=15&page=3" "Mozilla/5.0 (Windows NT 10.0; Win64; x64) AppleWebKit/537.36 (KHTML, like Gecko) Chrome/94.0.4606.81 Safari/537.36"
91.114.96.114 - - [19/Oct/2021:08:53:36 +0200] "GET /reload?ser=1634626414549 HTTP/1.1" 200 28 "http://renault.activities.at/result?searchterm=true&search=arkana" "Mozilla/5.0 (Windows NT 10.0; Win64; x64) AppleWebKit/537.36 (KHTML, like Gecko) Chrome/94.0.4606.81 Safari/537.36 Edg/94.0.992.50"
193.194.132.26 - - [19/Oct/2021:08:53:37 +0200] "GET /reload?ser=1634626417086 HTTP/1.1" 200 28 "http://renault.2web.at/account" "Mozilla/5.0 (Windows NT 10.0; Win64; x64) AppleWebKit/537.36 (KHTML, like Gecko) Chrome/94.0.4606.81 Safari/537.36"
80.122.221.194 - - [19/Oct/2021:08:54:02 +0200] "GET /reload?ser=1634626442912 HTTP/1.1" 200 28 "http://renault.activities.at/result?searchterm=true&search=Spring" "Mozilla/5.0 (Windows NT 10.0; Win64; x64) AppleWebKit/537.36 (KHTML, like Gecko) Chrome/94.0.4606.81 Safari/537.36 Edg/94.0.992.47"
81.189.177.106 - - [19/Oct/2021:08:54:25 +0200] "GET /reload?ser=1634626465076 HTTP/1.1" 200 28 "http://renault.activities.at/10260003?dir=DESC&mode=grid&order=name&limit=15&page=3" "Mozilla/5.0 (Windows NT 10.0; Win64; x64) AppleWebKit/537.36 (KHTML, like Gecko) Chrome/94.0.4606.81 Safari/537.36"
91.114.96.114 - - [19/Oct/2021:08:54:37 +0200] "GET /reload?ser=1634626475544 HTTP/1.1" 200 28 "http://renault.activities.at/result?searchterm=true&search=arkana" "Mozilla/5.0 (Windows NT 10.0; Win64; x64) AppleWebKit/537.36 (KHTML, like Gecko) Chrome/94.0.4606.81 Safari/537.36 Edg/94.0.992.50"
193.194.132.26 - - [19/Oct/2021:08:54:39 +0200] "GET /reload?ser=1634626479088 HTTP/1.1" 200 28 "http://renault.2web.at/account" "Mozilla/5.0 (Windows NT 10.0; Win64; x64) AppleWebKit/537.36 (KHTML, like Gecko) Chrome/94.0.4606.81 Safari/537.36"
80.122.221.194 - - [19/Oct/2021:08:55:03 +0200] "GET /reload?ser=1634626503908 HTTP/1.1" 200 28 "http://renault.activities.at/result?searchterm=true&search=Spring" "Mozilla/5.0 (Windows NT 10.0; Win64; x64) AppleWebKit/537.36 (KHTML, like Gecko) Chrome/94.0.4606.81 Safari/537.36 Edg/94.0.992.47"
81.189.177.106 - - [19/Oct/2021:08:55:26 +0200] "GET /reload?ser=1634626526057 HTTP/1.1" 200 28 "http://renault.activities.at/10260003?dir=DESC&mode=grid&order=name&limit=15&page=3" "Mozilla/5.0 (Windows NT 10.0; Win64; x64) AppleWebKit/537.36 (KHTML, like Gecko) Chrome/94.0.4606.81 Safari/537.36"
91.114.96.114 - - [19/Oct/2021:08:55:38 +0200] "GET /reload?ser=1634626536543 HTTP/1.1" 200 28 "http://renault.activities.at/result?searchterm=true&search=arkana" "Mozilla/5.0 (Windows NT 10.0; Win64; x64) AppleWebKit/537.36 (KHTML, like Gecko) Chrome/94.0.4606.81 Safari/537.36 Edg/94.0.992.50"
193.194.132.26 - - [19/Oct/2021:08:55:41 +0200] "GET /reload?ser=1634626541091 HTTP/1.1" 200 28 "http://renault.2web.at/account" "Mozilla/5.0 (Windows NT 10.0; Win64; x64) AppleWebKit/537.36 (KHTML, like Gecko) Chrome/94.0.4606.81 Safari/537.36"
80.122.221.194 - - [19/Oct/2021:08:56:04 +0200] "GET /reload?ser=1634626564908 HTTP/1.1" 200 28 "http://renault.activities.at/result?searchterm=true&search=Spring" "Mozilla/5.0 (Windows NT 10.0; Win64; x64) AppleWebKit/537.36 (KHTML, like Gecko) Chrome/94.0.4606.81 Safari/537.36 Edg/94.0.992.47"
81.189.177.106 - - [19/Oct/2021:08:56:27 +0200] "GET /reload?ser=1634626587037 HTTP/1.1" 200 28 "http://renault.activities.at/10260003?dir=DESC&mode=grid&order=name&limit=15&page=3" "Mozilla/5.0 (Windows NT 10.0; Win64; x64) AppleWebKit/537.36 (KHTML, like Gecko) Chrome/94.0.4606.81 Safari/537.36"
91.114.96.114 - - [19/Oct/2021:08:56:39 +0200] "GET /reload?ser=1634626597536 HTTP/1.1" 200 28 "http://renault.activities.at/result?searchterm=true&search=arkana" "Mozilla/5.0 (Windows NT 10.0; Win64; x64) AppleWebKit/537.36 (KHTML, like Gecko) Chrome/94.0.4606.81 Safari/537.36 Edg/94.0.992.50"
193.194.132.26 - - [19/Oct/2021:08:56:43 +0200] "GET /reload?ser=1634626603102 HTTP/1.1" 200 28 "http://renault.2web.at/account" "Mozilla/5.0 (Windows NT 10.0; Win64; x64) AppleWebKit/537.36 (KHTML, like Gecko) Chrome/94.0.4606.81 Safari/537.36"
80.122.221.194 - - [19/Oct/2021:08:57:05 +0200] "GET /reload?ser=1634626625901 HTTP/1.1" 200 28 "http://renault.activities.at/result?searchterm=true&search=Spring" "Mozilla/5.0 (Windows NT 10.0; Win64; x64) AppleWebKit/537.36 (KHTML, like Gecko) Chrome/94.0.4606.81 Safari/537.36 Edg/94.0.992.47"
81.189.177.106 - - [19/Oct/2021:08:57:28 +0200] "GET /reload?ser=1634626647977 HTTP/1.1" 200 28 "http://renault.activities.at/10260003?dir=DESC&mode=grid&order=name&limit=15&page=3" "Mozilla/5.0 (Windows NT 10.0; Win64; x64) AppleWebKit/537.36 (KHTML, like Gecko) Chrome/94.0.4606.81 Safari/537.36"
91.114.96.114 - - [19/Oct/2021:08:57:40 +0200] "GET /reload?ser=1634626658538 HTTP/1.1" 200 28 "http://renault.activities.at/result?searchterm=true&search=arkana" "Mozilla/5.0 (Windows NT 10.0; Win64; x64) AppleWebKit/537.36 (KHTML, like Gecko) Chrome/94.0.4606.81 Safari/537.36 Edg/94.0.992.50"
193.194.132.26 - - [19/Oct/2021:08:57:45 +0200] "GET /reload?ser=1634626665094 HTTP/1.1" 200 28 "http://renault.2web.at/account" "Mozilla/5.0 (Windows NT 10.0; Win64; x64) AppleWebKit/537.36 (KHTML, like Gecko) Chrome/94.0.4606.81 Safari/537.36"
80.122.221.194 - - [19/Oct/2021:08:58:06 +0200] "GET /reload?ser=1634626686901 HTTP/1.1" 200 28 "http://renault.activities.at/result?searchterm=true&search=Spring" "Mozilla/5.0 (Windows NT 10.0; Win64; x64) AppleWebKit/537.36 (KHTML, like Gecko) Chrome/94.0.4606.81 Safari/537.36 Edg/94.0.992.47"
81.189.177.106 - - [19/Oct/2021:08:58:08 +0200] "GET /checkout HTTP/1.1" 200 10254 "http://renault.activities.at/10260003?dir=DESC&mode=grid&order=name&limit=15&page=3" "Mozilla/5.0 (Windows NT 10.0; Win64; x64) AppleWebKit/537.36 (KHTML, like Gecko) Chrome/94.0.4606.81 Safari/537.36"
81.189.177.106 - - [19/Oct/2021:08:58:15 +0200] "GET /js/checkout2.js HTTP/1.1" 200 4122 "http://renault.activities.at/checkout" "Mozilla/5.0 (Windows NT 10.0; Win64; x64) AppleWebKit/537.36 (KHTML, like Gecko) Chrome/94.0.4606.81 Safari/537.36"
81.189.177.106 - - [19/Oct/2021:08:58:15 +0200] "GET /images/step_bg.jpg HTTP/1.1" 200 319 "http://renault.activities.at/css/styles.css" "Mozilla/5.0 (Windows NT 10.0; Win64; x64) AppleWebKit/537.36 (KHTML, like Gecko) Chrome/94.0.4606.81 Safari/537.36"
81.189.177.106 - - [19/Oct/2021:08:58:15 +0200] "GET /images/ajax_loading.gif HTTP/1.1" 200 1542 "http://renault.activities.at/checkout" "Mozilla/5.0 (Windows NT 10.0; Win64; x64) AppleWebKit/537.36 (KHTML, like Gecko) Chrome/94.0.4606.81 Safari/537.36"
81.189.177.106 - - [19/Oct/2021:08:58:15 +0200] "GET /images/step_marker.gif HTTP/1.1" 200 650 "http://renault.activities.at/css/styles.css" "Mozilla/5.0 (Windows NT 10.0; Win64; x64) AppleWebKit/537.36 (KHTML, like Gecko) Chrome/94.0.4606.81 Safari/537.36"
81.189.177.106 - - [19/Oct/2021:08:58:15 +0200] "GET /images/checkout_border_top.gif HTTP/1.1" 200 156 "http://renault.activities.at/css/styles.css" "Mozilla/5.0 (Windows NT 10.0; Win64; x64) AppleWebKit/537.36 (KHTML, like Gecko) Chrome/94.0.4606.81 Safari/537.36"
