153.92.113.152 - - [21/Oct/2021:10:34:25 +0200] "GET /images/button_left_bg.gif HTTP/1.1" 200 564 "http://renault.activities.at/css/styles.css" "Mozilla/5.0 (Windows NT 6.1; WOW64) AppleWebKit/537.36 (KHTML, like Gecko) Chrome/95.0.4638.54 Safari/537.36"
153.92.113.152 - - [21/Oct/2021:10:34:25 +0200] "GET /images/button_right_bg.gif HTTP/1.1" 200 561 "http://renault.activities.at/css/styles.css" "Mozilla/5.0 (Windows NT 6.1; WOW64) AppleWebKit/537.36 (KHTML, like Gecko) Chrome/95.0.4638.54 Safari/537.36"
153.92.113.152 - - [21/Oct/2021:10:34:25 +0200] "GET /images/button_bg.gif HTTP/1.1" 200 151 "http://renault.activities.at/css/styles.css" "Mozilla/5.0 (Windows NT 6.1; WOW64) AppleWebKit/537.36 (KHTML, like Gecko) Chrome/95.0.4638.54 Safari/537.36"
153.92.113.152 - - [21/Oct/2021:10:34:31 +0200] "GET /images/validation_advice_bg.gif HTTP/1.1" 200 134 "http://renault.activities.at/css/styles.css" "Mozilla/5.0 (Windows NT 6.1; WOW64) AppleWebKit/537.36 (KHTML, like Gecko) Chrome/95.0.4638.54 Safari/537.36"
153.92.113.152 - - [21/Oct/2021:10:34:40 +0200] "POST /login HTTP/1.1" 302 140 "http://renault.activities.at/login" "Mozilla/5.0 (Windows NT 6.1; WOW64) AppleWebKit/537.36 (KHTML, like Gecko) Chrome/95.0.4638.54 Safari/537.36"
193.194.132.27 - - [21/Oct/2021:10:34:43 +0200] "GET /reload?ser=1634805282658 HTTP/1.1" 200 28 "http://renault.2web.at/account" "Mozilla/5.0 (Windows NT 10.0; Win64; x64) AppleWebKit/537.36 (KHTML, like Gecko) Chrome/94.0.4606.81 Safari/537.36"
153.92.113.152 - - [21/Oct/2021:10:34:42 +0200] "GET /account HTTP/1.1" 200 6237 "http://renault.activities.at/login" "Mozilla/5.0 (Windows NT 6.1; WOW64) AppleWebKit/537.36 (KHTML, like Gecko) Chrome/95.0.4638.54 Safari/537.36"
153.92.113.152 - - [21/Oct/2021:10:34:45 +0200] "GET /js/account.js HTTP/1.1" 200 953 "http://renault.activities.at/account" "Mozilla/5.0 (Windows NT 6.1; WOW64) AppleWebKit/537.36 (KHTML, like Gecko) Chrome/95.0.4638.54 Safari/537.36"
153.92.113.152 - - [21/Oct/2021:10:34:45 +0200] "GET /loadthumbnail.php?id=12101538&width=50&height=50 HTTP/1.1" 200 1087 "http://renault.activities.at/account" "Mozilla/5.0 (Windows NT 6.1; WOW64) AppleWebKit/537.36 (KHTML, like Gecko) Chrome/95.0.4638.54 Safari/537.36"
153.92.113.152 - - [21/Oct/2021:10:34:45 +0200] "GET /loadthumbnail.php?id=12088624&width=50&height=50 HTTP/1.1" 200 1112 "http://renault.activities.at/account" "Mozilla/5.0 (Windows NT 6.1; WOW64) AppleWebKit/537.36 (KHTML, like Gecko) Chrome/95.0.4638.54 Safari/537.36"
153.92.113.152 - - [21/Oct/2021:10:34:45 +0200] "GET /images/menu_divider.gif HTTP/1.1" 200 176 "http://renault.activities.at/css/styles.css" "Mozilla/5.0 (Windows NT 6.1; WOW64) AppleWebKit/537.36 (KHTML, like Gecko) Chrome/95.0.4638.54 Safari/537.36"
153.92.113.152 - - [21/Oct/2021:10:34:45 +0200] "GET /loadthumbnail.php?id=12463082&width=50&height=50 HTTP/1.1" 200 1182 "http://renault.activities.at/account" "Mozilla/5.0 (Windows NT 6.1; WOW64) AppleWebKit/537.36 (KHTML, like Gecko) Chrome/95.0.4638.54 Safari/537.36"
153.92.113.152 - - [21/Oct/2021:10:34:45 +0200] "GET /loadthumbnail.php?id=12040662&width=50&height=50 HTTP/1.1" 200 1063 "http://renault.activities.at/account" "Mozilla/5.0 (Windows NT 6.1; WOW64) AppleWebKit/537.36 (KHTML, like Gecko) Chrome/95.0.4638.54 Safari/537.36"
153.92.113.152 - - [21/Oct/2021:10:34:45 +0200] "GET /images/search_bg.gif HTTP/1.1" 200 1726 "http://renault.activities.at/css/styles.css" "Mozilla/5.0 (Windows NT 6.1; WOW64) AppleWebKit/537.36 (KHTML, like Gecko) Chrome/95.0.4638.54 Safari/537.36"
153.92.113.152 - - [21/Oct/2021:10:34:45 +0200] "GET /images/menu_button_bg.jpg HTTP/1.1" 200 322 "http://renault.activities.at/css/styles.css" "Mozilla/5.0 (Windows NT 6.1; WOW64) AppleWebKit/537.36 (KHTML, like Gecko) Chrome/95.0.4638.54 Safari/537.36"
153.92.113.152 - - [21/Oct/2021:10:34:45 +0200] "GET /loadthumbnail.php?id=12463090&width=50&height=50 HTTP/1.1" 200 1238 "http://renault.activities.at/account" "Mozilla/5.0 (Windows NT 6.1; WOW64) AppleWebKit/537.36 (KHTML, like Gecko) Chrome/95.0.4638.54 Safari/537.36"
153.92.113.152 - - [21/Oct/2021:10:34:45 +0200] "GET /images/sidebar_title_corner_right_top.gif HTTP/1.1" 200 383 "http://renault.activities.at/css/styles.css" "Mozilla/5.0 (Windows NT 6.1; WOW64) AppleWebKit/537.36 (KHTML, like Gecko) Chrome/95.0.4638.54 Safari/537.36"
153.92.113.152 - - [21/Oct/2021:10:34:45 +0200] "GET /loadthumbnail.php?id=12460965&width=50&height=50 HTTP/1.1" 200 1116 "http://renault.activities.at/account" "Mozilla/5.0 (Windows NT 6.1; WOW64) AppleWebKit/537.36 (KHTML, like Gecko) Chrome/95.0.4638.54 Safari/537.36"
153.92.113.152 - - [21/Oct/2021:10:34:45 +0200] "GET /images/sidebar_title_border.gif HTTP/1.1" 200 43 "http://renault.activities.at/css/styles.css" "Mozilla/5.0 (Windows NT 6.1; WOW64) AppleWebKit/537.36 (KHTML, like Gecko) Chrome/95.0.4638.54 Safari/537.36"
153.92.113.152 - - [21/Oct/2021:10:34:45 +0200] "GET /images/sidebar_title_border_top.gif HTTP/1.1" 200 155 "http://renault.activities.at/css/styles.css" "Mozilla/5.0 (Windows NT 6.1; WOW64) AppleWebKit/537.36 (KHTML, like Gecko) Chrome/95.0.4638.54 Safari/537.36"
153.92.113.152 - - [21/Oct/2021:10:34:45 +0200] "GET /images/sidebar_title_corner_left_top.gif HTTP/1.1" 200 1124 "http://renault.activities.at/css/styles.css" "Mozilla/5.0 (Windows NT 6.1; WOW64) AppleWebKit/537.36 (KHTML, like Gecko) Chrome/95.0.4638.54 Safari/537.36"
153.92.113.152 - - [21/Oct/2021:10:34:45 +0200] "GET /images/top_links_divider.gif HTTP/1.1" 200 44 "http://renault.activities.at/css/styles.css" "Mozilla/5.0 (Windows NT 6.1; WOW64) AppleWebKit/537.36 (KHTML, like Gecko) Chrome/95.0.4638.54 Safari/537.36"
153.92.113.152 - - [21/Oct/2021:10:34:45 +0200] "GET /images/nav_divider.gif HTTP/1.1" 200 43 "http://renault.activities.at/css/styles.css" "Mozilla/5.0 (Windows NT 6.1; WOW64) AppleWebKit/537.36 (KHTML, like Gecko) Chrome/95.0.4638.54 Safari/537.36"
153.92.113.152 - - [21/Oct/2021:10:34:45 +0200] "GET /images/footer_divider.gif HTTP/1.1" 200 44 "http://renault.activities.at/css/styles.css" "Mozilla/5.0 (Windows NT 6.1; WOW64) AppleWebKit/537.36 (KHTML, like Gecko) Chrome/95.0.4638.54 Safari/537.36"
80.120.210.180 - - [21/Oct/2021:10:34:48 +0200] "GET /reload?ser=1634805288097 HTTP/1.1" 200 28 "http://renault.activities.at/cart" "Mozilla/5.0 (Windows NT 10.0; Win64; x64) AppleWebKit/537.36 (KHTML, like Gecko) Chrome/94.0.4606.81 Safari/537.36 Edg/94.0.992.50"
153.92.113.152 - - [21/Oct/2021:10:34:51 +0200] "POST /axjaxrequest?mode=suggest HTTP/1.1" 200 153 "http://renault.activities.at/account" "Mozilla/5.0 (Windows NT 6.1; WOW64) AppleWebKit/537.36 (KHTML, like Gecko) Chrome/95.0.4638.54 Safari/537.36"
153.92.113.152 - - [21/Oct/2021:10:34:51 +0200] "GET /result?searchterm=true&search=coc HTTP/1.1" 200 6284 "http://renault.activities.at/account" "Mozilla/5.0 (Windows NT 6.1; WOW64) AppleWebKit/537.36 (KHTML, like Gecko) Chrome/95.0.4638.54 Safari/537.36"
153.92.113.152 - - [21/Oct/2021:10:34:54 +0200] "GET /js/prototip.js HTTP/1.1" 200 4588 "http://renault.activities.at/result?searchterm=true&search=coc" "Mozilla/5.0 (Windows NT 6.1; WOW64) AppleWebKit/537.36 (KHTML, like Gecko) Chrome/95.0.4638.54 Safari/537.36"
153.92.113.152 - - [21/Oct/2021:10:34:54 +0200] "GET /js/ProduktGrp.js HTTP/1.1" 200 1569 "http://renault.activities.at/result?searchterm=true&search=coc" "Mozilla/5.0 (Windows NT 6.1; WOW64) AppleWebKit/537.36 (KHTML, like Gecko) Chrome/95.0.4638.54 Safari/537.36"
153.92.113.152 - - [21/Oct/2021:10:34:54 +0200] "GET /images/loading.gif HTTP/1.1" 200 3208 "http://renault.activities.at/result?searchterm=true&search=coc" "Mozilla/5.0 (Windows NT 6.1; WOW64) AppleWebKit/537.36 (KHTML, like Gecko) Chrome/95.0.4638.54 Safari/537.36"
153.92.113.152 - - [21/Oct/2021:10:34:54 +0200] "GET /images/pager_bg.gif HTTP/1.1" 200 150 "http://renault.activities.at/css/styles.css" "Mozilla/5.0 (Windows NT 6.1; WOW64) AppleWebKit/537.36 (KHTML, like Gecko) Chrome/95.0.4638.54 Safari/537.36"
153.92.113.152 - - [21/Oct/2021:10:34:54 +0200] "GET /images/vista-dn.gif HTTP/1.1" 200 128 "http://renault.activities.at/css/styles.css" "Mozilla/5.0 (Windows NT 6.1; WOW64) AppleWebKit/537.36 (KHTML, like Gecko) Chrome/95.0.4638.54 Safari/537.36"
153.92.113.152 - - [21/Oct/2021:10:34:54 +0200] "GET /images/vista-up.gif HTTP/1.1" 200 131 "http://renault.activities.at/css/styles.css" "Mozilla/5.0 (Windows NT 6.1; WOW64) AppleWebKit/537.36 (KHTML, like Gecko) Chrome/95.0.4638.54 Safari/537.36"
153.92.113.152 - - [21/Oct/2021:10:34:54 +0200] "GET /loadthumbnail.php?id=10203255 HTTP/1.1" 200 137 "http://renault.activities.at/result?searchterm=true&search=coc" "Mozilla/5.0 (Windows NT 6.1; WOW64) AppleWebKit/537.36 (KHTML, like Gecko) Chrome/95.0.4638.54 Safari/537.36"
153.92.113.152 - - [21/Oct/2021:10:34:54 +0200] "GET /loadthumbnail.php?id=11776453&width=113 HTTP/1.1" 200 1248 "http://renault.activities.at/result?searchterm=true&search=coc" "Mozilla/5.0 (Windows NT 6.1; WOW64) AppleWebKit/537.36 (KHTML, like Gecko) Chrome/95.0.4638.54 Safari/537.36"
153.92.113.152 - - [21/Oct/2021:10:34:54 +0200] "GET /loadthumbnail.php?id=11146700&width=113 HTTP/1.1" 200 1415 "http://renault.activities.at/result?searchterm=true&search=coc" "Mozilla/5.0 (Windows NT 6.1; WOW64) AppleWebKit/537.36 (KHTML, like Gecko) Chrome/95.0.4638.54 Safari/537.36"
153.92.113.152 - - [21/Oct/2021:10:35:02 +0200] "GET /images/vista-dn-hover.gif HTTP/1.1" 200 127 "http://renault.activities.at/css/styles.css" "Mozilla/5.0 (Windows NT 6.1; WOW64) AppleWebKit/537.36 (KHTML, like Gecko) Chrome/95.0.4638.54 Safari/537.36"
153.92.113.152 - - [21/Oct/2021:10:35:05 +0200] "GET /css/themes/alphacube/top_mid.gif HTTP/1.1" 200 833 "http://renault.activities.at/css/themes/alphacube.css" "Mozilla/5.0 (Windows NT 6.1; WOW64) AppleWebKit/537.36 (KHTML, like Gecko) Chrome/95.0.4638.54 Safari/537.36"
153.92.113.152 - - [21/Oct/2021:10:35:05 +0200] "GET /css/themes/alphacube/bottom_middle.gif HTTP/1.1" 200 44 "http://renault.activities.at/css/themes/alphacube.css" "Mozilla/5.0 (Windows NT 6.1; WOW64) AppleWebKit/537.36 (KHTML, like Gecko) Chrome/95.0.4638.54 Safari/537.36"
153.92.113.152 - - [21/Oct/2021:10:35:05 +0200] "GET /css/themes/alphacube/frame_right.gif HTTP/1.1" 200 64 "http://renault.activities.at/css/themes/alphacube.css" "Mozilla/5.0 (Windows NT 6.1; WOW64) AppleWebKit/537.36 (KHTML, like Gecko) Chrome/95.0.4638.54 Safari/537.36"
153.92.113.152 - - [21/Oct/2021:10:35:05 +0200] "GET /css/themes/alphacube/frame_left.gif HTTP/1.1" 200 64 "http://renault.activities.at/css/themes/alphacube.css" "Mozilla/5.0 (Windows NT 6.1; WOW64) AppleWebKit/537.36 (KHTML, like Gecko) Chrome/95.0.4638.54 Safari/537.36"
153.92.113.152 - - [21/Oct/2021:10:35:05 +0200] "GET /css/themes/alphacube/bottom_right-c.gif HTTP/1.1" 200 62 "http://renault.activities.at/css/themes/alphacube.css" "Mozilla/5.0 (Windows NT 6.1; WOW64) AppleWebKit/537.36 (KHTML, like Gecko) Chrome/95.0.4638.54 Safari/537.36"
153.92.113.152 - - [21/Oct/2021:10:35:05 +0200] "GET /css/themes/alphacube/button-close-focus.gif HTTP/1.1" 200 699 "http://renault.activities.at/css/themes/alphacube.css" "Mozilla/5.0 (Windows NT 6.1; WOW64) AppleWebKit/537.36 (KHTML, like Gecko) Chrome/95.0.4638.54 Safari/537.36"
153.92.113.152 - - [21/Oct/2021:10:35:05 +0200] "GET /css/themes/alphacube/top_left.gif HTTP/1.1" 200 973 "http://renault.activities.at/css/themes/alphacube.css" "Mozilla/5.0 (Windows NT 6.1; WOW64) AppleWebKit/537.36 (KHTML, like Gecko) Chrome/95.0.4638.54 Safari/537.36"
153.92.113.152 - - [21/Oct/2021:10:35:05 +0200] "GET /css/themes/alphacube/top_right.gif HTTP/1.1" 200 972 "http://renault.activities.at/css/themes/alphacube.css" "Mozilla/5.0 (Windows NT 6.1; WOW64) AppleWebKit/537.36 (KHTML, like Gecko) Chrome/95.0.4638.54 Safari/537.36"
153.92.113.152 - - [21/Oct/2021:10:35:05 +0200] "GET /css/themes/alphacube/bottom_left-c.gif HTTP/1.1" 200 62 "http://renault.activities.at/css/themes/alphacube.css" "Mozilla/5.0 (Windows NT 6.1; WOW64) AppleWebKit/537.36 (KHTML, like Gecko) Chrome/95.0.4638.54 Safari/537.36"
88.116.197.170 - - [21/Oct/2021:10:35:05 +0200] "GET /reload?ser=1634805305200 HTTP/1.1" 200 28 "http://renault.activities.at/result?searchterm=true&search=spring&loadrequest=true" "Mozilla/5.0 (Windows NT 10.0; Win64; x64) AppleWebKit/537.36 (KHTML, like Gecko) Chrome/94.0.4606.81 Safari/537.36"
153.92.113.152 - - [21/Oct/2021:10:35:05 +0200] "GET /11145474?print=true HTTP/1.1" 200 2665 "http://renault.activities.at/result?searchterm=true&search=coc" "Mozilla/5.0 (Windows NT 6.1; WOW64) AppleWebKit/537.36 (KHTML, like Gecko) Chrome/95.0.4638.54 Safari/537.36"
153.92.113.152 - - [21/Oct/2021:10:35:08 +0200] "GET /js/magiczoom/magiczoom.css HTTP/1.1" 200 1210 "http://renault.activities.at/11145474?print=true" "Mozilla/5.0 (Windows NT 6.1; WOW64) AppleWebKit/537.36 (KHTML, like Gecko) Chrome/95.0.4638.54 Safari/537.36"
153.92.113.152 - - [21/Oct/2021:10:35:08 +0200] "GET /js/Produkt.js HTTP/1.1" 200 852 "http://renault.activities.at/11145474?print=true" "Mozilla/5.0 (Windows NT 6.1; WOW64) AppleWebKit/537.36 (KHTML, like Gecko) Chrome/95.0.4638.54 Safari/537.36"
153.92.113.152 - - [21/Oct/2021:10:35:08 +0200] "GET /js/magiczoom/magiczoom.js HTTP/1.1" 200 26397 "http://renault.activities.at/11145474?print=true" "Mozilla/5.0 (Windows NT 6.1; WOW64) AppleWebKit/537.36 (KHTML, like Gecko) Chrome/95.0.4638.54 Safari/537.36"
153.92.113.152 - - [21/Oct/2021:10:35:08 +0200] "GET /loadthumbnail.php?id=11146700&width=250 HTTP/1.1" 200 5131 "http://renault.activities.at/11145474?print=true" "Mozilla/5.0 (Windows NT 6.1; WOW64) AppleWebKit/537.36 (KHTML, like Gecko) Chrome/95.0.4638.54 Safari/537.36"
153.92.113.152 - - [21/Oct/2021:10:35:08 +0200] "GET /loadthumbnail.php?id=11146700&width=900&height=900 HTTP/1.1" 200 34759 "http://renault.activities.at/11145474?print=true" "Mozilla/5.0 (Windows NT 6.1; WOW64) AppleWebKit/537.36 (KHTML, like Gecko) Chrome/95.0.4638.54 Safari/537.36"
153.92.113.152 - - [21/Oct/2021:10:35:09 +0200] "GET /js/magiczoom/graphics/hint.gif HTTP/1.1" 200 73 "http://renault.activities.at/js/magiczoom/magiczoom.css" "Mozilla/5.0 (Windows NT 6.1; WOW64) AppleWebKit/537.36 (KHTML, like Gecko) Chrome/95.0.4638.54 Safari/537.36"
153.92.113.152 - - [21/Oct/2021:10:35:11 +0200] "GET /js/magiczoom/graphics/zoomin.cur HTTP/1.1" 200 326 "http://renault.activities.at/js/magiczoom/magiczoom.css" "Mozilla/5.0 (Windows NT 6.1; WOW64) AppleWebKit/537.36 (KHTML, like Gecko) Chrome/95.0.4638.54 Safari/537.36"
193.194.132.27 - - [21/Oct/2021:10:35:45 +0200] "GET /reload?ser=1634805344671 HTTP/1.1" 200 28 "http://renault.2web.at/account" "Mozilla/5.0 (Windows NT 10.0; Win64; x64) AppleWebKit/537.36 (KHTML, like Gecko) Chrome/94.0.4606.81 Safari/537.36"
80.120.210.180 - - [21/Oct/2021:10:35:49 +0200] "GET /reload?ser=1634805349096 HTTP/1.1" 200 28 "http://renault.activities.at/cart" "Mozilla/5.0 (Windows NT 10.0; Win64; x64) AppleWebKit/537.36 (KHTML, like Gecko) Chrome/94.0.4606.81 Safari/537.36 Edg/94.0.992.50"
153.92.113.152 - - [21/Oct/2021:10:35:54 +0200] "GET /reload?ser=1634805354816 HTTP/1.1" 200 28 "http://renault.activities.at/result?searchterm=true&search=coc" "Mozilla/5.0 (Windows NT 6.1; WOW64) AppleWebKit/537.36 (KHTML, like Gecko) Chrome/95.0.4638.54 Safari/537.36"
88.116.197.170 - - [21/Oct/2021:10:36:06 +0200] "GET /reload?ser=1634805366195 HTTP/1.1" 200 28 "http://renault.activities.at/result?searchterm=true&search=spring&loadrequest=true" "Mozilla/5.0 (Windows NT 10.0; Win64; x64) AppleWebKit/537.36 (KHTML, like Gecko) Chrome/94.0.4606.81 Safari/537.36"
153.92.113.152 - - [21/Oct/2021:10:36:22 +0200] "GET /images/vista-up-hover.gif HTTP/1.1" 200 130 "http://renault.activities.at/css/styles.css" "Mozilla/5.0 (Windows NT 6.1; WOW64) AppleWebKit/537.36 (KHTML, like Gecko) Chrome/95.0.4638.54 Safari/537.36"
153.92.113.152 - - [21/Oct/2021:10:36:35 +0200] "POST /11145474?print=true HTTP/1.1" 200 2774 "http://renault.activities.at/11145474?print=true" "Mozilla/5.0 (Windows NT 6.1; WOW64) AppleWebKit/537.36 (KHTML, like Gecko) Chrome/95.0.4638.54 Safari/537.36"
153.92.113.152 - - [21/Oct/2021:10:36:36 +0200] "GET /images/success_msg_icon.gif HTTP/1.1" 200 1024 "http://renault.activities.at/css/styles.css" "Mozilla/5.0 (Windows NT 6.1; WOW64) AppleWebKit/537.36 (KHTML, like Gecko) Chrome/95.0.4638.54 Safari/537.36"
193.194.132.27 - - [21/Oct/2021:10:36:47 +0200] "GET /reload?ser=1634805406664 HTTP/1.1" 200 28 "http://renault.2web.at/account" "Mozilla/5.0 (Windows NT 10.0; Win64; x64) AppleWebKit/537.36 (KHTML, like Gecko) Chrome/94.0.4606.81 Safari/537.36"
80.120.210.180 - - [21/Oct/2021:10:36:51 +0200] "GET /reload?ser=1634805411103 HTTP/1.1" 200 28 "http://renault.activities.at/cart" "Mozilla/5.0 (Windows NT 10.0; Win64; x64) AppleWebKit/537.36 (KHTML, like Gecko) Chrome/94.0.4606.81 Safari/537.36 Edg/94.0.992.50"
153.92.113.152 - - [21/Oct/2021:10:36:55 +0200] "GET /reload?ser=1634805415790 HTTP/1.1" 200 28 "http://renault.activities.at/result?searchterm=true&search=coc" "Mozilla/5.0 (Windows NT 6.1; WOW64) AppleWebKit/537.36 (KHTML, like Gecko) Chrome/95.0.4638.54 Safari/537.36"
153.92.113.152 - - [21/Oct/2021:10:36:57 +0200] "GET /11255996?print=true HTTP/1.1" 200 2669 "http://renault.activities.at/result?searchterm=true&search=coc" "Mozilla/5.0 (Windows NT 6.1; WOW64) AppleWebKit/537.36 (KHTML, like Gecko) Chrome/95.0.4638.54 Safari/537.36"
153.92.113.152 - - [21/Oct/2021:10:37:00 +0200] "GET /loadthumbnail.php?id=11776453&width=250 HTTP/1.1" 200 3058 "http://renault.activities.at/11255996?print=true" "Mozilla/5.0 (Windows NT 6.1; WOW64) AppleWebKit/537.36 (KHTML, like Gecko) Chrome/95.0.4638.54 Safari/537.36"
153.92.113.152 - - [21/Oct/2021:10:37:00 +0200] "GET /loadthumbnail.php?id=11776453&width=900&height=900 HTTP/1.1" 200 16607 "http://renault.activities.at/11255996?print=true" "Mozilla/5.0 (Windows NT 6.1; WOW64) AppleWebKit/537.36 (KHTML, like Gecko) Chrome/95.0.4638.54 Safari/537.36"
88.116.197.170 - - [21/Oct/2021:10:37:07 +0200] "GET /reload?ser=1634805427191 HTTP/1.1" 200 28 "http://renault.activities.at/result?searchterm=true&search=spring&loadrequest=true" "Mozilla/5.0 (Windows NT 10.0; Win64; x64) AppleWebKit/537.36 (KHTML, like Gecko) Chrome/94.0.4606.81 Safari/537.36"
153.92.113.152 - - [21/Oct/2021:10:37:18 +0200] "POST /11255996?print=true HTTP/1.1" 200 2778 "http://renault.activities.at/11255996?print=true" "Mozilla/5.0 (Windows NT 6.1; WOW64) AppleWebKit/537.36 (KHTML, like Gecko) Chrome/95.0.4638.54 Safari/537.36"
153.92.113.152 - - [21/Oct/2021:10:37:43 +0200] "POST /result?searchterm=true&search=coc HTTP/1.1" 200 6487 "http://renault.activities.at/result?searchterm=true&search=coc" "Mozilla/5.0 (Windows NT 6.1; WOW64) AppleWebKit/537.36 (KHTML, like Gecko) Chrome/95.0.4638.54 Safari/537.36"
193.194.132.27 - - [21/Oct/2021:10:37:49 +0200] "GET /reload?ser=1634805468667 HTTP/1.1" 200 28 "http://renault.2web.at/account" "Mozilla/5.0 (Windows NT 10.0; Win64; x64) AppleWebKit/537.36 (KHTML, like Gecko) Chrome/94.0.4606.81 Safari/537.36"
80.120.210.180 - - [21/Oct/2021:10:37:52 +0200] "GET /reload?ser=1634805472104 HTTP/1.1" 200 28 "http://renault.activities.at/cart" "Mozilla/5.0 (Windows NT 10.0; Win64; x64) AppleWebKit/537.36 (KHTML, like Gecko) Chrome/94.0.4606.81 Safari/537.36 Edg/94.0.992.50"
153.92.113.152 - - [21/Oct/2021:10:37:52 +0200] "GET /cart HTTP/1.1" 200 5253 "http://renault.activities.at/result?searchterm=true&search=coc" "Mozilla/5.0 (Windows NT 6.1; WOW64) AppleWebKit/537.36 (KHTML, like Gecko) Chrome/95.0.4638.54 Safari/537.36"
153.92.113.152 - - [21/Oct/2021:10:37:54 +0200] "GET /loadthumbnail.php?id=10232009&width=16&height=16 HTTP/1.1" 200 700 "http://renault.activities.at/cart" "Mozilla/5.0 (Windows NT 6.1; WOW64) AppleWebKit/537.36 (KHTML, like Gecko) Chrome/95.0.4638.54 Safari/537.36"
153.92.113.152 - - [21/Oct/2021:10:37:54 +0200] "GET /loadthumbnail.php?id=11146700&width=100 HTTP/1.1" 200 1235 "http://renault.activities.at/cart" "Mozilla/5.0 (Windows NT 6.1; WOW64) AppleWebKit/537.36 (KHTML, like Gecko) Chrome/95.0.4638.54 Safari/537.36"
153.92.113.152 - - [21/Oct/2021:10:37:54 +0200] "GET /loadthumbnail.php?id=11776453&width=100 HTTP/1.1" 200 1186 "http://renault.activities.at/cart" "Mozilla/5.0 (Windows NT 6.1; WOW64) AppleWebKit/537.36 (KHTML, like Gecko) Chrome/95.0.4638.54 Safari/537.36"
153.92.113.152 - - [21/Oct/2021:10:38:04 +0200] "POST /cart HTTP/1.1" 200 5299 "http://renault.activities.at/cart" "Mozilla/5.0 (Windows NT 6.1; WOW64) AppleWebKit/537.36 (KHTML, like Gecko) Chrome/95.0.4638.54 Safari/537.36"
88.116.197.170 - - [21/Oct/2021:10:38:08 +0200] "GET /reload?ser=1634805488199 HTTP/1.1" 200 28 "http://renault.activities.at/result?searchterm=true&search=spring&loadrequest=true" "Mozilla/5.0 (Windows NT 10.0; Win64; x64) AppleWebKit/537.36 (KHTML, like Gecko) Chrome/94.0.4606.81 Safari/537.36"
153.92.113.152 - - [21/Oct/2021:10:38:17 +0200] "GET /checkout HTTP/1.1" 200 10265 "http://renault.activities.at/cart" "Mozilla/5.0 (Windows NT 6.1; WOW64) AppleWebKit/537.36 (KHTML, like Gecko) Chrome/95.0.4638.54 Safari/537.36"
153.92.113.152 - - [21/Oct/2021:10:38:21 +0200] "GET /js/checkout2.js HTTP/1.1" 200 4122 "http://renault.activities.at/checkout" "Mozilla/5.0 (Windows NT 6.1; WOW64) AppleWebKit/537.36 (KHTML, like Gecko) Chrome/95.0.4638.54 Safari/537.36"
153.92.113.152 - - [21/Oct/2021:10:38:22 +0200] "GET /images/ajax_loading.gif HTTP/1.1" 200 1542 "http://renault.activities.at/checkout" "Mozilla/5.0 (Windows NT 6.1; WOW64) AppleWebKit/537.36 (KHTML, like Gecko) Chrome/95.0.4638.54 Safari/537.36"
153.92.113.152 - - [21/Oct/2021:10:38:22 +0200] "GET /images/step_bg.jpg HTTP/1.1" 200 319 "http://renault.activities.at/css/styles.css" "Mozilla/5.0 (Windows NT 6.1; WOW64) AppleWebKit/537.36 (KHTML, like Gecko) Chrome/95.0.4638.54 Safari/537.36"
153.92.113.152 - - [21/Oct/2021:10:38:22 +0200] "GET /images/step_marker.gif HTTP/1.1" 200 650 "http://renault.activities.at/css/styles.css" "Mozilla/5.0 (Windows NT 6.1; WOW64) AppleWebKit/537.36 (KHTML, like Gecko) Chrome/95.0.4638.54 Safari/537.36"
153.92.113.152 - - [21/Oct/2021:10:38:22 +0200] "GET /images/checkout_border_top.gif HTTP/1.1" 200 156 "http://renault.activities.at/css/styles.css" "Mozilla/5.0 (Windows NT 6.1; WOW64) AppleWebKit/537.36 (KHTML, like Gecko) Chrome/95.0.4638.54 Safari/537.36"
153.92.113.152 - - [21/Oct/2021:10:38:22 +0200] "GET /images/checkout_border.gif HTTP/1.1" 200 43 "http://renault.activities.at/css/styles.css" "Mozilla/5.0 (Windows NT 6.1; WOW64) AppleWebKit/537.36 (KHTML, like Gecko) Chrome/95.0.4638.54 Safari/537.36"
153.92.113.152 - - [21/Oct/2021:10:38:22 +0200] "GET /loadthumbnail.php?id=10201939 HTTP/1.1" 200 201 "http://renault.activities.at/checkout" "Mozilla/5.0 (Windows NT 6.1; WOW64) AppleWebKit/537.36 (KHTML, like Gecko) Chrome/95.0.4638.54 Safari/537.36"
153.92.113.152 - - [21/Oct/2021:10:38:22 +0200] "GET /loadthumbnail.php?id=10202698 HTTP/1.1" 200 16686 "http://renault.activities.at/checkout" "Mozilla/5.0 (Windows NT 6.1; WOW64) AppleWebKit/537.36 (KHTML, like Gecko) Chrome/95.0.4638.54 Safari/537.36"
153.92.113.152 - - [21/Oct/2021:10:38:24 +0200] "POST /docheckout HTTP/1.1" 200 467 "http://renault.activities.at/checkout" "Mozilla/5.0 (Windows NT 6.1; WOW64) AppleWebKit/537.36 (KHTML, like Gecko) Chrome/95.0.4638.54 Safari/537.36"
153.92.113.152 - - [21/Oct/2021:10:38:28 +0200] "POST /docheckout HTTP/1.1" 200 659 "http://renault.activities.at/checkout" "Mozilla/5.0 (Windows NT 6.1; WOW64) AppleWebKit/537.36 (KHTML, like Gecko) Chrome/95.0.4638.54 Safari/537.36"
153.92.113.152 - - [21/Oct/2021:10:38:30 +0200] "GET /images/error_msg_icon.gif HTTP/1.1" 200 1013 "http://renault.activities.at/checkout" "Mozilla/5.0 (Windows NT 6.1; WOW64) AppleWebKit/537.36 (KHTML, like Gecko) Chrome/95.0.4638.54 Safari/537.36"
153.92.113.152 - - [21/Oct/2021:10:38:31 +0200] "POST /docheckout HTTP/1.1" 200 68 "http://renault.activities.at/checkout" "Mozilla/5.0 (Windows NT 6.1; WOW64) AppleWebKit/537.36 (KHTML, like Gecko) Chrome/95.0.4638.54 Safari/537.36"
153.92.113.152 - - [21/Oct/2021:10:38:34 +0200] "GET /success HTTP/1.1" 200 3782 "http://renault.activities.at/checkout" "Mozilla/5.0 (Windows NT 6.1; WOW64) AppleWebKit/537.36 (KHTML, like Gecko) Chrome/95.0.4638.54 Safari/537.36"
153.92.113.152 - - [21/Oct/2021:10:38:39 +0200] "GET /12474893?print=true HTTP/1.1" 200 2095 "http://renault.activities.at/success" "Mozilla/5.0 (Windows NT 6.1; WOW64) AppleWebKit/537.36 (KHTML, like Gecko) Chrome/95.0.4638.54 Safari/537.36"
153.92.113.152 - - [21/Oct/2021:10:38:48 +0200] "GET /logout HTTP/1.1" 302 140 "http://renault.activities.at/success" "Mozilla/5.0 (Windows NT 6.1; WOW64) AppleWebKit/537.36 (KHTML, like Gecko) Chrome/95.0.4638.54 Safari/537.36"
153.92.113.152 - - [21/Oct/2021:10:38:49 +0200] "GET /logout HTTP/1.1" 200 1583 "http://renault.activities.at/success" "Mozilla/5.0 (Windows NT 6.1; WOW64) AppleWebKit/537.36 (KHTML, like Gecko) Chrome/95.0.4638.54 Safari/537.36"
193.194.132.27 - - [21/Oct/2021:10:38:51 +0200] "GET /reload?ser=1634805530671 HTTP/1.1" 200 28 "http://renault.2web.at/account" "Mozilla/5.0 (Windows NT 10.0; Win64; x64) AppleWebKit/537.36 (KHTML, like Gecko) Chrome/94.0.4606.81 Safari/537.36"
80.120.210.180 - - [21/Oct/2021:10:38:53 +0200] "GET /reload?ser=1634805533111 HTTP/1.1" 200 28 "http://renault.activities.at/cart" "Mozilla/5.0 (Windows NT 10.0; Win64; x64) AppleWebKit/537.36 (KHTML, like Gecko) Chrome/94.0.4606.81 Safari/537.36 Edg/94.0.992.50"
88.116.197.170 - - [21/Oct/2021:10:39:09 +0200] "GET /reload?ser=1634805549196 HTTP/1.1" 200 28 "http://renault.activities.at/result?searchterm=true&search=spring&loadrequest=true" "Mozilla/5.0 (Windows NT 10.0; Win64; x64) AppleWebKit/537.36 (KHTML, like Gecko) Chrome/94.0.4606.81 Safari/537.36"
193.194.132.27 - - [21/Oct/2021:10:39:53 +0200] "GET /reload?ser=1634805592671 HTTP/1.1" 200 28 "http://renault.2web.at/account" "Mozilla/5.0 (Windows NT 10.0; Win64; x64) AppleWebKit/537.36 (KHTML, like Gecko) Chrome/94.0.4606.81 Safari/537.36"
80.120.210.180 - - [21/Oct/2021:10:39:54 +0200] "GET /reload?ser=1634805594103 HTTP/1.1" 200 28 "http://renault.activities.at/cart" "Mozilla/5.0 (Windows NT 10.0; Win64; x64) AppleWebKit/537.36 (KHTML, like Gecko) Chrome/94.0.4606.81 Safari/537.36 Edg/94.0.992.50"
88.116.197.170 - - [21/Oct/2021:10:40:10 +0200] "GET /reload?ser=1634805610191 HTTP/1.1" 200 28 "http://renault.activities.at/result?searchterm=true&search=spring&loadrequest=true" "Mozilla/5.0 (Windows NT 10.0; Win64; x64) AppleWebKit/537.36 (KHTML, like Gecko) Chrome/94.0.4606.81 Safari/537.36"
193.194.132.27 - - [21/Oct/2021:10:40:55 +0200] "GET /reload?ser=1634805654674 HTTP/1.1" 200 28 "http://renault.2web.at/account" "Mozilla/5.0 (Windows NT 10.0; Win64; x64) AppleWebKit/537.36 (KHTML, like Gecko) Chrome/94.0.4606.81 Safari/537.36"
80.120.210.180 - - [21/Oct/2021:10:40:55 +0200] "GET /reload?ser=1634805655104 HTTP/1.1" 200 28 "http://renault.activities.at/cart" "Mozilla/5.0 (Windows NT 10.0; Win64; x64) AppleWebKit/537.36 (KHTML, like Gecko) Chrome/94.0.4606.81 Safari/537.36 Edg/94.0.992.50"
88.116.197.170 - - [21/Oct/2021:10:41:11 +0200] "GET /reload?ser=1634805671203 HTTP/1.1" 200 28 "http://renault.activities.at/result?searchterm=true&search=spring&loadrequest=true" "Mozilla/5.0 (Windows NT 10.0; Win64; x64) AppleWebKit/537.36 (KHTML, like Gecko) Chrome/94.0.4606.81 Safari/537.36"
80.120.210.180 - - [21/Oct/2021:10:41:56 +0200] "GET /reload?ser=1634805716098 HTTP/1.1" 200 28 "http://renault.activities.at/cart" "Mozilla/5.0 (Windows NT 10.0; Win64; x64) AppleWebKit/537.36 (KHTML, like Gecko) Chrome/94.0.4606.81 Safari/537.36 Edg/94.0.992.50"
193.194.132.27 - - [21/Oct/2021:10:41:57 +0200] "GET /reload?ser=1634805716679 HTTP/1.1" 200 28 "http://renault.2web.at/account" "Mozilla/5.0 (Windows NT 10.0; Win64; x64) AppleWebKit/537.36 (KHTML, like Gecko) Chrome/94.0.4606.81 Safari/537.36"
88.116.197.170 - - [21/Oct/2021:10:42:13 +0200] "GET /reload?ser=1634805733198 HTTP/1.1" 200 28 "http://renault.activities.at/result?searchterm=true&search=spring&loadrequest=true" "Mozilla/5.0 (Windows NT 10.0; Win64; x64) AppleWebKit/537.36 (KHTML, like Gecko) Chrome/94.0.4606.81 Safari/537.36"
80.120.210.180 - - [21/Oct/2021:10:42:57 +0200] "GET /reload?ser=1634805777107 HTTP/1.1" 200 28 "http://renault.activities.at/cart" "Mozilla/5.0 (Windows NT 10.0; Win64; x64) AppleWebKit/537.36 (KHTML, like Gecko) Chrome/94.0.4606.81 Safari/537.36 Edg/94.0.992.50"
193.194.132.27 - - [21/Oct/2021:10:42:59 +0200] "GET /reload?ser=1634805778678 HTTP/1.1" 200 28 "http://renault.2web.at/account" "Mozilla/5.0 (Windows NT 10.0; Win64; x64) AppleWebKit/537.36 (KHTML, like Gecko) Chrome/94.0.4606.81 Safari/537.36"
88.116.197.170 - - [21/Oct/2021:10:43:15 +0200] "GET /reload?ser=1634805795193 HTTP/1.1" 200 28 "http://renault.activities.at/result?searchterm=true&search=spring&loadrequest=true" "Mozilla/5.0 (Windows NT 10.0; Win64; x64) AppleWebKit/537.36 (KHTML, like Gecko) Chrome/94.0.4606.81 Safari/537.36"
80.120.210.180 - - [21/Oct/2021:10:43:58 +0200] "GET /reload?ser=1634805838099 HTTP/1.1" 200 28 "http://renault.activities.at/cart" "Mozilla/5.0 (Windows NT 10.0; Win64; x64) AppleWebKit/537.36 (KHTML, like Gecko) Chrome/94.0.4606.81 Safari/537.36 Edg/94.0.992.50"
193.194.132.27 - - [21/Oct/2021:10:44:01 +0200] "GET /reload?ser=1634805840680 HTTP/1.1" 200 28 "http://renault.2web.at/account" "Mozilla/5.0 (Windows NT 10.0; Win64; x64) AppleWebKit/537.36 (KHTML, like Gecko) Chrome/94.0.4606.81 Safari/537.36"
88.116.197.170 - - [21/Oct/2021:10:44:17 +0200] "GET /reload?ser=1634805857204 HTTP/1.1" 200 28 "http://renault.activities.at/result?searchterm=true&search=spring&loadrequest=true" "Mozilla/5.0 (Windows NT 10.0; Win64; x64) AppleWebKit/537.36 (KHTML, like Gecko) Chrome/94.0.4606.81 Safari/537.36"
80.120.210.180 - - [21/Oct/2021:10:44:59 +0200] "GET /reload?ser=1634805899110 HTTP/1.1" 200 28 "http://renault.activities.at/cart" "Mozilla/5.0 (Windows NT 10.0; Win64; x64) AppleWebKit/537.36 (KHTML, like Gecko) Chrome/94.0.4606.81 Safari/537.36 Edg/94.0.992.50"
193.194.132.27 - - [21/Oct/2021:10:45:03 +0200] "GET /reload?ser=1634805902682 HTTP/1.1" 200 28 "http://renault.2web.at/account" "Mozilla/5.0 (Windows NT 10.0; Win64; x64) AppleWebKit/537.36 (KHTML, like Gecko) Chrome/94.0.4606.81 Safari/537.36"
88.116.197.170 - - [21/Oct/2021:10:45:19 +0200] "GET /reload?ser=1634805919199 HTTP/1.1" 200 28 "http://renault.activities.at/result?searchterm=true&search=spring&loadrequest=true" "Mozilla/5.0 (Windows NT 10.0; Win64; x64) AppleWebKit/537.36 (KHTML, like Gecko) Chrome/94.0.4606.81 Safari/537.36"
80.120.210.180 - - [21/Oct/2021:10:46:00 +0200] "GET /reload?ser=1634805960097 HTTP/1.1" 200 28 "http://renault.activities.at/cart" "Mozilla/5.0 (Windows NT 10.0; Win64; x64) AppleWebKit/537.36 (KHTML, like Gecko) Chrome/94.0.4606.81 Safari/537.36 Edg/94.0.992.50"
193.194.132.27 - - [21/Oct/2021:10:46:05 +0200] "GET /reload?ser=1634805964684 HTTP/1.1" 200 28 "http://renault.2web.at/account" "Mozilla/5.0 (Windows NT 10.0; Win64; x64) AppleWebKit/537.36 (KHTML, like Gecko) Chrome/94.0.4606.81 Safari/537.36"
88.116.197.170 - - [21/Oct/2021:10:46:20 +0200] "GET /reload?ser=1634805980195 HTTP/1.1" 200 28 "http://renault.activities.at/result?searchterm=true&search=spring&loadrequest=true" "Mozilla/5.0 (Windows NT 10.0; Win64; x64) AppleWebKit/537.36 (KHTML, like Gecko) Chrome/94.0.4606.81 Safari/537.36"
80.120.210.180 - - [21/Oct/2021:10:47:01 +0200] "GET /reload?ser=1634806021107 HTTP/1.1" 200 28 "http://renault.activities.at/cart" "Mozilla/5.0 (Windows NT 10.0; Win64; x64) AppleWebKit/537.36 (KHTML, like Gecko) Chrome/94.0.4606.81 Safari/537.36 Edg/94.0.992.50"
193.194.132.27 - - [21/Oct/2021:10:47:07 +0200] "GET /reload?ser=1634806026686 HTTP/1.1" 200 28 "http://renault.2web.at/account" "Mozilla/5.0 (Windows NT 10.0; Win64; x64) AppleWebKit/537.36 (KHTML, like Gecko) Chrome/94.0.4606.81 Safari/537.36"
88.116.197.170 - - [21/Oct/2021:10:47:21 +0200] "GET /reload?ser=1634806041190 HTTP/1.1" 200 28 "http://renault.activities.at/result?searchterm=true&search=spring&loadrequest=true" "Mozilla/5.0 (Windows NT 10.0; Win64; x64) AppleWebKit/537.36 (KHTML, like Gecko) Chrome/94.0.4606.81 Safari/537.36"
80.120.210.180 - - [21/Oct/2021:10:48:02 +0200] "GET /reload?ser=1634806082103 HTTP/1.1" 200 28 "http://renault.activities.at/cart" "Mozilla/5.0 (Windows NT 10.0; Win64; x64) AppleWebKit/537.36 (KHTML, like Gecko) Chrome/94.0.4606.81 Safari/537.36 Edg/94.0.992.50"
193.194.132.27 - - [21/Oct/2021:10:48:09 +0200] "GET /reload?ser=1634806088687 HTTP/1.1" 200 28 "http://renault.2web.at/account" "Mozilla/5.0 (Windows NT 10.0; Win64; x64) AppleWebKit/537.36 (KHTML, like Gecko) Chrome/94.0.4606.81 Safari/537.36"
88.116.197.170 - - [21/Oct/2021:10:48:22 +0200] "GET /reload?ser=1634806102193 HTTP/1.1" 200 28 "http://renault.activities.at/result?searchterm=true&search=spring&loadrequest=true" "Mozilla/5.0 (Windows NT 10.0; Win64; x64) AppleWebKit/537.36 (KHTML, like Gecko) Chrome/94.0.4606.81 Safari/537.36"
80.120.210.180 - - [21/Oct/2021:10:49:03 +0200] "GET /reload?ser=1634806143101 HTTP/1.1" 200 28 "http://renault.activities.at/cart" "Mozilla/5.0 (Windows NT 10.0; Win64; x64) AppleWebKit/537.36 (KHTML, like Gecko) Chrome/94.0.4606.81 Safari/537.36 Edg/94.0.992.50"
193.194.132.27 - - [21/Oct/2021:10:49:11 +0200] "GET /reload?ser=1634806150688 HTTP/1.1" 200 28 "http://renault.2web.at/account" "Mozilla/5.0 (Windows NT 10.0; Win64; x64) AppleWebKit/537.36 (KHTML, like Gecko) Chrome/94.0.4606.81 Safari/537.36"
88.116.197.170 - - [21/Oct/2021:10:49:23 +0200] "GET /reload?ser=1634806163189 HTTP/1.1" 200 28 "http://renault.activities.at/result?searchterm=true&search=spring&loadrequest=true" "Mozilla/5.0 (Windows NT 10.0; Win64; x64) AppleWebKit/537.36 (KHTML, like Gecko) Chrome/94.0.4606.81 Safari/537.36"
80.120.210.180 - - [21/Oct/2021:10:50:04 +0200] "GET /reload?ser=1634806204110 HTTP/1.1" 200 28 "http://renault.activities.at/cart" "Mozilla/5.0 (Windows NT 10.0; Win64; x64) AppleWebKit/537.36 (KHTML, like Gecko) Chrome/94.0.4606.81 Safari/537.36 Edg/94.0.992.50"
193.194.132.27 - - [21/Oct/2021:10:50:13 +0200] "GET /reload?ser=1634806212716 HTTP/1.1" 200 28 "http://renault.2web.at/account" "Mozilla/5.0 (Windows NT 10.0; Win64; x64) AppleWebKit/537.36 (KHTML, like Gecko) Chrome/94.0.4606.81 Safari/537.36"
88.116.197.170 - - [21/Oct/2021:10:50:24 +0200] "GET /reload?ser=1634806224200 HTTP/1.1" 200 28 "http://renault.activities.at/result?searchterm=true&search=spring&loadrequest=true" "Mozilla/5.0 (Windows NT 10.0; Win64; x64) AppleWebKit/537.36 (KHTML, like Gecko) Chrome/94.0.4606.81 Safari/537.36"
80.120.210.180 - - [21/Oct/2021:10:51:05 +0200] "GET /reload?ser=1634806265099 HTTP/1.1" 200 28 "http://renault.activities.at/cart" "Mozilla/5.0 (Windows NT 10.0; Win64; x64) AppleWebKit/537.36 (KHTML, like Gecko) Chrome/94.0.4606.81 Safari/537.36 Edg/94.0.992.50"
193.194.132.27 - - [21/Oct/2021:10:51:15 +0200] "GET /reload?ser=1634806274699 HTTP/1.1" 200 28 "http://renault.2web.at/account" "Mozilla/5.0 (Windows NT 10.0; Win64; x64) AppleWebKit/537.36 (KHTML, like Gecko) Chrome/94.0.4606.81 Safari/537.36"
88.116.197.170 - - [21/Oct/2021:10:51:25 +0200] "GET /reload?ser=1634806285196 HTTP/1.1" 200 28 "http://renault.activities.at/result?searchterm=true&search=spring&loadrequest=true" "Mozilla/5.0 (Windows NT 10.0; Win64; x64) AppleWebKit/537.36 (KHTML, like Gecko) Chrome/94.0.4606.81 Safari/537.36"
80.120.210.180 - - [21/Oct/2021:10:52:06 +0200] "GET /reload?ser=1634806326110 HTTP/1.1" 200 28 "http://renault.activities.at/cart" "Mozilla/5.0 (Windows NT 10.0; Win64; x64) AppleWebKit/537.36 (KHTML, like Gecko) Chrome/94.0.4606.81 Safari/537.36 Edg/94.0.992.50"
193.194.132.27 - - [21/Oct/2021:10:52:17 +0200] "GET /reload?ser=1634806336692 HTTP/1.1" 200 28 "http://renault.2web.at/account" "Mozilla/5.0 (Windows NT 10.0; Win64; x64) AppleWebKit/537.36 (KHTML, like Gecko) Chrome/94.0.4606.81 Safari/537.36"
88.116.197.170 - - [21/Oct/2021:10:52:27 +0200] "GET /reload?ser=1634806347191 HTTP/1.1" 200 28 "http://renault.activities.at/result?searchterm=true&search=spring&loadrequest=true" "Mozilla/5.0 (Windows NT 10.0; Win64; x64) AppleWebKit/537.36 (KHTML, like Gecko) Chrome/94.0.4606.81 Safari/537.36"
80.120.210.180 - - [21/Oct/2021:10:53:07 +0200] "GET /reload?ser=1634806387108 HTTP/1.1" 200 28 "http://renault.activities.at/cart" "Mozilla/5.0 (Windows NT 10.0; Win64; x64) AppleWebKit/537.36 (KHTML, like Gecko) Chrome/94.0.4606.81 Safari/537.36 Edg/94.0.992.50"
193.194.132.27 - - [21/Oct/2021:10:53:19 +0200] "GET /reload?ser=1634806398692 HTTP/1.1" 200 28 "http://renault.2web.at/account" "Mozilla/5.0 (Windows NT 10.0; Win64; x64) AppleWebKit/537.36 (KHTML, like Gecko) Chrome/94.0.4606.81 Safari/537.36"
88.116.197.170 - - [21/Oct/2021:10:53:28 +0200] "GET /reload?ser=1634806408203 HTTP/1.1" 200 28 "http://renault.activities.at/result?searchterm=true&search=spring&loadrequest=true" "Mozilla/5.0 (Windows NT 10.0; Win64; x64) AppleWebKit/537.36 (KHTML, like Gecko) Chrome/94.0.4606.81 Safari/537.36"
80.120.210.180 - - [21/Oct/2021:10:54:08 +0200] "GET /reload?ser=1634806448101 HTTP/1.1" 200 28 "http://renault.activities.at/cart" "Mozilla/5.0 (Windows NT 10.0; Win64; x64) AppleWebKit/537.36 (KHTML, like Gecko) Chrome/94.0.4606.81 Safari/537.36 Edg/94.0.992.50"
193.194.132.27 - - [21/Oct/2021:10:54:21 +0200] "GET /reload?ser=1634806460693 HTTP/1.1" 200 28 "http://renault.2web.at/account" "Mozilla/5.0 (Windows NT 10.0; Win64; x64) AppleWebKit/537.36 (KHTML, like Gecko) Chrome/94.0.4606.81 Safari/537.36"
88.116.197.170 - - [21/Oct/2021:10:54:30 +0200] "GET /reload?ser=1634806470198 HTTP/1.1" 200 28 "http://renault.activities.at/result?searchterm=true&search=spring&loadrequest=true" "Mozilla/5.0 (Windows NT 10.0; Win64; x64) AppleWebKit/537.36 (KHTML, like Gecko) Chrome/94.0.4606.81 Safari/537.36"
80.120.210.180 - - [21/Oct/2021:10:55:09 +0200] "GET /reload?ser=1634806509111 HTTP/1.1" 200 28 "http://renault.activities.at/cart" "Mozilla/5.0 (Windows NT 10.0; Win64; x64) AppleWebKit/537.36 (KHTML, like Gecko) Chrome/94.0.4606.81 Safari/537.36 Edg/94.0.992.50"
193.194.132.27 - - [21/Oct/2021:10:55:23 +0200] "GET /reload?ser=1634806522695 HTTP/1.1" 200 28 "http://renault.2web.at/account" "Mozilla/5.0 (Windows NT 10.0; Win64; x64) AppleWebKit/537.36 (KHTML, like Gecko) Chrome/94.0.4606.81 Safari/537.36"
88.116.197.170 - - [21/Oct/2021:10:55:32 +0200] "GET /reload?ser=1634806532194 HTTP/1.1" 200 28 "http://renault.activities.at/result?searchterm=true&search=spring&loadrequest=true" "Mozilla/5.0 (Windows NT 10.0; Win64; x64) AppleWebKit/537.36 (KHTML, like Gecko) Chrome/94.0.4606.81 Safari/537.36"
80.120.210.180 - - [21/Oct/2021:10:56:10 +0200] "GET /reload?ser=1634806570108 HTTP/1.1" 200 28 "http://renault.activities.at/cart" "Mozilla/5.0 (Windows NT 10.0; Win64; x64) AppleWebKit/537.36 (KHTML, like Gecko) Chrome/94.0.4606.81 Safari/537.36 Edg/94.0.992.50"
193.194.132.27 - - [21/Oct/2021:10:56:25 +0200] "GET /reload?ser=1634806584696 HTTP/1.1" 200 28 "http://renault.2web.at/account" "Mozilla/5.0 (Windows NT 10.0; Win64; x64) AppleWebKit/537.36 (KHTML, like Gecko) Chrome/94.0.4606.81 Safari/537.36"
88.116.197.170 - - [21/Oct/2021:10:56:34 +0200] "GET /reload?ser=1634806594189 HTTP/1.1" 200 28 "http://renault.activities.at/result?searchterm=true&search=spring&loadrequest=true" "Mozilla/5.0 (Windows NT 10.0; Win64; x64) AppleWebKit/537.36 (KHTML, like Gecko) Chrome/94.0.4606.81 Safari/537.36"
80.120.210.180 - - [21/Oct/2021:10:57:11 +0200] "GET /reload?ser=1634806631109 HTTP/1.1" 200 28 "http://renault.activities.at/cart" "Mozilla/5.0 (Windows NT 10.0; Win64; x64) AppleWebKit/537.36 (KHTML, like Gecko) Chrome/94.0.4606.81 Safari/537.36 Edg/94.0.992.50"
193.194.132.27 - - [21/Oct/2021:10:57:27 +0200] "GET /reload?ser=1634806646697 HTTP/1.1" 200 28 "http://renault.2web.at/account" "Mozilla/5.0 (Windows NT 10.0; Win64; x64) AppleWebKit/537.36 (KHTML, like Gecko) Chrome/94.0.4606.81 Safari/537.36"
88.116.197.170 - - [21/Oct/2021:10:57:35 +0200] "GET /reload?ser=1634806655197 HTTP/1.1" 200 28 "http://renault.activities.at/result?searchterm=true&search=spring&loadrequest=true" "Mozilla/5.0 (Windows NT 10.0; Win64; x64) AppleWebKit/537.36 (KHTML, like Gecko) Chrome/94.0.4606.81 Safari/537.36"
80.120.210.180 - - [21/Oct/2021:10:58:12 +0200] "GET /reload?ser=1634806692113 HTTP/1.1" 200 28 "http://renault.activities.at/cart" "Mozilla/5.0 (Windows NT 10.0; Win64; x64) AppleWebKit/537.36 (KHTML, like Gecko) Chrome/94.0.4606.81 Safari/537.36 Edg/94.0.992.50"
193.194.132.27 - - [21/Oct/2021:10:58:29 +0200] "GET /reload?ser=1634806708698 HTTP/1.1" 200 28 "http://renault.2web.at/account" "Mozilla/5.0 (Windows NT 10.0; Win64; x64) AppleWebKit/537.36 (KHTML, like Gecko) Chrome/94.0.4606.81 Safari/537.36"
88.116.197.170 - - [21/Oct/2021:10:58:37 +0200] "GET /reload?ser=1634806717192 HTTP/1.1" 200 28 "http://renault.activities.at/result?searchterm=true&search=spring&loadrequest=true" "Mozilla/5.0 (Windows NT 10.0; Win64; x64) AppleWebKit/537.36 (KHTML, like Gecko) Chrome/94.0.4606.81 Safari/537.36"
80.120.210.180 - - [21/Oct/2021:10:59:13 +0200] "GET /reload?ser=1634806753100 HTTP/1.1" 200 28 "http://renault.activities.at/cart" "Mozilla/5.0 (Windows NT 10.0; Win64; x64) AppleWebKit/537.36 (KHTML, like Gecko) Chrome/94.0.4606.81 Safari/537.36 Edg/94.0.992.50"
193.194.132.27 - - [21/Oct/2021:10:59:31 +0200] "GET /reload?ser=1634806770701 HTTP/1.1" 200 28 "http://renault.2web.at/account" "Mozilla/5.0 (Windows NT 10.0; Win64; x64) AppleWebKit/537.36 (KHTML, like Gecko) Chrome/94.0.4606.81 Safari/537.36"
88.116.197.170 - - [21/Oct/2021:10:59:38 +0200] "GET /reload?ser=1634806778198 HTTP/1.1" 200 28 "http://renault.activities.at/result?searchterm=true&search=spring&loadrequest=true" "Mozilla/5.0 (Windows NT 10.0; Win64; x64) AppleWebKit/537.36 (KHTML, like Gecko) Chrome/94.0.4606.81 Safari/537.36"
80.120.210.180 - - [21/Oct/2021:11:00:14 +0200] "GET /reload?ser=1634806814114 HTTP/1.1" 200 28 "http://renault.activities.at/cart" "Mozilla/5.0 (Windows NT 10.0; Win64; x64) AppleWebKit/537.36 (KHTML, like Gecko) Chrome/94.0.4606.81 Safari/537.36 Edg/94.0.992.50"
193.194.132.27 - - [21/Oct/2021:11:00:33 +0200] "GET /reload?ser=1634806832699 HTTP/1.1" 200 28 "http://renault.2web.at/account" "Mozilla/5.0 (Windows NT 10.0; Win64; x64) AppleWebKit/537.36 (KHTML, like Gecko) Chrome/94.0.4606.81 Safari/537.36"
88.116.197.170 - - [21/Oct/2021:11:00:40 +0200] "GET /reload?ser=1634806840194 HTTP/1.1" 200 28 "http://renault.activities.at/result?searchterm=true&search=spring&loadrequest=true" "Mozilla/5.0 (Windows NT 10.0; Win64; x64) AppleWebKit/537.36 (KHTML, like Gecko) Chrome/94.0.4606.81 Safari/537.36"
80.120.210.180 - - [21/Oct/2021:11:01:15 +0200] "GET /reload?ser=1634806875102 HTTP/1.1" 200 28 "http://renault.activities.at/cart" "Mozilla/5.0 (Windows NT 10.0; Win64; x64) AppleWebKit/537.36 (KHTML, like Gecko) Chrome/94.0.4606.81 Safari/537.36 Edg/94.0.992.50"
193.194.132.27 - - [21/Oct/2021:11:01:35 +0200] "GET /reload?ser=1634806894700 HTTP/1.1" 200 28 "http://renault.2web.at/account" "Mozilla/5.0 (Windows NT 10.0; Win64; x64) AppleWebKit/537.36 (KHTML, like Gecko) Chrome/94.0.4606.81 Safari/537.36"
88.116.197.170 - - [21/Oct/2021:11:01:41 +0200] "GET /reload?ser=1634806901200 HTTP/1.1" 200 28 "http://renault.activities.at/result?searchterm=true&search=spring&loadrequest=true" "Mozilla/5.0 (Windows NT 10.0; Win64; x64) AppleWebKit/537.36 (KHTML, like Gecko) Chrome/94.0.4606.81 Safari/537.36"
80.120.210.180 - - [21/Oct/2021:11:02:16 +0200] "GET /reload?ser=1634806936115 HTTP/1.1" 200 28 "http://renault.activities.at/cart" "Mozilla/5.0 (Windows NT 10.0; Win64; x64) AppleWebKit/537.36 (KHTML, like Gecko) Chrome/94.0.4606.81 Safari/537.36 Edg/94.0.992.50"
193.194.132.27 - - [21/Oct/2021:11:02:37 +0200] "GET /reload?ser=1634806956701 HTTP/1.1" 200 28 "http://renault.2web.at/account" "Mozilla/5.0 (Windows NT 10.0; Win64; x64) AppleWebKit/537.36 (KHTML, like Gecko) Chrome/94.0.4606.81 Safari/537.36"
88.116.197.170 - - [21/Oct/2021:11:02:42 +0200] "GET /reload?ser=1634806962197 HTTP/1.1" 200 28 "http://renault.activities.at/result?searchterm=true&search=spring&loadrequest=true" "Mozilla/5.0 (Windows NT 10.0; Win64; x64) AppleWebKit/537.36 (KHTML, like Gecko) Chrome/94.0.4606.81 Safari/537.36"
80.120.210.180 - - [21/Oct/2021:11:03:18 +0200] "GET /reload?ser=1634806998109 HTTP/1.1" 200 28 "http://renault.activities.at/cart" "Mozilla/5.0 (Windows NT 10.0; Win64; x64) AppleWebKit/537.36 (KHTML, like Gecko) Chrome/94.0.4606.81 Safari/537.36 Edg/94.0.992.50"
193.194.132.27 - - [21/Oct/2021:11:03:39 +0200] "GET /reload?ser=1634807018705 HTTP/1.1" 200 28 "http://renault.2web.at/account" "Mozilla/5.0 (Windows NT 10.0; Win64; x64) AppleWebKit/537.36 (KHTML, like Gecko) Chrome/94.0.4606.81 Safari/537.36"
88.116.197.170 - - [21/Oct/2021:11:03:44 +0200] "GET /reload?ser=1634807024197 HTTP/1.1" 200 28 "http://renault.activities.at/result?searchterm=true&search=spring&loadrequest=true" "Mozilla/5.0 (Windows NT 10.0; Win64; x64) AppleWebKit/537.36 (KHTML, like Gecko) Chrome/94.0.4606.81 Safari/537.36"
80.120.210.180 - - [21/Oct/2021:11:04:19 +0200] "GET /reload?ser=1634807059101 HTTP/1.1" 200 28 "http://renault.activities.at/cart" "Mozilla/5.0 (Windows NT 10.0; Win64; x64) AppleWebKit/537.36 (KHTML, like Gecko) Chrome/94.0.4606.81 Safari/537.36 Edg/94.0.992.50"
193.194.132.27 - - [21/Oct/2021:11:04:41 +0200] "GET /reload?ser=1634807080708 HTTP/1.1" 200 28 "http://renault.2web.at/account" "Mozilla/5.0 (Windows NT 10.0; Win64; x64) AppleWebKit/537.36 (KHTML, like Gecko) Chrome/94.0.4606.81 Safari/537.36"
88.116.197.170 - - [21/Oct/2021:11:04:45 +0200] "GET /reload?ser=1634807085193 HTTP/1.1" 200 28 "http://renault.activities.at/result?searchterm=true&search=spring&loadrequest=true" "Mozilla/5.0 (Windows NT 10.0; Win64; x64) AppleWebKit/537.36 (KHTML, like Gecko) Chrome/94.0.4606.81 Safari/537.36"
80.120.210.180 - - [21/Oct/2021:11:05:20 +0200] "GET /reload?ser=1634807120108 HTTP/1.1" 200 28 "http://renault.activities.at/cart" "Mozilla/5.0 (Windows NT 10.0; Win64; x64) AppleWebKit/537.36 (KHTML, like Gecko) Chrome/94.0.4606.81 Safari/537.36 Edg/94.0.992.50"
193.194.132.27 - - [21/Oct/2021:11:05:43 +0200] "GET /reload?ser=1634807142711 HTTP/1.1" 200 28 "http://renault.2web.at/account" "Mozilla/5.0 (Windows NT 10.0; Win64; x64) AppleWebKit/537.36 (KHTML, like Gecko) Chrome/94.0.4606.81 Safari/537.36"
88.116.197.170 - - [21/Oct/2021:11:05:47 +0200] "GET /reload?ser=1634807147204 HTTP/1.1" 200 28 "http://renault.activities.at/result?searchterm=true&search=spring&loadrequest=true" "Mozilla/5.0 (Windows NT 10.0; Win64; x64) AppleWebKit/537.36 (KHTML, like Gecko) Chrome/94.0.4606.81 Safari/537.36"
80.120.210.180 - - [21/Oct/2021:11:06:21 +0200] "GET /reload?ser=1634807181112 HTTP/1.1" 200 28 "http://renault.activities.at/cart" "Mozilla/5.0 (Windows NT 10.0; Win64; x64) AppleWebKit/537.36 (KHTML, like Gecko) Chrome/94.0.4606.81 Safari/537.36 Edg/94.0.992.50"
193.194.132.27 - - [21/Oct/2021:11:06:45 +0200] "GET /reload?ser=1634807204713 HTTP/1.1" 200 28 "http://renault.2web.at/account" "Mozilla/5.0 (Windows NT 10.0; Win64; x64) AppleWebKit/537.36 (KHTML, like Gecko) Chrome/94.0.4606.81 Safari/537.36"
88.116.197.170 - - [21/Oct/2021:11:06:49 +0200] "GET /reload?ser=1634807209198 HTTP/1.1" 200 28 "http://renault.activities.at/result?searchterm=true&search=spring&loadrequest=true" "Mozilla/5.0 (Windows NT 10.0; Win64; x64) AppleWebKit/537.36 (KHTML, like Gecko) Chrome/94.0.4606.81 Safari/537.36"
80.120.210.180 - - [21/Oct/2021:11:07:22 +0200] "GET /reload?ser=1634807242111 HTTP/1.1" 200 28 "http://renault.activities.at/cart" "Mozilla/5.0 (Windows NT 10.0; Win64; x64) AppleWebKit/537.36 (KHTML, like Gecko) Chrome/94.0.4606.81 Safari/537.36 Edg/94.0.992.50"
193.194.132.27 - - [21/Oct/2021:11:07:47 +0200] "GET /reload?ser=1634807266716 HTTP/1.1" 200 28 "http://renault.2web.at/account" "Mozilla/5.0 (Windows NT 10.0; Win64; x64) AppleWebKit/537.36 (KHTML, like Gecko) Chrome/94.0.4606.81 Safari/537.36"
88.116.197.170 - - [21/Oct/2021:11:07:50 +0200] "GET /reload?ser=1634807270194 HTTP/1.1" 200 28 "http://renault.activities.at/result?searchterm=true&search=spring&loadrequest=true" "Mozilla/5.0 (Windows NT 10.0; Win64; x64) AppleWebKit/537.36 (KHTML, like Gecko) Chrome/94.0.4606.81 Safari/537.36"
80.120.210.180 - - [21/Oct/2021:11:08:23 +0200] "GET /reload?ser=1634807303103 HTTP/1.1" 200 28 "http://renault.activities.at/cart" "Mozilla/5.0 (Windows NT 10.0; Win64; x64) AppleWebKit/537.36 (KHTML, like Gecko) Chrome/94.0.4606.81 Safari/537.36 Edg/94.0.992.50"
193.194.132.27 - - [21/Oct/2021:11:08:49 +0200] "GET /reload?ser=1634807328717 HTTP/1.1" 200 28 "http://renault.2web.at/account" "Mozilla/5.0 (Windows NT 10.0; Win64; x64) AppleWebKit/537.36 (KHTML, like Gecko) Chrome/94.0.4606.81 Safari/537.36"
88.116.197.170 - - [21/Oct/2021:11:08:51 +0200] "GET /reload?ser=1634807331190 HTTP/1.1" 200 28 "http://renault.activities.at/result?searchterm=true&search=spring&loadrequest=true" "Mozilla/5.0 (Windows NT 10.0; Win64; x64) AppleWebKit/537.36 (KHTML, like Gecko) Chrome/94.0.4606.81 Safari/537.36"
80.120.210.180 - - [21/Oct/2021:11:09:24 +0200] "GET /reload?ser=1634807364113 HTTP/1.1" 200 28 "http://renault.activities.at/cart" "Mozilla/5.0 (Windows NT 10.0; Win64; x64) AppleWebKit/537.36 (KHTML, like Gecko) Chrome/94.0.4606.81 Safari/537.36 Edg/94.0.992.50"
193.194.132.27 - - [21/Oct/2021:11:09:51 +0200] "GET /reload?ser=1634807390719 HTTP/1.1" 200 28 "http://renault.2web.at/account" "Mozilla/5.0 (Windows NT 10.0; Win64; x64) AppleWebKit/537.36 (KHTML, like Gecko) Chrome/94.0.4606.81 Safari/537.36"
