88.116.197.170 - - [21/Oct/2021:12:35:43 +0200] "GET /reload?ser=1634812543194 HTTP/1.1" 200 28 "http://renault.activities.at/result?searchterm=true&search=spring&loadrequest=true" "Mozilla/5.0 (Windows NT 10.0; Win64; x64) AppleWebKit/537.36 (KHTML, like Gecko) Chrome/94.0.4606.81 Safari/537.36"
80.120.210.180 - - [21/Oct/2021:12:36:02 +0200] "GET /reload?ser=1634812562114 HTTP/1.1" 200 28 "http://renault.activities.at/cart" "Mozilla/5.0 (Windows NT 10.0; Win64; x64) AppleWebKit/537.36 (KHTML, like Gecko) Chrome/94.0.4606.81 Safari/537.36 Edg/94.0.992.50"
185.22.23.252 - - [21/Oct/2021:12:36:29 +0200] "GET /reload?ser=1634812589885 HTTP/1.1" 200 28 "http://renault.activities.at/success" "Mozilla/5.0 (Windows NT 6.3; Win64; x64) AppleWebKit/537.36 (KHTML, like Gecko) Chrome/94.0.4606.81 Safari/537.36"
193.194.132.27 - - [21/Oct/2021:12:36:39 +0200] "GET /reload?ser=1634812598786 HTTP/1.1" 200 28 "http://renault.2web.at/account" "Mozilla/5.0 (Windows NT 10.0; Win64; x64) AppleWebKit/537.36 (KHTML, like Gecko) Chrome/94.0.4606.81 Safari/537.36"
88.116.197.170 - - [21/Oct/2021:12:36:44 +0200] "GET /reload?ser=1634812604190 HTTP/1.1" 200 28 "http://renault.activities.at/result?searchterm=true&search=spring&loadrequest=true" "Mozilla/5.0 (Windows NT 10.0; Win64; x64) AppleWebKit/537.36 (KHTML, like Gecko) Chrome/94.0.4606.81 Safari/537.36"
80.120.210.180 - - [21/Oct/2021:12:37:03 +0200] "GET /reload?ser=1634812623107 HTTP/1.1" 200 28 "http://renault.activities.at/cart" "Mozilla/5.0 (Windows NT 10.0; Win64; x64) AppleWebKit/537.36 (KHTML, like Gecko) Chrome/94.0.4606.81 Safari/537.36 Edg/94.0.992.50"
185.22.23.252 - - [21/Oct/2021:12:37:30 +0200] "GET /reload?ser=1634812650899 HTTP/1.1" 200 28 "http://renault.activities.at/success" "Mozilla/5.0 (Windows NT 6.3; Win64; x64) AppleWebKit/537.36 (KHTML, like Gecko) Chrome/94.0.4606.81 Safari/537.36"
193.194.132.27 - - [21/Oct/2021:12:37:41 +0200] "GET /reload?ser=1634812660786 HTTP/1.1" 200 28 "http://renault.2web.at/account" "Mozilla/5.0 (Windows NT 10.0; Win64; x64) AppleWebKit/537.36 (KHTML, like Gecko) Chrome/94.0.4606.81 Safari/537.36"
88.116.197.170 - - [21/Oct/2021:12:37:45 +0200] "GET /reload?ser=1634812665199 HTTP/1.1" 200 28 "http://renault.activities.at/result?searchterm=true&search=spring&loadrequest=true" "Mozilla/5.0 (Windows NT 10.0; Win64; x64) AppleWebKit/537.36 (KHTML, like Gecko) Chrome/94.0.4606.81 Safari/537.36"
80.120.210.180 - - [21/Oct/2021:12:38:04 +0200] "GET /reload?ser=1634812684119 HTTP/1.1" 200 28 "http://renault.activities.at/cart" "Mozilla/5.0 (Windows NT 10.0; Win64; x64) AppleWebKit/537.36 (KHTML, like Gecko) Chrome/94.0.4606.81 Safari/537.36 Edg/94.0.992.50"
185.22.23.252 - - [21/Oct/2021:12:38:31 +0200] "GET /reload?ser=1634812711896 HTTP/1.1" 200 28 "http://renault.activities.at/success" "Mozilla/5.0 (Windows NT 6.3; Win64; x64) AppleWebKit/537.36 (KHTML, like Gecko) Chrome/94.0.4606.81 Safari/537.36"
193.194.132.27 - - [21/Oct/2021:12:38:43 +0200] "GET /reload?ser=1634812722786 HTTP/1.1" 200 28 "http://renault.2web.at/account" "Mozilla/5.0 (Windows NT 10.0; Win64; x64) AppleWebKit/537.36 (KHTML, like Gecko) Chrome/94.0.4606.81 Safari/537.36"
88.116.197.170 - - [21/Oct/2021:12:38:46 +0200] "GET /reload?ser=1634812726195 HTTP/1.1" 200 28 "http://renault.activities.at/result?searchterm=true&search=spring&loadrequest=true" "Mozilla/5.0 (Windows NT 10.0; Win64; x64) AppleWebKit/537.36 (KHTML, like Gecko) Chrome/94.0.4606.81 Safari/537.36"
80.120.210.180 - - [21/Oct/2021:12:39:05 +0200] "GET /reload?ser=1634812745118 HTTP/1.1" 200 28 "http://renault.activities.at/cart" "Mozilla/5.0 (Windows NT 10.0; Win64; x64) AppleWebKit/537.36 (KHTML, like Gecko) Chrome/94.0.4606.81 Safari/537.36 Edg/94.0.992.50"
185.22.23.252 - - [21/Oct/2021:12:39:32 +0200] "GET /reload?ser=1634812772893 HTTP/1.1" 200 28 "http://renault.activities.at/success" "Mozilla/5.0 (Windows NT 6.3; Win64; x64) AppleWebKit/537.36 (KHTML, like Gecko) Chrome/94.0.4606.81 Safari/537.36"
193.194.132.27 - - [21/Oct/2021:12:39:45 +0200] "GET /reload?ser=1634812784788 HTTP/1.1" 200 28 "http://renault.2web.at/account" "Mozilla/5.0 (Windows NT 10.0; Win64; x64) AppleWebKit/537.36 (KHTML, like Gecko) Chrome/94.0.4606.81 Safari/537.36"
88.116.197.170 - - [21/Oct/2021:12:39:47 +0200] "GET /reload?ser=1634812787190 HTTP/1.1" 200 28 "http://renault.activities.at/result?searchterm=true&search=spring&loadrequest=true" "Mozilla/5.0 (Windows NT 10.0; Win64; x64) AppleWebKit/537.36 (KHTML, like Gecko) Chrome/94.0.4606.81 Safari/537.36"
80.120.210.180 - - [21/Oct/2021:12:40:06 +0200] "GET /reload?ser=1634812806122 HTTP/1.1" 200 28 "http://renault.activities.at/cart" "Mozilla/5.0 (Windows NT 10.0; Win64; x64) AppleWebKit/537.36 (KHTML, like Gecko) Chrome/94.0.4606.81 Safari/537.36 Edg/94.0.992.50"
185.22.23.252 - - [21/Oct/2021:12:40:33 +0200] "GET /reload?ser=1634812833897 HTTP/1.1" 200 28 "http://renault.activities.at/success" "Mozilla/5.0 (Windows NT 6.3; Win64; x64) AppleWebKit/537.36 (KHTML, like Gecko) Chrome/94.0.4606.81 Safari/537.36"
193.194.132.27 - - [21/Oct/2021:12:40:47 +0200] "GET /reload?ser=1634812846787 HTTP/1.1" 200 28 "http://renault.2web.at/account" "Mozilla/5.0 (Windows NT 10.0; Win64; x64) AppleWebKit/537.36 (KHTML, like Gecko) Chrome/94.0.4606.81 Safari/537.36"
88.116.197.170 - - [21/Oct/2021:12:40:49 +0200] "GET /reload?ser=1634812849199 HTTP/1.1" 200 28 "http://renault.activities.at/result?searchterm=true&search=spring&loadrequest=true" "Mozilla/5.0 (Windows NT 10.0; Win64; x64) AppleWebKit/537.36 (KHTML, like Gecko) Chrome/94.0.4606.81 Safari/537.36"
80.120.210.180 - - [21/Oct/2021:12:41:08 +0200] "GET /reload?ser=1634812868116 HTTP/1.1" 200 28 "http://renault.activities.at/cart" "Mozilla/5.0 (Windows NT 10.0; Win64; x64) AppleWebKit/537.36 (KHTML, like Gecko) Chrome/94.0.4606.81 Safari/537.36 Edg/94.0.992.50"
185.22.23.252 - - [21/Oct/2021:12:41:34 +0200] "GET /reload?ser=1634812894896 HTTP/1.1" 200 28 "http://renault.activities.at/success" "Mozilla/5.0 (Windows NT 6.3; Win64; x64) AppleWebKit/537.36 (KHTML, like Gecko) Chrome/94.0.4606.81 Safari/537.36"
193.194.132.27 - - [21/Oct/2021:12:41:49 +0200] "GET /reload?ser=1634812908787 HTTP/1.1" 200 28 "http://renault.2web.at/account" "Mozilla/5.0 (Windows NT 10.0; Win64; x64) AppleWebKit/537.36 (KHTML, like Gecko) Chrome/94.0.4606.81 Safari/537.36"
88.116.197.170 - - [21/Oct/2021:12:41:50 +0200] "GET /reload?ser=1634812910195 HTTP/1.1" 200 28 "http://renault.activities.at/result?searchterm=true&search=spring&loadrequest=true" "Mozilla/5.0 (Windows NT 10.0; Win64; x64) AppleWebKit/537.36 (KHTML, like Gecko) Chrome/94.0.4606.81 Safari/537.36"
80.120.210.180 - - [21/Oct/2021:12:42:09 +0200] "GET /reload?ser=1634812929120 HTTP/1.1" 200 28 "http://renault.activities.at/cart" "Mozilla/5.0 (Windows NT 10.0; Win64; x64) AppleWebKit/537.36 (KHTML, like Gecko) Chrome/94.0.4606.81 Safari/537.36 Edg/94.0.992.50"
185.22.23.252 - - [21/Oct/2021:12:42:35 +0200] "GET /reload?ser=1634812955892 HTTP/1.1" 200 28 "http://renault.activities.at/success" "Mozilla/5.0 (Windows NT 6.3; Win64; x64) AppleWebKit/537.36 (KHTML, like Gecko) Chrome/94.0.4606.81 Safari/537.36"
193.194.132.27 - - [21/Oct/2021:12:42:51 +0200] "GET /reload?ser=1634812970787 HTTP/1.1" 200 28 "http://renault.2web.at/account" "Mozilla/5.0 (Windows NT 10.0; Win64; x64) AppleWebKit/537.36 (KHTML, like Gecko) Chrome/94.0.4606.81 Safari/537.36"
88.116.197.170 - - [21/Oct/2021:12:42:51 +0200] "GET /reload?ser=1634812971197 HTTP/1.1" 200 28 "http://renault.activities.at/result?searchterm=true&search=spring&loadrequest=true" "Mozilla/5.0 (Windows NT 10.0; Win64; x64) AppleWebKit/537.36 (KHTML, like Gecko) Chrome/94.0.4606.81 Safari/537.36"
185.22.23.252 - - [21/Oct/2021:12:43:36 +0200] "GET /reload?ser=1634813016889 HTTP/1.1" 200 28 "http://renault.activities.at/success" "Mozilla/5.0 (Windows NT 6.3; Win64; x64) AppleWebKit/537.36 (KHTML, like Gecko) Chrome/94.0.4606.81 Safari/537.36"
88.116.197.170 - - [21/Oct/2021:12:43:52 +0200] "GET /reload?ser=1634813032193 HTTP/1.1" 200 28 "http://renault.activities.at/result?searchterm=true&search=spring&loadrequest=true" "Mozilla/5.0 (Windows NT 10.0; Win64; x64) AppleWebKit/537.36 (KHTML, like Gecko) Chrome/94.0.4606.81 Safari/537.36"
193.194.132.27 - - [21/Oct/2021:12:43:53 +0200] "GET /reload?ser=1634813032804 HTTP/1.1" 200 28 "http://renault.2web.at/account" "Mozilla/5.0 (Windows NT 10.0; Win64; x64) AppleWebKit/537.36 (KHTML, like Gecko) Chrome/94.0.4606.81 Safari/537.36"
185.22.23.252 - - [21/Oct/2021:12:44:37 +0200] "GET /reload?ser=1634813077895 HTTP/1.1" 200 28 "http://renault.activities.at/success" "Mozilla/5.0 (Windows NT 6.3; Win64; x64) AppleWebKit/537.36 (KHTML, like Gecko) Chrome/94.0.4606.81 Safari/537.36"
88.116.197.170 - - [21/Oct/2021:12:44:54 +0200] "GET /reload?ser=1634813094204 HTTP/1.1" 200 28 "http://renault.activities.at/result?searchterm=true&search=spring&loadrequest=true" "Mozilla/5.0 (Windows NT 10.0; Win64; x64) AppleWebKit/537.36 (KHTML, like Gecko) Chrome/94.0.4606.81 Safari/537.36"
193.194.132.27 - - [21/Oct/2021:12:44:55 +0200] "GET /reload?ser=1634813094796 HTTP/1.1" 200 28 "http://renault.2web.at/account" "Mozilla/5.0 (Windows NT 10.0; Win64; x64) AppleWebKit/537.36 (KHTML, like Gecko) Chrome/94.0.4606.81 Safari/537.36"
185.22.23.252 - - [21/Oct/2021:12:45:39 +0200] "GET /reload?ser=1634813139895 HTTP/1.1" 200 28 "http://renault.activities.at/success" "Mozilla/5.0 (Windows NT 6.3; Win64; x64) AppleWebKit/537.36 (KHTML, like Gecko) Chrome/94.0.4606.81 Safari/537.36"
88.116.197.170 - - [21/Oct/2021:12:45:56 +0200] "GET /reload?ser=1634813156203 HTTP/1.1" 200 28 "http://renault.activities.at/result?searchterm=true&search=spring&loadrequest=true" "Mozilla/5.0 (Windows NT 10.0; Win64; x64) AppleWebKit/537.36 (KHTML, like Gecko) Chrome/94.0.4606.81 Safari/537.36"
193.194.132.27 - - [21/Oct/2021:12:45:57 +0200] "GET /reload?ser=1634813156805 HTTP/1.1" 200 28 "http://renault.2web.at/account" "Mozilla/5.0 (Windows NT 10.0; Win64; x64) AppleWebKit/537.36 (KHTML, like Gecko) Chrome/94.0.4606.81 Safari/537.36"
185.22.23.252 - - [21/Oct/2021:12:46:40 +0200] "GET /reload?ser=1634813200891 HTTP/1.1" 200 28 "http://renault.activities.at/success" "Mozilla/5.0 (Windows NT 6.3; Win64; x64) AppleWebKit/537.36 (KHTML, like Gecko) Chrome/94.0.4606.81 Safari/537.36"
88.116.197.170 - - [21/Oct/2021:12:46:58 +0200] "GET /reload?ser=1634813218198 HTTP/1.1" 200 28 "http://renault.activities.at/result?searchterm=true&search=spring&loadrequest=true" "Mozilla/5.0 (Windows NT 10.0; Win64; x64) AppleWebKit/537.36 (KHTML, like Gecko) Chrome/94.0.4606.81 Safari/537.36"
193.194.132.27 - - [21/Oct/2021:12:46:59 +0200] "GET /reload?ser=1634813218814 HTTP/1.1" 200 28 "http://renault.2web.at/account" "Mozilla/5.0 (Windows NT 10.0; Win64; x64) AppleWebKit/537.36 (KHTML, like Gecko) Chrome/94.0.4606.81 Safari/537.36"
185.22.23.252 - - [21/Oct/2021:12:47:41 +0200] "GET /reload?ser=1634813261881 HTTP/1.1" 200 28 "http://renault.activities.at/success" "Mozilla/5.0 (Windows NT 6.3; Win64; x64) AppleWebKit/537.36 (KHTML, like Gecko) Chrome/94.0.4606.81 Safari/537.36"
88.116.197.170 - - [21/Oct/2021:12:47:59 +0200] "GET /reload?ser=1634813279203 HTTP/1.1" 200 28 "http://renault.activities.at/result?searchterm=true&search=spring&loadrequest=true" "Mozilla/5.0 (Windows NT 10.0; Win64; x64) AppleWebKit/537.36 (KHTML, like Gecko) Chrome/94.0.4606.81 Safari/537.36"
193.194.132.27 - - [21/Oct/2021:12:48:01 +0200] "GET /reload?ser=1634813280824 HTTP/1.1" 200 28 "http://renault.2web.at/account" "Mozilla/5.0 (Windows NT 10.0; Win64; x64) AppleWebKit/537.36 (KHTML, like Gecko) Chrome/94.0.4606.81 Safari/537.36"
185.22.23.252 - - [21/Oct/2021:12:48:42 +0200] "GET /reload?ser=1634813322893 HTTP/1.1" 200 28 "http://renault.activities.at/success" "Mozilla/5.0 (Windows NT 6.3; Win64; x64) AppleWebKit/537.36 (KHTML, like Gecko) Chrome/94.0.4606.81 Safari/537.36"
88.116.197.170 - - [21/Oct/2021:12:49:01 +0200] "GET /reload?ser=1634813341199 HTTP/1.1" 200 28 "http://renault.activities.at/result?searchterm=true&search=spring&loadrequest=true" "Mozilla/5.0 (Windows NT 10.0; Win64; x64) AppleWebKit/537.36 (KHTML, like Gecko) Chrome/94.0.4606.81 Safari/537.36"
193.194.132.27 - - [21/Oct/2021:12:49:03 +0200] "GET /reload?ser=1634813342833 HTTP/1.1" 200 28 "http://renault.2web.at/account" "Mozilla/5.0 (Windows NT 10.0; Win64; x64) AppleWebKit/537.36 (KHTML, like Gecko) Chrome/94.0.4606.81 Safari/537.36"
185.22.23.252 - - [21/Oct/2021:12:49:43 +0200] "GET /reload?ser=1634813383882 HTTP/1.1" 200 28 "http://renault.activities.at/success" "Mozilla/5.0 (Windows NT 6.3; Win64; x64) AppleWebKit/537.36 (KHTML, like Gecko) Chrome/94.0.4606.81 Safari/537.36"
88.116.197.170 - - [21/Oct/2021:12:50:02 +0200] "GET /reload?ser=1634813402194 HTTP/1.1" 200 28 "http://renault.activities.at/result?searchterm=true&search=spring&loadrequest=true" "Mozilla/5.0 (Windows NT 10.0; Win64; x64) AppleWebKit/537.36 (KHTML, like Gecko) Chrome/94.0.4606.81 Safari/537.36"
193.194.132.27 - - [21/Oct/2021:12:50:05 +0200] "GET /reload?ser=1634813404841 HTTP/1.1" 200 28 "http://renault.2web.at/account" "Mozilla/5.0 (Windows NT 10.0; Win64; x64) AppleWebKit/537.36 (KHTML, like Gecko) Chrome/94.0.4606.81 Safari/537.36"
185.22.23.252 - - [21/Oct/2021:12:50:44 +0200] "GET /reload?ser=1634813444880 HTTP/1.1" 200 28 "http://renault.activities.at/success" "Mozilla/5.0 (Windows NT 6.3; Win64; x64) AppleWebKit/537.36 (KHTML, like Gecko) Chrome/94.0.4606.81 Safari/537.36"
88.116.197.170 - - [21/Oct/2021:12:51:03 +0200] "GET /reload?ser=1634813463197 HTTP/1.1" 200 28 "http://renault.activities.at/result?searchterm=true&search=spring&loadrequest=true" "Mozilla/5.0 (Windows NT 10.0; Win64; x64) AppleWebKit/537.36 (KHTML, like Gecko) Chrome/94.0.4606.81 Safari/537.36"
193.194.132.27 - - [21/Oct/2021:12:51:07 +0200] "GET /reload?ser=1634813466846 HTTP/1.1" 200 28 "http://renault.2web.at/account" "Mozilla/5.0 (Windows NT 10.0; Win64; x64) AppleWebKit/537.36 (KHTML, like Gecko) Chrome/94.0.4606.81 Safari/537.36"
185.22.23.252 - - [21/Oct/2021:12:51:45 +0200] "GET /reload?ser=1634813505880 HTTP/1.1" 200 28 "http://renault.activities.at/success" "Mozilla/5.0 (Windows NT 6.3; Win64; x64) AppleWebKit/537.36 (KHTML, like Gecko) Chrome/94.0.4606.81 Safari/537.36"
88.116.197.170 - - [21/Oct/2021:12:52:04 +0200] "GET /reload?ser=1634813524193 HTTP/1.1" 200 28 "http://renault.activities.at/result?searchterm=true&search=spring&loadrequest=true" "Mozilla/5.0 (Windows NT 10.0; Win64; x64) AppleWebKit/537.36 (KHTML, like Gecko) Chrome/94.0.4606.81 Safari/537.36"
193.194.132.27 - - [21/Oct/2021:12:52:09 +0200] "GET /reload?ser=1634813528853 HTTP/1.1" 200 28 "http://renault.2web.at/account" "Mozilla/5.0 (Windows NT 10.0; Win64; x64) AppleWebKit/537.36 (KHTML, like Gecko) Chrome/94.0.4606.81 Safari/537.36"
185.22.23.252 - - [21/Oct/2021:12:52:46 +0200] "GET /reload?ser=1634813566887 HTTP/1.1" 200 28 "http://renault.activities.at/success" "Mozilla/5.0 (Windows NT 6.3; Win64; x64) AppleWebKit/537.36 (KHTML, like Gecko) Chrome/94.0.4606.81 Safari/537.36"
88.116.197.170 - - [21/Oct/2021:12:53:06 +0200] "GET /reload?ser=1634813586193 HTTP/1.1" 200 28 "http://renault.activities.at/result?searchterm=true&search=spring&loadrequest=true" "Mozilla/5.0 (Windows NT 10.0; Win64; x64) AppleWebKit/537.36 (KHTML, like Gecko) Chrome/94.0.4606.81 Safari/537.36"
193.194.132.27 - - [21/Oct/2021:12:53:11 +0200] "GET /reload?ser=1634813590859 HTTP/1.1" 200 28 "http://renault.2web.at/account" "Mozilla/5.0 (Windows NT 10.0; Win64; x64) AppleWebKit/537.36 (KHTML, like Gecko) Chrome/94.0.4606.81 Safari/537.36"
185.22.23.252 - - [21/Oct/2021:12:53:47 +0200] "GET /reload?ser=1634813627887 HTTP/1.1" 200 28 "http://renault.activities.at/success" "Mozilla/5.0 (Windows NT 6.3; Win64; x64) AppleWebKit/537.36 (KHTML, like Gecko) Chrome/94.0.4606.81 Safari/537.36"
88.116.197.170 - - [21/Oct/2021:12:54:08 +0200] "GET /reload?ser=1634813648203 HTTP/1.1" 200 28 "http://renault.activities.at/result?searchterm=true&search=spring&loadrequest=true" "Mozilla/5.0 (Windows NT 10.0; Win64; x64) AppleWebKit/537.36 (KHTML, like Gecko) Chrome/94.0.4606.81 Safari/537.36"
193.194.132.27 - - [21/Oct/2021:12:54:20 +0200] "GET /reload?ser=1634813660041 HTTP/1.1" 200 28 "http://renault.2web.at/account" "Mozilla/5.0 (Windows NT 10.0; Win64; x64) AppleWebKit/537.36 (KHTML, like Gecko) Chrome/94.0.4606.81 Safari/537.36"
185.22.23.252 - - [21/Oct/2021:12:54:48 +0200] "GET /reload?ser=1634813688881 HTTP/1.1" 200 28 "http://renault.activities.at/success" "Mozilla/5.0 (Windows NT 6.3; Win64; x64) AppleWebKit/537.36 (KHTML, like Gecko) Chrome/94.0.4606.81 Safari/537.36"
88.116.197.170 - - [21/Oct/2021:12:55:10 +0200] "GET /reload?ser=1634813710197 HTTP/1.1" 200 28 "http://renault.activities.at/result?searchterm=true&search=spring&loadrequest=true" "Mozilla/5.0 (Windows NT 10.0; Win64; x64) AppleWebKit/537.36 (KHTML, like Gecko) Chrome/94.0.4606.81 Safari/537.36"
193.194.132.27 - - [21/Oct/2021:12:55:22 +0200] "GET /reload?ser=1634813721871 HTTP/1.1" 200 28 "http://renault.2web.at/account" "Mozilla/5.0 (Windows NT 10.0; Win64; x64) AppleWebKit/537.36 (KHTML, like Gecko) Chrome/94.0.4606.81 Safari/537.36"
185.22.23.252 - - [21/Oct/2021:12:55:49 +0200] "GET /reload?ser=1634813749879 HTTP/1.1" 200 28 "http://renault.activities.at/success" "Mozilla/5.0 (Windows NT 6.3; Win64; x64) AppleWebKit/537.36 (KHTML, like Gecko) Chrome/94.0.4606.81 Safari/537.36"
88.116.197.170 - - [21/Oct/2021:12:56:12 +0200] "GET /reload?ser=1634813772194 HTTP/1.1" 200 28 "http://renault.activities.at/result?searchterm=true&search=spring&loadrequest=true" "Mozilla/5.0 (Windows NT 10.0; Win64; x64) AppleWebKit/537.36 (KHTML, like Gecko) Chrome/94.0.4606.81 Safari/537.36"
193.194.132.27 - - [21/Oct/2021:12:56:24 +0200] "GET /reload?ser=1634813783876 HTTP/1.1" 200 28 "http://renault.2web.at/account" "Mozilla/5.0 (Windows NT 10.0; Win64; x64) AppleWebKit/537.36 (KHTML, like Gecko) Chrome/94.0.4606.81 Safari/537.36"
185.22.23.252 - - [21/Oct/2021:12:56:50 +0200] "GET /reload?ser=1634813810889 HTTP/1.1" 200 28 "http://renault.activities.at/success" "Mozilla/5.0 (Windows NT 6.3; Win64; x64) AppleWebKit/537.36 (KHTML, like Gecko) Chrome/94.0.4606.81 Safari/537.36"
88.116.197.170 - - [21/Oct/2021:12:57:13 +0200] "GET /reload?ser=1634813833190 HTTP/1.1" 200 28 "http://renault.activities.at/result?searchterm=true&search=spring&loadrequest=true" "Mozilla/5.0 (Windows NT 10.0; Win64; x64) AppleWebKit/537.36 (KHTML, like Gecko) Chrome/94.0.4606.81 Safari/537.36"
193.194.132.27 - - [21/Oct/2021:12:57:26 +0200] "GET /reload?ser=1634813845882 HTTP/1.1" 200 28 "http://renault.2web.at/account" "Mozilla/5.0 (Windows NT 10.0; Win64; x64) AppleWebKit/537.36 (KHTML, like Gecko) Chrome/94.0.4606.81 Safari/537.36"
185.22.23.252 - - [21/Oct/2021:12:57:51 +0200] "GET /reload?ser=1634813871878 HTTP/1.1" 200 28 "http://renault.activities.at/success" "Mozilla/5.0 (Windows NT 6.3; Win64; x64) AppleWebKit/537.36 (KHTML, like Gecko) Chrome/94.0.4606.81 Safari/537.36"
88.116.197.170 - - [21/Oct/2021:12:58:14 +0200] "GET /reload?ser=1634813894189 HTTP/1.1" 200 28 "http://renault.activities.at/result?searchterm=true&search=spring&loadrequest=true" "Mozilla/5.0 (Windows NT 10.0; Win64; x64) AppleWebKit/537.36 (KHTML, like Gecko) Chrome/94.0.4606.81 Safari/537.36"
193.194.132.27 - - [21/Oct/2021:12:58:28 +0200] "GET /reload?ser=1634813907886 HTTP/1.1" 200 28 "http://renault.2web.at/account" "Mozilla/5.0 (Windows NT 10.0; Win64; x64) AppleWebKit/537.36 (KHTML, like Gecko) Chrome/94.0.4606.81 Safari/537.36"
185.22.23.252 - - [21/Oct/2021:12:58:52 +0200] "GET /reload?ser=1634813932883 HTTP/1.1" 200 28 "http://renault.activities.at/success" "Mozilla/5.0 (Windows NT 6.3; Win64; x64) AppleWebKit/537.36 (KHTML, like Gecko) Chrome/94.0.4606.81 Safari/537.36"
88.116.197.170 - - [21/Oct/2021:12:59:15 +0200] "GET /reload?ser=1634813955197 HTTP/1.1" 200 28 "http://renault.activities.at/result?searchterm=true&search=spring&loadrequest=true" "Mozilla/5.0 (Windows NT 10.0; Win64; x64) AppleWebKit/537.36 (KHTML, like Gecko) Chrome/94.0.4606.81 Safari/537.36"
193.194.132.27 - - [21/Oct/2021:12:59:30 +0200] "GET /reload?ser=1634813969890 HTTP/1.1" 200 28 "http://renault.2web.at/account" "Mozilla/5.0 (Windows NT 10.0; Win64; x64) AppleWebKit/537.36 (KHTML, like Gecko) Chrome/94.0.4606.81 Safari/537.36"
185.22.23.252 - - [21/Oct/2021:12:59:53 +0200] "GET /reload?ser=1634813993873 HTTP/1.1" 200 28 "http://renault.activities.at/success" "Mozilla/5.0 (Windows NT 6.3; Win64; x64) AppleWebKit/537.36 (KHTML, like Gecko) Chrome/94.0.4606.81 Safari/537.36"
88.116.197.170 - - [21/Oct/2021:13:00:16 +0200] "GET /reload?ser=1634814016192 HTTP/1.1" 200 28 "http://renault.activities.at/result?searchterm=true&search=spring&loadrequest=true" "Mozilla/5.0 (Windows NT 10.0; Win64; x64) AppleWebKit/537.36 (KHTML, like Gecko) Chrome/94.0.4606.81 Safari/537.36"
193.194.132.27 - - [21/Oct/2021:13:00:32 +0200] "GET /reload?ser=1634814031893 HTTP/1.1" 200 28 "http://renault.2web.at/account" "Mozilla/5.0 (Windows NT 10.0; Win64; x64) AppleWebKit/537.36 (KHTML, like Gecko) Chrome/94.0.4606.81 Safari/537.36"
185.22.23.252 - - [21/Oct/2021:13:00:54 +0200] "GET /reload?ser=1634814054875 HTTP/1.1" 200 28 "http://renault.activities.at/success" "Mozilla/5.0 (Windows NT 6.3; Win64; x64) AppleWebKit/537.36 (KHTML, like Gecko) Chrome/94.0.4606.81 Safari/537.36"
88.116.197.170 - - [21/Oct/2021:13:01:17 +0200] "GET /reload?ser=1634814077190 HTTP/1.1" 200 28 "http://renault.activities.at/result?searchterm=true&search=spring&loadrequest=true" "Mozilla/5.0 (Windows NT 10.0; Win64; x64) AppleWebKit/537.36 (KHTML, like Gecko) Chrome/94.0.4606.81 Safari/537.36"
193.194.132.27 - - [21/Oct/2021:13:01:34 +0200] "GET /reload?ser=1634814093896 HTTP/1.1" 200 28 "http://renault.2web.at/account" "Mozilla/5.0 (Windows NT 10.0; Win64; x64) AppleWebKit/537.36 (KHTML, like Gecko) Chrome/94.0.4606.81 Safari/537.36"
185.22.23.252 - - [21/Oct/2021:13:01:55 +0200] "GET /reload?ser=1634814115873 HTTP/1.1" 200 28 "http://renault.activities.at/success" "Mozilla/5.0 (Windows NT 6.3; Win64; x64) AppleWebKit/537.36 (KHTML, like Gecko) Chrome/94.0.4606.81 Safari/537.36"
88.116.197.170 - - [21/Oct/2021:13:02:18 +0200] "GET /reload?ser=1634814138201 HTTP/1.1" 200 28 "http://renault.activities.at/result?searchterm=true&search=spring&loadrequest=true" "Mozilla/5.0 (Windows NT 10.0; Win64; x64) AppleWebKit/537.36 (KHTML, like Gecko) Chrome/94.0.4606.81 Safari/537.36"
193.194.132.27 - - [21/Oct/2021:13:02:36 +0200] "GET /reload?ser=1634814155901 HTTP/1.1" 200 28 "http://renault.2web.at/account" "Mozilla/5.0 (Windows NT 10.0; Win64; x64) AppleWebKit/537.36 (KHTML, like Gecko) Chrome/94.0.4606.81 Safari/537.36"
185.22.23.252 - - [21/Oct/2021:13:02:56 +0200] "GET /reload?ser=1634814176885 HTTP/1.1" 200 28 "http://renault.activities.at/success" "Mozilla/5.0 (Windows NT 6.3; Win64; x64) AppleWebKit/537.36 (KHTML, like Gecko) Chrome/94.0.4606.81 Safari/537.36"
88.116.197.170 - - [21/Oct/2021:13:03:19 +0200] "GET /reload?ser=1634814199189 HTTP/1.1" 200 28 "http://renault.activities.at/result?searchterm=true&search=spring&loadrequest=true" "Mozilla/5.0 (Windows NT 10.0; Win64; x64) AppleWebKit/537.36 (KHTML, like Gecko) Chrome/94.0.4606.81 Safari/537.36"
193.194.132.27 - - [21/Oct/2021:13:03:38 +0200] "GET /reload?ser=1634814217904 HTTP/1.1" 200 28 "http://renault.2web.at/account" "Mozilla/5.0 (Windows NT 10.0; Win64; x64) AppleWebKit/537.36 (KHTML, like Gecko) Chrome/94.0.4606.81 Safari/537.36"
185.22.23.252 - - [21/Oct/2021:13:03:57 +0200] "GET /reload?ser=1634814237871 HTTP/1.1" 200 28 "http://renault.activities.at/success" "Mozilla/5.0 (Windows NT 6.3; Win64; x64) AppleWebKit/537.36 (KHTML, like Gecko) Chrome/94.0.4606.81 Safari/537.36"
88.116.197.170 - - [21/Oct/2021:13:04:20 +0200] "GET /reload?ser=1634814260200 HTTP/1.1" 200 28 "http://renault.activities.at/result?searchterm=true&search=spring&loadrequest=true" "Mozilla/5.0 (Windows NT 10.0; Win64; x64) AppleWebKit/537.36 (KHTML, like Gecko) Chrome/94.0.4606.81 Safari/537.36"
193.194.132.27 - - [21/Oct/2021:13:04:40 +0200] "GET /reload?ser=1634814279906 HTTP/1.1" 200 28 "http://renault.2web.at/account" "Mozilla/5.0 (Windows NT 10.0; Win64; x64) AppleWebKit/537.36 (KHTML, like Gecko) Chrome/94.0.4606.81 Safari/537.36"
185.22.23.252 - - [21/Oct/2021:13:04:58 +0200] "GET /reload?ser=1634814298871 HTTP/1.1" 200 28 "http://renault.activities.at/success" "Mozilla/5.0 (Windows NT 6.3; Win64; x64) AppleWebKit/537.36 (KHTML, like Gecko) Chrome/94.0.4606.81 Safari/537.36"
88.116.197.170 - - [21/Oct/2021:13:05:22 +0200] "GET /reload?ser=1634814322196 HTTP/1.1" 200 28 "http://renault.activities.at/result?searchterm=true&search=spring&loadrequest=true" "Mozilla/5.0 (Windows NT 10.0; Win64; x64) AppleWebKit/537.36 (KHTML, like Gecko) Chrome/94.0.4606.81 Safari/537.36"
193.194.132.27 - - [21/Oct/2021:13:05:42 +0200] "GET /reload?ser=1634814341908 HTTP/1.1" 200 28 "http://renault.2web.at/account" "Mozilla/5.0 (Windows NT 10.0; Win64; x64) AppleWebKit/537.36 (KHTML, like Gecko) Chrome/94.0.4606.81 Safari/537.36"
185.22.23.252 - - [21/Oct/2021:13:05:59 +0200] "GET /reload?ser=1634814359871 HTTP/1.1" 200 28 "http://renault.activities.at/success" "Mozilla/5.0 (Windows NT 6.3; Win64; x64) AppleWebKit/537.36 (KHTML, like Gecko) Chrome/94.0.4606.81 Safari/537.36"
88.116.197.170 - - [21/Oct/2021:13:06:23 +0200] "GET /reload?ser=1634814383190 HTTP/1.1" 200 28 "http://renault.activities.at/result?searchterm=true&search=spring&loadrequest=true" "Mozilla/5.0 (Windows NT 10.0; Win64; x64) AppleWebKit/537.36 (KHTML, like Gecko) Chrome/94.0.4606.81 Safari/537.36"
193.194.132.27 - - [21/Oct/2021:13:06:44 +0200] "GET /reload?ser=1634814403911 HTTP/1.1" 200 28 "http://renault.2web.at/account" "Mozilla/5.0 (Windows NT 10.0; Win64; x64) AppleWebKit/537.36 (KHTML, like Gecko) Chrome/94.0.4606.81 Safari/537.36"
185.22.23.252 - - [21/Oct/2021:13:07:00 +0200] "GET /reload?ser=1634814420869 HTTP/1.1" 200 28 "http://renault.activities.at/success" "Mozilla/5.0 (Windows NT 6.3; Win64; x64) AppleWebKit/537.36 (KHTML, like Gecko) Chrome/94.0.4606.81 Safari/537.36"
88.116.197.170 - - [21/Oct/2021:13:07:24 +0200] "GET /reload?ser=1634814444201 HTTP/1.1" 200 28 "http://renault.activities.at/result?searchterm=true&search=spring&loadrequest=true" "Mozilla/5.0 (Windows NT 10.0; Win64; x64) AppleWebKit/537.36 (KHTML, like Gecko) Chrome/94.0.4606.81 Safari/537.36"
193.194.132.27 - - [21/Oct/2021:13:07:46 +0200] "GET /reload?ser=1634814465913 HTTP/1.1" 200 28 "http://renault.2web.at/account" "Mozilla/5.0 (Windows NT 10.0; Win64; x64) AppleWebKit/537.36 (KHTML, like Gecko) Chrome/94.0.4606.81 Safari/537.36"
207.46.13.80 - - [21/Oct/2021:13:07:51 +0200] "GET /10260004 HTTP/1.1" 200 6060 "-" "Mozilla/5.0 (compatible; bingbot/2.0; +http://www.bing.com/bingbot.htm)"
195.192.14.249 - - [21/Oct/2021:13:07:54 +0200] "GET / HTTP/1.1" 200 3086 "-" "Mozilla/5.0 (Windows NT 10.0; Win64; x64) AppleWebKit/537.36 (KHTML, like Gecko) Chrome/94.0.4606.81 Safari/537.36 Edg/94.0.992.50"
195.192.14.249 - - [21/Oct/2021:13:07:55 +0200] "GET /loadthumbnail.php?id=11127982 HTTP/1.1" 200 399614 "http://renault.activities.at/" "Mozilla/5.0 (Windows NT 10.0; Win64; x64) AppleWebKit/537.36 (KHTML, like Gecko) Chrome/94.0.4606.81 Safari/537.36 Edg/94.0.992.50"
195.192.14.249 - - [21/Oct/2021:13:07:55 +0200] "GET /images/favicon.ico HTTP/1.1" 404 305 "http://renault.activities.at/" "Mozilla/5.0 (Windows NT 10.0; Win64; x64) AppleWebKit/537.36 (KHTML, like Gecko) Chrome/94.0.4606.81 Safari/537.36 Edg/94.0.992.50"
185.22.23.252 - - [21/Oct/2021:13:08:01 +0200] "GET /reload?ser=1634814481868 HTTP/1.1" 200 28 "http://renault.activities.at/success" "Mozilla/5.0 (Windows NT 6.3; Win64; x64) AppleWebKit/537.36 (KHTML, like Gecko) Chrome/94.0.4606.81 Safari/537.36"
88.116.197.170 - - [21/Oct/2021:13:08:25 +0200] "GET /reload?ser=1634814505204 HTTP/1.1" 200 28 "http://renault.activities.at/result?searchterm=true&search=spring&loadrequest=true" "Mozilla/5.0 (Windows NT 10.0; Win64; x64) AppleWebKit/537.36 (KHTML, like Gecko) Chrome/94.0.4606.81 Safari/537.36"
195.192.14.249 - - [21/Oct/2021:13:08:27 +0200] "GET /login HTTP/1.1" 200 2085 "http://renault.activities.at/" "Mozilla/5.0 (Windows NT 10.0; Win64; x64) AppleWebKit/537.36 (KHTML, like Gecko) Chrome/94.0.4606.81 Safari/537.36 Edg/94.0.992.50"
195.192.14.249 - - [21/Oct/2021:13:08:41 +0200] "POST /login HTTP/1.1" 302 140 "http://renault.activities.at/login" "Mozilla/5.0 (Windows NT 10.0; Win64; x64) AppleWebKit/537.36 (KHTML, like Gecko) Chrome/94.0.4606.81 Safari/537.36 Edg/94.0.992.50"
195.192.14.249 - - [21/Oct/2021:13:08:44 +0200] "GET /account HTTP/1.1" 200 5999 "http://renault.activities.at/login" "Mozilla/5.0 (Windows NT 10.0; Win64; x64) AppleWebKit/537.36 (KHTML, like Gecko) Chrome/94.0.4606.81 Safari/537.36 Edg/94.0.992.50"
195.192.14.249 - - [21/Oct/2021:13:08:47 +0200] "GET /loadthumbnail.php?id=11194717&width=50&height=50 HTTP/1.1" 200 691 "http://renault.activities.at/account" "Mozilla/5.0 (Windows NT 10.0; Win64; x64) AppleWebKit/537.36 (KHTML, like Gecko) Chrome/94.0.4606.81 Safari/537.36 Edg/94.0.992.50"
193.194.132.27 - - [21/Oct/2021:13:08:48 +0200] "GET /reload?ser=1634814527916 HTTP/1.1" 200 28 "http://renault.2web.at/account" "Mozilla/5.0 (Windows NT 10.0; Win64; x64) AppleWebKit/537.36 (KHTML, like Gecko) Chrome/94.0.4606.81 Safari/537.36"
195.192.14.249 - - [21/Oct/2021:13:08:56 +0200] "GET /cart HTTP/1.1" 200 5085 "http://renault.activities.at/account" "Mozilla/5.0 (Windows NT 10.0; Win64; x64) AppleWebKit/537.36 (KHTML, like Gecko) Chrome/94.0.4606.81 Safari/537.36 Edg/94.0.992.50"
195.192.14.249 - - [21/Oct/2021:13:08:58 +0200] "GET /loadthumbnail.php?id=10232009&width=16&height=16 HTTP/1.1" 200 700 "http://renault.activities.at/cart" "Mozilla/5.0 (Windows NT 10.0; Win64; x64) AppleWebKit/537.36 (KHTML, like Gecko) Chrome/94.0.4606.81 Safari/537.36 Edg/94.0.992.50"
195.192.14.249 - - [21/Oct/2021:13:08:58 +0200] "GET /loadthumbnail.php?id=12460965&width=100 HTTP/1.1" 200 2443 "http://renault.activities.at/cart" "Mozilla/5.0 (Windows NT 10.0; Win64; x64) AppleWebKit/537.36 (KHTML, like Gecko) Chrome/94.0.4606.81 Safari/537.36 Edg/94.0.992.50"
185.22.23.252 - - [21/Oct/2021:13:09:02 +0200] "GET /reload?ser=1634814542867 HTTP/1.1" 200 28 "http://renault.activities.at/success" "Mozilla/5.0 (Windows NT 6.3; Win64; x64) AppleWebKit/537.36 (KHTML, like Gecko) Chrome/94.0.4606.81 Safari/537.36"
195.192.14.249 - - [21/Oct/2021:13:09:04 +0200] "GET /checkout HTTP/1.1" 200 10306 "http://renault.activities.at/cart" "Mozilla/5.0 (Windows NT 10.0; Win64; x64) AppleWebKit/537.36 (KHTML, like Gecko) Chrome/94.0.4606.81 Safari/537.36 Edg/94.0.992.50"
195.192.14.249 - - [21/Oct/2021:13:09:08 +0200] "GET /js/checkout2.js HTTP/1.1" 200 4122 "http://renault.activities.at/checkout" "Mozilla/5.0 (Windows NT 10.0; Win64; x64) AppleWebKit/537.36 (KHTML, like Gecko) Chrome/94.0.4606.81 Safari/537.36 Edg/94.0.992.50"
195.192.14.249 - - [21/Oct/2021:13:09:08 +0200] "GET /images/ajax_loading.gif HTTP/1.1" 200 1542 "http://renault.activities.at/checkout" "Mozilla/5.0 (Windows NT 10.0; Win64; x64) AppleWebKit/537.36 (KHTML, like Gecko) Chrome/94.0.4606.81 Safari/537.36 Edg/94.0.992.50"
195.192.14.249 - - [21/Oct/2021:13:09:08 +0200] "GET /images/step_bg.jpg HTTP/1.1" 200 319 "http://renault.activities.at/css/styles.css" "Mozilla/5.0 (Windows NT 10.0; Win64; x64) AppleWebKit/537.36 (KHTML, like Gecko) Chrome/94.0.4606.81 Safari/537.36 Edg/94.0.992.50"
195.192.14.249 - - [21/Oct/2021:13:09:08 +0200] "GET /images/step_marker.gif HTTP/1.1" 200 650 "http://renault.activities.at/css/styles.css" "Mozilla/5.0 (Windows NT 10.0; Win64; x64) AppleWebKit/537.36 (KHTML, like Gecko) Chrome/94.0.4606.81 Safari/537.36 Edg/94.0.992.50"
195.192.14.249 - - [21/Oct/2021:13:09:08 +0200] "GET /images/checkout_border_top.gif HTTP/1.1" 200 156 "http://renault.activities.at/css/styles.css" "Mozilla/5.0 (Windows NT 10.0; Win64; x64) AppleWebKit/537.36 (KHTML, like Gecko) Chrome/94.0.4606.81 Safari/537.36 Edg/94.0.992.50"
195.192.14.249 - - [21/Oct/2021:13:09:08 +0200] "GET /images/checkout_border.gif HTTP/1.1" 200 43 "http://renault.activities.at/css/styles.css" "Mozilla/5.0 (Windows NT 10.0; Win64; x64) AppleWebKit/537.36 (KHTML, like Gecko) Chrome/94.0.4606.81 Safari/537.36 Edg/94.0.992.50"
195.192.14.249 - - [21/Oct/2021:13:09:08 +0200] "GET /loadthumbnail.php?id=10202698 HTTP/1.1" 200 16686 "http://renault.activities.at/checkout" "Mozilla/5.0 (Windows NT 10.0; Win64; x64) AppleWebKit/537.36 (KHTML, like Gecko) Chrome/94.0.4606.81 Safari/537.36 Edg/94.0.992.50"
195.192.14.249 - - [21/Oct/2021:13:09:08 +0200] "GET /loadthumbnail.php?id=10201939 HTTP/1.1" 200 201 "http://renault.activities.at/checkout" "Mozilla/5.0 (Windows NT 10.0; Win64; x64) AppleWebKit/537.36 (KHTML, like Gecko) Chrome/94.0.4606.81 Safari/537.36 Edg/94.0.992.50"
195.192.14.249 - - [21/Oct/2021:13:09:16 +0200] "GET /cart HTTP/1.1" 200 5082 "http://renault.activities.at/checkout" "Mozilla/5.0 (Windows NT 10.0; Win64; x64) AppleWebKit/537.36 (KHTML, like Gecko) Chrome/94.0.4606.81 Safari/537.36 Edg/94.0.992.50"
195.192.14.249 - - [21/Oct/2021:13:09:21 +0200] "GET /10201633 HTTP/1.1" 200 9099 "http://renault.activities.at/cart" "Mozilla/5.0 (Windows NT 10.0; Win64; x64) AppleWebKit/537.36 (KHTML, like Gecko) Chrome/94.0.4606.81 Safari/537.36 Edg/94.0.992.50"
195.192.14.249 - - [21/Oct/2021:13:09:25 +0200] "GET /loadthumbnail.php?id=10203276 HTTP/1.1" 200 75 "http://renault.activities.at/10201633" "Mozilla/5.0 (Windows NT 10.0; Win64; x64) AppleWebKit/537.36 (KHTML, like Gecko) Chrome/94.0.4606.81 Safari/537.36 Edg/94.0.992.50"
195.192.14.249 - - [21/Oct/2021:13:09:25 +0200] "GET /loadthumbnail.php?id=10203255 HTTP/1.1" 200 137 "http://renault.activities.at/10201633" "Mozilla/5.0 (Windows NT 10.0; Win64; x64) AppleWebKit/537.36 (KHTML, like Gecko) Chrome/94.0.4606.81 Safari/537.36 Edg/94.0.992.50"
195.192.14.249 - - [21/Oct/2021:13:09:25 +0200] "GET /loadthumbnail.php?id=11194750&width=113 HTTP/1.1" 200 2347 "http://renault.activities.at/10201633" "Mozilla/5.0 (Windows NT 10.0; Win64; x64) AppleWebKit/537.36 (KHTML, like Gecko) Chrome/94.0.4606.81 Safari/537.36 Edg/94.0.992.50"
195.192.14.249 - - [21/Oct/2021:13:09:25 +0200] "GET /loadthumbnail.php?id=12230318&width=113 HTTP/1.1" 200 2255 "http://renault.activities.at/10201633" "Mozilla/5.0 (Windows NT 10.0; Win64; x64) AppleWebKit/537.36 (KHTML, like Gecko) Chrome/94.0.4606.81 Safari/537.36 Edg/94.0.992.50"
195.192.14.249 - - [21/Oct/2021:13:09:25 +0200] "GET /loadthumbnail.php?id=12130660&width=113 HTTP/1.1" 200 9098 "http://renault.activities.at/10201633" "Mozilla/5.0 (Windows NT 10.0; Win64; x64) AppleWebKit/537.36 (KHTML, like Gecko) Chrome/94.0.4606.81 Safari/537.36 Edg/94.0.992.50"
195.192.14.249 - - [21/Oct/2021:13:09:25 +0200] "GET /loadthumbnail.php?id=12197903&width=113 HTTP/1.1" 200 30608 "http://renault.activities.at/10201633" "Mozilla/5.0 (Windows NT 10.0; Win64; x64) AppleWebKit/537.36 (KHTML, like Gecko) Chrome/94.0.4606.81 Safari/537.36 Edg/94.0.992.50"
195.192.14.249 - - [21/Oct/2021:13:09:25 +0200] "GET /loadthumbnail.php?id=12455610&width=113 HTTP/1.1" 200 2069 "http://renault.activities.at/10201633" "Mozilla/5.0 (Windows NT 10.0; Win64; x64) AppleWebKit/537.36 (KHTML, like Gecko) Chrome/94.0.4606.81 Safari/537.36 Edg/94.0.992.50"
195.192.14.249 - - [21/Oct/2021:13:09:25 +0200] "GET /loadthumbnail.php?id=12455615&width=113 HTTP/1.1" 200 1974 "http://renault.activities.at/10201633" "Mozilla/5.0 (Windows NT 10.0; Win64; x64) AppleWebKit/537.36 (KHTML, like Gecko) Chrome/94.0.4606.81 Safari/537.36 Edg/94.0.992.50"
195.192.14.249 - - [21/Oct/2021:13:09:25 +0200] "GET /loadthumbnail.php?id=12455594&width=113 HTTP/1.1" 200 1931 "http://renault.activities.at/10201633" "Mozilla/5.0 (Windows NT 10.0; Win64; x64) AppleWebKit/537.36 (KHTML, like Gecko) Chrome/94.0.4606.81 Safari/537.36 Edg/94.0.992.50"
195.192.14.249 - - [21/Oct/2021:13:09:25 +0200] "GET /loadthumbnail.php?id=12455598&width=113 HTTP/1.1" 200 1998 "http://renault.activities.at/10201633" "Mozilla/5.0 (Windows NT 10.0; Win64; x64) AppleWebKit/537.36 (KHTML, like Gecko) Chrome/94.0.4606.81 Safari/537.36 Edg/94.0.992.50"
195.192.14.249 - - [21/Oct/2021:13:09:25 +0200] "GET /loadthumbnail.php?id=10460287&width=113 HTTP/1.1" 200 2135 "http://renault.activities.at/10201633" "Mozilla/5.0 (Windows NT 10.0; Win64; x64) AppleWebKit/537.36 (KHTML, like Gecko) Chrome/94.0.4606.81 Safari/537.36 Edg/94.0.992.50"
195.192.14.249 - - [21/Oct/2021:13:09:25 +0200] "GET /loadthumbnail.php?id=12412602&width=113 HTTP/1.1" 200 5009 "http://renault.activities.at/10201633" "Mozilla/5.0 (Windows NT 10.0; Win64; x64) AppleWebKit/537.36 (KHTML, like Gecko) Chrome/94.0.4606.81 Safari/537.36 Edg/94.0.992.50"
195.192.14.249 - - [21/Oct/2021:13:09:25 +0200] "GET /loadthumbnail.php?id=12294747&width=113 HTTP/1.1" 200 20271 "http://renault.activities.at/10201633" "Mozilla/5.0 (Windows NT 10.0; Win64; x64) AppleWebKit/537.36 (KHTML, like Gecko) Chrome/94.0.4606.81 Safari/537.36 Edg/94.0.992.50"
195.192.14.249 - - [21/Oct/2021:13:09:25 +0200] "GET /loadthumbnail.php?id=11075492&width=113 HTTP/1.1" 200 2349 "http://renault.activities.at/10201633" "Mozilla/5.0 (Windows NT 10.0; Win64; x64) AppleWebKit/537.36 (KHTML, like Gecko) Chrome/94.0.4606.81 Safari/537.36 Edg/94.0.992.50"
195.192.14.249 - - [21/Oct/2021:13:09:25 +0200] "GET /loadthumbnail.php?id=11146700&width=113 HTTP/1.1" 200 1415 "http://renault.activities.at/10201633" "Mozilla/5.0 (Windows NT 10.0; Win64; x64) AppleWebKit/537.36 (KHTML, like Gecko) Chrome/94.0.4606.81 Safari/537.36 Edg/94.0.992.50"
195.192.14.249 - - [21/Oct/2021:13:09:25 +0200] "GET /loadthumbnail.php?id=12243596&width=113 HTTP/1.1" 200 2926 "http://renault.activities.at/10201633" "Mozilla/5.0 (Windows NT 10.0; Win64; x64) AppleWebKit/537.36 (KHTML, like Gecko) Chrome/94.0.4606.81 Safari/537.36 Edg/94.0.992.50"
195.192.14.249 - - [21/Oct/2021:13:09:25 +0200] "GET /loadthumbnail.php?id=12243604&width=113 HTTP/1.1" 200 3094 "http://renault.activities.at/10201633" "Mozilla/5.0 (Windows NT 10.0; Win64; x64) AppleWebKit/537.36 (KHTML, like Gecko) Chrome/94.0.4606.81 Safari/537.36 Edg/94.0.992.50"
88.116.197.170 - - [21/Oct/2021:13:09:27 +0200] "GET /reload?ser=1634814567199 HTTP/1.1" 200 28 "http://renault.activities.at/result?searchterm=true&search=spring&loadrequest=true" "Mozilla/5.0 (Windows NT 10.0; Win64; x64) AppleWebKit/537.36 (KHTML, like Gecko) Chrome/94.0.4606.81 Safari/537.36"
195.192.14.249 - - [21/Oct/2021:13:09:31 +0200] "GET /10201633?dir=DESC&mode=grid&order=name&limit=15&page=2 HTTP/1.1" 200 8996 "http://renault.activities.at/10201633" "Mozilla/5.0 (Windows NT 10.0; Win64; x64) AppleWebKit/537.36 (KHTML, like Gecko) Chrome/94.0.4606.81 Safari/537.36 Edg/94.0.992.50"
195.192.14.249 - - [21/Oct/2021:13:09:34 +0200] "GET /loadthumbnail.php?id=10203275 HTTP/1.1" 200 85 "http://renault.activities.at/10201633?dir=DESC&mode=grid&order=name&limit=15&page=2" "Mozilla/5.0 (Windows NT 10.0; Win64; x64) AppleWebKit/537.36 (KHTML, like Gecko) Chrome/94.0.4606.81 Safari/537.36 Edg/94.0.992.50"
195.192.14.249 - - [21/Oct/2021:13:09:34 +0200] "GET /loadthumbnail.php?id=12243600&width=113 HTTP/1.1" 200 3157 "http://renault.activities.at/10201633?dir=DESC&mode=grid&order=name&limit=15&page=2" "Mozilla/5.0 (Windows NT 10.0; Win64; x64) AppleWebKit/537.36 (KHTML, like Gecko) Chrome/94.0.4606.81 Safari/537.36 Edg/94.0.992.50"
195.192.14.249 - - [21/Oct/2021:13:09:34 +0200] "GET /loadthumbnail.php?id=11108158&width=113 HTTP/1.1" 200 1545 "http://renault.activities.at/10201633?dir=DESC&mode=grid&order=name&limit=15&page=2" "Mozilla/5.0 (Windows NT 10.0; Win64; x64) AppleWebKit/537.36 (KHTML, like Gecko) Chrome/94.0.4606.81 Safari/537.36 Edg/94.0.992.50"
195.192.14.249 - - [21/Oct/2021:13:09:34 +0200] "GET /loadthumbnail.php?id=10260190&width=113 HTTP/1.1" 200 4509 "http://renault.activities.at/10201633?dir=DESC&mode=grid&order=name&limit=15&page=2" "Mozilla/5.0 (Windows NT 10.0; Win64; x64) AppleWebKit/537.36 (KHTML, like Gecko) Chrome/94.0.4606.81 Safari/537.36 Edg/94.0.992.50"
195.192.14.249 - - [21/Oct/2021:13:09:34 +0200] "GET /loadthumbnail.php?id=11721290&width=113 HTTP/1.1" 200 1179 "http://renault.activities.at/10201633?dir=DESC&mode=grid&order=name&limit=15&page=2" "Mozilla/5.0 (Windows NT 10.0; Win64; x64) AppleWebKit/537.36 (KHTML, like Gecko) Chrome/94.0.4606.81 Safari/537.36 Edg/94.0.992.50"
195.192.14.249 - - [21/Oct/2021:13:09:34 +0200] "GET /loadthumbnail.php?id=11730239&width=113 HTTP/1.1" 200 4665 "http://renault.activities.at/10201633?dir=DESC&mode=grid&order=name&limit=15&page=2" "Mozilla/5.0 (Windows NT 10.0; Win64; x64) AppleWebKit/537.36 (KHTML, like Gecko) Chrome/94.0.4606.81 Safari/537.36 Edg/94.0.992.50"
195.192.14.249 - - [21/Oct/2021:13:09:34 +0200] "GET /loadthumbnail.php?id=12294743&width=113 HTTP/1.1" 200 2695 "http://renault.activities.at/10201633?dir=DESC&mode=grid&order=name&limit=15&page=2" "Mozilla/5.0 (Windows NT 10.0; Win64; x64) AppleWebKit/537.36 (KHTML, like Gecko) Chrome/94.0.4606.81 Safari/537.36 Edg/94.0.992.50"
195.192.14.249 - - [21/Oct/2021:13:09:34 +0200] "GET /loadthumbnail.php?id=12244847&width=113 HTTP/1.1" 200 5903 "http://renault.activities.at/10201633?dir=DESC&mode=grid&order=name&limit=15&page=2" "Mozilla/5.0 (Windows NT 10.0; Win64; x64) AppleWebKit/537.36 (KHTML, like Gecko) Chrome/94.0.4606.81 Safari/537.36 Edg/94.0.992.50"
195.192.14.249 - - [21/Oct/2021:13:09:34 +0200] "GET /loadthumbnail.php?id=12244843&width=113 HTTP/1.1" 200 6390 "http://renault.activities.at/10201633?dir=DESC&mode=grid&order=name&limit=15&page=2" "Mozilla/5.0 (Windows NT 10.0; Win64; x64) AppleWebKit/537.36 (KHTML, like Gecko) Chrome/94.0.4606.81 Safari/537.36 Edg/94.0.992.50"
195.192.14.249 - - [21/Oct/2021:13:09:34 +0200] "GET /loadthumbnail.php?id=12244864&width=113 HTTP/1.1" 200 11050 "http://renault.activities.at/10201633?dir=DESC&mode=grid&order=name&limit=15&page=2" "Mozilla/5.0 (Windows NT 10.0; Win64; x64) AppleWebKit/537.36 (KHTML, like Gecko) Chrome/94.0.4606.81 Safari/537.36 Edg/94.0.992.50"
195.192.14.249 - - [21/Oct/2021:13:09:34 +0200] "GET /loadthumbnail.php?id=12244856&width=113 HTTP/1.1" 200 5659 "http://renault.activities.at/10201633?dir=DESC&mode=grid&order=name&limit=15&page=2" "Mozilla/5.0 (Windows NT 10.0; Win64; x64) AppleWebKit/537.36 (KHTML, like Gecko) Chrome/94.0.4606.81 Safari/537.36 Edg/94.0.992.50"
195.192.14.249 - - [21/Oct/2021:13:09:34 +0200] "GET /loadthumbnail.php?id=12244860&width=113 HTTP/1.1" 200 18982 "http://renault.activities.at/10201633?dir=DESC&mode=grid&order=name&limit=15&page=2" "Mozilla/5.0 (Windows NT 10.0; Win64; x64) AppleWebKit/537.36 (KHTML, like Gecko) Chrome/94.0.4606.81 Safari/537.36 Edg/94.0.992.50"
195.192.14.249 - - [21/Oct/2021:13:09:34 +0200] "GET /loadthumbnail.php?id=12244839&width=113 HTTP/1.1" 200 21692 "http://renault.activities.at/10201633?dir=DESC&mode=grid&order=name&limit=15&page=2" "Mozilla/5.0 (Windows NT 10.0; Win64; x64) AppleWebKit/537.36 (KHTML, like Gecko) Chrome/94.0.4606.81 Safari/537.36 Edg/94.0.992.50"
195.192.14.249 - - [21/Oct/2021:13:09:35 +0200] "GET /loadthumbnail.php?id=10745359&width=113 HTTP/1.1" 200 4202 "http://renault.activities.at/10201633?dir=DESC&mode=grid&order=name&limit=15&page=2" "Mozilla/5.0 (Windows NT 10.0; Win64; x64) AppleWebKit/537.36 (KHTML, like Gecko) Chrome/94.0.4606.81 Safari/537.36 Edg/94.0.992.50"
195.192.14.249 - - [21/Oct/2021:13:09:35 +0200] "GET /loadthumbnail.php?id=12255478&width=113 HTTP/1.1" 200 19353 "http://renault.activities.at/10201633?dir=DESC&mode=grid&order=name&limit=15&page=2" "Mozilla/5.0 (Windows NT 10.0; Win64; x64) AppleWebKit/537.36 (KHTML, like Gecko) Chrome/94.0.4606.81 Safari/537.36 Edg/94.0.992.50"
195.192.14.249 - - [21/Oct/2021:13:09:35 +0200] "GET /loadthumbnail.php?id=11304834&width=113 HTTP/1.1" 200 1055 "http://renault.activities.at/10201633?dir=DESC&mode=grid&order=name&limit=15&page=2" "Mozilla/5.0 (Windows NT 10.0; Win64; x64) AppleWebKit/537.36 (KHTML, like Gecko) Chrome/94.0.4606.81 Safari/537.36 Edg/94.0.992.50"
195.192.14.249 - - [21/Oct/2021:13:09:43 +0200] "GET /10201633?dir=DESC&mode=grid&order=name&limit=15&page=3 HTTP/1.1" 200 9258 "http://renault.activities.at/10201633?dir=DESC&mode=grid&order=name&limit=15&page=2" "Mozilla/5.0 (Windows NT 10.0; Win64; x64) AppleWebKit/537.36 (KHTML, like Gecko) Chrome/94.0.4606.81 Safari/537.36 Edg/94.0.992.50"
195.192.14.249 - - [21/Oct/2021:13:09:46 +0200] "GET /loadthumbnail.php?id=12230577&width=113 HTTP/1.1" 200 1374 "http://renault.activities.at/10201633?dir=DESC&mode=grid&order=name&limit=15&page=3" "Mozilla/5.0 (Windows NT 10.0; Win64; x64) AppleWebKit/537.36 (KHTML, like Gecko) Chrome/94.0.4606.81 Safari/537.36 Edg/94.0.992.50"
195.192.14.249 - - [21/Oct/2021:13:09:46 +0200] "GET /loadthumbnail.php?id=12137758&width=113 HTTP/1.1" 200 36121 "http://renault.activities.at/10201633?dir=DESC&mode=grid&order=name&limit=15&page=3" "Mozilla/5.0 (Windows NT 10.0; Win64; x64) AppleWebKit/537.36 (KHTML, like Gecko) Chrome/94.0.4606.81 Safari/537.36 Edg/94.0.992.50"
195.192.14.249 - - [21/Oct/2021:13:09:46 +0200] "GET /loadthumbnail.php?id=12388135&width=113 HTTP/1.1" 200 1381 "http://renault.activities.at/10201633?dir=DESC&mode=grid&order=name&limit=15&page=3" "Mozilla/5.0 (Windows NT 10.0; Win64; x64) AppleWebKit/537.36 (KHTML, like Gecko) Chrome/94.0.4606.81 Safari/537.36 Edg/94.0.992.50"
195.192.14.249 - - [21/Oct/2021:13:09:46 +0200] "GET /loadthumbnail.php?id=11776453&width=113 HTTP/1.1" 200 1248 "http://renault.activities.at/10201633?dir=DESC&mode=grid&order=name&limit=15&page=3" "Mozilla/5.0 (Windows NT 10.0; Win64; x64) AppleWebKit/537.36 (KHTML, like Gecko) Chrome/94.0.4606.81 Safari/537.36 Edg/94.0.992.50"
195.192.14.249 - - [21/Oct/2021:13:09:46 +0200] "GET /loadthumbnail.php?id=12388134&width=113 HTTP/1.1" 200 1524 "http://renault.activities.at/10201633?dir=DESC&mode=grid&order=name&limit=15&page=3" "Mozilla/5.0 (Windows NT 10.0; Win64; x64) AppleWebKit/537.36 (KHTML, like Gecko) Chrome/94.0.4606.81 Safari/537.36 Edg/94.0.992.50"
195.192.14.249 - - [21/Oct/2021:13:09:46 +0200] "GET /loadthumbnail.php?id=11730248&width=113 HTTP/1.1" 200 4910 "http://renault.activities.at/10201633?dir=DESC&mode=grid&order=name&limit=15&page=3" "Mozilla/5.0 (Windows NT 10.0; Win64; x64) AppleWebKit/537.36 (KHTML, like Gecko) Chrome/94.0.4606.81 Safari/537.36 Edg/94.0.992.50"
195.192.14.249 - - [21/Oct/2021:13:09:46 +0200] "GET /loadthumbnail.php?id=12455579&width=113 HTTP/1.1" 200 5314 "http://renault.activities.at/10201633?dir=DESC&mode=grid&order=name&limit=15&page=3" "Mozilla/5.0 (Windows NT 10.0; Win64; x64) AppleWebKit/537.36 (KHTML, like Gecko) Chrome/94.0.4606.81 Safari/537.36 Edg/94.0.992.50"
195.192.14.249 - - [21/Oct/2021:13:09:46 +0200] "GET /loadthumbnail.php?id=12455584&width=113 HTTP/1.1" 200 3466 "http://renault.activities.at/10201633?dir=DESC&mode=grid&order=name&limit=15&page=3" "Mozilla/5.0 (Windows NT 10.0; Win64; x64) AppleWebKit/537.36 (KHTML, like Gecko) Chrome/94.0.4606.81 Safari/537.36 Edg/94.0.992.50"
195.192.14.249 - - [21/Oct/2021:13:09:46 +0200] "GET /loadthumbnail.php?id=12297782&width=113 HTTP/1.1" 200 32707 "http://renault.activities.at/10201633?dir=DESC&mode=grid&order=name&limit=15&page=3" "Mozilla/5.0 (Windows NT 10.0; Win64; x64) AppleWebKit/537.36 (KHTML, like Gecko) Chrome/94.0.4606.81 Safari/537.36 Edg/94.0.992.50"
195.192.14.249 - - [21/Oct/2021:13:09:46 +0200] "GET /loadthumbnail.php?id=12348146&width=113 HTTP/1.1" 200 38739 "http://renault.activities.at/10201633?dir=DESC&mode=grid&order=name&limit=15&page=3" "Mozilla/5.0 (Windows NT 10.0; Win64; x64) AppleWebKit/537.36 (KHTML, like Gecko) Chrome/94.0.4606.81 Safari/537.36 Edg/94.0.992.50"
195.192.14.249 - - [21/Oct/2021:13:09:46 +0200] "GET /loadthumbnail.php?id=11538169&width=113 HTTP/1.1" 200 20088 "http://renault.activities.at/10201633?dir=DESC&mode=grid&order=name&limit=15&page=3" "Mozilla/5.0 (Windows NT 10.0; Win64; x64) AppleWebKit/537.36 (KHTML, like Gecko) Chrome/94.0.4606.81 Safari/537.36 Edg/94.0.992.50"
195.192.14.249 - - [21/Oct/2021:13:09:46 +0200] "GET /loadthumbnail.php?id=11877752&width=113 HTTP/1.1" 200 41752 "http://renault.activities.at/10201633?dir=DESC&mode=grid&order=name&limit=15&page=3" "Mozilla/5.0 (Windows NT 10.0; Win64; x64) AppleWebKit/537.36 (KHTML, like Gecko) Chrome/94.0.4606.81 Safari/537.36 Edg/94.0.992.50"
195.192.14.249 - - [21/Oct/2021:13:09:47 +0200] "GET /loadthumbnail.php?id=12140010&width=113 HTTP/1.1" 200 28414 "http://renault.activities.at/10201633?dir=DESC&mode=grid&order=name&limit=15&page=3" "Mozilla/5.0 (Windows NT 10.0; Win64; x64) AppleWebKit/537.36 (KHTML, like Gecko) Chrome/94.0.4606.81 Safari/537.36 Edg/94.0.992.50"
195.192.14.249 - - [21/Oct/2021:13:09:47 +0200] "GET /loadthumbnail.php?id=12230773&width=113 HTTP/1.1" 200 39654 "http://renault.activities.at/10201633?dir=DESC&mode=grid&order=name&limit=15&page=3" "Mozilla/5.0 (Windows NT 10.0; Win64; x64) AppleWebKit/537.36 (KHTML, like Gecko) Chrome/94.0.4606.81 Safari/537.36 Edg/94.0.992.50"
195.192.14.249 - - [21/Oct/2021:13:09:47 +0200] "GET /loadthumbnail.php?id=11319988&width=113 HTTP/1.1" 200 44228 "http://renault.activities.at/10201633?dir=DESC&mode=grid&order=name&limit=15&page=3" "Mozilla/5.0 (Windows NT 10.0; Win64; x64) AppleWebKit/537.36 (KHTML, like Gecko) Chrome/94.0.4606.81 Safari/537.36 Edg/94.0.992.50"
193.194.132.27 - - [21/Oct/2021:13:09:50 +0200] "GET /reload?ser=1634814589917 HTTP/1.1" 200 28 "http://renault.2web.at/account" "Mozilla/5.0 (Windows NT 10.0; Win64; x64) AppleWebKit/537.36 (KHTML, like Gecko) Chrome/94.0.4606.81 Safari/537.36"
