80.120.210.180 - - [21/Oct/2021:09:51:01 +0200] "GET /reload?ser=1634802661081 HTTP/1.1" 200 28 "http://renault.activities.at/cart" "Mozilla/5.0 (Windows NT 10.0; Win64; x64) AppleWebKit/537.36 (KHTML, like Gecko) Chrome/94.0.4606.81 Safari/537.36 Edg/94.0.992.50"
88.116.197.170 - - [21/Oct/2021:09:51:05 +0200] "GET /reload?ser=1634802665199 HTTP/1.1" 200 28 "http://renault.activities.at/result?searchterm=true&search=spring&loadrequest=true" "Mozilla/5.0 (Windows NT 10.0; Win64; x64) AppleWebKit/537.36 (KHTML, like Gecko) Chrome/94.0.4606.81 Safari/537.36"
193.194.132.27 - - [21/Oct/2021:09:51:18 +0200] "GET /reload?ser=1634802678592 HTTP/1.1" 200 28 "http://renault.2web.at/account" "Mozilla/5.0 (Windows NT 10.0; Win64; x64) AppleWebKit/537.36 (KHTML, like Gecko) Chrome/94.0.4606.81 Safari/537.36"
83.219.165.34 - - [21/Oct/2021:09:51:36 +0200] "GET /reload?ser=1634802697180 HTTP/1.1" 200 28 "http://renault.activities.at/aboutus" "Mozilla/5.0 (Windows NT 10.0; Win64; x64) AppleWebKit/537.36 (KHTML, like Gecko) Chrome/94.0.4606.81 Safari/537.36 Edg/94.0.992.50"
80.120.210.180 - - [21/Oct/2021:09:52:02 +0200] "GET /reload?ser=1634802722078 HTTP/1.1" 200 28 "http://renault.activities.at/cart" "Mozilla/5.0 (Windows NT 10.0; Win64; x64) AppleWebKit/537.36 (KHTML, like Gecko) Chrome/94.0.4606.81 Safari/537.36 Edg/94.0.992.50"
88.116.197.170 - - [21/Oct/2021:09:52:07 +0200] "GET /reload?ser=1634802727190 HTTP/1.1" 200 28 "http://renault.activities.at/result?searchterm=true&search=spring&loadrequest=true" "Mozilla/5.0 (Windows NT 10.0; Win64; x64) AppleWebKit/537.36 (KHTML, like Gecko) Chrome/94.0.4606.81 Safari/537.36"
193.194.132.27 - - [21/Oct/2021:09:52:20 +0200] "GET /reload?ser=1634802740592 HTTP/1.1" 200 28 "http://renault.2web.at/account" "Mozilla/5.0 (Windows NT 10.0; Win64; x64) AppleWebKit/537.36 (KHTML, like Gecko) Chrome/94.0.4606.81 Safari/537.36"
83.219.165.34 - - [21/Oct/2021:09:52:37 +0200] "GET /reload?ser=1634802758178 HTTP/1.1" 200 28 "http://renault.activities.at/aboutus" "Mozilla/5.0 (Windows NT 10.0; Win64; x64) AppleWebKit/537.36 (KHTML, like Gecko) Chrome/94.0.4606.81 Safari/537.36 Edg/94.0.992.50"
80.120.210.180 - - [21/Oct/2021:09:53:04 +0200] "GET /reload?ser=1634802784072 HTTP/1.1" 200 28 "http://renault.activities.at/cart" "Mozilla/5.0 (Windows NT 10.0; Win64; x64) AppleWebKit/537.36 (KHTML, like Gecko) Chrome/94.0.4606.81 Safari/537.36 Edg/94.0.992.50"
88.116.197.170 - - [21/Oct/2021:09:53:08 +0200] "GET /reload?ser=1634802788202 HTTP/1.1" 200 28 "http://renault.activities.at/result?searchterm=true&search=spring&loadrequest=true" "Mozilla/5.0 (Windows NT 10.0; Win64; x64) AppleWebKit/537.36 (KHTML, like Gecko) Chrome/94.0.4606.81 Safari/537.36"
193.194.132.27 - - [21/Oct/2021:09:53:22 +0200] "GET /reload?ser=1634802802593 HTTP/1.1" 200 28 "http://renault.2web.at/account" "Mozilla/5.0 (Windows NT 10.0; Win64; x64) AppleWebKit/537.36 (KHTML, like Gecko) Chrome/94.0.4606.81 Safari/537.36"
83.219.165.34 - - [21/Oct/2021:09:53:38 +0200] "GET /reload?ser=1634802819181 HTTP/1.1" 200 28 "http://renault.activities.at/aboutus" "Mozilla/5.0 (Windows NT 10.0; Win64; x64) AppleWebKit/537.36 (KHTML, like Gecko) Chrome/94.0.4606.81 Safari/537.36 Edg/94.0.992.50"
80.120.210.180 - - [21/Oct/2021:09:54:05 +0200] "GET /reload?ser=1634802845081 HTTP/1.1" 200 28 "http://renault.activities.at/cart" "Mozilla/5.0 (Windows NT 10.0; Win64; x64) AppleWebKit/537.36 (KHTML, like Gecko) Chrome/94.0.4606.81 Safari/537.36 Edg/94.0.992.50"
88.116.197.170 - - [21/Oct/2021:09:54:09 +0200] "GET /reload?ser=1634802849202 HTTP/1.1" 200 28 "http://renault.activities.at/result?searchterm=true&search=spring&loadrequest=true" "Mozilla/5.0 (Windows NT 10.0; Win64; x64) AppleWebKit/537.36 (KHTML, like Gecko) Chrome/94.0.4606.81 Safari/537.36"
193.194.132.27 - - [21/Oct/2021:09:54:24 +0200] "GET /reload?ser=1634802864597 HTTP/1.1" 200 28 "http://renault.2web.at/account" "Mozilla/5.0 (Windows NT 10.0; Win64; x64) AppleWebKit/537.36 (KHTML, like Gecko) Chrome/94.0.4606.81 Safari/537.36"
83.219.165.34 - - [21/Oct/2021:09:54:39 +0200] "GET /reload?ser=1634802880184 HTTP/1.1" 200 28 "http://renault.activities.at/aboutus" "Mozilla/5.0 (Windows NT 10.0; Win64; x64) AppleWebKit/537.36 (KHTML, like Gecko) Chrome/94.0.4606.81 Safari/537.36 Edg/94.0.992.50"
80.120.210.180 - - [21/Oct/2021:09:55:06 +0200] "GET /reload?ser=1634802906078 HTTP/1.1" 200 28 "http://renault.activities.at/cart" "Mozilla/5.0 (Windows NT 10.0; Win64; x64) AppleWebKit/537.36 (KHTML, like Gecko) Chrome/94.0.4606.81 Safari/537.36 Edg/94.0.992.50"
88.116.197.170 - - [21/Oct/2021:09:55:10 +0200] "GET /reload?ser=1634802910190 HTTP/1.1" 200 28 "http://renault.activities.at/result?searchterm=true&search=spring&loadrequest=true" "Mozilla/5.0 (Windows NT 10.0; Win64; x64) AppleWebKit/537.36 (KHTML, like Gecko) Chrome/94.0.4606.81 Safari/537.36"
193.194.132.27 - - [21/Oct/2021:09:55:26 +0200] "GET /reload?ser=1634802926600 HTTP/1.1" 200 28 "http://renault.2web.at/account" "Mozilla/5.0 (Windows NT 10.0; Win64; x64) AppleWebKit/537.36 (KHTML, like Gecko) Chrome/94.0.4606.81 Safari/537.36"
83.219.165.34 - - [21/Oct/2021:09:55:40 +0200] "GET /reload?ser=1634802941189 HTTP/1.1" 200 28 "http://renault.activities.at/aboutus" "Mozilla/5.0 (Windows NT 10.0; Win64; x64) AppleWebKit/537.36 (KHTML, like Gecko) Chrome/94.0.4606.81 Safari/537.36 Edg/94.0.992.50"
83.219.165.34 - - [21/Oct/2021:09:55:46 +0200] "GET /checkout HTTP/1.1" 200 20469 "http://renault.activities.at/aboutus" "Mozilla/5.0 (Windows NT 10.0; Win64; x64) AppleWebKit/537.36 (KHTML, like Gecko) Chrome/94.0.4606.81 Safari/537.36 Edg/94.0.992.50"
83.219.165.34 - - [21/Oct/2021:09:55:51 +0200] "GET /js/checkout2.js HTTP/1.1" 200 4122 "http://renault.activities.at/checkout" "Mozilla/5.0 (Windows NT 10.0; Win64; x64) AppleWebKit/537.36 (KHTML, like Gecko) Chrome/94.0.4606.81 Safari/537.36 Edg/94.0.992.50"
83.219.165.34 - - [21/Oct/2021:09:55:51 +0200] "GET /images/ajax_loading.gif HTTP/1.1" 200 1542 "http://renault.activities.at/checkout" "Mozilla/5.0 (Windows NT 10.0; Win64; x64) AppleWebKit/537.36 (KHTML, like Gecko) Chrome/94.0.4606.81 Safari/537.36 Edg/94.0.992.50"
83.219.165.34 - - [21/Oct/2021:09:55:51 +0200] "GET /images/step_bg.jpg HTTP/1.1" 200 319 "http://renault.activities.at/css/styles.css" "Mozilla/5.0 (Windows NT 10.0; Win64; x64) AppleWebKit/537.36 (KHTML, like Gecko) Chrome/94.0.4606.81 Safari/537.36 Edg/94.0.992.50"
83.219.165.34 - - [21/Oct/2021:09:55:51 +0200] "GET /images/step_marker.gif HTTP/1.1" 200 650 "http://renault.activities.at/css/styles.css" "Mozilla/5.0 (Windows NT 10.0; Win64; x64) AppleWebKit/537.36 (KHTML, like Gecko) Chrome/94.0.4606.81 Safari/537.36 Edg/94.0.992.50"
83.219.165.34 - - [21/Oct/2021:09:55:51 +0200] "GET /images/checkout_border.gif HTTP/1.1" 200 43 "http://renault.activities.at/css/styles.css" "Mozilla/5.0 (Windows NT 10.0; Win64; x64) AppleWebKit/537.36 (KHTML, like Gecko) Chrome/94.0.4606.81 Safari/537.36 Edg/94.0.992.50"
83.219.165.34 - - [21/Oct/2021:09:55:51 +0200] "GET /images/checkout_border_top.gif HTTP/1.1" 200 156 "http://renault.activities.at/css/styles.css" "Mozilla/5.0 (Windows NT 10.0; Win64; x64) AppleWebKit/537.36 (KHTML, like Gecko) Chrome/94.0.4606.81 Safari/537.36 Edg/94.0.992.50"
83.219.165.34 - - [21/Oct/2021:09:55:51 +0200] "GET /loadthumbnail.php?id=10201939 HTTP/1.1" 200 201 "http://renault.activities.at/checkout" "Mozilla/5.0 (Windows NT 10.0; Win64; x64) AppleWebKit/537.36 (KHTML, like Gecko) Chrome/94.0.4606.81 Safari/537.36 Edg/94.0.992.50"
83.219.165.34 - - [21/Oct/2021:09:55:51 +0200] "GET /loadthumbnail.php?id=10202698 HTTP/1.1" 200 16686 "http://renault.activities.at/checkout" "Mozilla/5.0 (Windows NT 10.0; Win64; x64) AppleWebKit/537.36 (KHTML, like Gecko) Chrome/94.0.4606.81 Safari/537.36 Edg/94.0.992.50"
83.219.165.34 - - [21/Oct/2021:09:55:54 +0200] "GET /aboutus HTTP/1.1" 200 4643 "http://renault.activities.at/result?searchterm=true&search=service" "Mozilla/5.0 (Windows NT 10.0; Win64; x64) AppleWebKit/537.36 (KHTML, like Gecko) Chrome/94.0.4606.81 Safari/537.36 Edg/94.0.992.50"
80.120.210.180 - - [21/Oct/2021:09:56:07 +0200] "GET /reload?ser=1634802967077 HTTP/1.1" 200 28 "http://renault.activities.at/cart" "Mozilla/5.0 (Windows NT 10.0; Win64; x64) AppleWebKit/537.36 (KHTML, like Gecko) Chrome/94.0.4606.81 Safari/537.36 Edg/94.0.992.50"
88.116.197.170 - - [21/Oct/2021:09:56:12 +0200] "GET /reload?ser=1634802972197 HTTP/1.1" 200 28 "http://renault.activities.at/result?searchterm=true&search=spring&loadrequest=true" "Mozilla/5.0 (Windows NT 10.0; Win64; x64) AppleWebKit/537.36 (KHTML, like Gecko) Chrome/94.0.4606.81 Safari/537.36"
83.219.165.34 - - [21/Oct/2021:09:56:23 +0200] "GET /checkout HTTP/1.1" 200 20469 "http://renault.activities.at/aboutus" "Mozilla/5.0 (Windows NT 10.0; Win64; x64) AppleWebKit/537.36 (KHTML, like Gecko) Chrome/94.0.4606.81 Safari/537.36 Edg/94.0.992.50"
193.194.132.27 - - [21/Oct/2021:09:56:28 +0200] "GET /reload?ser=1634802988605 HTTP/1.1" 200 28 "http://renault.2web.at/account" "Mozilla/5.0 (Windows NT 10.0; Win64; x64) AppleWebKit/537.36 (KHTML, like Gecko) Chrome/94.0.4606.81 Safari/537.36"
83.219.165.34 - - [21/Oct/2021:09:56:37 +0200] "POST /docheckout HTTP/1.1" 200 461 "http://renault.activities.at/checkout" "Mozilla/5.0 (Windows NT 10.0; Win64; x64) AppleWebKit/537.36 (KHTML, like Gecko) Chrome/94.0.4606.81 Safari/537.36 Edg/94.0.992.50"
83.219.165.34 - - [21/Oct/2021:09:56:41 +0200] "POST /docheckout HTTP/1.1" 200 639 "http://renault.activities.at/checkout" "Mozilla/5.0 (Windows NT 10.0; Win64; x64) AppleWebKit/537.36 (KHTML, like Gecko) Chrome/94.0.4606.81 Safari/537.36 Edg/94.0.992.50"
83.219.165.34 - - [21/Oct/2021:09:56:43 +0200] "GET /images/error_msg_icon.gif HTTP/1.1" 200 1013 "http://renault.activities.at/checkout" "Mozilla/5.0 (Windows NT 10.0; Win64; x64) AppleWebKit/537.36 (KHTML, like Gecko) Chrome/94.0.4606.81 Safari/537.36 Edg/94.0.992.50"
83.219.165.34 - - [21/Oct/2021:09:56:42 +0200] "POST /docheckout HTTP/1.1" 200 68 "http://renault.activities.at/checkout" "Mozilla/5.0 (Windows NT 10.0; Win64; x64) AppleWebKit/537.36 (KHTML, like Gecko) Chrome/94.0.4606.81 Safari/537.36 Edg/94.0.992.50"
83.219.165.34 - - [21/Oct/2021:09:56:46 +0200] "POST /docheckout HTTP/1.1" 200 81 "http://renault.activities.at/checkout" "Mozilla/5.0 (Windows NT 10.0; Win64; x64) AppleWebKit/537.36 (KHTML, like Gecko) Chrome/94.0.4606.81 Safari/537.36 Edg/94.0.992.50"
83.219.165.34 - - [21/Oct/2021:09:56:47 +0200] "GET /success HTTP/1.1" 200 3786 "http://renault.activities.at/checkout" "Mozilla/5.0 (Windows NT 10.0; Win64; x64) AppleWebKit/537.36 (KHTML, like Gecko) Chrome/94.0.4606.81 Safari/537.36 Edg/94.0.992.50"
83.219.165.34 - - [21/Oct/2021:09:56:48 +0200] "GET /cart?datachange=true HTTP/1.1" 200 3766 "http://renault.activities.at/checkout" "Mozilla/5.0 (Windows NT 10.0; Win64; x64) AppleWebKit/537.36 (KHTML, like Gecko) Chrome/94.0.4606.81 Safari/537.36 Edg/94.0.992.50"
83.219.165.34 - - [21/Oct/2021:09:56:57 +0200] "GET /account HTTP/1.1" 200 6070 "http://renault.activities.at/cart?datachange=true" "Mozilla/5.0 (Windows NT 10.0; Win64; x64) AppleWebKit/537.36 (KHTML, like Gecko) Chrome/94.0.4606.81 Safari/537.36 Edg/94.0.992.50"
83.219.165.34 - - [21/Oct/2021:09:56:59 +0200] "GET /loadthumbnail.php?id=12230318&width=50&height=50 HTTP/1.1" 200 1011 "http://renault.activities.at/account" "Mozilla/5.0 (Windows NT 10.0; Win64; x64) AppleWebKit/537.36 (KHTML, like Gecko) Chrome/94.0.4606.81 Safari/537.36 Edg/94.0.992.50"
83.219.165.34 - - [21/Oct/2021:09:56:59 +0200] "GET /loadthumbnail.php?id=11075492&width=50&height=50 HTTP/1.1" 200 1114 "http://renault.activities.at/account" "Mozilla/5.0 (Windows NT 10.0; Win64; x64) AppleWebKit/537.36 (KHTML, like Gecko) Chrome/94.0.4606.81 Safari/537.36 Edg/94.0.992.50"
80.120.210.180 - - [21/Oct/2021:09:57:08 +0200] "GET /reload?ser=1634803028081 HTTP/1.1" 200 28 "http://renault.activities.at/cart" "Mozilla/5.0 (Windows NT 10.0; Win64; x64) AppleWebKit/537.36 (KHTML, like Gecko) Chrome/94.0.4606.81 Safari/537.36 Edg/94.0.992.50"
83.219.165.34 - - [21/Oct/2021:09:57:09 +0200] "GET /orders HTTP/1.1" 200 5604 "http://renault.activities.at/account" "Mozilla/5.0 (Windows NT 10.0; Win64; x64) AppleWebKit/537.36 (KHTML, like Gecko) Chrome/94.0.4606.81 Safari/537.36 Edg/94.0.992.50"
83.219.165.34 - - [21/Oct/2021:09:57:11 +0200] "GET /loadthumbnail.php?id=10203276 HTTP/1.1" 200 75 "http://renault.activities.at/orders" "Mozilla/5.0 (Windows NT 10.0; Win64; x64) AppleWebKit/537.36 (KHTML, like Gecko) Chrome/94.0.4606.81 Safari/537.36 Edg/94.0.992.50"
88.116.197.170 - - [21/Oct/2021:09:57:13 +0200] "GET /reload?ser=1634803033197 HTTP/1.1" 200 28 "http://renault.activities.at/result?searchterm=true&search=spring&loadrequest=true" "Mozilla/5.0 (Windows NT 10.0; Win64; x64) AppleWebKit/537.36 (KHTML, like Gecko) Chrome/94.0.4606.81 Safari/537.36"
83.219.165.34 - - [21/Oct/2021:09:57:16 +0200] "GET /12474857 HTTP/1.1" 200 5709 "http://renault.activities.at/orders" "Mozilla/5.0 (Windows NT 10.0; Win64; x64) AppleWebKit/537.36 (KHTML, like Gecko) Chrome/94.0.4606.81 Safari/537.36 Edg/94.0.992.50"
83.219.165.34 - - [21/Oct/2021:09:57:26 +0200] "GET /logout HTTP/1.1" 302 140 "http://renault.activities.at/12474857" "Mozilla/5.0 (Windows NT 10.0; Win64; x64) AppleWebKit/537.36 (KHTML, like Gecko) Chrome/94.0.4606.81 Safari/537.36 Edg/94.0.992.50"
83.219.165.34 - - [21/Oct/2021:09:57:27 +0200] "GET /logout HTTP/1.1" 200 1583 "http://renault.activities.at/12474857" "Mozilla/5.0 (Windows NT 10.0; Win64; x64) AppleWebKit/537.36 (KHTML, like Gecko) Chrome/94.0.4606.81 Safari/537.36 Edg/94.0.992.50"
193.194.132.27 - - [21/Oct/2021:09:57:30 +0200] "GET /reload?ser=1634803050609 HTTP/1.1" 200 28 "http://renault.2web.at/account" "Mozilla/5.0 (Windows NT 10.0; Win64; x64) AppleWebKit/537.36 (KHTML, like Gecko) Chrome/94.0.4606.81 Safari/537.36"
80.120.210.180 - - [21/Oct/2021:09:58:09 +0200] "GET /reload?ser=1634803089086 HTTP/1.1" 200 28 "http://renault.activities.at/cart" "Mozilla/5.0 (Windows NT 10.0; Win64; x64) AppleWebKit/537.36 (KHTML, like Gecko) Chrome/94.0.4606.81 Safari/537.36 Edg/94.0.992.50"
88.116.197.170 - - [21/Oct/2021:09:58:14 +0200] "GET /reload?ser=1634803094194 HTTP/1.1" 200 28 "http://renault.activities.at/result?searchterm=true&search=spring&loadrequest=true" "Mozilla/5.0 (Windows NT 10.0; Win64; x64) AppleWebKit/537.36 (KHTML, like Gecko) Chrome/94.0.4606.81 Safari/537.36"
193.194.132.27 - - [21/Oct/2021:09:58:33 +0200] "GET /reload?ser=1634803112612 HTTP/1.1" 200 28 "http://renault.2web.at/account" "Mozilla/5.0 (Windows NT 10.0; Win64; x64) AppleWebKit/537.36 (KHTML, like Gecko) Chrome/94.0.4606.81 Safari/537.36"
80.120.210.180 - - [21/Oct/2021:09:59:11 +0200] "GET /reload?ser=1634803151088 HTTP/1.1" 200 28 "http://renault.activities.at/cart" "Mozilla/5.0 (Windows NT 10.0; Win64; x64) AppleWebKit/537.36 (KHTML, like Gecko) Chrome/94.0.4606.81 Safari/537.36 Edg/94.0.992.50"
88.116.197.170 - - [21/Oct/2021:09:59:15 +0200] "GET /reload?ser=1634803155203 HTTP/1.1" 200 28 "http://renault.activities.at/result?searchterm=true&search=spring&loadrequest=true" "Mozilla/5.0 (Windows NT 10.0; Win64; x64) AppleWebKit/537.36 (KHTML, like Gecko) Chrome/94.0.4606.81 Safari/537.36"
193.194.132.27 - - [21/Oct/2021:09:59:34 +0200] "GET /reload?ser=1634803174614 HTTP/1.1" 200 28 "http://renault.2web.at/account" "Mozilla/5.0 (Windows NT 10.0; Win64; x64) AppleWebKit/537.36 (KHTML, like Gecko) Chrome/94.0.4606.81 Safari/537.36"
80.120.210.180 - - [21/Oct/2021:10:00:12 +0200] "GET /reload?ser=1634803212092 HTTP/1.1" 200 28 "http://renault.activities.at/cart" "Mozilla/5.0 (Windows NT 10.0; Win64; x64) AppleWebKit/537.36 (KHTML, like Gecko) Chrome/94.0.4606.81 Safari/537.36 Edg/94.0.992.50"
88.116.197.170 - - [21/Oct/2021:10:00:16 +0200] "GET /reload?ser=1634803216201 HTTP/1.1" 200 28 "http://renault.activities.at/result?searchterm=true&search=spring&loadrequest=true" "Mozilla/5.0 (Windows NT 10.0; Win64; x64) AppleWebKit/537.36 (KHTML, like Gecko) Chrome/94.0.4606.81 Safari/537.36"
193.194.132.27 - - [21/Oct/2021:10:00:37 +0200] "GET /reload?ser=1634803236616 HTTP/1.1" 200 28 "http://renault.2web.at/account" "Mozilla/5.0 (Windows NT 10.0; Win64; x64) AppleWebKit/537.36 (KHTML, like Gecko) Chrome/94.0.4606.81 Safari/537.36"
80.120.210.180 - - [21/Oct/2021:10:01:13 +0200] "GET /reload?ser=1634803273091 HTTP/1.1" 200 28 "http://renault.activities.at/cart" "Mozilla/5.0 (Windows NT 10.0; Win64; x64) AppleWebKit/537.36 (KHTML, like Gecko) Chrome/94.0.4606.81 Safari/537.36 Edg/94.0.992.50"
88.116.197.170 - - [21/Oct/2021:10:01:17 +0200] "GET /reload?ser=1634803277195 HTTP/1.1" 200 28 "http://renault.activities.at/result?searchterm=true&search=spring&loadrequest=true" "Mozilla/5.0 (Windows NT 10.0; Win64; x64) AppleWebKit/537.36 (KHTML, like Gecko) Chrome/94.0.4606.81 Safari/537.36"
193.194.132.27 - - [21/Oct/2021:10:01:39 +0200] "GET /reload?ser=1634803298632 HTTP/1.1" 200 28 "http://renault.2web.at/account" "Mozilla/5.0 (Windows NT 10.0; Win64; x64) AppleWebKit/537.36 (KHTML, like Gecko) Chrome/94.0.4606.81 Safari/537.36"
80.120.210.180 - - [21/Oct/2021:10:02:14 +0200] "GET /reload?ser=1634803334094 HTTP/1.1" 200 28 "http://renault.activities.at/cart" "Mozilla/5.0 (Windows NT 10.0; Win64; x64) AppleWebKit/537.36 (KHTML, like Gecko) Chrome/94.0.4606.81 Safari/537.36 Edg/94.0.992.50"
88.116.197.170 - - [21/Oct/2021:10:02:18 +0200] "GET /reload?ser=1634803338193 HTTP/1.1" 200 28 "http://renault.activities.at/result?searchterm=true&search=spring&loadrequest=true" "Mozilla/5.0 (Windows NT 10.0; Win64; x64) AppleWebKit/537.36 (KHTML, like Gecko) Chrome/94.0.4606.81 Safari/537.36"
193.194.132.27 - - [21/Oct/2021:10:02:41 +0200] "GET /reload?ser=1634803360619 HTTP/1.1" 200 28 "http://renault.2web.at/account" "Mozilla/5.0 (Windows NT 10.0; Win64; x64) AppleWebKit/537.36 (KHTML, like Gecko) Chrome/94.0.4606.81 Safari/537.36"
80.120.210.180 - - [21/Oct/2021:10:03:15 +0200] "GET /reload?ser=1634803395085 HTTP/1.1" 200 28 "http://renault.activities.at/cart" "Mozilla/5.0 (Windows NT 10.0; Win64; x64) AppleWebKit/537.36 (KHTML, like Gecko) Chrome/94.0.4606.81 Safari/537.36 Edg/94.0.992.50"
88.116.197.170 - - [21/Oct/2021:10:03:20 +0200] "GET /reload?ser=1634803400188 HTTP/1.1" 200 28 "http://renault.activities.at/result?searchterm=true&search=spring&loadrequest=true" "Mozilla/5.0 (Windows NT 10.0; Win64; x64) AppleWebKit/537.36 (KHTML, like Gecko) Chrome/94.0.4606.81 Safari/537.36"
193.194.132.27 - - [21/Oct/2021:10:03:43 +0200] "GET /reload?ser=1634803422620 HTTP/1.1" 200 28 "http://renault.2web.at/account" "Mozilla/5.0 (Windows NT 10.0; Win64; x64) AppleWebKit/537.36 (KHTML, like Gecko) Chrome/94.0.4606.81 Safari/537.36"
80.120.210.180 - - [21/Oct/2021:10:04:16 +0200] "GET /reload?ser=1634803456088 HTTP/1.1" 200 28 "http://renault.activities.at/cart" "Mozilla/5.0 (Windows NT 10.0; Win64; x64) AppleWebKit/537.36 (KHTML, like Gecko) Chrome/94.0.4606.81 Safari/537.36 Edg/94.0.992.50"
88.116.197.170 - - [21/Oct/2021:10:04:22 +0200] "GET /reload?ser=1634803462202 HTTP/1.1" 200 28 "http://renault.activities.at/result?searchterm=true&search=spring&loadrequest=true" "Mozilla/5.0 (Windows NT 10.0; Win64; x64) AppleWebKit/537.36 (KHTML, like Gecko) Chrome/94.0.4606.81 Safari/537.36"
193.194.132.27 - - [21/Oct/2021:10:04:45 +0200] "GET /reload?ser=1634803484621 HTTP/1.1" 200 28 "http://renault.2web.at/account" "Mozilla/5.0 (Windows NT 10.0; Win64; x64) AppleWebKit/537.36 (KHTML, like Gecko) Chrome/94.0.4606.81 Safari/537.36"
80.120.210.180 - - [21/Oct/2021:10:05:17 +0200] "GET /reload?ser=1634803517096 HTTP/1.1" 200 28 "http://renault.activities.at/cart" "Mozilla/5.0 (Windows NT 10.0; Win64; x64) AppleWebKit/537.36 (KHTML, like Gecko) Chrome/94.0.4606.81 Safari/537.36 Edg/94.0.992.50"
88.116.197.170 - - [21/Oct/2021:10:05:23 +0200] "GET /reload?ser=1634803523200 HTTP/1.1" 200 28 "http://renault.activities.at/result?searchterm=true&search=spring&loadrequest=true" "Mozilla/5.0 (Windows NT 10.0; Win64; x64) AppleWebKit/537.36 (KHTML, like Gecko) Chrome/94.0.4606.81 Safari/537.36"
193.194.132.27 - - [21/Oct/2021:10:05:47 +0200] "GET /reload?ser=1634803546622 HTTP/1.1" 200 28 "http://renault.2web.at/account" "Mozilla/5.0 (Windows NT 10.0; Win64; x64) AppleWebKit/537.36 (KHTML, like Gecko) Chrome/94.0.4606.81 Safari/537.36"
80.120.210.180 - - [21/Oct/2021:10:06:18 +0200] "GET /reload?ser=1634803578086 HTTP/1.1" 200 28 "http://renault.activities.at/cart" "Mozilla/5.0 (Windows NT 10.0; Win64; x64) AppleWebKit/537.36 (KHTML, like Gecko) Chrome/94.0.4606.81 Safari/537.36 Edg/94.0.992.50"
88.116.197.170 - - [21/Oct/2021:10:06:25 +0200] "GET /reload?ser=1634803585193 HTTP/1.1" 200 28 "http://renault.activities.at/result?searchterm=true&search=spring&loadrequest=true" "Mozilla/5.0 (Windows NT 10.0; Win64; x64) AppleWebKit/537.36 (KHTML, like Gecko) Chrome/94.0.4606.81 Safari/537.36"
193.194.132.27 - - [21/Oct/2021:10:06:48 +0200] "GET /reload?ser=1634803608623 HTTP/1.1" 200 28 "http://renault.2web.at/account" "Mozilla/5.0 (Windows NT 10.0; Win64; x64) AppleWebKit/537.36 (KHTML, like Gecko) Chrome/94.0.4606.81 Safari/537.36"
80.120.210.180 - - [21/Oct/2021:10:07:19 +0200] "GET /reload?ser=1634803639083 HTTP/1.1" 200 28 "http://renault.activities.at/cart" "Mozilla/5.0 (Windows NT 10.0; Win64; x64) AppleWebKit/537.36 (KHTML, like Gecko) Chrome/94.0.4606.81 Safari/537.36 Edg/94.0.992.50"
88.116.197.170 - - [21/Oct/2021:10:07:27 +0200] "GET /reload?ser=1634803647189 HTTP/1.1" 200 28 "http://renault.activities.at/result?searchterm=true&search=spring&loadrequest=true" "Mozilla/5.0 (Windows NT 10.0; Win64; x64) AppleWebKit/537.36 (KHTML, like Gecko) Chrome/94.0.4606.81 Safari/537.36"
193.194.132.27 - - [21/Oct/2021:10:07:51 +0200] "GET /reload?ser=1634803670624 HTTP/1.1" 200 28 "http://renault.2web.at/account" "Mozilla/5.0 (Windows NT 10.0; Win64; x64) AppleWebKit/537.36 (KHTML, like Gecko) Chrome/94.0.4606.81 Safari/537.36"
80.120.210.180 - - [21/Oct/2021:10:08:20 +0200] "GET /reload?ser=1634803700085 HTTP/1.1" 200 28 "http://renault.activities.at/cart" "Mozilla/5.0 (Windows NT 10.0; Win64; x64) AppleWebKit/537.36 (KHTML, like Gecko) Chrome/94.0.4606.81 Safari/537.36 Edg/94.0.992.50"
88.116.197.170 - - [21/Oct/2021:10:08:29 +0200] "GET /reload?ser=1634803709191 HTTP/1.1" 200 28 "http://renault.activities.at/result?searchterm=true&search=spring&loadrequest=true" "Mozilla/5.0 (Windows NT 10.0; Win64; x64) AppleWebKit/537.36 (KHTML, like Gecko) Chrome/94.0.4606.81 Safari/537.36"
193.194.132.27 - - [21/Oct/2021:10:08:53 +0200] "GET /reload?ser=1634803732624 HTTP/1.1" 200 28 "http://renault.2web.at/account" "Mozilla/5.0 (Windows NT 10.0; Win64; x64) AppleWebKit/537.36 (KHTML, like Gecko) Chrome/94.0.4606.81 Safari/537.36"
80.120.210.180 - - [21/Oct/2021:10:09:21 +0200] "GET /reload?ser=1634803761088 HTTP/1.1" 200 28 "http://renault.activities.at/cart" "Mozilla/5.0 (Windows NT 10.0; Win64; x64) AppleWebKit/537.36 (KHTML, like Gecko) Chrome/94.0.4606.81 Safari/537.36 Edg/94.0.992.50"
88.116.197.170 - - [21/Oct/2021:10:09:30 +0200] "GET /reload?ser=1634803770188 HTTP/1.1" 200 28 "http://renault.activities.at/result?searchterm=true&search=spring&loadrequest=true" "Mozilla/5.0 (Windows NT 10.0; Win64; x64) AppleWebKit/537.36 (KHTML, like Gecko) Chrome/94.0.4606.81 Safari/537.36"
193.194.132.27 - - [21/Oct/2021:10:09:54 +0200] "GET /reload?ser=1634803794625 HTTP/1.1" 200 28 "http://renault.2web.at/account" "Mozilla/5.0 (Windows NT 10.0; Win64; x64) AppleWebKit/537.36 (KHTML, like Gecko) Chrome/94.0.4606.81 Safari/537.36"
80.120.210.180 - - [21/Oct/2021:10:10:22 +0200] "GET /reload?ser=1634803822087 HTTP/1.1" 200 28 "http://renault.activities.at/cart" "Mozilla/5.0 (Windows NT 10.0; Win64; x64) AppleWebKit/537.36 (KHTML, like Gecko) Chrome/94.0.4606.81 Safari/537.36 Edg/94.0.992.50"
88.116.197.170 - - [21/Oct/2021:10:10:32 +0200] "GET /reload?ser=1634803832189 HTTP/1.1" 200 28 "http://renault.activities.at/result?searchterm=true&search=spring&loadrequest=true" "Mozilla/5.0 (Windows NT 10.0; Win64; x64) AppleWebKit/537.36 (KHTML, like Gecko) Chrome/94.0.4606.81 Safari/537.36"
193.194.132.27 - - [21/Oct/2021:10:10:57 +0200] "GET /reload?ser=1634803856626 HTTP/1.1" 200 28 "http://renault.2web.at/account" "Mozilla/5.0 (Windows NT 10.0; Win64; x64) AppleWebKit/537.36 (KHTML, like Gecko) Chrome/94.0.4606.81 Safari/537.36"
80.120.210.180 - - [21/Oct/2021:10:11:23 +0200] "GET /reload?ser=1634803883100 HTTP/1.1" 200 28 "http://renault.activities.at/cart" "Mozilla/5.0 (Windows NT 10.0; Win64; x64) AppleWebKit/537.36 (KHTML, like Gecko) Chrome/94.0.4606.81 Safari/537.36 Edg/94.0.992.50"
88.116.197.170 - - [21/Oct/2021:10:11:33 +0200] "GET /reload?ser=1634803893193 HTTP/1.1" 200 28 "http://renault.activities.at/result?searchterm=true&search=spring&loadrequest=true" "Mozilla/5.0 (Windows NT 10.0; Win64; x64) AppleWebKit/537.36 (KHTML, like Gecko) Chrome/94.0.4606.81 Safari/537.36"
193.194.132.27 - - [21/Oct/2021:10:11:59 +0200] "GET /reload?ser=1634803918625 HTTP/1.1" 200 28 "http://renault.2web.at/account" "Mozilla/5.0 (Windows NT 10.0; Win64; x64) AppleWebKit/537.36 (KHTML, like Gecko) Chrome/94.0.4606.81 Safari/537.36"
80.120.210.180 - - [21/Oct/2021:10:12:25 +0200] "GET /reload?ser=1634803945092 HTTP/1.1" 200 28 "http://renault.activities.at/cart" "Mozilla/5.0 (Windows NT 10.0; Win64; x64) AppleWebKit/537.36 (KHTML, like Gecko) Chrome/94.0.4606.81 Safari/537.36 Edg/94.0.992.50"
88.116.197.170 - - [21/Oct/2021:10:12:34 +0200] "GET /reload?ser=1634803954196 HTTP/1.1" 200 28 "http://renault.activities.at/result?searchterm=true&search=spring&loadrequest=true" "Mozilla/5.0 (Windows NT 10.0; Win64; x64) AppleWebKit/537.36 (KHTML, like Gecko) Chrome/94.0.4606.81 Safari/537.36"
193.194.132.27 - - [21/Oct/2021:10:13:01 +0200] "GET /reload?ser=1634803980626 HTTP/1.1" 200 28 "http://renault.2web.at/account" "Mozilla/5.0 (Windows NT 10.0; Win64; x64) AppleWebKit/537.36 (KHTML, like Gecko) Chrome/94.0.4606.81 Safari/537.36"
80.120.210.180 - - [21/Oct/2021:10:13:26 +0200] "GET /reload?ser=1634804006100 HTTP/1.1" 200 28 "http://renault.activities.at/cart" "Mozilla/5.0 (Windows NT 10.0; Win64; x64) AppleWebKit/537.36 (KHTML, like Gecko) Chrome/94.0.4606.81 Safari/537.36 Edg/94.0.992.50"
88.116.197.170 - - [21/Oct/2021:10:13:36 +0200] "GET /reload?ser=1634804016191 HTTP/1.1" 200 28 "http://renault.activities.at/result?searchterm=true&search=spring&loadrequest=true" "Mozilla/5.0 (Windows NT 10.0; Win64; x64) AppleWebKit/537.36 (KHTML, like Gecko) Chrome/94.0.4606.81 Safari/537.36"
193.194.132.27 - - [21/Oct/2021:10:14:03 +0200] "GET /reload?ser=1634804042625 HTTP/1.1" 200 28 "http://renault.2web.at/account" "Mozilla/5.0 (Windows NT 10.0; Win64; x64) AppleWebKit/537.36 (KHTML, like Gecko) Chrome/94.0.4606.81 Safari/537.36"
80.120.210.180 - - [21/Oct/2021:10:14:27 +0200] "GET /reload?ser=1634804067100 HTTP/1.1" 200 28 "http://renault.activities.at/cart" "Mozilla/5.0 (Windows NT 10.0; Win64; x64) AppleWebKit/537.36 (KHTML, like Gecko) Chrome/94.0.4606.81 Safari/537.36 Edg/94.0.992.50"
88.116.197.170 - - [21/Oct/2021:10:14:37 +0200] "GET /reload?ser=1634804077202 HTTP/1.1" 200 28 "http://renault.activities.at/result?searchterm=true&search=spring&loadrequest=true" "Mozilla/5.0 (Windows NT 10.0; Win64; x64) AppleWebKit/537.36 (KHTML, like Gecko) Chrome/94.0.4606.81 Safari/537.36"
193.194.132.27 - - [21/Oct/2021:10:15:05 +0200] "GET /reload?ser=1634804104629 HTTP/1.1" 200 28 "http://renault.2web.at/account" "Mozilla/5.0 (Windows NT 10.0; Win64; x64) AppleWebKit/537.36 (KHTML, like Gecko) Chrome/94.0.4606.81 Safari/537.36"
80.120.210.180 - - [21/Oct/2021:10:15:28 +0200] "GET /reload?ser=1634804128096 HTTP/1.1" 200 28 "http://renault.activities.at/cart" "Mozilla/5.0 (Windows NT 10.0; Win64; x64) AppleWebKit/537.36 (KHTML, like Gecko) Chrome/94.0.4606.81 Safari/537.36 Edg/94.0.992.50"
88.116.197.170 - - [21/Oct/2021:10:15:38 +0200] "GET /reload?ser=1634804138198 HTTP/1.1" 200 28 "http://renault.activities.at/result?searchterm=true&search=spring&loadrequest=true" "Mozilla/5.0 (Windows NT 10.0; Win64; x64) AppleWebKit/537.36 (KHTML, like Gecko) Chrome/94.0.4606.81 Safari/537.36"
193.194.132.27 - - [21/Oct/2021:10:16:07 +0200] "GET /reload?ser=1634804166627 HTTP/1.1" 200 28 "http://renault.2web.at/account" "Mozilla/5.0 (Windows NT 10.0; Win64; x64) AppleWebKit/537.36 (KHTML, like Gecko) Chrome/94.0.4606.81 Safari/537.36"
80.120.210.180 - - [21/Oct/2021:10:16:29 +0200] "GET /reload?ser=1634804189099 HTTP/1.1" 200 28 "http://renault.activities.at/cart" "Mozilla/5.0 (Windows NT 10.0; Win64; x64) AppleWebKit/537.36 (KHTML, like Gecko) Chrome/94.0.4606.81 Safari/537.36 Edg/94.0.992.50"
88.116.197.170 - - [21/Oct/2021:10:16:40 +0200] "GET /reload?ser=1634804200193 HTTP/1.1" 200 28 "http://renault.activities.at/result?searchterm=true&search=spring&loadrequest=true" "Mozilla/5.0 (Windows NT 10.0; Win64; x64) AppleWebKit/537.36 (KHTML, like Gecko) Chrome/94.0.4606.81 Safari/537.36"
193.194.132.27 - - [21/Oct/2021:10:17:09 +0200] "GET /reload?ser=1634804228626 HTTP/1.1" 200 28 "http://renault.2web.at/account" "Mozilla/5.0 (Windows NT 10.0; Win64; x64) AppleWebKit/537.36 (KHTML, like Gecko) Chrome/94.0.4606.81 Safari/537.36"
80.120.210.180 - - [21/Oct/2021:10:17:30 +0200] "GET /reload?ser=1634804250089 HTTP/1.1" 200 28 "http://renault.activities.at/cart" "Mozilla/5.0 (Windows NT 10.0; Win64; x64) AppleWebKit/537.36 (KHTML, like Gecko) Chrome/94.0.4606.81 Safari/537.36 Edg/94.0.992.50"
88.116.197.170 - - [21/Oct/2021:10:17:42 +0200] "GET /reload?ser=1634804262190 HTTP/1.1" 200 28 "http://renault.activities.at/result?searchterm=true&search=spring&loadrequest=true" "Mozilla/5.0 (Windows NT 10.0; Win64; x64) AppleWebKit/537.36 (KHTML, like Gecko) Chrome/94.0.4606.81 Safari/537.36"
193.194.132.27 - - [21/Oct/2021:10:18:10 +0200] "GET /reload?ser=1634804290627 HTTP/1.1" 200 28 "http://renault.2web.at/account" "Mozilla/5.0 (Windows NT 10.0; Win64; x64) AppleWebKit/537.36 (KHTML, like Gecko) Chrome/94.0.4606.81 Safari/537.36"
80.120.210.180 - - [21/Oct/2021:10:18:31 +0200] "GET /reload?ser=1634804311094 HTTP/1.1" 200 28 "http://renault.activities.at/cart" "Mozilla/5.0 (Windows NT 10.0; Win64; x64) AppleWebKit/537.36 (KHTML, like Gecko) Chrome/94.0.4606.81 Safari/537.36 Edg/94.0.992.50"
88.116.197.170 - - [21/Oct/2021:10:18:43 +0200] "GET /reload?ser=1634804323195 HTTP/1.1" 200 28 "http://renault.activities.at/result?searchterm=true&search=spring&loadrequest=true" "Mozilla/5.0 (Windows NT 10.0; Win64; x64) AppleWebKit/537.36 (KHTML, like Gecko) Chrome/94.0.4606.81 Safari/537.36"
193.194.132.27 - - [21/Oct/2021:10:19:13 +0200] "GET /reload?ser=1634804352627 HTTP/1.1" 200 28 "http://renault.2web.at/account" "Mozilla/5.0 (Windows NT 10.0; Win64; x64) AppleWebKit/537.36 (KHTML, like Gecko) Chrome/94.0.4606.81 Safari/537.36"
80.120.210.180 - - [21/Oct/2021:10:19:33 +0200] "GET /reload?ser=1634804373096 HTTP/1.1" 200 28 "http://renault.activities.at/cart" "Mozilla/5.0 (Windows NT 10.0; Win64; x64) AppleWebKit/537.36 (KHTML, like Gecko) Chrome/94.0.4606.81 Safari/537.36 Edg/94.0.992.50"
88.116.197.170 - - [21/Oct/2021:10:19:45 +0200] "GET /reload?ser=1634804385189 HTTP/1.1" 200 28 "http://renault.activities.at/result?searchterm=true&search=spring&loadrequest=true" "Mozilla/5.0 (Windows NT 10.0; Win64; x64) AppleWebKit/537.36 (KHTML, like Gecko) Chrome/94.0.4606.81 Safari/537.36"
193.194.132.27 - - [21/Oct/2021:10:20:15 +0200] "GET /reload?ser=1634804414628 HTTP/1.1" 200 28 "http://renault.2web.at/account" "Mozilla/5.0 (Windows NT 10.0; Win64; x64) AppleWebKit/537.36 (KHTML, like Gecko) Chrome/94.0.4606.81 Safari/537.36"
80.120.210.180 - - [21/Oct/2021:10:20:34 +0200] "GET /reload?ser=1634804434094 HTTP/1.1" 200 28 "http://renault.activities.at/cart" "Mozilla/5.0 (Windows NT 10.0; Win64; x64) AppleWebKit/537.36 (KHTML, like Gecko) Chrome/94.0.4606.81 Safari/537.36 Edg/94.0.992.50"
88.116.197.170 - - [21/Oct/2021:10:20:47 +0200] "GET /reload?ser=1634804447203 HTTP/1.1" 200 28 "http://renault.activities.at/result?searchterm=true&search=spring&loadrequest=true" "Mozilla/5.0 (Windows NT 10.0; Win64; x64) AppleWebKit/537.36 (KHTML, like Gecko) Chrome/94.0.4606.81 Safari/537.36"
193.194.132.27 - - [21/Oct/2021:10:21:17 +0200] "GET /reload?ser=1634804476627 HTTP/1.1" 200 28 "http://renault.2web.at/account" "Mozilla/5.0 (Windows NT 10.0; Win64; x64) AppleWebKit/537.36 (KHTML, like Gecko) Chrome/94.0.4606.81 Safari/537.36"
80.120.210.180 - - [21/Oct/2021:10:21:35 +0200] "GET /reload?ser=1634804495089 HTTP/1.1" 200 28 "http://renault.activities.at/cart" "Mozilla/5.0 (Windows NT 10.0; Win64; x64) AppleWebKit/537.36 (KHTML, like Gecko) Chrome/94.0.4606.81 Safari/537.36 Edg/94.0.992.50"
88.116.197.170 - - [21/Oct/2021:10:21:48 +0200] "GET /reload?ser=1634804508196 HTTP/1.1" 200 28 "http://renault.activities.at/result?searchterm=true&search=spring&loadrequest=true" "Mozilla/5.0 (Windows NT 10.0; Win64; x64) AppleWebKit/537.36 (KHTML, like Gecko) Chrome/94.0.4606.81 Safari/537.36"
193.194.132.27 - - [21/Oct/2021:10:22:19 +0200] "GET /reload?ser=1634804538628 HTTP/1.1" 200 28 "http://renault.2web.at/account" "Mozilla/5.0 (Windows NT 10.0; Win64; x64) AppleWebKit/537.36 (KHTML, like Gecko) Chrome/94.0.4606.81 Safari/537.36"
80.120.210.180 - - [21/Oct/2021:10:22:36 +0200] "GET /reload?ser=1634804556091 HTTP/1.1" 200 28 "http://renault.activities.at/cart" "Mozilla/5.0 (Windows NT 10.0; Win64; x64) AppleWebKit/537.36 (KHTML, like Gecko) Chrome/94.0.4606.81 Safari/537.36 Edg/94.0.992.50"
88.116.197.170 - - [21/Oct/2021:10:22:49 +0200] "GET /reload?ser=1634804569199 HTTP/1.1" 200 28 "http://renault.activities.at/result?searchterm=true&search=spring&loadrequest=true" "Mozilla/5.0 (Windows NT 10.0; Win64; x64) AppleWebKit/537.36 (KHTML, like Gecko) Chrome/94.0.4606.81 Safari/537.36"
193.194.132.27 - - [21/Oct/2021:10:23:21 +0200] "GET /reload?ser=1634804600627 HTTP/1.1" 200 28 "http://renault.2web.at/account" "Mozilla/5.0 (Windows NT 10.0; Win64; x64) AppleWebKit/537.36 (KHTML, like Gecko) Chrome/94.0.4606.81 Safari/537.36"
80.120.210.180 - - [21/Oct/2021:10:23:37 +0200] "GET /reload?ser=1634804617098 HTTP/1.1" 200 28 "http://renault.activities.at/cart" "Mozilla/5.0 (Windows NT 10.0; Win64; x64) AppleWebKit/537.36 (KHTML, like Gecko) Chrome/94.0.4606.81 Safari/537.36 Edg/94.0.992.50"
88.116.197.170 - - [21/Oct/2021:10:23:51 +0200] "GET /reload?ser=1634804631203 HTTP/1.1" 200 28 "http://renault.activities.at/result?searchterm=true&search=spring&loadrequest=true" "Mozilla/5.0 (Windows NT 10.0; Win64; x64) AppleWebKit/537.36 (KHTML, like Gecko) Chrome/94.0.4606.81 Safari/537.36"
193.194.132.27 - - [21/Oct/2021:10:24:23 +0200] "GET /reload?ser=1634804662627 HTTP/1.1" 200 28 "http://renault.2web.at/account" "Mozilla/5.0 (Windows NT 10.0; Win64; x64) AppleWebKit/537.36 (KHTML, like Gecko) Chrome/94.0.4606.81 Safari/537.36"
80.120.210.180 - - [21/Oct/2021:10:24:38 +0200] "GET /reload?ser=1634804678104 HTTP/1.1" 200 28 "http://renault.activities.at/cart" "Mozilla/5.0 (Windows NT 10.0; Win64; x64) AppleWebKit/537.36 (KHTML, like Gecko) Chrome/94.0.4606.81 Safari/537.36 Edg/94.0.992.50"
88.116.197.170 - - [21/Oct/2021:10:24:52 +0200] "GET /reload?ser=1634804692193 HTTP/1.1" 200 28 "http://renault.activities.at/result?searchterm=true&search=spring&loadrequest=true" "Mozilla/5.0 (Windows NT 10.0; Win64; x64) AppleWebKit/537.36 (KHTML, like Gecko) Chrome/94.0.4606.81 Safari/537.36"
193.194.132.27 - - [21/Oct/2021:10:25:25 +0200] "GET /reload?ser=1634804724628 HTTP/1.1" 200 28 "http://renault.2web.at/account" "Mozilla/5.0 (Windows NT 10.0; Win64; x64) AppleWebKit/537.36 (KHTML, like Gecko) Chrome/94.0.4606.81 Safari/537.36"
80.120.210.180 - - [21/Oct/2021:10:25:39 +0200] "GET /reload?ser=1634804739093 HTTP/1.1" 200 28 "http://renault.activities.at/cart" "Mozilla/5.0 (Windows NT 10.0; Win64; x64) AppleWebKit/537.36 (KHTML, like Gecko) Chrome/94.0.4606.81 Safari/537.36 Edg/94.0.992.50"
88.116.197.170 - - [21/Oct/2021:10:25:53 +0200] "GET /reload?ser=1634804753189 HTTP/1.1" 200 28 "http://renault.activities.at/result?searchterm=true&search=spring&loadrequest=true" "Mozilla/5.0 (Windows NT 10.0; Win64; x64) AppleWebKit/537.36 (KHTML, like Gecko) Chrome/94.0.4606.81 Safari/537.36"
193.194.132.27 - - [21/Oct/2021:10:26:27 +0200] "GET /reload?ser=1634804786628 HTTP/1.1" 200 28 "http://renault.2web.at/account" "Mozilla/5.0 (Windows NT 10.0; Win64; x64) AppleWebKit/537.36 (KHTML, like Gecko) Chrome/94.0.4606.81 Safari/537.36"
80.120.210.180 - - [21/Oct/2021:10:26:40 +0200] "GET /reload?ser=1634804800093 HTTP/1.1" 200 28 "http://renault.activities.at/cart" "Mozilla/5.0 (Windows NT 10.0; Win64; x64) AppleWebKit/537.36 (KHTML, like Gecko) Chrome/94.0.4606.81 Safari/537.36 Edg/94.0.992.50"
88.116.197.170 - - [21/Oct/2021:10:26:54 +0200] "GET /reload?ser=1634804814202 HTTP/1.1" 200 28 "http://renault.activities.at/result?searchterm=true&search=spring&loadrequest=true" "Mozilla/5.0 (Windows NT 10.0; Win64; x64) AppleWebKit/537.36 (KHTML, like Gecko) Chrome/94.0.4606.81 Safari/537.36"
193.194.132.27 - - [21/Oct/2021:10:27:29 +0200] "GET /reload?ser=1634804848628 HTTP/1.1" 200 28 "http://renault.2web.at/account" "Mozilla/5.0 (Windows NT 10.0; Win64; x64) AppleWebKit/537.36 (KHTML, like Gecko) Chrome/94.0.4606.81 Safari/537.36"
80.120.210.180 - - [21/Oct/2021:10:27:41 +0200] "GET /reload?ser=1634804861102 HTTP/1.1" 200 28 "http://renault.activities.at/cart" "Mozilla/5.0 (Windows NT 10.0; Win64; x64) AppleWebKit/537.36 (KHTML, like Gecko) Chrome/94.0.4606.81 Safari/537.36 Edg/94.0.992.50"
88.116.197.170 - - [21/Oct/2021:10:27:55 +0200] "GET /reload?ser=1634804875198 HTTP/1.1" 200 28 "http://renault.activities.at/result?searchterm=true&search=spring&loadrequest=true" "Mozilla/5.0 (Windows NT 10.0; Win64; x64) AppleWebKit/537.36 (KHTML, like Gecko) Chrome/94.0.4606.81 Safari/537.36"
193.194.132.27 - - [21/Oct/2021:10:28:31 +0200] "GET /reload?ser=1634804910633 HTTP/1.1" 200 28 "http://renault.2web.at/account" "Mozilla/5.0 (Windows NT 10.0; Win64; x64) AppleWebKit/537.36 (KHTML, like Gecko) Chrome/94.0.4606.81 Safari/537.36"
80.120.210.180 - - [21/Oct/2021:10:28:42 +0200] "GET /reload?ser=1634804922101 HTTP/1.1" 200 28 "http://renault.activities.at/cart" "Mozilla/5.0 (Windows NT 10.0; Win64; x64) AppleWebKit/537.36 (KHTML, like Gecko) Chrome/94.0.4606.81 Safari/537.36 Edg/94.0.992.50"
88.116.197.170 - - [21/Oct/2021:10:28:56 +0200] "GET /reload?ser=1634804936190 HTTP/1.1" 200 28 "http://renault.activities.at/result?searchterm=true&search=spring&loadrequest=true" "Mozilla/5.0 (Windows NT 10.0; Win64; x64) AppleWebKit/537.36 (KHTML, like Gecko) Chrome/94.0.4606.81 Safari/537.36"
193.194.132.27 - - [21/Oct/2021:10:29:33 +0200] "GET /reload?ser=1634804972637 HTTP/1.1" 200 28 "http://renault.2web.at/account" "Mozilla/5.0 (Windows NT 10.0; Win64; x64) AppleWebKit/537.36 (KHTML, like Gecko) Chrome/94.0.4606.81 Safari/537.36"
80.120.210.180 - - [21/Oct/2021:10:29:43 +0200] "GET /reload?ser=1634804983102 HTTP/1.1" 200 28 "http://renault.activities.at/cart" "Mozilla/5.0 (Windows NT 10.0; Win64; x64) AppleWebKit/537.36 (KHTML, like Gecko) Chrome/94.0.4606.81 Safari/537.36 Edg/94.0.992.50"
88.116.197.170 - - [21/Oct/2021:10:29:57 +0200] "GET /reload?ser=1634804997192 HTTP/1.1" 200 28 "http://renault.activities.at/result?searchterm=true&search=spring&loadrequest=true" "Mozilla/5.0 (Windows NT 10.0; Win64; x64) AppleWebKit/537.36 (KHTML, like Gecko) Chrome/94.0.4606.81 Safari/537.36"
193.194.132.27 - - [21/Oct/2021:10:30:35 +0200] "GET /reload?ser=1634805034642 HTTP/1.1" 200 28 "http://renault.2web.at/account" "Mozilla/5.0 (Windows NT 10.0; Win64; x64) AppleWebKit/537.36 (KHTML, like Gecko) Chrome/94.0.4606.81 Safari/537.36"
80.120.210.180 - - [21/Oct/2021:10:30:44 +0200] "GET /reload?ser=1634805044105 HTTP/1.1" 200 28 "http://renault.activities.at/cart" "Mozilla/5.0 (Windows NT 10.0; Win64; x64) AppleWebKit/537.36 (KHTML, like Gecko) Chrome/94.0.4606.81 Safari/537.36 Edg/94.0.992.50"
88.116.197.170 - - [21/Oct/2021:10:30:59 +0200] "GET /reload?ser=1634805059203 HTTP/1.1" 200 28 "http://renault.activities.at/result?searchterm=true&search=spring&loadrequest=true" "Mozilla/5.0 (Windows NT 10.0; Win64; x64) AppleWebKit/537.36 (KHTML, like Gecko) Chrome/94.0.4606.81 Safari/537.36"
193.194.132.27 - - [21/Oct/2021:10:31:37 +0200] "GET /reload?ser=1634805096646 HTTP/1.1" 200 28 "http://renault.2web.at/account" "Mozilla/5.0 (Windows NT 10.0; Win64; x64) AppleWebKit/537.36 (KHTML, like Gecko) Chrome/94.0.4606.81 Safari/537.36"
80.120.210.180 - - [21/Oct/2021:10:31:45 +0200] "GET /reload?ser=1634805105098 HTTP/1.1" 200 28 "http://renault.activities.at/cart" "Mozilla/5.0 (Windows NT 10.0; Win64; x64) AppleWebKit/537.36 (KHTML, like Gecko) Chrome/94.0.4606.81 Safari/537.36 Edg/94.0.992.50"
88.116.197.170 - - [21/Oct/2021:10:32:00 +0200] "GET /reload?ser=1634805120199 HTTP/1.1" 200 28 "http://renault.activities.at/result?searchterm=true&search=spring&loadrequest=true" "Mozilla/5.0 (Windows NT 10.0; Win64; x64) AppleWebKit/537.36 (KHTML, like Gecko) Chrome/94.0.4606.81 Safari/537.36"
193.194.132.27 - - [21/Oct/2021:10:32:39 +0200] "GET /reload?ser=1634805158651 HTTP/1.1" 200 28 "http://renault.2web.at/account" "Mozilla/5.0 (Windows NT 10.0; Win64; x64) AppleWebKit/537.36 (KHTML, like Gecko) Chrome/94.0.4606.81 Safari/537.36"
80.120.210.180 - - [21/Oct/2021:10:32:46 +0200] "GET /reload?ser=1634805166101 HTTP/1.1" 200 28 "http://renault.activities.at/cart" "Mozilla/5.0 (Windows NT 10.0; Win64; x64) AppleWebKit/537.36 (KHTML, like Gecko) Chrome/94.0.4606.81 Safari/537.36 Edg/94.0.992.50"
88.116.197.170 - - [21/Oct/2021:10:33:01 +0200] "GET /reload?ser=1634805181193 HTTP/1.1" 200 28 "http://renault.activities.at/result?searchterm=true&search=spring&loadrequest=true" "Mozilla/5.0 (Windows NT 10.0; Win64; x64) AppleWebKit/537.36 (KHTML, like Gecko) Chrome/94.0.4606.81 Safari/537.36"
193.194.132.27 - - [21/Oct/2021:10:33:41 +0200] "GET /reload?ser=1634805220655 HTTP/1.1" 200 28 "http://renault.2web.at/account" "Mozilla/5.0 (Windows NT 10.0; Win64; x64) AppleWebKit/537.36 (KHTML, like Gecko) Chrome/94.0.4606.81 Safari/537.36"
80.120.210.180 - - [21/Oct/2021:10:33:47 +0200] "GET /reload?ser=1634805227103 HTTP/1.1" 200 28 "http://renault.activities.at/cart" "Mozilla/5.0 (Windows NT 10.0; Win64; x64) AppleWebKit/537.36 (KHTML, like Gecko) Chrome/94.0.4606.81 Safari/537.36 Edg/94.0.992.50"
88.116.197.170 - - [21/Oct/2021:10:34:03 +0200] "GET /reload?ser=1634805243204 HTTP/1.1" 200 28 "http://renault.activities.at/result?searchterm=true&search=spring&loadrequest=true" "Mozilla/5.0 (Windows NT 10.0; Win64; x64) AppleWebKit/537.36 (KHTML, like Gecko) Chrome/94.0.4606.81 Safari/537.36"
153.92.113.152 - - [21/Oct/2021:10:34:21 +0200] "GET / HTTP/1.1" 200 3086 "-" "Mozilla/5.0 (Windows NT 6.1; WOW64) AppleWebKit/537.36 (KHTML, like Gecko) Chrome/95.0.4638.54 Safari/537.36"
153.92.113.152 - - [21/Oct/2021:10:34:22 +0200] "GET /css/reset.css HTTP/1.1" 200 1356 "http://renault.activities.at/" "Mozilla/5.0 (Windows NT 6.1; WOW64) AppleWebKit/537.36 (KHTML, like Gecko) Chrome/95.0.4638.54 Safari/537.36"
153.92.113.152 - - [21/Oct/2021:10:34:22 +0200] "GET /js/default.js HTTP/1.1" 200 14698 "http://renault.activities.at/" "Mozilla/5.0 (Windows NT 6.1; WOW64) AppleWebKit/537.36 (KHTML, like Gecko) Chrome/95.0.4638.54 Safari/537.36"
153.92.113.152 - - [21/Oct/2021:10:34:22 +0200] "GET /css/clears.css HTTP/1.1" 200 851 "http://renault.activities.at/" "Mozilla/5.0 (Windows NT 6.1; WOW64) AppleWebKit/537.36 (KHTML, like Gecko) Chrome/95.0.4638.54 Safari/537.36"
153.92.113.152 - - [21/Oct/2021:10:34:22 +0200] "GET /css/prototip.css HTTP/1.1" 200 968 "http://renault.activities.at/" "Mozilla/5.0 (Windows NT 6.1; WOW64) AppleWebKit/537.36 (KHTML, like Gecko) Chrome/95.0.4638.54 Safari/537.36"
153.92.113.152 - - [21/Oct/2021:10:34:22 +0200] "GET /js/checkout.css HTTP/1.1" 200 359 "http://renault.activities.at/" "Mozilla/5.0 (Windows NT 6.1; WOW64) AppleWebKit/537.36 (KHTML, like Gecko) Chrome/95.0.4638.54 Safari/537.36"
153.92.113.152 - - [21/Oct/2021:10:34:22 +0200] "GET /css/styles.css HTTP/1.1" 200 14664 "http://renault.activities.at/" "Mozilla/5.0 (Windows NT 6.1; WOW64) AppleWebKit/537.36 (KHTML, like Gecko) Chrome/95.0.4638.54 Safari/537.36"
153.92.113.152 - - [21/Oct/2021:10:34:22 +0200] "GET /css/themes/default.css HTTP/1.1" 200 769 "http://renault.activities.at/" "Mozilla/5.0 (Windows NT 6.1; WOW64) AppleWebKit/537.36 (KHTML, like Gecko) Chrome/95.0.4638.54 Safari/537.36"
153.92.113.152 - - [21/Oct/2021:10:34:22 +0200] "GET /css/themes/alphacube.css HTTP/1.1" 200 743 "http://renault.activities.at/" "Mozilla/5.0 (Windows NT 6.1; WOW64) AppleWebKit/537.36 (KHTML, like Gecko) Chrome/95.0.4638.54 Safari/537.36"
153.92.113.152 - - [21/Oct/2021:10:34:22 +0200] "GET /js/flashdetection.js HTTP/1.1" 200 1059 "http://renault.activities.at/" "Mozilla/5.0 (Windows NT 6.1; WOW64) AppleWebKit/537.36 (KHTML, like Gecko) Chrome/95.0.4638.54 Safari/537.36"
153.92.113.152 - - [21/Oct/2021:10:34:22 +0200] "GET /js/index.php?c=auto&f=,prototype/prototype.js,prototype/validation.js,scriptaculous/builder.js,scriptaculous/effects.js,scriptaculous/dragdrop.js,scriptaculous/controls.js,scriptaculous/slider.js,varien/js.js,varien/form.js,varien/menu.js,mage/translate.js,mage/cookies.js,varien/product.js,spinner/SpinnerControl.jsmin.js,prototype/window.js,prototype/window_ext.js HTTP/1.1" 200 94182 "http://renault.activities.at/" "Mozilla/5.0 (Windows NT 6.1; WOW64) AppleWebKit/537.36 (KHTML, like Gecko) Chrome/95.0.4638.54 Safari/537.36"
153.92.113.152 - - [21/Oct/2021:10:34:22 +0200] "GET /images/main_block_border.gif HTTP/1.1" 200 43 "http://renault.activities.at/css/styles.css" "Mozilla/5.0 (Windows NT 6.1; WOW64) AppleWebKit/537.36 (KHTML, like Gecko) Chrome/95.0.4638.54 Safari/537.36"
153.92.113.152 - - [21/Oct/2021:10:34:22 +0200] "GET /images/main_block_corner_left_bot.gif HTTP/1.1" 200 159 "http://renault.activities.at/css/styles.css" "Mozilla/5.0 (Windows NT 6.1; WOW64) AppleWebKit/537.36 (KHTML, like Gecko) Chrome/95.0.4638.54 Safari/537.36"
153.92.113.152 - - [21/Oct/2021:10:34:22 +0200] "GET /images/main_block_corner_right_bot.gif HTTP/1.1" 200 158 "http://renault.activities.at/css/styles.css" "Mozilla/5.0 (Windows NT 6.1; WOW64) AppleWebKit/537.36 (KHTML, like Gecko) Chrome/95.0.4638.54 Safari/537.36"
153.92.113.152 - - [21/Oct/2021:10:34:22 +0200] "GET /images/header_block_border.gif HTTP/1.1" 200 43 "http://renault.activities.at/css/styles.css" "Mozilla/5.0 (Windows NT 6.1; WOW64) AppleWebKit/537.36 (KHTML, like Gecko) Chrome/95.0.4638.54 Safari/537.36"
153.92.113.152 - - [21/Oct/2021:10:34:22 +0200] "GET /images/header_block_corner_left_top.gif HTTP/1.1" 200 160 "http://renault.activities.at/css/styles.css" "Mozilla/5.0 (Windows NT 6.1; WOW64) AppleWebKit/537.36 (KHTML, like Gecko) Chrome/95.0.4638.54 Safari/537.36"
153.92.113.152 - - [21/Oct/2021:10:34:22 +0200] "GET /css/print.css HTTP/1.1" 200 543 "http://renault.activities.at/" "Mozilla/5.0 (Windows NT 6.1; WOW64) AppleWebKit/537.36 (KHTML, like Gecko) Chrome/95.0.4638.54 Safari/537.36"
153.92.113.152 - - [21/Oct/2021:10:34:22 +0200] "GET /images/header_block_corner_right_top.gif HTTP/1.1" 200 160 "http://renault.activities.at/css/styles.css" "Mozilla/5.0 (Windows NT 6.1; WOW64) AppleWebKit/537.36 (KHTML, like Gecko) Chrome/95.0.4638.54 Safari/537.36"
153.92.113.152 - - [21/Oct/2021:10:34:22 +0200] "GET /images/main_block_corner_left_top.gif HTTP/1.1" 200 159 "http://renault.activities.at/css/styles.css" "Mozilla/5.0 (Windows NT 6.1; WOW64) AppleWebKit/537.36 (KHTML, like Gecko) Chrome/95.0.4638.54 Safari/537.36"
153.92.113.152 - - [21/Oct/2021:10:34:22 +0200] "GET /images/main_block_corner_right_top.gif HTTP/1.1" 200 159 "http://renault.activities.at/css/styles.css" "Mozilla/5.0 (Windows NT 6.1; WOW64) AppleWebKit/537.36 (KHTML, like Gecko) Chrome/95.0.4638.54 Safari/537.36"
153.92.113.152 - - [21/Oct/2021:10:34:22 +0200] "GET /images/title_border.jpg HTTP/1.1" 200 304 "http://renault.activities.at/css/styles.css" "Mozilla/5.0 (Windows NT 6.1; WOW64) AppleWebKit/537.36 (KHTML, like Gecko) Chrome/95.0.4638.54 Safari/537.36"
153.92.113.152 - - [21/Oct/2021:10:34:22 +0200] "GET /images/title_border_top.jpg HTTP/1.1" 200 336 "http://renault.activities.at/css/styles.css" "Mozilla/5.0 (Windows NT 6.1; WOW64) AppleWebKit/537.36 (KHTML, like Gecko) Chrome/95.0.4638.54 Safari/537.36"
153.92.113.152 - - [21/Oct/2021:10:34:22 +0200] "GET /images/title_corner_left_top.jpg HTTP/1.1" 200 372 "http://renault.activities.at/css/styles.css" "Mozilla/5.0 (Windows NT 6.1; WOW64) AppleWebKit/537.36 (KHTML, like Gecko) Chrome/95.0.4638.54 Safari/537.36"
153.92.113.152 - - [21/Oct/2021:10:34:22 +0200] "GET /images/title_corner_right_top.jpg HTTP/1.1" 200 389 "http://renault.activities.at/css/styles.css" "Mozilla/5.0 (Windows NT 6.1; WOW64) AppleWebKit/537.36 (KHTML, like Gecko) Chrome/95.0.4638.54 Safari/537.36"
153.92.113.152 - - [21/Oct/2021:10:34:22 +0200] "GET /loadthumbnail.php?id=11127982 HTTP/1.1" 200 399614 "http://renault.activities.at/" "Mozilla/5.0 (Windows NT 6.1; WOW64) AppleWebKit/537.36 (KHTML, like Gecko) Chrome/95.0.4638.54 Safari/537.36"
153.92.113.152 - - [21/Oct/2021:10:34:23 +0200] "GET /images/favicon.ico HTTP/1.1" 404 305 "http://renault.activities.at/" "Mozilla/5.0 (Windows NT 6.1; WOW64) AppleWebKit/537.36 (KHTML, like Gecko) Chrome/95.0.4638.54 Safari/537.36"
153.92.113.152 - - [21/Oct/2021:10:34:24 +0200] "GET /login HTTP/1.1" 200 2085 "http://renault.activities.at/" "Mozilla/5.0 (Windows NT 6.1; WOW64) AppleWebKit/537.36 (KHTML, like Gecko) Chrome/95.0.4638.54 Safari/537.36"
