81.223.47.147 - - [27/Oct/2021:11:32:33 +0200] "GET /reload?ser=1635327153237 HTTP/1.1" 200 28 "http://renault.activities.at/12450154" "Mozilla/5.0 (Windows NT 10.0; Win64; x64) AppleWebKit/537.36 (KHTML, like Gecko) Chrome/95.0.4638.54 Safari/537.36"
80.120.5.131 - - [27/Oct/2021:11:32:51 +0200] "GET /reload?ser=1635327171187 HTTP/1.1" 200 28 "http://renault.activities.at/result?searchterm=true&search=Duster" "Mozilla/5.0 (Windows NT 10.0; Win64; x64) AppleWebKit/537.36 (KHTML, like Gecko) Chrome/94.0.4606.81 Safari/537.36"
193.194.132.23 - - [27/Oct/2021:11:33:11 +0200] "GET /reload?ser=1635327191571 HTTP/1.1" 200 28 "http://renault.2web.at/account" "Mozilla/5.0 (Windows NT 10.0; Win64; x64) AppleWebKit/537.36 (KHTML, like Gecko) Chrome/95.0.4638.54 Safari/537.36"
80.123.225.38 - - [27/Oct/2021:11:33:33 +0200] "GET /reload?ser=1635327213771 HTTP/1.1" 200 28 "http://renault.activities.at/12474997" "Mozilla/5.0 (Windows NT 10.0; Win64; x64) AppleWebKit/537.36 (KHTML, like Gecko) Chrome/95.0.4638.54 Safari/537.36"
81.223.47.147 - - [27/Oct/2021:11:33:34 +0200] "GET /reload?ser=1635327214224 HTTP/1.1" 200 28 "http://renault.activities.at/12450154" "Mozilla/5.0 (Windows NT 10.0; Win64; x64) AppleWebKit/537.36 (KHTML, like Gecko) Chrome/95.0.4638.54 Safari/537.36"
80.120.5.131 - - [27/Oct/2021:11:33:52 +0200] "GET /reload?ser=1635327232180 HTTP/1.1" 200 28 "http://renault.activities.at/result?searchterm=true&search=Duster" "Mozilla/5.0 (Windows NT 10.0; Win64; x64) AppleWebKit/537.36 (KHTML, like Gecko) Chrome/94.0.4606.81 Safari/537.36"
193.194.132.23 - - [27/Oct/2021:11:34:13 +0200] "GET /reload?ser=1635327253572 HTTP/1.1" 200 28 "http://renault.2web.at/account" "Mozilla/5.0 (Windows NT 10.0; Win64; x64) AppleWebKit/537.36 (KHTML, like Gecko) Chrome/95.0.4638.54 Safari/537.36"
80.123.225.38 - - [27/Oct/2021:11:34:34 +0200] "GET /reload?ser=1635327274770 HTTP/1.1" 200 28 "http://renault.activities.at/12474997" "Mozilla/5.0 (Windows NT 10.0; Win64; x64) AppleWebKit/537.36 (KHTML, like Gecko) Chrome/95.0.4638.54 Safari/537.36"
81.223.47.147 - - [27/Oct/2021:11:34:35 +0200] "GET /reload?ser=1635327275236 HTTP/1.1" 200 28 "http://renault.activities.at/12450154" "Mozilla/5.0 (Windows NT 10.0; Win64; x64) AppleWebKit/537.36 (KHTML, like Gecko) Chrome/95.0.4638.54 Safari/537.36"
80.120.5.131 - - [27/Oct/2021:11:34:54 +0200] "GET /reload?ser=1635327294188 HTTP/1.1" 200 28 "http://renault.activities.at/result?searchterm=true&search=Duster" "Mozilla/5.0 (Windows NT 10.0; Win64; x64) AppleWebKit/537.36 (KHTML, like Gecko) Chrome/94.0.4606.81 Safari/537.36"
193.194.132.23 - - [27/Oct/2021:11:35:16 +0200] "GET /reload?ser=1635327315573 HTTP/1.1" 200 28 "http://renault.2web.at/account" "Mozilla/5.0 (Windows NT 10.0; Win64; x64) AppleWebKit/537.36 (KHTML, like Gecko) Chrome/95.0.4638.54 Safari/537.36"
80.123.225.38 - - [27/Oct/2021:11:35:35 +0200] "GET /reload?ser=1635327335771 HTTP/1.1" 200 28 "http://renault.activities.at/12474997" "Mozilla/5.0 (Windows NT 10.0; Win64; x64) AppleWebKit/537.36 (KHTML, like Gecko) Chrome/95.0.4638.54 Safari/537.36"
81.223.47.147 - - [27/Oct/2021:11:35:36 +0200] "GET /reload?ser=1635327336226 HTTP/1.1" 200 28 "http://renault.activities.at/12450154" "Mozilla/5.0 (Windows NT 10.0; Win64; x64) AppleWebKit/537.36 (KHTML, like Gecko) Chrome/95.0.4638.54 Safari/537.36"
80.120.5.131 - - [27/Oct/2021:11:35:55 +0200] "GET /reload?ser=1635327355182 HTTP/1.1" 200 28 "http://renault.activities.at/result?searchterm=true&search=Duster" "Mozilla/5.0 (Windows NT 10.0; Win64; x64) AppleWebKit/537.36 (KHTML, like Gecko) Chrome/94.0.4606.81 Safari/537.36"
193.194.132.23 - - [27/Oct/2021:11:36:17 +0200] "GET /reload?ser=1635327377574 HTTP/1.1" 200 28 "http://renault.2web.at/account" "Mozilla/5.0 (Windows NT 10.0; Win64; x64) AppleWebKit/537.36 (KHTML, like Gecko) Chrome/95.0.4638.54 Safari/537.36"
81.223.47.147 - - [27/Oct/2021:11:36:37 +0200] "GET /reload?ser=1635327397227 HTTP/1.1" 200 28 "http://renault.activities.at/12450154" "Mozilla/5.0 (Windows NT 10.0; Win64; x64) AppleWebKit/537.36 (KHTML, like Gecko) Chrome/95.0.4638.54 Safari/537.36"
80.123.225.38 - - [27/Oct/2021:11:36:37 +0200] "GET /reload?ser=1635327397769 HTTP/1.1" 200 28 "http://renault.activities.at/12474997" "Mozilla/5.0 (Windows NT 10.0; Win64; x64) AppleWebKit/537.36 (KHTML, like Gecko) Chrome/95.0.4638.54 Safari/537.36"
80.120.5.131 - - [27/Oct/2021:11:36:56 +0200] "GET /reload?ser=1635327416182 HTTP/1.1" 200 28 "http://renault.activities.at/result?searchterm=true&search=Duster" "Mozilla/5.0 (Windows NT 10.0; Win64; x64) AppleWebKit/537.36 (KHTML, like Gecko) Chrome/94.0.4606.81 Safari/537.36"
193.194.132.23 - - [27/Oct/2021:11:37:19 +0200] "GET /reload?ser=1635327439575 HTTP/1.1" 200 28 "http://renault.2web.at/account" "Mozilla/5.0 (Windows NT 10.0; Win64; x64) AppleWebKit/537.36 (KHTML, like Gecko) Chrome/95.0.4638.54 Safari/537.36"
81.223.47.147 - - [27/Oct/2021:11:37:39 +0200] "GET /reload?ser=1635327459235 HTTP/1.1" 200 28 "http://renault.activities.at/12450154" "Mozilla/5.0 (Windows NT 10.0; Win64; x64) AppleWebKit/537.36 (KHTML, like Gecko) Chrome/95.0.4638.54 Safari/537.36"
80.120.5.131 - - [27/Oct/2021:11:37:57 +0200] "GET /reload?ser=1635327477189 HTTP/1.1" 200 28 "http://renault.activities.at/result?searchterm=true&search=Duster" "Mozilla/5.0 (Windows NT 10.0; Win64; x64) AppleWebKit/537.36 (KHTML, like Gecko) Chrome/94.0.4606.81 Safari/537.36"
193.194.132.23 - - [27/Oct/2021:11:38:22 +0200] "GET /reload?ser=1635327501575 HTTP/1.1" 200 28 "http://renault.2web.at/account" "Mozilla/5.0 (Windows NT 10.0; Win64; x64) AppleWebKit/537.36 (KHTML, like Gecko) Chrome/95.0.4638.54 Safari/537.36"
81.223.47.147 - - [27/Oct/2021:11:38:40 +0200] "GET /reload?ser=1635327520234 HTTP/1.1" 200 28 "http://renault.activities.at/12450154" "Mozilla/5.0 (Windows NT 10.0; Win64; x64) AppleWebKit/537.36 (KHTML, like Gecko) Chrome/95.0.4638.54 Safari/537.36"
80.120.5.131 - - [27/Oct/2021:11:38:58 +0200] "GET /reload?ser=1635327538180 HTTP/1.1" 200 28 "http://renault.activities.at/result?searchterm=true&search=Duster" "Mozilla/5.0 (Windows NT 10.0; Win64; x64) AppleWebKit/537.36 (KHTML, like Gecko) Chrome/94.0.4606.81 Safari/537.36"
193.194.132.23 - - [27/Oct/2021:11:39:24 +0200] "GET /reload?ser=1635327563577 HTTP/1.1" 200 28 "http://renault.2web.at/account" "Mozilla/5.0 (Windows NT 10.0; Win64; x64) AppleWebKit/537.36 (KHTML, like Gecko) Chrome/95.0.4638.54 Safari/537.36"
157.55.39.188 - - [27/Oct/2021:11:39:34 +0200] "GET / HTTP/1.1" 200 3086 "-" "Mozilla/5.0 (compatible; bingbot/2.0; +http://www.bing.com/bingbot.htm)"
81.223.47.147 - - [27/Oct/2021:11:39:42 +0200] "GET /reload?ser=1635327582229 HTTP/1.1" 200 28 "http://renault.activities.at/12450154" "Mozilla/5.0 (Windows NT 10.0; Win64; x64) AppleWebKit/537.36 (KHTML, like Gecko) Chrome/95.0.4638.54 Safari/537.36"
80.120.5.131 - - [27/Oct/2021:11:39:59 +0200] "GET /reload?ser=1635327599188 HTTP/1.1" 200 28 "http://renault.activities.at/result?searchterm=true&search=Duster" "Mozilla/5.0 (Windows NT 10.0; Win64; x64) AppleWebKit/537.36 (KHTML, like Gecko) Chrome/94.0.4606.81 Safari/537.36"
193.194.132.23 - - [27/Oct/2021:11:40:26 +0200] "GET /reload?ser=1635327625577 HTTP/1.1" 200 28 "http://renault.2web.at/account" "Mozilla/5.0 (Windows NT 10.0; Win64; x64) AppleWebKit/537.36 (KHTML, like Gecko) Chrome/95.0.4638.54 Safari/537.36"
81.223.47.147 - - [27/Oct/2021:11:40:43 +0200] "GET /reload?ser=1635327643234 HTTP/1.1" 200 28 "http://renault.activities.at/12450154" "Mozilla/5.0 (Windows NT 10.0; Win64; x64) AppleWebKit/537.36 (KHTML, like Gecko) Chrome/95.0.4638.54 Safari/537.36"
80.120.5.131 - - [27/Oct/2021:11:41:00 +0200] "GET /reload?ser=1635327660176 HTTP/1.1" 200 28 "http://renault.activities.at/result?searchterm=true&search=Duster" "Mozilla/5.0 (Windows NT 10.0; Win64; x64) AppleWebKit/537.36 (KHTML, like Gecko) Chrome/94.0.4606.81 Safari/537.36"
193.194.132.23 - - [27/Oct/2021:11:41:27 +0200] "GET /reload?ser=1635327687577 HTTP/1.1" 200 28 "http://renault.2web.at/account" "Mozilla/5.0 (Windows NT 10.0; Win64; x64) AppleWebKit/537.36 (KHTML, like Gecko) Chrome/95.0.4638.54 Safari/537.36"
81.223.47.147 - - [27/Oct/2021:11:41:45 +0200] "GET /reload?ser=1635327705229 HTTP/1.1" 200 28 "http://renault.activities.at/12450154" "Mozilla/5.0 (Windows NT 10.0; Win64; x64) AppleWebKit/537.36 (KHTML, like Gecko) Chrome/95.0.4638.54 Safari/537.36"
80.120.5.131 - - [27/Oct/2021:11:42:01 +0200] "GET /reload?ser=1635327721185 HTTP/1.1" 200 28 "http://renault.activities.at/result?searchterm=true&search=Duster" "Mozilla/5.0 (Windows NT 10.0; Win64; x64) AppleWebKit/537.36 (KHTML, like Gecko) Chrome/94.0.4606.81 Safari/537.36"
193.194.132.23 - - [27/Oct/2021:11:42:30 +0200] "GET /reload?ser=1635327749577 HTTP/1.1" 200 28 "http://renault.2web.at/account" "Mozilla/5.0 (Windows NT 10.0; Win64; x64) AppleWebKit/537.36 (KHTML, like Gecko) Chrome/95.0.4638.54 Safari/537.36"
81.223.47.147 - - [27/Oct/2021:11:42:46 +0200] "GET /reload?ser=1635327766233 HTTP/1.1" 200 28 "http://renault.activities.at/12450154" "Mozilla/5.0 (Windows NT 10.0; Win64; x64) AppleWebKit/537.36 (KHTML, like Gecko) Chrome/95.0.4638.54 Safari/537.36"
80.120.5.131 - - [27/Oct/2021:11:43:02 +0200] "GET /reload?ser=1635327782180 HTTP/1.1" 200 28 "http://renault.activities.at/result?searchterm=true&search=Duster" "Mozilla/5.0 (Windows NT 10.0; Win64; x64) AppleWebKit/537.36 (KHTML, like Gecko) Chrome/94.0.4606.81 Safari/537.36"
193.194.132.23 - - [27/Oct/2021:11:43:32 +0200] "GET /reload?ser=1635327811578 HTTP/1.1" 200 28 "http://renault.2web.at/account" "Mozilla/5.0 (Windows NT 10.0; Win64; x64) AppleWebKit/537.36 (KHTML, like Gecko) Chrome/95.0.4638.54 Safari/537.36"
81.223.47.147 - - [27/Oct/2021:11:43:47 +0200] "GET /reload?ser=1635327827226 HTTP/1.1" 200 28 "http://renault.activities.at/12450154" "Mozilla/5.0 (Windows NT 10.0; Win64; x64) AppleWebKit/537.36 (KHTML, like Gecko) Chrome/95.0.4638.54 Safari/537.36"
80.120.5.131 - - [27/Oct/2021:11:44:03 +0200] "GET /reload?ser=1635327843182 HTTP/1.1" 200 28 "http://renault.activities.at/result?searchterm=true&search=Duster" "Mozilla/5.0 (Windows NT 10.0; Win64; x64) AppleWebKit/537.36 (KHTML, like Gecko) Chrome/94.0.4606.81 Safari/537.36"
193.194.132.23 - - [27/Oct/2021:11:44:33 +0200] "GET /reload?ser=1635327873579 HTTP/1.1" 200 28 "http://renault.2web.at/account" "Mozilla/5.0 (Windows NT 10.0; Win64; x64) AppleWebKit/537.36 (KHTML, like Gecko) Chrome/95.0.4638.54 Safari/537.36"
80.120.5.131 - - [27/Oct/2021:11:45:04 +0200] "GET /reload?ser=1635327904185 HTTP/1.1" 200 28 "http://renault.activities.at/result?searchterm=true&search=Duster" "Mozilla/5.0 (Windows NT 10.0; Win64; x64) AppleWebKit/537.36 (KHTML, like Gecko) Chrome/94.0.4606.81 Safari/537.36"
193.194.132.23 - - [27/Oct/2021:11:45:36 +0200] "GET /reload?ser=1635327935580 HTTP/1.1" 200 28 "http://renault.2web.at/account" "Mozilla/5.0 (Windows NT 10.0; Win64; x64) AppleWebKit/537.36 (KHTML, like Gecko) Chrome/95.0.4638.54 Safari/537.36"
80.120.5.131 - - [27/Oct/2021:11:46:05 +0200] "GET /reload?ser=1635327965185 HTTP/1.1" 200 28 "http://renault.activities.at/result?searchterm=true&search=Duster" "Mozilla/5.0 (Windows NT 10.0; Win64; x64) AppleWebKit/537.36 (KHTML, like Gecko) Chrome/94.0.4606.81 Safari/537.36"
193.194.132.23 - - [27/Oct/2021:11:46:38 +0200] "GET /reload?ser=1635327997580 HTTP/1.1" 200 28 "http://renault.2web.at/account" "Mozilla/5.0 (Windows NT 10.0; Win64; x64) AppleWebKit/537.36 (KHTML, like Gecko) Chrome/95.0.4638.54 Safari/537.36"
80.120.5.131 - - [27/Oct/2021:11:47:06 +0200] "GET /reload?ser=1635328026189 HTTP/1.1" 200 28 "http://renault.activities.at/result?searchterm=true&search=Duster" "Mozilla/5.0 (Windows NT 10.0; Win64; x64) AppleWebKit/537.36 (KHTML, like Gecko) Chrome/94.0.4606.81 Safari/537.36"
193.194.132.23 - - [27/Oct/2021:11:47:40 +0200] "GET /reload?ser=1635328059580 HTTP/1.1" 200 28 "http://renault.2web.at/account" "Mozilla/5.0 (Windows NT 10.0; Win64; x64) AppleWebKit/537.36 (KHTML, like Gecko) Chrome/95.0.4638.54 Safari/537.36"
80.120.5.131 - - [27/Oct/2021:11:48:07 +0200] "GET /reload?ser=1635328087189 HTTP/1.1" 200 28 "http://renault.activities.at/result?searchterm=true&search=Duster" "Mozilla/5.0 (Windows NT 10.0; Win64; x64) AppleWebKit/537.36 (KHTML, like Gecko) Chrome/94.0.4606.81 Safari/537.36"
193.194.132.23 - - [27/Oct/2021:11:48:42 +0200] "GET /reload?ser=1635328121591 HTTP/1.1" 200 28 "http://renault.2web.at/account" "Mozilla/5.0 (Windows NT 10.0; Win64; x64) AppleWebKit/537.36 (KHTML, like Gecko) Chrome/95.0.4638.54 Safari/537.36"
80.120.5.131 - - [27/Oct/2021:11:49:08 +0200] "GET /reload?ser=1635328148181 HTTP/1.1" 200 28 "http://renault.activities.at/result?searchterm=true&search=Duster" "Mozilla/5.0 (Windows NT 10.0; Win64; x64) AppleWebKit/537.36 (KHTML, like Gecko) Chrome/94.0.4606.81 Safari/537.36"
193.194.132.23 - - [27/Oct/2021:11:49:44 +0200] "GET /reload?ser=1635328183581 HTTP/1.1" 200 28 "http://renault.2web.at/account" "Mozilla/5.0 (Windows NT 10.0; Win64; x64) AppleWebKit/537.36 (KHTML, like Gecko) Chrome/95.0.4638.54 Safari/537.36"
80.120.5.131 - - [27/Oct/2021:11:50:09 +0200] "GET /reload?ser=1635328209176 HTTP/1.1" 200 28 "http://renault.activities.at/result?searchterm=true&search=Duster" "Mozilla/5.0 (Windows NT 10.0; Win64; x64) AppleWebKit/537.36 (KHTML, like Gecko) Chrome/94.0.4606.81 Safari/537.36"
193.194.132.23 - - [27/Oct/2021:11:50:46 +0200] "GET /reload?ser=1635328245582 HTTP/1.1" 200 28 "http://renault.2web.at/account" "Mozilla/5.0 (Windows NT 10.0; Win64; x64) AppleWebKit/537.36 (KHTML, like Gecko) Chrome/95.0.4638.54 Safari/537.36"
80.120.5.131 - - [27/Oct/2021:11:51:10 +0200] "GET /reload?ser=1635328270183 HTTP/1.1" 200 28 "http://renault.activities.at/result?searchterm=true&search=Duster" "Mozilla/5.0 (Windows NT 10.0; Win64; x64) AppleWebKit/537.36 (KHTML, like Gecko) Chrome/94.0.4606.81 Safari/537.36"
193.194.132.23 - - [27/Oct/2021:11:51:48 +0200] "GET /reload?ser=1635328307582 HTTP/1.1" 200 28 "http://renault.2web.at/account" "Mozilla/5.0 (Windows NT 10.0; Win64; x64) AppleWebKit/537.36 (KHTML, like Gecko) Chrome/95.0.4638.54 Safari/537.36"
80.120.5.131 - - [27/Oct/2021:11:52:12 +0200] "GET /reload?ser=1635328332181 HTTP/1.1" 200 28 "http://renault.activities.at/result?searchterm=true&search=Duster" "Mozilla/5.0 (Windows NT 10.0; Win64; x64) AppleWebKit/537.36 (KHTML, like Gecko) Chrome/94.0.4606.81 Safari/537.36"
193.194.132.23 - - [27/Oct/2021:11:52:50 +0200] "GET /reload?ser=1635328369582 HTTP/1.1" 200 28 "http://renault.2web.at/account" "Mozilla/5.0 (Windows NT 10.0; Win64; x64) AppleWebKit/537.36 (KHTML, like Gecko) Chrome/95.0.4638.54 Safari/537.36"
80.120.5.131 - - [27/Oct/2021:11:53:13 +0200] "GET /reload?ser=1635328393186 HTTP/1.1" 200 28 "http://renault.activities.at/result?searchterm=true&search=Duster" "Mozilla/5.0 (Windows NT 10.0; Win64; x64) AppleWebKit/537.36 (KHTML, like Gecko) Chrome/94.0.4606.81 Safari/537.36"
80.120.5.131 - - [27/Oct/2021:11:53:49 +0200] "GET /logout HTTP/1.1" 302 140 "http://renault.activities.at/result?searchterm=true&search=Duster" "Mozilla/5.0 (Windows NT 10.0; Win64; x64) AppleWebKit/537.36 (KHTML, like Gecko) Chrome/94.0.4606.81 Safari/537.36"
80.120.5.131 - - [27/Oct/2021:11:53:50 +0200] "GET /logout HTTP/1.1" 200 1583 "http://renault.activities.at/result?searchterm=true&search=Duster" "Mozilla/5.0 (Windows NT 10.0; Win64; x64) AppleWebKit/537.36 (KHTML, like Gecko) Chrome/94.0.4606.81 Safari/537.36"
193.194.132.23 - - [27/Oct/2021:11:53:52 +0200] "GET /reload?ser=1635328431582 HTTP/1.1" 200 28 "http://renault.2web.at/account" "Mozilla/5.0 (Windows NT 10.0; Win64; x64) AppleWebKit/537.36 (KHTML, like Gecko) Chrome/95.0.4638.54 Safari/537.36"
193.194.132.23 - - [27/Oct/2021:11:54:54 +0200] "GET /reload?ser=1635328493583 HTTP/1.1" 200 28 "http://renault.2web.at/account" "Mozilla/5.0 (Windows NT 10.0; Win64; x64) AppleWebKit/537.36 (KHTML, like Gecko) Chrome/95.0.4638.54 Safari/537.36"
193.194.132.23 - - [27/Oct/2021:11:55:56 +0200] "GET /reload?ser=1635328555583 HTTP/1.1" 200 28 "http://renault.2web.at/account" "Mozilla/5.0 (Windows NT 10.0; Win64; x64) AppleWebKit/537.36 (KHTML, like Gecko) Chrome/95.0.4638.54 Safari/537.36"
193.194.132.23 - - [27/Oct/2021:11:56:58 +0200] "GET /reload?ser=1635328617583 HTTP/1.1" 200 28 "http://renault.2web.at/account" "Mozilla/5.0 (Windows NT 10.0; Win64; x64) AppleWebKit/537.36 (KHTML, like Gecko) Chrome/95.0.4638.54 Safari/537.36"
193.194.132.23 - - [27/Oct/2021:11:58:00 +0200] "GET /reload?ser=1635328679584 HTTP/1.1" 200 28 "http://renault.2web.at/account" "Mozilla/5.0 (Windows NT 10.0; Win64; x64) AppleWebKit/537.36 (KHTML, like Gecko) Chrome/95.0.4638.54 Safari/537.36"
193.194.132.23 - - [27/Oct/2021:11:59:02 +0200] "GET /reload?ser=1635328741585 HTTP/1.1" 200 28 "http://renault.2web.at/account" "Mozilla/5.0 (Windows NT 10.0; Win64; x64) AppleWebKit/537.36 (KHTML, like Gecko) Chrome/95.0.4638.54 Safari/537.36"
193.194.132.23 - - [27/Oct/2021:12:00:04 +0200] "GET /reload?ser=1635328803585 HTTP/1.1" 200 28 "http://renault.2web.at/account" "Mozilla/5.0 (Windows NT 10.0; Win64; x64) AppleWebKit/537.36 (KHTML, like Gecko) Chrome/95.0.4638.54 Safari/537.36"
193.194.132.23 - - [27/Oct/2021:12:01:06 +0200] "GET /reload?ser=1635328865586 HTTP/1.1" 200 28 "http://renault.2web.at/account" "Mozilla/5.0 (Windows NT 10.0; Win64; x64) AppleWebKit/537.36 (KHTML, like Gecko) Chrome/95.0.4638.54 Safari/537.36"
193.194.132.23 - - [27/Oct/2021:12:02:08 +0200] "GET /reload?ser=1635328927585 HTTP/1.1" 200 28 "http://renault.2web.at/account" "Mozilla/5.0 (Windows NT 10.0; Win64; x64) AppleWebKit/537.36 (KHTML, like Gecko) Chrome/95.0.4638.54 Safari/537.36"
193.194.132.23 - - [27/Oct/2021:12:03:10 +0200] "GET /reload?ser=1635328989585 HTTP/1.1" 200 28 "http://renault.2web.at/account" "Mozilla/5.0 (Windows NT 10.0; Win64; x64) AppleWebKit/537.36 (KHTML, like Gecko) Chrome/95.0.4638.54 Safari/537.36"
193.194.132.23 - - [27/Oct/2021:12:04:12 +0200] "GET /reload?ser=1635329051586 HTTP/1.1" 200 28 "http://renault.2web.at/account" "Mozilla/5.0 (Windows NT 10.0; Win64; x64) AppleWebKit/537.36 (KHTML, like Gecko) Chrome/95.0.4638.54 Safari/537.36"
193.194.132.23 - - [27/Oct/2021:12:05:14 +0200] "GET /reload?ser=1635329113586 HTTP/1.1" 200 28 "http://renault.2web.at/account" "Mozilla/5.0 (Windows NT 10.0; Win64; x64) AppleWebKit/537.36 (KHTML, like Gecko) Chrome/95.0.4638.54 Safari/537.36"
193.194.132.23 - - [27/Oct/2021:12:06:16 +0200] "GET /reload?ser=1635329175586 HTTP/1.1" 200 28 "http://renault.2web.at/account" "Mozilla/5.0 (Windows NT 10.0; Win64; x64) AppleWebKit/537.36 (KHTML, like Gecko) Chrome/95.0.4638.54 Safari/537.36"
193.194.132.23 - - [27/Oct/2021:12:07:18 +0200] "GET /reload?ser=1635329237587 HTTP/1.1" 200 28 "http://renault.2web.at/account" "Mozilla/5.0 (Windows NT 10.0; Win64; x64) AppleWebKit/537.36 (KHTML, like Gecko) Chrome/95.0.4638.54 Safari/537.36"
193.194.132.23 - - [27/Oct/2021:12:08:20 +0200] "GET /reload?ser=1635329299586 HTTP/1.1" 200 28 "http://renault.2web.at/account" "Mozilla/5.0 (Windows NT 10.0; Win64; x64) AppleWebKit/537.36 (KHTML, like Gecko) Chrome/95.0.4638.54 Safari/537.36"
193.194.132.23 - - [27/Oct/2021:12:09:22 +0200] "GET /reload?ser=1635329361587 HTTP/1.1" 200 28 "http://renault.2web.at/account" "Mozilla/5.0 (Windows NT 10.0; Win64; x64) AppleWebKit/537.36 (KHTML, like Gecko) Chrome/95.0.4638.54 Safari/537.36"
193.194.132.23 - - [27/Oct/2021:12:10:24 +0200] "GET /reload?ser=1635329423587 HTTP/1.1" 200 28 "http://renault.2web.at/account" "Mozilla/5.0 (Windows NT 10.0; Win64; x64) AppleWebKit/537.36 (KHTML, like Gecko) Chrome/95.0.4638.54 Safari/537.36"
193.194.132.23 - - [27/Oct/2021:12:11:26 +0200] "GET /reload?ser=1635329485970 HTTP/1.1" 200 28 "http://renault.2web.at/account" "Mozilla/5.0 (Windows NT 10.0; Win64; x64) AppleWebKit/537.36 (KHTML, like Gecko) Chrome/95.0.4638.54 Safari/537.36"
193.194.132.23 - - [27/Oct/2021:12:12:28 +0200] "GET /reload?ser=1635329547587 HTTP/1.1" 200 28 "http://renault.2web.at/account" "Mozilla/5.0 (Windows NT 10.0; Win64; x64) AppleWebKit/537.36 (KHTML, like Gecko) Chrome/95.0.4638.54 Safari/537.36"
193.194.132.23 - - [27/Oct/2021:12:13:30 +0200] "GET /reload?ser=1635329609586 HTTP/1.1" 200 28 "http://renault.2web.at/account" "Mozilla/5.0 (Windows NT 10.0; Win64; x64) AppleWebKit/537.36 (KHTML, like Gecko) Chrome/95.0.4638.54 Safari/537.36"
193.194.132.23 - - [27/Oct/2021:12:14:32 +0200] "GET /reload?ser=1635329671587 HTTP/1.1" 200 28 "http://renault.2web.at/account" "Mozilla/5.0 (Windows NT 10.0; Win64; x64) AppleWebKit/537.36 (KHTML, like Gecko) Chrome/95.0.4638.54 Safari/537.36"
193.194.132.23 - - [27/Oct/2021:12:15:34 +0200] "GET /reload?ser=1635329733588 HTTP/1.1" 200 28 "http://renault.2web.at/account" "Mozilla/5.0 (Windows NT 10.0; Win64; x64) AppleWebKit/537.36 (KHTML, like Gecko) Chrome/95.0.4638.54 Safari/537.36"
193.194.132.23 - - [27/Oct/2021:12:16:36 +0200] "GET /reload?ser=1635329795587 HTTP/1.1" 200 28 "http://renault.2web.at/account" "Mozilla/5.0 (Windows NT 10.0; Win64; x64) AppleWebKit/537.36 (KHTML, like Gecko) Chrome/95.0.4638.54 Safari/537.36"
193.194.132.23 - - [27/Oct/2021:12:17:38 +0200] "GET /reload?ser=1635329857587 HTTP/1.1" 200 28 "http://renault.2web.at/account" "Mozilla/5.0 (Windows NT 10.0; Win64; x64) AppleWebKit/537.36 (KHTML, like Gecko) Chrome/95.0.4638.54 Safari/537.36"
193.194.132.23 - - [27/Oct/2021:12:18:41 +0200] "GET /reload?ser=1635329921156 HTTP/1.1" 200 28 "http://renault.2web.at/account" "Mozilla/5.0 (Windows NT 10.0; Win64; x64) AppleWebKit/537.36 (KHTML, like Gecko) Chrome/95.0.4638.54 Safari/537.36"
193.194.132.23 - - [27/Oct/2021:12:19:43 +0200] "GET /reload?ser=1635329982588 HTTP/1.1" 200 28 "http://renault.2web.at/account" "Mozilla/5.0 (Windows NT 10.0; Win64; x64) AppleWebKit/537.36 (KHTML, like Gecko) Chrome/95.0.4638.54 Safari/537.36"
193.194.132.23 - - [27/Oct/2021:12:20:45 +0200] "GET /reload?ser=1635330044589 HTTP/1.1" 200 28 "http://renault.2web.at/account" "Mozilla/5.0 (Windows NT 10.0; Win64; x64) AppleWebKit/537.36 (KHTML, like Gecko) Chrome/95.0.4638.54 Safari/537.36"
193.194.132.23 - - [27/Oct/2021:12:21:47 +0200] "GET /reload?ser=1635330106588 HTTP/1.1" 200 28 "http://renault.2web.at/account" "Mozilla/5.0 (Windows NT 10.0; Win64; x64) AppleWebKit/537.36 (KHTML, like Gecko) Chrome/95.0.4638.54 Safari/537.36"
193.194.132.23 - - [27/Oct/2021:12:22:49 +0200] "GET /reload?ser=1635330168589 HTTP/1.1" 200 28 "http://renault.2web.at/account" "Mozilla/5.0 (Windows NT 10.0; Win64; x64) AppleWebKit/537.36 (KHTML, like Gecko) Chrome/95.0.4638.54 Safari/537.36"
193.194.132.23 - - [27/Oct/2021:12:23:51 +0200] "GET /reload?ser=1635330230591 HTTP/1.1" 200 28 "http://renault.2web.at/account" "Mozilla/5.0 (Windows NT 10.0; Win64; x64) AppleWebKit/537.36 (KHTML, like Gecko) Chrome/95.0.4638.54 Safari/537.36"
193.194.132.23 - - [27/Oct/2021:12:24:53 +0200] "GET /reload?ser=1635330292599 HTTP/1.1" 200 28 "http://renault.2web.at/account" "Mozilla/5.0 (Windows NT 10.0; Win64; x64) AppleWebKit/537.36 (KHTML, like Gecko) Chrome/95.0.4638.54 Safari/537.36"
193.194.132.23 - - [27/Oct/2021:12:25:55 +0200] "GET /reload?ser=1635330354608 HTTP/1.1" 200 28 "http://renault.2web.at/account" "Mozilla/5.0 (Windows NT 10.0; Win64; x64) AppleWebKit/537.36 (KHTML, like Gecko) Chrome/95.0.4638.54 Safari/537.36"
193.194.132.23 - - [27/Oct/2021:12:26:57 +0200] "GET /reload?ser=1635330416617 HTTP/1.1" 200 28 "http://renault.2web.at/account" "Mozilla/5.0 (Windows NT 10.0; Win64; x64) AppleWebKit/537.36 (KHTML, like Gecko) Chrome/95.0.4638.54 Safari/537.36"
193.194.132.23 - - [27/Oct/2021:12:27:59 +0200] "GET /reload?ser=1635330478625 HTTP/1.1" 200 28 "http://renault.2web.at/account" "Mozilla/5.0 (Windows NT 10.0; Win64; x64) AppleWebKit/537.36 (KHTML, like Gecko) Chrome/95.0.4638.54 Safari/537.36"
193.194.132.23 - - [27/Oct/2021:12:29:01 +0200] "GET /reload?ser=1635330540632 HTTP/1.1" 200 28 "http://renault.2web.at/account" "Mozilla/5.0 (Windows NT 10.0; Win64; x64) AppleWebKit/537.36 (KHTML, like Gecko) Chrome/95.0.4638.54 Safari/537.36"
193.194.132.23 - - [27/Oct/2021:12:30:03 +0200] "GET /reload?ser=1635330602638 HTTP/1.1" 200 28 "http://renault.2web.at/account" "Mozilla/5.0 (Windows NT 10.0; Win64; x64) AppleWebKit/537.36 (KHTML, like Gecko) Chrome/95.0.4638.54 Safari/537.36"
193.194.132.23 - - [27/Oct/2021:12:31:05 +0200] "GET /reload?ser=1635330664644 HTTP/1.1" 200 28 "http://renault.2web.at/account" "Mozilla/5.0 (Windows NT 10.0; Win64; x64) AppleWebKit/537.36 (KHTML, like Gecko) Chrome/95.0.4638.54 Safari/537.36"
193.194.132.23 - - [27/Oct/2021:12:32:07 +0200] "GET /reload?ser=1635330726650 HTTP/1.1" 200 28 "http://renault.2web.at/account" "Mozilla/5.0 (Windows NT 10.0; Win64; x64) AppleWebKit/537.36 (KHTML, like Gecko) Chrome/95.0.4638.54 Safari/537.36"
193.194.132.23 - - [27/Oct/2021:12:33:09 +0200] "GET /reload?ser=1635330788655 HTTP/1.1" 200 28 "http://renault.2web.at/account" "Mozilla/5.0 (Windows NT 10.0; Win64; x64) AppleWebKit/537.36 (KHTML, like Gecko) Chrome/95.0.4638.54 Safari/537.36"
193.194.132.23 - - [27/Oct/2021:12:34:11 +0200] "GET /reload?ser=1635330850661 HTTP/1.1" 200 28 "http://renault.2web.at/account" "Mozilla/5.0 (Windows NT 10.0; Win64; x64) AppleWebKit/537.36 (KHTML, like Gecko) Chrome/95.0.4638.54 Safari/537.36"
193.194.132.23 - - [27/Oct/2021:12:35:13 +0200] "GET /reload?ser=1635330912666 HTTP/1.1" 200 28 "http://renault.2web.at/account" "Mozilla/5.0 (Windows NT 10.0; Win64; x64) AppleWebKit/537.36 (KHTML, like Gecko) Chrome/95.0.4638.54 Safari/537.36"
193.194.132.23 - - [27/Oct/2021:12:36:15 +0200] "GET /reload?ser=1635330974670 HTTP/1.1" 200 28 "http://renault.2web.at/account" "Mozilla/5.0 (Windows NT 10.0; Win64; x64) AppleWebKit/537.36 (KHTML, like Gecko) Chrome/95.0.4638.54 Safari/537.36"
193.194.132.23 - - [27/Oct/2021:12:37:17 +0200] "GET /reload?ser=1635331036674 HTTP/1.1" 200 28 "http://renault.2web.at/account" "Mozilla/5.0 (Windows NT 10.0; Win64; x64) AppleWebKit/537.36 (KHTML, like Gecko) Chrome/95.0.4638.54 Safari/537.36"
193.194.132.23 - - [27/Oct/2021:12:38:19 +0200] "GET /reload?ser=1635331098679 HTTP/1.1" 200 28 "http://renault.2web.at/account" "Mozilla/5.0 (Windows NT 10.0; Win64; x64) AppleWebKit/537.36 (KHTML, like Gecko) Chrome/95.0.4638.54 Safari/537.36"
193.194.132.23 - - [27/Oct/2021:12:39:21 +0200] "GET /reload?ser=1635331160681 HTTP/1.1" 200 28 "http://renault.2web.at/account" "Mozilla/5.0 (Windows NT 10.0; Win64; x64) AppleWebKit/537.36 (KHTML, like Gecko) Chrome/95.0.4638.54 Safari/537.36"
193.194.132.23 - - [27/Oct/2021:12:40:23 +0200] "GET /reload?ser=1635331222685 HTTP/1.1" 200 28 "http://renault.2web.at/account" "Mozilla/5.0 (Windows NT 10.0; Win64; x64) AppleWebKit/537.36 (KHTML, like Gecko) Chrome/95.0.4638.54 Safari/537.36"
193.194.132.23 - - [27/Oct/2021:12:41:25 +0200] "GET /reload?ser=1635331284688 HTTP/1.1" 200 28 "http://renault.2web.at/account" "Mozilla/5.0 (Windows NT 10.0; Win64; x64) AppleWebKit/537.36 (KHTML, like Gecko) Chrome/95.0.4638.54 Safari/537.36"
193.194.132.23 - - [27/Oct/2021:12:42:27 +0200] "GET /reload?ser=1635331346691 HTTP/1.1" 200 28 "http://renault.2web.at/account" "Mozilla/5.0 (Windows NT 10.0; Win64; x64) AppleWebKit/537.36 (KHTML, like Gecko) Chrome/95.0.4638.54 Safari/537.36"
193.194.132.23 - - [27/Oct/2021:12:43:29 +0200] "GET /reload?ser=1635331408693 HTTP/1.1" 200 28 "http://renault.2web.at/account" "Mozilla/5.0 (Windows NT 10.0; Win64; x64) AppleWebKit/537.36 (KHTML, like Gecko) Chrome/95.0.4638.54 Safari/537.36"
193.194.132.23 - - [27/Oct/2021:12:44:31 +0200] "GET /reload?ser=1635331470695 HTTP/1.1" 200 28 "http://renault.2web.at/account" "Mozilla/5.0 (Windows NT 10.0; Win64; x64) AppleWebKit/537.36 (KHTML, like Gecko) Chrome/95.0.4638.54 Safari/537.36"
193.194.132.23 - - [27/Oct/2021:12:45:33 +0200] "GET /reload?ser=1635331532698 HTTP/1.1" 200 28 "http://renault.2web.at/account" "Mozilla/5.0 (Windows NT 10.0; Win64; x64) AppleWebKit/537.36 (KHTML, like Gecko) Chrome/95.0.4638.54 Safari/537.36"
193.194.132.23 - - [27/Oct/2021:12:46:35 +0200] "GET /reload?ser=1635331594701 HTTP/1.1" 200 28 "http://renault.2web.at/account" "Mozilla/5.0 (Windows NT 10.0; Win64; x64) AppleWebKit/537.36 (KHTML, like Gecko) Chrome/95.0.4638.54 Safari/537.36"
193.194.132.23 - - [27/Oct/2021:12:47:37 +0200] "GET /reload?ser=1635331656704 HTTP/1.1" 200 28 "http://renault.2web.at/account" "Mozilla/5.0 (Windows NT 10.0; Win64; x64) AppleWebKit/537.36 (KHTML, like Gecko) Chrome/95.0.4638.54 Safari/537.36"
193.194.132.23 - - [27/Oct/2021:12:48:39 +0200] "GET /reload?ser=1635331718705 HTTP/1.1" 200 28 "http://renault.2web.at/account" "Mozilla/5.0 (Windows NT 10.0; Win64; x64) AppleWebKit/537.36 (KHTML, like Gecko) Chrome/95.0.4638.54 Safari/537.36"
193.194.132.23 - - [27/Oct/2021:12:49:41 +0200] "GET /reload?ser=1635331780831 HTTP/1.1" 200 28 "http://renault.2web.at/account" "Mozilla/5.0 (Windows NT 10.0; Win64; x64) AppleWebKit/537.36 (KHTML, like Gecko) Chrome/95.0.4638.54 Safari/537.36"
193.194.132.23 - - [27/Oct/2021:12:50:43 +0200] "GET /reload?ser=1635331842708 HTTP/1.1" 200 28 "http://renault.2web.at/account" "Mozilla/5.0 (Windows NT 10.0; Win64; x64) AppleWebKit/537.36 (KHTML, like Gecko) Chrome/95.0.4638.54 Safari/537.36"
193.194.132.23 - - [27/Oct/2021:12:51:45 +0200] "GET /reload?ser=1635331905102 HTTP/1.1" 200 28 "http://renault.2web.at/account" "Mozilla/5.0 (Windows NT 10.0; Win64; x64) AppleWebKit/537.36 (KHTML, like Gecko) Chrome/95.0.4638.54 Safari/537.36"
193.194.132.23 - - [27/Oct/2021:12:52:47 +0200] "GET /reload?ser=1635331966712 HTTP/1.1" 200 28 "http://renault.2web.at/account" "Mozilla/5.0 (Windows NT 10.0; Win64; x64) AppleWebKit/537.36 (KHTML, like Gecko) Chrome/95.0.4638.54 Safari/537.36"
193.194.132.23 - - [27/Oct/2021:12:53:49 +0200] "GET /reload?ser=1635332028712 HTTP/1.1" 200 28 "http://renault.2web.at/account" "Mozilla/5.0 (Windows NT 10.0; Win64; x64) AppleWebKit/537.36 (KHTML, like Gecko) Chrome/95.0.4638.54 Safari/537.36"
193.194.132.23 - - [27/Oct/2021:12:54:51 +0200] "GET /reload?ser=1635332090713 HTTP/1.1" 200 28 "http://renault.2web.at/account" "Mozilla/5.0 (Windows NT 10.0; Win64; x64) AppleWebKit/537.36 (KHTML, like Gecko) Chrome/95.0.4638.54 Safari/537.36"
193.194.132.23 - - [27/Oct/2021:12:55:53 +0200] "GET /reload?ser=1635332152715 HTTP/1.1" 200 28 "http://renault.2web.at/account" "Mozilla/5.0 (Windows NT 10.0; Win64; x64) AppleWebKit/537.36 (KHTML, like Gecko) Chrome/95.0.4638.54 Safari/537.36"
193.194.132.23 - - [27/Oct/2021:12:56:55 +0200] "GET /reload?ser=1635332214716 HTTP/1.1" 200 28 "http://renault.2web.at/account" "Mozilla/5.0 (Windows NT 10.0; Win64; x64) AppleWebKit/537.36 (KHTML, like Gecko) Chrome/95.0.4638.54 Safari/537.36"
193.194.132.23 - - [27/Oct/2021:12:57:57 +0200] "GET /reload?ser=1635332276718 HTTP/1.1" 200 28 "http://renault.2web.at/account" "Mozilla/5.0 (Windows NT 10.0; Win64; x64) AppleWebKit/537.36 (KHTML, like Gecko) Chrome/95.0.4638.54 Safari/537.36"
193.194.132.23 - - [27/Oct/2021:12:58:59 +0200] "GET /reload?ser=1635332338719 HTTP/1.1" 200 28 "http://renault.2web.at/account" "Mozilla/5.0 (Windows NT 10.0; Win64; x64) AppleWebKit/537.36 (KHTML, like Gecko) Chrome/95.0.4638.54 Safari/537.36"
193.194.132.23 - - [27/Oct/2021:13:00:01 +0200] "GET /reload?ser=1635332400719 HTTP/1.1" 200 28 "http://renault.2web.at/account" "Mozilla/5.0 (Windows NT 10.0; Win64; x64) AppleWebKit/537.36 (KHTML, like Gecko) Chrome/95.0.4638.54 Safari/537.36"
193.194.132.23 - - [27/Oct/2021:13:01:03 +0200] "GET /reload?ser=1635332462720 HTTP/1.1" 200 28 "http://renault.2web.at/account" "Mozilla/5.0 (Windows NT 10.0; Win64; x64) AppleWebKit/537.36 (KHTML, like Gecko) Chrome/95.0.4638.54 Safari/537.36"
193.194.132.23 - - [27/Oct/2021:13:02:05 +0200] "GET /reload?ser=1635332524721 HTTP/1.1" 200 28 "http://renault.2web.at/account" "Mozilla/5.0 (Windows NT 10.0; Win64; x64) AppleWebKit/537.36 (KHTML, like Gecko) Chrome/95.0.4638.54 Safari/537.36"
193.194.132.23 - - [27/Oct/2021:13:03:07 +0200] "GET /reload?ser=1635332586723 HTTP/1.1" 200 28 "http://renault.2web.at/account" "Mozilla/5.0 (Windows NT 10.0; Win64; x64) AppleWebKit/537.36 (KHTML, like Gecko) Chrome/95.0.4638.54 Safari/537.36"
193.194.132.23 - - [27/Oct/2021:13:04:09 +0200] "GET /reload?ser=1635332648722 HTTP/1.1" 200 28 "http://renault.2web.at/account" "Mozilla/5.0 (Windows NT 10.0; Win64; x64) AppleWebKit/537.36 (KHTML, like Gecko) Chrome/95.0.4638.54 Safari/537.36"
193.194.132.23 - - [27/Oct/2021:13:05:11 +0200] "GET /reload?ser=1635332710724 HTTP/1.1" 200 28 "http://renault.2web.at/account" "Mozilla/5.0 (Windows NT 10.0; Win64; x64) AppleWebKit/537.36 (KHTML, like Gecko) Chrome/95.0.4638.54 Safari/537.36"
193.194.132.23 - - [27/Oct/2021:13:06:13 +0200] "GET /reload?ser=1635332772725 HTTP/1.1" 200 28 "http://renault.2web.at/account" "Mozilla/5.0 (Windows NT 10.0; Win64; x64) AppleWebKit/537.36 (KHTML, like Gecko) Chrome/95.0.4638.54 Safari/537.36"
193.194.132.23 - - [27/Oct/2021:13:07:15 +0200] "GET /reload?ser=1635332834725 HTTP/1.1" 200 28 "http://renault.2web.at/account" "Mozilla/5.0 (Windows NT 10.0; Win64; x64) AppleWebKit/537.36 (KHTML, like Gecko) Chrome/95.0.4638.54 Safari/537.36"
193.194.132.23 - - [27/Oct/2021:13:08:17 +0200] "GET /reload?ser=1635332896726 HTTP/1.1" 200 28 "http://renault.2web.at/account" "Mozilla/5.0 (Windows NT 10.0; Win64; x64) AppleWebKit/537.36 (KHTML, like Gecko) Chrome/95.0.4638.54 Safari/537.36"
193.194.132.23 - - [27/Oct/2021:13:09:19 +0200] "GET /reload?ser=1635332958726 HTTP/1.1" 200 28 "http://renault.2web.at/account" "Mozilla/5.0 (Windows NT 10.0; Win64; x64) AppleWebKit/537.36 (KHTML, like Gecko) Chrome/95.0.4638.54 Safari/537.36"
193.194.132.23 - - [27/Oct/2021:13:10:21 +0200] "GET /reload?ser=1635333020727 HTTP/1.1" 200 28 "http://renault.2web.at/account" "Mozilla/5.0 (Windows NT 10.0; Win64; x64) AppleWebKit/537.36 (KHTML, like Gecko) Chrome/95.0.4638.54 Safari/537.36"
193.194.132.23 - - [27/Oct/2021:13:11:23 +0200] "GET /reload?ser=1635333082728 HTTP/1.1" 200 28 "http://renault.2web.at/account" "Mozilla/5.0 (Windows NT 10.0; Win64; x64) AppleWebKit/537.36 (KHTML, like Gecko) Chrome/95.0.4638.54 Safari/537.36"
193.194.132.23 - - [27/Oct/2021:13:12:25 +0200] "GET /reload?ser=1635333144728 HTTP/1.1" 200 28 "http://renault.2web.at/account" "Mozilla/5.0 (Windows NT 10.0; Win64; x64) AppleWebKit/537.36 (KHTML, like Gecko) Chrome/95.0.4638.54 Safari/537.36"
193.194.132.23 - - [27/Oct/2021:13:13:27 +0200] "GET /reload?ser=1635333206729 HTTP/1.1" 200 28 "http://renault.2web.at/account" "Mozilla/5.0 (Windows NT 10.0; Win64; x64) AppleWebKit/537.36 (KHTML, like Gecko) Chrome/95.0.4638.54 Safari/537.36"
193.194.132.23 - - [27/Oct/2021:13:14:29 +0200] "GET /reload?ser=1635333268730 HTTP/1.1" 200 28 "http://renault.2web.at/account" "Mozilla/5.0 (Windows NT 10.0; Win64; x64) AppleWebKit/537.36 (KHTML, like Gecko) Chrome/95.0.4638.54 Safari/537.36"
193.194.132.23 - - [27/Oct/2021:13:15:31 +0200] "GET /reload?ser=1635333330730 HTTP/1.1" 200 28 "http://renault.2web.at/account" "Mozilla/5.0 (Windows NT 10.0; Win64; x64) AppleWebKit/537.36 (KHTML, like Gecko) Chrome/95.0.4638.54 Safari/537.36"
80.122.35.214 - - [27/Oct/2021:13:16:16 +0200] "GET /login HTTP/1.1" 200 2095 "-" "Mozilla/5.0 (Windows NT 10.0; Win64; x64) AppleWebKit/537.36 (KHTML, like Gecko) Chrome/94.0.4606.81 Safari/537.36"
80.122.35.214 - - [27/Oct/2021:13:16:17 +0200] "GET /css/reset.css HTTP/1.1" 200 1356 "http://renault.2web.at/login" "Mozilla/5.0 (Windows NT 10.0; Win64; x64) AppleWebKit/537.36 (KHTML, like Gecko) Chrome/94.0.4606.81 Safari/537.36"
80.122.35.214 - - [27/Oct/2021:13:16:17 +0200] "GET /js/default.js HTTP/1.1" 200 14698 "http://renault.2web.at/login" "Mozilla/5.0 (Windows NT 10.0; Win64; x64) AppleWebKit/537.36 (KHTML, like Gecko) Chrome/94.0.4606.81 Safari/537.36"
80.122.35.214 - - [27/Oct/2021:13:16:17 +0200] "GET /css/styles.css HTTP/1.1" 200 14664 "http://renault.2web.at/login" "Mozilla/5.0 (Windows NT 10.0; Win64; x64) AppleWebKit/537.36 (KHTML, like Gecko) Chrome/94.0.4606.81 Safari/537.36"
80.122.35.214 - - [27/Oct/2021:13:16:17 +0200] "GET /js/checkout.css HTTP/1.1" 200 359 "http://renault.2web.at/login" "Mozilla/5.0 (Windows NT 10.0; Win64; x64) AppleWebKit/537.36 (KHTML, like Gecko) Chrome/94.0.4606.81 Safari/537.36"
80.122.35.214 - - [27/Oct/2021:13:16:17 +0200] "GET /css/clears.css HTTP/1.1" 200 851 "http://renault.2web.at/login" "Mozilla/5.0 (Windows NT 10.0; Win64; x64) AppleWebKit/537.36 (KHTML, like Gecko) Chrome/94.0.4606.81 Safari/537.36"
80.122.35.214 - - [27/Oct/2021:13:16:17 +0200] "GET /css/prototip.css HTTP/1.1" 200 968 "http://renault.2web.at/login" "Mozilla/5.0 (Windows NT 10.0; Win64; x64) AppleWebKit/537.36 (KHTML, like Gecko) Chrome/94.0.4606.81 Safari/537.36"
80.122.35.214 - - [27/Oct/2021:13:16:17 +0200] "GET /css/themes/default.css HTTP/1.1" 200 769 "http://renault.2web.at/login" "Mozilla/5.0 (Windows NT 10.0; Win64; x64) AppleWebKit/537.36 (KHTML, like Gecko) Chrome/94.0.4606.81 Safari/537.36"
80.122.35.214 - - [27/Oct/2021:13:16:17 +0200] "GET /css/themes/alphacube.css HTTP/1.1" 200 743 "http://renault.2web.at/login" "Mozilla/5.0 (Windows NT 10.0; Win64; x64) AppleWebKit/537.36 (KHTML, like Gecko) Chrome/94.0.4606.81 Safari/537.36"
80.122.35.214 - - [27/Oct/2021:13:16:17 +0200] "GET /js/index.php?c=auto&f=,prototype/prototype.js,prototype/validation.js,scriptaculous/builder.js,scriptaculous/effects.js,scriptaculous/dragdrop.js,scriptaculous/controls.js,scriptaculous/slider.js,varien/js.js,varien/form.js,varien/menu.js,mage/translate.js,mage/cookies.js,varien/product.js,spinner/SpinnerControl.jsmin.js,prototype/window.js,prototype/window_ext.js HTTP/1.1" 200 94182 "http://renault.2web.at/login" "Mozilla/5.0 (Windows NT 10.0; Win64; x64) AppleWebKit/537.36 (KHTML, like Gecko) Chrome/94.0.4606.81 Safari/537.36"
80.122.35.214 - - [27/Oct/2021:13:16:17 +0200] "GET /images/main_block_border.gif HTTP/1.1" 200 43 "http://renault.2web.at/css/styles.css" "Mozilla/5.0 (Windows NT 10.0; Win64; x64) AppleWebKit/537.36 (KHTML, like Gecko) Chrome/94.0.4606.81 Safari/537.36"
80.122.35.214 - - [27/Oct/2021:13:16:17 +0200] "GET /images/header_block_border.gif HTTP/1.1" 200 43 "http://renault.2web.at/css/styles.css" "Mozilla/5.0 (Windows NT 10.0; Win64; x64) AppleWebKit/537.36 (KHTML, like Gecko) Chrome/94.0.4606.81 Safari/537.36"
80.122.35.214 - - [27/Oct/2021:13:16:17 +0200] "GET /images/main_block_corner_right_bot.gif HTTP/1.1" 200 158 "http://renault.2web.at/css/styles.css" "Mozilla/5.0 (Windows NT 10.0; Win64; x64) AppleWebKit/537.36 (KHTML, like Gecko) Chrome/94.0.4606.81 Safari/537.36"
80.122.35.214 - - [27/Oct/2021:13:16:17 +0200] "GET /images/header_block_corner_left_top.gif HTTP/1.1" 200 160 "http://renault.2web.at/css/styles.css" "Mozilla/5.0 (Windows NT 10.0; Win64; x64) AppleWebKit/537.36 (KHTML, like Gecko) Chrome/94.0.4606.81 Safari/537.36"
80.122.35.214 - - [27/Oct/2021:13:16:17 +0200] "GET /images/main_block_corner_left_bot.gif HTTP/1.1" 200 159 "http://renault.2web.at/css/styles.css" "Mozilla/5.0 (Windows NT 10.0; Win64; x64) AppleWebKit/537.36 (KHTML, like Gecko) Chrome/94.0.4606.81 Safari/537.36"
80.122.35.214 - - [27/Oct/2021:13:16:17 +0200] "GET /css/print.css HTTP/1.1" 200 543 "http://renault.2web.at/login" "Mozilla/5.0 (Windows NT 10.0; Win64; x64) AppleWebKit/537.36 (KHTML, like Gecko) Chrome/94.0.4606.81 Safari/537.36"
80.122.35.214 - - [27/Oct/2021:13:16:17 +0200] "GET /images/button_bg.gif HTTP/1.1" 200 151 "http://renault.2web.at/css/styles.css" "Mozilla/5.0 (Windows NT 10.0; Win64; x64) AppleWebKit/537.36 (KHTML, like Gecko) Chrome/94.0.4606.81 Safari/537.36"
80.122.35.214 - - [27/Oct/2021:13:16:17 +0200] "GET /images/main_block_corner_right_top.gif HTTP/1.1" 200 159 "http://renault.2web.at/css/styles.css" "Mozilla/5.0 (Windows NT 10.0; Win64; x64) AppleWebKit/537.36 (KHTML, like Gecko) Chrome/94.0.4606.81 Safari/537.36"
80.122.35.214 - - [27/Oct/2021:13:16:17 +0200] "GET /images/title_corner_left_top.jpg HTTP/1.1" 200 372 "http://renault.2web.at/css/styles.css" "Mozilla/5.0 (Windows NT 10.0; Win64; x64) AppleWebKit/537.36 (KHTML, like Gecko) Chrome/94.0.4606.81 Safari/537.36"
80.122.35.214 - - [27/Oct/2021:13:16:17 +0200] "GET /images/title_border_top.jpg HTTP/1.1" 200 336 "http://renault.2web.at/css/styles.css" "Mozilla/5.0 (Windows NT 10.0; Win64; x64) AppleWebKit/537.36 (KHTML, like Gecko) Chrome/94.0.4606.81 Safari/537.36"
80.122.35.214 - - [27/Oct/2021:13:16:17 +0200] "GET /images/title_corner_right_top.jpg HTTP/1.1" 200 389 "http://renault.2web.at/css/styles.css" "Mozilla/5.0 (Windows NT 10.0; Win64; x64) AppleWebKit/537.36 (KHTML, like Gecko) Chrome/94.0.4606.81 Safari/537.36"
80.122.35.214 - - [27/Oct/2021:13:16:17 +0200] "GET /images/button_right_bg.gif HTTP/1.1" 200 561 "http://renault.2web.at/css/styles.css" "Mozilla/5.0 (Windows NT 10.0; Win64; x64) AppleWebKit/537.36 (KHTML, like Gecko) Chrome/94.0.4606.81 Safari/537.36"
80.122.35.214 - - [27/Oct/2021:13:16:17 +0200] "GET /images/main_block_corner_left_top.gif HTTP/1.1" 200 159 "http://renault.2web.at/css/styles.css" "Mozilla/5.0 (Windows NT 10.0; Win64; x64) AppleWebKit/537.36 (KHTML, like Gecko) Chrome/94.0.4606.81 Safari/537.36"
80.122.35.214 - - [27/Oct/2021:13:16:17 +0200] "GET /images/header_block_corner_right_top.gif HTTP/1.1" 200 160 "http://renault.2web.at/css/styles.css" "Mozilla/5.0 (Windows NT 10.0; Win64; x64) AppleWebKit/537.36 (KHTML, like Gecko) Chrome/94.0.4606.81 Safari/537.36"
80.122.35.214 - - [27/Oct/2021:13:16:17 +0200] "GET /images/title_border.jpg HTTP/1.1" 200 304 "http://renault.2web.at/css/styles.css" "Mozilla/5.0 (Windows NT 10.0; Win64; x64) AppleWebKit/537.36 (KHTML, like Gecko) Chrome/94.0.4606.81 Safari/537.36"
80.122.35.214 - - [27/Oct/2021:13:16:17 +0200] "GET /images/button_left_bg.gif HTTP/1.1" 200 564 "http://renault.2web.at/css/styles.css" "Mozilla/5.0 (Windows NT 10.0; Win64; x64) AppleWebKit/537.36 (KHTML, like Gecko) Chrome/94.0.4606.81 Safari/537.36"
80.122.35.214 - - [27/Oct/2021:13:16:17 +0200] "GET /loadthumbnail.php?id=11127982 HTTP/1.1" 200 399614 "http://renault.2web.at/login" "Mozilla/5.0 (Windows NT 10.0; Win64; x64) AppleWebKit/537.36 (KHTML, like Gecko) Chrome/94.0.4606.81 Safari/537.36"
80.122.35.214 - - [27/Oct/2021:13:16:18 +0200] "GET /images/favicon.ico HTTP/1.1" 404 300 "http://renault.2web.at/login" "Mozilla/5.0 (Windows NT 10.0; Win64; x64) AppleWebKit/537.36 (KHTML, like Gecko) Chrome/94.0.4606.81 Safari/537.36"
193.194.132.23 - - [27/Oct/2021:13:16:33 +0200] "GET /reload?ser=1635333392730 HTTP/1.1" 200 28 "http://renault.2web.at/account" "Mozilla/5.0 (Windows NT 10.0; Win64; x64) AppleWebKit/537.36 (KHTML, like Gecko) Chrome/95.0.4638.54 Safari/537.36"
80.122.35.214 - - [27/Oct/2021:13:16:35 +0200] "POST /login HTTP/1.1" 302 137 "http://renault.2web.at/login" "Mozilla/5.0 (Windows NT 10.0; Win64; x64) AppleWebKit/537.36 (KHTML, like Gecko) Chrome/94.0.4606.81 Safari/537.36"
80.122.35.214 - - [27/Oct/2021:13:16:37 +0200] "GET /account HTTP/1.1" 200 5983 "http://renault.2web.at/login" "Mozilla/5.0 (Windows NT 10.0; Win64; x64) AppleWebKit/537.36 (KHTML, like Gecko) Chrome/94.0.4606.81 Safari/537.36"
80.122.35.214 - - [27/Oct/2021:13:16:41 +0200] "GET /js/account.js HTTP/1.1" 200 953 "http://renault.2web.at/account" "Mozilla/5.0 (Windows NT 10.0; Win64; x64) AppleWebKit/537.36 (KHTML, like Gecko) Chrome/94.0.4606.81 Safari/537.36"
80.122.35.214 - - [27/Oct/2021:13:16:41 +0200] "GET /images/search_bg.gif HTTP/1.1" 200 1726 "http://renault.2web.at/css/styles.css" "Mozilla/5.0 (Windows NT 10.0; Win64; x64) AppleWebKit/537.36 (KHTML, like Gecko) Chrome/94.0.4606.81 Safari/537.36"
80.122.35.214 - - [27/Oct/2021:13:16:41 +0200] "GET /images/menu_button_bg.jpg HTTP/1.1" 200 322 "http://renault.2web.at/css/styles.css" "Mozilla/5.0 (Windows NT 10.0; Win64; x64) AppleWebKit/537.36 (KHTML, like Gecko) Chrome/94.0.4606.81 Safari/537.36"
80.122.35.214 - - [27/Oct/2021:13:16:41 +0200] "GET /images/top_links_divider.gif HTTP/1.1" 200 44 "http://renault.2web.at/css/styles.css" "Mozilla/5.0 (Windows NT 10.0; Win64; x64) AppleWebKit/537.36 (KHTML, like Gecko) Chrome/94.0.4606.81 Safari/537.36"
80.122.35.214 - - [27/Oct/2021:13:16:41 +0200] "GET /images/nav_divider.gif HTTP/1.1" 200 43 "http://renault.2web.at/css/styles.css" "Mozilla/5.0 (Windows NT 10.0; Win64; x64) AppleWebKit/537.36 (KHTML, like Gecko) Chrome/94.0.4606.81 Safari/537.36"
80.122.35.214 - - [27/Oct/2021:13:16:41 +0200] "GET /images/sidebar_title_corner_left_top.gif HTTP/1.1" 200 1124 "http://renault.2web.at/css/styles.css" "Mozilla/5.0 (Windows NT 10.0; Win64; x64) AppleWebKit/537.36 (KHTML, like Gecko) Chrome/94.0.4606.81 Safari/537.36"
80.122.35.214 - - [27/Oct/2021:13:16:41 +0200] "GET /images/sidebar_title_border_top.gif HTTP/1.1" 200 155 "http://renault.2web.at/css/styles.css" "Mozilla/5.0 (Windows NT 10.0; Win64; x64) AppleWebKit/537.36 (KHTML, like Gecko) Chrome/94.0.4606.81 Safari/537.36"
80.122.35.214 - - [27/Oct/2021:13:16:41 +0200] "GET /images/sidebar_title_corner_right_top.gif HTTP/1.1" 200 383 "http://renault.2web.at/css/styles.css" "Mozilla/5.0 (Windows NT 10.0; Win64; x64) AppleWebKit/537.36 (KHTML, like Gecko) Chrome/94.0.4606.81 Safari/537.36"
80.122.35.214 - - [27/Oct/2021:13:16:41 +0200] "GET /images/sidebar_title_border.gif HTTP/1.1" 200 43 "http://renault.2web.at/css/styles.css" "Mozilla/5.0 (Windows NT 10.0; Win64; x64) AppleWebKit/537.36 (KHTML, like Gecko) Chrome/94.0.4606.81 Safari/537.36"
80.122.35.214 - - [27/Oct/2021:13:16:41 +0200] "GET /images/menu_divider.gif HTTP/1.1" 200 176 "http://renault.2web.at/css/styles.css" "Mozilla/5.0 (Windows NT 10.0; Win64; x64) AppleWebKit/537.36 (KHTML, like Gecko) Chrome/94.0.4606.81 Safari/537.36"
80.122.35.214 - - [27/Oct/2021:13:16:41 +0200] "GET /images/footer_divider.gif HTTP/1.1" 200 44 "http://renault.2web.at/css/styles.css" "Mozilla/5.0 (Windows NT 10.0; Win64; x64) AppleWebKit/537.36 (KHTML, like Gecko) Chrome/94.0.4606.81 Safari/537.36"
80.122.35.214 - - [27/Oct/2021:13:16:41 +0200] "GET /loadthumbnail.php?id=12443249&width=50&height=50 HTTP/1.1" 200 864 "http://renault.2web.at/account" "Mozilla/5.0 (Windows NT 10.0; Win64; x64) AppleWebKit/537.36 (KHTML, like Gecko) Chrome/94.0.4606.81 Safari/537.36"
80.122.35.214 - - [27/Oct/2021:13:16:41 +0200] "GET /loadthumbnail.php?id=12445066&width=50&height=50 HTTP/1.1" 200 884 "http://renault.2web.at/account" "Mozilla/5.0 (Windows NT 10.0; Win64; x64) AppleWebKit/537.36 (KHTML, like Gecko) Chrome/94.0.4606.81 Safari/537.36"
80.122.35.214 - - [27/Oct/2021:13:16:46 +0200] "POST /axjaxrequest?mode=suggest HTTP/1.1" 200 314 "http://renault.2web.at/account" "Mozilla/5.0 (Windows NT 10.0; Win64; x64) AppleWebKit/537.36 (KHTML, like Gecko) Chrome/94.0.4606.81 Safari/537.36"
80.122.35.214 - - [27/Oct/2021:13:16:50 +0200] "POST /axjaxrequest?mode=suggest HTTP/1.1" 200 21 "http://renault.2web.at/account" "Mozilla/5.0 (Windows NT 10.0; Win64; x64) AppleWebKit/537.36 (KHTML, like Gecko) Chrome/94.0.4606.81 Safari/537.36"
80.122.35.214 - - [27/Oct/2021:13:16:52 +0200] "GET /result?searchterm=true&search=Sandero+Prospekt HTTP/1.1" 200 5927 "http://renault.2web.at/account" "Mozilla/5.0 (Windows NT 10.0; Win64; x64) AppleWebKit/537.36 (KHTML, like Gecko) Chrome/94.0.4606.81 Safari/537.36"
80.122.35.214 - - [27/Oct/2021:13:16:54 +0200] "GET /js/prototip.js HTTP/1.1" 200 4588 "http://renault.2web.at/result?searchterm=true&search=Sandero+Prospekt" "Mozilla/5.0 (Windows NT 10.0; Win64; x64) AppleWebKit/537.36 (KHTML, like Gecko) Chrome/94.0.4606.81 Safari/537.36"
80.122.35.214 - - [27/Oct/2021:13:16:54 +0200] "GET /js/ProduktGrp.js HTTP/1.1" 200 1569 "http://renault.2web.at/result?searchterm=true&search=Sandero+Prospekt" "Mozilla/5.0 (Windows NT 10.0; Win64; x64) AppleWebKit/537.36 (KHTML, like Gecko) Chrome/94.0.4606.81 Safari/537.36"
80.122.35.214 - - [27/Oct/2021:13:16:54 +0200] "GET /images/loading.gif HTTP/1.1" 200 3208 "http://renault.2web.at/result?searchterm=true&search=Sandero+Prospekt" "Mozilla/5.0 (Windows NT 10.0; Win64; x64) AppleWebKit/537.36 (KHTML, like Gecko) Chrome/94.0.4606.81 Safari/537.36"
80.122.35.214 - - [27/Oct/2021:13:16:54 +0200] "GET /images/pager_bg.gif HTTP/1.1" 200 150 "http://renault.2web.at/css/styles.css" "Mozilla/5.0 (Windows NT 10.0; Win64; x64) AppleWebKit/537.36 (KHTML, like Gecko) Chrome/94.0.4606.81 Safari/537.36"
80.122.35.214 - - [27/Oct/2021:13:16:54 +0200] "GET /images/vista-up.gif HTTP/1.1" 200 131 "http://renault.2web.at/css/styles.css" "Mozilla/5.0 (Windows NT 10.0; Win64; x64) AppleWebKit/537.36 (KHTML, like Gecko) Chrome/94.0.4606.81 Safari/537.36"
80.122.35.214 - - [27/Oct/2021:13:16:54 +0200] "GET /images/vista-dn.gif HTTP/1.1" 200 128 "http://renault.2web.at/css/styles.css" "Mozilla/5.0 (Windows NT 10.0; Win64; x64) AppleWebKit/537.36 (KHTML, like Gecko) Chrome/94.0.4606.81 Safari/537.36"
80.122.35.214 - - [27/Oct/2021:13:16:54 +0200] "GET /loadthumbnail.php?id=10203255 HTTP/1.1" 200 137 "http://renault.2web.at/result?searchterm=true&search=Sandero+Prospekt" "Mozilla/5.0 (Windows NT 10.0; Win64; x64) AppleWebKit/537.36 (KHTML, like Gecko) Chrome/94.0.4606.81 Safari/537.36"
80.122.35.214 - - [27/Oct/2021:13:16:54 +0200] "GET /loadthumbnail.php?id=12414629&width=113 HTTP/1.1" 200 3404 "http://renault.2web.at/result?searchterm=true&search=Sandero+Prospekt" "Mozilla/5.0 (Windows NT 10.0; Win64; x64) AppleWebKit/537.36 (KHTML, like Gecko) Chrome/94.0.4606.81 Safari/537.36"
80.122.35.214 - - [27/Oct/2021:13:17:04 +0200] "POST /axjaxrequest?mode=suggest HTTP/1.1" 200 21 "http://renault.2web.at/result?searchterm=true&search=Sandero+Prospekt" "Mozilla/5.0 (Windows NT 10.0; Win64; x64) AppleWebKit/537.36 (KHTML, like Gecko) Chrome/94.0.4606.81 Safari/537.36"
