193.194.132.28 - - [03/Nov/2021:12:41:18 +0100] "GET /reload?ser=1635939677852 HTTP/1.1" 200 28 "http://renault.2web.at/result?searchterm=true&search=kennzeichen" "Mozilla/5.0 (Windows NT 10.0; Win64; x64) AppleWebKit/537.36 (KHTML, like Gecko) Chrome/95.0.4638.54 Safari/537.36"
80.122.129.50 - - [03/Nov/2021:12:41:19 +0100] "GET /reload?ser=1635939679181 HTTP/1.1" 200 28 "http://renault.activities.at/success" "Mozilla/5.0 (Windows NT 10.0; Win64; x64) AppleWebKit/537.36 (KHTML, like Gecko) Chrome/95.0.4638.69 Safari/537.36"
93.83.167.130 - - [03/Nov/2021:12:42:01 +0100] "GET /reload?ser=1635939721295 HTTP/1.1" 200 28 "http://renault.activities.at/result?searchterm=true&search=spring" "Mozilla/5.0 (Windows NT 10.0; Win64; x64) AppleWebKit/537.36 (KHTML, like Gecko) Chrome/95.0.4638.54 Safari/537.36"
80.122.129.50 - - [03/Nov/2021:12:42:20 +0100] "GET /reload?ser=1635939740181 HTTP/1.1" 200 28 "http://renault.activities.at/success" "Mozilla/5.0 (Windows NT 10.0; Win64; x64) AppleWebKit/537.36 (KHTML, like Gecko) Chrome/95.0.4638.69 Safari/537.36"
193.194.132.28 - - [03/Nov/2021:12:42:21 +0100] "GET /reload?ser=1635939740671 HTTP/1.1" 200 28 "http://renault.2web.at/result?searchterm=true&search=kennzeichen" "Mozilla/5.0 (Windows NT 10.0; Win64; x64) AppleWebKit/537.36 (KHTML, like Gecko) Chrome/95.0.4638.54 Safari/537.36"
93.83.167.130 - - [03/Nov/2021:12:43:02 +0100] "GET /reload?ser=1635939782306 HTTP/1.1" 200 28 "http://renault.activities.at/result?searchterm=true&search=spring" "Mozilla/5.0 (Windows NT 10.0; Win64; x64) AppleWebKit/537.36 (KHTML, like Gecko) Chrome/95.0.4638.54 Safari/537.36"
80.122.129.50 - - [03/Nov/2021:12:43:21 +0100] "GET /reload?ser=1635939801182 HTTP/1.1" 200 28 "http://renault.activities.at/success" "Mozilla/5.0 (Windows NT 10.0; Win64; x64) AppleWebKit/537.36 (KHTML, like Gecko) Chrome/95.0.4638.69 Safari/537.36"
193.194.132.28 - - [03/Nov/2021:12:43:23 +0100] "GET /reload?ser=1635939802673 HTTP/1.1" 200 28 "http://renault.2web.at/result?searchterm=true&search=kennzeichen" "Mozilla/5.0 (Windows NT 10.0; Win64; x64) AppleWebKit/537.36 (KHTML, like Gecko) Chrome/95.0.4638.54 Safari/537.36"
93.83.167.130 - - [03/Nov/2021:12:44:03 +0100] "GET /reload?ser=1635939843308 HTTP/1.1" 200 28 "http://renault.activities.at/result?searchterm=true&search=spring" "Mozilla/5.0 (Windows NT 10.0; Win64; x64) AppleWebKit/537.36 (KHTML, like Gecko) Chrome/95.0.4638.54 Safari/537.36"
80.122.129.50 - - [03/Nov/2021:12:44:22 +0100] "GET /reload?ser=1635939862185 HTTP/1.1" 200 28 "http://renault.activities.at/success" "Mozilla/5.0 (Windows NT 10.0; Win64; x64) AppleWebKit/537.36 (KHTML, like Gecko) Chrome/95.0.4638.69 Safari/537.36"
193.194.132.28 - - [03/Nov/2021:12:44:25 +0100] "GET /reload?ser=1635939864678 HTTP/1.1" 200 28 "http://renault.2web.at/result?searchterm=true&search=kennzeichen" "Mozilla/5.0 (Windows NT 10.0; Win64; x64) AppleWebKit/537.36 (KHTML, like Gecko) Chrome/95.0.4638.54 Safari/537.36"
93.83.167.130 - - [03/Nov/2021:12:45:04 +0100] "GET /reload?ser=1635939904299 HTTP/1.1" 200 28 "http://renault.activities.at/result?searchterm=true&search=spring" "Mozilla/5.0 (Windows NT 10.0; Win64; x64) AppleWebKit/537.36 (KHTML, like Gecko) Chrome/95.0.4638.54 Safari/537.36"
80.122.129.50 - - [03/Nov/2021:12:45:23 +0100] "GET /reload?ser=1635939923175 HTTP/1.1" 200 28 "http://renault.activities.at/success" "Mozilla/5.0 (Windows NT 10.0; Win64; x64) AppleWebKit/537.36 (KHTML, like Gecko) Chrome/95.0.4638.69 Safari/537.36"
193.194.132.28 - - [03/Nov/2021:12:45:27 +0100] "GET /reload?ser=1635939926680 HTTP/1.1" 200 28 "http://renault.2web.at/result?searchterm=true&search=kennzeichen" "Mozilla/5.0 (Windows NT 10.0; Win64; x64) AppleWebKit/537.36 (KHTML, like Gecko) Chrome/95.0.4638.54 Safari/537.36"
93.83.167.130 - - [03/Nov/2021:12:46:05 +0100] "GET /reload?ser=1635939965304 HTTP/1.1" 200 28 "http://renault.activities.at/result?searchterm=true&search=spring" "Mozilla/5.0 (Windows NT 10.0; Win64; x64) AppleWebKit/537.36 (KHTML, like Gecko) Chrome/95.0.4638.54 Safari/537.36"
80.122.129.50 - - [03/Nov/2021:12:46:24 +0100] "GET /reload?ser=1635939984183 HTTP/1.1" 200 28 "http://renault.activities.at/success" "Mozilla/5.0 (Windows NT 10.0; Win64; x64) AppleWebKit/537.36 (KHTML, like Gecko) Chrome/95.0.4638.69 Safari/537.36"
193.194.132.28 - - [03/Nov/2021:12:46:29 +0100] "GET /reload?ser=1635939988682 HTTP/1.1" 200 28 "http://renault.2web.at/result?searchterm=true&search=kennzeichen" "Mozilla/5.0 (Windows NT 10.0; Win64; x64) AppleWebKit/537.36 (KHTML, like Gecko) Chrome/95.0.4638.54 Safari/537.36"
93.83.167.130 - - [03/Nov/2021:12:47:06 +0100] "GET /reload?ser=1635940026302 HTTP/1.1" 200 28 "http://renault.activities.at/result?searchterm=true&search=spring" "Mozilla/5.0 (Windows NT 10.0; Win64; x64) AppleWebKit/537.36 (KHTML, like Gecko) Chrome/95.0.4638.54 Safari/537.36"
80.122.129.50 - - [03/Nov/2021:12:47:25 +0100] "GET /reload?ser=1635940045181 HTTP/1.1" 200 28 "http://renault.activities.at/success" "Mozilla/5.0 (Windows NT 10.0; Win64; x64) AppleWebKit/537.36 (KHTML, like Gecko) Chrome/95.0.4638.69 Safari/537.36"
193.194.132.28 - - [03/Nov/2021:12:47:31 +0100] "GET /reload?ser=1635940050684 HTTP/1.1" 200 28 "http://renault.2web.at/result?searchterm=true&search=kennzeichen" "Mozilla/5.0 (Windows NT 10.0; Win64; x64) AppleWebKit/537.36 (KHTML, like Gecko) Chrome/95.0.4638.54 Safari/537.36"
93.83.167.130 - - [03/Nov/2021:12:48:07 +0100] "GET /reload?ser=1635940087294 HTTP/1.1" 200 28 "http://renault.activities.at/result?searchterm=true&search=spring" "Mozilla/5.0 (Windows NT 10.0; Win64; x64) AppleWebKit/537.36 (KHTML, like Gecko) Chrome/95.0.4638.54 Safari/537.36"
80.122.129.50 - - [03/Nov/2021:12:48:26 +0100] "GET /reload?ser=1635940106174 HTTP/1.1" 200 28 "http://renault.activities.at/success" "Mozilla/5.0 (Windows NT 10.0; Win64; x64) AppleWebKit/537.36 (KHTML, like Gecko) Chrome/95.0.4638.69 Safari/537.36"
193.194.132.28 - - [03/Nov/2021:12:48:33 +0100] "GET /reload?ser=1635940112687 HTTP/1.1" 200 28 "http://renault.2web.at/result?searchterm=true&search=kennzeichen" "Mozilla/5.0 (Windows NT 10.0; Win64; x64) AppleWebKit/537.36 (KHTML, like Gecko) Chrome/95.0.4638.54 Safari/537.36"
93.83.167.130 - - [03/Nov/2021:12:49:08 +0100] "GET /reload?ser=1635940148302 HTTP/1.1" 200 28 "http://renault.activities.at/result?searchterm=true&search=spring" "Mozilla/5.0 (Windows NT 10.0; Win64; x64) AppleWebKit/537.36 (KHTML, like Gecko) Chrome/95.0.4638.54 Safari/537.36"
80.122.129.50 - - [03/Nov/2021:12:49:27 +0100] "GET /reload?ser=1635940167175 HTTP/1.1" 200 28 "http://renault.activities.at/success" "Mozilla/5.0 (Windows NT 10.0; Win64; x64) AppleWebKit/537.36 (KHTML, like Gecko) Chrome/95.0.4638.69 Safari/537.36"
193.194.132.28 - - [03/Nov/2021:12:49:35 +0100] "GET /reload?ser=1635940174689 HTTP/1.1" 200 28 "http://renault.2web.at/result?searchterm=true&search=kennzeichen" "Mozilla/5.0 (Windows NT 10.0; Win64; x64) AppleWebKit/537.36 (KHTML, like Gecko) Chrome/95.0.4638.54 Safari/537.36"
93.83.167.130 - - [03/Nov/2021:12:50:09 +0100] "GET /reload?ser=1635940209309 HTTP/1.1" 200 28 "http://renault.activities.at/result?searchterm=true&search=spring" "Mozilla/5.0 (Windows NT 10.0; Win64; x64) AppleWebKit/537.36 (KHTML, like Gecko) Chrome/95.0.4638.54 Safari/537.36"
80.122.129.50 - - [03/Nov/2021:12:50:28 +0100] "GET /reload?ser=1635940228181 HTTP/1.1" 200 28 "http://renault.activities.at/success" "Mozilla/5.0 (Windows NT 10.0; Win64; x64) AppleWebKit/537.36 (KHTML, like Gecko) Chrome/95.0.4638.69 Safari/537.36"
193.194.132.28 - - [03/Nov/2021:12:50:37 +0100] "GET /reload?ser=1635940236691 HTTP/1.1" 200 28 "http://renault.2web.at/result?searchterm=true&search=kennzeichen" "Mozilla/5.0 (Windows NT 10.0; Win64; x64) AppleWebKit/537.36 (KHTML, like Gecko) Chrome/95.0.4638.54 Safari/537.36"
93.83.167.130 - - [03/Nov/2021:12:51:10 +0100] "GET /reload?ser=1635940270299 HTTP/1.1" 200 28 "http://renault.activities.at/result?searchterm=true&search=spring" "Mozilla/5.0 (Windows NT 10.0; Win64; x64) AppleWebKit/537.36 (KHTML, like Gecko) Chrome/95.0.4638.54 Safari/537.36"
80.122.129.50 - - [03/Nov/2021:12:51:29 +0100] "GET /reload?ser=1635940289173 HTTP/1.1" 200 28 "http://renault.activities.at/success" "Mozilla/5.0 (Windows NT 10.0; Win64; x64) AppleWebKit/537.36 (KHTML, like Gecko) Chrome/95.0.4638.69 Safari/537.36"
193.194.132.28 - - [03/Nov/2021:12:51:39 +0100] "GET /reload?ser=1635940298693 HTTP/1.1" 200 28 "http://renault.2web.at/result?searchterm=true&search=kennzeichen" "Mozilla/5.0 (Windows NT 10.0; Win64; x64) AppleWebKit/537.36 (KHTML, like Gecko) Chrome/95.0.4638.54 Safari/537.36"
93.83.167.130 - - [03/Nov/2021:12:52:11 +0100] "GET /reload?ser=1635940331304 HTTP/1.1" 200 28 "http://renault.activities.at/result?searchterm=true&search=spring" "Mozilla/5.0 (Windows NT 10.0; Win64; x64) AppleWebKit/537.36 (KHTML, like Gecko) Chrome/95.0.4638.54 Safari/537.36"
80.122.129.50 - - [03/Nov/2021:12:52:30 +0100] "GET /reload?ser=1635940350177 HTTP/1.1" 200 28 "http://renault.activities.at/success" "Mozilla/5.0 (Windows NT 10.0; Win64; x64) AppleWebKit/537.36 (KHTML, like Gecko) Chrome/95.0.4638.69 Safari/537.36"
193.194.132.28 - - [03/Nov/2021:12:52:41 +0100] "GET /reload?ser=1635940360694 HTTP/1.1" 200 28 "http://renault.2web.at/result?searchterm=true&search=kennzeichen" "Mozilla/5.0 (Windows NT 10.0; Win64; x64) AppleWebKit/537.36 (KHTML, like Gecko) Chrome/95.0.4638.54 Safari/537.36"
93.83.167.130 - - [03/Nov/2021:12:53:12 +0100] "GET /reload?ser=1635940392307 HTTP/1.1" 200 28 "http://renault.activities.at/result?searchterm=true&search=spring" "Mozilla/5.0 (Windows NT 10.0; Win64; x64) AppleWebKit/537.36 (KHTML, like Gecko) Chrome/95.0.4638.54 Safari/537.36"
80.122.129.50 - - [03/Nov/2021:12:53:32 +0100] "GET /reload?ser=1635940412183 HTTP/1.1" 200 28 "http://renault.activities.at/success" "Mozilla/5.0 (Windows NT 10.0; Win64; x64) AppleWebKit/537.36 (KHTML, like Gecko) Chrome/95.0.4638.69 Safari/537.36"
193.194.132.28 - - [03/Nov/2021:12:53:43 +0100] "GET /reload?ser=1635940422697 HTTP/1.1" 200 28 "http://renault.2web.at/result?searchterm=true&search=kennzeichen" "Mozilla/5.0 (Windows NT 10.0; Win64; x64) AppleWebKit/537.36 (KHTML, like Gecko) Chrome/95.0.4638.54 Safari/537.36"
93.83.167.130 - - [03/Nov/2021:12:54:13 +0100] "GET /reload?ser=1635940453297 HTTP/1.1" 200 28 "http://renault.activities.at/result?searchterm=true&search=spring" "Mozilla/5.0 (Windows NT 10.0; Win64; x64) AppleWebKit/537.36 (KHTML, like Gecko) Chrome/95.0.4638.54 Safari/537.36"
80.122.129.50 - - [03/Nov/2021:12:54:33 +0100] "GET /reload?ser=1635940473181 HTTP/1.1" 200 28 "http://renault.activities.at/success" "Mozilla/5.0 (Windows NT 10.0; Win64; x64) AppleWebKit/537.36 (KHTML, like Gecko) Chrome/95.0.4638.69 Safari/537.36"
193.194.132.28 - - [03/Nov/2021:12:54:45 +0100] "GET /reload?ser=1635940484783 HTTP/1.1" 200 28 "http://renault.2web.at/result?searchterm=true&search=kennzeichen" "Mozilla/5.0 (Windows NT 10.0; Win64; x64) AppleWebKit/537.36 (KHTML, like Gecko) Chrome/95.0.4638.54 Safari/537.36"
93.83.167.130 - - [03/Nov/2021:12:55:14 +0100] "GET /reload?ser=1635940514300 HTTP/1.1" 200 28 "http://renault.activities.at/result?searchterm=true&search=spring" "Mozilla/5.0 (Windows NT 10.0; Win64; x64) AppleWebKit/537.36 (KHTML, like Gecko) Chrome/95.0.4638.54 Safari/537.36"
80.122.129.50 - - [03/Nov/2021:12:55:34 +0100] "GET /reload?ser=1635940534187 HTTP/1.1" 200 28 "http://renault.activities.at/success" "Mozilla/5.0 (Windows NT 10.0; Win64; x64) AppleWebKit/537.36 (KHTML, like Gecko) Chrome/95.0.4638.69 Safari/537.36"
193.194.132.28 - - [03/Nov/2021:12:55:47 +0100] "GET /reload?ser=1635940546699 HTTP/1.1" 200 28 "http://renault.2web.at/result?searchterm=true&search=kennzeichen" "Mozilla/5.0 (Windows NT 10.0; Win64; x64) AppleWebKit/537.36 (KHTML, like Gecko) Chrome/95.0.4638.54 Safari/537.36"
93.83.167.130 - - [03/Nov/2021:12:56:15 +0100] "GET /reload?ser=1635940575303 HTTP/1.1" 200 28 "http://renault.activities.at/result?searchterm=true&search=spring" "Mozilla/5.0 (Windows NT 10.0; Win64; x64) AppleWebKit/537.36 (KHTML, like Gecko) Chrome/95.0.4638.54 Safari/537.36"
80.122.129.50 - - [03/Nov/2021:12:56:36 +0100] "GET /reload?ser=1635940596174 HTTP/1.1" 200 28 "http://renault.activities.at/success" "Mozilla/5.0 (Windows NT 10.0; Win64; x64) AppleWebKit/537.36 (KHTML, like Gecko) Chrome/95.0.4638.69 Safari/537.36"
193.194.132.28 - - [03/Nov/2021:12:56:49 +0100] "GET /reload?ser=1635940608700 HTTP/1.1" 200 28 "http://renault.2web.at/result?searchterm=true&search=kennzeichen" "Mozilla/5.0 (Windows NT 10.0; Win64; x64) AppleWebKit/537.36 (KHTML, like Gecko) Chrome/95.0.4638.54 Safari/537.36"
93.83.167.130 - - [03/Nov/2021:12:57:16 +0100] "GET /reload?ser=1635940636303 HTTP/1.1" 200 28 "http://renault.activities.at/result?searchterm=true&search=spring" "Mozilla/5.0 (Windows NT 10.0; Win64; x64) AppleWebKit/537.36 (KHTML, like Gecko) Chrome/95.0.4638.54 Safari/537.36"
80.122.129.50 - - [03/Nov/2021:12:57:37 +0100] "GET /reload?ser=1635940657174 HTTP/1.1" 200 28 "http://renault.activities.at/success" "Mozilla/5.0 (Windows NT 10.0; Win64; x64) AppleWebKit/537.36 (KHTML, like Gecko) Chrome/95.0.4638.69 Safari/537.36"
193.194.132.28 - - [03/Nov/2021:12:57:51 +0100] "GET /reload?ser=1635940670702 HTTP/1.1" 200 28 "http://renault.2web.at/result?searchterm=true&search=kennzeichen" "Mozilla/5.0 (Windows NT 10.0; Win64; x64) AppleWebKit/537.36 (KHTML, like Gecko) Chrome/95.0.4638.54 Safari/537.36"
93.83.167.130 - - [03/Nov/2021:12:58:17 +0100] "GET /reload?ser=1635940697295 HTTP/1.1" 200 28 "http://renault.activities.at/result?searchterm=true&search=spring" "Mozilla/5.0 (Windows NT 10.0; Win64; x64) AppleWebKit/537.36 (KHTML, like Gecko) Chrome/95.0.4638.54 Safari/537.36"
80.122.129.50 - - [03/Nov/2021:12:58:38 +0100] "GET /reload?ser=1635940718175 HTTP/1.1" 200 28 "http://renault.activities.at/success" "Mozilla/5.0 (Windows NT 10.0; Win64; x64) AppleWebKit/537.36 (KHTML, like Gecko) Chrome/95.0.4638.69 Safari/537.36"
193.194.132.28 - - [03/Nov/2021:12:58:53 +0100] "GET /reload?ser=1635940732703 HTTP/1.1" 200 28 "http://renault.2web.at/result?searchterm=true&search=kennzeichen" "Mozilla/5.0 (Windows NT 10.0; Win64; x64) AppleWebKit/537.36 (KHTML, like Gecko) Chrome/95.0.4638.54 Safari/537.36"
93.83.167.130 - - [03/Nov/2021:12:59:18 +0100] "GET /reload?ser=1635940758307 HTTP/1.1" 200 28 "http://renault.activities.at/result?searchterm=true&search=spring" "Mozilla/5.0 (Windows NT 10.0; Win64; x64) AppleWebKit/537.36 (KHTML, like Gecko) Chrome/95.0.4638.54 Safari/537.36"
80.122.129.50 - - [03/Nov/2021:12:59:39 +0100] "GET /reload?ser=1635940779187 HTTP/1.1" 200 28 "http://renault.activities.at/success" "Mozilla/5.0 (Windows NT 10.0; Win64; x64) AppleWebKit/537.36 (KHTML, like Gecko) Chrome/95.0.4638.69 Safari/537.36"
193.194.132.28 - - [03/Nov/2021:12:59:55 +0100] "GET /reload?ser=1635940794704 HTTP/1.1" 200 28 "http://renault.2web.at/result?searchterm=true&search=kennzeichen" "Mozilla/5.0 (Windows NT 10.0; Win64; x64) AppleWebKit/537.36 (KHTML, like Gecko) Chrome/95.0.4638.54 Safari/537.36"
93.83.167.130 - - [03/Nov/2021:13:00:19 +0100] "GET /reload?ser=1635940819295 HTTP/1.1" 200 28 "http://renault.activities.at/result?searchterm=true&search=spring" "Mozilla/5.0 (Windows NT 10.0; Win64; x64) AppleWebKit/537.36 (KHTML, like Gecko) Chrome/95.0.4638.54 Safari/537.36"
80.122.129.50 - - [03/Nov/2021:13:00:41 +0100] "GET /reload?ser=1635940841179 HTTP/1.1" 200 28 "http://renault.activities.at/success" "Mozilla/5.0 (Windows NT 10.0; Win64; x64) AppleWebKit/537.36 (KHTML, like Gecko) Chrome/95.0.4638.69 Safari/537.36"
193.194.132.28 - - [03/Nov/2021:13:00:57 +0100] "GET /reload?ser=1635940856706 HTTP/1.1" 200 28 "http://renault.2web.at/result?searchterm=true&search=kennzeichen" "Mozilla/5.0 (Windows NT 10.0; Win64; x64) AppleWebKit/537.36 (KHTML, like Gecko) Chrome/95.0.4638.54 Safari/537.36"
93.83.167.130 - - [03/Nov/2021:13:01:20 +0100] "GET /reload?ser=1635940880223 HTTP/1.1" 200 28 "http://renault.activities.at/result?searchterm=true&search=spring" "Mozilla/5.0 (Windows NT 10.0; Win64; x64) AppleWebKit/537.36 (KHTML, like Gecko) Chrome/95.0.4638.54 Safari/537.36"
80.122.129.50 - - [03/Nov/2021:13:01:42 +0100] "GET /reload?ser=1635940902188 HTTP/1.1" 200 28 "http://renault.activities.at/success" "Mozilla/5.0 (Windows NT 10.0; Win64; x64) AppleWebKit/537.36 (KHTML, like Gecko) Chrome/95.0.4638.69 Safari/537.36"
193.194.132.28 - - [03/Nov/2021:13:01:59 +0100] "GET /reload?ser=1635940918706 HTTP/1.1" 200 28 "http://renault.2web.at/result?searchterm=true&search=kennzeichen" "Mozilla/5.0 (Windows NT 10.0; Win64; x64) AppleWebKit/537.36 (KHTML, like Gecko) Chrome/95.0.4638.54 Safari/537.36"
93.83.167.130 - - [03/Nov/2021:13:02:21 +0100] "GET /reload?ser=1635940941184 HTTP/1.1" 200 28 "http://renault.activities.at/result?searchterm=true&search=spring" "Mozilla/5.0 (Windows NT 10.0; Win64; x64) AppleWebKit/537.36 (KHTML, like Gecko) Chrome/95.0.4638.54 Safari/537.36"
80.122.129.50 - - [03/Nov/2021:13:02:43 +0100] "GET /reload?ser=1635940963180 HTTP/1.1" 200 28 "http://renault.activities.at/success" "Mozilla/5.0 (Windows NT 10.0; Win64; x64) AppleWebKit/537.36 (KHTML, like Gecko) Chrome/95.0.4638.69 Safari/537.36"
193.194.132.28 - - [03/Nov/2021:13:03:01 +0100] "GET /reload?ser=1635940980708 HTTP/1.1" 200 28 "http://renault.2web.at/result?searchterm=true&search=kennzeichen" "Mozilla/5.0 (Windows NT 10.0; Win64; x64) AppleWebKit/537.36 (KHTML, like Gecko) Chrome/95.0.4638.54 Safari/537.36"
93.83.167.130 - - [03/Nov/2021:13:03:22 +0100] "GET /reload?ser=1635941002153 HTTP/1.1" 200 28 "http://renault.activities.at/result?searchterm=true&search=spring" "Mozilla/5.0 (Windows NT 10.0; Win64; x64) AppleWebKit/537.36 (KHTML, like Gecko) Chrome/95.0.4638.54 Safari/537.36"
80.122.129.50 - - [03/Nov/2021:13:03:45 +0100] "GET /reload?ser=1635941025175 HTTP/1.1" 200 28 "http://renault.activities.at/success" "Mozilla/5.0 (Windows NT 10.0; Win64; x64) AppleWebKit/537.36 (KHTML, like Gecko) Chrome/95.0.4638.69 Safari/537.36"
193.194.132.28 - - [03/Nov/2021:13:04:03 +0100] "GET /reload?ser=1635941042708 HTTP/1.1" 200 28 "http://renault.2web.at/result?searchterm=true&search=kennzeichen" "Mozilla/5.0 (Windows NT 10.0; Win64; x64) AppleWebKit/537.36 (KHTML, like Gecko) Chrome/95.0.4638.54 Safari/537.36"
93.83.167.130 - - [03/Nov/2021:13:04:23 +0100] "GET /reload?ser=1635941063301 HTTP/1.1" 200 28 "http://renault.activities.at/result?searchterm=true&search=spring" "Mozilla/5.0 (Windows NT 10.0; Win64; x64) AppleWebKit/537.36 (KHTML, like Gecko) Chrome/95.0.4638.54 Safari/537.36"
80.122.129.50 - - [03/Nov/2021:13:04:47 +0100] "GET /reload?ser=1635941087175 HTTP/1.1" 200 28 "http://renault.activities.at/success" "Mozilla/5.0 (Windows NT 10.0; Win64; x64) AppleWebKit/537.36 (KHTML, like Gecko) Chrome/95.0.4638.69 Safari/537.36"
193.194.132.28 - - [03/Nov/2021:13:05:05 +0100] "GET /reload?ser=1635941104710 HTTP/1.1" 200 28 "http://renault.2web.at/result?searchterm=true&search=kennzeichen" "Mozilla/5.0 (Windows NT 10.0; Win64; x64) AppleWebKit/537.36 (KHTML, like Gecko) Chrome/95.0.4638.54 Safari/537.36"
93.83.167.130 - - [03/Nov/2021:13:05:24 +0100] "GET /reload?ser=1635941124297 HTTP/1.1" 200 28 "http://renault.activities.at/result?searchterm=true&search=spring" "Mozilla/5.0 (Windows NT 10.0; Win64; x64) AppleWebKit/537.36 (KHTML, like Gecko) Chrome/95.0.4638.54 Safari/537.36"
80.122.129.50 - - [03/Nov/2021:13:05:48 +0100] "GET /reload?ser=1635941148184 HTTP/1.1" 200 28 "http://renault.activities.at/success" "Mozilla/5.0 (Windows NT 10.0; Win64; x64) AppleWebKit/537.36 (KHTML, like Gecko) Chrome/95.0.4638.69 Safari/537.36"
193.194.132.28 - - [03/Nov/2021:13:06:07 +0100] "GET /reload?ser=1635941166710 HTTP/1.1" 200 28 "http://renault.2web.at/result?searchterm=true&search=kennzeichen" "Mozilla/5.0 (Windows NT 10.0; Win64; x64) AppleWebKit/537.36 (KHTML, like Gecko) Chrome/95.0.4638.54 Safari/537.36"
93.83.167.130 - - [03/Nov/2021:13:06:25 +0100] "GET /reload?ser=1635941185301 HTTP/1.1" 200 28 "http://renault.activities.at/result?searchterm=true&search=spring" "Mozilla/5.0 (Windows NT 10.0; Win64; x64) AppleWebKit/537.36 (KHTML, like Gecko) Chrome/95.0.4638.54 Safari/537.36"
80.122.129.50 - - [03/Nov/2021:13:06:49 +0100] "GET /reload?ser=1635941209187 HTTP/1.1" 200 28 "http://renault.activities.at/success" "Mozilla/5.0 (Windows NT 10.0; Win64; x64) AppleWebKit/537.36 (KHTML, like Gecko) Chrome/95.0.4638.69 Safari/537.36"
193.194.132.28 - - [03/Nov/2021:13:07:09 +0100] "GET /reload?ser=1635941228711 HTTP/1.1" 200 28 "http://renault.2web.at/result?searchterm=true&search=kennzeichen" "Mozilla/5.0 (Windows NT 10.0; Win64; x64) AppleWebKit/537.36 (KHTML, like Gecko) Chrome/95.0.4638.54 Safari/537.36"
93.83.167.130 - - [03/Nov/2021:13:07:26 +0100] "GET /reload?ser=1635941246294 HTTP/1.1" 200 28 "http://renault.activities.at/result?searchterm=true&search=spring" "Mozilla/5.0 (Windows NT 10.0; Win64; x64) AppleWebKit/537.36 (KHTML, like Gecko) Chrome/95.0.4638.54 Safari/537.36"
80.122.129.50 - - [03/Nov/2021:13:07:50 +0100] "GET /reload?ser=1635941270175 HTTP/1.1" 200 28 "http://renault.activities.at/success" "Mozilla/5.0 (Windows NT 10.0; Win64; x64) AppleWebKit/537.36 (KHTML, like Gecko) Chrome/95.0.4638.69 Safari/537.36"
193.194.132.28 - - [03/Nov/2021:13:08:11 +0100] "GET /reload?ser=1635941290711 HTTP/1.1" 200 28 "http://renault.2web.at/result?searchterm=true&search=kennzeichen" "Mozilla/5.0 (Windows NT 10.0; Win64; x64) AppleWebKit/537.36 (KHTML, like Gecko) Chrome/95.0.4638.54 Safari/537.36"
93.83.167.130 - - [03/Nov/2021:13:08:27 +0100] "GET /reload?ser=1635941307299 HTTP/1.1" 200 28 "http://renault.activities.at/result?searchterm=true&search=spring" "Mozilla/5.0 (Windows NT 10.0; Win64; x64) AppleWebKit/537.36 (KHTML, like Gecko) Chrome/95.0.4638.54 Safari/537.36"
80.122.129.50 - - [03/Nov/2021:13:08:52 +0100] "GET /reload?ser=1635941332187 HTTP/1.1" 200 28 "http://renault.activities.at/success" "Mozilla/5.0 (Windows NT 10.0; Win64; x64) AppleWebKit/537.36 (KHTML, like Gecko) Chrome/95.0.4638.69 Safari/537.36"
193.194.132.28 - - [03/Nov/2021:13:09:13 +0100] "GET /reload?ser=1635941352711 HTTP/1.1" 200 28 "http://renault.2web.at/result?searchterm=true&search=kennzeichen" "Mozilla/5.0 (Windows NT 10.0; Win64; x64) AppleWebKit/537.36 (KHTML, like Gecko) Chrome/95.0.4638.54 Safari/537.36"
93.83.167.130 - - [03/Nov/2021:13:09:28 +0100] "GET /reload?ser=1635941368302 HTTP/1.1" 200 28 "http://renault.activities.at/result?searchterm=true&search=spring" "Mozilla/5.0 (Windows NT 10.0; Win64; x64) AppleWebKit/537.36 (KHTML, like Gecko) Chrome/95.0.4638.54 Safari/537.36"
80.122.129.50 - - [03/Nov/2021:13:09:53 +0100] "GET /reload?ser=1635941393174 HTTP/1.1" 200 28 "http://renault.activities.at/success" "Mozilla/5.0 (Windows NT 10.0; Win64; x64) AppleWebKit/537.36 (KHTML, like Gecko) Chrome/95.0.4638.69 Safari/537.36"
193.194.132.28 - - [03/Nov/2021:13:10:15 +0100] "GET /reload?ser=1635941414712 HTTP/1.1" 200 28 "http://renault.2web.at/result?searchterm=true&search=kennzeichen" "Mozilla/5.0 (Windows NT 10.0; Win64; x64) AppleWebKit/537.36 (KHTML, like Gecko) Chrome/95.0.4638.54 Safari/537.36"
93.83.167.130 - - [03/Nov/2021:13:10:29 +0100] "GET /reload?ser=1635941429304 HTTP/1.1" 200 28 "http://renault.activities.at/result?searchterm=true&search=spring" "Mozilla/5.0 (Windows NT 10.0; Win64; x64) AppleWebKit/537.36 (KHTML, like Gecko) Chrome/95.0.4638.54 Safari/537.36"
80.122.129.50 - - [03/Nov/2021:13:10:54 +0100] "GET /reload?ser=1635941454178 HTTP/1.1" 200 28 "http://renault.activities.at/success" "Mozilla/5.0 (Windows NT 10.0; Win64; x64) AppleWebKit/537.36 (KHTML, like Gecko) Chrome/95.0.4638.69 Safari/537.36"
193.194.132.28 - - [03/Nov/2021:13:11:17 +0100] "GET /reload?ser=1635941476713 HTTP/1.1" 200 28 "http://renault.2web.at/result?searchterm=true&search=kennzeichen" "Mozilla/5.0 (Windows NT 10.0; Win64; x64) AppleWebKit/537.36 (KHTML, like Gecko) Chrome/95.0.4638.54 Safari/537.36"
93.83.167.130 - - [03/Nov/2021:13:11:30 +0100] "GET /reload?ser=1635941490299 HTTP/1.1" 200 28 "http://renault.activities.at/result?searchterm=true&search=spring" "Mozilla/5.0 (Windows NT 10.0; Win64; x64) AppleWebKit/537.36 (KHTML, like Gecko) Chrome/95.0.4638.54 Safari/537.36"
80.122.129.50 - - [03/Nov/2021:13:11:55 +0100] "GET /reload?ser=1635941515175 HTTP/1.1" 200 28 "http://renault.activities.at/success" "Mozilla/5.0 (Windows NT 10.0; Win64; x64) AppleWebKit/537.36 (KHTML, like Gecko) Chrome/95.0.4638.69 Safari/537.36"
193.194.132.28 - - [03/Nov/2021:13:12:19 +0100] "GET /reload?ser=1635941538713 HTTP/1.1" 200 28 "http://renault.2web.at/result?searchterm=true&search=kennzeichen" "Mozilla/5.0 (Windows NT 10.0; Win64; x64) AppleWebKit/537.36 (KHTML, like Gecko) Chrome/95.0.4638.54 Safari/537.36"
93.83.167.130 - - [03/Nov/2021:13:12:31 +0100] "GET /reload?ser=1635941551306 HTTP/1.1" 200 28 "http://renault.activities.at/result?searchterm=true&search=spring" "Mozilla/5.0 (Windows NT 10.0; Win64; x64) AppleWebKit/537.36 (KHTML, like Gecko) Chrome/95.0.4638.54 Safari/537.36"
80.122.129.50 - - [03/Nov/2021:13:12:57 +0100] "GET /reload?ser=1635941577185 HTTP/1.1" 200 28 "http://renault.activities.at/success" "Mozilla/5.0 (Windows NT 10.0; Win64; x64) AppleWebKit/537.36 (KHTML, like Gecko) Chrome/95.0.4638.69 Safari/537.36"
193.194.132.28 - - [03/Nov/2021:13:13:21 +0100] "GET /reload?ser=1635941600714 HTTP/1.1" 200 28 "http://renault.2web.at/result?searchterm=true&search=kennzeichen" "Mozilla/5.0 (Windows NT 10.0; Win64; x64) AppleWebKit/537.36 (KHTML, like Gecko) Chrome/95.0.4638.54 Safari/537.36"
93.83.167.130 - - [03/Nov/2021:13:13:32 +0100] "GET /reload?ser=1635941612304 HTTP/1.1" 200 28 "http://renault.activities.at/result?searchterm=true&search=spring" "Mozilla/5.0 (Windows NT 10.0; Win64; x64) AppleWebKit/537.36 (KHTML, like Gecko) Chrome/95.0.4638.54 Safari/537.36"
80.122.129.50 - - [03/Nov/2021:13:13:58 +0100] "GET /reload?ser=1635941638176 HTTP/1.1" 200 28 "http://renault.activities.at/success" "Mozilla/5.0 (Windows NT 10.0; Win64; x64) AppleWebKit/537.36 (KHTML, like Gecko) Chrome/95.0.4638.69 Safari/537.36"
193.194.132.28 - - [03/Nov/2021:13:14:23 +0100] "GET /reload?ser=1635941662715 HTTP/1.1" 200 28 "http://renault.2web.at/result?searchterm=true&search=kennzeichen" "Mozilla/5.0 (Windows NT 10.0; Win64; x64) AppleWebKit/537.36 (KHTML, like Gecko) Chrome/95.0.4638.54 Safari/537.36"
93.83.167.130 - - [03/Nov/2021:13:14:33 +0100] "GET /reload?ser=1635941673292 HTTP/1.1" 200 28 "http://renault.activities.at/result?searchterm=true&search=spring" "Mozilla/5.0 (Windows NT 10.0; Win64; x64) AppleWebKit/537.36 (KHTML, like Gecko) Chrome/95.0.4638.54 Safari/537.36"
80.122.129.50 - - [03/Nov/2021:13:14:59 +0100] "GET /reload?ser=1635941699182 HTTP/1.1" 200 28 "http://renault.activities.at/success" "Mozilla/5.0 (Windows NT 10.0; Win64; x64) AppleWebKit/537.36 (KHTML, like Gecko) Chrome/95.0.4638.69 Safari/537.36"
193.194.132.28 - - [03/Nov/2021:13:15:25 +0100] "GET /reload?ser=1635941724716 HTTP/1.1" 200 28 "http://renault.2web.at/result?searchterm=true&search=kennzeichen" "Mozilla/5.0 (Windows NT 10.0; Win64; x64) AppleWebKit/537.36 (KHTML, like Gecko) Chrome/95.0.4638.54 Safari/537.36"
93.83.167.130 - - [03/Nov/2021:13:15:34 +0100] "GET /reload?ser=1635941734223 HTTP/1.1" 200 28 "http://renault.activities.at/result?searchterm=true&search=spring" "Mozilla/5.0 (Windows NT 10.0; Win64; x64) AppleWebKit/537.36 (KHTML, like Gecko) Chrome/95.0.4638.54 Safari/537.36"
80.122.129.50 - - [03/Nov/2021:13:16:01 +0100] "GET /reload?ser=1635941761180 HTTP/1.1" 200 28 "http://renault.activities.at/success" "Mozilla/5.0 (Windows NT 10.0; Win64; x64) AppleWebKit/537.36 (KHTML, like Gecko) Chrome/95.0.4638.69 Safari/537.36"
193.194.132.28 - - [03/Nov/2021:13:16:27 +0100] "GET /reload?ser=1635941786715 HTTP/1.1" 200 28 "http://renault.2web.at/result?searchterm=true&search=kennzeichen" "Mozilla/5.0 (Windows NT 10.0; Win64; x64) AppleWebKit/537.36 (KHTML, like Gecko) Chrome/95.0.4638.54 Safari/537.36"
93.83.167.130 - - [03/Nov/2021:13:16:35 +0100] "GET /reload?ser=1635941795157 HTTP/1.1" 200 28 "http://renault.activities.at/result?searchterm=true&search=spring" "Mozilla/5.0 (Windows NT 10.0; Win64; x64) AppleWebKit/537.36 (KHTML, like Gecko) Chrome/95.0.4638.54 Safari/537.36"
80.122.129.50 - - [03/Nov/2021:13:17:02 +0100] "GET /reload?ser=1635941822177 HTTP/1.1" 200 28 "http://renault.activities.at/success" "Mozilla/5.0 (Windows NT 10.0; Win64; x64) AppleWebKit/537.36 (KHTML, like Gecko) Chrome/95.0.4638.69 Safari/537.36"
193.194.132.28 - - [03/Nov/2021:13:17:29 +0100] "GET /reload?ser=1635941848716 HTTP/1.1" 200 28 "http://renault.2web.at/result?searchterm=true&search=kennzeichen" "Mozilla/5.0 (Windows NT 10.0; Win64; x64) AppleWebKit/537.36 (KHTML, like Gecko) Chrome/95.0.4638.54 Safari/537.36"
93.83.167.130 - - [03/Nov/2021:13:17:36 +0100] "GET /reload?ser=1635941856109 HTTP/1.1" 200 28 "http://renault.activities.at/result?searchterm=true&search=spring" "Mozilla/5.0 (Windows NT 10.0; Win64; x64) AppleWebKit/537.36 (KHTML, like Gecko) Chrome/95.0.4638.54 Safari/537.36"
80.122.129.50 - - [03/Nov/2021:13:18:04 +0100] "GET /reload?ser=1635941884176 HTTP/1.1" 200 28 "http://renault.activities.at/success" "Mozilla/5.0 (Windows NT 10.0; Win64; x64) AppleWebKit/537.36 (KHTML, like Gecko) Chrome/95.0.4638.69 Safari/537.36"
193.194.132.28 - - [03/Nov/2021:13:18:31 +0100] "GET /reload?ser=1635941910716 HTTP/1.1" 200 28 "http://renault.2web.at/result?searchterm=true&search=kennzeichen" "Mozilla/5.0 (Windows NT 10.0; Win64; x64) AppleWebKit/537.36 (KHTML, like Gecko) Chrome/95.0.4638.54 Safari/537.36"
93.83.167.130 - - [03/Nov/2021:13:18:37 +0100] "GET /reload?ser=1635941917141 HTTP/1.1" 200 28 "http://renault.activities.at/result?searchterm=true&search=spring" "Mozilla/5.0 (Windows NT 10.0; Win64; x64) AppleWebKit/537.36 (KHTML, like Gecko) Chrome/95.0.4638.54 Safari/537.36"
80.122.129.50 - - [03/Nov/2021:13:19:05 +0100] "GET /reload?ser=1635941945187 HTTP/1.1" 200 28 "http://renault.activities.at/success" "Mozilla/5.0 (Windows NT 10.0; Win64; x64) AppleWebKit/537.36 (KHTML, like Gecko) Chrome/95.0.4638.69 Safari/537.36"
193.194.132.28 - - [03/Nov/2021:13:19:33 +0100] "GET /reload?ser=1635941972717 HTTP/1.1" 200 28 "http://renault.2web.at/result?searchterm=true&search=kennzeichen" "Mozilla/5.0 (Windows NT 10.0; Win64; x64) AppleWebKit/537.36 (KHTML, like Gecko) Chrome/95.0.4638.54 Safari/537.36"
93.83.167.130 - - [03/Nov/2021:13:19:38 +0100] "GET /reload?ser=1635941978080 HTTP/1.1" 200 28 "http://renault.activities.at/result?searchterm=true&search=spring" "Mozilla/5.0 (Windows NT 10.0; Win64; x64) AppleWebKit/537.36 (KHTML, like Gecko) Chrome/95.0.4638.54 Safari/537.36"
80.122.129.50 - - [03/Nov/2021:13:20:06 +0100] "GET /reload?ser=1635942006180 HTTP/1.1" 200 28 "http://renault.activities.at/success" "Mozilla/5.0 (Windows NT 10.0; Win64; x64) AppleWebKit/537.36 (KHTML, like Gecko) Chrome/95.0.4638.69 Safari/537.36"
193.194.132.28 - - [03/Nov/2021:13:20:35 +0100] "GET /reload?ser=1635942034717 HTTP/1.1" 200 28 "http://renault.2web.at/result?searchterm=true&search=kennzeichen" "Mozilla/5.0 (Windows NT 10.0; Win64; x64) AppleWebKit/537.36 (KHTML, like Gecko) Chrome/95.0.4638.54 Safari/537.36"
93.83.167.130 - - [03/Nov/2021:13:20:39 +0100] "GET /reload?ser=1635942039043 HTTP/1.1" 200 28 "http://renault.activities.at/result?searchterm=true&search=spring" "Mozilla/5.0 (Windows NT 10.0; Win64; x64) AppleWebKit/537.36 (KHTML, like Gecko) Chrome/95.0.4638.54 Safari/537.36"
80.122.129.50 - - [03/Nov/2021:13:21:08 +0100] "GET /reload?ser=1635942068188 HTTP/1.1" 200 28 "http://renault.activities.at/success" "Mozilla/5.0 (Windows NT 10.0; Win64; x64) AppleWebKit/537.36 (KHTML, like Gecko) Chrome/95.0.4638.69 Safari/537.36"
193.194.132.28 - - [03/Nov/2021:13:21:37 +0100] "GET /reload?ser=1635942096717 HTTP/1.1" 200 28 "http://renault.2web.at/result?searchterm=true&search=kennzeichen" "Mozilla/5.0 (Windows NT 10.0; Win64; x64) AppleWebKit/537.36 (KHTML, like Gecko) Chrome/95.0.4638.54 Safari/537.36"
93.83.167.130 - - [03/Nov/2021:13:21:40 +0100] "GET /reload?ser=1635942100014 HTTP/1.1" 200 28 "http://renault.activities.at/result?searchterm=true&search=spring" "Mozilla/5.0 (Windows NT 10.0; Win64; x64) AppleWebKit/537.36 (KHTML, like Gecko) Chrome/95.0.4638.54 Safari/537.36"
80.122.129.50 - - [03/Nov/2021:13:22:10 +0100] "GET /reload?ser=1635942130187 HTTP/1.1" 200 28 "http://renault.activities.at/success" "Mozilla/5.0 (Windows NT 10.0; Win64; x64) AppleWebKit/537.36 (KHTML, like Gecko) Chrome/95.0.4638.69 Safari/537.36"
193.194.132.28 - - [03/Nov/2021:13:22:39 +0100] "GET /reload?ser=1635942158718 HTTP/1.1" 200 28 "http://renault.2web.at/result?searchterm=true&search=kennzeichen" "Mozilla/5.0 (Windows NT 10.0; Win64; x64) AppleWebKit/537.36 (KHTML, like Gecko) Chrome/95.0.4638.54 Safari/537.36"
93.83.167.130 - - [03/Nov/2021:13:22:41 +0100] "GET /reload?ser=1635942161308 HTTP/1.1" 200 28 "http://renault.activities.at/result?searchterm=true&search=spring" "Mozilla/5.0 (Windows NT 10.0; Win64; x64) AppleWebKit/537.36 (KHTML, like Gecko) Chrome/95.0.4638.54 Safari/537.36"
80.122.129.50 - - [03/Nov/2021:13:23:11 +0100] "GET /reload?ser=1635942191180 HTTP/1.1" 200 28 "http://renault.activities.at/success" "Mozilla/5.0 (Windows NT 10.0; Win64; x64) AppleWebKit/537.36 (KHTML, like Gecko) Chrome/95.0.4638.69 Safari/537.36"
193.194.132.28 - - [03/Nov/2021:13:23:41 +0100] "GET /reload?ser=1635942220719 HTTP/1.1" 200 28 "http://renault.2web.at/result?searchterm=true&search=kennzeichen" "Mozilla/5.0 (Windows NT 10.0; Win64; x64) AppleWebKit/537.36 (KHTML, like Gecko) Chrome/95.0.4638.54 Safari/537.36"
93.83.167.130 - - [03/Nov/2021:13:23:42 +0100] "GET /reload?ser=1635942222303 HTTP/1.1" 200 28 "http://renault.activities.at/result?searchterm=true&search=spring" "Mozilla/5.0 (Windows NT 10.0; Win64; x64) AppleWebKit/537.36 (KHTML, like Gecko) Chrome/95.0.4638.54 Safari/537.36"
80.122.129.50 - - [03/Nov/2021:13:24:12 +0100] "GET /reload?ser=1635942252181 HTTP/1.1" 200 28 "http://renault.activities.at/success" "Mozilla/5.0 (Windows NT 10.0; Win64; x64) AppleWebKit/537.36 (KHTML, like Gecko) Chrome/95.0.4638.69 Safari/537.36"
138.21.148.249 - - [03/Nov/2021:13:24:25 +0100] "GET / HTTP/1.1" 200 3096 "-" "Mozilla/5.0 (Windows NT 10.0; Win64; x64) AppleWebKit/537.36 (KHTML, like Gecko) Chrome/95.0.4638.69 Safari/537.36"
138.21.148.249 - - [03/Nov/2021:13:24:26 +0100] "GET /loadthumbnail.php?id=11127982 HTTP/1.1" 200 399614 "http://renault.2web.at/" "Mozilla/5.0 (Windows NT 10.0; Win64; x64) AppleWebKit/537.36 (KHTML, like Gecko) Chrome/95.0.4638.69 Safari/537.36"
138.21.148.249 - - [03/Nov/2021:13:24:27 +0100] "GET /images/favicon.ico HTTP/1.1" 404 300 "http://renault.2web.at/" "Mozilla/5.0 (Windows NT 10.0; Win64; x64) AppleWebKit/537.36 (KHTML, like Gecko) Chrome/95.0.4638.69 Safari/537.36"
138.21.148.249 - - [03/Nov/2021:13:24:28 +0100] "GET /login HTTP/1.1" 200 2095 "http://renault.2web.at/" "Mozilla/5.0 (Windows NT 10.0; Win64; x64) AppleWebKit/537.36 (KHTML, like Gecko) Chrome/95.0.4638.69 Safari/537.36"
138.21.148.249 - - [03/Nov/2021:13:24:32 +0100] "POST /login HTTP/1.1" 302 137 "http://renault.2web.at/login" "Mozilla/5.0 (Windows NT 10.0; Win64; x64) AppleWebKit/537.36 (KHTML, like Gecko) Chrome/95.0.4638.69 Safari/537.36"
138.21.148.249 - - [03/Nov/2021:13:24:34 +0100] "GET /account HTTP/1.1" 200 9095 "http://renault.2web.at/login" "Mozilla/5.0 (Windows NT 10.0; Win64; x64) AppleWebKit/537.36 (KHTML, like Gecko) Chrome/95.0.4638.69 Safari/537.36"
138.21.148.249 - - [03/Nov/2021:13:24:39 +0100] "GET /loadthumbnail.php?id=10203651&width=50&height=50 HTTP/1.1" 200 1234 "http://renault.2web.at/account" "Mozilla/5.0 (Windows NT 10.0; Win64; x64) AppleWebKit/537.36 (KHTML, like Gecko) Chrome/95.0.4638.69 Safari/537.36"
138.21.148.249 - - [03/Nov/2021:13:24:39 +0100] "GET /loadthumbnail.php?id=11487914&width=50&height=50 HTTP/1.1" 200 971 "http://renault.2web.at/account" "Mozilla/5.0 (Windows NT 10.0; Win64; x64) AppleWebKit/537.36 (KHTML, like Gecko) Chrome/95.0.4638.69 Safari/537.36"
193.194.132.28 - - [03/Nov/2021:13:24:43 +0100] "GET /reload?ser=1635942282720 HTTP/1.1" 200 28 "http://renault.2web.at/result?searchterm=true&search=kennzeichen" "Mozilla/5.0 (Windows NT 10.0; Win64; x64) AppleWebKit/537.36 (KHTML, like Gecko) Chrome/95.0.4638.54 Safari/537.36"
93.83.167.130 - - [03/Nov/2021:13:24:43 +0100] "GET /reload?ser=1635942283289 HTTP/1.1" 200 28 "http://renault.activities.at/result?searchterm=true&search=spring" "Mozilla/5.0 (Windows NT 10.0; Win64; x64) AppleWebKit/537.36 (KHTML, like Gecko) Chrome/95.0.4638.54 Safari/537.36"
138.21.148.249 - - [03/Nov/2021:13:24:49 +0100] "GET /orders HTTP/1.1" 200 7947 "http://renault.2web.at/account" "Mozilla/5.0 (Windows NT 10.0; Win64; x64) AppleWebKit/537.36 (KHTML, like Gecko) Chrome/95.0.4638.69 Safari/537.36"
138.21.148.249 - - [03/Nov/2021:13:24:52 +0100] "GET /loadthumbnail.php?id=10203276 HTTP/1.1" 200 75 "http://renault.2web.at/orders" "Mozilla/5.0 (Windows NT 10.0; Win64; x64) AppleWebKit/537.36 (KHTML, like Gecko) Chrome/95.0.4638.69 Safari/537.36"
138.21.148.249 - - [03/Nov/2021:13:24:59 +0100] "GET /12476745 HTTP/1.1" 200 8487 "http://renault.2web.at/orders" "Mozilla/5.0 (Windows NT 10.0; Win64; x64) AppleWebKit/537.36 (KHTML, like Gecko) Chrome/95.0.4638.69 Safari/537.36"
138.21.148.249 - - [03/Nov/2021:13:25:02 +0100] "GET /images/icons/lupe.gif HTTP/1.1" 200 324 "http://renault.2web.at/12476745" "Mozilla/5.0 (Windows NT 10.0; Win64; x64) AppleWebKit/537.36 (KHTML, like Gecko) Chrome/95.0.4638.69 Safari/537.36"
80.122.129.50 - - [03/Nov/2021:13:25:14 +0100] "GET /reload?ser=1635942314189 HTTP/1.1" 200 28 "http://renault.activities.at/success" "Mozilla/5.0 (Windows NT 10.0; Win64; x64) AppleWebKit/537.36 (KHTML, like Gecko) Chrome/95.0.4638.69 Safari/537.36"
93.83.167.130 - - [03/Nov/2021:13:25:44 +0100] "GET /reload?ser=1635942344297 HTTP/1.1" 200 28 "http://renault.activities.at/result?searchterm=true&search=spring" "Mozilla/5.0 (Windows NT 10.0; Win64; x64) AppleWebKit/537.36 (KHTML, like Gecko) Chrome/95.0.4638.54 Safari/537.36"
193.194.132.28 - - [03/Nov/2021:13:25:45 +0100] "GET /reload?ser=1635942344719 HTTP/1.1" 200 28 "http://renault.2web.at/result?searchterm=true&search=kennzeichen" "Mozilla/5.0 (Windows NT 10.0; Win64; x64) AppleWebKit/537.36 (KHTML, like Gecko) Chrome/95.0.4638.54 Safari/537.36"
138.21.148.249 - - [03/Nov/2021:13:26:03 +0100] "GET /reload?ser=1635942362953 HTTP/1.1" 200 28 "http://renault.2web.at/12476745" "Mozilla/5.0 (Windows NT 10.0; Win64; x64) AppleWebKit/537.36 (KHTML, like Gecko) Chrome/95.0.4638.69 Safari/537.36"
80.122.129.50 - - [03/Nov/2021:13:26:16 +0100] "GET /reload?ser=1635942376183 HTTP/1.1" 200 28 "http://renault.activities.at/success" "Mozilla/5.0 (Windows NT 10.0; Win64; x64) AppleWebKit/537.36 (KHTML, like Gecko) Chrome/95.0.4638.69 Safari/537.36"
93.83.167.130 - - [03/Nov/2021:13:26:45 +0100] "GET /reload?ser=1635942405295 HTTP/1.1" 200 28 "http://renault.activities.at/result?searchterm=true&search=spring" "Mozilla/5.0 (Windows NT 10.0; Win64; x64) AppleWebKit/537.36 (KHTML, like Gecko) Chrome/95.0.4638.54 Safari/537.36"
193.194.132.28 - - [03/Nov/2021:13:26:47 +0100] "GET /reload?ser=1635942406719 HTTP/1.1" 200 28 "http://renault.2web.at/result?searchterm=true&search=kennzeichen" "Mozilla/5.0 (Windows NT 10.0; Win64; x64) AppleWebKit/537.36 (KHTML, like Gecko) Chrome/95.0.4638.54 Safari/537.36"
138.21.148.249 - - [03/Nov/2021:13:27:04 +0100] "GET /reload?ser=1635942423980 HTTP/1.1" 200 28 "http://renault.2web.at/12476745" "Mozilla/5.0 (Windows NT 10.0; Win64; x64) AppleWebKit/537.36 (KHTML, like Gecko) Chrome/95.0.4638.69 Safari/537.36"
80.122.129.50 - - [03/Nov/2021:13:27:17 +0100] "GET /reload?ser=1635942437196 HTTP/1.1" 200 28 "http://renault.activities.at/success" "Mozilla/5.0 (Windows NT 10.0; Win64; x64) AppleWebKit/537.36 (KHTML, like Gecko) Chrome/95.0.4638.69 Safari/537.36"
93.83.167.130 - - [03/Nov/2021:13:27:46 +0100] "GET /reload?ser=1635942466299 HTTP/1.1" 200 28 "http://renault.activities.at/result?searchterm=true&search=spring" "Mozilla/5.0 (Windows NT 10.0; Win64; x64) AppleWebKit/537.36 (KHTML, like Gecko) Chrome/95.0.4638.54 Safari/537.36"
193.194.132.28 - - [03/Nov/2021:13:27:49 +0100] "GET /reload?ser=1635942468719 HTTP/1.1" 200 28 "http://renault.2web.at/result?searchterm=true&search=kennzeichen" "Mozilla/5.0 (Windows NT 10.0; Win64; x64) AppleWebKit/537.36 (KHTML, like Gecko) Chrome/95.0.4638.54 Safari/537.36"
138.21.148.249 - - [03/Nov/2021:13:28:05 +0100] "GET /reload?ser=1635942485061 HTTP/1.1" 200 28 "http://renault.2web.at/12476745" "Mozilla/5.0 (Windows NT 10.0; Win64; x64) AppleWebKit/537.36 (KHTML, like Gecko) Chrome/95.0.4638.69 Safari/537.36"
80.122.129.50 - - [03/Nov/2021:13:28:18 +0100] "GET /reload?ser=1635942498191 HTTP/1.1" 200 28 "http://renault.activities.at/success" "Mozilla/5.0 (Windows NT 10.0; Win64; x64) AppleWebKit/537.36 (KHTML, like Gecko) Chrome/95.0.4638.69 Safari/537.36"
93.83.167.130 - - [03/Nov/2021:13:28:47 +0100] "GET /reload?ser=1635942527300 HTTP/1.1" 200 28 "http://renault.activities.at/result?searchterm=true&search=spring" "Mozilla/5.0 (Windows NT 10.0; Win64; x64) AppleWebKit/537.36 (KHTML, like Gecko) Chrome/95.0.4638.54 Safari/537.36"
193.194.132.28 - - [03/Nov/2021:13:28:51 +0100] "GET /reload?ser=1635942530721 HTTP/1.1" 200 28 "http://renault.2web.at/result?searchterm=true&search=kennzeichen" "Mozilla/5.0 (Windows NT 10.0; Win64; x64) AppleWebKit/537.36 (KHTML, like Gecko) Chrome/95.0.4638.54 Safari/537.36"
80.122.129.50 - - [03/Nov/2021:13:29:20 +0100] "GET /reload?ser=1635942560192 HTTP/1.1" 200 28 "http://renault.activities.at/success" "Mozilla/5.0 (Windows NT 10.0; Win64; x64) AppleWebKit/537.36 (KHTML, like Gecko) Chrome/95.0.4638.69 Safari/537.36"
93.83.167.130 - - [03/Nov/2021:13:29:48 +0100] "GET /reload?ser=1635942588295 HTTP/1.1" 200 28 "http://renault.activities.at/result?searchterm=true&search=spring" "Mozilla/5.0 (Windows NT 10.0; Win64; x64) AppleWebKit/537.36 (KHTML, like Gecko) Chrome/95.0.4638.54 Safari/537.36"
193.194.132.28 - - [03/Nov/2021:13:29:53 +0100] "GET /reload?ser=1635942592721 HTTP/1.1" 200 28 "http://renault.2web.at/result?searchterm=true&search=kennzeichen" "Mozilla/5.0 (Windows NT 10.0; Win64; x64) AppleWebKit/537.36 (KHTML, like Gecko) Chrome/95.0.4638.54 Safari/537.36"
80.122.129.50 - - [03/Nov/2021:13:30:21 +0100] "GET /reload?ser=1635942621196 HTTP/1.1" 200 28 "http://renault.activities.at/success" "Mozilla/5.0 (Windows NT 10.0; Win64; x64) AppleWebKit/537.36 (KHTML, like Gecko) Chrome/95.0.4638.69 Safari/537.36"
93.83.167.130 - - [03/Nov/2021:13:30:49 +0100] "GET /reload?ser=1635942649295 HTTP/1.1" 200 28 "http://renault.activities.at/result?searchterm=true&search=spring" "Mozilla/5.0 (Windows NT 10.0; Win64; x64) AppleWebKit/537.36 (KHTML, like Gecko) Chrome/95.0.4638.54 Safari/537.36"
193.194.132.28 - - [03/Nov/2021:13:30:55 +0100] "GET /reload?ser=1635942654720 HTTP/1.1" 200 28 "http://renault.2web.at/result?searchterm=true&search=kennzeichen" "Mozilla/5.0 (Windows NT 10.0; Win64; x64) AppleWebKit/537.36 (KHTML, like Gecko) Chrome/95.0.4638.54 Safari/537.36"
80.122.129.50 - - [03/Nov/2021:13:31:22 +0100] "GET /reload?ser=1635942682202 HTTP/1.1" 200 28 "http://renault.activities.at/success" "Mozilla/5.0 (Windows NT 10.0; Win64; x64) AppleWebKit/537.36 (KHTML, like Gecko) Chrome/95.0.4638.69 Safari/537.36"
54.244.24.164 - - [03/Nov/2021:13:31:39 +0100] "GET / HTTP/1.1" 200 12017 "-" "Mozilla/5.0 (Windows NT 6.1; Win64; x64) AppleWebKit/537.36 (KHTML, like Gecko) Chrome/72.0.3626.109 Safari/537.36"
93.83.167.130 - - [03/Nov/2021:13:31:50 +0100] "GET /reload?ser=1635942710299 HTTP/1.1" 200 28 "http://renault.activities.at/result?searchterm=true&search=spring" "Mozilla/5.0 (Windows NT 10.0; Win64; x64) AppleWebKit/537.36 (KHTML, like Gecko) Chrome/95.0.4638.54 Safari/537.36"
193.194.132.28 - - [03/Nov/2021:13:31:57 +0100] "GET /reload?ser=1635942716720 HTTP/1.1" 200 28 "http://renault.2web.at/result?searchterm=true&search=kennzeichen" "Mozilla/5.0 (Windows NT 10.0; Win64; x64) AppleWebKit/537.36 (KHTML, like Gecko) Chrome/95.0.4638.54 Safari/537.36"
80.122.129.50 - - [03/Nov/2021:13:32:24 +0100] "GET /reload?ser=1635942744196 HTTP/1.1" 200 28 "http://renault.activities.at/success" "Mozilla/5.0 (Windows NT 10.0; Win64; x64) AppleWebKit/537.36 (KHTML, like Gecko) Chrome/95.0.4638.69 Safari/537.36"
93.83.167.130 - - [03/Nov/2021:13:32:51 +0100] "GET /reload?ser=1635942771297 HTTP/1.1" 200 28 "http://renault.activities.at/result?searchterm=true&search=spring" "Mozilla/5.0 (Windows NT 10.0; Win64; x64) AppleWebKit/537.36 (KHTML, like Gecko) Chrome/95.0.4638.54 Safari/537.36"
193.194.132.28 - - [03/Nov/2021:13:32:59 +0100] "GET /reload?ser=1635942778721 HTTP/1.1" 200 28 "http://renault.2web.at/result?searchterm=true&search=kennzeichen" "Mozilla/5.0 (Windows NT 10.0; Win64; x64) AppleWebKit/537.36 (KHTML, like Gecko) Chrome/95.0.4638.54 Safari/537.36"
80.122.129.50 - - [03/Nov/2021:13:33:25 +0100] "GET /reload?ser=1635942805203 HTTP/1.1" 200 28 "http://renault.activities.at/success" "Mozilla/5.0 (Windows NT 10.0; Win64; x64) AppleWebKit/537.36 (KHTML, like Gecko) Chrome/95.0.4638.69 Safari/537.36"
93.83.167.130 - - [03/Nov/2021:13:33:52 +0100] "GET /reload?ser=1635942832295 HTTP/1.1" 200 28 "http://renault.activities.at/result?searchterm=true&search=spring" "Mozilla/5.0 (Windows NT 10.0; Win64; x64) AppleWebKit/537.36 (KHTML, like Gecko) Chrome/95.0.4638.54 Safari/537.36"
193.194.132.28 - - [03/Nov/2021:13:34:01 +0100] "GET /reload?ser=1635942840720 HTTP/1.1" 200 28 "http://renault.2web.at/result?searchterm=true&search=kennzeichen" "Mozilla/5.0 (Windows NT 10.0; Win64; x64) AppleWebKit/537.36 (KHTML, like Gecko) Chrome/95.0.4638.54 Safari/537.36"
80.122.129.50 - - [03/Nov/2021:13:34:26 +0100] "GET /reload?ser=1635942866192 HTTP/1.1" 200 28 "http://renault.activities.at/success" "Mozilla/5.0 (Windows NT 10.0; Win64; x64) AppleWebKit/537.36 (KHTML, like Gecko) Chrome/95.0.4638.69 Safari/537.36"
93.83.167.130 - - [03/Nov/2021:13:34:53 +0100] "GET /reload?ser=1635942893307 HTTP/1.1" 200 28 "http://renault.activities.at/result?searchterm=true&search=spring" "Mozilla/5.0 (Windows NT 10.0; Win64; x64) AppleWebKit/537.36 (KHTML, like Gecko) Chrome/95.0.4638.54 Safari/537.36"
193.194.132.28 - - [03/Nov/2021:13:35:03 +0100] "GET /reload?ser=1635942902725 HTTP/1.1" 200 28 "http://renault.2web.at/result?searchterm=true&search=kennzeichen" "Mozilla/5.0 (Windows NT 10.0; Win64; x64) AppleWebKit/537.36 (KHTML, like Gecko) Chrome/95.0.4638.54 Safari/537.36"
80.122.129.50 - - [03/Nov/2021:13:35:27 +0100] "GET /reload?ser=1635942927199 HTTP/1.1" 200 28 "http://renault.activities.at/success" "Mozilla/5.0 (Windows NT 10.0; Win64; x64) AppleWebKit/537.36 (KHTML, like Gecko) Chrome/95.0.4638.69 Safari/537.36"
93.83.167.130 - - [03/Nov/2021:13:35:54 +0100] "GET /reload?ser=1635942954306 HTTP/1.1" 200 28 "http://renault.activities.at/result?searchterm=true&search=spring" "Mozilla/5.0 (Windows NT 10.0; Win64; x64) AppleWebKit/537.36 (KHTML, like Gecko) Chrome/95.0.4638.54 Safari/537.36"
193.194.132.28 - - [03/Nov/2021:13:36:05 +0100] "GET /reload?ser=1635942964731 HTTP/1.1" 200 28 "http://renault.2web.at/result?searchterm=true&search=kennzeichen" "Mozilla/5.0 (Windows NT 10.0; Win64; x64) AppleWebKit/537.36 (KHTML, like Gecko) Chrome/95.0.4638.54 Safari/537.36"
80.122.129.50 - - [03/Nov/2021:13:36:28 +0100] "GET /reload?ser=1635942988197 HTTP/1.1" 200 28 "http://renault.activities.at/success" "Mozilla/5.0 (Windows NT 10.0; Win64; x64) AppleWebKit/537.36 (KHTML, like Gecko) Chrome/95.0.4638.69 Safari/537.36"
93.83.167.130 - - [03/Nov/2021:13:36:55 +0100] "GET /reload?ser=1635943015308 HTTP/1.1" 200 28 "http://renault.activities.at/result?searchterm=true&search=spring" "Mozilla/5.0 (Windows NT 10.0; Win64; x64) AppleWebKit/537.36 (KHTML, like Gecko) Chrome/95.0.4638.54 Safari/537.36"
193.194.132.28 - - [03/Nov/2021:13:37:07 +0100] "GET /reload?ser=1635943026736 HTTP/1.1" 200 28 "http://renault.2web.at/result?searchterm=true&search=kennzeichen" "Mozilla/5.0 (Windows NT 10.0; Win64; x64) AppleWebKit/537.36 (KHTML, like Gecko) Chrome/95.0.4638.54 Safari/537.36"
80.122.129.50 - - [03/Nov/2021:13:37:29 +0100] "GET /reload?ser=1635943049205 HTTP/1.1" 200 28 "http://renault.activities.at/success" "Mozilla/5.0 (Windows NT 10.0; Win64; x64) AppleWebKit/537.36 (KHTML, like Gecko) Chrome/95.0.4638.69 Safari/537.36"
93.83.167.130 - - [03/Nov/2021:13:37:56 +0100] "GET /reload?ser=1635943076307 HTTP/1.1" 200 28 "http://renault.activities.at/result?searchterm=true&search=spring" "Mozilla/5.0 (Windows NT 10.0; Win64; x64) AppleWebKit/537.36 (KHTML, like Gecko) Chrome/95.0.4638.54 Safari/537.36"
193.194.132.28 - - [03/Nov/2021:13:38:09 +0100] "GET /reload?ser=1635943088742 HTTP/1.1" 200 28 "http://renault.2web.at/result?searchterm=true&search=kennzeichen" "Mozilla/5.0 (Windows NT 10.0; Win64; x64) AppleWebKit/537.36 (KHTML, like Gecko) Chrome/95.0.4638.54 Safari/537.36"
80.122.129.50 - - [03/Nov/2021:13:38:31 +0100] "GET /reload?ser=1635943111206 HTTP/1.1" 200 28 "http://renault.activities.at/success" "Mozilla/5.0 (Windows NT 10.0; Win64; x64) AppleWebKit/537.36 (KHTML, like Gecko) Chrome/95.0.4638.69 Safari/537.36"
93.83.167.130 - - [03/Nov/2021:13:38:57 +0100] "GET /reload?ser=1635943137307 HTTP/1.1" 200 28 "http://renault.activities.at/result?searchterm=true&search=spring" "Mozilla/5.0 (Windows NT 10.0; Win64; x64) AppleWebKit/537.36 (KHTML, like Gecko) Chrome/95.0.4638.54 Safari/537.36"
