153.92.113.152 - - [04/Nov/2021:11:54:54 +0100] "GET /loadthumbnail.php?id=11146700&width=50&height=50 HTTP/1.1" 200 717 "http://renault.activities.at/account" "Mozilla/5.0 (Windows NT 6.1; Win64; x64) AppleWebKit/537.36 (KHTML, like Gecko) Chrome/95.0.4638.69 Safari/537.36"
88.117.240.214 - - [04/Nov/2021:11:54:56 +0100] "GET /reload?ser=1636023299937 HTTP/1.1" 200 28 "http://renault.activities.at/address" "Mozilla/5.0 (Windows NT 6.1; WOW64; Trident/7.0; rv:11.0) like Gecko"
153.92.113.152 - - [04/Nov/2021:11:55:05 +0100] "GET /account HTTP/1.1" 200 6002 "http://renault.activities.at/account" "Mozilla/5.0 (Windows NT 6.1; Win64; x64) AppleWebKit/537.36 (KHTML, like Gecko) Chrome/95.0.4638.69 Safari/537.36"
153.92.113.152 - - [04/Nov/2021:11:55:17 +0100] "GET /12473795 HTTP/1.1" 200 5897 "http://renault.activities.at/account" "Mozilla/5.0 (Windows NT 6.1; Win64; x64) AppleWebKit/537.36 (KHTML, like Gecko) Chrome/95.0.4638.69 Safari/537.36"
153.92.113.152 - - [04/Nov/2021:11:55:24 +0100] "GET /account HTTP/1.1" 200 6002 "http://renault.activities.at/account" "Mozilla/5.0 (Windows NT 6.1; Win64; x64) AppleWebKit/537.36 (KHTML, like Gecko) Chrome/95.0.4638.69 Safari/537.36"
91.133.70.9 - - [04/Nov/2021:11:55:34 +0100] "GET / HTTP/1.1" 200 5870 "-" "Mozilla/5.0 (Windows NT 10.0; Win64; x64) AppleWebKit/537.36 (KHTML, like Gecko) Chrome/81.0.4044.129 Safari/537.36"
153.92.113.152 - - [04/Nov/2021:11:55:39 +0100] "GET /action HTTP/1.1" 200 3915 "http://renault.activities.at/account" "Mozilla/5.0 (Windows NT 6.1; Win64; x64) AppleWebKit/537.36 (KHTML, like Gecko) Chrome/95.0.4638.69 Safari/537.36"
91.133.70.9 - - [04/Nov/2021:11:55:41 +0100] "GET /result?searchterm=true&search=sandero HTTP/1.1" 200 8012 "http://renault.activities.at/" "Mozilla/5.0 (Windows NT 10.0; Win64; x64) AppleWebKit/537.36 (KHTML, like Gecko) Chrome/81.0.4044.129 Safari/537.36"
91.133.70.9 - - [04/Nov/2021:11:55:45 +0100] "GET /loadthumbnail.php?id=12333874&width=113 HTTP/1.1" 200 1957 "http://renault.activities.at/result?searchterm=true&search=sandero" "Mozilla/5.0 (Windows NT 10.0; Win64; x64) AppleWebKit/537.36 (KHTML, like Gecko) Chrome/81.0.4044.129 Safari/537.36"
91.133.70.9 - - [04/Nov/2021:11:55:45 +0100] "GET /loadthumbnail.php?id=12333878&width=113 HTTP/1.1" 200 1913 "http://renault.activities.at/result?searchterm=true&search=sandero" "Mozilla/5.0 (Windows NT 10.0; Win64; x64) AppleWebKit/537.36 (KHTML, like Gecko) Chrome/81.0.4044.129 Safari/537.36"
91.133.70.9 - - [04/Nov/2021:11:55:45 +0100] "GET /loadthumbnail.php?id=12329380&width=113 HTTP/1.1" 200 6136 "http://renault.activities.at/result?searchterm=true&search=sandero" "Mozilla/5.0 (Windows NT 10.0; Win64; x64) AppleWebKit/537.36 (KHTML, like Gecko) Chrome/81.0.4044.129 Safari/537.36"
91.133.70.9 - - [04/Nov/2021:11:55:45 +0100] "GET /loadthumbnail.php?id=12385971&width=113 HTTP/1.1" 200 3358 "http://renault.activities.at/result?searchterm=true&search=sandero" "Mozilla/5.0 (Windows NT 10.0; Win64; x64) AppleWebKit/537.36 (KHTML, like Gecko) Chrome/81.0.4044.129 Safari/537.36"
91.133.70.9 - - [04/Nov/2021:11:55:45 +0100] "GET /loadthumbnail.php?id=12358272&width=113 HTTP/1.1" 200 2569 "http://renault.activities.at/result?searchterm=true&search=sandero" "Mozilla/5.0 (Windows NT 10.0; Win64; x64) AppleWebKit/537.36 (KHTML, like Gecko) Chrome/81.0.4044.129 Safari/537.36"
91.133.70.9 - - [04/Nov/2021:11:55:45 +0100] "GET /loadthumbnail.php?id=12358273&width=113 HTTP/1.1" 200 2569 "http://renault.activities.at/result?searchterm=true&search=sandero" "Mozilla/5.0 (Windows NT 10.0; Win64; x64) AppleWebKit/537.36 (KHTML, like Gecko) Chrome/81.0.4044.129 Safari/537.36"
91.133.70.9 - - [04/Nov/2021:11:55:45 +0100] "GET /loadthumbnail.php?id=12358955&width=113 HTTP/1.1" 200 2055 "http://renault.activities.at/result?searchterm=true&search=sandero" "Mozilla/5.0 (Windows NT 10.0; Win64; x64) AppleWebKit/537.36 (KHTML, like Gecko) Chrome/81.0.4044.129 Safari/537.36"
91.133.70.9 - - [04/Nov/2021:11:55:45 +0100] "GET /loadthumbnail.php?id=12358956&width=113 HTTP/1.1" 200 1658 "http://renault.activities.at/result?searchterm=true&search=sandero" "Mozilla/5.0 (Windows NT 10.0; Win64; x64) AppleWebKit/537.36 (KHTML, like Gecko) Chrome/81.0.4044.129 Safari/537.36"
91.133.70.9 - - [04/Nov/2021:11:55:45 +0100] "GET /loadthumbnail.php?id=10260863&width=113 HTTP/1.1" 200 1170 "http://renault.activities.at/result?searchterm=true&search=sandero" "Mozilla/5.0 (Windows NT 10.0; Win64; x64) AppleWebKit/537.36 (KHTML, like Gecko) Chrome/81.0.4044.129 Safari/537.36"
91.133.70.9 - - [04/Nov/2021:11:55:45 +0100] "GET /loadthumbnail.php?id=12463082&width=113 HTTP/1.1" 200 3039 "http://renault.activities.at/result?searchterm=true&search=sandero" "Mozilla/5.0 (Windows NT 10.0; Win64; x64) AppleWebKit/537.36 (KHTML, like Gecko) Chrome/81.0.4044.129 Safari/537.36"
91.133.70.9 - - [04/Nov/2021:11:55:45 +0100] "GET /loadthumbnail.php?id=12463078&width=113 HTTP/1.1" 200 5268 "http://renault.activities.at/result?searchterm=true&search=sandero" "Mozilla/5.0 (Windows NT 10.0; Win64; x64) AppleWebKit/537.36 (KHTML, like Gecko) Chrome/81.0.4044.129 Safari/537.36"
91.133.70.9 - - [04/Nov/2021:11:55:45 +0100] "GET /loadthumbnail.php?id=11715005&width=113 HTTP/1.1" 200 30128 "http://renault.activities.at/result?searchterm=true&search=sandero" "Mozilla/5.0 (Windows NT 10.0; Win64; x64) AppleWebKit/537.36 (KHTML, like Gecko) Chrome/81.0.4044.129 Safari/537.36"
91.133.70.9 - - [04/Nov/2021:11:55:42 +0100] "POST /axjaxrequest?mode=suggest HTTP/1.1" 200 112 "http://renault.activities.at/" "Mozilla/5.0 (Windows NT 10.0; Win64; x64) AppleWebKit/537.36 (KHTML, like Gecko) Chrome/81.0.4044.129 Safari/537.36"
80.122.53.106 - - [04/Nov/2021:11:55:45 +0100] "GET /reload?ser=1636023345264 HTTP/1.1" 200 28 "http://renault.activities.at/account" "Mozilla/5.0 (Windows NT 10.0; Win64; x64) AppleWebKit/537.36 (KHTML, like Gecko) Chrome/95.0.4638.69 Safari/537.36"
153.92.113.152 - - [04/Nov/2021:11:55:43 +0100] "GET /10201442 HTTP/1.1" 200 8672 "http://renault.activities.at/action" "Mozilla/5.0 (Windows NT 6.1; Win64; x64) AppleWebKit/537.36 (KHTML, like Gecko) Chrome/95.0.4638.69 Safari/537.36"
153.92.113.152 - - [04/Nov/2021:11:55:46 +0100] "GET /loadthumbnail.php?id=10203276 HTTP/1.1" 200 75 "http://renault.activities.at/10201442" "Mozilla/5.0 (Windows NT 6.1; Win64; x64) AppleWebKit/537.36 (KHTML, like Gecko) Chrome/95.0.4638.69 Safari/537.36"
153.92.113.152 - - [04/Nov/2021:11:55:46 +0100] "GET /loadthumbnail.php?id=10203255 HTTP/1.1" 200 137 "http://renault.activities.at/10201442" "Mozilla/5.0 (Windows NT 6.1; Win64; x64) AppleWebKit/537.36 (KHTML, like Gecko) Chrome/95.0.4638.69 Safari/537.36"
153.92.113.152 - - [04/Nov/2021:11:55:46 +0100] "GET /loadthumbnail.php?id=12329773&width=113 HTTP/1.1" 200 6402 "http://renault.activities.at/10201442" "Mozilla/5.0 (Windows NT 6.1; Win64; x64) AppleWebKit/537.36 (KHTML, like Gecko) Chrome/95.0.4638.69 Safari/537.36"
153.92.113.152 - - [04/Nov/2021:11:55:46 +0100] "GET /loadthumbnail.php?id=12329777&width=113 HTTP/1.1" 200 5924 "http://renault.activities.at/10201442" "Mozilla/5.0 (Windows NT 6.1; Win64; x64) AppleWebKit/537.36 (KHTML, like Gecko) Chrome/95.0.4638.69 Safari/537.36"
153.92.113.152 - - [04/Nov/2021:11:55:46 +0100] "GET /loadthumbnail.php?id=12329769&width=113 HTTP/1.1" 200 6281 "http://renault.activities.at/10201442" "Mozilla/5.0 (Windows NT 6.1; Win64; x64) AppleWebKit/537.36 (KHTML, like Gecko) Chrome/95.0.4638.69 Safari/537.36"
153.92.113.152 - - [04/Nov/2021:11:55:46 +0100] "GET /loadthumbnail.php?id=12428347&width=113 HTTP/1.1" 200 5778 "http://renault.activities.at/10201442" "Mozilla/5.0 (Windows NT 6.1; Win64; x64) AppleWebKit/537.36 (KHTML, like Gecko) Chrome/95.0.4638.69 Safari/537.36"
153.92.113.152 - - [04/Nov/2021:11:55:47 +0100] "GET /loadthumbnail.php?id=12329380&width=113 HTTP/1.1" 200 6136 "http://renault.activities.at/10201442" "Mozilla/5.0 (Windows NT 6.1; Win64; x64) AppleWebKit/537.36 (KHTML, like Gecko) Chrome/95.0.4638.69 Safari/537.36"
153.92.113.152 - - [04/Nov/2021:11:55:47 +0100] "GET /loadthumbnail.php?id=12428343&width=113 HTTP/1.1" 200 5906 "http://renault.activities.at/10201442" "Mozilla/5.0 (Windows NT 6.1; Win64; x64) AppleWebKit/537.36 (KHTML, like Gecko) Chrome/95.0.4638.69 Safari/537.36"
153.92.113.152 - - [04/Nov/2021:11:55:47 +0100] "GET /loadthumbnail.php?id=12428339&width=113 HTTP/1.1" 200 6161 "http://renault.activities.at/10201442" "Mozilla/5.0 (Windows NT 6.1; Win64; x64) AppleWebKit/537.36 (KHTML, like Gecko) Chrome/95.0.4638.69 Safari/537.36"
153.92.113.152 - - [04/Nov/2021:11:55:47 +0100] "GET /loadthumbnail.php?id=12329384&width=113 HTTP/1.1" 200 6523 "http://renault.activities.at/10201442" "Mozilla/5.0 (Windows NT 6.1; Win64; x64) AppleWebKit/537.36 (KHTML, like Gecko) Chrome/95.0.4638.69 Safari/537.36"
153.92.113.152 - - [04/Nov/2021:11:55:47 +0100] "GET /loadthumbnail.php?id=12329388&width=113 HTTP/1.1" 200 6391 "http://renault.activities.at/10201442" "Mozilla/5.0 (Windows NT 6.1; Win64; x64) AppleWebKit/537.36 (KHTML, like Gecko) Chrome/95.0.4638.69 Safari/537.36"
153.92.113.152 - - [04/Nov/2021:11:55:47 +0100] "GET /loadthumbnail.php?id=12329742&width=113 HTTP/1.1" 200 6011 "http://renault.activities.at/10201442" "Mozilla/5.0 (Windows NT 6.1; Win64; x64) AppleWebKit/537.36 (KHTML, like Gecko) Chrome/95.0.4638.69 Safari/537.36"
153.92.113.152 - - [04/Nov/2021:11:55:47 +0100] "GET /loadthumbnail.php?id=12428351&width=113 HTTP/1.1" 200 5484 "http://renault.activities.at/10201442" "Mozilla/5.0 (Windows NT 6.1; Win64; x64) AppleWebKit/537.36 (KHTML, like Gecko) Chrome/95.0.4638.69 Safari/537.36"
153.92.113.152 - - [04/Nov/2021:11:55:47 +0100] "GET /loadthumbnail.php?id=12329765&width=113 HTTP/1.1" 200 6417 "http://renault.activities.at/10201442" "Mozilla/5.0 (Windows NT 6.1; Win64; x64) AppleWebKit/537.36 (KHTML, like Gecko) Chrome/95.0.4638.69 Safari/537.36"
153.92.113.152 - - [04/Nov/2021:11:55:47 +0100] "GET /loadthumbnail.php?id=12329758&width=113 HTTP/1.1" 200 6291 "http://renault.activities.at/10201442" "Mozilla/5.0 (Windows NT 6.1; Win64; x64) AppleWebKit/537.36 (KHTML, like Gecko) Chrome/95.0.4638.69 Safari/537.36"
153.92.113.152 - - [04/Nov/2021:11:55:47 +0100] "GET /loadthumbnail.php?id=12428361&width=113 HTTP/1.1" 200 6467 "http://renault.activities.at/10201442" "Mozilla/5.0 (Windows NT 6.1; Win64; x64) AppleWebKit/537.36 (KHTML, like Gecko) Chrome/95.0.4638.69 Safari/537.36"
153.92.113.152 - - [04/Nov/2021:11:55:47 +0100] "GET /loadthumbnail.php?id=12428355&width=113 HTTP/1.1" 200 6350 "http://renault.activities.at/10201442" "Mozilla/5.0 (Windows NT 6.1; Win64; x64) AppleWebKit/537.36 (KHTML, like Gecko) Chrome/95.0.4638.69 Safari/537.36"
91.133.70.9 - - [04/Nov/2021:11:55:45 +0100] "GET /result?searchterm=true&search=sandero HTTP/1.1" 200 8012 "http://renault.activities.at/result?searchterm=true&search=sandero" "Mozilla/5.0 (Windows NT 10.0; Win64; x64) AppleWebKit/537.36 (KHTML, like Gecko) Chrome/81.0.4044.129 Safari/537.36"
153.92.113.152 - - [04/Nov/2021:11:55:52 +0100] "GET /logout HTTP/1.1" 302 140 "http://renault.activities.at/10201442" "Mozilla/5.0 (Windows NT 6.1; Win64; x64) AppleWebKit/537.36 (KHTML, like Gecko) Chrome/95.0.4638.69 Safari/537.36"
153.92.113.152 - - [04/Nov/2021:11:55:53 +0100] "GET /logout HTTP/1.1" 200 1583 "http://renault.activities.at/10201442" "Mozilla/5.0 (Windows NT 6.1; Win64; x64) AppleWebKit/537.36 (KHTML, like Gecko) Chrome/95.0.4638.69 Safari/537.36"
153.92.113.152 - - [04/Nov/2021:11:55:56 +0100] "GET /10201442 HTTP/1.1" 302 150 "http://renault.activities.at/action" "Mozilla/5.0 (Windows NT 6.1; Win64; x64) AppleWebKit/537.36 (KHTML, like Gecko) Chrome/95.0.4638.69 Safari/537.36"
153.92.113.152 - - [04/Nov/2021:11:55:56 +0100] "GET /action HTTP/1.1" 302 150 "http://renault.activities.at/account" "Mozilla/5.0 (Windows NT 6.1; Win64; x64) AppleWebKit/537.36 (KHTML, like Gecko) Chrome/95.0.4638.69 Safari/537.36"
153.92.113.152 - - [04/Nov/2021:11:55:56 +0100] "GET /account HTTP/1.1" 302 150 "http://renault.activities.at/account" "Mozilla/5.0 (Windows NT 6.1; Win64; x64) AppleWebKit/537.36 (KHTML, like Gecko) Chrome/95.0.4638.69 Safari/537.36"
88.117.240.214 - - [04/Nov/2021:11:55:57 +0100] "GET /reload?ser=1636023360909 HTTP/1.1" 200 28 "http://renault.activities.at/address" "Mozilla/5.0 (Windows NT 6.1; WOW64; Trident/7.0; rv:11.0) like Gecko"
80.122.53.106 - - [04/Nov/2021:11:56:47 +0100] "GET /reload?ser=1636023407254 HTTP/1.1" 200 28 "http://renault.activities.at/account" "Mozilla/5.0 (Windows NT 10.0; Win64; x64) AppleWebKit/537.36 (KHTML, like Gecko) Chrome/95.0.4638.69 Safari/537.36"
91.133.70.9 - - [04/Nov/2021:11:56:49 +0100] "GET /reload?ser=1636023408846 HTTP/1.1" 200 28 "http://renault.activities.at/result?searchterm=true&search=sandero" "Mozilla/5.0 (Windows NT 10.0; Win64; x64) AppleWebKit/537.36 (KHTML, like Gecko) Chrome/81.0.4044.129 Safari/537.36"
88.117.240.214 - - [04/Nov/2021:11:56:58 +0100] "GET /reload?ser=1636023421873 HTTP/1.1" 200 28 "http://renault.activities.at/address" "Mozilla/5.0 (Windows NT 6.1; WOW64; Trident/7.0; rv:11.0) like Gecko"
80.122.53.106 - - [04/Nov/2021:11:57:48 +0100] "GET /reload?ser=1636023468255 HTTP/1.1" 200 28 "http://renault.activities.at/account" "Mozilla/5.0 (Windows NT 10.0; Win64; x64) AppleWebKit/537.36 (KHTML, like Gecko) Chrome/95.0.4638.69 Safari/537.36"
88.117.240.214 - - [04/Nov/2021:11:57:59 +0100] "GET /reload?ser=1636023482839 HTTP/1.1" 200 28 "http://renault.activities.at/address" "Mozilla/5.0 (Windows NT 6.1; WOW64; Trident/7.0; rv:11.0) like Gecko"
157.55.39.53 - - [04/Nov/2021:11:58:13 +0100] "GET /10201442 HTTP/1.1" 302 150 "-" "Mozilla/5.0 (compatible; bingbot/2.0; +http://www.bing.com/bingbot.htm)"
157.55.39.53 - - [04/Nov/2021:11:58:15 +0100] "GET /login?required=true HTTP/1.1" 200 2085 "-" "Mozilla/5.0 (compatible; bingbot/2.0; +http://www.bing.com/bingbot.htm)"
157.55.39.18 - - [04/Nov/2021:11:58:31 +0100] "GET /css/themes/alphacube.css HTTP/1.1" 200 743 "-" "Mozilla/5.0 (compatible; bingbot/2.0; +http://www.bing.com/bingbot.htm)"
80.122.53.106 - - [04/Nov/2021:11:58:49 +0100] "GET /reload?ser=1636023529265 HTTP/1.1" 200 28 "http://renault.activities.at/account" "Mozilla/5.0 (Windows NT 10.0; Win64; x64) AppleWebKit/537.36 (KHTML, like Gecko) Chrome/95.0.4638.69 Safari/537.36"
88.117.240.214 - - [04/Nov/2021:11:59:00 +0100] "GET /reload?ser=1636023543804 HTTP/1.1" 200 28 "http://renault.activities.at/address" "Mozilla/5.0 (Windows NT 6.1; WOW64; Trident/7.0; rv:11.0) like Gecko"
80.122.53.106 - - [04/Nov/2021:11:59:50 +0100] "GET /reload?ser=1636023590255 HTTP/1.1" 200 28 "http://renault.activities.at/account" "Mozilla/5.0 (Windows NT 10.0; Win64; x64) AppleWebKit/537.36 (KHTML, like Gecko) Chrome/95.0.4638.69 Safari/537.36"
88.117.240.214 - - [04/Nov/2021:12:00:01 +0100] "GET /reload?ser=1636023604836 HTTP/1.1" 200 28 "http://renault.activities.at/address" "Mozilla/5.0 (Windows NT 6.1; WOW64; Trident/7.0; rv:11.0) like Gecko"
80.122.53.106 - - [04/Nov/2021:12:00:38 +0100] "GET /logout HTTP/1.1" 302 140 "http://renault.activities.at/account" "Mozilla/5.0 (Windows NT 10.0; Win64; x64) AppleWebKit/537.36 (KHTML, like Gecko) Chrome/95.0.4638.69 Safari/537.36"
80.122.53.106 - - [04/Nov/2021:12:00:39 +0100] "GET /logout HTTP/1.1" 200 1583 "http://renault.activities.at/account" "Mozilla/5.0 (Windows NT 10.0; Win64; x64) AppleWebKit/537.36 (KHTML, like Gecko) Chrome/95.0.4638.69 Safari/537.36"
80.122.53.106 - - [04/Nov/2021:12:00:45 +0100] "GET / HTTP/1.1" 200 3086 "http://renault.activities.at/logout" "Mozilla/5.0 (Windows NT 10.0; Win64; x64) AppleWebKit/537.36 (KHTML, like Gecko) Chrome/95.0.4638.69 Safari/537.36"
88.117.240.214 - - [04/Nov/2021:12:01:02 +0100] "GET /reload?ser=1636023665897 HTTP/1.1" 200 28 "http://renault.activities.at/address" "Mozilla/5.0 (Windows NT 6.1; WOW64; Trident/7.0; rv:11.0) like Gecko"
80.122.53.106 - - [04/Nov/2021:12:01:46 +0100] "GET /reload?ser=1636023706466 HTTP/1.1" 200 28 "http://renault.activities.at/" "Mozilla/5.0 (Windows NT 10.0; Win64; x64) AppleWebKit/537.36 (KHTML, like Gecko) Chrome/95.0.4638.69 Safari/537.36"
88.117.240.214 - - [04/Nov/2021:12:02:03 +0100] "GET /reload?ser=1636023726879 HTTP/1.1" 200 28 "http://renault.activities.at/address" "Mozilla/5.0 (Windows NT 6.1; WOW64; Trident/7.0; rv:11.0) like Gecko"
80.122.53.106 - - [04/Nov/2021:12:02:47 +0100] "GET /reload?ser=1636023767107 HTTP/1.1" 200 28 "http://renault.activities.at/" "Mozilla/5.0 (Windows NT 10.0; Win64; x64) AppleWebKit/537.36 (KHTML, like Gecko) Chrome/95.0.4638.69 Safari/537.36"
88.117.240.214 - - [04/Nov/2021:12:03:04 +0100] "GET /reload?ser=1636023787926 HTTP/1.1" 200 28 "http://renault.activities.at/address" "Mozilla/5.0 (Windows NT 6.1; WOW64; Trident/7.0; rv:11.0) like Gecko"
80.122.53.106 - - [04/Nov/2021:12:03:47 +0100] "GET /reload?ser=1636023827752 HTTP/1.1" 200 28 "http://renault.activities.at/" "Mozilla/5.0 (Windows NT 10.0; Win64; x64) AppleWebKit/537.36 (KHTML, like Gecko) Chrome/95.0.4638.69 Safari/537.36"
88.117.240.214 - - [04/Nov/2021:12:04:05 +0100] "GET /reload?ser=1636023848949 HTTP/1.1" 200 28 "http://renault.activities.at/address" "Mozilla/5.0 (Windows NT 6.1; WOW64; Trident/7.0; rv:11.0) like Gecko"
80.122.53.106 - - [04/Nov/2021:12:04:48 +0100] "GET /reload?ser=1636023888387 HTTP/1.1" 200 28 "http://renault.activities.at/" "Mozilla/5.0 (Windows NT 10.0; Win64; x64) AppleWebKit/537.36 (KHTML, like Gecko) Chrome/95.0.4638.69 Safari/537.36"
88.117.240.214 - - [04/Nov/2021:12:05:06 +0100] "GET /reload?ser=1636023909922 HTTP/1.1" 200 28 "http://renault.activities.at/address" "Mozilla/5.0 (Windows NT 6.1; WOW64; Trident/7.0; rv:11.0) like Gecko"
80.122.53.106 - - [04/Nov/2021:12:05:49 +0100] "GET /reload?ser=1636023949037 HTTP/1.1" 200 28 "http://renault.activities.at/" "Mozilla/5.0 (Windows NT 10.0; Win64; x64) AppleWebKit/537.36 (KHTML, like Gecko) Chrome/95.0.4638.69 Safari/537.36"
88.117.240.214 - - [04/Nov/2021:12:06:07 +0100] "GET /reload?ser=1636023970941 HTTP/1.1" 200 28 "http://renault.activities.at/address" "Mozilla/5.0 (Windows NT 6.1; WOW64; Trident/7.0; rv:11.0) like Gecko"
80.122.53.106 - - [04/Nov/2021:12:06:49 +0100] "GET /reload?ser=1636024009677 HTTP/1.1" 200 28 "http://renault.activities.at/" "Mozilla/5.0 (Windows NT 10.0; Win64; x64) AppleWebKit/537.36 (KHTML, like Gecko) Chrome/95.0.4638.69 Safari/537.36"
88.117.240.214 - - [04/Nov/2021:12:07:08 +0100] "GET /reload?ser=1636024031952 HTTP/1.1" 200 28 "http://renault.activities.at/address" "Mozilla/5.0 (Windows NT 6.1; WOW64; Trident/7.0; rv:11.0) like Gecko"
80.122.53.106 - - [04/Nov/2021:12:07:50 +0100] "GET /reload?ser=1636024070318 HTTP/1.1" 200 28 "http://renault.activities.at/" "Mozilla/5.0 (Windows NT 10.0; Win64; x64) AppleWebKit/537.36 (KHTML, like Gecko) Chrome/95.0.4638.69 Safari/537.36"
88.117.240.214 - - [04/Nov/2021:12:08:09 +0100] "GET /reload?ser=1636024092939 HTTP/1.1" 200 28 "http://renault.activities.at/address" "Mozilla/5.0 (Windows NT 6.1; WOW64; Trident/7.0; rv:11.0) like Gecko"
80.122.53.106 - - [04/Nov/2021:12:08:51 +0100] "GET /reload?ser=1636024130978 HTTP/1.1" 200 28 "http://renault.activities.at/" "Mozilla/5.0 (Windows NT 10.0; Win64; x64) AppleWebKit/537.36 (KHTML, like Gecko) Chrome/95.0.4638.69 Safari/537.36"
88.117.240.214 - - [04/Nov/2021:12:09:10 +0100] "GET /reload?ser=1636024153956 HTTP/1.1" 200 28 "http://renault.activities.at/address" "Mozilla/5.0 (Windows NT 6.1; WOW64; Trident/7.0; rv:11.0) like Gecko"
80.122.53.106 - - [04/Nov/2021:12:09:51 +0100] "GET /reload?ser=1636024191628 HTTP/1.1" 200 28 "http://renault.activities.at/" "Mozilla/5.0 (Windows NT 10.0; Win64; x64) AppleWebKit/537.36 (KHTML, like Gecko) Chrome/95.0.4638.69 Safari/537.36"
88.117.240.214 - - [04/Nov/2021:12:10:11 +0100] "GET /reload?ser=1636024214951 HTTP/1.1" 200 28 "http://renault.activities.at/address" "Mozilla/5.0 (Windows NT 6.1; WOW64; Trident/7.0; rv:11.0) like Gecko"
80.122.53.106 - - [04/Nov/2021:12:10:52 +0100] "GET /reload?ser=1636024252268 HTTP/1.1" 200 28 "http://renault.activities.at/" "Mozilla/5.0 (Windows NT 10.0; Win64; x64) AppleWebKit/537.36 (KHTML, like Gecko) Chrome/95.0.4638.69 Safari/537.36"
88.117.240.214 - - [04/Nov/2021:12:11:12 +0100] "GET /reload?ser=1636024275963 HTTP/1.1" 200 28 "http://renault.activities.at/address" "Mozilla/5.0 (Windows NT 6.1; WOW64; Trident/7.0; rv:11.0) like Gecko"
80.122.53.106 - - [04/Nov/2021:12:11:52 +0100] "GET /reload?ser=1636024312909 HTTP/1.1" 200 28 "http://renault.activities.at/" "Mozilla/5.0 (Windows NT 10.0; Win64; x64) AppleWebKit/537.36 (KHTML, like Gecko) Chrome/95.0.4638.69 Safari/537.36"
88.117.240.214 - - [04/Nov/2021:12:12:13 +0100] "GET /reload?ser=1636024336957 HTTP/1.1" 200 28 "http://renault.activities.at/address" "Mozilla/5.0 (Windows NT 6.1; WOW64; Trident/7.0; rv:11.0) like Gecko"
80.120.5.131 - - [04/Nov/2021:12:12:31 +0100] "GET / HTTP/1.1" 200 3086 "-" "Mozilla/5.0 (Macintosh; Intel Mac OS X 10_15_7) AppleWebKit/605.1.15 (KHTML, like Gecko) Version/14.1.2 Safari/605.1.15"
80.120.5.131 - - [04/Nov/2021:12:12:32 +0100] "GET /js/default.js HTTP/1.1" 200 14698 "http://renault.activities.at/" "Mozilla/5.0 (Macintosh; Intel Mac OS X 10_15_7) AppleWebKit/605.1.15 (KHTML, like Gecko) Version/14.1.2 Safari/605.1.15"
80.120.5.131 - - [04/Nov/2021:12:12:32 +0100] "GET /js/flashdetection.js HTTP/1.1" 200 1059 "http://renault.activities.at/" "Mozilla/5.0 (Macintosh; Intel Mac OS X 10_15_7) AppleWebKit/605.1.15 (KHTML, like Gecko) Version/14.1.2 Safari/605.1.15"
80.120.5.131 - - [04/Nov/2021:12:12:32 +0100] "GET /css/reset.css HTTP/1.1" 200 1356 "http://renault.activities.at/" "Mozilla/5.0 (Macintosh; Intel Mac OS X 10_15_7) AppleWebKit/605.1.15 (KHTML, like Gecko) Version/14.1.2 Safari/605.1.15"
80.120.5.131 - - [04/Nov/2021:12:12:32 +0100] "GET /css/clears.css HTTP/1.1" 200 851 "http://renault.activities.at/" "Mozilla/5.0 (Macintosh; Intel Mac OS X 10_15_7) AppleWebKit/605.1.15 (KHTML, like Gecko) Version/14.1.2 Safari/605.1.15"
80.120.5.131 - - [04/Nov/2021:12:12:32 +0100] "GET /css/styles.css HTTP/1.1" 200 14664 "http://renault.activities.at/" "Mozilla/5.0 (Macintosh; Intel Mac OS X 10_15_7) AppleWebKit/605.1.15 (KHTML, like Gecko) Version/14.1.2 Safari/605.1.15"
80.120.5.131 - - [04/Nov/2021:12:12:32 +0100] "GET /js/checkout.css HTTP/1.1" 200 359 "http://renault.activities.at/" "Mozilla/5.0 (Macintosh; Intel Mac OS X 10_15_7) AppleWebKit/605.1.15 (KHTML, like Gecko) Version/14.1.2 Safari/605.1.15"
80.120.5.131 - - [04/Nov/2021:12:12:32 +0100] "GET /css/prototip.css HTTP/1.1" 200 968 "http://renault.activities.at/" "Mozilla/5.0 (Macintosh; Intel Mac OS X 10_15_7) AppleWebKit/605.1.15 (KHTML, like Gecko) Version/14.1.2 Safari/605.1.15"
80.120.5.131 - - [04/Nov/2021:12:12:32 +0100] "GET /css/themes/default.css HTTP/1.1" 200 769 "http://renault.activities.at/" "Mozilla/5.0 (Macintosh; Intel Mac OS X 10_15_7) AppleWebKit/605.1.15 (KHTML, like Gecko) Version/14.1.2 Safari/605.1.15"
80.120.5.131 - - [04/Nov/2021:12:12:32 +0100] "GET /css/themes/alphacube.css HTTP/1.1" 200 743 "http://renault.activities.at/" "Mozilla/5.0 (Macintosh; Intel Mac OS X 10_15_7) AppleWebKit/605.1.15 (KHTML, like Gecko) Version/14.1.2 Safari/605.1.15"
80.120.5.131 - - [04/Nov/2021:12:12:32 +0100] "GET /js/index.php?c=auto&f=,prototype/prototype.js,prototype/validation.js,scriptaculous/builder.js,scriptaculous/effects.js,scriptaculous/dragdrop.js,scriptaculous/controls.js,scriptaculous/slider.js,varien/js.js,varien/form.js,varien/menu.js,mage/translate.js,mage/cookies.js,varien/product.js,spinner/SpinnerControl.jsmin.js,prototype/window.js,prototype/window_ext.js HTTP/1.1" 200 94182 "http://renault.activities.at/" "Mozilla/5.0 (Macintosh; Intel Mac OS X 10_15_7) AppleWebKit/605.1.15 (KHTML, like Gecko) Version/14.1.2 Safari/605.1.15"
80.120.5.131 - - [04/Nov/2021:12:12:33 +0100] "GET /css/print.css HTTP/1.1" 200 543 "http://renault.activities.at/" "Mozilla/5.0 (Macintosh; Intel Mac OS X 10_15_7) AppleWebKit/605.1.15 (KHTML, like Gecko) Version/14.1.2 Safari/605.1.15"
80.120.5.131 - - [04/Nov/2021:12:12:33 +0100] "GET /images/main_block_border.gif HTTP/1.1" 200 43 "http://renault.activities.at/" "Mozilla/5.0 (Macintosh; Intel Mac OS X 10_15_7) AppleWebKit/605.1.15 (KHTML, like Gecko) Version/14.1.2 Safari/605.1.15"
80.120.5.131 - - [04/Nov/2021:12:12:33 +0100] "GET /images/main_block_corner_left_bot.gif HTTP/1.1" 200 159 "http://renault.activities.at/" "Mozilla/5.0 (Macintosh; Intel Mac OS X 10_15_7) AppleWebKit/605.1.15 (KHTML, like Gecko) Version/14.1.2 Safari/605.1.15"
80.120.5.131 - - [04/Nov/2021:12:12:33 +0100] "GET /images/main_block_corner_right_bot.gif HTTP/1.1" 200 158 "http://renault.activities.at/" "Mozilla/5.0 (Macintosh; Intel Mac OS X 10_15_7) AppleWebKit/605.1.15 (KHTML, like Gecko) Version/14.1.2 Safari/605.1.15"
80.120.5.131 - - [04/Nov/2021:12:12:33 +0100] "GET /images/header_block_border.gif HTTP/1.1" 200 43 "http://renault.activities.at/" "Mozilla/5.0 (Macintosh; Intel Mac OS X 10_15_7) AppleWebKit/605.1.15 (KHTML, like Gecko) Version/14.1.2 Safari/605.1.15"
80.120.5.131 - - [04/Nov/2021:12:12:33 +0100] "GET /images/header_block_corner_left_top.gif HTTP/1.1" 200 160 "http://renault.activities.at/" "Mozilla/5.0 (Macintosh; Intel Mac OS X 10_15_7) AppleWebKit/605.1.15 (KHTML, like Gecko) Version/14.1.2 Safari/605.1.15"
80.120.5.131 - - [04/Nov/2021:12:12:33 +0100] "GET /images/header_block_corner_right_top.gif HTTP/1.1" 200 160 "http://renault.activities.at/" "Mozilla/5.0 (Macintosh; Intel Mac OS X 10_15_7) AppleWebKit/605.1.15 (KHTML, like Gecko) Version/14.1.2 Safari/605.1.15"
80.120.5.131 - - [04/Nov/2021:12:12:33 +0100] "GET /images/main_block_corner_left_top.gif HTTP/1.1" 200 159 "http://renault.activities.at/" "Mozilla/5.0 (Macintosh; Intel Mac OS X 10_15_7) AppleWebKit/605.1.15 (KHTML, like Gecko) Version/14.1.2 Safari/605.1.15"
80.120.5.131 - - [04/Nov/2021:12:12:33 +0100] "GET /images/main_block_corner_right_top.gif HTTP/1.1" 200 159 "http://renault.activities.at/" "Mozilla/5.0 (Macintosh; Intel Mac OS X 10_15_7) AppleWebKit/605.1.15 (KHTML, like Gecko) Version/14.1.2 Safari/605.1.15"
80.120.5.131 - - [04/Nov/2021:12:12:33 +0100] "GET /images/title_border.jpg HTTP/1.1" 200 304 "http://renault.activities.at/" "Mozilla/5.0 (Macintosh; Intel Mac OS X 10_15_7) AppleWebKit/605.1.15 (KHTML, like Gecko) Version/14.1.2 Safari/605.1.15"
80.120.5.131 - - [04/Nov/2021:12:12:33 +0100] "GET /images/title_border_top.jpg HTTP/1.1" 200 336 "http://renault.activities.at/" "Mozilla/5.0 (Macintosh; Intel Mac OS X 10_15_7) AppleWebKit/605.1.15 (KHTML, like Gecko) Version/14.1.2 Safari/605.1.15"
80.120.5.131 - - [04/Nov/2021:12:12:33 +0100] "GET /images/title_corner_left_top.jpg HTTP/1.1" 200 372 "http://renault.activities.at/" "Mozilla/5.0 (Macintosh; Intel Mac OS X 10_15_7) AppleWebKit/605.1.15 (KHTML, like Gecko) Version/14.1.2 Safari/605.1.15"
80.120.5.131 - - [04/Nov/2021:12:12:33 +0100] "GET /images/title_corner_right_top.jpg HTTP/1.1" 200 389 "http://renault.activities.at/" "Mozilla/5.0 (Macintosh; Intel Mac OS X 10_15_7) AppleWebKit/605.1.15 (KHTML, like Gecko) Version/14.1.2 Safari/605.1.15"
80.120.5.131 - - [04/Nov/2021:12:12:33 +0100] "GET /loadthumbnail.php?id=11127982 HTTP/1.1" 200 399614 "http://renault.activities.at/" "Mozilla/5.0 (Macintosh; Intel Mac OS X 10_15_7) AppleWebKit/605.1.15 (KHTML, like Gecko) Version/14.1.2 Safari/605.1.15"
80.122.53.106 - - [04/Nov/2021:12:12:53 +0100] "GET /reload?ser=1636024373549 HTTP/1.1" 200 28 "http://renault.activities.at/" "Mozilla/5.0 (Windows NT 10.0; Win64; x64) AppleWebKit/537.36 (KHTML, like Gecko) Chrome/95.0.4638.69 Safari/537.36"
88.117.240.214 - - [04/Nov/2021:12:13:14 +0100] "GET /reload?ser=1636024397906 HTTP/1.1" 200 28 "http://renault.activities.at/address" "Mozilla/5.0 (Windows NT 6.1; WOW64; Trident/7.0; rv:11.0) like Gecko"
80.122.53.106 - - [04/Nov/2021:12:13:54 +0100] "GET /reload?ser=1636024434199 HTTP/1.1" 200 28 "http://renault.activities.at/" "Mozilla/5.0 (Windows NT 10.0; Win64; x64) AppleWebKit/537.36 (KHTML, like Gecko) Chrome/95.0.4638.69 Safari/537.36"
88.117.240.214 - - [04/Nov/2021:12:14:15 +0100] "GET /reload?ser=1636024458857 HTTP/1.1" 200 28 "http://renault.activities.at/address" "Mozilla/5.0 (Windows NT 6.1; WOW64; Trident/7.0; rv:11.0) like Gecko"
80.122.53.106 - - [04/Nov/2021:12:14:54 +0100] "GET /reload?ser=1636024494849 HTTP/1.1" 200 28 "http://renault.activities.at/" "Mozilla/5.0 (Windows NT 10.0; Win64; x64) AppleWebKit/537.36 (KHTML, like Gecko) Chrome/95.0.4638.69 Safari/537.36"
88.117.240.214 - - [04/Nov/2021:12:15:16 +0100] "GET /reload?ser=1636024519874 HTTP/1.1" 200 28 "http://renault.activities.at/address" "Mozilla/5.0 (Windows NT 6.1; WOW64; Trident/7.0; rv:11.0) like Gecko"
80.122.53.106 - - [04/Nov/2021:12:15:55 +0100] "GET /reload?ser=1636024555499 HTTP/1.1" 200 28 "http://renault.activities.at/" "Mozilla/5.0 (Windows NT 10.0; Win64; x64) AppleWebKit/537.36 (KHTML, like Gecko) Chrome/95.0.4638.69 Safari/537.36"
88.117.240.214 - - [04/Nov/2021:12:16:17 +0100] "GET /reload?ser=1636024580869 HTTP/1.1" 200 28 "http://renault.activities.at/address" "Mozilla/5.0 (Windows NT 6.1; WOW64; Trident/7.0; rv:11.0) like Gecko"
80.122.53.106 - - [04/Nov/2021:12:16:56 +0100] "GET /reload?ser=1636024616159 HTTP/1.1" 200 28 "http://renault.activities.at/" "Mozilla/5.0 (Windows NT 10.0; Win64; x64) AppleWebKit/537.36 (KHTML, like Gecko) Chrome/95.0.4638.69 Safari/537.36"
88.117.240.214 - - [04/Nov/2021:12:17:18 +0100] "GET /reload?ser=1636024641888 HTTP/1.1" 200 28 "http://renault.activities.at/address" "Mozilla/5.0 (Windows NT 6.1; WOW64; Trident/7.0; rv:11.0) like Gecko"
80.122.53.106 - - [04/Nov/2021:12:17:56 +0100] "GET /reload?ser=1636024676809 HTTP/1.1" 200 28 "http://renault.activities.at/" "Mozilla/5.0 (Windows NT 10.0; Win64; x64) AppleWebKit/537.36 (KHTML, like Gecko) Chrome/95.0.4638.69 Safari/537.36"
88.117.240.214 - - [04/Nov/2021:12:18:19 +0100] "GET /reload?ser=1636024702950 HTTP/1.1" 200 28 "http://renault.activities.at/address" "Mozilla/5.0 (Windows NT 6.1; WOW64; Trident/7.0; rv:11.0) like Gecko"
80.122.53.106 - - [04/Nov/2021:12:18:57 +0100] "GET /reload?ser=1636024737449 HTTP/1.1" 200 28 "http://renault.activities.at/" "Mozilla/5.0 (Windows NT 10.0; Win64; x64) AppleWebKit/537.36 (KHTML, like Gecko) Chrome/95.0.4638.69 Safari/537.36"
88.117.240.214 - - [04/Nov/2021:12:19:20 +0100] "GET /reload?ser=1636024763931 HTTP/1.1" 200 28 "http://renault.activities.at/address" "Mozilla/5.0 (Windows NT 6.1; WOW64; Trident/7.0; rv:11.0) like Gecko"
80.122.53.106 - - [04/Nov/2021:12:19:58 +0100] "GET /reload?ser=1636024798089 HTTP/1.1" 200 28 "http://renault.activities.at/" "Mozilla/5.0 (Windows NT 10.0; Win64; x64) AppleWebKit/537.36 (KHTML, like Gecko) Chrome/95.0.4638.69 Safari/537.36"
88.117.240.214 - - [04/Nov/2021:12:20:21 +0100] "GET /reload?ser=1636024824948 HTTP/1.1" 200 28 "http://renault.activities.at/address" "Mozilla/5.0 (Windows NT 6.1; WOW64; Trident/7.0; rv:11.0) like Gecko"
80.122.53.106 - - [04/Nov/2021:12:20:58 +0100] "GET /reload?ser=1636024858739 HTTP/1.1" 200 28 "http://renault.activities.at/" "Mozilla/5.0 (Windows NT 10.0; Win64; x64) AppleWebKit/537.36 (KHTML, like Gecko) Chrome/95.0.4638.69 Safari/537.36"
88.117.240.214 - - [04/Nov/2021:12:21:22 +0100] "GET /reload?ser=1636024885968 HTTP/1.1" 200 28 "http://renault.activities.at/address" "Mozilla/5.0 (Windows NT 6.1; WOW64; Trident/7.0; rv:11.0) like Gecko"
80.122.53.106 - - [04/Nov/2021:12:21:59 +0100] "GET /reload?ser=1636024919389 HTTP/1.1" 200 28 "http://renault.activities.at/" "Mozilla/5.0 (Windows NT 10.0; Win64; x64) AppleWebKit/537.36 (KHTML, like Gecko) Chrome/95.0.4638.69 Safari/537.36"
88.117.240.214 - - [04/Nov/2021:12:22:23 +0100] "GET /reload?ser=1636024946988 HTTP/1.1" 200 28 "http://renault.activities.at/address" "Mozilla/5.0 (Windows NT 6.1; WOW64; Trident/7.0; rv:11.0) like Gecko"
80.122.53.106 - - [04/Nov/2021:12:23:00 +0100] "GET /reload?ser=1636024980049 HTTP/1.1" 200 28 "http://renault.activities.at/" "Mozilla/5.0 (Windows NT 10.0; Win64; x64) AppleWebKit/537.36 (KHTML, like Gecko) Chrome/95.0.4638.69 Safari/537.36"
88.117.240.214 - - [04/Nov/2021:12:23:24 +0100] "GET /reload?ser=1636025008001 HTTP/1.1" 200 28 "http://renault.activities.at/address" "Mozilla/5.0 (Windows NT 6.1; WOW64; Trident/7.0; rv:11.0) like Gecko"
80.122.53.106 - - [04/Nov/2021:12:24:00 +0100] "GET /reload?ser=1636025040690 HTTP/1.1" 200 28 "http://renault.activities.at/" "Mozilla/5.0 (Windows NT 10.0; Win64; x64) AppleWebKit/537.36 (KHTML, like Gecko) Chrome/95.0.4638.69 Safari/537.36"
88.117.240.214 - - [04/Nov/2021:12:24:25 +0100] "GET /reload?ser=1636025068977 HTTP/1.1" 200 28 "http://renault.activities.at/address" "Mozilla/5.0 (Windows NT 6.1; WOW64; Trident/7.0; rv:11.0) like Gecko"
80.122.53.106 - - [04/Nov/2021:12:25:01 +0100] "GET /reload?ser=1636025101340 HTTP/1.1" 200 28 "http://renault.activities.at/" "Mozilla/5.0 (Windows NT 10.0; Win64; x64) AppleWebKit/537.36 (KHTML, like Gecko) Chrome/95.0.4638.69 Safari/537.36"
88.117.240.214 - - [04/Nov/2021:12:25:26 +0100] "GET /reload?ser=1636025130019 HTTP/1.1" 200 28 "http://renault.activities.at/address" "Mozilla/5.0 (Windows NT 6.1; WOW64; Trident/7.0; rv:11.0) like Gecko"
80.122.53.106 - - [04/Nov/2021:12:26:02 +0100] "GET /reload?ser=1636025161990 HTTP/1.1" 200 28 "http://renault.activities.at/" "Mozilla/5.0 (Windows NT 10.0; Win64; x64) AppleWebKit/537.36 (KHTML, like Gecko) Chrome/95.0.4638.69 Safari/537.36"
88.117.240.214 - - [04/Nov/2021:12:26:27 +0100] "GET /reload?ser=1636025191024 HTTP/1.1" 200 28 "http://renault.activities.at/address" "Mozilla/5.0 (Windows NT 6.1; WOW64; Trident/7.0; rv:11.0) like Gecko"
80.122.53.106 - - [04/Nov/2021:12:27:02 +0100] "GET /reload?ser=1636025222650 HTTP/1.1" 200 28 "http://renault.activities.at/" "Mozilla/5.0 (Windows NT 10.0; Win64; x64) AppleWebKit/537.36 (KHTML, like Gecko) Chrome/95.0.4638.69 Safari/537.36"
88.117.240.214 - - [04/Nov/2021:12:27:28 +0100] "GET /reload?ser=1636025252048 HTTP/1.1" 200 28 "http://renault.activities.at/address" "Mozilla/5.0 (Windows NT 6.1; WOW64; Trident/7.0; rv:11.0) like Gecko"
80.122.53.106 - - [04/Nov/2021:12:28:03 +0100] "GET /reload?ser=1636025283299 HTTP/1.1" 200 28 "http://renault.activities.at/" "Mozilla/5.0 (Windows NT 10.0; Win64; x64) AppleWebKit/537.36 (KHTML, like Gecko) Chrome/95.0.4638.69 Safari/537.36"
88.117.240.214 - - [04/Nov/2021:12:28:29 +0100] "GET /reload?ser=1636025313022 HTTP/1.1" 200 28 "http://renault.activities.at/address" "Mozilla/5.0 (Windows NT 6.1; WOW64; Trident/7.0; rv:11.0) like Gecko"
80.122.53.106 - - [04/Nov/2021:12:29:04 +0100] "GET /reload?ser=1636025343950 HTTP/1.1" 200 28 "http://renault.activities.at/" "Mozilla/5.0 (Windows NT 10.0; Win64; x64) AppleWebKit/537.36 (KHTML, like Gecko) Chrome/95.0.4638.69 Safari/537.36"
88.117.240.214 - - [04/Nov/2021:12:29:30 +0100] "GET /reload?ser=1636025373999 HTTP/1.1" 200 28 "http://renault.activities.at/address" "Mozilla/5.0 (Windows NT 6.1; WOW64; Trident/7.0; rv:11.0) like Gecko"
80.122.53.106 - - [04/Nov/2021:12:30:04 +0100] "GET /reload?ser=1636025404600 HTTP/1.1" 200 28 "http://renault.activities.at/" "Mozilla/5.0 (Windows NT 10.0; Win64; x64) AppleWebKit/537.36 (KHTML, like Gecko) Chrome/95.0.4638.69 Safari/537.36"
88.117.240.214 - - [04/Nov/2021:12:30:31 +0100] "GET /reload?ser=1636025434984 HTTP/1.1" 200 28 "http://renault.activities.at/address" "Mozilla/5.0 (Windows NT 6.1; WOW64; Trident/7.0; rv:11.0) like Gecko"
80.122.53.106 - - [04/Nov/2021:12:31:05 +0100] "GET /reload?ser=1636025465240 HTTP/1.1" 200 28 "http://renault.activities.at/" "Mozilla/5.0 (Windows NT 10.0; Win64; x64) AppleWebKit/537.36 (KHTML, like Gecko) Chrome/95.0.4638.69 Safari/537.36"
88.117.240.214 - - [04/Nov/2021:12:31:32 +0100] "GET /reload?ser=1636025495965 HTTP/1.1" 200 28 "http://renault.activities.at/address" "Mozilla/5.0 (Windows NT 6.1; WOW64; Trident/7.0; rv:11.0) like Gecko"
80.122.53.106 - - [04/Nov/2021:12:32:05 +0100] "GET /reload?ser=1636025525890 HTTP/1.1" 200 28 "http://renault.activities.at/" "Mozilla/5.0 (Windows NT 10.0; Win64; x64) AppleWebKit/537.36 (KHTML, like Gecko) Chrome/95.0.4638.69 Safari/537.36"
88.117.240.214 - - [04/Nov/2021:12:32:33 +0100] "GET /reload?ser=1636025556939 HTTP/1.1" 200 28 "http://renault.activities.at/address" "Mozilla/5.0 (Windows NT 6.1; WOW64; Trident/7.0; rv:11.0) like Gecko"
80.122.53.106 - - [04/Nov/2021:12:33:06 +0100] "GET /reload?ser=1636025586540 HTTP/1.1" 200 28 "http://renault.activities.at/" "Mozilla/5.0 (Windows NT 10.0; Win64; x64) AppleWebKit/537.36 (KHTML, like Gecko) Chrome/95.0.4638.69 Safari/537.36"
88.117.240.214 - - [04/Nov/2021:12:33:34 +0100] "GET /reload?ser=1636025617924 HTTP/1.1" 200 28 "http://renault.activities.at/address" "Mozilla/5.0 (Windows NT 6.1; WOW64; Trident/7.0; rv:11.0) like Gecko"
80.122.53.106 - - [04/Nov/2021:12:34:07 +0100] "GET /reload?ser=1636025647179 HTTP/1.1" 200 28 "http://renault.activities.at/" "Mozilla/5.0 (Windows NT 10.0; Win64; x64) AppleWebKit/537.36 (KHTML, like Gecko) Chrome/95.0.4638.69 Safari/537.36"
88.117.240.214 - - [04/Nov/2021:12:34:35 +0100] "GET /reload?ser=1636025678881 HTTP/1.1" 200 28 "http://renault.activities.at/address" "Mozilla/5.0 (Windows NT 6.1; WOW64; Trident/7.0; rv:11.0) like Gecko"
80.122.53.106 - - [04/Nov/2021:12:35:07 +0100] "GET /reload?ser=1636025707830 HTTP/1.1" 200 28 "http://renault.activities.at/" "Mozilla/5.0 (Windows NT 10.0; Win64; x64) AppleWebKit/537.36 (KHTML, like Gecko) Chrome/95.0.4638.69 Safari/537.36"
88.117.240.214 - - [04/Nov/2021:12:35:36 +0100] "GET /reload?ser=1636025739859 HTTP/1.1" 200 28 "http://renault.activities.at/address" "Mozilla/5.0 (Windows NT 6.1; WOW64; Trident/7.0; rv:11.0) like Gecko"
80.122.53.106 - - [04/Nov/2021:12:36:08 +0100] "GET /reload?ser=1636025768480 HTTP/1.1" 200 28 "http://renault.activities.at/" "Mozilla/5.0 (Windows NT 10.0; Win64; x64) AppleWebKit/537.36 (KHTML, like Gecko) Chrome/95.0.4638.69 Safari/537.36"
88.117.240.214 - - [04/Nov/2021:12:36:37 +0100] "GET /reload?ser=1636025800820 HTTP/1.1" 200 28 "http://renault.activities.at/address" "Mozilla/5.0 (Windows NT 6.1; WOW64; Trident/7.0; rv:11.0) like Gecko"
80.122.53.106 - - [04/Nov/2021:12:37:09 +0100] "GET /reload?ser=1636025829119 HTTP/1.1" 200 28 "http://renault.activities.at/" "Mozilla/5.0 (Windows NT 10.0; Win64; x64) AppleWebKit/537.36 (KHTML, like Gecko) Chrome/95.0.4638.69 Safari/537.36"
88.117.240.214 - - [04/Nov/2021:12:37:38 +0100] "GET /reload?ser=1636025861807 HTTP/1.1" 200 28 "http://renault.activities.at/address" "Mozilla/5.0 (Windows NT 6.1; WOW64; Trident/7.0; rv:11.0) like Gecko"
80.122.53.106 - - [04/Nov/2021:12:38:09 +0100] "GET /reload?ser=1636025889770 HTTP/1.1" 200 28 "http://renault.activities.at/" "Mozilla/5.0 (Windows NT 10.0; Win64; x64) AppleWebKit/537.36 (KHTML, like Gecko) Chrome/95.0.4638.69 Safari/537.36"
88.117.240.214 - - [04/Nov/2021:12:38:39 +0100] "GET /reload?ser=1636025922752 HTTP/1.1" 200 28 "http://renault.activities.at/address" "Mozilla/5.0 (Windows NT 6.1; WOW64; Trident/7.0; rv:11.0) like Gecko"
80.122.53.106 - - [04/Nov/2021:12:39:10 +0100] "GET /reload?ser=1636025950410 HTTP/1.1" 200 28 "http://renault.activities.at/" "Mozilla/5.0 (Windows NT 10.0; Win64; x64) AppleWebKit/537.36 (KHTML, like Gecko) Chrome/95.0.4638.69 Safari/537.36"
88.117.240.214 - - [04/Nov/2021:12:39:40 +0100] "GET /reload?ser=1636025983768 HTTP/1.1" 200 28 "http://renault.activities.at/address" "Mozilla/5.0 (Windows NT 6.1; WOW64; Trident/7.0; rv:11.0) like Gecko"
80.122.53.106 - - [04/Nov/2021:12:40:11 +0100] "GET /reload?ser=1636026011050 HTTP/1.1" 200 28 "http://renault.activities.at/" "Mozilla/5.0 (Windows NT 10.0; Win64; x64) AppleWebKit/537.36 (KHTML, like Gecko) Chrome/95.0.4638.69 Safari/537.36"
88.117.240.214 - - [04/Nov/2021:12:40:41 +0100] "GET /reload?ser=1636026044788 HTTP/1.1" 200 28 "http://renault.activities.at/address" "Mozilla/5.0 (Windows NT 6.1; WOW64; Trident/7.0; rv:11.0) like Gecko"
80.122.53.106 - - [04/Nov/2021:12:41:11 +0100] "GET /reload?ser=1636026071690 HTTP/1.1" 200 28 "http://renault.activities.at/" "Mozilla/5.0 (Windows NT 10.0; Win64; x64) AppleWebKit/537.36 (KHTML, like Gecko) Chrome/95.0.4638.69 Safari/537.36"
88.117.240.214 - - [04/Nov/2021:12:41:42 +0100] "GET /reload?ser=1636026105765 HTTP/1.1" 200 28 "http://renault.activities.at/address" "Mozilla/5.0 (Windows NT 6.1; WOW64; Trident/7.0; rv:11.0) like Gecko"
80.122.53.106 - - [04/Nov/2021:12:42:12 +0100] "GET /reload?ser=1636026132340 HTTP/1.1" 200 28 "http://renault.activities.at/" "Mozilla/5.0 (Windows NT 10.0; Win64; x64) AppleWebKit/537.36 (KHTML, like Gecko) Chrome/95.0.4638.69 Safari/537.36"
88.117.240.214 - - [04/Nov/2021:12:42:43 +0100] "GET /reload?ser=1636026166737 HTTP/1.1" 200 28 "http://renault.activities.at/address" "Mozilla/5.0 (Windows NT 6.1; WOW64; Trident/7.0; rv:11.0) like Gecko"
80.122.53.106 - - [04/Nov/2021:12:43:13 +0100] "GET /reload?ser=1636026192990 HTTP/1.1" 200 28 "http://renault.activities.at/" "Mozilla/5.0 (Windows NT 10.0; Win64; x64) AppleWebKit/537.36 (KHTML, like Gecko) Chrome/95.0.4638.69 Safari/537.36"
88.117.240.214 - - [04/Nov/2021:12:43:44 +0100] "GET /reload?ser=1636026227741 HTTP/1.1" 200 28 "http://renault.activities.at/address" "Mozilla/5.0 (Windows NT 6.1; WOW64; Trident/7.0; rv:11.0) like Gecko"
80.122.53.106 - - [04/Nov/2021:12:44:13 +0100] "GET /reload?ser=1636026253640 HTTP/1.1" 200 28 "http://renault.activities.at/" "Mozilla/5.0 (Windows NT 10.0; Win64; x64) AppleWebKit/537.36 (KHTML, like Gecko) Chrome/95.0.4638.69 Safari/537.36"
88.117.240.214 - - [04/Nov/2021:12:44:45 +0100] "GET /reload?ser=1636026288712 HTTP/1.1" 200 28 "http://renault.activities.at/address" "Mozilla/5.0 (Windows NT 6.1; WOW64; Trident/7.0; rv:11.0) like Gecko"
80.122.53.106 - - [04/Nov/2021:12:45:14 +0100] "GET /reload?ser=1636026314350 HTTP/1.1" 200 28 "http://renault.activities.at/" "Mozilla/5.0 (Windows NT 10.0; Win64; x64) AppleWebKit/537.36 (KHTML, like Gecko) Chrome/95.0.4638.69 Safari/537.36"
88.117.240.214 - - [04/Nov/2021:12:45:46 +0100] "GET /reload?ser=1636026349671 HTTP/1.1" 200 28 "http://renault.activities.at/address" "Mozilla/5.0 (Windows NT 6.1; WOW64; Trident/7.0; rv:11.0) like Gecko"
80.122.53.106 - - [04/Nov/2021:12:46:15 +0100] "GET /reload?ser=1636026374999 HTTP/1.1" 200 28 "http://renault.activities.at/" "Mozilla/5.0 (Windows NT 10.0; Win64; x64) AppleWebKit/537.36 (KHTML, like Gecko) Chrome/95.0.4638.69 Safari/537.36"
88.117.240.214 - - [04/Nov/2021:12:46:47 +0100] "GET /reload?ser=1636026410610 HTTP/1.1" 200 28 "http://renault.activities.at/address" "Mozilla/5.0 (Windows NT 6.1; WOW64; Trident/7.0; rv:11.0) like Gecko"
80.122.53.106 - - [04/Nov/2021:12:47:15 +0100] "GET /reload?ser=1636026435640 HTTP/1.1" 200 28 "http://renault.activities.at/" "Mozilla/5.0 (Windows NT 10.0; Win64; x64) AppleWebKit/537.36 (KHTML, like Gecko) Chrome/95.0.4638.69 Safari/537.36"
88.117.240.214 - - [04/Nov/2021:12:47:48 +0100] "GET /reload?ser=1636026471618 HTTP/1.1" 200 28 "http://renault.activities.at/address" "Mozilla/5.0 (Windows NT 6.1; WOW64; Trident/7.0; rv:11.0) like Gecko"
80.122.53.106 - - [04/Nov/2021:12:48:16 +0100] "GET /reload?ser=1636026496290 HTTP/1.1" 200 28 "http://renault.activities.at/" "Mozilla/5.0 (Windows NT 10.0; Win64; x64) AppleWebKit/537.36 (KHTML, like Gecko) Chrome/95.0.4638.69 Safari/537.36"
88.117.240.214 - - [04/Nov/2021:12:48:49 +0100] "GET /reload?ser=1636026532605 HTTP/1.1" 200 28 "http://renault.activities.at/address" "Mozilla/5.0 (Windows NT 6.1; WOW64; Trident/7.0; rv:11.0) like Gecko"
80.122.53.106 - - [04/Nov/2021:12:49:17 +0100] "GET /reload?ser=1636026556940 HTTP/1.1" 200 28 "http://renault.activities.at/" "Mozilla/5.0 (Windows NT 10.0; Win64; x64) AppleWebKit/537.36 (KHTML, like Gecko) Chrome/95.0.4638.69 Safari/537.36"
88.117.240.214 - - [04/Nov/2021:12:49:50 +0100] "GET /reload?ser=1636026593572 HTTP/1.1" 200 28 "http://renault.activities.at/address" "Mozilla/5.0 (Windows NT 6.1; WOW64; Trident/7.0; rv:11.0) like Gecko"
80.122.53.106 - - [04/Nov/2021:12:50:17 +0100] "GET /reload?ser=1636026617580 HTTP/1.1" 200 28 "http://renault.activities.at/" "Mozilla/5.0 (Windows NT 10.0; Win64; x64) AppleWebKit/537.36 (KHTML, like Gecko) Chrome/95.0.4638.69 Safari/537.36"
88.117.240.214 - - [04/Nov/2021:12:50:51 +0100] "GET /reload?ser=1636026654559 HTTP/1.1" 200 28 "http://renault.activities.at/address" "Mozilla/5.0 (Windows NT 6.1; WOW64; Trident/7.0; rv:11.0) like Gecko"
80.122.53.106 - - [04/Nov/2021:12:51:18 +0100] "GET /reload?ser=1636026678239 HTTP/1.1" 200 28 "http://renault.activities.at/" "Mozilla/5.0 (Windows NT 10.0; Win64; x64) AppleWebKit/537.36 (KHTML, like Gecko) Chrome/95.0.4638.69 Safari/537.36"
88.117.240.214 - - [04/Nov/2021:12:51:52 +0100] "GET /reload?ser=1636026715622 HTTP/1.1" 200 28 "http://renault.activities.at/address" "Mozilla/5.0 (Windows NT 6.1; WOW64; Trident/7.0; rv:11.0) like Gecko"
80.122.53.106 - - [04/Nov/2021:12:52:18 +0100] "GET /reload?ser=1636026738879 HTTP/1.1" 200 28 "http://renault.activities.at/" "Mozilla/5.0 (Windows NT 10.0; Win64; x64) AppleWebKit/537.36 (KHTML, like Gecko) Chrome/95.0.4638.69 Safari/537.36"
88.117.240.214 - - [04/Nov/2021:12:52:53 +0100] "GET /reload?ser=1636026776613 HTTP/1.1" 200 28 "http://renault.activities.at/address" "Mozilla/5.0 (Windows NT 6.1; WOW64; Trident/7.0; rv:11.0) like Gecko"
80.122.53.106 - - [04/Nov/2021:12:53:19 +0100] "GET /reload?ser=1636026799529 HTTP/1.1" 200 28 "http://renault.activities.at/" "Mozilla/5.0 (Windows NT 10.0; Win64; x64) AppleWebKit/537.36 (KHTML, like Gecko) Chrome/95.0.4638.69 Safari/537.36"
80.122.53.106 - - [04/Nov/2021:12:53:32 +0100] "GET /login HTTP/1.1" 200 2085 "http://renault.activities.at/" "Mozilla/5.0 (Windows NT 10.0; Win64; x64) AppleWebKit/537.36 (KHTML, like Gecko) Chrome/95.0.4638.69 Safari/537.36"
80.122.53.106 - - [04/Nov/2021:12:53:38 +0100] "POST /login HTTP/1.1" 302 140 "http://renault.activities.at/login" "Mozilla/5.0 (Windows NT 10.0; Win64; x64) AppleWebKit/537.36 (KHTML, like Gecko) Chrome/95.0.4638.69 Safari/537.36"
80.122.53.106 - - [04/Nov/2021:12:53:40 +0100] "GET /account HTTP/1.1" 200 6649 "http://renault.activities.at/login" "Mozilla/5.0 (Windows NT 10.0; Win64; x64) AppleWebKit/537.36 (KHTML, like Gecko) Chrome/95.0.4638.69 Safari/537.36"
88.117.240.214 - - [04/Nov/2021:12:53:54 +0100] "GET /reload?ser=1636026837564 HTTP/1.1" 200 28 "http://renault.activities.at/address" "Mozilla/5.0 (Windows NT 6.1; WOW64; Trident/7.0; rv:11.0) like Gecko"
80.122.53.106 - - [04/Nov/2021:12:54:50 +0100] "GET /reload?ser=1636026890269 HTTP/1.1" 200 28 "http://renault.activities.at/account" "Mozilla/5.0 (Windows NT 10.0; Win64; x64) AppleWebKit/537.36 (KHTML, like Gecko) Chrome/95.0.4638.69 Safari/537.36"
88.117.240.214 - - [04/Nov/2021:12:54:55 +0100] "GET /reload?ser=1636026898539 HTTP/1.1" 200 28 "http://renault.activities.at/address" "Mozilla/5.0 (Windows NT 6.1; WOW64; Trident/7.0; rv:11.0) like Gecko"
80.122.53.106 - - [04/Nov/2021:12:55:51 +0100] "GET /reload?ser=1636026951259 HTTP/1.1" 200 28 "http://renault.activities.at/account" "Mozilla/5.0 (Windows NT 10.0; Win64; x64) AppleWebKit/537.36 (KHTML, like Gecko) Chrome/95.0.4638.69 Safari/537.36"
88.117.240.214 - - [04/Nov/2021:12:55:56 +0100] "GET /reload?ser=1636026959493 HTTP/1.1" 200 28 "http://renault.activities.at/address" "Mozilla/5.0 (Windows NT 6.1; WOW64; Trident/7.0; rv:11.0) like Gecko"
80.122.53.106 - - [04/Nov/2021:12:56:52 +0100] "GET /reload?ser=1636027012262 HTTP/1.1" 200 28 "http://renault.activities.at/account" "Mozilla/5.0 (Windows NT 10.0; Win64; x64) AppleWebKit/537.36 (KHTML, like Gecko) Chrome/95.0.4638.69 Safari/537.36"
88.117.240.214 - - [04/Nov/2021:12:56:57 +0100] "GET /reload?ser=1636027020454 HTTP/1.1" 200 28 "http://renault.activities.at/address" "Mozilla/5.0 (Windows NT 6.1; WOW64; Trident/7.0; rv:11.0) like Gecko"
80.122.53.106 - - [04/Nov/2021:12:57:53 +0100] "GET /reload?ser=1636027073259 HTTP/1.1" 200 28 "http://renault.activities.at/account" "Mozilla/5.0 (Windows NT 10.0; Win64; x64) AppleWebKit/537.36 (KHTML, like Gecko) Chrome/95.0.4638.69 Safari/537.36"
88.117.240.214 - - [04/Nov/2021:12:57:58 +0100] "GET /reload?ser=1636027081439 HTTP/1.1" 200 28 "http://renault.activities.at/address" "Mozilla/5.0 (Windows NT 6.1; WOW64; Trident/7.0; rv:11.0) like Gecko"
80.122.53.106 - - [04/Nov/2021:12:58:54 +0100] "GET /reload?ser=1636027134269 HTTP/1.1" 200 28 "http://renault.activities.at/account" "Mozilla/5.0 (Windows NT 10.0; Win64; x64) AppleWebKit/537.36 (KHTML, like Gecko) Chrome/95.0.4638.69 Safari/537.36"
88.117.240.214 - - [04/Nov/2021:12:58:59 +0100] "GET /reload?ser=1636027142396 HTTP/1.1" 200 28 "http://renault.activities.at/address" "Mozilla/5.0 (Windows NT 6.1; WOW64; Trident/7.0; rv:11.0) like Gecko"
80.122.53.106 - - [04/Nov/2021:12:59:55 +0100] "GET /reload?ser=1636027195279 HTTP/1.1" 200 28 "http://renault.activities.at/account" "Mozilla/5.0 (Windows NT 10.0; Win64; x64) AppleWebKit/537.36 (KHTML, like Gecko) Chrome/95.0.4638.69 Safari/537.36"
88.117.240.214 - - [04/Nov/2021:13:00:00 +0100] "GET /reload?ser=1636027203342 HTTP/1.1" 200 28 "http://renault.activities.at/address" "Mozilla/5.0 (Windows NT 6.1; WOW64; Trident/7.0; rv:11.0) like Gecko"
80.122.53.106 - - [04/Nov/2021:13:00:57 +0100] "GET /reload?ser=1636027257269 HTTP/1.1" 200 28 "http://renault.activities.at/account" "Mozilla/5.0 (Windows NT 10.0; Win64; x64) AppleWebKit/537.36 (KHTML, like Gecko) Chrome/95.0.4638.69 Safari/537.36"
88.117.240.214 - - [04/Nov/2021:13:01:01 +0100] "GET /reload?ser=1636027264299 HTTP/1.1" 200 28 "http://renault.activities.at/address" "Mozilla/5.0 (Windows NT 6.1; WOW64; Trident/7.0; rv:11.0) like Gecko"
