138.21.12.27 - - [15/Nov/2021:09:01:19 +0100] "GET /reload?ser=1636963279261 HTTP/1.1" 200 28 "http://renault.2web.at/account" "Mozilla/5.0 (Windows NT 10.0; Win64; x64) AppleWebKit/537.36 (KHTML, like Gecko) Chrome/95.0.4638.69 Safari/537.36"
91.113.144.26 - - [15/Nov/2021:09:01:26 +0100] "GET /reload?ser=1636963196014 HTTP/1.1" 200 28 "http://renault.activities.at/success" "Mozilla/5.0 (Windows NT 10.0; Win64; x64) AppleWebKit/537.36 (KHTML, like Gecko) Chrome/95.0.4638.69 Safari/537.36"
93.83.241.1 - - [15/Nov/2021:09:01:34 +0100] "GET /reload?ser=1636963294169 HTTP/1.1" 200 28 "http://renault.activities.at/account" "Mozilla/5.0 (Windows NT 10.0; Win64; x64) AppleWebKit/537.36 (KHTML, like Gecko) Chrome/95.0.4638.69 Safari/537.36"
80.123.225.38 - - [15/Nov/2021:09:01:36 +0100] "GET /reload?ser=1636963216060 HTTP/1.1" 200 28 "http://renault.activities.at/10201634" "Mozilla/5.0 (Windows NT 10.0; Win64; x64) AppleWebKit/537.36 (KHTML, like Gecko) Chrome/95.0.4638.69 Safari/537.36"
138.21.12.27 - - [15/Nov/2021:09:02:21 +0100] "GET /reload?ser=1636963341261 HTTP/1.1" 200 28 "http://renault.2web.at/account" "Mozilla/5.0 (Windows NT 10.0; Win64; x64) AppleWebKit/537.36 (KHTML, like Gecko) Chrome/95.0.4638.69 Safari/537.36"
91.113.144.26 - - [15/Nov/2021:09:02:27 +0100] "GET /reload?ser=1636963256948 HTTP/1.1" 200 28 "http://renault.activities.at/success" "Mozilla/5.0 (Windows NT 10.0; Win64; x64) AppleWebKit/537.36 (KHTML, like Gecko) Chrome/95.0.4638.69 Safari/537.36"
93.83.241.1 - - [15/Nov/2021:09:02:35 +0100] "GET /reload?ser=1636963355262 HTTP/1.1" 200 28 "http://renault.activities.at/account" "Mozilla/5.0 (Windows NT 10.0; Win64; x64) AppleWebKit/537.36 (KHTML, like Gecko) Chrome/95.0.4638.69 Safari/537.36"
80.123.225.38 - - [15/Nov/2021:09:02:37 +0100] "GET /reload?ser=1636963277047 HTTP/1.1" 200 28 "http://renault.activities.at/10201634" "Mozilla/5.0 (Windows NT 10.0; Win64; x64) AppleWebKit/537.36 (KHTML, like Gecko) Chrome/95.0.4638.69 Safari/537.36"
138.21.12.27 - - [15/Nov/2021:09:03:23 +0100] "GET /reload?ser=1636963403264 HTTP/1.1" 200 28 "http://renault.2web.at/account" "Mozilla/5.0 (Windows NT 10.0; Win64; x64) AppleWebKit/537.36 (KHTML, like Gecko) Chrome/95.0.4638.69 Safari/537.36"
91.113.144.26 - - [15/Nov/2021:09:03:28 +0100] "GET /reload?ser=1636963317906 HTTP/1.1" 200 28 "http://renault.activities.at/success" "Mozilla/5.0 (Windows NT 10.0; Win64; x64) AppleWebKit/537.36 (KHTML, like Gecko) Chrome/95.0.4638.69 Safari/537.36"
93.83.241.1 - - [15/Nov/2021:09:03:36 +0100] "GET /reload?ser=1636963416324 HTTP/1.1" 200 28 "http://renault.activities.at/account" "Mozilla/5.0 (Windows NT 10.0; Win64; x64) AppleWebKit/537.36 (KHTML, like Gecko) Chrome/95.0.4638.69 Safari/537.36"
80.123.225.38 - - [15/Nov/2021:09:03:38 +0100] "GET /reload?ser=1636963338060 HTTP/1.1" 200 28 "http://renault.activities.at/10201634" "Mozilla/5.0 (Windows NT 10.0; Win64; x64) AppleWebKit/537.36 (KHTML, like Gecko) Chrome/95.0.4638.69 Safari/537.36"
138.21.12.27 - - [15/Nov/2021:09:04:25 +0100] "GET /reload?ser=1636963465263 HTTP/1.1" 200 28 "http://renault.2web.at/account" "Mozilla/5.0 (Windows NT 10.0; Win64; x64) AppleWebKit/537.36 (KHTML, like Gecko) Chrome/95.0.4638.69 Safari/537.36"
91.113.144.26 - - [15/Nov/2021:09:04:29 +0100] "GET /reload?ser=1636963378843 HTTP/1.1" 200 28 "http://renault.activities.at/success" "Mozilla/5.0 (Windows NT 10.0; Win64; x64) AppleWebKit/537.36 (KHTML, like Gecko) Chrome/95.0.4638.69 Safari/537.36"
93.83.241.1 - - [15/Nov/2021:09:04:37 +0100] "GET /reload?ser=1636963477444 HTTP/1.1" 200 28 "http://renault.activities.at/account" "Mozilla/5.0 (Windows NT 10.0; Win64; x64) AppleWebKit/537.36 (KHTML, like Gecko) Chrome/95.0.4638.69 Safari/537.36"
80.123.225.38 - - [15/Nov/2021:09:04:39 +0100] "GET /reload?ser=1636963399046 HTTP/1.1" 200 28 "http://renault.activities.at/10201634" "Mozilla/5.0 (Windows NT 10.0; Win64; x64) AppleWebKit/537.36 (KHTML, like Gecko) Chrome/95.0.4638.69 Safari/537.36"
138.21.12.27 - - [15/Nov/2021:09:05:27 +0100] "GET /reload?ser=1636963527263 HTTP/1.1" 200 28 "http://renault.2web.at/account" "Mozilla/5.0 (Windows NT 10.0; Win64; x64) AppleWebKit/537.36 (KHTML, like Gecko) Chrome/95.0.4638.69 Safari/537.36"
91.113.144.26 - - [15/Nov/2021:09:05:30 +0100] "GET /reload?ser=1636963439827 HTTP/1.1" 200 28 "http://renault.activities.at/success" "Mozilla/5.0 (Windows NT 10.0; Win64; x64) AppleWebKit/537.36 (KHTML, like Gecko) Chrome/95.0.4638.69 Safari/537.36"
93.83.241.1 - - [15/Nov/2021:09:05:38 +0100] "GET /reload?ser=1636963538495 HTTP/1.1" 200 28 "http://renault.activities.at/account" "Mozilla/5.0 (Windows NT 10.0; Win64; x64) AppleWebKit/537.36 (KHTML, like Gecko) Chrome/95.0.4638.69 Safari/537.36"
80.123.225.38 - - [15/Nov/2021:09:05:40 +0100] "GET /reload?ser=1636963460051 HTTP/1.1" 200 28 "http://renault.activities.at/10201634" "Mozilla/5.0 (Windows NT 10.0; Win64; x64) AppleWebKit/537.36 (KHTML, like Gecko) Chrome/95.0.4638.69 Safari/537.36"
138.21.12.27 - - [15/Nov/2021:09:06:29 +0100] "GET /reload?ser=1636963589264 HTTP/1.1" 200 28 "http://renault.2web.at/account" "Mozilla/5.0 (Windows NT 10.0; Win64; x64) AppleWebKit/537.36 (KHTML, like Gecko) Chrome/95.0.4638.69 Safari/537.36"
91.113.144.26 - - [15/Nov/2021:09:06:32 +0100] "GET /reload?ser=1636963501683 HTTP/1.1" 200 28 "http://renault.activities.at/success" "Mozilla/5.0 (Windows NT 10.0; Win64; x64) AppleWebKit/537.36 (KHTML, like Gecko) Chrome/95.0.4638.69 Safari/537.36"
93.83.241.1 - - [15/Nov/2021:09:06:39 +0100] "GET /reload?ser=1636963599578 HTTP/1.1" 200 28 "http://renault.activities.at/account" "Mozilla/5.0 (Windows NT 10.0; Win64; x64) AppleWebKit/537.36 (KHTML, like Gecko) Chrome/95.0.4638.69 Safari/537.36"
80.123.225.38 - - [15/Nov/2021:09:06:41 +0100] "GET /reload?ser=1636963521053 HTTP/1.1" 200 28 "http://renault.activities.at/10201634" "Mozilla/5.0 (Windows NT 10.0; Win64; x64) AppleWebKit/537.36 (KHTML, like Gecko) Chrome/95.0.4638.69 Safari/537.36"
93.83.241.1 - - [15/Nov/2021:09:07:28 +0100] "POST /axjaxrequest?mode=suggest HTTP/1.1" 200 871 "http://renault.activities.at/account" "Mozilla/5.0 (Windows NT 10.0; Win64; x64) AppleWebKit/537.36 (KHTML, like Gecko) Chrome/95.0.4638.69 Safari/537.36"
93.83.241.1 - - [15/Nov/2021:09:07:29 +0100] "POST /axjaxrequest?mode=suggest HTTP/1.1" 200 826 "http://renault.activities.at/account" "Mozilla/5.0 (Windows NT 10.0; Win64; x64) AppleWebKit/537.36 (KHTML, like Gecko) Chrome/95.0.4638.69 Safari/537.36"
138.21.12.27 - - [15/Nov/2021:09:07:31 +0100] "GET /reload?ser=1636963651264 HTTP/1.1" 200 28 "http://renault.2web.at/account" "Mozilla/5.0 (Windows NT 10.0; Win64; x64) AppleWebKit/537.36 (KHTML, like Gecko) Chrome/95.0.4638.69 Safari/537.36"
93.83.241.1 - - [15/Nov/2021:09:07:29 +0100] "GET /result?searchterm=true&search=POS844 HTTP/1.1" 200 6270 "http://renault.activities.at/account" "Mozilla/5.0 (Windows NT 10.0; Win64; x64) AppleWebKit/537.36 (KHTML, like Gecko) Chrome/95.0.4638.69 Safari/537.36"
91.113.144.26 - - [15/Nov/2021:09:07:33 +0100] "GET /reload?ser=1636963562684 HTTP/1.1" 200 28 "http://renault.activities.at/success" "Mozilla/5.0 (Windows NT 10.0; Win64; x64) AppleWebKit/537.36 (KHTML, like Gecko) Chrome/95.0.4638.69 Safari/537.36"
93.83.241.1 - - [15/Nov/2021:09:07:34 +0100] "GET /js/prototip.js HTTP/1.1" 200 4588 "http://renault.activities.at/result?searchterm=true&search=POS844" "Mozilla/5.0 (Windows NT 10.0; Win64; x64) AppleWebKit/537.36 (KHTML, like Gecko) Chrome/95.0.4638.69 Safari/537.36"
93.83.241.1 - - [15/Nov/2021:09:07:34 +0100] "GET /js/ProduktGrp.js HTTP/1.1" 200 1569 "http://renault.activities.at/result?searchterm=true&search=POS844" "Mozilla/5.0 (Windows NT 10.0; Win64; x64) AppleWebKit/537.36 (KHTML, like Gecko) Chrome/95.0.4638.69 Safari/537.36"
93.83.241.1 - - [15/Nov/2021:09:07:34 +0100] "GET /images/loading.gif HTTP/1.1" 200 3208 "http://renault.activities.at/result?searchterm=true&search=POS844" "Mozilla/5.0 (Windows NT 10.0; Win64; x64) AppleWebKit/537.36 (KHTML, like Gecko) Chrome/95.0.4638.69 Safari/537.36"
93.83.241.1 - - [15/Nov/2021:09:07:34 +0100] "GET /images/vista-dn.gif HTTP/1.1" 200 128 "http://renault.activities.at/css/styles.css" "Mozilla/5.0 (Windows NT 10.0; Win64; x64) AppleWebKit/537.36 (KHTML, like Gecko) Chrome/95.0.4638.69 Safari/537.36"
93.83.241.1 - - [15/Nov/2021:09:07:34 +0100] "GET /loadthumbnail.php?id=10203255 HTTP/1.1" 200 137 "http://renault.activities.at/result?searchterm=true&search=POS844" "Mozilla/5.0 (Windows NT 10.0; Win64; x64) AppleWebKit/537.36 (KHTML, like Gecko) Chrome/95.0.4638.69 Safari/537.36"
93.83.241.1 - - [15/Nov/2021:09:07:34 +0100] "GET /images/vista-up.gif HTTP/1.1" 200 131 "http://renault.activities.at/css/styles.css" "Mozilla/5.0 (Windows NT 10.0; Win64; x64) AppleWebKit/537.36 (KHTML, like Gecko) Chrome/95.0.4638.69 Safari/537.36"
93.83.241.1 - - [15/Nov/2021:09:07:34 +0100] "GET /loadthumbnail.php?id=11967857&width=113 HTTP/1.1" 200 2260 "http://renault.activities.at/result?searchterm=true&search=POS844" "Mozilla/5.0 (Windows NT 10.0; Win64; x64) AppleWebKit/537.36 (KHTML, like Gecko) Chrome/95.0.4638.69 Safari/537.36"
93.83.241.1 - - [15/Nov/2021:09:07:34 +0100] "GET /images/pager_bg.gif HTTP/1.1" 200 150 "http://renault.activities.at/css/styles.css" "Mozilla/5.0 (Windows NT 10.0; Win64; x64) AppleWebKit/537.36 (KHTML, like Gecko) Chrome/95.0.4638.69 Safari/537.36"
93.83.241.1 - - [15/Nov/2021:09:07:29 +0100] "POST /axjaxrequest?mode=suggest HTTP/1.1" 200 111 "http://renault.activities.at/account" "Mozilla/5.0 (Windows NT 10.0; Win64; x64) AppleWebKit/537.36 (KHTML, like Gecko) Chrome/95.0.4638.69 Safari/537.36"
80.123.225.38 - - [15/Nov/2021:09:07:42 +0100] "GET /reload?ser=1636963582056 HTTP/1.1" 200 28 "http://renault.activities.at/10201634" "Mozilla/5.0 (Windows NT 10.0; Win64; x64) AppleWebKit/537.36 (KHTML, like Gecko) Chrome/95.0.4638.69 Safari/537.36"
93.83.241.1 - - [15/Nov/2021:09:07:51 +0100] "POST /axjaxrequest?mode=suggest HTTP/1.1" 200 217 "http://renault.activities.at/result?searchterm=true&search=POS844" "Mozilla/5.0 (Windows NT 10.0; Win64; x64) AppleWebKit/537.36 (KHTML, like Gecko) Chrome/95.0.4638.69 Safari/537.36"
93.83.241.1 - - [15/Nov/2021:09:07:52 +0100] "POST /axjaxrequest?mode=suggest HTTP/1.1" 200 190 "http://renault.activities.at/result?searchterm=true&search=POS844" "Mozilla/5.0 (Windows NT 10.0; Win64; x64) AppleWebKit/537.36 (KHTML, like Gecko) Chrome/95.0.4638.69 Safari/537.36"
93.83.241.1 - - [15/Nov/2021:09:07:55 +0100] "GET /result?searchterm=true&search=Brosch%FCre HTTP/1.1" 200 9256 "http://renault.activities.at/result?searchterm=true&search=POS844" "Mozilla/5.0 (Windows NT 10.0; Win64; x64) AppleWebKit/537.36 (KHTML, like Gecko) Chrome/95.0.4638.69 Safari/537.36"
93.83.241.1 - - [15/Nov/2021:09:07:59 +0100] "GET /loadthumbnail.php?id=10203276 HTTP/1.1" 200 75 "http://renault.activities.at/result?searchterm=true&search=Brosch%FCre" "Mozilla/5.0 (Windows NT 10.0; Win64; x64) AppleWebKit/537.36 (KHTML, like Gecko) Chrome/95.0.4638.69 Safari/537.36"
93.83.241.1 - - [15/Nov/2021:09:07:59 +0100] "GET /loadthumbnail.php?id=12385971&width=113 HTTP/1.1" 200 3358 "http://renault.activities.at/result?searchterm=true&search=Brosch%FCre" "Mozilla/5.0 (Windows NT 10.0; Win64; x64) AppleWebKit/537.36 (KHTML, like Gecko) Chrome/95.0.4638.69 Safari/537.36"
93.83.241.1 - - [15/Nov/2021:09:07:59 +0100] "GET /loadthumbnail.php?id=12328871&width=113 HTTP/1.1" 200 3047 "http://renault.activities.at/result?searchterm=true&search=Brosch%FCre" "Mozilla/5.0 (Windows NT 10.0; Win64; x64) AppleWebKit/537.36 (KHTML, like Gecko) Chrome/95.0.4638.69 Safari/537.36"
93.83.241.1 - - [15/Nov/2021:09:07:59 +0100] "GET /loadthumbnail.php?id=12037190&width=113 HTTP/1.1" 200 19857 "http://renault.activities.at/result?searchterm=true&search=Brosch%FCre" "Mozilla/5.0 (Windows NT 10.0; Win64; x64) AppleWebKit/537.36 (KHTML, like Gecko) Chrome/95.0.4638.69 Safari/537.36"
93.83.241.1 - - [15/Nov/2021:09:07:59 +0100] "GET /loadthumbnail.php?id=11976076&width=113 HTTP/1.1" 200 17152 "http://renault.activities.at/result?searchterm=true&search=Brosch%FCre" "Mozilla/5.0 (Windows NT 10.0; Win64; x64) AppleWebKit/537.36 (KHTML, like Gecko) Chrome/95.0.4638.69 Safari/537.36"
93.83.241.1 - - [15/Nov/2021:09:07:59 +0100] "GET /loadthumbnail.php?id=12138224&width=113 HTTP/1.1" 200 3427 "http://renault.activities.at/result?searchterm=true&search=Brosch%FCre" "Mozilla/5.0 (Windows NT 10.0; Win64; x64) AppleWebKit/537.36 (KHTML, like Gecko) Chrome/95.0.4638.69 Safari/537.36"
93.83.241.1 - - [15/Nov/2021:09:07:59 +0100] "GET /loadthumbnail.php?id=12115542&width=113 HTTP/1.1" 200 6084 "http://renault.activities.at/result?searchterm=true&search=Brosch%FCre" "Mozilla/5.0 (Windows NT 10.0; Win64; x64) AppleWebKit/537.36 (KHTML, like Gecko) Chrome/95.0.4638.69 Safari/537.36"
93.83.241.1 - - [15/Nov/2021:09:07:59 +0100] "GET /loadthumbnail.php?id=12027671&width=113 HTTP/1.1" 200 19456 "http://renault.activities.at/result?searchterm=true&search=Brosch%FCre" "Mozilla/5.0 (Windows NT 10.0; Win64; x64) AppleWebKit/537.36 (KHTML, like Gecko) Chrome/95.0.4638.69 Safari/537.36"
93.83.241.1 - - [15/Nov/2021:09:07:59 +0100] "GET /loadthumbnail.php?id=12328160&width=113 HTTP/1.1" 200 2784 "http://renault.activities.at/result?searchterm=true&search=Brosch%FCre" "Mozilla/5.0 (Windows NT 10.0; Win64; x64) AppleWebKit/537.36 (KHTML, like Gecko) Chrome/95.0.4638.69 Safari/537.36"
93.83.241.1 - - [15/Nov/2021:09:07:59 +0100] "GET /loadthumbnail.php?id=12122446&width=113 HTTP/1.1" 200 3706 "http://renault.activities.at/result?searchterm=true&search=Brosch%FCre" "Mozilla/5.0 (Windows NT 10.0; Win64; x64) AppleWebKit/537.36 (KHTML, like Gecko) Chrome/95.0.4638.69 Safari/537.36"
93.83.241.1 - - [15/Nov/2021:09:07:59 +0100] "GET /loadthumbnail.php?id=12153811&width=113 HTTP/1.1" 200 2537 "http://renault.activities.at/result?searchterm=true&search=Brosch%FCre" "Mozilla/5.0 (Windows NT 10.0; Win64; x64) AppleWebKit/537.36 (KHTML, like Gecko) Chrome/95.0.4638.69 Safari/537.36"
93.83.241.1 - - [15/Nov/2021:09:07:59 +0100] "GET /loadthumbnail.php?id=11564187&width=113 HTTP/1.1" 200 22491 "http://renault.activities.at/result?searchterm=true&search=Brosch%FCre" "Mozilla/5.0 (Windows NT 10.0; Win64; x64) AppleWebKit/537.36 (KHTML, like Gecko) Chrome/95.0.4638.69 Safari/537.36"
93.83.241.1 - - [15/Nov/2021:09:07:59 +0100] "GET /loadthumbnail.php?id=11976092&width=113 HTTP/1.1" 200 22943 "http://renault.activities.at/result?searchterm=true&search=Brosch%FCre" "Mozilla/5.0 (Windows NT 10.0; Win64; x64) AppleWebKit/537.36 (KHTML, like Gecko) Chrome/95.0.4638.69 Safari/537.36"
93.83.241.1 - - [15/Nov/2021:09:07:59 +0100] "GET /loadthumbnail.php?id=12310521&width=113 HTTP/1.1" 200 3088 "http://renault.activities.at/result?searchterm=true&search=Brosch%FCre" "Mozilla/5.0 (Windows NT 10.0; Win64; x64) AppleWebKit/537.36 (KHTML, like Gecko) Chrome/95.0.4638.69 Safari/537.36"
93.83.241.1 - - [15/Nov/2021:09:07:59 +0100] "GET /loadthumbnail.php?id=12310511&width=113 HTTP/1.1" 200 2831 "http://renault.activities.at/result?searchterm=true&search=Brosch%FCre" "Mozilla/5.0 (Windows NT 10.0; Win64; x64) AppleWebKit/537.36 (KHTML, like Gecko) Chrome/95.0.4638.69 Safari/537.36"
93.83.241.1 - - [15/Nov/2021:09:07:59 +0100] "GET /loadthumbnail.php?id=11878139&width=113 HTTP/1.1" 200 19930 "http://renault.activities.at/result?searchterm=true&search=Brosch%FCre" "Mozilla/5.0 (Windows NT 10.0; Win64; x64) AppleWebKit/537.36 (KHTML, like Gecko) Chrome/95.0.4638.69 Safari/537.36"
93.83.241.1 - - [15/Nov/2021:09:08:03 +0100] "GET /images/vista-dn-hover.gif HTTP/1.1" 200 127 "http://renault.activities.at/css/styles.css" "Mozilla/5.0 (Windows NT 10.0; Win64; x64) AppleWebKit/537.36 (KHTML, like Gecko) Chrome/95.0.4638.69 Safari/537.36"
93.83.241.1 - - [15/Nov/2021:09:08:03 +0100] "GET /images/vista-up-hover.gif HTTP/1.1" 200 130 "http://renault.activities.at/css/styles.css" "Mozilla/5.0 (Windows NT 10.0; Win64; x64) AppleWebKit/537.36 (KHTML, like Gecko) Chrome/95.0.4638.69 Safari/537.36"
93.83.241.1 - - [15/Nov/2021:09:08:07 +0100] "POST /result?searchterm=true&search=Brosch%FCre HTTP/1.1" 200 9447 "http://renault.activities.at/result?searchterm=true&search=Brosch%FCre" "Mozilla/5.0 (Windows NT 10.0; Win64; x64) AppleWebKit/537.36 (KHTML, like Gecko) Chrome/95.0.4638.69 Safari/537.36"
93.83.241.1 - - [15/Nov/2021:09:08:11 +0100] "GET /images/success_msg_icon.gif HTTP/1.1" 200 1024 "http://renault.activities.at/css/styles.css" "Mozilla/5.0 (Windows NT 10.0; Win64; x64) AppleWebKit/537.36 (KHTML, like Gecko) Chrome/95.0.4638.69 Safari/537.36"
93.83.241.1 - - [15/Nov/2021:09:08:30 +0100] "GET /result?dir=DESC&mode=grid&order=name&limit=15&page=2&search=Brosch%C3%BCre HTTP/1.1" 200 9236 "http://renault.activities.at/result?searchterm=true&search=Brosch%FCre" "Mozilla/5.0 (Windows NT 10.0; Win64; x64) AppleWebKit/537.36 (KHTML, like Gecko) Chrome/95.0.4638.69 Safari/537.36"
93.83.241.1 - - [15/Nov/2021:09:08:34 +0100] "GET /loadthumbnail.php?id=10203275 HTTP/1.1" 200 85 "http://renault.activities.at/result?dir=DESC&mode=grid&order=name&limit=15&page=2&search=Brosch%C3%BCre" "Mozilla/5.0 (Windows NT 10.0; Win64; x64) AppleWebKit/537.36 (KHTML, like Gecko) Chrome/95.0.4638.69 Safari/537.36"
93.83.241.1 - - [15/Nov/2021:09:08:34 +0100] "GET /loadthumbnail.php?id=12333924&width=113 HTTP/1.1" 200 3071 "http://renault.activities.at/result?dir=DESC&mode=grid&order=name&limit=15&page=2&search=Brosch%C3%BCre" "Mozilla/5.0 (Windows NT 10.0; Win64; x64) AppleWebKit/537.36 (KHTML, like Gecko) Chrome/95.0.4638.69 Safari/537.36"
93.83.241.1 - - [15/Nov/2021:09:08:34 +0100] "GET /loadthumbnail.php?id=12385967&width=113 HTTP/1.1" 200 3114 "http://renault.activities.at/result?dir=DESC&mode=grid&order=name&limit=15&page=2&search=Brosch%C3%BCre" "Mozilla/5.0 (Windows NT 10.0; Win64; x64) AppleWebKit/537.36 (KHTML, like Gecko) Chrome/95.0.4638.69 Safari/537.36"
93.83.241.1 - - [15/Nov/2021:09:08:34 +0100] "GET /loadthumbnail.php?id=12153814&width=113 HTTP/1.1" 200 3262 "http://renault.activities.at/result?dir=DESC&mode=grid&order=name&limit=15&page=2&search=Brosch%C3%BCre" "Mozilla/5.0 (Windows NT 10.0; Win64; x64) AppleWebKit/537.36 (KHTML, like Gecko) Chrome/95.0.4638.69 Safari/537.36"
93.83.241.1 - - [15/Nov/2021:09:08:34 +0100] "GET /loadthumbnail.php?id=12276317&width=113 HTTP/1.1" 200 2783 "http://renault.activities.at/result?dir=DESC&mode=grid&order=name&limit=15&page=2&search=Brosch%C3%BCre" "Mozilla/5.0 (Windows NT 10.0; Win64; x64) AppleWebKit/537.36 (KHTML, like Gecko) Chrome/95.0.4638.69 Safari/537.36"
93.83.241.1 - - [15/Nov/2021:09:08:34 +0100] "GET /loadthumbnail.php?id=12137758&width=113 HTTP/1.1" 200 36121 "http://renault.activities.at/result?dir=DESC&mode=grid&order=name&limit=15&page=2&search=Brosch%C3%BCre" "Mozilla/5.0 (Windows NT 10.0; Win64; x64) AppleWebKit/537.36 (KHTML, like Gecko) Chrome/95.0.4638.69 Safari/537.36"
138.21.12.27 - - [15/Nov/2021:09:08:33 +0100] "GET /reload?ser=1636963713265 HTTP/1.1" 200 28 "http://renault.2web.at/account" "Mozilla/5.0 (Windows NT 10.0; Win64; x64) AppleWebKit/537.36 (KHTML, like Gecko) Chrome/95.0.4638.69 Safari/537.36"
93.83.241.1 - - [15/Nov/2021:09:08:34 +0100] "GET /loadthumbnail.php?id=12025504&width=113 HTTP/1.1" 200 19297 "http://renault.activities.at/result?dir=DESC&mode=grid&order=name&limit=15&page=2&search=Brosch%C3%BCre" "Mozilla/5.0 (Windows NT 10.0; Win64; x64) AppleWebKit/537.36 (KHTML, like Gecko) Chrome/95.0.4638.69 Safari/537.36"
93.83.241.1 - - [15/Nov/2021:09:08:34 +0100] "GET /loadthumbnail.php?id=12446566&width=113 HTTP/1.1" 200 3202 "http://renault.activities.at/result?dir=DESC&mode=grid&order=name&limit=15&page=2&search=Brosch%C3%BCre" "Mozilla/5.0 (Windows NT 10.0; Win64; x64) AppleWebKit/537.36 (KHTML, like Gecko) Chrome/95.0.4638.69 Safari/537.36"
93.83.241.1 - - [15/Nov/2021:09:08:34 +0100] "GET /loadthumbnail.php?id=12239245&width=113 HTTP/1.1" 200 3605 "http://renault.activities.at/result?dir=DESC&mode=grid&order=name&limit=15&page=2&search=Brosch%C3%BCre" "Mozilla/5.0 (Windows NT 10.0; Win64; x64) AppleWebKit/537.36 (KHTML, like Gecko) Chrome/95.0.4638.69 Safari/537.36"
93.83.241.1 - - [15/Nov/2021:09:08:34 +0100] "GET /loadthumbnail.php?id=12421069&width=113 HTTP/1.1" 200 3330 "http://renault.activities.at/result?dir=DESC&mode=grid&order=name&limit=15&page=2&search=Brosch%C3%BCre" "Mozilla/5.0 (Windows NT 10.0; Win64; x64) AppleWebKit/537.36 (KHTML, like Gecko) Chrome/95.0.4638.69 Safari/537.36"
93.83.241.1 - - [15/Nov/2021:09:08:34 +0100] "GET /loadthumbnail.php?id=12478733&width=113 HTTP/1.1" 200 3510 "http://renault.activities.at/result?dir=DESC&mode=grid&order=name&limit=15&page=2&search=Brosch%C3%BCre" "Mozilla/5.0 (Windows NT 10.0; Win64; x64) AppleWebKit/537.36 (KHTML, like Gecko) Chrome/95.0.4638.69 Safari/537.36"
93.83.241.1 - - [15/Nov/2021:09:08:34 +0100] "GET /loadthumbnail.php?id=12414626&width=113 HTTP/1.1" 200 3464 "http://renault.activities.at/result?dir=DESC&mode=grid&order=name&limit=15&page=2&search=Brosch%C3%BCre" "Mozilla/5.0 (Windows NT 10.0; Win64; x64) AppleWebKit/537.36 (KHTML, like Gecko) Chrome/95.0.4638.69 Safari/537.36"
93.83.241.1 - - [15/Nov/2021:09:08:34 +0100] "GET /loadthumbnail.php?id=12333903&width=113 HTTP/1.1" 200 3025 "http://renault.activities.at/result?dir=DESC&mode=grid&order=name&limit=15&page=2&search=Brosch%C3%BCre" "Mozilla/5.0 (Windows NT 10.0; Win64; x64) AppleWebKit/537.36 (KHTML, like Gecko) Chrome/95.0.4638.69 Safari/537.36"
93.83.241.1 - - [15/Nov/2021:09:08:34 +0100] "GET /loadthumbnail.php?id=12334033&width=113 HTTP/1.1" 200 3232 "http://renault.activities.at/result?dir=DESC&mode=grid&order=name&limit=15&page=2&search=Brosch%C3%BCre" "Mozilla/5.0 (Windows NT 10.0; Win64; x64) AppleWebKit/537.36 (KHTML, like Gecko) Chrome/95.0.4638.69 Safari/537.36"
93.83.241.1 - - [15/Nov/2021:09:08:34 +0100] "GET /loadthumbnail.php?id=12478737&width=113 HTTP/1.1" 200 3511 "http://renault.activities.at/result?dir=DESC&mode=grid&order=name&limit=15&page=2&search=Brosch%C3%BCre" "Mozilla/5.0 (Windows NT 10.0; Win64; x64) AppleWebKit/537.36 (KHTML, like Gecko) Chrome/95.0.4638.69 Safari/537.36"
91.113.144.26 - - [15/Nov/2021:09:08:34 +0100] "GET /reload?ser=1636963623685 HTTP/1.1" 200 28 "http://renault.activities.at/success" "Mozilla/5.0 (Windows NT 10.0; Win64; x64) AppleWebKit/537.36 (KHTML, like Gecko) Chrome/95.0.4638.69 Safari/537.36"
93.83.241.1 - - [15/Nov/2021:09:08:34 +0100] "GET /loadthumbnail.php?id=12478741&width=113 HTTP/1.1" 200 3599 "http://renault.activities.at/result?dir=DESC&mode=grid&order=name&limit=15&page=2&search=Brosch%C3%BCre" "Mozilla/5.0 (Windows NT 10.0; Win64; x64) AppleWebKit/537.36 (KHTML, like Gecko) Chrome/95.0.4638.69 Safari/537.36"
80.123.225.38 - - [15/Nov/2021:09:08:44 +0100] "GET /reload?ser=1636963644046 HTTP/1.1" 200 28 "http://renault.activities.at/10201634" "Mozilla/5.0 (Windows NT 10.0; Win64; x64) AppleWebKit/537.36 (KHTML, like Gecko) Chrome/95.0.4638.69 Safari/537.36"
93.83.241.1 - - [15/Nov/2021:09:08:45 +0100] "POST /result?dir=DESC&mode=grid&order=name&limit=15&page=2&search=Brosch%C3%BCre HTTP/1.1" 200 9341 "http://renault.activities.at/result?dir=DESC&mode=grid&order=name&limit=15&page=2&search=Brosch%C3%BCre" "Mozilla/5.0 (Windows NT 10.0; Win64; x64) AppleWebKit/537.36 (KHTML, like Gecko) Chrome/95.0.4638.69 Safari/537.36"
138.21.12.27 - - [15/Nov/2021:09:09:35 +0100] "GET /reload?ser=1636963775264 HTTP/1.1" 200 28 "http://renault.2web.at/account" "Mozilla/5.0 (Windows NT 10.0; Win64; x64) AppleWebKit/537.36 (KHTML, like Gecko) Chrome/95.0.4638.69 Safari/537.36"
91.113.144.26 - - [15/Nov/2021:09:09:36 +0100] "GET /reload?ser=1636963685681 HTTP/1.1" 200 28 "http://renault.activities.at/success" "Mozilla/5.0 (Windows NT 10.0; Win64; x64) AppleWebKit/537.36 (KHTML, like Gecko) Chrome/95.0.4638.69 Safari/537.36"
80.123.225.38 - - [15/Nov/2021:09:09:45 +0100] "GET /reload?ser=1636963705059 HTTP/1.1" 200 28 "http://renault.activities.at/10201634" "Mozilla/5.0 (Windows NT 10.0; Win64; x64) AppleWebKit/537.36 (KHTML, like Gecko) Chrome/95.0.4638.69 Safari/537.36"
93.83.241.1 - - [15/Nov/2021:09:09:49 +0100] "GET /reload?ser=1636963789684 HTTP/1.1" 200 28 "http://renault.activities.at/result?dir=DESC&mode=grid&order=name&limit=15&page=2&search=Brosch%C3%BCre" "Mozilla/5.0 (Windows NT 10.0; Win64; x64) AppleWebKit/537.36 (KHTML, like Gecko) Chrome/95.0.4638.69 Safari/537.36"
93.83.241.1 - - [15/Nov/2021:09:09:50 +0100] "GET /result?dir=DESC&mode=grid&order=name&limit=15&page=3&search=Brosch%C3%BCre HTTP/1.1" 200 9142 "http://renault.activities.at/result?dir=DESC&mode=grid&order=name&limit=15&page=2&search=Brosch%C3%BCre" "Mozilla/5.0 (Windows NT 10.0; Win64; x64) AppleWebKit/537.36 (KHTML, like Gecko) Chrome/95.0.4638.69 Safari/537.36"
93.83.241.1 - - [15/Nov/2021:09:09:54 +0100] "GET /loadthumbnail.php?id=12471830&width=113 HTTP/1.1" 200 3341 "http://renault.activities.at/result?dir=DESC&mode=grid&order=name&limit=15&page=3&search=Brosch%C3%BCre" "Mozilla/5.0 (Windows NT 10.0; Win64; x64) AppleWebKit/537.36 (KHTML, like Gecko) Chrome/95.0.4638.69 Safari/537.36"
93.83.241.1 - - [15/Nov/2021:09:09:54 +0100] "GET /loadthumbnail.php?id=12176983&width=113 HTTP/1.1" 200 2917 "http://renault.activities.at/result?dir=DESC&mode=grid&order=name&limit=15&page=3&search=Brosch%C3%BCre" "Mozilla/5.0 (Windows NT 10.0; Win64; x64) AppleWebKit/537.36 (KHTML, like Gecko) Chrome/95.0.4638.69 Safari/537.36"
93.83.241.1 - - [15/Nov/2021:09:09:54 +0100] "GET /loadthumbnail.php?id=12414630&width=113 HTTP/1.1" 200 3276 "http://renault.activities.at/result?dir=DESC&mode=grid&order=name&limit=15&page=3&search=Brosch%C3%BCre" "Mozilla/5.0 (Windows NT 10.0; Win64; x64) AppleWebKit/537.36 (KHTML, like Gecko) Chrome/95.0.4638.69 Safari/537.36"
93.83.241.1 - - [15/Nov/2021:09:09:54 +0100] "GET /loadthumbnail.php?id=12333892&width=113 HTTP/1.1" 200 3396 "http://renault.activities.at/result?dir=DESC&mode=grid&order=name&limit=15&page=3&search=Brosch%C3%BCre" "Mozilla/5.0 (Windows NT 10.0; Win64; x64) AppleWebKit/537.36 (KHTML, like Gecko) Chrome/95.0.4638.69 Safari/537.36"
93.83.241.1 - - [15/Nov/2021:09:09:54 +0100] "GET /loadthumbnail.php?id=12333882&width=113 HTTP/1.1" 200 2749 "http://renault.activities.at/result?dir=DESC&mode=grid&order=name&limit=15&page=3&search=Brosch%C3%BCre" "Mozilla/5.0 (Windows NT 10.0; Win64; x64) AppleWebKit/537.36 (KHTML, like Gecko) Chrome/95.0.4638.69 Safari/537.36"
93.83.241.1 - - [15/Nov/2021:09:09:54 +0100] "GET /loadthumbnail.php?id=12176979&width=113 HTTP/1.1" 200 2612 "http://renault.activities.at/result?dir=DESC&mode=grid&order=name&limit=15&page=3&search=Brosch%C3%BCre" "Mozilla/5.0 (Windows NT 10.0; Win64; x64) AppleWebKit/537.36 (KHTML, like Gecko) Chrome/95.0.4638.69 Safari/537.36"
93.83.241.1 - - [15/Nov/2021:09:09:54 +0100] "GET /loadthumbnail.php?id=12414625&width=113 HTTP/1.1" 200 3615 "http://renault.activities.at/result?dir=DESC&mode=grid&order=name&limit=15&page=3&search=Brosch%C3%BCre" "Mozilla/5.0 (Windows NT 10.0; Win64; x64) AppleWebKit/537.36 (KHTML, like Gecko) Chrome/95.0.4638.69 Safari/537.36"
93.83.241.1 - - [15/Nov/2021:09:09:54 +0100] "GET /loadthumbnail.php?id=12333948&width=113 HTTP/1.1" 200 3218 "http://renault.activities.at/result?dir=DESC&mode=grid&order=name&limit=15&page=3&search=Brosch%C3%BCre" "Mozilla/5.0 (Windows NT 10.0; Win64; x64) AppleWebKit/537.36 (KHTML, like Gecko) Chrome/95.0.4638.69 Safari/537.36"
93.83.241.1 - - [15/Nov/2021:09:09:54 +0100] "GET /loadthumbnail.php?id=12266125&width=113 HTTP/1.1" 200 2955 "http://renault.activities.at/result?dir=DESC&mode=grid&order=name&limit=15&page=3&search=Brosch%C3%BCre" "Mozilla/5.0 (Windows NT 10.0; Win64; x64) AppleWebKit/537.36 (KHTML, like Gecko) Chrome/95.0.4638.69 Safari/537.36"
93.83.241.1 - - [15/Nov/2021:09:09:54 +0100] "GET /loadthumbnail.php?id=12460965&width=113 HTTP/1.1" 200 2863 "http://renault.activities.at/result?dir=DESC&mode=grid&order=name&limit=15&page=3&search=Brosch%C3%BCre" "Mozilla/5.0 (Windows NT 10.0; Win64; x64) AppleWebKit/537.36 (KHTML, like Gecko) Chrome/95.0.4638.69 Safari/537.36"
93.83.241.1 - - [15/Nov/2021:09:09:54 +0100] "GET /loadthumbnail.php?id=11538169&width=113 HTTP/1.1" 200 20088 "http://renault.activities.at/result?dir=DESC&mode=grid&order=name&limit=15&page=3&search=Brosch%C3%BCre" "Mozilla/5.0 (Windows NT 10.0; Win64; x64) AppleWebKit/537.36 (KHTML, like Gecko) Chrome/95.0.4638.69 Safari/537.36"
93.83.241.1 - - [15/Nov/2021:09:09:54 +0100] "GET /loadthumbnail.php?id=11877752&width=113 HTTP/1.1" 200 41752 "http://renault.activities.at/result?dir=DESC&mode=grid&order=name&limit=15&page=3&search=Brosch%C3%BCre" "Mozilla/5.0 (Windows NT 10.0; Win64; x64) AppleWebKit/537.36 (KHTML, like Gecko) Chrome/95.0.4638.69 Safari/537.36"
93.83.241.1 - - [15/Nov/2021:09:09:54 +0100] "GET /loadthumbnail.php?id=12230773&width=113 HTTP/1.1" 200 39654 "http://renault.activities.at/result?dir=DESC&mode=grid&order=name&limit=15&page=3&search=Brosch%C3%BCre" "Mozilla/5.0 (Windows NT 10.0; Win64; x64) AppleWebKit/537.36 (KHTML, like Gecko) Chrome/95.0.4638.69 Safari/537.36"
93.83.241.1 - - [15/Nov/2021:09:09:54 +0100] "GET /loadthumbnail.php?id=12140010&width=113 HTTP/1.1" 200 28414 "http://renault.activities.at/result?dir=DESC&mode=grid&order=name&limit=15&page=3&search=Brosch%C3%BCre" "Mozilla/5.0 (Windows NT 10.0; Win64; x64) AppleWebKit/537.36 (KHTML, like Gecko) Chrome/95.0.4638.69 Safari/537.36"
93.83.241.1 - - [15/Nov/2021:09:09:54 +0100] "GET /loadthumbnail.php?id=11319988&width=113 HTTP/1.1" 200 44228 "http://renault.activities.at/result?dir=DESC&mode=grid&order=name&limit=15&page=3&search=Brosch%C3%BCre" "Mozilla/5.0 (Windows NT 10.0; Win64; x64) AppleWebKit/537.36 (KHTML, like Gecko) Chrome/95.0.4638.69 Safari/537.36"
93.83.241.1 - - [15/Nov/2021:09:10:35 +0100] "POST /axjaxrequest?mode=suggest HTTP/1.1" 200 190 "http://renault.activities.at/result?dir=DESC&mode=grid&order=name&limit=15&page=3&search=Brosch%C3%BCre" "Mozilla/5.0 (Windows NT 10.0; Win64; x64) AppleWebKit/537.36 (KHTML, like Gecko) Chrome/95.0.4638.69 Safari/537.36"
91.113.144.26 - - [15/Nov/2021:09:10:37 +0100] "GET /reload?ser=1636963746683 HTTP/1.1" 200 28 "http://renault.activities.at/success" "Mozilla/5.0 (Windows NT 10.0; Win64; x64) AppleWebKit/537.36 (KHTML, like Gecko) Chrome/95.0.4638.69 Safari/537.36"
138.21.12.27 - - [15/Nov/2021:09:10:37 +0100] "GET /reload?ser=1636963837265 HTTP/1.1" 200 28 "http://renault.2web.at/account" "Mozilla/5.0 (Windows NT 10.0; Win64; x64) AppleWebKit/537.36 (KHTML, like Gecko) Chrome/95.0.4638.69 Safari/537.36"
93.83.241.1 - - [15/Nov/2021:09:10:38 +0100] "POST /axjaxrequest?mode=suggest HTTP/1.1" 200 21 "http://renault.activities.at/result?dir=DESC&mode=grid&order=name&limit=15&page=3&search=Brosch%C3%BCre" "Mozilla/5.0 (Windows NT 10.0; Win64; x64) AppleWebKit/537.36 (KHTML, like Gecko) Chrome/95.0.4638.69 Safari/537.36"
93.83.241.1 - - [15/Nov/2021:09:10:40 +0100] "GET /result?searchterm=true&search=Brosch%FCre+Captur HTTP/1.1" 200 6876 "http://renault.activities.at/result?dir=DESC&mode=grid&order=name&limit=15&page=3&search=Brosch%C3%BCre" "Mozilla/5.0 (Windows NT 10.0; Win64; x64) AppleWebKit/537.36 (KHTML, like Gecko) Chrome/95.0.4638.69 Safari/537.36"
93.83.241.1 - - [15/Nov/2021:09:10:42 +0100] "GET /loadthumbnail.php?id=11715013&width=113 HTTP/1.1" 200 33856 "http://renault.activities.at/result?searchterm=true&search=Brosch%FCre+Captur" "Mozilla/5.0 (Windows NT 10.0; Win64; x64) AppleWebKit/537.36 (KHTML, like Gecko) Chrome/95.0.4638.69 Safari/537.36"
93.83.241.1 - - [15/Nov/2021:09:10:43 +0100] "GET /loadthumbnail.php?id=12421770&width=113 HTTP/1.1" 200 3431 "http://renault.activities.at/result?searchterm=true&search=Brosch%FCre+Captur" "Mozilla/5.0 (Windows NT 10.0; Win64; x64) AppleWebKit/537.36 (KHTML, like Gecko) Chrome/95.0.4638.69 Safari/537.36"
80.123.225.38 - - [15/Nov/2021:09:10:47 +0100] "GET /reload?ser=1636963767043 HTTP/1.1" 200 28 "http://renault.activities.at/10201634" "Mozilla/5.0 (Windows NT 10.0; Win64; x64) AppleWebKit/537.36 (KHTML, like Gecko) Chrome/95.0.4638.69 Safari/537.36"
93.83.241.1 - - [15/Nov/2021:09:10:53 +0100] "POST /result?searchterm=true&search=Brosch%FCre+Captur HTTP/1.1" 200 6976 "http://renault.activities.at/result?searchterm=true&search=Brosch%FCre+Captur" "Mozilla/5.0 (Windows NT 10.0; Win64; x64) AppleWebKit/537.36 (KHTML, like Gecko) Chrome/95.0.4638.69 Safari/537.36"
93.83.241.1 - - [15/Nov/2021:09:11:01 +0100] "POST /axjaxrequest?mode=suggest HTTP/1.1" 200 21 "http://renault.activities.at/result?searchterm=true&search=Brosch%FCre+Captur" "Mozilla/5.0 (Windows NT 10.0; Win64; x64) AppleWebKit/537.36 (KHTML, like Gecko) Chrome/95.0.4638.69 Safari/537.36"
93.83.241.1 - - [15/Nov/2021:09:11:02 +0100] "POST /axjaxrequest?mode=suggest HTTP/1.1" 200 21 "http://renault.activities.at/result?searchterm=true&search=Brosch%FCre+Captur" "Mozilla/5.0 (Windows NT 10.0; Win64; x64) AppleWebKit/537.36 (KHTML, like Gecko) Chrome/95.0.4638.69 Safari/537.36"
93.83.241.1 - - [15/Nov/2021:09:11:04 +0100] "GET /result?searchterm=true&search=Brosch%FCre+Clio HTTP/1.1" 200 7031 "http://renault.activities.at/result?searchterm=true&search=Brosch%FCre+Captur" "Mozilla/5.0 (Windows NT 10.0; Win64; x64) AppleWebKit/537.36 (KHTML, like Gecko) Chrome/95.0.4638.69 Safari/537.36"
93.83.241.1 - - [15/Nov/2021:09:11:07 +0100] "GET /loadthumbnail.php?id=11319983&width=113 HTTP/1.1" 200 38992 "http://renault.activities.at/result?searchterm=true&search=Brosch%FCre+Clio" "Mozilla/5.0 (Windows NT 10.0; Win64; x64) AppleWebKit/537.36 (KHTML, like Gecko) Chrome/95.0.4638.69 Safari/537.36"
93.83.241.1 - - [15/Nov/2021:09:11:07 +0100] "GET /loadthumbnail.php?id=12456542&width=113 HTTP/1.1" 200 3226 "http://renault.activities.at/result?searchterm=true&search=Brosch%FCre+Clio" "Mozilla/5.0 (Windows NT 10.0; Win64; x64) AppleWebKit/537.36 (KHTML, like Gecko) Chrome/95.0.4638.69 Safari/537.36"
93.83.241.1 - - [15/Nov/2021:09:11:20 +0100] "POST /result?searchterm=true&search=Brosch%FCre+Clio HTTP/1.1" 200 7134 "http://renault.activities.at/result?searchterm=true&search=Brosch%FCre+Clio" "Mozilla/5.0 (Windows NT 10.0; Win64; x64) AppleWebKit/537.36 (KHTML, like Gecko) Chrome/95.0.4638.69 Safari/537.36"
93.83.241.1 - - [15/Nov/2021:09:11:28 +0100] "POST /axjaxrequest?mode=suggest HTTP/1.1" 200 21 "http://renault.activities.at/result?searchterm=true&search=Brosch%FCre+Clio" "Mozilla/5.0 (Windows NT 10.0; Win64; x64) AppleWebKit/537.36 (KHTML, like Gecko) Chrome/95.0.4638.69 Safari/537.36"
93.83.241.1 - - [15/Nov/2021:09:11:29 +0100] "GET /result?searchterm=true&search=Brosch%FCre+Kadjar HTTP/1.1" 200 6815 "http://renault.activities.at/result?searchterm=true&search=Brosch%FCre+Clio" "Mozilla/5.0 (Windows NT 10.0; Win64; x64) AppleWebKit/537.36 (KHTML, like Gecko) Chrome/95.0.4638.69 Safari/537.36"
93.83.241.1 - - [15/Nov/2021:09:11:31 +0100] "GET /loadthumbnail.php?id=11031880&width=113 HTTP/1.1" 200 39263 "http://renault.activities.at/result?searchterm=true&search=Brosch%FCre+Kadjar" "Mozilla/5.0 (Windows NT 10.0; Win64; x64) AppleWebKit/537.36 (KHTML, like Gecko) Chrome/95.0.4638.69 Safari/537.36"
93.83.241.1 - - [15/Nov/2021:09:11:29 +0100] "POST /axjaxrequest?mode=suggest HTTP/1.1" 200 21 "http://renault.activities.at/result?searchterm=true&search=Brosch%FCre+Clio" "Mozilla/5.0 (Windows NT 10.0; Win64; x64) AppleWebKit/537.36 (KHTML, like Gecko) Chrome/95.0.4638.69 Safari/537.36"
91.113.144.26 - - [15/Nov/2021:09:11:38 +0100] "GET /reload?ser=1636963807684 HTTP/1.1" 200 28 "http://renault.activities.at/success" "Mozilla/5.0 (Windows NT 10.0; Win64; x64) AppleWebKit/537.36 (KHTML, like Gecko) Chrome/95.0.4638.69 Safari/537.36"
138.21.12.27 - - [15/Nov/2021:09:11:39 +0100] "GET /reload?ser=1636963899265 HTTP/1.1" 200 28 "http://renault.2web.at/account" "Mozilla/5.0 (Windows NT 10.0; Win64; x64) AppleWebKit/537.36 (KHTML, like Gecko) Chrome/95.0.4638.69 Safari/537.36"
80.123.225.38 - - [15/Nov/2021:09:11:48 +0100] "GET /reload?ser=1636963828049 HTTP/1.1" 200 28 "http://renault.activities.at/10201634" "Mozilla/5.0 (Windows NT 10.0; Win64; x64) AppleWebKit/537.36 (KHTML, like Gecko) Chrome/95.0.4638.69 Safari/537.36"
93.83.241.1 - - [15/Nov/2021:09:11:49 +0100] "POST /result?searchterm=true&search=Brosch%FCre+Kadjar HTTP/1.1" 200 6916 "http://renault.activities.at/result?searchterm=true&search=Brosch%FCre+Kadjar" "Mozilla/5.0 (Windows NT 10.0; Win64; x64) AppleWebKit/537.36 (KHTML, like Gecko) Chrome/95.0.4638.69 Safari/537.36"
93.83.241.1 - - [15/Nov/2021:09:11:59 +0100] "GET /cart HTTP/1.1" 200 5648 "http://renault.activities.at/result?searchterm=true&search=Brosch%FCre+Kadjar" "Mozilla/5.0 (Windows NT 10.0; Win64; x64) AppleWebKit/537.36 (KHTML, like Gecko) Chrome/95.0.4638.69 Safari/537.36"
93.83.241.1 - - [15/Nov/2021:09:12:02 +0100] "GET /loadthumbnail.php?id=10232009&width=16&height=16 HTTP/1.1" 200 700 "http://renault.activities.at/cart" "Mozilla/5.0 (Windows NT 10.0; Win64; x64) AppleWebKit/537.36 (KHTML, like Gecko) Chrome/95.0.4638.69 Safari/537.36"
93.83.241.1 - - [15/Nov/2021:09:12:02 +0100] "GET /loadthumbnail.php?id=12421770&width=100 HTTP/1.1" 200 2826 "http://renault.activities.at/cart" "Mozilla/5.0 (Windows NT 10.0; Win64; x64) AppleWebKit/537.36 (KHTML, like Gecko) Chrome/95.0.4638.69 Safari/537.36"
93.83.241.1 - - [15/Nov/2021:09:12:02 +0100] "GET /loadthumbnail.php?id=12138224&width=100 HTTP/1.1" 200 2835 "http://renault.activities.at/cart" "Mozilla/5.0 (Windows NT 10.0; Win64; x64) AppleWebKit/537.36 (KHTML, like Gecko) Chrome/95.0.4638.69 Safari/537.36"
93.83.241.1 - - [15/Nov/2021:09:12:02 +0100] "GET /loadthumbnail.php?id=12456542&width=100 HTTP/1.1" 200 2669 "http://renault.activities.at/cart" "Mozilla/5.0 (Windows NT 10.0; Win64; x64) AppleWebKit/537.36 (KHTML, like Gecko) Chrome/95.0.4638.69 Safari/537.36"
93.83.241.1 - - [15/Nov/2021:09:12:02 +0100] "GET /loadthumbnail.php?id=12333948&width=100 HTTP/1.1" 200 2795 "http://renault.activities.at/cart" "Mozilla/5.0 (Windows NT 10.0; Win64; x64) AppleWebKit/537.36 (KHTML, like Gecko) Chrome/95.0.4638.69 Safari/537.36"
93.83.241.1 - - [15/Nov/2021:09:12:02 +0100] "GET /loadthumbnail.php?id=12333924&width=100 HTTP/1.1" 200 2500 "http://renault.activities.at/cart" "Mozilla/5.0 (Windows NT 10.0; Win64; x64) AppleWebKit/537.36 (KHTML, like Gecko) Chrome/95.0.4638.69 Safari/537.36"
93.83.241.1 - - [15/Nov/2021:09:12:14 +0100] "POST /cart HTTP/1.1" 200 5709 "http://renault.activities.at/cart" "Mozilla/5.0 (Windows NT 10.0; Win64; x64) AppleWebKit/537.36 (KHTML, like Gecko) Chrome/95.0.4638.69 Safari/537.36"
93.83.241.1 - - [15/Nov/2021:09:12:23 +0100] "GET /checkout HTTP/1.1" 200 10250 "http://renault.activities.at/cart" "Mozilla/5.0 (Windows NT 10.0; Win64; x64) AppleWebKit/537.36 (KHTML, like Gecko) Chrome/95.0.4638.69 Safari/537.36"
93.83.241.1 - - [15/Nov/2021:09:12:27 +0100] "GET /js/checkout2.js HTTP/1.1" 200 4122 "http://renault.activities.at/checkout" "Mozilla/5.0 (Windows NT 10.0; Win64; x64) AppleWebKit/537.36 (KHTML, like Gecko) Chrome/95.0.4638.69 Safari/537.36"
93.83.241.1 - - [15/Nov/2021:09:12:27 +0100] "GET /images/ajax_loading.gif HTTP/1.1" 200 1542 "http://renault.activities.at/checkout" "Mozilla/5.0 (Windows NT 10.0; Win64; x64) AppleWebKit/537.36 (KHTML, like Gecko) Chrome/95.0.4638.69 Safari/537.36"
93.83.241.1 - - [15/Nov/2021:09:12:28 +0100] "GET /images/step_bg.jpg HTTP/1.1" 200 319 "http://renault.activities.at/css/styles.css" "Mozilla/5.0 (Windows NT 10.0; Win64; x64) AppleWebKit/537.36 (KHTML, like Gecko) Chrome/95.0.4638.69 Safari/537.36"
93.83.241.1 - - [15/Nov/2021:09:12:27 +0100] "GET /loadthumbnail.php?id=10202698 HTTP/1.1" 200 16686 "http://renault.activities.at/checkout" "Mozilla/5.0 (Windows NT 10.0; Win64; x64) AppleWebKit/537.36 (KHTML, like Gecko) Chrome/95.0.4638.69 Safari/537.36"
93.83.241.1 - - [15/Nov/2021:09:12:27 +0100] "GET /loadthumbnail.php?id=10201939 HTTP/1.1" 200 201 "http://renault.activities.at/checkout" "Mozilla/5.0 (Windows NT 10.0; Win64; x64) AppleWebKit/537.36 (KHTML, like Gecko) Chrome/95.0.4638.69 Safari/537.36"
93.83.241.1 - - [15/Nov/2021:09:12:28 +0100] "GET /images/checkout_border_top.gif HTTP/1.1" 200 156 "http://renault.activities.at/css/styles.css" "Mozilla/5.0 (Windows NT 10.0; Win64; x64) AppleWebKit/537.36 (KHTML, like Gecko) Chrome/95.0.4638.69 Safari/537.36"
93.83.241.1 - - [15/Nov/2021:09:12:28 +0100] "GET /images/checkout_border.gif HTTP/1.1" 200 43 "http://renault.activities.at/css/styles.css" "Mozilla/5.0 (Windows NT 10.0; Win64; x64) AppleWebKit/537.36 (KHTML, like Gecko) Chrome/95.0.4638.69 Safari/537.36"
93.83.241.1 - - [15/Nov/2021:09:12:28 +0100] "GET /images/step_marker.gif HTTP/1.1" 200 650 "http://renault.activities.at/css/styles.css" "Mozilla/5.0 (Windows NT 10.0; Win64; x64) AppleWebKit/537.36 (KHTML, like Gecko) Chrome/95.0.4638.69 Safari/537.36"
93.83.241.1 - - [15/Nov/2021:09:12:36 +0100] "POST /docheckout HTTP/1.1" 200 457 "http://renault.activities.at/checkout" "Mozilla/5.0 (Windows NT 10.0; Win64; x64) AppleWebKit/537.36 (KHTML, like Gecko) Chrome/95.0.4638.69 Safari/537.36"
91.113.144.26 - - [15/Nov/2021:09:12:39 +0100] "GET /reload?ser=1636963868683 HTTP/1.1" 200 28 "http://renault.activities.at/success" "Mozilla/5.0 (Windows NT 10.0; Win64; x64) AppleWebKit/537.36 (KHTML, like Gecko) Chrome/95.0.4638.69 Safari/537.36"
93.83.241.1 - - [15/Nov/2021:09:12:40 +0100] "POST /docheckout HTTP/1.1" 200 765 "http://renault.activities.at/checkout" "Mozilla/5.0 (Windows NT 10.0; Win64; x64) AppleWebKit/537.36 (KHTML, like Gecko) Chrome/95.0.4638.69 Safari/537.36"
93.83.241.1 - - [15/Nov/2021:09:12:42 +0100] "GET /images/error_msg_icon.gif HTTP/1.1" 200 1013 "http://renault.activities.at/checkout" "Mozilla/5.0 (Windows NT 10.0; Win64; x64) AppleWebKit/537.36 (KHTML, like Gecko) Chrome/95.0.4638.69 Safari/537.36"
138.21.12.27 - - [15/Nov/2021:09:12:41 +0100] "GET /reload?ser=1636963961265 HTTP/1.1" 200 28 "http://renault.2web.at/account" "Mozilla/5.0 (Windows NT 10.0; Win64; x64) AppleWebKit/537.36 (KHTML, like Gecko) Chrome/95.0.4638.69 Safari/537.36"
93.83.241.1 - - [15/Nov/2021:09:12:46 +0100] "POST /docheckout HTTP/1.1" 200 68 "http://renault.activities.at/checkout" "Mozilla/5.0 (Windows NT 10.0; Win64; x64) AppleWebKit/537.36 (KHTML, like Gecko) Chrome/95.0.4638.69 Safari/537.36"
80.123.225.38 - - [15/Nov/2021:09:12:49 +0100] "GET /reload?ser=1636963889055 HTTP/1.1" 200 28 "http://renault.activities.at/10201634" "Mozilla/5.0 (Windows NT 10.0; Win64; x64) AppleWebKit/537.36 (KHTML, like Gecko) Chrome/95.0.4638.69 Safari/537.36"
93.83.241.1 - - [15/Nov/2021:09:12:49 +0100] "GET /success HTTP/1.1" 200 3778 "http://renault.activities.at/checkout" "Mozilla/5.0 (Windows NT 10.0; Win64; x64) AppleWebKit/537.36 (KHTML, like Gecko) Chrome/95.0.4638.69 Safari/537.36"
91.113.144.26 - - [15/Nov/2021:09:13:40 +0100] "GET /reload?ser=1636963929680 HTTP/1.1" 200 28 "http://renault.activities.at/success" "Mozilla/5.0 (Windows NT 10.0; Win64; x64) AppleWebKit/537.36 (KHTML, like Gecko) Chrome/95.0.4638.69 Safari/537.36"
138.21.12.27 - - [15/Nov/2021:09:13:43 +0100] "GET /reload?ser=1636964023266 HTTP/1.1" 200 28 "http://renault.2web.at/account" "Mozilla/5.0 (Windows NT 10.0; Win64; x64) AppleWebKit/537.36 (KHTML, like Gecko) Chrome/95.0.4638.69 Safari/537.36"
80.123.225.38 - - [15/Nov/2021:09:13:51 +0100] "GET /reload?ser=1636963951054 HTTP/1.1" 200 28 "http://renault.activities.at/10201634" "Mozilla/5.0 (Windows NT 10.0; Win64; x64) AppleWebKit/537.36 (KHTML, like Gecko) Chrome/95.0.4638.69 Safari/537.36"
93.83.241.1 - - [15/Nov/2021:09:13:52 +0100] "GET /reload?ser=1636964032165 HTTP/1.1" 200 28 "http://renault.activities.at/success" "Mozilla/5.0 (Windows NT 10.0; Win64; x64) AppleWebKit/537.36 (KHTML, like Gecko) Chrome/95.0.4638.69 Safari/537.36"
91.113.144.26 - - [15/Nov/2021:09:14:41 +0100] "GET /reload?ser=1636963990677 HTTP/1.1" 200 28 "http://renault.activities.at/success" "Mozilla/5.0 (Windows NT 10.0; Win64; x64) AppleWebKit/537.36 (KHTML, like Gecko) Chrome/95.0.4638.69 Safari/537.36"
138.21.12.27 - - [15/Nov/2021:09:14:45 +0100] "GET /reload?ser=1636964085265 HTTP/1.1" 200 28 "http://renault.2web.at/account" "Mozilla/5.0 (Windows NT 10.0; Win64; x64) AppleWebKit/537.36 (KHTML, like Gecko) Chrome/95.0.4638.69 Safari/537.36"
80.123.225.38 - - [15/Nov/2021:09:14:52 +0100] "GET /reload?ser=1636964012054 HTTP/1.1" 200 28 "http://renault.activities.at/10201634" "Mozilla/5.0 (Windows NT 10.0; Win64; x64) AppleWebKit/537.36 (KHTML, like Gecko) Chrome/95.0.4638.69 Safari/537.36"
93.83.241.1 - - [15/Nov/2021:09:14:53 +0100] "GET /reload?ser=1636964093589 HTTP/1.1" 200 28 "http://renault.activities.at/success" "Mozilla/5.0 (Windows NT 10.0; Win64; x64) AppleWebKit/537.36 (KHTML, like Gecko) Chrome/95.0.4638.69 Safari/537.36"
91.113.144.26 - - [15/Nov/2021:09:15:42 +0100] "GET /reload?ser=1636964051665 HTTP/1.1" 200 28 "http://renault.activities.at/success" "Mozilla/5.0 (Windows NT 10.0; Win64; x64) AppleWebKit/537.36 (KHTML, like Gecko) Chrome/95.0.4638.69 Safari/537.36"
138.21.12.27 - - [15/Nov/2021:09:15:47 +0100] "GET /reload?ser=1636964147265 HTTP/1.1" 200 28 "http://renault.2web.at/account" "Mozilla/5.0 (Windows NT 10.0; Win64; x64) AppleWebKit/537.36 (KHTML, like Gecko) Chrome/95.0.4638.69 Safari/537.36"
80.123.225.38 - - [15/Nov/2021:09:15:54 +0100] "GET /reload?ser=1636964074054 HTTP/1.1" 200 28 "http://renault.activities.at/10201634" "Mozilla/5.0 (Windows NT 10.0; Win64; x64) AppleWebKit/537.36 (KHTML, like Gecko) Chrome/95.0.4638.69 Safari/537.36"
93.83.241.1 - - [15/Nov/2021:09:15:55 +0100] "GET /reload?ser=1636964155597 HTTP/1.1" 200 28 "http://renault.activities.at/success" "Mozilla/5.0 (Windows NT 10.0; Win64; x64) AppleWebKit/537.36 (KHTML, like Gecko) Chrome/95.0.4638.69 Safari/537.36"
91.113.144.26 - - [15/Nov/2021:09:16:43 +0100] "GET /reload?ser=1636964112664 HTTP/1.1" 200 28 "http://renault.activities.at/success" "Mozilla/5.0 (Windows NT 10.0; Win64; x64) AppleWebKit/537.36 (KHTML, like Gecko) Chrome/95.0.4638.69 Safari/537.36"
138.21.12.27 - - [15/Nov/2021:09:16:49 +0100] "GET /reload?ser=1636964209265 HTTP/1.1" 200 28 "http://renault.2web.at/account" "Mozilla/5.0 (Windows NT 10.0; Win64; x64) AppleWebKit/537.36 (KHTML, like Gecko) Chrome/95.0.4638.69 Safari/537.36"
80.123.225.38 - - [15/Nov/2021:09:16:56 +0100] "GET /reload?ser=1636964136051 HTTP/1.1" 200 28 "http://renault.activities.at/10201634" "Mozilla/5.0 (Windows NT 10.0; Win64; x64) AppleWebKit/537.36 (KHTML, like Gecko) Chrome/95.0.4638.69 Safari/537.36"
93.83.241.1 - - [15/Nov/2021:09:16:57 +0100] "GET /reload?ser=1636964217598 HTTP/1.1" 200 28 "http://renault.activities.at/success" "Mozilla/5.0 (Windows NT 10.0; Win64; x64) AppleWebKit/537.36 (KHTML, like Gecko) Chrome/95.0.4638.69 Safari/537.36"
91.113.144.26 - - [15/Nov/2021:09:17:44 +0100] "GET /reload?ser=1636964173665 HTTP/1.1" 200 28 "http://renault.activities.at/success" "Mozilla/5.0 (Windows NT 10.0; Win64; x64) AppleWebKit/537.36 (KHTML, like Gecko) Chrome/95.0.4638.69 Safari/537.36"
138.21.12.27 - - [15/Nov/2021:09:17:51 +0100] "GET /reload?ser=1636964271266 HTTP/1.1" 200 28 "http://renault.2web.at/account" "Mozilla/5.0 (Windows NT 10.0; Win64; x64) AppleWebKit/537.36 (KHTML, like Gecko) Chrome/95.0.4638.69 Safari/537.36"
80.123.225.38 - - [15/Nov/2021:09:17:58 +0100] "GET /reload?ser=1636964198048 HTTP/1.1" 200 28 "http://renault.activities.at/10201634" "Mozilla/5.0 (Windows NT 10.0; Win64; x64) AppleWebKit/537.36 (KHTML, like Gecko) Chrome/95.0.4638.69 Safari/537.36"
93.83.241.1 - - [15/Nov/2021:09:17:59 +0100] "GET /reload?ser=1636964279588 HTTP/1.1" 200 28 "http://renault.activities.at/success" "Mozilla/5.0 (Windows NT 10.0; Win64; x64) AppleWebKit/537.36 (KHTML, like Gecko) Chrome/95.0.4638.69 Safari/537.36"
91.113.144.26 - - [15/Nov/2021:09:18:45 +0100] "GET /reload?ser=1636964234652 HTTP/1.1" 200 28 "http://renault.activities.at/success" "Mozilla/5.0 (Windows NT 10.0; Win64; x64) AppleWebKit/537.36 (KHTML, like Gecko) Chrome/95.0.4638.69 Safari/537.36"
138.21.12.27 - - [15/Nov/2021:09:18:53 +0100] "GET /reload?ser=1636964333266 HTTP/1.1" 200 28 "http://renault.2web.at/account" "Mozilla/5.0 (Windows NT 10.0; Win64; x64) AppleWebKit/537.36 (KHTML, like Gecko) Chrome/95.0.4638.69 Safari/537.36"
80.123.225.38 - - [15/Nov/2021:09:18:59 +0100] "GET /reload?ser=1636964259043 HTTP/1.1" 200 28 "http://renault.activities.at/10201634" "Mozilla/5.0 (Windows NT 10.0; Win64; x64) AppleWebKit/537.36 (KHTML, like Gecko) Chrome/95.0.4638.69 Safari/537.36"
93.83.241.1 - - [15/Nov/2021:09:19:01 +0100] "GET /reload?ser=1636964341598 HTTP/1.1" 200 28 "http://renault.activities.at/success" "Mozilla/5.0 (Windows NT 10.0; Win64; x64) AppleWebKit/537.36 (KHTML, like Gecko) Chrome/95.0.4638.69 Safari/537.36"
91.113.144.26 - - [15/Nov/2021:09:19:46 +0100] "GET /reload?ser=1636964295662 HTTP/1.1" 200 28 "http://renault.activities.at/success" "Mozilla/5.0 (Windows NT 10.0; Win64; x64) AppleWebKit/537.36 (KHTML, like Gecko) Chrome/95.0.4638.69 Safari/537.36"
138.21.12.27 - - [15/Nov/2021:09:19:55 +0100] "GET /reload?ser=1636964395265 HTTP/1.1" 200 28 "http://renault.2web.at/account" "Mozilla/5.0 (Windows NT 10.0; Win64; x64) AppleWebKit/537.36 (KHTML, like Gecko) Chrome/95.0.4638.69 Safari/537.36"
80.123.225.38 - - [15/Nov/2021:09:20:00 +0100] "GET /reload?ser=1636964320044 HTTP/1.1" 200 28 "http://renault.activities.at/10201634" "Mozilla/5.0 (Windows NT 10.0; Win64; x64) AppleWebKit/537.36 (KHTML, like Gecko) Chrome/95.0.4638.69 Safari/537.36"
93.83.241.1 - - [15/Nov/2021:09:20:03 +0100] "GET /reload?ser=1636964403596 HTTP/1.1" 200 28 "http://renault.activities.at/success" "Mozilla/5.0 (Windows NT 10.0; Win64; x64) AppleWebKit/537.36 (KHTML, like Gecko) Chrome/95.0.4638.69 Safari/537.36"
