83.175.83.150 - - [15/Nov/2021:15:25:13 +0100] "GET /reload?ser=1636986313106 HTTP/1.1" 200 28 "http://renault.activities.at/account" "Mozilla/5.0 (Windows NT 10.0; Win64; x64) AppleWebKit/537.36 (KHTML, like Gecko) Chrome/95.0.4638.69 Safari/537.36"
157.97.71.85 - - [15/Nov/2021:15:25:29 +0100] "GET /reload?ser=1636986328974 HTTP/1.1" 200 28 "http://renault.activities.at/result?searchterm=true&search=Sandero" "Mozilla/5.0 (Windows NT 10.0; Win64; x64) AppleWebKit/537.36 (KHTML, like Gecko) Chrome/95.0.4638.69 Safari/537.36"
138.21.12.27 - - [15/Nov/2021:15:25:38 +0100] "GET /reload?ser=1636986337833 HTTP/1.1" 200 28 "http://renault.2web.at/account" "Mozilla/5.0 (Windows NT 10.0; Win64; x64) AppleWebKit/537.36 (KHTML, like Gecko) Chrome/95.0.4638.69 Safari/537.36"
83.175.83.150 - - [15/Nov/2021:15:26:14 +0100] "GET /reload?ser=1636986374101 HTTP/1.1" 200 28 "http://renault.activities.at/account" "Mozilla/5.0 (Windows NT 10.0; Win64; x64) AppleWebKit/537.36 (KHTML, like Gecko) Chrome/95.0.4638.69 Safari/537.36"
157.97.71.85 - - [15/Nov/2021:15:26:30 +0100] "GET /reload?ser=1636986389965 HTTP/1.1" 200 28 "http://renault.activities.at/result?searchterm=true&search=Sandero" "Mozilla/5.0 (Windows NT 10.0; Win64; x64) AppleWebKit/537.36 (KHTML, like Gecko) Chrome/95.0.4638.69 Safari/537.36"
138.21.12.27 - - [15/Nov/2021:15:26:40 +0100] "GET /reload?ser=1636986399834 HTTP/1.1" 200 28 "http://renault.2web.at/account" "Mozilla/5.0 (Windows NT 10.0; Win64; x64) AppleWebKit/537.36 (KHTML, like Gecko) Chrome/95.0.4638.69 Safari/537.36"
83.175.83.150 - - [15/Nov/2021:15:27:15 +0100] "GET /reload?ser=1636986435106 HTTP/1.1" 200 28 "http://renault.activities.at/account" "Mozilla/5.0 (Windows NT 10.0; Win64; x64) AppleWebKit/537.36 (KHTML, like Gecko) Chrome/95.0.4638.69 Safari/537.36"
157.97.71.85 - - [15/Nov/2021:15:27:32 +0100] "GET /reload?ser=1636986451971 HTTP/1.1" 200 28 "http://renault.activities.at/result?searchterm=true&search=Sandero" "Mozilla/5.0 (Windows NT 10.0; Win64; x64) AppleWebKit/537.36 (KHTML, like Gecko) Chrome/95.0.4638.69 Safari/537.36"
138.21.12.27 - - [15/Nov/2021:15:27:42 +0100] "GET /reload?ser=1636986461834 HTTP/1.1" 200 28 "http://renault.2web.at/account" "Mozilla/5.0 (Windows NT 10.0; Win64; x64) AppleWebKit/537.36 (KHTML, like Gecko) Chrome/95.0.4638.69 Safari/537.36"
83.175.83.150 - - [15/Nov/2021:15:28:17 +0100] "GET /reload?ser=1636986497115 HTTP/1.1" 200 28 "http://renault.activities.at/account" "Mozilla/5.0 (Windows NT 10.0; Win64; x64) AppleWebKit/537.36 (KHTML, like Gecko) Chrome/95.0.4638.69 Safari/537.36"
157.97.71.85 - - [15/Nov/2021:15:28:32 +0100] "GET /reload?ser=1636986512961 HTTP/1.1" 200 28 "http://renault.activities.at/result?searchterm=true&search=Sandero" "Mozilla/5.0 (Windows NT 10.0; Win64; x64) AppleWebKit/537.36 (KHTML, like Gecko) Chrome/95.0.4638.69 Safari/537.36"
138.21.12.27 - - [15/Nov/2021:15:28:44 +0100] "GET /reload?ser=1636986523835 HTTP/1.1" 200 28 "http://renault.2web.at/account" "Mozilla/5.0 (Windows NT 10.0; Win64; x64) AppleWebKit/537.36 (KHTML, like Gecko) Chrome/95.0.4638.69 Safari/537.36"
83.175.83.150 - - [15/Nov/2021:15:29:18 +0100] "GET /reload?ser=1636986558115 HTTP/1.1" 200 28 "http://renault.activities.at/account" "Mozilla/5.0 (Windows NT 10.0; Win64; x64) AppleWebKit/537.36 (KHTML, like Gecko) Chrome/95.0.4638.69 Safari/537.36"
157.97.71.85 - - [15/Nov/2021:15:29:34 +0100] "GET /reload?ser=1636986573968 HTTP/1.1" 200 28 "http://renault.activities.at/result?searchterm=true&search=Sandero" "Mozilla/5.0 (Windows NT 10.0; Win64; x64) AppleWebKit/537.36 (KHTML, like Gecko) Chrome/95.0.4638.69 Safari/537.36"
138.21.12.27 - - [15/Nov/2021:15:29:46 +0100] "GET /reload?ser=1636986585835 HTTP/1.1" 200 28 "http://renault.2web.at/account" "Mozilla/5.0 (Windows NT 10.0; Win64; x64) AppleWebKit/537.36 (KHTML, like Gecko) Chrome/95.0.4638.69 Safari/537.36"
83.175.83.150 - - [15/Nov/2021:15:30:19 +0100] "GET /reload?ser=1636986619112 HTTP/1.1" 200 28 "http://renault.activities.at/account" "Mozilla/5.0 (Windows NT 10.0; Win64; x64) AppleWebKit/537.36 (KHTML, like Gecko) Chrome/95.0.4638.69 Safari/537.36"
157.97.71.85 - - [15/Nov/2021:15:30:36 +0100] "GET /reload?ser=1636986635975 HTTP/1.1" 200 28 "http://renault.activities.at/result?searchterm=true&search=Sandero" "Mozilla/5.0 (Windows NT 10.0; Win64; x64) AppleWebKit/537.36 (KHTML, like Gecko) Chrome/95.0.4638.69 Safari/537.36"
138.21.12.27 - - [15/Nov/2021:15:30:48 +0100] "GET /reload?ser=1636986647836 HTTP/1.1" 200 28 "http://renault.2web.at/account" "Mozilla/5.0 (Windows NT 10.0; Win64; x64) AppleWebKit/537.36 (KHTML, like Gecko) Chrome/95.0.4638.69 Safari/537.36"
83.175.83.150 - - [15/Nov/2021:15:31:20 +0100] "GET /reload?ser=1636986680104 HTTP/1.1" 200 28 "http://renault.activities.at/account" "Mozilla/5.0 (Windows NT 10.0; Win64; x64) AppleWebKit/537.36 (KHTML, like Gecko) Chrome/95.0.4638.69 Safari/537.36"
157.97.71.85 - - [15/Nov/2021:15:31:37 +0100] "GET /reload?ser=1636986696966 HTTP/1.1" 200 28 "http://renault.activities.at/result?searchterm=true&search=Sandero" "Mozilla/5.0 (Windows NT 10.0; Win64; x64) AppleWebKit/537.36 (KHTML, like Gecko) Chrome/95.0.4638.69 Safari/537.36"
138.21.12.27 - - [15/Nov/2021:15:31:50 +0100] "GET /reload?ser=1636986709837 HTTP/1.1" 200 28 "http://renault.2web.at/account" "Mozilla/5.0 (Windows NT 10.0; Win64; x64) AppleWebKit/537.36 (KHTML, like Gecko) Chrome/95.0.4638.69 Safari/537.36"
83.175.83.150 - - [15/Nov/2021:15:32:21 +0100] "GET /reload?ser=1636986741104 HTTP/1.1" 200 28 "http://renault.activities.at/account" "Mozilla/5.0 (Windows NT 10.0; Win64; x64) AppleWebKit/537.36 (KHTML, like Gecko) Chrome/95.0.4638.69 Safari/537.36"
157.97.71.85 - - [15/Nov/2021:15:32:38 +0100] "GET /reload?ser=1636986757973 HTTP/1.1" 200 28 "http://renault.activities.at/result?searchterm=true&search=Sandero" "Mozilla/5.0 (Windows NT 10.0; Win64; x64) AppleWebKit/537.36 (KHTML, like Gecko) Chrome/95.0.4638.69 Safari/537.36"
138.21.12.27 - - [15/Nov/2021:15:32:52 +0100] "GET /reload?ser=1636986771840 HTTP/1.1" 200 28 "http://renault.2web.at/account" "Mozilla/5.0 (Windows NT 10.0; Win64; x64) AppleWebKit/537.36 (KHTML, like Gecko) Chrome/95.0.4638.69 Safari/537.36"
83.175.83.150 - - [15/Nov/2021:15:33:22 +0100] "GET /reload?ser=1636986802113 HTTP/1.1" 200 28 "http://renault.activities.at/account" "Mozilla/5.0 (Windows NT 10.0; Win64; x64) AppleWebKit/537.36 (KHTML, like Gecko) Chrome/95.0.4638.69 Safari/537.36"
157.97.71.85 - - [15/Nov/2021:15:33:40 +0100] "GET /reload?ser=1636986819965 HTTP/1.1" 200 28 "http://renault.activities.at/result?searchterm=true&search=Sandero" "Mozilla/5.0 (Windows NT 10.0; Win64; x64) AppleWebKit/537.36 (KHTML, like Gecko) Chrome/95.0.4638.69 Safari/537.36"
138.21.12.27 - - [15/Nov/2021:15:33:54 +0100] "GET /reload?ser=1636986833837 HTTP/1.1" 200 28 "http://renault.2web.at/account" "Mozilla/5.0 (Windows NT 10.0; Win64; x64) AppleWebKit/537.36 (KHTML, like Gecko) Chrome/95.0.4638.69 Safari/537.36"
83.175.83.150 - - [15/Nov/2021:15:34:24 +0100] "GET /reload?ser=1636986864112 HTTP/1.1" 200 28 "http://renault.activities.at/account" "Mozilla/5.0 (Windows NT 10.0; Win64; x64) AppleWebKit/537.36 (KHTML, like Gecko) Chrome/95.0.4638.69 Safari/537.36"
157.97.71.85 - - [15/Nov/2021:15:34:41 +0100] "GET /reload?ser=1636986880971 HTTP/1.1" 200 28 "http://renault.activities.at/result?searchterm=true&search=Sandero" "Mozilla/5.0 (Windows NT 10.0; Win64; x64) AppleWebKit/537.36 (KHTML, like Gecko) Chrome/95.0.4638.69 Safari/537.36"
138.21.12.27 - - [15/Nov/2021:15:34:56 +0100] "GET /reload?ser=1636986895838 HTTP/1.1" 200 28 "http://renault.2web.at/account" "Mozilla/5.0 (Windows NT 10.0; Win64; x64) AppleWebKit/537.36 (KHTML, like Gecko) Chrome/95.0.4638.69 Safari/537.36"
83.175.83.150 - - [15/Nov/2021:15:35:25 +0100] "GET /reload?ser=1636986925106 HTTP/1.1" 200 28 "http://renault.activities.at/account" "Mozilla/5.0 (Windows NT 10.0; Win64; x64) AppleWebKit/537.36 (KHTML, like Gecko) Chrome/95.0.4638.69 Safari/537.36"
157.97.71.85 - - [15/Nov/2021:15:35:42 +0100] "GET /reload?ser=1636986941971 HTTP/1.1" 200 28 "http://renault.activities.at/result?searchterm=true&search=Sandero" "Mozilla/5.0 (Windows NT 10.0; Win64; x64) AppleWebKit/537.36 (KHTML, like Gecko) Chrome/95.0.4638.69 Safari/537.36"
138.21.12.27 - - [15/Nov/2021:15:35:58 +0100] "GET /reload?ser=1636986957839 HTTP/1.1" 200 28 "http://renault.2web.at/account" "Mozilla/5.0 (Windows NT 10.0; Win64; x64) AppleWebKit/537.36 (KHTML, like Gecko) Chrome/95.0.4638.69 Safari/537.36"
83.175.83.150 - - [15/Nov/2021:15:36:26 +0100] "GET /reload?ser=1636986986114 HTTP/1.1" 200 28 "http://renault.activities.at/account" "Mozilla/5.0 (Windows NT 10.0; Win64; x64) AppleWebKit/537.36 (KHTML, like Gecko) Chrome/95.0.4638.69 Safari/537.36"
157.97.71.85 - - [15/Nov/2021:15:36:43 +0100] "GET /reload?ser=1636987003961 HTTP/1.1" 200 28 "http://renault.activities.at/result?searchterm=true&search=Sandero" "Mozilla/5.0 (Windows NT 10.0; Win64; x64) AppleWebKit/537.36 (KHTML, like Gecko) Chrome/95.0.4638.69 Safari/537.36"
138.21.12.27 - - [15/Nov/2021:15:37:00 +0100] "GET /reload?ser=1636987019839 HTTP/1.1" 200 28 "http://renault.2web.at/account" "Mozilla/5.0 (Windows NT 10.0; Win64; x64) AppleWebKit/537.36 (KHTML, like Gecko) Chrome/95.0.4638.69 Safari/537.36"
83.175.83.150 - - [15/Nov/2021:15:37:27 +0100] "GET /reload?ser=1636987047108 HTTP/1.1" 200 28 "http://renault.activities.at/account" "Mozilla/5.0 (Windows NT 10.0; Win64; x64) AppleWebKit/537.36 (KHTML, like Gecko) Chrome/95.0.4638.69 Safari/537.36"
157.97.71.85 - - [15/Nov/2021:15:37:46 +0100] "GET /reload?ser=1636987065968 HTTP/1.1" 200 28 "http://renault.activities.at/result?searchterm=true&search=Sandero" "Mozilla/5.0 (Windows NT 10.0; Win64; x64) AppleWebKit/537.36 (KHTML, like Gecko) Chrome/95.0.4638.69 Safari/537.36"
138.21.12.27 - - [15/Nov/2021:15:38:02 +0100] "GET /reload?ser=1636987081841 HTTP/1.1" 200 28 "http://renault.2web.at/account" "Mozilla/5.0 (Windows NT 10.0; Win64; x64) AppleWebKit/537.36 (KHTML, like Gecko) Chrome/95.0.4638.69 Safari/537.36"
83.175.83.150 - - [15/Nov/2021:15:38:28 +0100] "GET /reload?ser=1636987108112 HTTP/1.1" 200 28 "http://renault.activities.at/account" "Mozilla/5.0 (Windows NT 10.0; Win64; x64) AppleWebKit/537.36 (KHTML, like Gecko) Chrome/95.0.4638.69 Safari/537.36"
157.97.71.85 - - [15/Nov/2021:15:38:47 +0100] "GET /reload?ser=1636987126975 HTTP/1.1" 200 28 "http://renault.activities.at/result?searchterm=true&search=Sandero" "Mozilla/5.0 (Windows NT 10.0; Win64; x64) AppleWebKit/537.36 (KHTML, like Gecko) Chrome/95.0.4638.69 Safari/537.36"
138.21.12.27 - - [15/Nov/2021:15:39:04 +0100] "GET /reload?ser=1636987143846 HTTP/1.1" 200 28 "http://renault.2web.at/account" "Mozilla/5.0 (Windows NT 10.0; Win64; x64) AppleWebKit/537.36 (KHTML, like Gecko) Chrome/95.0.4638.69 Safari/537.36"
83.175.83.150 - - [15/Nov/2021:15:39:29 +0100] "GET /reload?ser=1636987169099 HTTP/1.1" 200 28 "http://renault.activities.at/account" "Mozilla/5.0 (Windows NT 10.0; Win64; x64) AppleWebKit/537.36 (KHTML, like Gecko) Chrome/95.0.4638.69 Safari/537.36"
157.97.71.85 - - [15/Nov/2021:15:39:47 +0100] "GET /reload?ser=1636987187965 HTTP/1.1" 200 28 "http://renault.activities.at/result?searchterm=true&search=Sandero" "Mozilla/5.0 (Windows NT 10.0; Win64; x64) AppleWebKit/537.36 (KHTML, like Gecko) Chrome/95.0.4638.69 Safari/537.36"
138.21.12.27 - - [15/Nov/2021:15:40:06 +0100] "GET /reload?ser=1636987205850 HTTP/1.1" 200 28 "http://renault.2web.at/account" "Mozilla/5.0 (Windows NT 10.0; Win64; x64) AppleWebKit/537.36 (KHTML, like Gecko) Chrome/95.0.4638.69 Safari/537.36"
194.24.159.87 - - [15/Nov/2021:15:40:26 +0100] "GET / HTTP/1.1" 200 3086 "-" "Mozilla/5.0 (Windows NT 10.0; WOW64; Trident/7.0; rv:11.0) like Gecko"
194.24.159.87 - - [15/Nov/2021:15:40:27 +0100] "GET /js/flashdetection.js HTTP/1.1" 200 1059 "http://renault.activities.at/" "Mozilla/5.0 (Windows NT 10.0; WOW64; Trident/7.0; rv:11.0) like Gecko"
194.24.159.87 - - [15/Nov/2021:15:40:27 +0100] "GET /js/default.js HTTP/1.1" 200 14698 "http://renault.activities.at/" "Mozilla/5.0 (Windows NT 10.0; WOW64; Trident/7.0; rv:11.0) like Gecko"
194.24.159.87 - - [15/Nov/2021:15:40:27 +0100] "GET /css/print.css HTTP/1.1" 200 543 "http://renault.activities.at/" "Mozilla/5.0 (Windows NT 10.0; WOW64; Trident/7.0; rv:11.0) like Gecko"
194.24.159.87 - - [15/Nov/2021:15:40:27 +0100] "GET /css/reset.css HTTP/1.1" 200 1356 "http://renault.activities.at/" "Mozilla/5.0 (Windows NT 10.0; WOW64; Trident/7.0; rv:11.0) like Gecko"
194.24.159.87 - - [15/Nov/2021:15:40:27 +0100] "GET /css/clears.css HTTP/1.1" 200 851 "http://renault.activities.at/" "Mozilla/5.0 (Windows NT 10.0; WOW64; Trident/7.0; rv:11.0) like Gecko"
194.24.159.87 - - [15/Nov/2021:15:40:27 +0100] "GET /css/styles.css HTTP/1.1" 200 14664 "http://renault.activities.at/" "Mozilla/5.0 (Windows NT 10.0; WOW64; Trident/7.0; rv:11.0) like Gecko"
194.24.159.87 - - [15/Nov/2021:15:40:27 +0100] "GET /js/checkout.css HTTP/1.1" 200 359 "http://renault.activities.at/" "Mozilla/5.0 (Windows NT 10.0; WOW64; Trident/7.0; rv:11.0) like Gecko"
194.24.159.87 - - [15/Nov/2021:15:40:27 +0100] "GET /css/prototip.css HTTP/1.1" 200 968 "http://renault.activities.at/" "Mozilla/5.0 (Windows NT 10.0; WOW64; Trident/7.0; rv:11.0) like Gecko"
194.24.159.87 - - [15/Nov/2021:15:40:27 +0100] "GET /css/themes/default.css HTTP/1.1" 200 769 "http://renault.activities.at/" "Mozilla/5.0 (Windows NT 10.0; WOW64; Trident/7.0; rv:11.0) like Gecko"
194.24.159.87 - - [15/Nov/2021:15:40:27 +0100] "GET /css/themes/alphacube.css HTTP/1.1" 200 743 "http://renault.activities.at/" "Mozilla/5.0 (Windows NT 10.0; WOW64; Trident/7.0; rv:11.0) like Gecko"
194.24.159.87 - - [15/Nov/2021:15:40:27 +0100] "GET /js/index.php?c=auto&f=,prototype/prototype.js,prototype/validation.js,scriptaculous/builder.js,scriptaculous/effects.js,scriptaculous/dragdrop.js,scriptaculous/controls.js,scriptaculous/slider.js,varien/js.js,varien/form.js,varien/menu.js,mage/translate.js,mage/cookies.js,varien/product.js,spinner/SpinnerControl.jsmin.js,prototype/window.js,prototype/window_ext.js HTTP/1.1" 200 94182 "http://renault.activities.at/" "Mozilla/5.0 (Windows NT 10.0; WOW64; Trident/7.0; rv:11.0) like Gecko"
194.24.159.87 - - [15/Nov/2021:15:40:27 +0100] "GET /images/main_block_border.gif HTTP/1.1" 200 43 "http://renault.activities.at/" "Mozilla/5.0 (Windows NT 10.0; WOW64; Trident/7.0; rv:11.0) like Gecko"
194.24.159.87 - - [15/Nov/2021:15:40:27 +0100] "GET /images/main_block_corner_left_bot.gif HTTP/1.1" 200 159 "http://renault.activities.at/" "Mozilla/5.0 (Windows NT 10.0; WOW64; Trident/7.0; rv:11.0) like Gecko"
194.24.159.87 - - [15/Nov/2021:15:40:27 +0100] "GET /images/main_block_corner_right_bot.gif HTTP/1.1" 200 158 "http://renault.activities.at/" "Mozilla/5.0 (Windows NT 10.0; WOW64; Trident/7.0; rv:11.0) like Gecko"
194.24.159.87 - - [15/Nov/2021:15:40:27 +0100] "GET /images/header_block_border.gif HTTP/1.1" 200 43 "http://renault.activities.at/" "Mozilla/5.0 (Windows NT 10.0; WOW64; Trident/7.0; rv:11.0) like Gecko"
194.24.159.87 - - [15/Nov/2021:15:40:27 +0100] "GET /images/header_block_corner_right_top.gif HTTP/1.1" 200 160 "http://renault.activities.at/" "Mozilla/5.0 (Windows NT 10.0; WOW64; Trident/7.0; rv:11.0) like Gecko"
194.24.159.87 - - [15/Nov/2021:15:40:27 +0100] "GET /images/header_block_corner_left_top.gif HTTP/1.1" 200 160 "http://renault.activities.at/" "Mozilla/5.0 (Windows NT 10.0; WOW64; Trident/7.0; rv:11.0) like Gecko"
194.24.159.87 - - [15/Nov/2021:15:40:27 +0100] "GET /images/main_block_corner_left_top.gif HTTP/1.1" 200 159 "http://renault.activities.at/" "Mozilla/5.0 (Windows NT 10.0; WOW64; Trident/7.0; rv:11.0) like Gecko"
194.24.159.87 - - [15/Nov/2021:15:40:27 +0100] "GET /images/main_block_corner_right_top.gif HTTP/1.1" 200 159 "http://renault.activities.at/" "Mozilla/5.0 (Windows NT 10.0; WOW64; Trident/7.0; rv:11.0) like Gecko"
194.24.159.87 - - [15/Nov/2021:15:40:27 +0100] "GET /images/title_border.jpg HTTP/1.1" 200 304 "http://renault.activities.at/" "Mozilla/5.0 (Windows NT 10.0; WOW64; Trident/7.0; rv:11.0) like Gecko"
194.24.159.87 - - [15/Nov/2021:15:40:27 +0100] "GET /images/title_border_top.jpg HTTP/1.1" 200 336 "http://renault.activities.at/" "Mozilla/5.0 (Windows NT 10.0; WOW64; Trident/7.0; rv:11.0) like Gecko"
194.24.159.87 - - [15/Nov/2021:15:40:27 +0100] "GET /images/title_corner_left_top.jpg HTTP/1.1" 200 372 "http://renault.activities.at/" "Mozilla/5.0 (Windows NT 10.0; WOW64; Trident/7.0; rv:11.0) like Gecko"
194.24.159.87 - - [15/Nov/2021:15:40:27 +0100] "GET /images/title_corner_right_top.jpg HTTP/1.1" 200 389 "http://renault.activities.at/" "Mozilla/5.0 (Windows NT 10.0; WOW64; Trident/7.0; rv:11.0) like Gecko"
194.24.159.87 - - [15/Nov/2021:15:40:27 +0100] "GET /loadthumbnail.php?id=11127982 HTTP/1.1" 200 399614 "http://renault.activities.at/" "Mozilla/5.0 (Windows NT 10.0; WOW64; Trident/7.0; rv:11.0) like Gecko"
83.175.83.150 - - [15/Nov/2021:15:40:30 +0100] "GET /reload?ser=1636987230108 HTTP/1.1" 200 28 "http://renault.activities.at/account" "Mozilla/5.0 (Windows NT 10.0; Win64; x64) AppleWebKit/537.36 (KHTML, like Gecko) Chrome/95.0.4638.69 Safari/537.36"
194.24.159.87 - - [15/Nov/2021:15:40:30 +0100] "GET /login HTTP/1.1" 200 2085 "http://renault.activities.at/" "Mozilla/5.0 (Windows NT 10.0; WOW64; Trident/7.0; rv:11.0) like Gecko"
194.24.159.87 - - [15/Nov/2021:15:40:31 +0100] "GET /js/default.js HTTP/1.1" 304 - "http://renault.activities.at/login" "Mozilla/5.0 (Windows NT 10.0; WOW64; Trident/7.0; rv:11.0) like Gecko"
194.24.159.87 - - [15/Nov/2021:15:40:31 +0100] "GET /css/reset.css HTTP/1.1" 304 - "http://renault.activities.at/login" "Mozilla/5.0 (Windows NT 10.0; WOW64; Trident/7.0; rv:11.0) like Gecko"
194.24.159.87 - - [15/Nov/2021:15:40:31 +0100] "GET /css/styles.css HTTP/1.1" 304 - "http://renault.activities.at/login" "Mozilla/5.0 (Windows NT 10.0; WOW64; Trident/7.0; rv:11.0) like Gecko"
194.24.159.87 - - [15/Nov/2021:15:40:31 +0100] "GET /css/clears.css HTTP/1.1" 304 - "http://renault.activities.at/login" "Mozilla/5.0 (Windows NT 10.0; WOW64; Trident/7.0; rv:11.0) like Gecko"
194.24.159.87 - - [15/Nov/2021:15:40:31 +0100] "GET /css/print.css HTTP/1.1" 304 - "http://renault.activities.at/login" "Mozilla/5.0 (Windows NT 10.0; WOW64; Trident/7.0; rv:11.0) like Gecko"
194.24.159.87 - - [15/Nov/2021:15:40:31 +0100] "GET /js/checkout.css HTTP/1.1" 304 - "http://renault.activities.at/login" "Mozilla/5.0 (Windows NT 10.0; WOW64; Trident/7.0; rv:11.0) like Gecko"
194.24.159.87 - - [15/Nov/2021:15:40:31 +0100] "GET /css/prototip.css HTTP/1.1" 304 - "http://renault.activities.at/login" "Mozilla/5.0 (Windows NT 10.0; WOW64; Trident/7.0; rv:11.0) like Gecko"
194.24.159.87 - - [15/Nov/2021:15:40:31 +0100] "GET /css/themes/default.css HTTP/1.1" 304 - "http://renault.activities.at/login" "Mozilla/5.0 (Windows NT 10.0; WOW64; Trident/7.0; rv:11.0) like Gecko"
194.24.159.87 - - [15/Nov/2021:15:40:31 +0100] "GET /css/themes/alphacube.css HTTP/1.1" 304 - "http://renault.activities.at/login" "Mozilla/5.0 (Windows NT 10.0; WOW64; Trident/7.0; rv:11.0) like Gecko"
194.24.159.87 - - [15/Nov/2021:15:40:31 +0100] "GET /images/main_block_border.gif HTTP/1.1" 304 - "http://renault.activities.at/login" "Mozilla/5.0 (Windows NT 10.0; WOW64; Trident/7.0; rv:11.0) like Gecko"
194.24.159.87 - - [15/Nov/2021:15:40:31 +0100] "GET /images/main_block_corner_left_top.gif HTTP/1.1" 304 - "http://renault.activities.at/login" "Mozilla/5.0 (Windows NT 10.0; WOW64; Trident/7.0; rv:11.0) like Gecko"
194.24.159.87 - - [15/Nov/2021:15:40:31 +0100] "GET /images/main_block_corner_right_top.gif HTTP/1.1" 304 - "http://renault.activities.at/login" "Mozilla/5.0 (Windows NT 10.0; WOW64; Trident/7.0; rv:11.0) like Gecko"
194.24.159.87 - - [15/Nov/2021:15:40:31 +0100] "GET /images/main_block_corner_left_bot.gif HTTP/1.1" 304 - "http://renault.activities.at/login" "Mozilla/5.0 (Windows NT 10.0; WOW64; Trident/7.0; rv:11.0) like Gecko"
194.24.159.87 - - [15/Nov/2021:15:40:31 +0100] "GET /images/main_block_corner_right_bot.gif HTTP/1.1" 304 - "http://renault.activities.at/login" "Mozilla/5.0 (Windows NT 10.0; WOW64; Trident/7.0; rv:11.0) like Gecko"
194.24.159.87 - - [15/Nov/2021:15:40:31 +0100] "GET /images/header_block_border.gif HTTP/1.1" 304 - "http://renault.activities.at/login" "Mozilla/5.0 (Windows NT 10.0; WOW64; Trident/7.0; rv:11.0) like Gecko"
194.24.159.87 - - [15/Nov/2021:15:40:31 +0100] "GET /images/header_block_corner_left_top.gif HTTP/1.1" 304 - "http://renault.activities.at/login" "Mozilla/5.0 (Windows NT 10.0; WOW64; Trident/7.0; rv:11.0) like Gecko"
194.24.159.87 - - [15/Nov/2021:15:40:31 +0100] "GET /images/header_block_corner_right_top.gif HTTP/1.1" 304 - "http://renault.activities.at/login" "Mozilla/5.0 (Windows NT 10.0; WOW64; Trident/7.0; rv:11.0) like Gecko"
194.24.159.87 - - [15/Nov/2021:15:40:31 +0100] "GET /images/title_border.jpg HTTP/1.1" 304 - "http://renault.activities.at/login" "Mozilla/5.0 (Windows NT 10.0; WOW64; Trident/7.0; rv:11.0) like Gecko"
194.24.159.87 - - [15/Nov/2021:15:40:31 +0100] "GET /images/title_border_top.jpg HTTP/1.1" 304 - "http://renault.activities.at/login" "Mozilla/5.0 (Windows NT 10.0; WOW64; Trident/7.0; rv:11.0) like Gecko"
194.24.159.87 - - [15/Nov/2021:15:40:31 +0100] "GET /images/title_corner_left_top.jpg HTTP/1.1" 304 - "http://renault.activities.at/login" "Mozilla/5.0 (Windows NT 10.0; WOW64; Trident/7.0; rv:11.0) like Gecko"
194.24.159.87 - - [15/Nov/2021:15:40:31 +0100] "GET /images/title_corner_right_top.jpg HTTP/1.1" 304 - "http://renault.activities.at/login" "Mozilla/5.0 (Windows NT 10.0; WOW64; Trident/7.0; rv:11.0) like Gecko"
194.24.159.87 - - [15/Nov/2021:15:40:31 +0100] "GET /images/button_left_bg.gif HTTP/1.1" 200 564 "http://renault.activities.at/login" "Mozilla/5.0 (Windows NT 10.0; WOW64; Trident/7.0; rv:11.0) like Gecko"
194.24.159.87 - - [15/Nov/2021:15:40:31 +0100] "GET /images/button_right_bg.gif HTTP/1.1" 200 561 "http://renault.activities.at/login" "Mozilla/5.0 (Windows NT 10.0; WOW64; Trident/7.0; rv:11.0) like Gecko"
194.24.159.87 - - [15/Nov/2021:15:40:31 +0100] "GET /images/button_bg.gif HTTP/1.1" 200 151 "http://renault.activities.at/login" "Mozilla/5.0 (Windows NT 10.0; WOW64; Trident/7.0; rv:11.0) like Gecko"
194.24.159.87 - - [15/Nov/2021:15:40:43 +0100] "POST /login HTTP/1.1" 302 140 "http://renault.activities.at/login" "Mozilla/5.0 (Windows NT 10.0; WOW64; Trident/7.0; rv:11.0) like Gecko"
194.24.159.87 - - [15/Nov/2021:15:40:45 +0100] "GET /account HTTP/1.1" 200 5882 "http://renault.activities.at/login" "Mozilla/5.0 (Windows NT 10.0; WOW64; Trident/7.0; rv:11.0) like Gecko"
194.24.159.87 - - [15/Nov/2021:15:40:48 +0100] "GET /js/default.js HTTP/1.1" 304 - "http://renault.activities.at/account" "Mozilla/5.0 (Windows NT 10.0; WOW64; Trident/7.0; rv:11.0) like Gecko"
194.24.159.87 - - [15/Nov/2021:15:40:48 +0100] "GET /css/reset.css HTTP/1.1" 304 - "http://renault.activities.at/account" "Mozilla/5.0 (Windows NT 10.0; WOW64; Trident/7.0; rv:11.0) like Gecko"
194.24.159.87 - - [15/Nov/2021:15:40:48 +0100] "GET /css/styles.css HTTP/1.1" 304 - "http://renault.activities.at/account" "Mozilla/5.0 (Windows NT 10.0; WOW64; Trident/7.0; rv:11.0) like Gecko"
194.24.159.87 - - [15/Nov/2021:15:40:48 +0100] "GET /css/clears.css HTTP/1.1" 304 - "http://renault.activities.at/account" "Mozilla/5.0 (Windows NT 10.0; WOW64; Trident/7.0; rv:11.0) like Gecko"
194.24.159.87 - - [15/Nov/2021:15:40:48 +0100] "GET /css/print.css HTTP/1.1" 304 - "http://renault.activities.at/account" "Mozilla/5.0 (Windows NT 10.0; WOW64; Trident/7.0; rv:11.0) like Gecko"
194.24.159.87 - - [15/Nov/2021:15:40:48 +0100] "GET /js/checkout.css HTTP/1.1" 304 - "http://renault.activities.at/account" "Mozilla/5.0 (Windows NT 10.0; WOW64; Trident/7.0; rv:11.0) like Gecko"
194.24.159.87 - - [15/Nov/2021:15:40:48 +0100] "GET /css/prototip.css HTTP/1.1" 304 - "http://renault.activities.at/account" "Mozilla/5.0 (Windows NT 10.0; WOW64; Trident/7.0; rv:11.0) like Gecko"
194.24.159.87 - - [15/Nov/2021:15:40:48 +0100] "GET /css/themes/default.css HTTP/1.1" 304 - "http://renault.activities.at/account" "Mozilla/5.0 (Windows NT 10.0; WOW64; Trident/7.0; rv:11.0) like Gecko"
194.24.159.87 - - [15/Nov/2021:15:40:48 +0100] "GET /css/themes/alphacube.css HTTP/1.1" 304 - "http://renault.activities.at/account" "Mozilla/5.0 (Windows NT 10.0; WOW64; Trident/7.0; rv:11.0) like Gecko"
194.24.159.87 - - [15/Nov/2021:15:40:48 +0100] "GET /js/account.js HTTP/1.1" 200 953 "http://renault.activities.at/account" "Mozilla/5.0 (Windows NT 10.0; WOW64; Trident/7.0; rv:11.0) like Gecko"
194.24.159.87 - - [15/Nov/2021:15:40:49 +0100] "GET /images/header_block_corner_left_top.gif HTTP/1.1" 304 - "http://renault.activities.at/account" "Mozilla/5.0 (Windows NT 10.0; WOW64; Trident/7.0; rv:11.0) like Gecko"
194.24.159.87 - - [15/Nov/2021:15:40:49 +0100] "GET /images/header_block_corner_right_top.gif HTTP/1.1" 304 - "http://renault.activities.at/account" "Mozilla/5.0 (Windows NT 10.0; WOW64; Trident/7.0; rv:11.0) like Gecko"
194.24.159.87 - - [15/Nov/2021:15:40:49 +0100] "GET /images/search_bg.gif HTTP/1.1" 200 1726 "http://renault.activities.at/account" "Mozilla/5.0 (Windows NT 10.0; WOW64; Trident/7.0; rv:11.0) like Gecko"
194.24.159.87 - - [15/Nov/2021:15:40:49 +0100] "GET /images/main_block_border.gif HTTP/1.1" 304 - "http://renault.activities.at/account" "Mozilla/5.0 (Windows NT 10.0; WOW64; Trident/7.0; rv:11.0) like Gecko"
194.24.159.87 - - [15/Nov/2021:15:40:49 +0100] "GET /images/main_block_corner_left_top.gif HTTP/1.1" 304 - "http://renault.activities.at/account" "Mozilla/5.0 (Windows NT 10.0; WOW64; Trident/7.0; rv:11.0) like Gecko"
194.24.159.87 - - [15/Nov/2021:15:40:49 +0100] "GET /images/header_block_border.gif HTTP/1.1" 304 - "http://renault.activities.at/account" "Mozilla/5.0 (Windows NT 10.0; WOW64; Trident/7.0; rv:11.0) like Gecko"
194.24.159.87 - - [15/Nov/2021:15:40:49 +0100] "GET /images/main_block_corner_right_top.gif HTTP/1.1" 304 - "http://renault.activities.at/account" "Mozilla/5.0 (Windows NT 10.0; WOW64; Trident/7.0; rv:11.0) like Gecko"
194.24.159.87 - - [15/Nov/2021:15:40:49 +0100] "GET /images/main_block_corner_left_bot.gif HTTP/1.1" 304 - "http://renault.activities.at/account" "Mozilla/5.0 (Windows NT 10.0; WOW64; Trident/7.0; rv:11.0) like Gecko"
194.24.159.87 - - [15/Nov/2021:15:40:49 +0100] "GET /images/main_block_corner_right_bot.gif HTTP/1.1" 304 - "http://renault.activities.at/account" "Mozilla/5.0 (Windows NT 10.0; WOW64; Trident/7.0; rv:11.0) like Gecko"
194.24.159.87 - - [15/Nov/2021:15:40:49 +0100] "GET /images/sidebar_title_corner_left_top.gif HTTP/1.1" 200 1124 "http://renault.activities.at/account" "Mozilla/5.0 (Windows NT 10.0; WOW64; Trident/7.0; rv:11.0) like Gecko"
194.24.159.87 - - [15/Nov/2021:15:40:49 +0100] "GET /images/button_bg.gif HTTP/1.1" 304 - "http://renault.activities.at/account" "Mozilla/5.0 (Windows NT 10.0; WOW64; Trident/7.0; rv:11.0) like Gecko"
194.24.159.87 - - [15/Nov/2021:15:40:49 +0100] "GET /images/title_border.jpg HTTP/1.1" 304 - "http://renault.activities.at/account" "Mozilla/5.0 (Windows NT 10.0; WOW64; Trident/7.0; rv:11.0) like Gecko"
194.24.159.87 - - [15/Nov/2021:15:40:49 +0100] "GET /images/sidebar_title_border_top.gif HTTP/1.1" 200 155 "http://renault.activities.at/account" "Mozilla/5.0 (Windows NT 10.0; WOW64; Trident/7.0; rv:11.0) like Gecko"
194.24.159.87 - - [15/Nov/2021:15:40:49 +0100] "GET /images/sidebar_title_corner_right_top.gif HTTP/1.1" 200 383 "http://renault.activities.at/account" "Mozilla/5.0 (Windows NT 10.0; WOW64; Trident/7.0; rv:11.0) like Gecko"
194.24.159.87 - - [15/Nov/2021:15:40:49 +0100] "GET /images/button_right_bg.gif HTTP/1.1" 304 - "http://renault.activities.at/account" "Mozilla/5.0 (Windows NT 10.0; WOW64; Trident/7.0; rv:11.0) like Gecko"
194.24.159.87 - - [15/Nov/2021:15:40:49 +0100] "GET /loadthumbnail.php?id=12430119&width=50&height=50 HTTP/1.1" 200 1047 "http://renault.activities.at/account" "Mozilla/5.0 (Windows NT 10.0; WOW64; Trident/7.0; rv:11.0) like Gecko"
194.24.159.87 - - [15/Nov/2021:15:40:49 +0100] "GET /images/title_border_top.jpg HTTP/1.1" 304 - "http://renault.activities.at/account" "Mozilla/5.0 (Windows NT 10.0; WOW64; Trident/7.0; rv:11.0) like Gecko"
194.24.159.87 - - [15/Nov/2021:15:40:49 +0100] "GET /images/title_corner_left_top.jpg HTTP/1.1" 304 - "http://renault.activities.at/account" "Mozilla/5.0 (Windows NT 10.0; WOW64; Trident/7.0; rv:11.0) like Gecko"
194.24.159.87 - - [15/Nov/2021:15:40:49 +0100] "GET /images/title_corner_right_top.jpg HTTP/1.1" 304 - "http://renault.activities.at/account" "Mozilla/5.0 (Windows NT 10.0; WOW64; Trident/7.0; rv:11.0) like Gecko"
194.24.159.87 - - [15/Nov/2021:15:40:49 +0100] "GET /images/footer_divider.gif HTTP/1.1" 200 44 "http://renault.activities.at/account" "Mozilla/5.0 (Windows NT 10.0; WOW64; Trident/7.0; rv:11.0) like Gecko"
194.24.159.87 - - [15/Nov/2021:15:40:49 +0100] "GET /images/menu_divider.gif HTTP/1.1" 200 176 "http://renault.activities.at/account" "Mozilla/5.0 (Windows NT 10.0; WOW64; Trident/7.0; rv:11.0) like Gecko"
194.24.159.87 - - [15/Nov/2021:15:40:49 +0100] "GET /images/sidebar_title_border.gif HTTP/1.1" 200 43 "http://renault.activities.at/account" "Mozilla/5.0 (Windows NT 10.0; WOW64; Trident/7.0; rv:11.0) like Gecko"
194.24.159.87 - - [15/Nov/2021:15:40:49 +0100] "GET /images/button_left_bg.gif HTTP/1.1" 304 - "http://renault.activities.at/account" "Mozilla/5.0 (Windows NT 10.0; WOW64; Trident/7.0; rv:11.0) like Gecko"
194.24.159.87 - - [15/Nov/2021:15:40:49 +0100] "GET /images/top_links_divider.gif HTTP/1.1" 200 44 "http://renault.activities.at/account" "Mozilla/5.0 (Windows NT 10.0; WOW64; Trident/7.0; rv:11.0) like Gecko"
194.24.159.87 - - [15/Nov/2021:15:40:49 +0100] "GET /images/menu_button_bg.jpg HTTP/1.1" 200 322 "http://renault.activities.at/account" "Mozilla/5.0 (Windows NT 10.0; WOW64; Trident/7.0; rv:11.0) like Gecko"
194.24.159.87 - - [15/Nov/2021:15:40:49 +0100] "GET /images/nav_divider.gif HTTP/1.1" 200 43 "http://renault.activities.at/account" "Mozilla/5.0 (Windows NT 10.0; WOW64; Trident/7.0; rv:11.0) like Gecko"
157.97.71.85 - - [15/Nov/2021:15:40:49 +0100] "GET /reload?ser=1636987248972 HTTP/1.1" 200 28 "http://renault.activities.at/result?searchterm=true&search=Sandero" "Mozilla/5.0 (Windows NT 10.0; Win64; x64) AppleWebKit/537.36 (KHTML, like Gecko) Chrome/95.0.4638.69 Safari/537.36"
194.24.159.87 - - [15/Nov/2021:15:40:57 +0100] "GET /account HTTP/1.1" 200 5882 "http://renault.activities.at/account" "Mozilla/5.0 (Windows NT 10.0; WOW64; Trident/7.0; rv:11.0) like Gecko"
194.24.159.87 - - [15/Nov/2021:15:40:59 +0100] "GET /js/default.js HTTP/1.1" 304 - "http://renault.activities.at/account" "Mozilla/5.0 (Windows NT 10.0; WOW64; Trident/7.0; rv:11.0) like Gecko"
194.24.159.87 - - [15/Nov/2021:15:40:59 +0100] "GET /css/reset.css HTTP/1.1" 304 - "http://renault.activities.at/account" "Mozilla/5.0 (Windows NT 10.0; WOW64; Trident/7.0; rv:11.0) like Gecko"
194.24.159.87 - - [15/Nov/2021:15:40:59 +0100] "GET /css/styles.css HTTP/1.1" 304 - "http://renault.activities.at/account" "Mozilla/5.0 (Windows NT 10.0; WOW64; Trident/7.0; rv:11.0) like Gecko"
194.24.159.87 - - [15/Nov/2021:15:40:59 +0100] "GET /css/clears.css HTTP/1.1" 304 - "http://renault.activities.at/account" "Mozilla/5.0 (Windows NT 10.0; WOW64; Trident/7.0; rv:11.0) like Gecko"
194.24.159.87 - - [15/Nov/2021:15:40:59 +0100] "GET /css/print.css HTTP/1.1" 304 - "http://renault.activities.at/account" "Mozilla/5.0 (Windows NT 10.0; WOW64; Trident/7.0; rv:11.0) like Gecko"
194.24.159.87 - - [15/Nov/2021:15:40:59 +0100] "GET /js/checkout.css HTTP/1.1" 304 - "http://renault.activities.at/account" "Mozilla/5.0 (Windows NT 10.0; WOW64; Trident/7.0; rv:11.0) like Gecko"
194.24.159.87 - - [15/Nov/2021:15:40:59 +0100] "GET /css/prototip.css HTTP/1.1" 304 - "http://renault.activities.at/account" "Mozilla/5.0 (Windows NT 10.0; WOW64; Trident/7.0; rv:11.0) like Gecko"
194.24.159.87 - - [15/Nov/2021:15:40:59 +0100] "GET /css/themes/default.css HTTP/1.1" 304 - "http://renault.activities.at/account" "Mozilla/5.0 (Windows NT 10.0; WOW64; Trident/7.0; rv:11.0) like Gecko"
194.24.159.87 - - [15/Nov/2021:15:40:59 +0100] "GET /css/themes/alphacube.css HTTP/1.1" 304 - "http://renault.activities.at/account" "Mozilla/5.0 (Windows NT 10.0; WOW64; Trident/7.0; rv:11.0) like Gecko"
194.24.159.87 - - [15/Nov/2021:15:40:59 +0100] "GET /js/account.js HTTP/1.1" 304 - "http://renault.activities.at/account" "Mozilla/5.0 (Windows NT 10.0; WOW64; Trident/7.0; rv:11.0) like Gecko"
194.24.159.87 - - [15/Nov/2021:15:40:59 +0100] "GET /images/main_block_corner_left_bot.gif HTTP/1.1" 304 - "http://renault.activities.at/account" "Mozilla/5.0 (Windows NT 10.0; WOW64; Trident/7.0; rv:11.0) like Gecko"
194.24.159.87 - - [15/Nov/2021:15:40:59 +0100] "GET /images/main_block_corner_right_top.gif HTTP/1.1" 304 - "http://renault.activities.at/account" "Mozilla/5.0 (Windows NT 10.0; WOW64; Trident/7.0; rv:11.0) like Gecko"
194.24.159.87 - - [15/Nov/2021:15:40:59 +0100] "GET /images/main_block_corner_right_bot.gif HTTP/1.1" 304 - "http://renault.activities.at/account" "Mozilla/5.0 (Windows NT 10.0; WOW64; Trident/7.0; rv:11.0) like Gecko"
194.24.159.87 - - [15/Nov/2021:15:40:59 +0100] "GET /images/header_block_border.gif HTTP/1.1" 304 - "http://renault.activities.at/account" "Mozilla/5.0 (Windows NT 10.0; WOW64; Trident/7.0; rv:11.0) like Gecko"
194.24.159.87 - - [15/Nov/2021:15:40:59 +0100] "GET /images/header_block_corner_left_top.gif HTTP/1.1" 304 - "http://renault.activities.at/account" "Mozilla/5.0 (Windows NT 10.0; WOW64; Trident/7.0; rv:11.0) like Gecko"
194.24.159.87 - - [15/Nov/2021:15:40:59 +0100] "GET /images/header_block_corner_right_top.gif HTTP/1.1" 304 - "http://renault.activities.at/account" "Mozilla/5.0 (Windows NT 10.0; WOW64; Trident/7.0; rv:11.0) like Gecko"
194.24.159.87 - - [15/Nov/2021:15:40:59 +0100] "GET /images/search_bg.gif HTTP/1.1" 304 - "http://renault.activities.at/account" "Mozilla/5.0 (Windows NT 10.0; WOW64; Trident/7.0; rv:11.0) like Gecko"
194.24.159.87 - - [15/Nov/2021:15:40:59 +0100] "GET /images/main_block_border.gif HTTP/1.1" 304 - "http://renault.activities.at/account" "Mozilla/5.0 (Windows NT 10.0; WOW64; Trident/7.0; rv:11.0) like Gecko"
194.24.159.87 - - [15/Nov/2021:15:40:59 +0100] "GET /images/main_block_corner_left_top.gif HTTP/1.1" 304 - "http://renault.activities.at/account" "Mozilla/5.0 (Windows NT 10.0; WOW64; Trident/7.0; rv:11.0) like Gecko"
194.24.159.87 - - [15/Nov/2021:15:40:59 +0100] "GET /images/sidebar_title_border.gif HTTP/1.1" 304 - "http://renault.activities.at/account" "Mozilla/5.0 (Windows NT 10.0; WOW64; Trident/7.0; rv:11.0) like Gecko"
194.24.159.87 - - [15/Nov/2021:15:40:59 +0100] "GET /images/title_corner_right_top.jpg HTTP/1.1" 304 - "http://renault.activities.at/account" "Mozilla/5.0 (Windows NT 10.0; WOW64; Trident/7.0; rv:11.0) like Gecko"
194.24.159.87 - - [15/Nov/2021:15:40:59 +0100] "GET /images/nav_divider.gif HTTP/1.1" 304 - "http://renault.activities.at/account" "Mozilla/5.0 (Windows NT 10.0; WOW64; Trident/7.0; rv:11.0) like Gecko"
194.24.159.87 - - [15/Nov/2021:15:40:59 +0100] "GET /images/button_left_bg.gif HTTP/1.1" 304 - "http://renault.activities.at/account" "Mozilla/5.0 (Windows NT 10.0; WOW64; Trident/7.0; rv:11.0) like Gecko"
194.24.159.87 - - [15/Nov/2021:15:40:59 +0100] "GET /images/sidebar_title_border_top.gif HTTP/1.1" 304 - "http://renault.activities.at/account" "Mozilla/5.0 (Windows NT 10.0; WOW64; Trident/7.0; rv:11.0) like Gecko"
194.24.159.87 - - [15/Nov/2021:15:40:59 +0100] "GET /images/menu_button_bg.jpg HTTP/1.1" 304 - "http://renault.activities.at/account" "Mozilla/5.0 (Windows NT 10.0; WOW64; Trident/7.0; rv:11.0) like Gecko"
194.24.159.87 - - [15/Nov/2021:15:40:59 +0100] "GET /images/footer_divider.gif HTTP/1.1" 304 - "http://renault.activities.at/account" "Mozilla/5.0 (Windows NT 10.0; WOW64; Trident/7.0; rv:11.0) like Gecko"
194.24.159.87 - - [15/Nov/2021:15:40:59 +0100] "GET /images/sidebar_title_corner_left_top.gif HTTP/1.1" 304 - "http://renault.activities.at/account" "Mozilla/5.0 (Windows NT 10.0; WOW64; Trident/7.0; rv:11.0) like Gecko"
194.24.159.87 - - [15/Nov/2021:15:40:59 +0100] "GET /images/button_right_bg.gif HTTP/1.1" 304 - "http://renault.activities.at/account" "Mozilla/5.0 (Windows NT 10.0; WOW64; Trident/7.0; rv:11.0) like Gecko"
194.24.159.87 - - [15/Nov/2021:15:40:59 +0100] "GET /images/top_links_divider.gif HTTP/1.1" 304 - "http://renault.activities.at/account" "Mozilla/5.0 (Windows NT 10.0; WOW64; Trident/7.0; rv:11.0) like Gecko"
194.24.159.87 - - [15/Nov/2021:15:40:59 +0100] "GET /images/menu_divider.gif HTTP/1.1" 304 - "http://renault.activities.at/account" "Mozilla/5.0 (Windows NT 10.0; WOW64; Trident/7.0; rv:11.0) like Gecko"
194.24.159.87 - - [15/Nov/2021:15:40:59 +0100] "GET /images/title_corner_left_top.jpg HTTP/1.1" 304 - "http://renault.activities.at/account" "Mozilla/5.0 (Windows NT 10.0; WOW64; Trident/7.0; rv:11.0) like Gecko"
194.24.159.87 - - [15/Nov/2021:15:40:59 +0100] "GET /images/title_border_top.jpg HTTP/1.1" 304 - "http://renault.activities.at/account" "Mozilla/5.0 (Windows NT 10.0; WOW64; Trident/7.0; rv:11.0) like Gecko"
194.24.159.87 - - [15/Nov/2021:15:40:59 +0100] "GET /images/title_border.jpg HTTP/1.1" 304 - "http://renault.activities.at/account" "Mozilla/5.0 (Windows NT 10.0; WOW64; Trident/7.0; rv:11.0) like Gecko"
194.24.159.87 - - [15/Nov/2021:15:40:59 +0100] "GET /images/sidebar_title_corner_right_top.gif HTTP/1.1" 304 - "http://renault.activities.at/account" "Mozilla/5.0 (Windows NT 10.0; WOW64; Trident/7.0; rv:11.0) like Gecko"
194.24.159.87 - - [15/Nov/2021:15:40:59 +0100] "GET /images/button_bg.gif HTTP/1.1" 304 - "http://renault.activities.at/account" "Mozilla/5.0 (Windows NT 10.0; WOW64; Trident/7.0; rv:11.0) like Gecko"
138.21.12.27 - - [15/Nov/2021:15:41:08 +0100] "GET /reload?ser=1636987267854 HTTP/1.1" 200 28 "http://renault.2web.at/account" "Mozilla/5.0 (Windows NT 10.0; Win64; x64) AppleWebKit/537.36 (KHTML, like Gecko) Chrome/95.0.4638.69 Safari/537.36"
194.24.159.87 - - [15/Nov/2021:15:41:26 +0100] "GET /address HTTP/1.1" 200 5176 "http://renault.activities.at/account" "Mozilla/5.0 (Windows NT 10.0; WOW64; Trident/7.0; rv:11.0) like Gecko"
194.24.159.87 - - [15/Nov/2021:15:41:28 +0100] "GET /js/default.js HTTP/1.1" 304 - "http://renault.activities.at/address" "Mozilla/5.0 (Windows NT 10.0; WOW64; Trident/7.0; rv:11.0) like Gecko"
194.24.159.87 - - [15/Nov/2021:15:41:28 +0100] "GET /css/reset.css HTTP/1.1" 304 - "http://renault.activities.at/address" "Mozilla/5.0 (Windows NT 10.0; WOW64; Trident/7.0; rv:11.0) like Gecko"
194.24.159.87 - - [15/Nov/2021:15:41:28 +0100] "GET /css/styles.css HTTP/1.1" 304 - "http://renault.activities.at/address" "Mozilla/5.0 (Windows NT 10.0; WOW64; Trident/7.0; rv:11.0) like Gecko"
194.24.159.87 - - [15/Nov/2021:15:41:28 +0100] "GET /css/clears.css HTTP/1.1" 304 - "http://renault.activities.at/address" "Mozilla/5.0 (Windows NT 10.0; WOW64; Trident/7.0; rv:11.0) like Gecko"
194.24.159.87 - - [15/Nov/2021:15:41:28 +0100] "GET /css/print.css HTTP/1.1" 304 - "http://renault.activities.at/address" "Mozilla/5.0 (Windows NT 10.0; WOW64; Trident/7.0; rv:11.0) like Gecko"
194.24.159.87 - - [15/Nov/2021:15:41:28 +0100] "GET /js/checkout.css HTTP/1.1" 304 - "http://renault.activities.at/address" "Mozilla/5.0 (Windows NT 10.0; WOW64; Trident/7.0; rv:11.0) like Gecko"
194.24.159.87 - - [15/Nov/2021:15:41:28 +0100] "GET /css/prototip.css HTTP/1.1" 304 - "http://renault.activities.at/address" "Mozilla/5.0 (Windows NT 10.0; WOW64; Trident/7.0; rv:11.0) like Gecko"
194.24.159.87 - - [15/Nov/2021:15:41:28 +0100] "GET /css/themes/default.css HTTP/1.1" 304 - "http://renault.activities.at/address" "Mozilla/5.0 (Windows NT 10.0; WOW64; Trident/7.0; rv:11.0) like Gecko"
194.24.159.87 - - [15/Nov/2021:15:41:28 +0100] "GET /css/themes/alphacube.css HTTP/1.1" 304 - "http://renault.activities.at/address" "Mozilla/5.0 (Windows NT 10.0; WOW64; Trident/7.0; rv:11.0) like Gecko"
194.24.159.87 - - [15/Nov/2021:15:41:28 +0100] "GET /images/main_block_border.gif HTTP/1.1" 304 - "http://renault.activities.at/address" "Mozilla/5.0 (Windows NT 10.0; WOW64; Trident/7.0; rv:11.0) like Gecko"
194.24.159.87 - - [15/Nov/2021:15:41:28 +0100] "GET /images/search_bg.gif HTTP/1.1" 304 - "http://renault.activities.at/address" "Mozilla/5.0 (Windows NT 10.0; WOW64; Trident/7.0; rv:11.0) like Gecko"
194.24.159.87 - - [15/Nov/2021:15:41:28 +0100] "GET /images/main_block_corner_left_top.gif HTTP/1.1" 304 - "http://renault.activities.at/address" "Mozilla/5.0 (Windows NT 10.0; WOW64; Trident/7.0; rv:11.0) like Gecko"
194.24.159.87 - - [15/Nov/2021:15:41:28 +0100] "GET /images/header_block_border.gif HTTP/1.1" 304 - "http://renault.activities.at/address" "Mozilla/5.0 (Windows NT 10.0; WOW64; Trident/7.0; rv:11.0) like Gecko"
194.24.159.87 - - [15/Nov/2021:15:41:28 +0100] "GET /images/main_block_corner_right_bot.gif HTTP/1.1" 304 - "http://renault.activities.at/address" "Mozilla/5.0 (Windows NT 10.0; WOW64; Trident/7.0; rv:11.0) like Gecko"
194.24.159.87 - - [15/Nov/2021:15:41:28 +0100] "GET /images/main_block_corner_left_bot.gif HTTP/1.1" 304 - "http://renault.activities.at/address" "Mozilla/5.0 (Windows NT 10.0; WOW64; Trident/7.0; rv:11.0) like Gecko"
194.24.159.87 - - [15/Nov/2021:15:41:28 +0100] "GET /images/main_block_corner_right_top.gif HTTP/1.1" 304 - "http://renault.activities.at/address" "Mozilla/5.0 (Windows NT 10.0; WOW64; Trident/7.0; rv:11.0) like Gecko"
194.24.159.87 - - [15/Nov/2021:15:41:28 +0100] "GET /images/header_block_corner_left_top.gif HTTP/1.1" 304 - "http://renault.activities.at/address" "Mozilla/5.0 (Windows NT 10.0; WOW64; Trident/7.0; rv:11.0) like Gecko"
194.24.159.87 - - [15/Nov/2021:15:41:28 +0100] "GET /images/header_block_corner_right_top.gif HTTP/1.1" 304 - "http://renault.activities.at/address" "Mozilla/5.0 (Windows NT 10.0; WOW64; Trident/7.0; rv:11.0) like Gecko"
194.24.159.87 - - [15/Nov/2021:15:41:28 +0100] "GET /images/menu_divider.gif HTTP/1.1" 304 - "http://renault.activities.at/address" "Mozilla/5.0 (Windows NT 10.0; WOW64; Trident/7.0; rv:11.0) like Gecko"
194.24.159.87 - - [15/Nov/2021:15:41:28 +0100] "GET /images/button_bg.gif HTTP/1.1" 304 - "http://renault.activities.at/address" "Mozilla/5.0 (Windows NT 10.0; WOW64; Trident/7.0; rv:11.0) like Gecko"
194.24.159.87 - - [15/Nov/2021:15:41:28 +0100] "GET /images/top_links_divider.gif HTTP/1.1" 304 - "http://renault.activities.at/address" "Mozilla/5.0 (Windows NT 10.0; WOW64; Trident/7.0; rv:11.0) like Gecko"
194.24.159.87 - - [15/Nov/2021:15:41:28 +0100] "GET /images/button_left_bg.gif HTTP/1.1" 304 - "http://renault.activities.at/address" "Mozilla/5.0 (Windows NT 10.0; WOW64; Trident/7.0; rv:11.0) like Gecko"
194.24.159.87 - - [15/Nov/2021:15:41:28 +0100] "GET /images/sidebar_title_corner_right_top.gif HTTP/1.1" 304 - "http://renault.activities.at/address" "Mozilla/5.0 (Windows NT 10.0; WOW64; Trident/7.0; rv:11.0) like Gecko"
194.24.159.87 - - [15/Nov/2021:15:41:28 +0100] "GET /images/title_border_top.jpg HTTP/1.1" 304 - "http://renault.activities.at/address" "Mozilla/5.0 (Windows NT 10.0; WOW64; Trident/7.0; rv:11.0) like Gecko"
194.24.159.87 - - [15/Nov/2021:15:41:28 +0100] "GET /images/title_corner_left_top.jpg HTTP/1.1" 304 - "http://renault.activities.at/address" "Mozilla/5.0 (Windows NT 10.0; WOW64; Trident/7.0; rv:11.0) like Gecko"
194.24.159.87 - - [15/Nov/2021:15:41:28 +0100] "GET /images/sidebar_title_border.gif HTTP/1.1" 304 - "http://renault.activities.at/address" "Mozilla/5.0 (Windows NT 10.0; WOW64; Trident/7.0; rv:11.0) like Gecko"
194.24.159.87 - - [15/Nov/2021:15:41:28 +0100] "GET /images/title_corner_right_top.jpg HTTP/1.1" 304 - "http://renault.activities.at/address" "Mozilla/5.0 (Windows NT 10.0; WOW64; Trident/7.0; rv:11.0) like Gecko"
194.24.159.87 - - [15/Nov/2021:15:41:28 +0100] "GET /images/footer_divider.gif HTTP/1.1" 304 - "http://renault.activities.at/address" "Mozilla/5.0 (Windows NT 10.0; WOW64; Trident/7.0; rv:11.0) like Gecko"
194.24.159.87 - - [15/Nov/2021:15:41:28 +0100] "GET /images/menu_button_bg.jpg HTTP/1.1" 304 - "http://renault.activities.at/address" "Mozilla/5.0 (Windows NT 10.0; WOW64; Trident/7.0; rv:11.0) like Gecko"
194.24.159.87 - - [15/Nov/2021:15:41:28 +0100] "GET /images/title_border.jpg HTTP/1.1" 304 - "http://renault.activities.at/address" "Mozilla/5.0 (Windows NT 10.0; WOW64; Trident/7.0; rv:11.0) like Gecko"
194.24.159.87 - - [15/Nov/2021:15:41:29 +0100] "GET /images/button_right_bg.gif HTTP/1.1" 304 - "http://renault.activities.at/address" "Mozilla/5.0 (Windows NT 10.0; WOW64; Trident/7.0; rv:11.0) like Gecko"
194.24.159.87 - - [15/Nov/2021:15:41:29 +0100] "GET /images/sidebar_title_border_top.gif HTTP/1.1" 304 - "http://renault.activities.at/address" "Mozilla/5.0 (Windows NT 10.0; WOW64; Trident/7.0; rv:11.0) like Gecko"
194.24.159.87 - - [15/Nov/2021:15:41:29 +0100] "GET /images/nav_divider.gif HTTP/1.1" 304 - "http://renault.activities.at/address" "Mozilla/5.0 (Windows NT 10.0; WOW64; Trident/7.0; rv:11.0) like Gecko"
194.24.159.87 - - [15/Nov/2021:15:41:29 +0100] "GET /images/sidebar_title_corner_left_top.gif HTTP/1.1" 304 - "http://renault.activities.at/address" "Mozilla/5.0 (Windows NT 10.0; WOW64; Trident/7.0; rv:11.0) like Gecko"
83.175.83.150 - - [15/Nov/2021:15:41:31 +0100] "GET /reload?ser=1636987291104 HTTP/1.1" 200 28 "http://renault.activities.at/account" "Mozilla/5.0 (Windows NT 10.0; Win64; x64) AppleWebKit/537.36 (KHTML, like Gecko) Chrome/95.0.4638.69 Safari/537.36"
157.97.71.85 - - [15/Nov/2021:15:41:49 +0100] "GET /reload?ser=1636987309963 HTTP/1.1" 200 28 "http://renault.activities.at/result?searchterm=true&search=Sandero" "Mozilla/5.0 (Windows NT 10.0; Win64; x64) AppleWebKit/537.36 (KHTML, like Gecko) Chrome/95.0.4638.69 Safari/537.36"
194.24.159.87 - - [15/Nov/2021:15:41:58 +0100] "GET /account HTTP/1.1" 200 5882 "http://renault.activities.at/address" "Mozilla/5.0 (Windows NT 10.0; WOW64; Trident/7.0; rv:11.0) like Gecko"
194.24.159.87 - - [15/Nov/2021:15:42:00 +0100] "GET /js/default.js HTTP/1.1" 304 - "http://renault.activities.at/account" "Mozilla/5.0 (Windows NT 10.0; WOW64; Trident/7.0; rv:11.0) like Gecko"
194.24.159.87 - - [15/Nov/2021:15:42:00 +0100] "GET /css/reset.css HTTP/1.1" 304 - "http://renault.activities.at/account" "Mozilla/5.0 (Windows NT 10.0; WOW64; Trident/7.0; rv:11.0) like Gecko"
194.24.159.87 - - [15/Nov/2021:15:42:00 +0100] "GET /css/styles.css HTTP/1.1" 304 - "http://renault.activities.at/account" "Mozilla/5.0 (Windows NT 10.0; WOW64; Trident/7.0; rv:11.0) like Gecko"
194.24.159.87 - - [15/Nov/2021:15:42:00 +0100] "GET /css/clears.css HTTP/1.1" 304 - "http://renault.activities.at/account" "Mozilla/5.0 (Windows NT 10.0; WOW64; Trident/7.0; rv:11.0) like Gecko"
194.24.159.87 - - [15/Nov/2021:15:42:00 +0100] "GET /css/print.css HTTP/1.1" 304 - "http://renault.activities.at/account" "Mozilla/5.0 (Windows NT 10.0; WOW64; Trident/7.0; rv:11.0) like Gecko"
194.24.159.87 - - [15/Nov/2021:15:42:00 +0100] "GET /js/checkout.css HTTP/1.1" 304 - "http://renault.activities.at/account" "Mozilla/5.0 (Windows NT 10.0; WOW64; Trident/7.0; rv:11.0) like Gecko"
194.24.159.87 - - [15/Nov/2021:15:42:00 +0100] "GET /css/prototip.css HTTP/1.1" 304 - "http://renault.activities.at/account" "Mozilla/5.0 (Windows NT 10.0; WOW64; Trident/7.0; rv:11.0) like Gecko"
194.24.159.87 - - [15/Nov/2021:15:42:00 +0100] "GET /css/themes/default.css HTTP/1.1" 304 - "http://renault.activities.at/account" "Mozilla/5.0 (Windows NT 10.0; WOW64; Trident/7.0; rv:11.0) like Gecko"
194.24.159.87 - - [15/Nov/2021:15:42:00 +0100] "GET /css/themes/alphacube.css HTTP/1.1" 304 - "http://renault.activities.at/account" "Mozilla/5.0 (Windows NT 10.0; WOW64; Trident/7.0; rv:11.0) like Gecko"
194.24.159.87 - - [15/Nov/2021:15:42:00 +0100] "GET /js/account.js HTTP/1.1" 304 - "http://renault.activities.at/account" "Mozilla/5.0 (Windows NT 10.0; WOW64; Trident/7.0; rv:11.0) like Gecko"
194.24.159.87 - - [15/Nov/2021:15:42:00 +0100] "GET /images/header_block_border.gif HTTP/1.1" 304 - "http://renault.activities.at/account" "Mozilla/5.0 (Windows NT 10.0; WOW64; Trident/7.0; rv:11.0) like Gecko"
194.24.159.87 - - [15/Nov/2021:15:42:00 +0100] "GET /images/header_block_corner_left_top.gif HTTP/1.1" 304 - "http://renault.activities.at/account" "Mozilla/5.0 (Windows NT 10.0; WOW64; Trident/7.0; rv:11.0) like Gecko"
194.24.159.87 - - [15/Nov/2021:15:42:00 +0100] "GET /images/header_block_corner_right_top.gif HTTP/1.1" 304 - "http://renault.activities.at/account" "Mozilla/5.0 (Windows NT 10.0; WOW64; Trident/7.0; rv:11.0) like Gecko"
194.24.159.87 - - [15/Nov/2021:15:42:00 +0100] "GET /images/search_bg.gif HTTP/1.1" 304 - "http://renault.activities.at/account" "Mozilla/5.0 (Windows NT 10.0; WOW64; Trident/7.0; rv:11.0) like Gecko"
194.24.159.87 - - [15/Nov/2021:15:42:00 +0100] "GET /images/main_block_border.gif HTTP/1.1" 304 - "http://renault.activities.at/account" "Mozilla/5.0 (Windows NT 10.0; WOW64; Trident/7.0; rv:11.0) like Gecko"
194.24.159.87 - - [15/Nov/2021:15:42:00 +0100] "GET /images/main_block_corner_left_top.gif HTTP/1.1" 304 - "http://renault.activities.at/account" "Mozilla/5.0 (Windows NT 10.0; WOW64; Trident/7.0; rv:11.0) like Gecko"
194.24.159.87 - - [15/Nov/2021:15:42:00 +0100] "GET /images/main_block_corner_right_top.gif HTTP/1.1" 304 - "http://renault.activities.at/account" "Mozilla/5.0 (Windows NT 10.0; WOW64; Trident/7.0; rv:11.0) like Gecko"
194.24.159.87 - - [15/Nov/2021:15:42:00 +0100] "GET /images/main_block_corner_left_bot.gif HTTP/1.1" 304 - "http://renault.activities.at/account" "Mozilla/5.0 (Windows NT 10.0; WOW64; Trident/7.0; rv:11.0) like Gecko"
