80.120.210.180 - - [17/Nov/2021:12:02:38 +0100] "GET /reload?ser=1637146958725 HTTP/1.1" 200 28 "http://renault.activities.at/result?searchterm=true&search=express" "Mozilla/5.0 (Windows NT 10.0; Win64; x64) AppleWebKit/537.36 (KHTML, like Gecko) Chrome/95.0.4638.69 Safari/537.36 Edg/95.0.1020.53"
138.21.12.30 - - [17/Nov/2021:12:03:21 +0100] "GET /reload?ser=1637147001444 HTTP/1.1" 200 28 "http://renault.2web.at/account" "Mozilla/5.0 (Windows NT 10.0; Win64; x64) AppleWebKit/537.36 (KHTML, like Gecko) Chrome/95.0.4638.69 Safari/537.36"
80.120.210.180 - - [17/Nov/2021:12:03:40 +0100] "GET /reload?ser=1637147020730 HTTP/1.1" 200 28 "http://renault.activities.at/result?searchterm=true&search=express" "Mozilla/5.0 (Windows NT 10.0; Win64; x64) AppleWebKit/537.36 (KHTML, like Gecko) Chrome/95.0.4638.69 Safari/537.36 Edg/95.0.1020.53"
138.21.12.30 - - [17/Nov/2021:12:04:23 +0100] "GET /reload?ser=1637147063445 HTTP/1.1" 200 28 "http://renault.2web.at/account" "Mozilla/5.0 (Windows NT 10.0; Win64; x64) AppleWebKit/537.36 (KHTML, like Gecko) Chrome/95.0.4638.69 Safari/537.36"
80.120.210.180 - - [17/Nov/2021:12:04:42 +0100] "GET /reload?ser=1637147082733 HTTP/1.1" 200 28 "http://renault.activities.at/result?searchterm=true&search=express" "Mozilla/5.0 (Windows NT 10.0; Win64; x64) AppleWebKit/537.36 (KHTML, like Gecko) Chrome/95.0.4638.69 Safari/537.36 Edg/95.0.1020.53"
138.21.12.30 - - [17/Nov/2021:12:05:25 +0100] "GET /reload?ser=1637147125445 HTTP/1.1" 200 28 "http://renault.2web.at/account" "Mozilla/5.0 (Windows NT 10.0; Win64; x64) AppleWebKit/537.36 (KHTML, like Gecko) Chrome/95.0.4638.69 Safari/537.36"
80.120.210.180 - - [17/Nov/2021:12:05:43 +0100] "GET /reload?ser=1637147143727 HTTP/1.1" 200 28 "http://renault.activities.at/result?searchterm=true&search=express" "Mozilla/5.0 (Windows NT 10.0; Win64; x64) AppleWebKit/537.36 (KHTML, like Gecko) Chrome/95.0.4638.69 Safari/537.36 Edg/95.0.1020.53"
138.21.12.30 - - [17/Nov/2021:12:06:26 +0100] "GET /reload?ser=1637147186446 HTTP/1.1" 200 28 "http://renault.2web.at/account" "Mozilla/5.0 (Windows NT 10.0; Win64; x64) AppleWebKit/537.36 (KHTML, like Gecko) Chrome/95.0.4638.69 Safari/537.36"
80.120.210.180 - - [17/Nov/2021:12:06:44 +0100] "GET /reload?ser=1637147204739 HTTP/1.1" 200 28 "http://renault.activities.at/result?searchterm=true&search=express" "Mozilla/5.0 (Windows NT 10.0; Win64; x64) AppleWebKit/537.36 (KHTML, like Gecko) Chrome/95.0.4638.69 Safari/537.36 Edg/95.0.1020.53"
138.21.12.30 - - [17/Nov/2021:12:07:28 +0100] "GET /reload?ser=1637147248446 HTTP/1.1" 200 28 "http://renault.2web.at/account" "Mozilla/5.0 (Windows NT 10.0; Win64; x64) AppleWebKit/537.36 (KHTML, like Gecko) Chrome/95.0.4638.69 Safari/537.36"
80.120.210.180 - - [17/Nov/2021:12:07:45 +0100] "GET /reload?ser=1637147265732 HTTP/1.1" 200 28 "http://renault.activities.at/result?searchterm=true&search=express" "Mozilla/5.0 (Windows NT 10.0; Win64; x64) AppleWebKit/537.36 (KHTML, like Gecko) Chrome/95.0.4638.69 Safari/537.36 Edg/95.0.1020.53"
138.21.12.30 - - [17/Nov/2021:12:08:30 +0100] "GET /reload?ser=1637147310447 HTTP/1.1" 200 28 "http://renault.2web.at/account" "Mozilla/5.0 (Windows NT 10.0; Win64; x64) AppleWebKit/537.36 (KHTML, like Gecko) Chrome/95.0.4638.69 Safari/537.36"
80.120.210.180 - - [17/Nov/2021:12:08:46 +0100] "GET /reload?ser=1637147326737 HTTP/1.1" 200 28 "http://renault.activities.at/result?searchterm=true&search=express" "Mozilla/5.0 (Windows NT 10.0; Win64; x64) AppleWebKit/537.36 (KHTML, like Gecko) Chrome/95.0.4638.69 Safari/537.36 Edg/95.0.1020.53"
138.21.12.30 - - [17/Nov/2021:12:09:32 +0100] "GET /reload?ser=1637147372447 HTTP/1.1" 200 28 "http://renault.2web.at/account" "Mozilla/5.0 (Windows NT 10.0; Win64; x64) AppleWebKit/537.36 (KHTML, like Gecko) Chrome/95.0.4638.69 Safari/537.36"
80.120.210.180 - - [17/Nov/2021:12:09:47 +0100] "GET /reload?ser=1637147387725 HTTP/1.1" 200 28 "http://renault.activities.at/result?searchterm=true&search=express" "Mozilla/5.0 (Windows NT 10.0; Win64; x64) AppleWebKit/537.36 (KHTML, like Gecko) Chrome/95.0.4638.69 Safari/537.36 Edg/95.0.1020.53"
138.21.12.30 - - [17/Nov/2021:12:10:34 +0100] "GET /reload?ser=1637147434448 HTTP/1.1" 200 28 "http://renault.2web.at/account" "Mozilla/5.0 (Windows NT 10.0; Win64; x64) AppleWebKit/537.36 (KHTML, like Gecko) Chrome/95.0.4638.69 Safari/537.36"
80.120.210.180 - - [17/Nov/2021:12:10:48 +0100] "GET /reload?ser=1637147448728 HTTP/1.1" 200 28 "http://renault.activities.at/result?searchterm=true&search=express" "Mozilla/5.0 (Windows NT 10.0; Win64; x64) AppleWebKit/537.36 (KHTML, like Gecko) Chrome/95.0.4638.69 Safari/537.36 Edg/95.0.1020.53"
138.21.12.30 - - [17/Nov/2021:12:11:36 +0100] "GET /reload?ser=1637147496448 HTTP/1.1" 200 28 "http://renault.2web.at/account" "Mozilla/5.0 (Windows NT 10.0; Win64; x64) AppleWebKit/537.36 (KHTML, like Gecko) Chrome/95.0.4638.69 Safari/537.36"
80.120.210.180 - - [17/Nov/2021:12:11:49 +0100] "GET /reload?ser=1637147509736 HTTP/1.1" 200 28 "http://renault.activities.at/result?searchterm=true&search=express" "Mozilla/5.0 (Windows NT 10.0; Win64; x64) AppleWebKit/537.36 (KHTML, like Gecko) Chrome/95.0.4638.69 Safari/537.36 Edg/95.0.1020.53"
138.21.12.30 - - [17/Nov/2021:12:12:38 +0100] "GET /reload?ser=1637147558452 HTTP/1.1" 200 28 "http://renault.2web.at/account" "Mozilla/5.0 (Windows NT 10.0; Win64; x64) AppleWebKit/537.36 (KHTML, like Gecko) Chrome/95.0.4638.69 Safari/537.36"
80.120.210.180 - - [17/Nov/2021:12:12:51 +0100] "GET /reload?ser=1637147571737 HTTP/1.1" 200 28 "http://renault.activities.at/result?searchterm=true&search=express" "Mozilla/5.0 (Windows NT 10.0; Win64; x64) AppleWebKit/537.36 (KHTML, like Gecko) Chrome/95.0.4638.69 Safari/537.36 Edg/95.0.1020.53"
138.21.12.30 - - [17/Nov/2021:12:13:40 +0100] "GET /reload?ser=1637147620448 HTTP/1.1" 200 28 "http://renault.2web.at/account" "Mozilla/5.0 (Windows NT 10.0; Win64; x64) AppleWebKit/537.36 (KHTML, like Gecko) Chrome/95.0.4638.69 Safari/537.36"
80.120.210.180 - - [17/Nov/2021:12:13:52 +0100] "GET /reload?ser=1637147632734 HTTP/1.1" 200 28 "http://renault.activities.at/result?searchterm=true&search=express" "Mozilla/5.0 (Windows NT 10.0; Win64; x64) AppleWebKit/537.36 (KHTML, like Gecko) Chrome/95.0.4638.69 Safari/537.36 Edg/95.0.1020.53"
138.21.12.30 - - [17/Nov/2021:12:14:42 +0100] "GET /reload?ser=1637147682448 HTTP/1.1" 200 28 "http://renault.2web.at/account" "Mozilla/5.0 (Windows NT 10.0; Win64; x64) AppleWebKit/537.36 (KHTML, like Gecko) Chrome/95.0.4638.69 Safari/537.36"
80.120.210.180 - - [17/Nov/2021:12:14:54 +0100] "GET /reload?ser=1637147694734 HTTP/1.1" 200 28 "http://renault.activities.at/result?searchterm=true&search=express" "Mozilla/5.0 (Windows NT 10.0; Win64; x64) AppleWebKit/537.36 (KHTML, like Gecko) Chrome/95.0.4638.69 Safari/537.36 Edg/95.0.1020.53"
138.21.12.30 - - [17/Nov/2021:12:15:44 +0100] "GET /reload?ser=1637147744448 HTTP/1.1" 200 28 "http://renault.2web.at/account" "Mozilla/5.0 (Windows NT 10.0; Win64; x64) AppleWebKit/537.36 (KHTML, like Gecko) Chrome/95.0.4638.69 Safari/537.36"
80.120.210.180 - - [17/Nov/2021:12:15:55 +0100] "GET /reload?ser=1637147755731 HTTP/1.1" 200 28 "http://renault.activities.at/result?searchterm=true&search=express" "Mozilla/5.0 (Windows NT 10.0; Win64; x64) AppleWebKit/537.36 (KHTML, like Gecko) Chrome/95.0.4638.69 Safari/537.36 Edg/95.0.1020.53"
138.21.12.30 - - [17/Nov/2021:12:16:46 +0100] "GET /reload?ser=1637147806449 HTTP/1.1" 200 28 "http://renault.2web.at/account" "Mozilla/5.0 (Windows NT 10.0; Win64; x64) AppleWebKit/537.36 (KHTML, like Gecko) Chrome/95.0.4638.69 Safari/537.36"
80.120.210.180 - - [17/Nov/2021:12:16:56 +0100] "GET /reload?ser=1637147816730 HTTP/1.1" 200 28 "http://renault.activities.at/result?searchterm=true&search=express" "Mozilla/5.0 (Windows NT 10.0; Win64; x64) AppleWebKit/537.36 (KHTML, like Gecko) Chrome/95.0.4638.69 Safari/537.36 Edg/95.0.1020.53"
138.21.12.30 - - [17/Nov/2021:12:17:48 +0100] "GET /reload?ser=1637147868450 HTTP/1.1" 200 28 "http://renault.2web.at/account" "Mozilla/5.0 (Windows NT 10.0; Win64; x64) AppleWebKit/537.36 (KHTML, like Gecko) Chrome/95.0.4638.69 Safari/537.36"
80.120.210.180 - - [17/Nov/2021:12:17:57 +0100] "GET /reload?ser=1637147877732 HTTP/1.1" 200 28 "http://renault.activities.at/result?searchterm=true&search=express" "Mozilla/5.0 (Windows NT 10.0; Win64; x64) AppleWebKit/537.36 (KHTML, like Gecko) Chrome/95.0.4638.69 Safari/537.36 Edg/95.0.1020.53"
138.21.12.30 - - [17/Nov/2021:12:18:50 +0100] "GET /reload?ser=1637147930449 HTTP/1.1" 200 28 "http://renault.2web.at/account" "Mozilla/5.0 (Windows NT 10.0; Win64; x64) AppleWebKit/537.36 (KHTML, like Gecko) Chrome/95.0.4638.69 Safari/537.36"
80.120.210.180 - - [17/Nov/2021:12:18:59 +0100] "GET /reload?ser=1637147939731 HTTP/1.1" 200 28 "http://renault.activities.at/result?searchterm=true&search=express" "Mozilla/5.0 (Windows NT 10.0; Win64; x64) AppleWebKit/537.36 (KHTML, like Gecko) Chrome/95.0.4638.69 Safari/537.36 Edg/95.0.1020.53"
138.21.12.30 - - [17/Nov/2021:12:19:52 +0100] "GET /reload?ser=1637147992450 HTTP/1.1" 200 28 "http://renault.2web.at/account" "Mozilla/5.0 (Windows NT 10.0; Win64; x64) AppleWebKit/537.36 (KHTML, like Gecko) Chrome/95.0.4638.69 Safari/537.36"
80.120.210.180 - - [17/Nov/2021:12:20:00 +0100] "GET /reload?ser=1637148000729 HTTP/1.1" 200 28 "http://renault.activities.at/result?searchterm=true&search=express" "Mozilla/5.0 (Windows NT 10.0; Win64; x64) AppleWebKit/537.36 (KHTML, like Gecko) Chrome/95.0.4638.69 Safari/537.36 Edg/95.0.1020.53"
138.21.12.30 - - [17/Nov/2021:12:20:54 +0100] "GET /reload?ser=1637148054450 HTTP/1.1" 200 28 "http://renault.2web.at/account" "Mozilla/5.0 (Windows NT 10.0; Win64; x64) AppleWebKit/537.36 (KHTML, like Gecko) Chrome/95.0.4638.69 Safari/537.36"
80.120.210.180 - - [17/Nov/2021:12:21:01 +0100] "GET /reload?ser=1637148061728 HTTP/1.1" 200 28 "http://renault.activities.at/result?searchterm=true&search=express" "Mozilla/5.0 (Windows NT 10.0; Win64; x64) AppleWebKit/537.36 (KHTML, like Gecko) Chrome/95.0.4638.69 Safari/537.36 Edg/95.0.1020.53"
138.21.12.30 - - [17/Nov/2021:12:21:56 +0100] "GET /reload?ser=1637148116450 HTTP/1.1" 200 28 "http://renault.2web.at/account" "Mozilla/5.0 (Windows NT 10.0; Win64; x64) AppleWebKit/537.36 (KHTML, like Gecko) Chrome/95.0.4638.69 Safari/537.36"
80.120.210.180 - - [17/Nov/2021:12:22:02 +0100] "GET /reload?ser=1637148122726 HTTP/1.1" 200 28 "http://renault.activities.at/result?searchterm=true&search=express" "Mozilla/5.0 (Windows NT 10.0; Win64; x64) AppleWebKit/537.36 (KHTML, like Gecko) Chrome/95.0.4638.69 Safari/537.36 Edg/95.0.1020.53"
138.21.12.30 - - [17/Nov/2021:12:22:59 +0100] "GET /reload?ser=1637148178450 HTTP/1.1" 200 28 "http://renault.2web.at/account" "Mozilla/5.0 (Windows NT 10.0; Win64; x64) AppleWebKit/537.36 (KHTML, like Gecko) Chrome/95.0.4638.69 Safari/537.36"
80.120.210.180 - - [17/Nov/2021:12:23:03 +0100] "GET /reload?ser=1637148183725 HTTP/1.1" 200 28 "http://renault.activities.at/result?searchterm=true&search=express" "Mozilla/5.0 (Windows NT 10.0; Win64; x64) AppleWebKit/537.36 (KHTML, like Gecko) Chrome/95.0.4638.69 Safari/537.36 Edg/95.0.1020.53"
193.194.132.22 - - [17/Nov/2021:12:23:42 +0100] "GET / HTTP/1.1" 200 3096 "-" "Mozilla/5.0 (Windows NT 10.0; Win64; x64) AppleWebKit/537.36 (KHTML, like Gecko) Chrome/95.0.4638.69 Safari/537.36"
193.194.132.22 - - [17/Nov/2021:12:23:45 +0100] "GET /login HTTP/1.1" 200 2095 "http://renault.2web.at/" "Mozilla/5.0 (Windows NT 10.0; Win64; x64) AppleWebKit/537.36 (KHTML, like Gecko) Chrome/95.0.4638.69 Safari/537.36"
193.194.132.22 - - [17/Nov/2021:12:23:53 +0100] "POST /login HTTP/1.1" 302 137 "http://renault.2web.at/login" "Mozilla/5.0 (Windows NT 10.0; Win64; x64) AppleWebKit/537.36 (KHTML, like Gecko) Chrome/95.0.4638.69 Safari/537.36"
193.194.132.22 - - [17/Nov/2021:12:23:55 +0100] "GET /account HTTP/1.1" 200 8612 "http://renault.2web.at/login" "Mozilla/5.0 (Windows NT 10.0; Win64; x64) AppleWebKit/537.36 (KHTML, like Gecko) Chrome/95.0.4638.69 Safari/537.36"
138.21.12.30 - - [17/Nov/2021:12:24:01 +0100] "GET /reload?ser=1637148241450 HTTP/1.1" 200 28 "http://renault.2web.at/account" "Mozilla/5.0 (Windows NT 10.0; Win64; x64) AppleWebKit/537.36 (KHTML, like Gecko) Chrome/95.0.4638.69 Safari/537.36"
193.194.132.22 - - [17/Nov/2021:12:24:03 +0100] "GET /result?searchterm=true&search=EV03 HTTP/1.1" 200 7892 "http://renault.2web.at/account" "Mozilla/5.0 (Windows NT 10.0; Win64; x64) AppleWebKit/537.36 (KHTML, like Gecko) Chrome/95.0.4638.69 Safari/537.36"
80.120.210.180 - - [17/Nov/2021:12:24:04 +0100] "GET /reload?ser=1637148244730 HTTP/1.1" 200 28 "http://renault.activities.at/result?searchterm=true&search=express" "Mozilla/5.0 (Windows NT 10.0; Win64; x64) AppleWebKit/537.36 (KHTML, like Gecko) Chrome/95.0.4638.69 Safari/537.36 Edg/95.0.1020.53"
193.194.132.22 - - [17/Nov/2021:12:24:05 +0100] "GET /loadthumbnail.php?id=11967854&width=113 HTTP/1.1" 200 2106 "http://renault.2web.at/result?searchterm=true&search=EV03" "Mozilla/5.0 (Windows NT 10.0; Win64; x64) AppleWebKit/537.36 (KHTML, like Gecko) Chrome/95.0.4638.69 Safari/537.36"
138.21.12.30 - - [17/Nov/2021:12:25:03 +0100] "GET /reload?ser=1637148303450 HTTP/1.1" 200 28 "http://renault.2web.at/account" "Mozilla/5.0 (Windows NT 10.0; Win64; x64) AppleWebKit/537.36 (KHTML, like Gecko) Chrome/95.0.4638.69 Safari/537.36"
80.120.210.180 - - [17/Nov/2021:12:25:05 +0100] "GET /reload?ser=1637148305728 HTTP/1.1" 200 28 "http://renault.activities.at/result?searchterm=true&search=express" "Mozilla/5.0 (Windows NT 10.0; Win64; x64) AppleWebKit/537.36 (KHTML, like Gecko) Chrome/95.0.4638.69 Safari/537.36 Edg/95.0.1020.53"
193.194.132.22 - - [17/Nov/2021:12:25:06 +0100] "GET /reload?ser=1637148305949 HTTP/1.1" 200 28 "http://renault.2web.at/result?searchterm=true&search=EV03" "Mozilla/5.0 (Windows NT 10.0; Win64; x64) AppleWebKit/537.36 (KHTML, like Gecko) Chrome/95.0.4638.69 Safari/537.36"
86.59.113.102 - - [17/Nov/2021:12:25:52 +0100] "GET / HTTP/1.0" 200 11924 "-" "curl/7.21.0 (i486-pc-linux-gnu) libcurl/7.21.0 OpenSSL/0.9.8o zlib/1.2.3.4 libidn/1.15 libssh2/1.2.6"
193.194.132.22 - - [17/Nov/2021:12:26:00 +0100] "GET /result?searchterm=true&search=EV03 HTTP/1.1" 200 6637 "http://renault.2web.at/result?searchterm=true&search=EV03" "Mozilla/5.0 (Windows NT 10.0; Win64; x64) AppleWebKit/537.36 (KHTML, like Gecko) Chrome/95.0.4638.69 Safari/537.36"
138.21.12.30 - - [17/Nov/2021:12:26:05 +0100] "GET /reload?ser=1637148365450 HTTP/1.1" 200 28 "http://renault.2web.at/account" "Mozilla/5.0 (Windows NT 10.0; Win64; x64) AppleWebKit/537.36 (KHTML, like Gecko) Chrome/95.0.4638.69 Safari/537.36"
80.120.210.180 - - [17/Nov/2021:12:26:07 +0100] "GET /reload?ser=1637148367731 HTTP/1.1" 200 28 "http://renault.activities.at/result?searchterm=true&search=express" "Mozilla/5.0 (Windows NT 10.0; Win64; x64) AppleWebKit/537.36 (KHTML, like Gecko) Chrome/95.0.4638.69 Safari/537.36 Edg/95.0.1020.53"
193.194.132.22 - - [17/Nov/2021:12:26:54 +0100] "GET /logout HTTP/1.1" 302 136 "http://renault.2web.at/result?searchterm=true&search=EV03" "Mozilla/5.0 (Windows NT 10.0; Win64; x64) AppleWebKit/537.36 (KHTML, like Gecko) Chrome/95.0.4638.69 Safari/537.36"
193.194.132.22 - - [17/Nov/2021:12:26:55 +0100] "GET /logout HTTP/1.1" 200 1592 "http://renault.2web.at/result?searchterm=true&search=EV03" "Mozilla/5.0 (Windows NT 10.0; Win64; x64) AppleWebKit/537.36 (KHTML, like Gecko) Chrome/95.0.4638.69 Safari/537.36"
193.194.132.22 - - [17/Nov/2021:12:27:03 +0100] "GET / HTTP/1.1" 200 3096 "http://renault.2web.at/logout" "Mozilla/5.0 (Windows NT 10.0; Win64; x64) AppleWebKit/537.36 (KHTML, like Gecko) Chrome/95.0.4638.69 Safari/537.36"
138.21.12.30 - - [17/Nov/2021:12:27:07 +0100] "GET /reload?ser=1637148427451 HTTP/1.1" 200 28 "http://renault.2web.at/account" "Mozilla/5.0 (Windows NT 10.0; Win64; x64) AppleWebKit/537.36 (KHTML, like Gecko) Chrome/95.0.4638.69 Safari/537.36"
80.120.210.180 - - [17/Nov/2021:12:27:08 +0100] "GET /reload?ser=1637148428726 HTTP/1.1" 200 28 "http://renault.activities.at/result?searchterm=true&search=express" "Mozilla/5.0 (Windows NT 10.0; Win64; x64) AppleWebKit/537.36 (KHTML, like Gecko) Chrome/95.0.4638.69 Safari/537.36 Edg/95.0.1020.53"
193.194.132.22 - - [17/Nov/2021:12:28:05 +0100] "GET /reload?ser=1637148484951 HTTP/1.1" 200 28 "http://renault.2web.at/" "Mozilla/5.0 (Windows NT 10.0; Win64; x64) AppleWebKit/537.36 (KHTML, like Gecko) Chrome/95.0.4638.69 Safari/537.36"
80.120.210.180 - - [17/Nov/2021:12:28:09 +0100] "GET /reload?ser=1637148489738 HTTP/1.1" 200 28 "http://renault.activities.at/result?searchterm=true&search=express" "Mozilla/5.0 (Windows NT 10.0; Win64; x64) AppleWebKit/537.36 (KHTML, like Gecko) Chrome/95.0.4638.69 Safari/537.36 Edg/95.0.1020.53"
80.120.210.180 - - [17/Nov/2021:12:28:51 +0100] "GET /login?required=true HTTP/1.1" 200 2085 "http://renault.activities.at/result?dir=DESC&mode=grid&order=name&limit=15&page=5&search=dacia" "Mozilla/5.0 (Windows NT 10.0; Win64; x64) AppleWebKit/537.36 (KHTML, like Gecko) Chrome/95.0.4638.69 Safari/537.36 Edg/95.0.1020.44"
80.120.210.180 - - [17/Nov/2021:12:28:52 +0100] "GET /js/default.js HTTP/1.1" 200 14698 "http://renault.activities.at/login?required=true" "Mozilla/5.0 (Windows NT 10.0; Win64; x64) AppleWebKit/537.36 (KHTML, like Gecko) Chrome/95.0.4638.69 Safari/537.36 Edg/95.0.1020.44"
80.120.210.180 - - [17/Nov/2021:12:28:52 +0100] "GET /css/clears.css HTTP/1.1" 200 851 "http://renault.activities.at/login?required=true" "Mozilla/5.0 (Windows NT 10.0; Win64; x64) AppleWebKit/537.36 (KHTML, like Gecko) Chrome/95.0.4638.69 Safari/537.36 Edg/95.0.1020.44"
80.120.210.180 - - [17/Nov/2021:12:28:52 +0100] "GET /css/reset.css HTTP/1.1" 200 1356 "http://renault.activities.at/login?required=true" "Mozilla/5.0 (Windows NT 10.0; Win64; x64) AppleWebKit/537.36 (KHTML, like Gecko) Chrome/95.0.4638.69 Safari/537.36 Edg/95.0.1020.44"
80.120.210.180 - - [17/Nov/2021:12:28:52 +0100] "GET /js/checkout.css HTTP/1.1" 200 359 "http://renault.activities.at/login?required=true" "Mozilla/5.0 (Windows NT 10.0; Win64; x64) AppleWebKit/537.36 (KHTML, like Gecko) Chrome/95.0.4638.69 Safari/537.36 Edg/95.0.1020.44"
80.120.210.180 - - [17/Nov/2021:12:28:52 +0100] "GET /css/styles.css HTTP/1.1" 200 14664 "http://renault.activities.at/login?required=true" "Mozilla/5.0 (Windows NT 10.0; Win64; x64) AppleWebKit/537.36 (KHTML, like Gecko) Chrome/95.0.4638.69 Safari/537.36 Edg/95.0.1020.44"
80.120.210.180 - - [17/Nov/2021:12:28:52 +0100] "GET /css/prototip.css HTTP/1.1" 200 968 "http://renault.activities.at/login?required=true" "Mozilla/5.0 (Windows NT 10.0; Win64; x64) AppleWebKit/537.36 (KHTML, like Gecko) Chrome/95.0.4638.69 Safari/537.36 Edg/95.0.1020.44"
80.120.210.180 - - [17/Nov/2021:12:28:52 +0100] "GET /css/themes/alphacube.css HTTP/1.1" 200 743 "http://renault.activities.at/login?required=true" "Mozilla/5.0 (Windows NT 10.0; Win64; x64) AppleWebKit/537.36 (KHTML, like Gecko) Chrome/95.0.4638.69 Safari/537.36 Edg/95.0.1020.44"
80.120.210.180 - - [17/Nov/2021:12:28:52 +0100] "GET /css/themes/default.css HTTP/1.1" 200 769 "http://renault.activities.at/login?required=true" "Mozilla/5.0 (Windows NT 10.0; Win64; x64) AppleWebKit/537.36 (KHTML, like Gecko) Chrome/95.0.4638.69 Safari/537.36 Edg/95.0.1020.44"
80.120.210.180 - - [17/Nov/2021:12:28:52 +0100] "GET /js/index.php?c=auto&f=,prototype/prototype.js,prototype/validation.js,scriptaculous/builder.js,scriptaculous/effects.js,scriptaculous/dragdrop.js,scriptaculous/controls.js,scriptaculous/slider.js,varien/js.js,varien/form.js,varien/menu.js,mage/translate.js,mage/cookies.js,varien/product.js,spinner/SpinnerControl.jsmin.js,prototype/window.js,prototype/window_ext.js HTTP/1.1" 200 94182 "http://renault.activities.at/login?required=true" "Mozilla/5.0 (Windows NT 10.0; Win64; x64) AppleWebKit/537.36 (KHTML, like Gecko) Chrome/95.0.4638.69 Safari/537.36 Edg/95.0.1020.44"
80.120.210.180 - - [17/Nov/2021:12:28:52 +0100] "GET /css/print.css HTTP/1.1" 200 543 "http://renault.activities.at/login?required=true" "Mozilla/5.0 (Windows NT 10.0; Win64; x64) AppleWebKit/537.36 (KHTML, like Gecko) Chrome/95.0.4638.69 Safari/537.36 Edg/95.0.1020.44"
80.120.210.180 - - [17/Nov/2021:12:28:52 +0100] "GET /images/main_block_corner_right_bot.gif HTTP/1.1" 200 158 "http://renault.activities.at/css/styles.css" "Mozilla/5.0 (Windows NT 10.0; Win64; x64) AppleWebKit/537.36 (KHTML, like Gecko) Chrome/95.0.4638.69 Safari/537.36 Edg/95.0.1020.44"
80.120.210.180 - - [17/Nov/2021:12:28:52 +0100] "GET /images/main_block_corner_left_bot.gif HTTP/1.1" 200 159 "http://renault.activities.at/css/styles.css" "Mozilla/5.0 (Windows NT 10.0; Win64; x64) AppleWebKit/537.36 (KHTML, like Gecko) Chrome/95.0.4638.69 Safari/537.36 Edg/95.0.1020.44"
80.120.210.180 - - [17/Nov/2021:12:28:52 +0100] "GET /images/header_block_corner_left_top.gif HTTP/1.1" 200 160 "http://renault.activities.at/css/styles.css" "Mozilla/5.0 (Windows NT 10.0; Win64; x64) AppleWebKit/537.36 (KHTML, like Gecko) Chrome/95.0.4638.69 Safari/537.36 Edg/95.0.1020.44"
80.120.210.180 - - [17/Nov/2021:12:28:52 +0100] "GET /images/header_block_border.gif HTTP/1.1" 200 43 "http://renault.activities.at/css/styles.css" "Mozilla/5.0 (Windows NT 10.0; Win64; x64) AppleWebKit/537.36 (KHTML, like Gecko) Chrome/95.0.4638.69 Safari/537.36 Edg/95.0.1020.44"
80.120.210.180 - - [17/Nov/2021:12:28:52 +0100] "GET /images/main_block_border.gif HTTP/1.1" 200 43 "http://renault.activities.at/css/styles.css" "Mozilla/5.0 (Windows NT 10.0; Win64; x64) AppleWebKit/537.36 (KHTML, like Gecko) Chrome/95.0.4638.69 Safari/537.36 Edg/95.0.1020.44"
80.120.210.180 - - [17/Nov/2021:12:28:52 +0100] "GET /images/title_corner_right_top.jpg HTTP/1.1" 200 389 "http://renault.activities.at/css/styles.css" "Mozilla/5.0 (Windows NT 10.0; Win64; x64) AppleWebKit/537.36 (KHTML, like Gecko) Chrome/95.0.4638.69 Safari/537.36 Edg/95.0.1020.44"
80.120.210.180 - - [17/Nov/2021:12:28:52 +0100] "GET /images/title_border.jpg HTTP/1.1" 200 304 "http://renault.activities.at/css/styles.css" "Mozilla/5.0 (Windows NT 10.0; Win64; x64) AppleWebKit/537.36 (KHTML, like Gecko) Chrome/95.0.4638.69 Safari/537.36 Edg/95.0.1020.44"
80.120.210.180 - - [17/Nov/2021:12:28:52 +0100] "GET /images/main_block_corner_right_top.gif HTTP/1.1" 200 159 "http://renault.activities.at/css/styles.css" "Mozilla/5.0 (Windows NT 10.0; Win64; x64) AppleWebKit/537.36 (KHTML, like Gecko) Chrome/95.0.4638.69 Safari/537.36 Edg/95.0.1020.44"
80.120.210.180 - - [17/Nov/2021:12:28:52 +0100] "GET /images/main_block_corner_left_top.gif HTTP/1.1" 200 159 "http://renault.activities.at/css/styles.css" "Mozilla/5.0 (Windows NT 10.0; Win64; x64) AppleWebKit/537.36 (KHTML, like Gecko) Chrome/95.0.4638.69 Safari/537.36 Edg/95.0.1020.44"
80.120.210.180 - - [17/Nov/2021:12:28:52 +0100] "GET /images/header_block_corner_right_top.gif HTTP/1.1" 200 160 "http://renault.activities.at/css/styles.css" "Mozilla/5.0 (Windows NT 10.0; Win64; x64) AppleWebKit/537.36 (KHTML, like Gecko) Chrome/95.0.4638.69 Safari/537.36 Edg/95.0.1020.44"
80.120.210.180 - - [17/Nov/2021:12:28:52 +0100] "GET /images/title_corner_left_top.jpg HTTP/1.1" 200 372 "http://renault.activities.at/css/styles.css" "Mozilla/5.0 (Windows NT 10.0; Win64; x64) AppleWebKit/537.36 (KHTML, like Gecko) Chrome/95.0.4638.69 Safari/537.36 Edg/95.0.1020.44"
80.120.210.180 - - [17/Nov/2021:12:28:52 +0100] "GET /images/title_border_top.jpg HTTP/1.1" 200 336 "http://renault.activities.at/css/styles.css" "Mozilla/5.0 (Windows NT 10.0; Win64; x64) AppleWebKit/537.36 (KHTML, like Gecko) Chrome/95.0.4638.69 Safari/537.36 Edg/95.0.1020.44"
80.120.210.180 - - [17/Nov/2021:12:28:53 +0100] "GET /images/button_right_bg.gif HTTP/1.1" 200 561 "http://renault.activities.at/css/styles.css" "Mozilla/5.0 (Windows NT 10.0; Win64; x64) AppleWebKit/537.36 (KHTML, like Gecko) Chrome/95.0.4638.69 Safari/537.36 Edg/95.0.1020.44"
80.120.210.180 - - [17/Nov/2021:12:28:53 +0100] "GET /images/button_left_bg.gif HTTP/1.1" 200 564 "http://renault.activities.at/css/styles.css" "Mozilla/5.0 (Windows NT 10.0; Win64; x64) AppleWebKit/537.36 (KHTML, like Gecko) Chrome/95.0.4638.69 Safari/537.36 Edg/95.0.1020.44"
80.120.210.180 - - [17/Nov/2021:12:28:53 +0100] "GET /images/button_bg.gif HTTP/1.1" 200 151 "http://renault.activities.at/css/styles.css" "Mozilla/5.0 (Windows NT 10.0; Win64; x64) AppleWebKit/537.36 (KHTML, like Gecko) Chrome/95.0.4638.69 Safari/537.36 Edg/95.0.1020.44"
80.120.210.180 - - [17/Nov/2021:12:28:52 +0100] "GET /loadthumbnail.php?id=11127982 HTTP/1.1" 200 399614 "http://renault.activities.at/login?required=true" "Mozilla/5.0 (Windows NT 10.0; Win64; x64) AppleWebKit/537.36 (KHTML, like Gecko) Chrome/95.0.4638.69 Safari/537.36 Edg/95.0.1020.44"
80.120.210.180 - - [17/Nov/2021:12:28:53 +0100] "GET /images/favicon.ico HTTP/1.1" 404 305 "http://renault.activities.at/login?required=true" "Mozilla/5.0 (Windows NT 10.0; Win64; x64) AppleWebKit/537.36 (KHTML, like Gecko) Chrome/95.0.4638.69 Safari/537.36 Edg/95.0.1020.44"
193.194.132.22 - - [17/Nov/2021:12:29:07 +0100] "GET /reload?ser=1637148546953 HTTP/1.1" 200 28 "http://renault.2web.at/" "Mozilla/5.0 (Windows NT 10.0; Win64; x64) AppleWebKit/537.36 (KHTML, like Gecko) Chrome/95.0.4638.69 Safari/537.36"
80.120.210.180 - - [17/Nov/2021:12:29:11 +0100] "GET /reload?ser=1637148551725 HTTP/1.1" 200 28 "http://renault.activities.at/result?searchterm=true&search=express" "Mozilla/5.0 (Windows NT 10.0; Win64; x64) AppleWebKit/537.36 (KHTML, like Gecko) Chrome/95.0.4638.69 Safari/537.36 Edg/95.0.1020.53"
80.120.210.180 - - [17/Nov/2021:12:29:03 +0100] "POST /login HTTP/1.1" 302 140 "http://renault.activities.at/login?required=true" "Mozilla/5.0 (Windows NT 10.0; Win64; x64) AppleWebKit/537.36 (KHTML, like Gecko) Chrome/95.0.4638.69 Safari/537.36 Edg/95.0.1020.44"
80.120.210.180 - - [17/Nov/2021:12:29:13 +0100] "GET /account HTTP/1.1" 200 6271 "http://renault.activities.at/login?required=true" "Mozilla/5.0 (Windows NT 10.0; Win64; x64) AppleWebKit/537.36 (KHTML, like Gecko) Chrome/95.0.4638.69 Safari/537.36 Edg/95.0.1020.44"
80.120.210.180 - - [17/Nov/2021:12:29:19 +0100] "GET /js/account.js HTTP/1.1" 200 953 "http://renault.activities.at/account" "Mozilla/5.0 (Windows NT 10.0; Win64; x64) AppleWebKit/537.36 (KHTML, like Gecko) Chrome/95.0.4638.69 Safari/537.36 Edg/95.0.1020.44"
80.120.210.180 - - [17/Nov/2021:12:29:19 +0100] "GET /images/menu_button_bg.jpg HTTP/1.1" 200 322 "http://renault.activities.at/css/styles.css" "Mozilla/5.0 (Windows NT 10.0; Win64; x64) AppleWebKit/537.36 (KHTML, like Gecko) Chrome/95.0.4638.69 Safari/537.36 Edg/95.0.1020.44"
80.120.210.180 - - [17/Nov/2021:12:29:19 +0100] "GET /images/top_links_divider.gif HTTP/1.1" 200 44 "http://renault.activities.at/css/styles.css" "Mozilla/5.0 (Windows NT 10.0; Win64; x64) AppleWebKit/537.36 (KHTML, like Gecko) Chrome/95.0.4638.69 Safari/537.36 Edg/95.0.1020.44"
80.120.210.180 - - [17/Nov/2021:12:29:19 +0100] "GET /loadthumbnail.php?id=10203651&width=50&height=50 HTTP/1.1" 200 1234 "http://renault.activities.at/account" "Mozilla/5.0 (Windows NT 10.0; Win64; x64) AppleWebKit/537.36 (KHTML, like Gecko) Chrome/95.0.4638.69 Safari/537.36 Edg/95.0.1020.44"
80.120.210.180 - - [17/Nov/2021:12:29:19 +0100] "GET /loadthumbnail.php?id=12460965&width=50&height=50 HTTP/1.1" 200 1116 "http://renault.activities.at/account" "Mozilla/5.0 (Windows NT 10.0; Win64; x64) AppleWebKit/537.36 (KHTML, like Gecko) Chrome/95.0.4638.69 Safari/537.36 Edg/95.0.1020.44"
80.120.210.180 - - [17/Nov/2021:12:29:19 +0100] "GET /images/menu_divider.gif HTTP/1.1" 200 176 "http://renault.activities.at/css/styles.css" "Mozilla/5.0 (Windows NT 10.0; Win64; x64) AppleWebKit/537.36 (KHTML, like Gecko) Chrome/95.0.4638.69 Safari/537.36 Edg/95.0.1020.44"
80.120.210.180 - - [17/Nov/2021:12:29:19 +0100] "GET /loadthumbnail.php?id=12456542&width=50&height=50 HTTP/1.1" 200 1209 "http://renault.activities.at/account" "Mozilla/5.0 (Windows NT 10.0; Win64; x64) AppleWebKit/537.36 (KHTML, like Gecko) Chrome/95.0.4638.69 Safari/537.36 Edg/95.0.1020.44"
80.120.210.180 - - [17/Nov/2021:12:29:19 +0100] "GET /images/sidebar_title_border.gif HTTP/1.1" 200 43 "http://renault.activities.at/css/styles.css" "Mozilla/5.0 (Windows NT 10.0; Win64; x64) AppleWebKit/537.36 (KHTML, like Gecko) Chrome/95.0.4638.69 Safari/537.36 Edg/95.0.1020.44"
80.120.210.180 - - [17/Nov/2021:12:29:19 +0100] "GET /images/search_bg.gif HTTP/1.1" 200 1726 "http://renault.activities.at/css/styles.css" "Mozilla/5.0 (Windows NT 10.0; Win64; x64) AppleWebKit/537.36 (KHTML, like Gecko) Chrome/95.0.4638.69 Safari/537.36 Edg/95.0.1020.44"
80.120.210.180 - - [17/Nov/2021:12:29:19 +0100] "GET /loadthumbnail.php?id=12414625&width=50&height=50 HTTP/1.1" 200 1303 "http://renault.activities.at/account" "Mozilla/5.0 (Windows NT 10.0; Win64; x64) AppleWebKit/537.36 (KHTML, like Gecko) Chrome/95.0.4638.69 Safari/537.36 Edg/95.0.1020.44"
80.120.210.180 - - [17/Nov/2021:12:29:19 +0100] "GET /images/sidebar_title_corner_right_top.gif HTTP/1.1" 200 383 "http://renault.activities.at/css/styles.css" "Mozilla/5.0 (Windows NT 10.0; Win64; x64) AppleWebKit/537.36 (KHTML, like Gecko) Chrome/95.0.4638.69 Safari/537.36 Edg/95.0.1020.44"
80.120.210.180 - - [17/Nov/2021:12:29:19 +0100] "GET /images/sidebar_title_border_top.gif HTTP/1.1" 200 155 "http://renault.activities.at/css/styles.css" "Mozilla/5.0 (Windows NT 10.0; Win64; x64) AppleWebKit/537.36 (KHTML, like Gecko) Chrome/95.0.4638.69 Safari/537.36 Edg/95.0.1020.44"
80.120.210.180 - - [17/Nov/2021:12:29:19 +0100] "GET /images/sidebar_title_corner_left_top.gif HTTP/1.1" 200 1124 "http://renault.activities.at/css/styles.css" "Mozilla/5.0 (Windows NT 10.0; Win64; x64) AppleWebKit/537.36 (KHTML, like Gecko) Chrome/95.0.4638.69 Safari/537.36 Edg/95.0.1020.44"
80.120.210.180 - - [17/Nov/2021:12:29:19 +0100] "GET /images/nav_divider.gif HTTP/1.1" 200 43 "http://renault.activities.at/css/styles.css" "Mozilla/5.0 (Windows NT 10.0; Win64; x64) AppleWebKit/537.36 (KHTML, like Gecko) Chrome/95.0.4638.69 Safari/537.36 Edg/95.0.1020.44"
80.120.210.180 - - [17/Nov/2021:12:29:19 +0100] "GET /images/footer_divider.gif HTTP/1.1" 200 44 "http://renault.activities.at/css/styles.css" "Mozilla/5.0 (Windows NT 10.0; Win64; x64) AppleWebKit/537.36 (KHTML, like Gecko) Chrome/95.0.4638.69 Safari/537.36 Edg/95.0.1020.44"
80.120.210.180 - - [17/Nov/2021:12:29:24 +0100] "GET /result?searchterm=true&search=spring HTTP/1.1" 200 7117 "http://renault.activities.at/account" "Mozilla/5.0 (Windows NT 10.0; Win64; x64) AppleWebKit/537.36 (KHTML, like Gecko) Chrome/95.0.4638.69 Safari/537.36 Edg/95.0.1020.44"
80.120.210.180 - - [17/Nov/2021:12:29:27 +0100] "GET /js/prototip.js HTTP/1.1" 200 4588 "http://renault.activities.at/result?searchterm=true&search=spring" "Mozilla/5.0 (Windows NT 10.0; Win64; x64) AppleWebKit/537.36 (KHTML, like Gecko) Chrome/95.0.4638.69 Safari/537.36 Edg/95.0.1020.44"
80.120.210.180 - - [17/Nov/2021:12:29:27 +0100] "GET /js/ProduktGrp.js HTTP/1.1" 200 1569 "http://renault.activities.at/result?searchterm=true&search=spring" "Mozilla/5.0 (Windows NT 10.0; Win64; x64) AppleWebKit/537.36 (KHTML, like Gecko) Chrome/95.0.4638.69 Safari/537.36 Edg/95.0.1020.44"
80.120.210.180 - - [17/Nov/2021:12:29:27 +0100] "GET /images/loading.gif HTTP/1.1" 200 3208 "http://renault.activities.at/result?searchterm=true&search=spring" "Mozilla/5.0 (Windows NT 10.0; Win64; x64) AppleWebKit/537.36 (KHTML, like Gecko) Chrome/95.0.4638.69 Safari/537.36 Edg/95.0.1020.44"
80.120.210.180 - - [17/Nov/2021:12:29:27 +0100] "GET /images/vista-up.gif HTTP/1.1" 200 131 "http://renault.activities.at/css/styles.css" "Mozilla/5.0 (Windows NT 10.0; Win64; x64) AppleWebKit/537.36 (KHTML, like Gecko) Chrome/95.0.4638.69 Safari/537.36 Edg/95.0.1020.44"
80.120.210.180 - - [17/Nov/2021:12:29:27 +0100] "GET /loadthumbnail.php?id=12427346&width=113 HTTP/1.1" 200 1875 "http://renault.activities.at/result?searchterm=true&search=spring" "Mozilla/5.0 (Windows NT 10.0; Win64; x64) AppleWebKit/537.36 (KHTML, like Gecko) Chrome/95.0.4638.69 Safari/537.36 Edg/95.0.1020.44"
80.120.210.180 - - [17/Nov/2021:12:29:27 +0100] "GET /loadthumbnail.php?id=12427345&width=113 HTTP/1.1" 200 1875 "http://renault.activities.at/result?searchterm=true&search=spring" "Mozilla/5.0 (Windows NT 10.0; Win64; x64) AppleWebKit/537.36 (KHTML, like Gecko) Chrome/95.0.4638.69 Safari/537.36 Edg/95.0.1020.44"
80.120.210.180 - - [17/Nov/2021:12:29:27 +0100] "GET /loadthumbnail.php?id=12445066&width=113 HTTP/1.1" 200 2105 "http://renault.activities.at/result?searchterm=true&search=spring" "Mozilla/5.0 (Windows NT 10.0; Win64; x64) AppleWebKit/537.36 (KHTML, like Gecko) Chrome/95.0.4638.69 Safari/537.36 Edg/95.0.1020.44"
80.120.210.180 - - [17/Nov/2021:12:29:27 +0100] "GET /loadthumbnail.php?id=10203255 HTTP/1.1" 200 137 "http://renault.activities.at/result?searchterm=true&search=spring" "Mozilla/5.0 (Windows NT 10.0; Win64; x64) AppleWebKit/537.36 (KHTML, like Gecko) Chrome/95.0.4638.69 Safari/537.36 Edg/95.0.1020.44"
80.120.210.180 - - [17/Nov/2021:12:29:27 +0100] "GET /loadthumbnail.php?id=12463098&width=113 HTTP/1.1" 200 3058 "http://renault.activities.at/result?searchterm=true&search=spring" "Mozilla/5.0 (Windows NT 10.0; Win64; x64) AppleWebKit/537.36 (KHTML, like Gecko) Chrome/95.0.4638.69 Safari/537.36 Edg/95.0.1020.44"
80.120.210.180 - - [17/Nov/2021:12:29:27 +0100] "GET /images/pager_bg.gif HTTP/1.1" 200 150 "http://renault.activities.at/css/styles.css" "Mozilla/5.0 (Windows NT 10.0; Win64; x64) AppleWebKit/537.36 (KHTML, like Gecko) Chrome/95.0.4638.69 Safari/537.36 Edg/95.0.1020.44"
80.120.210.180 - - [17/Nov/2021:12:29:27 +0100] "GET /images/vista-dn.gif HTTP/1.1" 200 128 "http://renault.activities.at/css/styles.css" "Mozilla/5.0 (Windows NT 10.0; Win64; x64) AppleWebKit/537.36 (KHTML, like Gecko) Chrome/95.0.4638.69 Safari/537.36 Edg/95.0.1020.44"
80.120.210.180 - - [17/Nov/2021:12:29:27 +0100] "GET /loadthumbnail.php?id=12427347&width=113 HTTP/1.1" 200 1388 "http://renault.activities.at/result?searchterm=true&search=spring" "Mozilla/5.0 (Windows NT 10.0; Win64; x64) AppleWebKit/537.36 (KHTML, like Gecko) Chrome/95.0.4638.69 Safari/537.36 Edg/95.0.1020.44"
80.120.210.180 - - [17/Nov/2021:12:29:27 +0100] "GET /loadthumbnail.php?id=12463094&width=113 HTTP/1.1" 200 4745 "http://renault.activities.at/result?searchterm=true&search=spring" "Mozilla/5.0 (Windows NT 10.0; Win64; x64) AppleWebKit/537.36 (KHTML, like Gecko) Chrome/95.0.4638.69 Safari/537.36 Edg/95.0.1020.44"
80.120.210.180 - - [17/Nov/2021:12:29:24 +0100] "POST /axjaxrequest?mode=suggest HTTP/1.1" 200 111 "http://renault.activities.at/account" "Mozilla/5.0 (Windows NT 10.0; Win64; x64) AppleWebKit/537.36 (KHTML, like Gecko) Chrome/95.0.4638.69 Safari/537.36 Edg/95.0.1020.44"
193.194.132.22 - - [17/Nov/2021:12:30:09 +0100] "GET /reload?ser=1637148607952 HTTP/1.1" 200 28 "http://renault.2web.at/" "Mozilla/5.0 (Windows NT 10.0; Win64; x64) AppleWebKit/537.36 (KHTML, like Gecko) Chrome/95.0.4638.69 Safari/537.36"
80.120.210.180 - - [17/Nov/2021:12:30:13 +0100] "GET /reload?ser=1637148613739 HTTP/1.1" 200 28 "http://renault.activities.at/result?searchterm=true&search=express" "Mozilla/5.0 (Windows NT 10.0; Win64; x64) AppleWebKit/537.36 (KHTML, like Gecko) Chrome/95.0.4638.69 Safari/537.36 Edg/95.0.1020.53"
193.194.132.22 - - [17/Nov/2021:12:31:11 +0100] "GET /reload?ser=1637148670954 HTTP/1.1" 200 28 "http://renault.2web.at/" "Mozilla/5.0 (Windows NT 10.0; Win64; x64) AppleWebKit/537.36 (KHTML, like Gecko) Chrome/95.0.4638.69 Safari/537.36"
80.120.210.180 - - [17/Nov/2021:12:31:15 +0100] "GET /reload?ser=1637148675740 HTTP/1.1" 200 28 "http://renault.activities.at/result?searchterm=true&search=express" "Mozilla/5.0 (Windows NT 10.0; Win64; x64) AppleWebKit/537.36 (KHTML, like Gecko) Chrome/95.0.4638.69 Safari/537.36 Edg/95.0.1020.53"
193.194.132.22 - - [17/Nov/2021:12:32:13 +0100] "GET /reload?ser=1637148732953 HTTP/1.1" 200 28 "http://renault.2web.at/" "Mozilla/5.0 (Windows NT 10.0; Win64; x64) AppleWebKit/537.36 (KHTML, like Gecko) Chrome/95.0.4638.69 Safari/537.36"
80.120.210.180 - - [17/Nov/2021:12:32:16 +0100] "GET /reload?ser=1637148736733 HTTP/1.1" 200 28 "http://renault.activities.at/result?searchterm=true&search=express" "Mozilla/5.0 (Windows NT 10.0; Win64; x64) AppleWebKit/537.36 (KHTML, like Gecko) Chrome/95.0.4638.69 Safari/537.36 Edg/95.0.1020.53"
193.194.132.22 - - [17/Nov/2021:12:33:15 +0100] "GET /reload?ser=1637148794954 HTTP/1.1" 200 28 "http://renault.2web.at/" "Mozilla/5.0 (Windows NT 10.0; Win64; x64) AppleWebKit/537.36 (KHTML, like Gecko) Chrome/95.0.4638.69 Safari/537.36"
80.120.210.180 - - [17/Nov/2021:12:33:17 +0100] "GET /reload?ser=1637148797738 HTTP/1.1" 200 28 "http://renault.activities.at/result?searchterm=true&search=express" "Mozilla/5.0 (Windows NT 10.0; Win64; x64) AppleWebKit/537.36 (KHTML, like Gecko) Chrome/95.0.4638.69 Safari/537.36 Edg/95.0.1020.53"
80.120.210.180 - - [17/Nov/2021:12:34:12 +0100] "GET /cart HTTP/1.1" 200 5103 "http://renault.activities.at/result?searchterm=true&search=express" "Mozilla/5.0 (Windows NT 10.0; Win64; x64) AppleWebKit/537.36 (KHTML, like Gecko) Chrome/95.0.4638.69 Safari/537.36 Edg/95.0.1020.53"
80.120.210.180 - - [17/Nov/2021:12:34:15 +0100] "GET /loadthumbnail.php?id=10232009&width=16&height=16 HTTP/1.1" 200 700 "http://renault.activities.at/cart" "Mozilla/5.0 (Windows NT 10.0; Win64; x64) AppleWebKit/537.36 (KHTML, like Gecko) Chrome/95.0.4638.69 Safari/537.36 Edg/95.0.1020.53"
80.120.210.180 - - [17/Nov/2021:12:34:15 +0100] "GET /loadthumbnail.php?id=12471830&width=100 HTTP/1.1" 200 2737 "http://renault.activities.at/cart" "Mozilla/5.0 (Windows NT 10.0; Win64; x64) AppleWebKit/537.36 (KHTML, like Gecko) Chrome/95.0.4638.69 Safari/537.36 Edg/95.0.1020.53"
193.194.132.22 - - [17/Nov/2021:12:34:16 +0100] "GET /reload?ser=1637148855955 HTTP/1.1" 200 28 "http://renault.2web.at/" "Mozilla/5.0 (Windows NT 10.0; Win64; x64) AppleWebKit/537.36 (KHTML, like Gecko) Chrome/95.0.4638.69 Safari/537.36"
80.120.210.180 - - [17/Nov/2021:12:34:25 +0100] "GET /checkout HTTP/1.1" 200 10243 "http://renault.activities.at/cart" "Mozilla/5.0 (Windows NT 10.0; Win64; x64) AppleWebKit/537.36 (KHTML, like Gecko) Chrome/95.0.4638.69 Safari/537.36 Edg/95.0.1020.53"
80.120.210.180 - - [17/Nov/2021:12:34:32 +0100] "GET /js/checkout2.js HTTP/1.1" 200 4122 "http://renault.activities.at/checkout" "Mozilla/5.0 (Windows NT 10.0; Win64; x64) AppleWebKit/537.36 (KHTML, like Gecko) Chrome/95.0.4638.69 Safari/537.36 Edg/95.0.1020.53"
80.120.210.180 - - [17/Nov/2021:12:34:33 +0100] "GET /images/ajax_loading.gif HTTP/1.1" 200 1542 "http://renault.activities.at/checkout" "Mozilla/5.0 (Windows NT 10.0; Win64; x64) AppleWebKit/537.36 (KHTML, like Gecko) Chrome/95.0.4638.69 Safari/537.36 Edg/95.0.1020.53"
80.120.210.180 - - [17/Nov/2021:12:34:33 +0100] "GET /images/step_marker.gif HTTP/1.1" 200 650 "http://renault.activities.at/css/styles.css" "Mozilla/5.0 (Windows NT 10.0; Win64; x64) AppleWebKit/537.36 (KHTML, like Gecko) Chrome/95.0.4638.69 Safari/537.36 Edg/95.0.1020.53"
80.120.210.180 - - [17/Nov/2021:12:34:33 +0100] "GET /images/step_bg.jpg HTTP/1.1" 200 319 "http://renault.activities.at/css/styles.css" "Mozilla/5.0 (Windows NT 10.0; Win64; x64) AppleWebKit/537.36 (KHTML, like Gecko) Chrome/95.0.4638.69 Safari/537.36 Edg/95.0.1020.53"
80.120.210.180 - - [17/Nov/2021:12:34:33 +0100] "GET /images/checkout_border_top.gif HTTP/1.1" 200 156 "http://renault.activities.at/css/styles.css" "Mozilla/5.0 (Windows NT 10.0; Win64; x64) AppleWebKit/537.36 (KHTML, like Gecko) Chrome/95.0.4638.69 Safari/537.36 Edg/95.0.1020.53"
80.120.210.180 - - [17/Nov/2021:12:34:33 +0100] "GET /images/checkout_border.gif HTTP/1.1" 200 43 "http://renault.activities.at/css/styles.css" "Mozilla/5.0 (Windows NT 10.0; Win64; x64) AppleWebKit/537.36 (KHTML, like Gecko) Chrome/95.0.4638.69 Safari/537.36 Edg/95.0.1020.53"
80.120.210.180 - - [17/Nov/2021:12:34:33 +0100] "GET /loadthumbnail.php?id=10201939 HTTP/1.1" 200 201 "http://renault.activities.at/checkout" "Mozilla/5.0 (Windows NT 10.0; Win64; x64) AppleWebKit/537.36 (KHTML, like Gecko) Chrome/95.0.4638.69 Safari/537.36 Edg/95.0.1020.53"
80.120.210.180 - - [17/Nov/2021:12:34:33 +0100] "GET /loadthumbnail.php?id=10202698 HTTP/1.1" 200 16686 "http://renault.activities.at/checkout" "Mozilla/5.0 (Windows NT 10.0; Win64; x64) AppleWebKit/537.36 (KHTML, like Gecko) Chrome/95.0.4638.69 Safari/537.36 Edg/95.0.1020.53"
193.194.132.22 - - [17/Nov/2021:12:35:17 +0100] "GET /reload?ser=1637148916956 HTTP/1.1" 200 28 "http://renault.2web.at/" "Mozilla/5.0 (Windows NT 10.0; Win64; x64) AppleWebKit/537.36 (KHTML, like Gecko) Chrome/95.0.4638.69 Safari/537.36"
80.120.210.180 - - [17/Nov/2021:12:35:33 +0100] "GET /reload?ser=1637148933240 HTTP/1.1" 200 28 "http://renault.activities.at/checkout" "Mozilla/5.0 (Windows NT 10.0; Win64; x64) AppleWebKit/537.36 (KHTML, like Gecko) Chrome/95.0.4638.69 Safari/537.36 Edg/95.0.1020.53"
193.194.132.22 - - [17/Nov/2021:12:36:21 +0100] "GET /reload?ser=1637148978955 HTTP/1.1" 200 28 "http://renault.2web.at/" "Mozilla/5.0 (Windows NT 10.0; Win64; x64) AppleWebKit/537.36 (KHTML, like Gecko) Chrome/95.0.4638.69 Safari/537.36"
80.120.210.180 - - [17/Nov/2021:12:36:34 +0100] "GET /reload?ser=1637148994739 HTTP/1.1" 200 28 "http://renault.activities.at/checkout" "Mozilla/5.0 (Windows NT 10.0; Win64; x64) AppleWebKit/537.36 (KHTML, like Gecko) Chrome/95.0.4638.69 Safari/537.36 Edg/95.0.1020.53"
80.120.210.180 - - [17/Nov/2021:12:37:05 +0100] "POST /docheckout HTTP/1.1" 200 433 "http://renault.activities.at/checkout" "Mozilla/5.0 (Windows NT 10.0; Win64; x64) AppleWebKit/537.36 (KHTML, like Gecko) Chrome/95.0.4638.69 Safari/537.36 Edg/95.0.1020.53"
80.120.210.180 - - [17/Nov/2021:12:37:09 +0100] "POST /docheckout HTTP/1.1" 200 626 "http://renault.activities.at/checkout" "Mozilla/5.0 (Windows NT 10.0; Win64; x64) AppleWebKit/537.36 (KHTML, like Gecko) Chrome/95.0.4638.69 Safari/537.36 Edg/95.0.1020.53"
193.194.132.22 - - [17/Nov/2021:12:37:23 +0100] "GET /reload?ser=1637149042956 HTTP/1.1" 200 28 "http://renault.2web.at/" "Mozilla/5.0 (Windows NT 10.0; Win64; x64) AppleWebKit/537.36 (KHTML, like Gecko) Chrome/95.0.4638.69 Safari/537.36"
80.120.210.180 - - [17/Nov/2021:12:37:20 +0100] "POST /docheckout HTTP/1.1" 200 68 "http://renault.activities.at/checkout" "Mozilla/5.0 (Windows NT 10.0; Win64; x64) AppleWebKit/537.36 (KHTML, like Gecko) Chrome/95.0.4638.69 Safari/537.36 Edg/95.0.1020.53"
80.120.210.180 - - [17/Nov/2021:12:37:30 +0100] "GET /success HTTP/1.1" 200 3783 "http://renault.activities.at/checkout" "Mozilla/5.0 (Windows NT 10.0; Win64; x64) AppleWebKit/537.36 (KHTML, like Gecko) Chrome/95.0.4638.69 Safari/537.36 Edg/95.0.1020.53"
193.194.132.22 - - [17/Nov/2021:12:38:25 +0100] "GET /reload?ser=1637149104956 HTTP/1.1" 200 28 "http://renault.2web.at/" "Mozilla/5.0 (Windows NT 10.0; Win64; x64) AppleWebKit/537.36 (KHTML, like Gecko) Chrome/95.0.4638.69 Safari/537.36"
193.194.132.22 - - [17/Nov/2021:12:39:27 +0100] "GET /reload?ser=1637149166956 HTTP/1.1" 200 28 "http://renault.2web.at/" "Mozilla/5.0 (Windows NT 10.0; Win64; x64) AppleWebKit/537.36 (KHTML, like Gecko) Chrome/95.0.4638.69 Safari/537.36"
193.194.132.22 - - [17/Nov/2021:12:40:28 +0100] "GET /reload?ser=1637149227957 HTTP/1.1" 200 28 "http://renault.2web.at/" "Mozilla/5.0 (Windows NT 10.0; Win64; x64) AppleWebKit/537.36 (KHTML, like Gecko) Chrome/95.0.4638.69 Safari/537.36"
193.194.132.22 - - [17/Nov/2021:12:41:37 +0100] "GET /reload?ser=1637149289958 HTTP/1.1" 200 28 "http://renault.2web.at/" "Mozilla/5.0 (Windows NT 10.0; Win64; x64) AppleWebKit/537.36 (KHTML, like Gecko) Chrome/95.0.4638.69 Safari/537.36"
193.194.132.22 - - [17/Nov/2021:12:42:39 +0100] "GET /reload?ser=1637149358958 HTTP/1.1" 200 28 "http://renault.2web.at/" "Mozilla/5.0 (Windows NT 10.0; Win64; x64) AppleWebKit/537.36 (KHTML, like Gecko) Chrome/95.0.4638.69 Safari/537.36"
193.194.132.22 - - [17/Nov/2021:12:43:40 +0100] "GET /reload?ser=1637149419958 HTTP/1.1" 200 28 "http://renault.2web.at/" "Mozilla/5.0 (Windows NT 10.0; Win64; x64) AppleWebKit/537.36 (KHTML, like Gecko) Chrome/95.0.4638.69 Safari/537.36"
193.194.132.22 - - [17/Nov/2021:12:44:41 +0100] "GET /reload?ser=1637149480958 HTTP/1.1" 200 28 "http://renault.2web.at/" "Mozilla/5.0 (Windows NT 10.0; Win64; x64) AppleWebKit/537.36 (KHTML, like Gecko) Chrome/95.0.4638.69 Safari/537.36"
193.194.132.22 - - [17/Nov/2021:12:45:42 +0100] "GET /reload?ser=1637149541959 HTTP/1.1" 200 28 "http://renault.2web.at/" "Mozilla/5.0 (Windows NT 10.0; Win64; x64) AppleWebKit/537.36 (KHTML, like Gecko) Chrome/95.0.4638.69 Safari/537.36"
193.194.132.22 - - [17/Nov/2021:12:46:45 +0100] "GET /reload?ser=1637149603958 HTTP/1.1" 200 28 "http://renault.2web.at/" "Mozilla/5.0 (Windows NT 10.0; Win64; x64) AppleWebKit/537.36 (KHTML, like Gecko) Chrome/95.0.4638.69 Safari/537.36"
193.194.132.22 - - [17/Nov/2021:12:47:47 +0100] "GET /reload?ser=1637149666959 HTTP/1.1" 200 28 "http://renault.2web.at/" "Mozilla/5.0 (Windows NT 10.0; Win64; x64) AppleWebKit/537.36 (KHTML, like Gecko) Chrome/95.0.4638.69 Safari/537.36"
193.194.132.22 - - [17/Nov/2021:12:48:50 +0100] "GET /reload?ser=1637149727959 HTTP/1.1" 200 28 "http://renault.2web.at/" "Mozilla/5.0 (Windows NT 10.0; Win64; x64) AppleWebKit/537.36 (KHTML, like Gecko) Chrome/95.0.4638.69 Safari/537.36"
193.194.132.22 - - [17/Nov/2021:12:49:52 +0100] "GET /reload?ser=1637149791960 HTTP/1.1" 200 28 "http://renault.2web.at/" "Mozilla/5.0 (Windows NT 10.0; Win64; x64) AppleWebKit/537.36 (KHTML, like Gecko) Chrome/95.0.4638.69 Safari/537.36"
193.194.132.22 - - [17/Nov/2021:12:50:55 +0100] "GET /reload?ser=1637149853960 HTTP/1.1" 200 28 "http://renault.2web.at/" "Mozilla/5.0 (Windows NT 10.0; Win64; x64) AppleWebKit/537.36 (KHTML, like Gecko) Chrome/95.0.4638.69 Safari/537.36"
193.194.132.22 - - [17/Nov/2021:12:51:57 +0100] "GET /reload?ser=1637149916959 HTTP/1.1" 200 28 "http://renault.2web.at/" "Mozilla/5.0 (Windows NT 10.0; Win64; x64) AppleWebKit/537.36 (KHTML, like Gecko) Chrome/95.0.4638.69 Safari/537.36"
193.194.132.22 - - [17/Nov/2021:12:52:59 +0100] "GET /reload?ser=1637149978960 HTTP/1.1" 200 28 "http://renault.2web.at/" "Mozilla/5.0 (Windows NT 10.0; Win64; x64) AppleWebKit/537.36 (KHTML, like Gecko) Chrome/95.0.4638.69 Safari/537.36"
193.194.132.22 - - [17/Nov/2021:12:54:00 +0100] "GET /reload?ser=1637150039960 HTTP/1.1" 200 28 "http://renault.2web.at/" "Mozilla/5.0 (Windows NT 10.0; Win64; x64) AppleWebKit/537.36 (KHTML, like Gecko) Chrome/95.0.4638.69 Safari/537.36"
193.194.132.22 - - [17/Nov/2021:12:55:01 +0100] "GET /reload?ser=1637150100959 HTTP/1.1" 200 28 "http://renault.2web.at/" "Mozilla/5.0 (Windows NT 10.0; Win64; x64) AppleWebKit/537.36 (KHTML, like Gecko) Chrome/95.0.4638.69 Safari/537.36"
193.194.132.22 - - [17/Nov/2021:12:56:02 +0100] "GET /reload?ser=1637150161959 HTTP/1.1" 200 28 "http://renault.2web.at/" "Mozilla/5.0 (Windows NT 10.0; Win64; x64) AppleWebKit/537.36 (KHTML, like Gecko) Chrome/95.0.4638.69 Safari/537.36"
193.194.132.22 - - [17/Nov/2021:12:57:03 +0100] "GET /reload?ser=1637150222960 HTTP/1.1" 200 28 "http://renault.2web.at/" "Mozilla/5.0 (Windows NT 10.0; Win64; x64) AppleWebKit/537.36 (KHTML, like Gecko) Chrome/95.0.4638.69 Safari/537.36"
193.194.132.22 - - [17/Nov/2021:12:58:04 +0100] "GET /reload?ser=1637150283960 HTTP/1.1" 200 28 "http://renault.2web.at/" "Mozilla/5.0 (Windows NT 10.0; Win64; x64) AppleWebKit/537.36 (KHTML, like Gecko) Chrome/95.0.4638.69 Safari/537.36"
193.194.132.22 - - [17/Nov/2021:12:59:06 +0100] "GET /reload?ser=1637150345960 HTTP/1.1" 200 28 "http://renault.2web.at/" "Mozilla/5.0 (Windows NT 10.0; Win64; x64) AppleWebKit/537.36 (KHTML, like Gecko) Chrome/95.0.4638.69 Safari/537.36"
193.194.132.22 - - [17/Nov/2021:13:00:07 +0100] "GET /reload?ser=1637150406961 HTTP/1.1" 200 28 "http://renault.2web.at/" "Mozilla/5.0 (Windows NT 10.0; Win64; x64) AppleWebKit/537.36 (KHTML, like Gecko) Chrome/95.0.4638.69 Safari/537.36"
193.194.132.22 - - [17/Nov/2021:13:01:08 +0100] "GET /reload?ser=1637150467960 HTTP/1.1" 200 28 "http://renault.2web.at/" "Mozilla/5.0 (Windows NT 10.0; Win64; x64) AppleWebKit/537.36 (KHTML, like Gecko) Chrome/95.0.4638.69 Safari/537.36"
193.194.132.22 - - [17/Nov/2021:13:02:09 +0100] "GET /reload?ser=1637150528960 HTTP/1.1" 200 28 "http://renault.2web.at/" "Mozilla/5.0 (Windows NT 10.0; Win64; x64) AppleWebKit/537.36 (KHTML, like Gecko) Chrome/95.0.4638.69 Safari/537.36"
193.194.132.22 - - [17/Nov/2021:13:03:11 +0100] "GET /reload?ser=1637150590960 HTTP/1.1" 200 28 "http://renault.2web.at/" "Mozilla/5.0 (Windows NT 10.0; Win64; x64) AppleWebKit/537.36 (KHTML, like Gecko) Chrome/95.0.4638.69 Safari/537.36"
193.194.132.22 - - [17/Nov/2021:13:04:13 +0100] "GET /reload?ser=1637150652960 HTTP/1.1" 200 28 "http://renault.2web.at/" "Mozilla/5.0 (Windows NT 10.0; Win64; x64) AppleWebKit/537.36 (KHTML, like Gecko) Chrome/95.0.4638.69 Safari/537.36"
193.194.132.22 - - [17/Nov/2021:13:05:14 +0100] "GET /reload?ser=1637150713961 HTTP/1.1" 200 28 "http://renault.2web.at/" "Mozilla/5.0 (Windows NT 10.0; Win64; x64) AppleWebKit/537.36 (KHTML, like Gecko) Chrome/95.0.4638.69 Safari/537.36"
193.194.132.22 - - [17/Nov/2021:13:06:17 +0100] "GET /reload?ser=1637150774961 HTTP/1.1" 200 28 "http://renault.2web.at/" "Mozilla/5.0 (Windows NT 10.0; Win64; x64) AppleWebKit/537.36 (KHTML, like Gecko) Chrome/95.0.4638.69 Safari/537.36"
193.194.132.22 - - [17/Nov/2021:13:07:18 +0100] "GET /reload?ser=1637150837961 HTTP/1.1" 200 28 "http://renault.2web.at/" "Mozilla/5.0 (Windows NT 10.0; Win64; x64) AppleWebKit/537.36 (KHTML, like Gecko) Chrome/95.0.4638.69 Safari/537.36"
193.194.132.22 - - [17/Nov/2021:13:08:20 +0100] "GET /reload?ser=1637150899961 HTTP/1.1" 200 28 "http://renault.2web.at/" "Mozilla/5.0 (Windows NT 10.0; Win64; x64) AppleWebKit/537.36 (KHTML, like Gecko) Chrome/95.0.4638.69 Safari/537.36"
