93.83.102.34 - - [23/Nov/2021:11:32:26 +0100] "GET /reload?ser=1637663546563 HTTP/1.1" 200 28 "http://renault.activities.at/success" "Mozilla/5.0 (Windows NT 10.0; Win64; x64) AppleWebKit/537.36 (KHTML, like Gecko) Chrome/96.0.4664.45 Safari/537.36"
93.83.167.130 - - [23/Nov/2021:11:32:42 +0100] "GET /reload?ser=1637663561207 HTTP/1.1" 200 28 "http://renault.activities.at/10201633" "Mozilla/5.0 (Windows NT 10.0; Win64; x64) AppleWebKit/537.36 (KHTML, like Gecko) Chrome/96.0.4664.45 Safari/537.36"
93.83.102.34 - - [23/Nov/2021:11:33:27 +0100] "GET /reload?ser=1637663607510 HTTP/1.1" 200 28 "http://renault.activities.at/success" "Mozilla/5.0 (Windows NT 10.0; Win64; x64) AppleWebKit/537.36 (KHTML, like Gecko) Chrome/96.0.4664.45 Safari/537.36"
93.83.167.130 - - [23/Nov/2021:11:33:43 +0100] "GET /reload?ser=1637663622213 HTTP/1.1" 200 28 "http://renault.activities.at/10201633" "Mozilla/5.0 (Windows NT 10.0; Win64; x64) AppleWebKit/537.36 (KHTML, like Gecko) Chrome/96.0.4664.45 Safari/537.36"
93.83.102.34 - - [23/Nov/2021:11:34:28 +0100] "GET /reload?ser=1637663668485 HTTP/1.1" 200 28 "http://renault.activities.at/success" "Mozilla/5.0 (Windows NT 10.0; Win64; x64) AppleWebKit/537.36 (KHTML, like Gecko) Chrome/96.0.4664.45 Safari/537.36"
93.83.167.130 - - [23/Nov/2021:11:34:44 +0100] "GET /reload?ser=1637663683216 HTTP/1.1" 200 28 "http://renault.activities.at/10201633" "Mozilla/5.0 (Windows NT 10.0; Win64; x64) AppleWebKit/537.36 (KHTML, like Gecko) Chrome/96.0.4664.45 Safari/537.36"
93.83.102.34 - - [23/Nov/2021:11:35:29 +0100] "GET /reload?ser=1637663729471 HTTP/1.1" 200 28 "http://renault.activities.at/success" "Mozilla/5.0 (Windows NT 10.0; Win64; x64) AppleWebKit/537.36 (KHTML, like Gecko) Chrome/96.0.4664.45 Safari/537.36"
93.83.167.130 - - [23/Nov/2021:11:35:45 +0100] "GET /reload?ser=1637663744207 HTTP/1.1" 200 28 "http://renault.activities.at/10201633" "Mozilla/5.0 (Windows NT 10.0; Win64; x64) AppleWebKit/537.36 (KHTML, like Gecko) Chrome/96.0.4664.45 Safari/537.36"
93.83.102.34 - - [23/Nov/2021:11:36:30 +0100] "GET /reload?ser=1637663790438 HTTP/1.1" 200 28 "http://renault.activities.at/success" "Mozilla/5.0 (Windows NT 10.0; Win64; x64) AppleWebKit/537.36 (KHTML, like Gecko) Chrome/96.0.4664.45 Safari/537.36"
93.83.167.130 - - [23/Nov/2021:11:36:46 +0100] "GET /reload?ser=1637663805207 HTTP/1.1" 200 28 "http://renault.activities.at/10201633" "Mozilla/5.0 (Windows NT 10.0; Win64; x64) AppleWebKit/537.36 (KHTML, like Gecko) Chrome/96.0.4664.45 Safari/537.36"
93.83.102.34 - - [23/Nov/2021:11:37:31 +0100] "GET /reload?ser=1637663851442 HTTP/1.1" 200 28 "http://renault.activities.at/success" "Mozilla/5.0 (Windows NT 10.0; Win64; x64) AppleWebKit/537.36 (KHTML, like Gecko) Chrome/96.0.4664.45 Safari/537.36"
93.83.167.130 - - [23/Nov/2021:11:37:48 +0100] "GET /reload?ser=1637663867210 HTTP/1.1" 200 28 "http://renault.activities.at/10201633" "Mozilla/5.0 (Windows NT 10.0; Win64; x64) AppleWebKit/537.36 (KHTML, like Gecko) Chrome/96.0.4664.45 Safari/537.36"
93.83.102.34 - - [23/Nov/2021:11:38:32 +0100] "GET /reload?ser=1637663912411 HTTP/1.1" 200 28 "http://renault.activities.at/success" "Mozilla/5.0 (Windows NT 10.0; Win64; x64) AppleWebKit/537.36 (KHTML, like Gecko) Chrome/96.0.4664.45 Safari/537.36"
93.83.167.130 - - [23/Nov/2021:11:38:49 +0100] "GET /reload?ser=1637663928201 HTTP/1.1" 200 28 "http://renault.activities.at/10201633" "Mozilla/5.0 (Windows NT 10.0; Win64; x64) AppleWebKit/537.36 (KHTML, like Gecko) Chrome/96.0.4664.45 Safari/537.36"
93.83.102.34 - - [23/Nov/2021:11:39:33 +0100] "GET /reload?ser=1637663973378 HTTP/1.1" 200 28 "http://renault.activities.at/success" "Mozilla/5.0 (Windows NT 10.0; Win64; x64) AppleWebKit/537.36 (KHTML, like Gecko) Chrome/96.0.4664.45 Safari/537.36"
93.83.167.130 - - [23/Nov/2021:11:39:50 +0100] "GET /reload?ser=1637663989216 HTTP/1.1" 200 28 "http://renault.activities.at/10201633" "Mozilla/5.0 (Windows NT 10.0; Win64; x64) AppleWebKit/537.36 (KHTML, like Gecko) Chrome/96.0.4664.45 Safari/537.36"
93.83.102.34 - - [23/Nov/2021:11:40:34 +0100] "GET /reload?ser=1637664034402 HTTP/1.1" 200 28 "http://renault.activities.at/success" "Mozilla/5.0 (Windows NT 10.0; Win64; x64) AppleWebKit/537.36 (KHTML, like Gecko) Chrome/96.0.4664.45 Safari/537.36"
93.83.167.130 - - [23/Nov/2021:11:40:51 +0100] "GET /reload?ser=1637664050211 HTTP/1.1" 200 28 "http://renault.activities.at/10201633" "Mozilla/5.0 (Windows NT 10.0; Win64; x64) AppleWebKit/537.36 (KHTML, like Gecko) Chrome/96.0.4664.45 Safari/537.36"
93.83.102.34 - - [23/Nov/2021:11:41:35 +0100] "GET /reload?ser=1637664095391 HTTP/1.1" 200 28 "http://renault.activities.at/success" "Mozilla/5.0 (Windows NT 10.0; Win64; x64) AppleWebKit/537.36 (KHTML, like Gecko) Chrome/96.0.4664.45 Safari/537.36"
93.83.167.130 - - [23/Nov/2021:11:41:52 +0100] "GET /reload?ser=1637664111209 HTTP/1.1" 200 28 "http://renault.activities.at/10201633" "Mozilla/5.0 (Windows NT 10.0; Win64; x64) AppleWebKit/537.36 (KHTML, like Gecko) Chrome/96.0.4664.45 Safari/537.36"
93.83.102.34 - - [23/Nov/2021:11:42:37 +0100] "GET /reload?ser=1637664156739 HTTP/1.1" 200 28 "http://renault.activities.at/success" "Mozilla/5.0 (Windows NT 10.0; Win64; x64) AppleWebKit/537.36 (KHTML, like Gecko) Chrome/96.0.4664.45 Safari/537.36"
93.83.167.130 - - [23/Nov/2021:11:42:54 +0100] "GET /reload?ser=1637664173210 HTTP/1.1" 200 28 "http://renault.activities.at/10201633" "Mozilla/5.0 (Windows NT 10.0; Win64; x64) AppleWebKit/537.36 (KHTML, like Gecko) Chrome/96.0.4664.45 Safari/537.36"
93.83.102.34 - - [23/Nov/2021:11:43:38 +0100] "GET /reload?ser=1637664217714 HTTP/1.1" 200 28 "http://renault.activities.at/success" "Mozilla/5.0 (Windows NT 10.0; Win64; x64) AppleWebKit/537.36 (KHTML, like Gecko) Chrome/96.0.4664.45 Safari/537.36"
93.83.167.130 - - [23/Nov/2021:11:43:56 +0100] "GET /reload?ser=1637664235216 HTTP/1.1" 200 28 "http://renault.activities.at/10201633" "Mozilla/5.0 (Windows NT 10.0; Win64; x64) AppleWebKit/537.36 (KHTML, like Gecko) Chrome/96.0.4664.45 Safari/537.36"
93.83.102.34 - - [23/Nov/2021:11:44:38 +0100] "GET /reload?ser=1637664278644 HTTP/1.1" 200 28 "http://renault.activities.at/success" "Mozilla/5.0 (Windows NT 10.0; Win64; x64) AppleWebKit/537.36 (KHTML, like Gecko) Chrome/96.0.4664.45 Safari/537.36"
93.83.167.130 - - [23/Nov/2021:11:44:57 +0100] "GET /reload?ser=1637664296214 HTTP/1.1" 200 28 "http://renault.activities.at/10201633" "Mozilla/5.0 (Windows NT 10.0; Win64; x64) AppleWebKit/537.36 (KHTML, like Gecko) Chrome/96.0.4664.45 Safari/537.36"
93.83.102.34 - - [23/Nov/2021:11:45:39 +0100] "GET /reload?ser=1637664339665 HTTP/1.1" 200 28 "http://renault.activities.at/success" "Mozilla/5.0 (Windows NT 10.0; Win64; x64) AppleWebKit/537.36 (KHTML, like Gecko) Chrome/96.0.4664.45 Safari/537.36"
93.83.167.130 - - [23/Nov/2021:11:45:59 +0100] "GET /reload?ser=1637664358203 HTTP/1.1" 200 28 "http://renault.activities.at/10201633" "Mozilla/5.0 (Windows NT 10.0; Win64; x64) AppleWebKit/537.36 (KHTML, like Gecko) Chrome/96.0.4664.45 Safari/537.36"
80.123.225.38 - - [23/Nov/2021:11:46:34 +0100] "GET / HTTP/1.1" 200 3086 "-" "Mozilla/5.0 (Windows NT 10.0; Win64; x64; rv:94.0) Gecko/20100101 Firefox/94.0"
80.123.225.38 - - [23/Nov/2021:11:46:36 +0100] "GET /js/default.js HTTP/1.1" 304 - "http://renault.activities.at/" "Mozilla/5.0 (Windows NT 10.0; Win64; x64; rv:94.0) Gecko/20100101 Firefox/94.0"
80.123.225.38 - - [23/Nov/2021:11:46:36 +0100] "GET /js/flashdetection.js HTTP/1.1" 200 1059 "http://renault.activities.at/" "Mozilla/5.0 (Windows NT 10.0; Win64; x64; rv:94.0) Gecko/20100101 Firefox/94.0"
80.123.225.38 - - [23/Nov/2021:11:46:36 +0100] "GET /css/reset.css HTTP/1.1" 200 1356 "http://renault.activities.at/" "Mozilla/5.0 (Windows NT 10.0; Win64; x64; rv:94.0) Gecko/20100101 Firefox/94.0"
80.123.225.38 - - [23/Nov/2021:11:46:36 +0100] "GET /css/clears.css HTTP/1.1" 200 851 "http://renault.activities.at/" "Mozilla/5.0 (Windows NT 10.0; Win64; x64; rv:94.0) Gecko/20100101 Firefox/94.0"
80.123.225.38 - - [23/Nov/2021:11:46:36 +0100] "GET /js/checkout.css HTTP/1.1" 200 359 "http://renault.activities.at/" "Mozilla/5.0 (Windows NT 10.0; Win64; x64; rv:94.0) Gecko/20100101 Firefox/94.0"
80.123.225.38 - - [23/Nov/2021:11:46:36 +0100] "GET /css/prototip.css HTTP/1.1" 200 968 "http://renault.activities.at/" "Mozilla/5.0 (Windows NT 10.0; Win64; x64; rv:94.0) Gecko/20100101 Firefox/94.0"
80.123.225.38 - - [23/Nov/2021:11:46:36 +0100] "GET /css/themes/default.css HTTP/1.1" 200 769 "http://renault.activities.at/" "Mozilla/5.0 (Windows NT 10.0; Win64; x64; rv:94.0) Gecko/20100101 Firefox/94.0"
80.123.225.38 - - [23/Nov/2021:11:46:36 +0100] "GET /css/themes/alphacube.css HTTP/1.1" 200 743 "http://renault.activities.at/" "Mozilla/5.0 (Windows NT 10.0; Win64; x64; rv:94.0) Gecko/20100101 Firefox/94.0"
80.123.225.38 - - [23/Nov/2021:11:46:36 +0100] "GET /css/styles.css HTTP/1.1" 200 14664 "http://renault.activities.at/" "Mozilla/5.0 (Windows NT 10.0; Win64; x64; rv:94.0) Gecko/20100101 Firefox/94.0"
80.123.225.38 - - [23/Nov/2021:11:46:36 +0100] "GET /css/print.css HTTP/1.1" 200 543 "http://renault.activities.at/" "Mozilla/5.0 (Windows NT 10.0; Win64; x64; rv:94.0) Gecko/20100101 Firefox/94.0"
80.123.225.38 - - [23/Nov/2021:11:46:36 +0100] "GET /images/main_block_border.gif HTTP/1.1" 200 43 "http://renault.activities.at/css/styles.css" "Mozilla/5.0 (Windows NT 10.0; Win64; x64; rv:94.0) Gecko/20100101 Firefox/94.0"
80.123.225.38 - - [23/Nov/2021:11:46:36 +0100] "GET /images/header_block_border.gif HTTP/1.1" 200 43 "http://renault.activities.at/css/styles.css" "Mozilla/5.0 (Windows NT 10.0; Win64; x64; rv:94.0) Gecko/20100101 Firefox/94.0"
80.123.225.38 - - [23/Nov/2021:11:46:36 +0100] "GET /images/main_block_corner_right_bot.gif HTTP/1.1" 200 158 "http://renault.activities.at/css/styles.css" "Mozilla/5.0 (Windows NT 10.0; Win64; x64; rv:94.0) Gecko/20100101 Firefox/94.0"
80.123.225.38 - - [23/Nov/2021:11:46:36 +0100] "GET /images/main_block_corner_left_bot.gif HTTP/1.1" 200 159 "http://renault.activities.at/css/styles.css" "Mozilla/5.0 (Windows NT 10.0; Win64; x64; rv:94.0) Gecko/20100101 Firefox/94.0"
80.123.225.38 - - [23/Nov/2021:11:46:36 +0100] "GET /images/header_block_corner_left_top.gif HTTP/1.1" 200 160 "http://renault.activities.at/css/styles.css" "Mozilla/5.0 (Windows NT 10.0; Win64; x64; rv:94.0) Gecko/20100101 Firefox/94.0"
80.123.225.38 - - [23/Nov/2021:11:46:36 +0100] "GET /images/header_block_corner_right_top.gif HTTP/1.1" 200 160 "http://renault.activities.at/css/styles.css" "Mozilla/5.0 (Windows NT 10.0; Win64; x64; rv:94.0) Gecko/20100101 Firefox/94.0"
80.123.225.38 - - [23/Nov/2021:11:46:36 +0100] "GET /images/main_block_corner_left_top.gif HTTP/1.1" 200 159 "http://renault.activities.at/css/styles.css" "Mozilla/5.0 (Windows NT 10.0; Win64; x64; rv:94.0) Gecko/20100101 Firefox/94.0"
80.123.225.38 - - [23/Nov/2021:11:46:36 +0100] "GET /images/title_border.jpg HTTP/1.1" 200 304 "http://renault.activities.at/css/styles.css" "Mozilla/5.0 (Windows NT 10.0; Win64; x64; rv:94.0) Gecko/20100101 Firefox/94.0"
80.123.225.38 - - [23/Nov/2021:11:46:36 +0100] "GET /images/main_block_corner_right_top.gif HTTP/1.1" 200 159 "http://renault.activities.at/css/styles.css" "Mozilla/5.0 (Windows NT 10.0; Win64; x64; rv:94.0) Gecko/20100101 Firefox/94.0"
80.123.225.38 - - [23/Nov/2021:11:46:36 +0100] "GET /images/title_border_top.jpg HTTP/1.1" 200 336 "http://renault.activities.at/css/styles.css" "Mozilla/5.0 (Windows NT 10.0; Win64; x64; rv:94.0) Gecko/20100101 Firefox/94.0"
80.123.225.38 - - [23/Nov/2021:11:46:36 +0100] "GET /images/title_corner_left_top.jpg HTTP/1.1" 200 372 "http://renault.activities.at/css/styles.css" "Mozilla/5.0 (Windows NT 10.0; Win64; x64; rv:94.0) Gecko/20100101 Firefox/94.0"
80.123.225.38 - - [23/Nov/2021:11:46:36 +0100] "GET /images/title_corner_right_top.jpg HTTP/1.1" 200 389 "http://renault.activities.at/css/styles.css" "Mozilla/5.0 (Windows NT 10.0; Win64; x64; rv:94.0) Gecko/20100101 Firefox/94.0"
80.123.225.38 - - [23/Nov/2021:11:46:36 +0100] "GET /loadthumbnail.php?id=11127982 HTTP/1.1" 200 399614 "http://renault.activities.at/" "Mozilla/5.0 (Windows NT 10.0; Win64; x64; rv:94.0) Gecko/20100101 Firefox/94.0"
93.83.102.34 - - [23/Nov/2021:11:46:40 +0100] "GET /reload?ser=1637664400631 HTTP/1.1" 200 28 "http://renault.activities.at/success" "Mozilla/5.0 (Windows NT 10.0; Win64; x64) AppleWebKit/537.36 (KHTML, like Gecko) Chrome/96.0.4664.45 Safari/537.36"
80.123.225.38 - - [23/Nov/2021:11:46:42 +0100] "GET /login HTTP/1.1" 200 2085 "http://renault.activities.at/" "Mozilla/5.0 (Windows NT 10.0; Win64; x64; rv:94.0) Gecko/20100101 Firefox/94.0"
80.123.225.38 - - [23/Nov/2021:11:46:43 +0100] "GET /images/button_left_bg.gif HTTP/1.1" 200 564 "http://renault.activities.at/css/styles.css" "Mozilla/5.0 (Windows NT 10.0; Win64; x64; rv:94.0) Gecko/20100101 Firefox/94.0"
80.123.225.38 - - [23/Nov/2021:11:46:43 +0100] "GET /images/button_right_bg.gif HTTP/1.1" 200 561 "http://renault.activities.at/css/styles.css" "Mozilla/5.0 (Windows NT 10.0; Win64; x64; rv:94.0) Gecko/20100101 Firefox/94.0"
80.123.225.38 - - [23/Nov/2021:11:46:43 +0100] "GET /images/button_bg.gif HTTP/1.1" 200 151 "http://renault.activities.at/css/styles.css" "Mozilla/5.0 (Windows NT 10.0; Win64; x64; rv:94.0) Gecko/20100101 Firefox/94.0"
80.123.225.38 - - [23/Nov/2021:11:46:43 +0100] "GET /loadthumbnail.php?id=11127982 HTTP/1.1" 200 399614 "http://renault.activities.at/login" "Mozilla/5.0 (Windows NT 10.0; Win64; x64; rv:94.0) Gecko/20100101 Firefox/94.0"
80.123.225.38 - - [23/Nov/2021:11:46:49 +0100] "POST /login HTTP/1.1" 302 140 "http://renault.activities.at/login" "Mozilla/5.0 (Windows NT 10.0; Win64; x64; rv:94.0) Gecko/20100101 Firefox/94.0"
80.123.225.38 - - [23/Nov/2021:11:46:52 +0100] "GET /account HTTP/1.1" 200 6463 "http://renault.activities.at/login" "Mozilla/5.0 (Windows NT 10.0; Win64; x64; rv:94.0) Gecko/20100101 Firefox/94.0"
80.123.225.38 - - [23/Nov/2021:11:46:58 +0100] "GET /js/account.js HTTP/1.1" 304 - "http://renault.activities.at/account" "Mozilla/5.0 (Windows NT 10.0; Win64; x64; rv:94.0) Gecko/20100101 Firefox/94.0"
80.123.225.38 - - [23/Nov/2021:11:46:58 +0100] "GET /loadthumbnail.php?id=12414630&width=50&height=50 HTTP/1.1" 200 1259 "http://renault.activities.at/account" "Mozilla/5.0 (Windows NT 10.0; Win64; x64; rv:94.0) Gecko/20100101 Firefox/94.0"
80.123.225.38 - - [23/Nov/2021:11:46:58 +0100] "GET /loadthumbnail.php?id=12414625&width=50&height=50 HTTP/1.1" 200 1303 "http://renault.activities.at/account" "Mozilla/5.0 (Windows NT 10.0; Win64; x64; rv:94.0) Gecko/20100101 Firefox/94.0"
80.123.225.38 - - [23/Nov/2021:11:46:58 +0100] "GET /loadthumbnail.php?id=12414629&width=50&height=50 HTTP/1.1" 200 1238 "http://renault.activities.at/account" "Mozilla/5.0 (Windows NT 10.0; Win64; x64; rv:94.0) Gecko/20100101 Firefox/94.0"
80.123.225.38 - - [23/Nov/2021:11:46:58 +0100] "GET /loadthumbnail.php?id=12428361&width=50&height=50 HTTP/1.1" 200 1390 "http://renault.activities.at/account" "Mozilla/5.0 (Windows NT 10.0; Win64; x64; rv:94.0) Gecko/20100101 Firefox/94.0"
80.123.225.38 - - [23/Nov/2021:11:46:58 +0100] "GET /loadthumbnail.php?id=12428314&width=50&height=50 HTTP/1.1" 200 1324 "http://renault.activities.at/account" "Mozilla/5.0 (Windows NT 10.0; Win64; x64; rv:94.0) Gecko/20100101 Firefox/94.0"
80.123.225.38 - - [23/Nov/2021:11:46:58 +0100] "GET /loadthumbnail.php?id=11108158&width=50&height=50 HTTP/1.1" 200 778 "http://renault.activities.at/account" "Mozilla/5.0 (Windows NT 10.0; Win64; x64; rv:94.0) Gecko/20100101 Firefox/94.0"
80.123.225.38 - - [23/Nov/2021:11:46:58 +0100] "GET /images/top_links_divider.gif HTTP/1.1" 200 44 "http://renault.activities.at/css/styles.css" "Mozilla/5.0 (Windows NT 10.0; Win64; x64; rv:94.0) Gecko/20100101 Firefox/94.0"
80.123.225.38 - - [23/Nov/2021:11:46:58 +0100] "GET /images/menu_button_bg.jpg HTTP/1.1" 200 322 "http://renault.activities.at/css/styles.css" "Mozilla/5.0 (Windows NT 10.0; Win64; x64; rv:94.0) Gecko/20100101 Firefox/94.0"
80.123.225.38 - - [23/Nov/2021:11:46:58 +0100] "GET /images/menu_divider.gif HTTP/1.1" 200 176 "http://renault.activities.at/css/styles.css" "Mozilla/5.0 (Windows NT 10.0; Win64; x64; rv:94.0) Gecko/20100101 Firefox/94.0"
80.123.225.38 - - [23/Nov/2021:11:46:58 +0100] "GET /images/search_bg.gif HTTP/1.1" 200 1726 "http://renault.activities.at/css/styles.css" "Mozilla/5.0 (Windows NT 10.0; Win64; x64; rv:94.0) Gecko/20100101 Firefox/94.0"
80.123.225.38 - - [23/Nov/2021:11:46:58 +0100] "GET /images/sidebar_title_border.gif HTTP/1.1" 200 43 "http://renault.activities.at/css/styles.css" "Mozilla/5.0 (Windows NT 10.0; Win64; x64; rv:94.0) Gecko/20100101 Firefox/94.0"
80.123.225.38 - - [23/Nov/2021:11:46:58 +0100] "GET /images/sidebar_title_border_top.gif HTTP/1.1" 200 155 "http://renault.activities.at/css/styles.css" "Mozilla/5.0 (Windows NT 10.0; Win64; x64; rv:94.0) Gecko/20100101 Firefox/94.0"
80.123.225.38 - - [23/Nov/2021:11:46:58 +0100] "GET /images/sidebar_title_corner_left_top.gif HTTP/1.1" 200 1124 "http://renault.activities.at/css/styles.css" "Mozilla/5.0 (Windows NT 10.0; Win64; x64; rv:94.0) Gecko/20100101 Firefox/94.0"
80.123.225.38 - - [23/Nov/2021:11:46:58 +0100] "GET /images/sidebar_title_corner_right_top.gif HTTP/1.1" 200 383 "http://renault.activities.at/css/styles.css" "Mozilla/5.0 (Windows NT 10.0; Win64; x64; rv:94.0) Gecko/20100101 Firefox/94.0"
80.123.225.38 - - [23/Nov/2021:11:46:58 +0100] "GET /images/footer_divider.gif HTTP/1.1" 200 44 "http://renault.activities.at/css/styles.css" "Mozilla/5.0 (Windows NT 10.0; Win64; x64; rv:94.0) Gecko/20100101 Firefox/94.0"
80.123.225.38 - - [23/Nov/2021:11:46:58 +0100] "GET /images/nav_divider.gif HTTP/1.1" 200 43 "http://renault.activities.at/css/styles.css" "Mozilla/5.0 (Windows NT 10.0; Win64; x64; rv:94.0) Gecko/20100101 Firefox/94.0"
80.123.225.38 - - [23/Nov/2021:11:46:58 +0100] "GET /loadthumbnail.php?id=12460965&width=50&height=50 HTTP/1.1" 200 1116 "http://renault.activities.at/account" "Mozilla/5.0 (Windows NT 10.0; Win64; x64; rv:94.0) Gecko/20100101 Firefox/94.0"
80.123.225.38 - - [23/Nov/2021:11:46:58 +0100] "GET /loadthumbnail.php?id=12428351&width=50&height=50 HTTP/1.1" 200 1330 "http://renault.activities.at/account" "Mozilla/5.0 (Windows NT 10.0; Win64; x64; rv:94.0) Gecko/20100101 Firefox/94.0"
80.123.225.38 - - [23/Nov/2021:11:46:58 +0100] "GET /loadthumbnail.php?id=12329380&width=50&height=50 HTTP/1.1" 200 1352 "http://renault.activities.at/account" "Mozilla/5.0 (Windows NT 10.0; Win64; x64; rv:94.0) Gecko/20100101 Firefox/94.0"
80.123.225.38 - - [23/Nov/2021:11:46:58 +0100] "GET /loadthumbnail.php?id=11127982 HTTP/1.1" 200 399614 "http://renault.activities.at/account" "Mozilla/5.0 (Windows NT 10.0; Win64; x64; rv:94.0) Gecko/20100101 Firefox/94.0"
93.83.167.130 - - [23/Nov/2021:11:47:00 +0100] "GET /reload?ser=1637664419208 HTTP/1.1" 200 28 "http://renault.activities.at/10201633" "Mozilla/5.0 (Windows NT 10.0; Win64; x64) AppleWebKit/537.36 (KHTML, like Gecko) Chrome/96.0.4664.45 Safari/537.36"
80.123.225.38 - - [23/Nov/2021:11:47:32 +0100] "GET /10260284 HTTP/1.1" 200 6630 "http://renault.activities.at/account" "Mozilla/5.0 (Windows NT 10.0; Win64; x64; rv:94.0) Gecko/20100101 Firefox/94.0"
80.123.225.38 - - [23/Nov/2021:11:47:38 +0100] "GET /js/prototip.js HTTP/1.1" 304 - "http://renault.activities.at/10260284" "Mozilla/5.0 (Windows NT 10.0; Win64; x64; rv:94.0) Gecko/20100101 Firefox/94.0"
80.123.225.38 - - [23/Nov/2021:11:47:38 +0100] "GET /js/ProduktGrp.js HTTP/1.1" 304 - "http://renault.activities.at/10260284" "Mozilla/5.0 (Windows NT 10.0; Win64; x64; rv:94.0) Gecko/20100101 Firefox/94.0"
80.123.225.38 - - [23/Nov/2021:11:47:38 +0100] "GET /images/loading.gif HTTP/1.1" 200 3208 "http://renault.activities.at/10260284" "Mozilla/5.0 (Windows NT 10.0; Win64; x64; rv:94.0) Gecko/20100101 Firefox/94.0"
80.123.225.38 - - [23/Nov/2021:11:47:38 +0100] "GET /images/vista-up.gif HTTP/1.1" 200 131 "http://renault.activities.at/css/styles.css" "Mozilla/5.0 (Windows NT 10.0; Win64; x64; rv:94.0) Gecko/20100101 Firefox/94.0"
80.123.225.38 - - [23/Nov/2021:11:47:38 +0100] "GET /images/pager_bg.gif HTTP/1.1" 200 150 "http://renault.activities.at/css/styles.css" "Mozilla/5.0 (Windows NT 10.0; Win64; x64; rv:94.0) Gecko/20100101 Firefox/94.0"
80.123.225.38 - - [23/Nov/2021:11:47:38 +0100] "GET /images/vista-dn.gif HTTP/1.1" 200 128 "http://renault.activities.at/css/styles.css" "Mozilla/5.0 (Windows NT 10.0; Win64; x64; rv:94.0) Gecko/20100101 Firefox/94.0"
80.123.225.38 - - [23/Nov/2021:11:47:38 +0100] "GET /loadthumbnail.php?id=11108158&width=113 HTTP/1.1" 200 1545 "http://renault.activities.at/10260284" "Mozilla/5.0 (Windows NT 10.0; Win64; x64; rv:94.0) Gecko/20100101 Firefox/94.0"
80.123.225.38 - - [23/Nov/2021:11:47:38 +0100] "GET /loadthumbnail.php?id=10203255 HTTP/1.1" 200 137 "http://renault.activities.at/10260284" "Mozilla/5.0 (Windows NT 10.0; Win64; x64; rv:94.0) Gecko/20100101 Firefox/94.0"
80.123.225.38 - - [23/Nov/2021:11:47:38 +0100] "GET /loadthumbnail.php?id=11423838&width=113 HTTP/1.1" 200 2865 "http://renault.activities.at/10260284" "Mozilla/5.0 (Windows NT 10.0; Win64; x64; rv:94.0) Gecko/20100101 Firefox/94.0"
80.123.225.38 - - [23/Nov/2021:11:47:38 +0100] "GET /loadthumbnail.php?id=12414625&width=50&height=50 HTTP/1.1" 200 1303 "http://renault.activities.at/10260284" "Mozilla/5.0 (Windows NT 10.0; Win64; x64; rv:94.0) Gecko/20100101 Firefox/94.0"
80.123.225.38 - - [23/Nov/2021:11:47:38 +0100] "GET /loadthumbnail.php?id=12414630&width=50&height=50 HTTP/1.1" 200 1259 "http://renault.activities.at/10260284" "Mozilla/5.0 (Windows NT 10.0; Win64; x64; rv:94.0) Gecko/20100101 Firefox/94.0"
80.123.225.38 - - [23/Nov/2021:11:47:38 +0100] "GET /loadthumbnail.php?id=12414629&width=50&height=50 HTTP/1.1" 200 1238 "http://renault.activities.at/10260284" "Mozilla/5.0 (Windows NT 10.0; Win64; x64; rv:94.0) Gecko/20100101 Firefox/94.0"
80.123.225.38 - - [23/Nov/2021:11:47:38 +0100] "GET /loadthumbnail.php?id=12428351&width=50&height=50 HTTP/1.1" 200 1330 "http://renault.activities.at/10260284" "Mozilla/5.0 (Windows NT 10.0; Win64; x64; rv:94.0) Gecko/20100101 Firefox/94.0"
80.123.225.38 - - [23/Nov/2021:11:47:38 +0100] "GET /loadthumbnail.php?id=12329380&width=50&height=50 HTTP/1.1" 200 1352 "http://renault.activities.at/10260284" "Mozilla/5.0 (Windows NT 10.0; Win64; x64; rv:94.0) Gecko/20100101 Firefox/94.0"
80.123.225.38 - - [23/Nov/2021:11:47:38 +0100] "GET /loadthumbnail.php?id=12460965&width=50&height=50 HTTP/1.1" 200 1116 "http://renault.activities.at/10260284" "Mozilla/5.0 (Windows NT 10.0; Win64; x64; rv:94.0) Gecko/20100101 Firefox/94.0"
80.123.225.38 - - [23/Nov/2021:11:47:38 +0100] "GET /loadthumbnail.php?id=11108158&width=50&height=50 HTTP/1.1" 200 778 "http://renault.activities.at/10260284" "Mozilla/5.0 (Windows NT 10.0; Win64; x64; rv:94.0) Gecko/20100101 Firefox/94.0"
80.123.225.38 - - [23/Nov/2021:11:47:38 +0100] "GET /loadthumbnail.php?id=12428361&width=50&height=50 HTTP/1.1" 200 1390 "http://renault.activities.at/10260284" "Mozilla/5.0 (Windows NT 10.0; Win64; x64; rv:94.0) Gecko/20100101 Firefox/94.0"
80.123.225.38 - - [23/Nov/2021:11:47:38 +0100] "GET /loadthumbnail.php?id=12428314&width=50&height=50 HTTP/1.1" 200 1324 "http://renault.activities.at/10260284" "Mozilla/5.0 (Windows NT 10.0; Win64; x64; rv:94.0) Gecko/20100101 Firefox/94.0"
80.123.225.38 - - [23/Nov/2021:11:47:38 +0100] "GET /loadthumbnail.php?id=11127982 HTTP/1.1" 200 399614 "http://renault.activities.at/10260284" "Mozilla/5.0 (Windows NT 10.0; Win64; x64; rv:94.0) Gecko/20100101 Firefox/94.0"
93.83.102.34 - - [23/Nov/2021:11:47:41 +0100] "GET /reload?ser=1637664461604 HTTP/1.1" 200 28 "http://renault.activities.at/success" "Mozilla/5.0 (Windows NT 10.0; Win64; x64) AppleWebKit/537.36 (KHTML, like Gecko) Chrome/96.0.4664.45 Safari/537.36"
80.123.225.38 - - [23/Nov/2021:11:47:41 +0100] "GET /10201442 HTTP/1.1" 200 9085 "http://renault.activities.at/10260284" "Mozilla/5.0 (Windows NT 10.0; Win64; x64; rv:94.0) Gecko/20100101 Firefox/94.0"
80.123.225.38 - - [23/Nov/2021:11:47:44 +0100] "GET /10201442 HTTP/1.1" 200 9085 "http://renault.activities.at/10260284" "Mozilla/5.0 (Windows NT 10.0; Win64; x64; rv:94.0) Gecko/20100101 Firefox/94.0"
80.123.225.38 - - [23/Nov/2021:11:47:48 +0100] "GET /loadthumbnail.php?id=10203276 HTTP/1.1" 200 75 "http://renault.activities.at/10201442" "Mozilla/5.0 (Windows NT 10.0; Win64; x64; rv:94.0) Gecko/20100101 Firefox/94.0"
80.123.225.38 - - [23/Nov/2021:11:47:48 +0100] "GET /loadthumbnail.php?id=12329773&width=113 HTTP/1.1" 200 6402 "http://renault.activities.at/10201442" "Mozilla/5.0 (Windows NT 10.0; Win64; x64; rv:94.0) Gecko/20100101 Firefox/94.0"
80.123.225.38 - - [23/Nov/2021:11:47:48 +0100] "GET /loadthumbnail.php?id=12329380&width=113 HTTP/1.1" 200 6136 "http://renault.activities.at/10201442" "Mozilla/5.0 (Windows NT 10.0; Win64; x64; rv:94.0) Gecko/20100101 Firefox/94.0"
80.123.225.38 - - [23/Nov/2021:11:47:48 +0100] "GET /loadthumbnail.php?id=12329769&width=113 HTTP/1.1" 200 6281 "http://renault.activities.at/10201442" "Mozilla/5.0 (Windows NT 10.0; Win64; x64; rv:94.0) Gecko/20100101 Firefox/94.0"
80.123.225.38 - - [23/Nov/2021:11:47:48 +0100] "GET /loadthumbnail.php?id=12329777&width=113 HTTP/1.1" 200 5924 "http://renault.activities.at/10201442" "Mozilla/5.0 (Windows NT 10.0; Win64; x64; rv:94.0) Gecko/20100101 Firefox/94.0"
80.123.225.38 - - [23/Nov/2021:11:47:48 +0100] "GET /loadthumbnail.php?id=12428347&width=113 HTTP/1.1" 200 5778 "http://renault.activities.at/10201442" "Mozilla/5.0 (Windows NT 10.0; Win64; x64; rv:94.0) Gecko/20100101 Firefox/94.0"
80.123.225.38 - - [23/Nov/2021:11:47:48 +0100] "GET /images/sub_title_bg.jpg HTTP/1.1" 200 314 "http://renault.activities.at/css/styles.css" "Mozilla/5.0 (Windows NT 10.0; Win64; x64; rv:94.0) Gecko/20100101 Firefox/94.0"
80.123.225.38 - - [23/Nov/2021:11:47:49 +0100] "GET /loadthumbnail.php?id=12329384&width=113 HTTP/1.1" 200 6523 "http://renault.activities.at/10201442" "Mozilla/5.0 (Windows NT 10.0; Win64; x64; rv:94.0) Gecko/20100101 Firefox/94.0"
80.123.225.38 - - [23/Nov/2021:11:47:49 +0100] "GET /loadthumbnail.php?id=12428339&width=113 HTTP/1.1" 200 6161 "http://renault.activities.at/10201442" "Mozilla/5.0 (Windows NT 10.0; Win64; x64; rv:94.0) Gecko/20100101 Firefox/94.0"
80.123.225.38 - - [23/Nov/2021:11:47:49 +0100] "GET /loadthumbnail.php?id=12428343&width=113 HTTP/1.1" 200 5906 "http://renault.activities.at/10201442" "Mozilla/5.0 (Windows NT 10.0; Win64; x64; rv:94.0) Gecko/20100101 Firefox/94.0"
80.123.225.38 - - [23/Nov/2021:11:47:49 +0100] "GET /loadthumbnail.php?id=12329388&width=113 HTTP/1.1" 200 6391 "http://renault.activities.at/10201442" "Mozilla/5.0 (Windows NT 10.0; Win64; x64; rv:94.0) Gecko/20100101 Firefox/94.0"
80.123.225.38 - - [23/Nov/2021:11:47:49 +0100] "GET /loadthumbnail.php?id=12428351&width=113 HTTP/1.1" 200 5484 "http://renault.activities.at/10201442" "Mozilla/5.0 (Windows NT 10.0; Win64; x64; rv:94.0) Gecko/20100101 Firefox/94.0"
80.123.225.38 - - [23/Nov/2021:11:47:49 +0100] "GET /loadthumbnail.php?id=12329742&width=113 HTTP/1.1" 200 6011 "http://renault.activities.at/10201442" "Mozilla/5.0 (Windows NT 10.0; Win64; x64; rv:94.0) Gecko/20100101 Firefox/94.0"
80.123.225.38 - - [23/Nov/2021:11:47:49 +0100] "GET /loadthumbnail.php?id=12329765&width=113 HTTP/1.1" 200 6417 "http://renault.activities.at/10201442" "Mozilla/5.0 (Windows NT 10.0; Win64; x64; rv:94.0) Gecko/20100101 Firefox/94.0"
80.123.225.38 - - [23/Nov/2021:11:47:49 +0100] "GET /loadthumbnail.php?id=12428361&width=113 HTTP/1.1" 200 6467 "http://renault.activities.at/10201442" "Mozilla/5.0 (Windows NT 10.0; Win64; x64; rv:94.0) Gecko/20100101 Firefox/94.0"
80.123.225.38 - - [23/Nov/2021:11:47:49 +0100] "GET /loadthumbnail.php?id=12414625&width=50&height=50 HTTP/1.1" 200 1303 "http://renault.activities.at/10201442" "Mozilla/5.0 (Windows NT 10.0; Win64; x64; rv:94.0) Gecko/20100101 Firefox/94.0"
80.123.225.38 - - [23/Nov/2021:11:47:49 +0100] "GET /loadthumbnail.php?id=12329758&width=113 HTTP/1.1" 200 6291 "http://renault.activities.at/10201442" "Mozilla/5.0 (Windows NT 10.0; Win64; x64; rv:94.0) Gecko/20100101 Firefox/94.0"
80.123.225.38 - - [23/Nov/2021:11:47:49 +0100] "GET /loadthumbnail.php?id=12428355&width=113 HTTP/1.1" 200 6350 "http://renault.activities.at/10201442" "Mozilla/5.0 (Windows NT 10.0; Win64; x64; rv:94.0) Gecko/20100101 Firefox/94.0"
80.123.225.38 - - [23/Nov/2021:11:47:49 +0100] "GET /loadthumbnail.php?id=12414630&width=50&height=50 HTTP/1.1" 200 1259 "http://renault.activities.at/10201442" "Mozilla/5.0 (Windows NT 10.0; Win64; x64; rv:94.0) Gecko/20100101 Firefox/94.0"
80.123.225.38 - - [23/Nov/2021:11:47:49 +0100] "GET /loadthumbnail.php?id=12428351&width=50&height=50 HTTP/1.1" 200 1330 "http://renault.activities.at/10201442" "Mozilla/5.0 (Windows NT 10.0; Win64; x64; rv:94.0) Gecko/20100101 Firefox/94.0"
80.123.225.38 - - [23/Nov/2021:11:47:49 +0100] "GET /loadthumbnail.php?id=12414629&width=50&height=50 HTTP/1.1" 200 1238 "http://renault.activities.at/10201442" "Mozilla/5.0 (Windows NT 10.0; Win64; x64; rv:94.0) Gecko/20100101 Firefox/94.0"
80.123.225.38 - - [23/Nov/2021:11:47:49 +0100] "GET /loadthumbnail.php?id=12460965&width=50&height=50 HTTP/1.1" 200 1116 "http://renault.activities.at/10201442" "Mozilla/5.0 (Windows NT 10.0; Win64; x64; rv:94.0) Gecko/20100101 Firefox/94.0"
80.123.225.38 - - [23/Nov/2021:11:47:49 +0100] "GET /loadthumbnail.php?id=12329380&width=50&height=50 HTTP/1.1" 200 1352 "http://renault.activities.at/10201442" "Mozilla/5.0 (Windows NT 10.0; Win64; x64; rv:94.0) Gecko/20100101 Firefox/94.0"
80.123.225.38 - - [23/Nov/2021:11:47:49 +0100] "GET /loadthumbnail.php?id=12428361&width=50&height=50 HTTP/1.1" 200 1390 "http://renault.activities.at/10201442" "Mozilla/5.0 (Windows NT 10.0; Win64; x64; rv:94.0) Gecko/20100101 Firefox/94.0"
80.123.225.38 - - [23/Nov/2021:11:47:49 +0100] "GET /loadthumbnail.php?id=11108158&width=50&height=50 HTTP/1.1" 200 778 "http://renault.activities.at/10201442" "Mozilla/5.0 (Windows NT 10.0; Win64; x64; rv:94.0) Gecko/20100101 Firefox/94.0"
80.123.225.38 - - [23/Nov/2021:11:47:49 +0100] "GET /loadthumbnail.php?id=12428314&width=50&height=50 HTTP/1.1" 200 1324 "http://renault.activities.at/10201442" "Mozilla/5.0 (Windows NT 10.0; Win64; x64; rv:94.0) Gecko/20100101 Firefox/94.0"
80.123.225.38 - - [23/Nov/2021:11:47:49 +0100] "GET /loadthumbnail.php?id=10203255 HTTP/1.1" 200 137 "http://renault.activities.at/10201442" "Mozilla/5.0 (Windows NT 10.0; Win64; x64; rv:94.0) Gecko/20100101 Firefox/94.0"
80.123.225.38 - - [23/Nov/2021:11:47:49 +0100] "GET /loadthumbnail.php?id=11127982 HTTP/1.1" 200 399614 "http://renault.activities.at/10201442" "Mozilla/5.0 (Windows NT 10.0; Win64; x64; rv:94.0) Gecko/20100101 Firefox/94.0"
80.123.225.38 - - [23/Nov/2021:11:47:55 +0100] "GET /images/vista-dn-hover.gif HTTP/1.1" 200 127 "http://renault.activities.at/css/styles.css" "Mozilla/5.0 (Windows NT 10.0; Win64; x64; rv:94.0) Gecko/20100101 Firefox/94.0"
80.123.225.38 - - [23/Nov/2021:11:47:55 +0100] "GET /images/vista-up-hover.gif HTTP/1.1" 200 130 "http://renault.activities.at/css/styles.css" "Mozilla/5.0 (Windows NT 10.0; Win64; x64; rv:94.0) Gecko/20100101 Firefox/94.0"
93.83.167.130 - - [23/Nov/2021:11:48:01 +0100] "GET /reload?ser=1637664480205 HTTP/1.1" 200 28 "http://renault.activities.at/10201633" "Mozilla/5.0 (Windows NT 10.0; Win64; x64) AppleWebKit/537.36 (KHTML, like Gecko) Chrome/96.0.4664.45 Safari/537.36"
80.123.225.38 - - [23/Nov/2021:11:48:04 +0100] "POST /10201442 HTTP/1.1" 200 9275 "http://renault.activities.at/10201442" "Mozilla/5.0 (Windows NT 10.0; Win64; x64; rv:94.0) Gecko/20100101 Firefox/94.0"
80.123.225.38 - - [23/Nov/2021:11:48:11 +0100] "GET /loadthumbnail.php?id=12414630&width=50&height=50 HTTP/1.1" 200 1259 "http://renault.activities.at/10201442" "Mozilla/5.0 (Windows NT 10.0; Win64; x64; rv:94.0) Gecko/20100101 Firefox/94.0"
80.123.225.38 - - [23/Nov/2021:11:48:11 +0100] "GET /loadthumbnail.php?id=12414625&width=50&height=50 HTTP/1.1" 200 1303 "http://renault.activities.at/10201442" "Mozilla/5.0 (Windows NT 10.0; Win64; x64; rv:94.0) Gecko/20100101 Firefox/94.0"
80.123.225.38 - - [23/Nov/2021:11:48:11 +0100] "GET /loadthumbnail.php?id=12460965&width=50&height=50 HTTP/1.1" 200 1116 "http://renault.activities.at/10201442" "Mozilla/5.0 (Windows NT 10.0; Win64; x64; rv:94.0) Gecko/20100101 Firefox/94.0"
80.123.225.38 - - [23/Nov/2021:11:48:11 +0100] "GET /loadthumbnail.php?id=12414629&width=50&height=50 HTTP/1.1" 200 1238 "http://renault.activities.at/10201442" "Mozilla/5.0 (Windows NT 10.0; Win64; x64; rv:94.0) Gecko/20100101 Firefox/94.0"
80.123.225.38 - - [23/Nov/2021:11:48:11 +0100] "GET /loadthumbnail.php?id=12428351&width=50&height=50 HTTP/1.1" 200 1330 "http://renault.activities.at/10201442" "Mozilla/5.0 (Windows NT 10.0; Win64; x64; rv:94.0) Gecko/20100101 Firefox/94.0"
80.123.225.38 - - [23/Nov/2021:11:48:11 +0100] "GET /loadthumbnail.php?id=12329380&width=50&height=50 HTTP/1.1" 200 1352 "http://renault.activities.at/10201442" "Mozilla/5.0 (Windows NT 10.0; Win64; x64; rv:94.0) Gecko/20100101 Firefox/94.0"
80.123.225.38 - - [23/Nov/2021:11:48:11 +0100] "GET /images/success_msg_icon.gif HTTP/1.1" 200 1024 "http://renault.activities.at/css/styles.css" "Mozilla/5.0 (Windows NT 10.0; Win64; x64; rv:94.0) Gecko/20100101 Firefox/94.0"
80.123.225.38 - - [23/Nov/2021:11:48:11 +0100] "GET /loadthumbnail.php?id=12428361&width=50&height=50 HTTP/1.1" 200 1390 "http://renault.activities.at/10201442" "Mozilla/5.0 (Windows NT 10.0; Win64; x64; rv:94.0) Gecko/20100101 Firefox/94.0"
80.123.225.38 - - [23/Nov/2021:11:48:11 +0100] "GET /loadthumbnail.php?id=12428314&width=50&height=50 HTTP/1.1" 200 1324 "http://renault.activities.at/10201442" "Mozilla/5.0 (Windows NT 10.0; Win64; x64; rv:94.0) Gecko/20100101 Firefox/94.0"
80.123.225.38 - - [23/Nov/2021:11:48:11 +0100] "GET /loadthumbnail.php?id=10203276 HTTP/1.1" 200 75 "http://renault.activities.at/10201442" "Mozilla/5.0 (Windows NT 10.0; Win64; x64; rv:94.0) Gecko/20100101 Firefox/94.0"
80.123.225.38 - - [23/Nov/2021:11:48:11 +0100] "GET /loadthumbnail.php?id=11108158&width=50&height=50 HTTP/1.1" 200 778 "http://renault.activities.at/10201442" "Mozilla/5.0 (Windows NT 10.0; Win64; x64; rv:94.0) Gecko/20100101 Firefox/94.0"
80.123.225.38 - - [23/Nov/2021:11:48:11 +0100] "GET /loadthumbnail.php?id=10203255 HTTP/1.1" 200 137 "http://renault.activities.at/10201442" "Mozilla/5.0 (Windows NT 10.0; Win64; x64; rv:94.0) Gecko/20100101 Firefox/94.0"
80.123.225.38 - - [23/Nov/2021:11:48:11 +0100] "GET /loadthumbnail.php?id=12329777&width=113 HTTP/1.1" 200 5924 "http://renault.activities.at/10201442" "Mozilla/5.0 (Windows NT 10.0; Win64; x64; rv:94.0) Gecko/20100101 Firefox/94.0"
80.123.225.38 - - [23/Nov/2021:11:48:11 +0100] "GET /loadthumbnail.php?id=12329769&width=113 HTTP/1.1" 200 6281 "http://renault.activities.at/10201442" "Mozilla/5.0 (Windows NT 10.0; Win64; x64; rv:94.0) Gecko/20100101 Firefox/94.0"
80.123.225.38 - - [23/Nov/2021:11:48:11 +0100] "GET /loadthumbnail.php?id=12428347&width=113 HTTP/1.1" 200 5778 "http://renault.activities.at/10201442" "Mozilla/5.0 (Windows NT 10.0; Win64; x64; rv:94.0) Gecko/20100101 Firefox/94.0"
80.123.225.38 - - [23/Nov/2021:11:48:11 +0100] "GET /loadthumbnail.php?id=12329773&width=113 HTTP/1.1" 200 6402 "http://renault.activities.at/10201442" "Mozilla/5.0 (Windows NT 10.0; Win64; x64; rv:94.0) Gecko/20100101 Firefox/94.0"
80.123.225.38 - - [23/Nov/2021:11:48:11 +0100] "GET /loadthumbnail.php?id=12329380&width=113 HTTP/1.1" 200 6136 "http://renault.activities.at/10201442" "Mozilla/5.0 (Windows NT 10.0; Win64; x64; rv:94.0) Gecko/20100101 Firefox/94.0"
80.123.225.38 - - [23/Nov/2021:11:48:11 +0100] "GET /loadthumbnail.php?id=11127982 HTTP/1.1" 200 399614 "http://renault.activities.at/10201442" "Mozilla/5.0 (Windows NT 10.0; Win64; x64; rv:94.0) Gecko/20100101 Firefox/94.0"
80.123.225.38 - - [23/Nov/2021:11:48:12 +0100] "GET /loadthumbnail.php?id=12428339&width=113 HTTP/1.1" 200 6161 "http://renault.activities.at/10201442" "Mozilla/5.0 (Windows NT 10.0; Win64; x64; rv:94.0) Gecko/20100101 Firefox/94.0"
80.123.225.38 - - [23/Nov/2021:11:48:12 +0100] "GET /loadthumbnail.php?id=12329384&width=113 HTTP/1.1" 200 6523 "http://renault.activities.at/10201442" "Mozilla/5.0 (Windows NT 10.0; Win64; x64; rv:94.0) Gecko/20100101 Firefox/94.0"
80.123.225.38 - - [23/Nov/2021:11:48:12 +0100] "GET /loadthumbnail.php?id=12428343&width=113 HTTP/1.1" 200 5906 "http://renault.activities.at/10201442" "Mozilla/5.0 (Windows NT 10.0; Win64; x64; rv:94.0) Gecko/20100101 Firefox/94.0"
80.123.225.38 - - [23/Nov/2021:11:48:12 +0100] "GET /loadthumbnail.php?id=12329388&width=113 HTTP/1.1" 200 6391 "http://renault.activities.at/10201442" "Mozilla/5.0 (Windows NT 10.0; Win64; x64; rv:94.0) Gecko/20100101 Firefox/94.0"
80.123.225.38 - - [23/Nov/2021:11:48:12 +0100] "GET /loadthumbnail.php?id=12329742&width=113 HTTP/1.1" 200 6011 "http://renault.activities.at/10201442" "Mozilla/5.0 (Windows NT 10.0; Win64; x64; rv:94.0) Gecko/20100101 Firefox/94.0"
80.123.225.38 - - [23/Nov/2021:11:48:12 +0100] "GET /loadthumbnail.php?id=12428351&width=113 HTTP/1.1" 200 5484 "http://renault.activities.at/10201442" "Mozilla/5.0 (Windows NT 10.0; Win64; x64; rv:94.0) Gecko/20100101 Firefox/94.0"
80.123.225.38 - - [23/Nov/2021:11:48:12 +0100] "GET /loadthumbnail.php?id=12329765&width=113 HTTP/1.1" 200 6417 "http://renault.activities.at/10201442" "Mozilla/5.0 (Windows NT 10.0; Win64; x64; rv:94.0) Gecko/20100101 Firefox/94.0"
80.123.225.38 - - [23/Nov/2021:11:48:12 +0100] "GET /loadthumbnail.php?id=12329758&width=113 HTTP/1.1" 200 6291 "http://renault.activities.at/10201442" "Mozilla/5.0 (Windows NT 10.0; Win64; x64; rv:94.0) Gecko/20100101 Firefox/94.0"
80.123.225.38 - - [23/Nov/2021:11:48:12 +0100] "GET /loadthumbnail.php?id=12428361&width=113 HTTP/1.1" 200 6467 "http://renault.activities.at/10201442" "Mozilla/5.0 (Windows NT 10.0; Win64; x64; rv:94.0) Gecko/20100101 Firefox/94.0"
80.123.225.38 - - [23/Nov/2021:11:48:12 +0100] "GET /loadthumbnail.php?id=12428355&width=113 HTTP/1.1" 200 6350 "http://renault.activities.at/10201442" "Mozilla/5.0 (Windows NT 10.0; Win64; x64; rv:94.0) Gecko/20100101 Firefox/94.0"
80.123.225.38 - - [23/Nov/2021:11:48:21 +0100] "POST /10201442 HTTP/1.1" 200 9281 "http://renault.activities.at/10201442" "Mozilla/5.0 (Windows NT 10.0; Win64; x64; rv:94.0) Gecko/20100101 Firefox/94.0"
80.123.225.38 - - [23/Nov/2021:11:48:26 +0100] "GET /loadthumbnail.php?id=12414630&width=50&height=50 HTTP/1.1" 200 1259 "http://renault.activities.at/10201442" "Mozilla/5.0 (Windows NT 10.0; Win64; x64; rv:94.0) Gecko/20100101 Firefox/94.0"
80.123.225.38 - - [23/Nov/2021:11:48:26 +0100] "GET /loadthumbnail.php?id=12414625&width=50&height=50 HTTP/1.1" 200 1303 "http://renault.activities.at/10201442" "Mozilla/5.0 (Windows NT 10.0; Win64; x64; rv:94.0) Gecko/20100101 Firefox/94.0"
80.123.225.38 - - [23/Nov/2021:11:48:26 +0100] "GET /loadthumbnail.php?id=12414629&width=50&height=50 HTTP/1.1" 200 1238 "http://renault.activities.at/10201442" "Mozilla/5.0 (Windows NT 10.0; Win64; x64; rv:94.0) Gecko/20100101 Firefox/94.0"
80.123.225.38 - - [23/Nov/2021:11:48:26 +0100] "GET /loadthumbnail.php?id=12460965&width=50&height=50 HTTP/1.1" 200 1116 "http://renault.activities.at/10201442" "Mozilla/5.0 (Windows NT 10.0; Win64; x64; rv:94.0) Gecko/20100101 Firefox/94.0"
80.123.225.38 - - [23/Nov/2021:11:48:26 +0100] "GET /loadthumbnail.php?id=12428351&width=50&height=50 HTTP/1.1" 200 1330 "http://renault.activities.at/10201442" "Mozilla/5.0 (Windows NT 10.0; Win64; x64; rv:94.0) Gecko/20100101 Firefox/94.0"
80.123.225.38 - - [23/Nov/2021:11:48:26 +0100] "GET /loadthumbnail.php?id=12329380&width=50&height=50 HTTP/1.1" 200 1352 "http://renault.activities.at/10201442" "Mozilla/5.0 (Windows NT 10.0; Win64; x64; rv:94.0) Gecko/20100101 Firefox/94.0"
80.123.225.38 - - [23/Nov/2021:11:48:27 +0100] "GET /loadthumbnail.php?id=12428314&width=50&height=50 HTTP/1.1" 200 1324 "http://renault.activities.at/10201442" "Mozilla/5.0 (Windows NT 10.0; Win64; x64; rv:94.0) Gecko/20100101 Firefox/94.0"
80.123.225.38 - - [23/Nov/2021:11:48:27 +0100] "GET /loadthumbnail.php?id=12428361&width=50&height=50 HTTP/1.1" 200 1390 "http://renault.activities.at/10201442" "Mozilla/5.0 (Windows NT 10.0; Win64; x64; rv:94.0) Gecko/20100101 Firefox/94.0"
80.123.225.38 - - [23/Nov/2021:11:48:27 +0100] "GET /loadthumbnail.php?id=11108158&width=50&height=50 HTTP/1.1" 200 778 "http://renault.activities.at/10201442" "Mozilla/5.0 (Windows NT 10.0; Win64; x64; rv:94.0) Gecko/20100101 Firefox/94.0"
80.123.225.38 - - [23/Nov/2021:11:48:27 +0100] "GET /loadthumbnail.php?id=10203276 HTTP/1.1" 200 75 "http://renault.activities.at/10201442" "Mozilla/5.0 (Windows NT 10.0; Win64; x64; rv:94.0) Gecko/20100101 Firefox/94.0"
80.123.225.38 - - [23/Nov/2021:11:48:27 +0100] "GET /loadthumbnail.php?id=10203255 HTTP/1.1" 200 137 "http://renault.activities.at/10201442" "Mozilla/5.0 (Windows NT 10.0; Win64; x64; rv:94.0) Gecko/20100101 Firefox/94.0"
80.123.225.38 - - [23/Nov/2021:11:48:27 +0100] "GET /loadthumbnail.php?id=12329777&width=113 HTTP/1.1" 200 5924 "http://renault.activities.at/10201442" "Mozilla/5.0 (Windows NT 10.0; Win64; x64; rv:94.0) Gecko/20100101 Firefox/94.0"
80.123.225.38 - - [23/Nov/2021:11:48:27 +0100] "GET /loadthumbnail.php?id=12329773&width=113 HTTP/1.1" 200 6402 "http://renault.activities.at/10201442" "Mozilla/5.0 (Windows NT 10.0; Win64; x64; rv:94.0) Gecko/20100101 Firefox/94.0"
80.123.225.38 - - [23/Nov/2021:11:48:27 +0100] "GET /loadthumbnail.php?id=12329769&width=113 HTTP/1.1" 200 6281 "http://renault.activities.at/10201442" "Mozilla/5.0 (Windows NT 10.0; Win64; x64; rv:94.0) Gecko/20100101 Firefox/94.0"
80.123.225.38 - - [23/Nov/2021:11:48:27 +0100] "GET /loadthumbnail.php?id=12428347&width=113 HTTP/1.1" 200 5778 "http://renault.activities.at/10201442" "Mozilla/5.0 (Windows NT 10.0; Win64; x64; rv:94.0) Gecko/20100101 Firefox/94.0"
80.123.225.38 - - [23/Nov/2021:11:48:27 +0100] "GET /loadthumbnail.php?id=12329380&width=113 HTTP/1.1" 200 6136 "http://renault.activities.at/10201442" "Mozilla/5.0 (Windows NT 10.0; Win64; x64; rv:94.0) Gecko/20100101 Firefox/94.0"
80.123.225.38 - - [23/Nov/2021:11:48:27 +0100] "GET /loadthumbnail.php?id=12428339&width=113 HTTP/1.1" 200 6161 "http://renault.activities.at/10201442" "Mozilla/5.0 (Windows NT 10.0; Win64; x64; rv:94.0) Gecko/20100101 Firefox/94.0"
80.123.225.38 - - [23/Nov/2021:11:48:27 +0100] "GET /loadthumbnail.php?id=12428343&width=113 HTTP/1.1" 200 5906 "http://renault.activities.at/10201442" "Mozilla/5.0 (Windows NT 10.0; Win64; x64; rv:94.0) Gecko/20100101 Firefox/94.0"
80.123.225.38 - - [23/Nov/2021:11:48:27 +0100] "GET /loadthumbnail.php?id=12329388&width=113 HTTP/1.1" 200 6391 "http://renault.activities.at/10201442" "Mozilla/5.0 (Windows NT 10.0; Win64; x64; rv:94.0) Gecko/20100101 Firefox/94.0"
80.123.225.38 - - [23/Nov/2021:11:48:27 +0100] "GET /loadthumbnail.php?id=12329384&width=113 HTTP/1.1" 200 6523 "http://renault.activities.at/10201442" "Mozilla/5.0 (Windows NT 10.0; Win64; x64; rv:94.0) Gecko/20100101 Firefox/94.0"
80.123.225.38 - - [23/Nov/2021:11:48:27 +0100] "GET /loadthumbnail.php?id=12428351&width=113 HTTP/1.1" 200 5484 "http://renault.activities.at/10201442" "Mozilla/5.0 (Windows NT 10.0; Win64; x64; rv:94.0) Gecko/20100101 Firefox/94.0"
80.123.225.38 - - [23/Nov/2021:11:48:27 +0100] "GET /loadthumbnail.php?id=12329742&width=113 HTTP/1.1" 200 6011 "http://renault.activities.at/10201442" "Mozilla/5.0 (Windows NT 10.0; Win64; x64; rv:94.0) Gecko/20100101 Firefox/94.0"
80.123.225.38 - - [23/Nov/2021:11:48:27 +0100] "GET /loadthumbnail.php?id=12329765&width=113 HTTP/1.1" 200 6417 "http://renault.activities.at/10201442" "Mozilla/5.0 (Windows NT 10.0; Win64; x64; rv:94.0) Gecko/20100101 Firefox/94.0"
80.123.225.38 - - [23/Nov/2021:11:48:27 +0100] "GET /loadthumbnail.php?id=12329758&width=113 HTTP/1.1" 200 6291 "http://renault.activities.at/10201442" "Mozilla/5.0 (Windows NT 10.0; Win64; x64; rv:94.0) Gecko/20100101 Firefox/94.0"
80.123.225.38 - - [23/Nov/2021:11:48:27 +0100] "GET /loadthumbnail.php?id=12428361&width=113 HTTP/1.1" 200 6467 "http://renault.activities.at/10201442" "Mozilla/5.0 (Windows NT 10.0; Win64; x64; rv:94.0) Gecko/20100101 Firefox/94.0"
80.123.225.38 - - [23/Nov/2021:11:48:27 +0100] "GET /loadthumbnail.php?id=12428355&width=113 HTTP/1.1" 200 6350 "http://renault.activities.at/10201442" "Mozilla/5.0 (Windows NT 10.0; Win64; x64; rv:94.0) Gecko/20100101 Firefox/94.0"
80.123.225.38 - - [23/Nov/2021:11:48:27 +0100] "GET /loadthumbnail.php?id=11127982 HTTP/1.1" 200 399614 "http://renault.activities.at/10201442" "Mozilla/5.0 (Windows NT 10.0; Win64; x64; rv:94.0) Gecko/20100101 Firefox/94.0"
93.83.102.34 - - [23/Nov/2021:11:48:42 +0100] "GET /reload?ser=1637664522645 HTTP/1.1" 200 28 "http://renault.activities.at/success" "Mozilla/5.0 (Windows NT 10.0; Win64; x64) AppleWebKit/537.36 (KHTML, like Gecko) Chrome/96.0.4664.45 Safari/537.36"
80.123.225.38 - - [23/Nov/2021:11:48:42 +0100] "POST /10201442 HTTP/1.1" 200 9277 "http://renault.activities.at/10201442" "Mozilla/5.0 (Windows NT 10.0; Win64; x64; rv:94.0) Gecko/20100101 Firefox/94.0"
80.123.225.38 - - [23/Nov/2021:11:48:48 +0100] "GET /loadthumbnail.php?id=12414630&width=50&height=50 HTTP/1.1" 200 1259 "http://renault.activities.at/10201442" "Mozilla/5.0 (Windows NT 10.0; Win64; x64; rv:94.0) Gecko/20100101 Firefox/94.0"
80.123.225.38 - - [23/Nov/2021:11:48:48 +0100] "GET /loadthumbnail.php?id=12460965&width=50&height=50 HTTP/1.1" 200 1116 "http://renault.activities.at/10201442" "Mozilla/5.0 (Windows NT 10.0; Win64; x64; rv:94.0) Gecko/20100101 Firefox/94.0"
80.123.225.38 - - [23/Nov/2021:11:48:48 +0100] "GET /loadthumbnail.php?id=12414625&width=50&height=50 HTTP/1.1" 200 1303 "http://renault.activities.at/10201442" "Mozilla/5.0 (Windows NT 10.0; Win64; x64; rv:94.0) Gecko/20100101 Firefox/94.0"
80.123.225.38 - - [23/Nov/2021:11:48:48 +0100] "GET /loadthumbnail.php?id=12414629&width=50&height=50 HTTP/1.1" 200 1238 "http://renault.activities.at/10201442" "Mozilla/5.0 (Windows NT 10.0; Win64; x64; rv:94.0) Gecko/20100101 Firefox/94.0"
80.123.225.38 - - [23/Nov/2021:11:48:48 +0100] "GET /loadthumbnail.php?id=12428351&width=50&height=50 HTTP/1.1" 200 1330 "http://renault.activities.at/10201442" "Mozilla/5.0 (Windows NT 10.0; Win64; x64; rv:94.0) Gecko/20100101 Firefox/94.0"
80.123.225.38 - - [23/Nov/2021:11:48:48 +0100] "GET /loadthumbnail.php?id=12329380&width=50&height=50 HTTP/1.1" 200 1352 "http://renault.activities.at/10201442" "Mozilla/5.0 (Windows NT 10.0; Win64; x64; rv:94.0) Gecko/20100101 Firefox/94.0"
80.123.225.38 - - [23/Nov/2021:11:48:48 +0100] "GET /loadthumbnail.php?id=11108158&width=50&height=50 HTTP/1.1" 200 778 "http://renault.activities.at/10201442" "Mozilla/5.0 (Windows NT 10.0; Win64; x64; rv:94.0) Gecko/20100101 Firefox/94.0"
80.123.225.38 - - [23/Nov/2021:11:48:48 +0100] "GET /loadthumbnail.php?id=12428361&width=50&height=50 HTTP/1.1" 200 1390 "http://renault.activities.at/10201442" "Mozilla/5.0 (Windows NT 10.0; Win64; x64; rv:94.0) Gecko/20100101 Firefox/94.0"
80.123.225.38 - - [23/Nov/2021:11:48:48 +0100] "GET /loadthumbnail.php?id=10203276 HTTP/1.1" 200 75 "http://renault.activities.at/10201442" "Mozilla/5.0 (Windows NT 10.0; Win64; x64; rv:94.0) Gecko/20100101 Firefox/94.0"
80.123.225.38 - - [23/Nov/2021:11:48:48 +0100] "GET /loadthumbnail.php?id=12428314&width=50&height=50 HTTP/1.1" 200 1324 "http://renault.activities.at/10201442" "Mozilla/5.0 (Windows NT 10.0; Win64; x64; rv:94.0) Gecko/20100101 Firefox/94.0"
80.123.225.38 - - [23/Nov/2021:11:48:48 +0100] "GET /loadthumbnail.php?id=10203255 HTTP/1.1" 200 137 "http://renault.activities.at/10201442" "Mozilla/5.0 (Windows NT 10.0; Win64; x64; rv:94.0) Gecko/20100101 Firefox/94.0"
80.123.225.38 - - [23/Nov/2021:11:48:48 +0100] "GET /loadthumbnail.php?id=12329777&width=113 HTTP/1.1" 200 5924 "http://renault.activities.at/10201442" "Mozilla/5.0 (Windows NT 10.0; Win64; x64; rv:94.0) Gecko/20100101 Firefox/94.0"
80.123.225.38 - - [23/Nov/2021:11:48:48 +0100] "GET /loadthumbnail.php?id=12329773&width=113 HTTP/1.1" 200 6402 "http://renault.activities.at/10201442" "Mozilla/5.0 (Windows NT 10.0; Win64; x64; rv:94.0) Gecko/20100101 Firefox/94.0"
80.123.225.38 - - [23/Nov/2021:11:48:48 +0100] "GET /loadthumbnail.php?id=12428347&width=113 HTTP/1.1" 200 5778 "http://renault.activities.at/10201442" "Mozilla/5.0 (Windows NT 10.0; Win64; x64; rv:94.0) Gecko/20100101 Firefox/94.0"
80.123.225.38 - - [23/Nov/2021:11:48:48 +0100] "GET /loadthumbnail.php?id=12329769&width=113 HTTP/1.1" 200 6281 "http://renault.activities.at/10201442" "Mozilla/5.0 (Windows NT 10.0; Win64; x64; rv:94.0) Gecko/20100101 Firefox/94.0"
80.123.225.38 - - [23/Nov/2021:11:48:48 +0100] "GET /loadthumbnail.php?id=12329380&width=113 HTTP/1.1" 200 6136 "http://renault.activities.at/10201442" "Mozilla/5.0 (Windows NT 10.0; Win64; x64; rv:94.0) Gecko/20100101 Firefox/94.0"
80.123.225.38 - - [23/Nov/2021:11:48:48 +0100] "GET /loadthumbnail.php?id=12428339&width=113 HTTP/1.1" 200 6161 "http://renault.activities.at/10201442" "Mozilla/5.0 (Windows NT 10.0; Win64; x64; rv:94.0) Gecko/20100101 Firefox/94.0"
80.123.225.38 - - [23/Nov/2021:11:48:48 +0100] "GET /loadthumbnail.php?id=12428343&width=113 HTTP/1.1" 200 5906 "http://renault.activities.at/10201442" "Mozilla/5.0 (Windows NT 10.0; Win64; x64; rv:94.0) Gecko/20100101 Firefox/94.0"
80.123.225.38 - - [23/Nov/2021:11:48:49 +0100] "GET /loadthumbnail.php?id=12329384&width=113 HTTP/1.1" 200 6523 "http://renault.activities.at/10201442" "Mozilla/5.0 (Windows NT 10.0; Win64; x64; rv:94.0) Gecko/20100101 Firefox/94.0"
