91.112.99.126 - - [24/Nov/2021:08:25:47 +0100] "GET /loadthumbnail.php?id=10970934&width=113 HTTP/1.1" 200 4103 "http://renault.activities.at/result?dir=DESC&mode=grid&order=name&limit=15&page=2&search=espace" "Mozilla/5.0 (Windows NT 10.0; Win64; x64) AppleWebKit/537.36 (KHTML, like Gecko) Chrome/96.0.4664.45 Safari/537.36"
88.116.39.222 - - [24/Nov/2021:08:26:02 +0100] "GET /reload?ser=1637738764280 HTTP/1.1" 200 28 "http://renault.activities.at/result?searchterm=true&search=spring" "Mozilla/5.0 (Windows NT 10.0; Win64; x64) AppleWebKit/537.36 (KHTML, like Gecko) Chrome/96.0.4664.45 Safari/537.36"
91.112.99.126 - - [24/Nov/2021:08:26:05 +0100] "GET /css/themes/alphacube/top_mid.gif HTTP/1.1" 200 833 "http://renault.activities.at/css/themes/alphacube.css" "Mozilla/5.0 (Windows NT 10.0; Win64; x64) AppleWebKit/537.36 (KHTML, like Gecko) Chrome/96.0.4664.45 Safari/537.36"
91.112.99.126 - - [24/Nov/2021:08:26:05 +0100] "GET /css/themes/alphacube/bottom_middle.gif HTTP/1.1" 200 44 "http://renault.activities.at/css/themes/alphacube.css" "Mozilla/5.0 (Windows NT 10.0; Win64; x64) AppleWebKit/537.36 (KHTML, like Gecko) Chrome/96.0.4664.45 Safari/537.36"
91.112.99.126 - - [24/Nov/2021:08:26:05 +0100] "GET /css/themes/alphacube/frame_right.gif HTTP/1.1" 200 64 "http://renault.activities.at/css/themes/alphacube.css" "Mozilla/5.0 (Windows NT 10.0; Win64; x64) AppleWebKit/537.36 (KHTML, like Gecko) Chrome/96.0.4664.45 Safari/537.36"
91.112.99.126 - - [24/Nov/2021:08:26:05 +0100] "GET /css/themes/alphacube/frame_left.gif HTTP/1.1" 200 64 "http://renault.activities.at/css/themes/alphacube.css" "Mozilla/5.0 (Windows NT 10.0; Win64; x64) AppleWebKit/537.36 (KHTML, like Gecko) Chrome/96.0.4664.45 Safari/537.36"
138.21.12.27 - - [24/Nov/2021:08:26:04 +0100] "GET /reload?ser=1637738763994 HTTP/1.1" 200 28 "http://renault.2web.at/account" "Mozilla/5.0 (Windows NT 10.0; Win64; x64) AppleWebKit/537.36 (KHTML, like Gecko) Chrome/96.0.4664.45 Safari/537.36"
91.112.99.126 - - [24/Nov/2021:08:26:05 +0100] "GET /css/themes/alphacube/button-close-focus.gif HTTP/1.1" 200 699 "http://renault.activities.at/css/themes/alphacube.css" "Mozilla/5.0 (Windows NT 10.0; Win64; x64) AppleWebKit/537.36 (KHTML, like Gecko) Chrome/96.0.4664.45 Safari/537.36"
91.112.99.126 - - [24/Nov/2021:08:26:05 +0100] "GET /css/themes/alphacube/top_left.gif HTTP/1.1" 200 973 "http://renault.activities.at/css/themes/alphacube.css" "Mozilla/5.0 (Windows NT 10.0; Win64; x64) AppleWebKit/537.36 (KHTML, like Gecko) Chrome/96.0.4664.45 Safari/537.36"
91.112.99.126 - - [24/Nov/2021:08:26:05 +0100] "GET /css/themes/alphacube/top_right.gif HTTP/1.1" 200 972 "http://renault.activities.at/css/themes/alphacube.css" "Mozilla/5.0 (Windows NT 10.0; Win64; x64) AppleWebKit/537.36 (KHTML, like Gecko) Chrome/96.0.4664.45 Safari/537.36"
91.112.99.126 - - [24/Nov/2021:08:26:05 +0100] "GET /css/themes/alphacube/bottom_left-c.gif HTTP/1.1" 200 62 "http://renault.activities.at/css/themes/alphacube.css" "Mozilla/5.0 (Windows NT 10.0; Win64; x64) AppleWebKit/537.36 (KHTML, like Gecko) Chrome/96.0.4664.45 Safari/537.36"
91.112.99.126 - - [24/Nov/2021:08:26:05 +0100] "GET /css/themes/alphacube/bottom_right-c.gif HTTP/1.1" 200 62 "http://renault.activities.at/css/themes/alphacube.css" "Mozilla/5.0 (Windows NT 10.0; Win64; x64) AppleWebKit/537.36 (KHTML, like Gecko) Chrome/96.0.4664.45 Safari/537.36"
91.112.99.126 - - [24/Nov/2021:08:26:05 +0100] "GET /12265458?print=true HTTP/1.1" 200 2643 "http://renault.activities.at/result?dir=DESC&mode=grid&order=name&limit=15&page=2&search=espace" "Mozilla/5.0 (Windows NT 10.0; Win64; x64) AppleWebKit/537.36 (KHTML, like Gecko) Chrome/96.0.4664.45 Safari/537.36"
91.112.99.126 - - [24/Nov/2021:08:26:08 +0100] "GET /js/magiczoom/magiczoom.css HTTP/1.1" 200 1210 "http://renault.activities.at/12265458?print=true" "Mozilla/5.0 (Windows NT 10.0; Win64; x64) AppleWebKit/537.36 (KHTML, like Gecko) Chrome/96.0.4664.45 Safari/537.36"
91.112.99.126 - - [24/Nov/2021:08:26:08 +0100] "GET /js/Produkt.js HTTP/1.1" 200 852 "http://renault.activities.at/12265458?print=true" "Mozilla/5.0 (Windows NT 10.0; Win64; x64) AppleWebKit/537.36 (KHTML, like Gecko) Chrome/96.0.4664.45 Safari/537.36"
91.112.99.126 - - [24/Nov/2021:08:26:08 +0100] "GET /js/magiczoom/magiczoom.js HTTP/1.1" 200 26397 "http://renault.activities.at/12265458?print=true" "Mozilla/5.0 (Windows NT 10.0; Win64; x64) AppleWebKit/537.36 (KHTML, like Gecko) Chrome/96.0.4664.45 Safari/537.36"
91.112.99.126 - - [24/Nov/2021:08:26:08 +0100] "GET /loadthumbnail.php?id=12266125&width=250 HTTP/1.1" 200 9299 "http://renault.activities.at/12265458?print=true" "Mozilla/5.0 (Windows NT 10.0; Win64; x64) AppleWebKit/537.36 (KHTML, like Gecko) Chrome/96.0.4664.45 Safari/537.36"
91.112.99.126 - - [24/Nov/2021:08:26:08 +0100] "GET /loadthumbnail.php?id=12266125&width=900&height=900 HTTP/1.1" 200 68762 "http://renault.activities.at/12265458?print=true" "Mozilla/5.0 (Windows NT 10.0; Win64; x64) AppleWebKit/537.36 (KHTML, like Gecko) Chrome/96.0.4664.45 Safari/537.36"
91.112.99.126 - - [24/Nov/2021:08:26:09 +0100] "GET /js/magiczoom/graphics/hint.gif HTTP/1.1" 200 73 "http://renault.activities.at/js/magiczoom/magiczoom.css" "Mozilla/5.0 (Windows NT 10.0; Win64; x64) AppleWebKit/537.36 (KHTML, like Gecko) Chrome/96.0.4664.45 Safari/537.36"
91.112.99.126 - - [24/Nov/2021:08:26:09 +0100] "GET /js/magiczoom/graphics/zoomin.cur HTTP/1.1" 200 326 "http://renault.activities.at/js/magiczoom/magiczoom.css" "Mozilla/5.0 (Windows NT 10.0; Win64; x64) AppleWebKit/537.36 (KHTML, like Gecko) Chrome/96.0.4664.45 Safari/537.36"
91.112.99.126 - - [24/Nov/2021:08:26:32 +0100] "GET /result?dir=DESC&mode=grid&order=name&limit=15&page=1&search=espace HTTP/1.1" 200 8647 "http://renault.activities.at/result?dir=DESC&mode=grid&order=name&limit=15&page=2&search=espace" "Mozilla/5.0 (Windows NT 10.0; Win64; x64) AppleWebKit/537.36 (KHTML, like Gecko) Chrome/96.0.4664.45 Safari/537.36"
88.116.39.222 - - [24/Nov/2021:08:27:03 +0100] "GET /reload?ser=1637738825268 HTTP/1.1" 200 28 "http://renault.activities.at/result?searchterm=true&search=spring" "Mozilla/5.0 (Windows NT 10.0; Win64; x64) AppleWebKit/537.36 (KHTML, like Gecko) Chrome/96.0.4664.45 Safari/537.36"
138.21.12.27 - - [24/Nov/2021:08:27:06 +0100] "GET /reload?ser=1637738825996 HTTP/1.1" 200 28 "http://renault.2web.at/account" "Mozilla/5.0 (Windows NT 10.0; Win64; x64) AppleWebKit/537.36 (KHTML, like Gecko) Chrome/96.0.4664.45 Safari/537.36"
91.112.99.126 - - [24/Nov/2021:08:27:36 +0100] "GET /reload?ser=1637738856539 HTTP/1.1" 200 28 "http://renault.activities.at/result?dir=DESC&mode=grid&order=name&limit=15&page=1&search=espace" "Mozilla/5.0 (Windows NT 10.0; Win64; x64) AppleWebKit/537.36 (KHTML, like Gecko) Chrome/96.0.4664.45 Safari/537.36"
88.116.39.222 - - [24/Nov/2021:08:28:04 +0100] "GET /reload?ser=1637738886277 HTTP/1.1" 200 28 "http://renault.activities.at/result?searchterm=true&search=spring" "Mozilla/5.0 (Windows NT 10.0; Win64; x64) AppleWebKit/537.36 (KHTML, like Gecko) Chrome/96.0.4664.45 Safari/537.36"
138.21.12.27 - - [24/Nov/2021:08:28:08 +0100] "GET /reload?ser=1637738888000 HTTP/1.1" 200 28 "http://renault.2web.at/account" "Mozilla/5.0 (Windows NT 10.0; Win64; x64) AppleWebKit/537.36 (KHTML, like Gecko) Chrome/96.0.4664.45 Safari/537.36"
91.112.99.126 - - [24/Nov/2021:08:28:37 +0100] "GET /reload?ser=1637738917532 HTTP/1.1" 200 28 "http://renault.activities.at/result?dir=DESC&mode=grid&order=name&limit=15&page=1&search=espace" "Mozilla/5.0 (Windows NT 10.0; Win64; x64) AppleWebKit/537.36 (KHTML, like Gecko) Chrome/96.0.4664.45 Safari/537.36"
88.116.39.222 - - [24/Nov/2021:08:29:05 +0100] "GET /reload?ser=1637738947268 HTTP/1.1" 200 28 "http://renault.activities.at/result?searchterm=true&search=spring" "Mozilla/5.0 (Windows NT 10.0; Win64; x64) AppleWebKit/537.36 (KHTML, like Gecko) Chrome/96.0.4664.45 Safari/537.36"
138.21.12.27 - - [24/Nov/2021:08:29:10 +0100] "GET /reload?ser=1637738950007 HTTP/1.1" 200 28 "http://renault.2web.at/account" "Mozilla/5.0 (Windows NT 10.0; Win64; x64) AppleWebKit/537.36 (KHTML, like Gecko) Chrome/96.0.4664.45 Safari/537.36"
91.112.99.126 - - [24/Nov/2021:08:29:39 +0100] "GET /reload?ser=1637738979532 HTTP/1.1" 200 28 "http://renault.activities.at/result?dir=DESC&mode=grid&order=name&limit=15&page=1&search=espace" "Mozilla/5.0 (Windows NT 10.0; Win64; x64) AppleWebKit/537.36 (KHTML, like Gecko) Chrome/96.0.4664.45 Safari/537.36"
88.116.39.222 - - [24/Nov/2021:08:30:06 +0100] "GET /reload?ser=1637739008270 HTTP/1.1" 200 28 "http://renault.activities.at/result?searchterm=true&search=spring" "Mozilla/5.0 (Windows NT 10.0; Win64; x64) AppleWebKit/537.36 (KHTML, like Gecko) Chrome/96.0.4664.45 Safari/537.36"
138.21.12.27 - - [24/Nov/2021:08:30:12 +0100] "GET /reload?ser=1637739012009 HTTP/1.1" 200 28 "http://renault.2web.at/account" "Mozilla/5.0 (Windows NT 10.0; Win64; x64) AppleWebKit/537.36 (KHTML, like Gecko) Chrome/96.0.4664.45 Safari/537.36"
91.112.99.126 - - [24/Nov/2021:08:30:40 +0100] "GET /reload?ser=1637739040534 HTTP/1.1" 200 28 "http://renault.activities.at/result?dir=DESC&mode=grid&order=name&limit=15&page=1&search=espace" "Mozilla/5.0 (Windows NT 10.0; Win64; x64) AppleWebKit/537.36 (KHTML, like Gecko) Chrome/96.0.4664.45 Safari/537.36"
138.21.12.27 - - [24/Nov/2021:08:31:14 +0100] "GET /reload?ser=1637739074012 HTTP/1.1" 200 28 "http://renault.2web.at/account" "Mozilla/5.0 (Windows NT 10.0; Win64; x64) AppleWebKit/537.36 (KHTML, like Gecko) Chrome/96.0.4664.45 Safari/537.36"
91.112.99.126 - - [24/Nov/2021:08:31:41 +0100] "GET /reload?ser=1637739101536 HTTP/1.1" 200 28 "http://renault.activities.at/result?dir=DESC&mode=grid&order=name&limit=15&page=1&search=espace" "Mozilla/5.0 (Windows NT 10.0; Win64; x64) AppleWebKit/537.36 (KHTML, like Gecko) Chrome/96.0.4664.45 Safari/537.36"
138.21.12.27 - - [24/Nov/2021:08:32:16 +0100] "GET /reload?ser=1637739136014 HTTP/1.1" 200 28 "http://renault.2web.at/account" "Mozilla/5.0 (Windows NT 10.0; Win64; x64) AppleWebKit/537.36 (KHTML, like Gecko) Chrome/96.0.4664.45 Safari/537.36"
91.112.99.126 - - [24/Nov/2021:08:32:42 +0100] "GET /reload?ser=1637739162540 HTTP/1.1" 200 28 "http://renault.activities.at/result?dir=DESC&mode=grid&order=name&limit=15&page=1&search=espace" "Mozilla/5.0 (Windows NT 10.0; Win64; x64) AppleWebKit/537.36 (KHTML, like Gecko) Chrome/96.0.4664.45 Safari/537.36"
138.21.12.27 - - [24/Nov/2021:08:33:18 +0100] "GET /reload?ser=1637739198016 HTTP/1.1" 200 28 "http://renault.2web.at/account" "Mozilla/5.0 (Windows NT 10.0; Win64; x64) AppleWebKit/537.36 (KHTML, like Gecko) Chrome/96.0.4664.45 Safari/537.36"
91.112.99.126 - - [24/Nov/2021:08:33:40 +0100] "POST /axjaxrequest?mode=suggest HTTP/1.1" 200 364 "http://renault.activities.at/result?dir=DESC&mode=grid&order=name&limit=15&page=1&search=espace" "Mozilla/5.0 (Windows NT 10.0; Win64; x64) AppleWebKit/537.36 (KHTML, like Gecko) Chrome/96.0.4664.45 Safari/537.36"
91.112.99.126 - - [24/Nov/2021:08:33:41 +0100] "POST /axjaxrequest?mode=suggest HTTP/1.1" 200 112 "http://renault.activities.at/result?dir=DESC&mode=grid&order=name&limit=15&page=1&search=espace" "Mozilla/5.0 (Windows NT 10.0; Win64; x64) AppleWebKit/537.36 (KHTML, like Gecko) Chrome/96.0.4664.45 Safari/537.36"
91.112.99.126 - - [24/Nov/2021:08:33:42 +0100] "POST /axjaxrequest?mode=suggest HTTP/1.1" 200 112 "http://renault.activities.at/result?dir=DESC&mode=grid&order=name&limit=15&page=1&search=espace" "Mozilla/5.0 (Windows NT 10.0; Win64; x64) AppleWebKit/537.36 (KHTML, like Gecko) Chrome/96.0.4664.45 Safari/537.36"
91.112.99.126 - - [24/Nov/2021:08:33:42 +0100] "GET /result?searchterm=true&search=kadjar HTTP/1.1" 200 8542 "http://renault.activities.at/result?dir=DESC&mode=grid&order=name&limit=15&page=1&search=espace" "Mozilla/5.0 (Windows NT 10.0; Win64; x64) AppleWebKit/537.36 (KHTML, like Gecko) Chrome/96.0.4664.45 Safari/537.36"
91.112.99.126 - - [24/Nov/2021:08:33:47 +0100] "GET /loadthumbnail.php?id=12329765&width=113 HTTP/1.1" 200 6417 "http://renault.activities.at/result?searchterm=true&search=kadjar" "Mozilla/5.0 (Windows NT 10.0; Win64; x64) AppleWebKit/537.36 (KHTML, like Gecko) Chrome/96.0.4664.45 Safari/537.36"
91.112.99.126 - - [24/Nov/2021:08:33:47 +0100] "GET /loadthumbnail.php?id=11927086&width=113 HTTP/1.1" 200 2978 "http://renault.activities.at/result?searchterm=true&search=kadjar" "Mozilla/5.0 (Windows NT 10.0; Win64; x64) AppleWebKit/537.36 (KHTML, like Gecko) Chrome/96.0.4664.45 Safari/537.36"
91.112.99.126 - - [24/Nov/2021:08:33:47 +0100] "GET /loadthumbnail.php?id=11976092&width=113 HTTP/1.1" 200 22943 "http://renault.activities.at/result?searchterm=true&search=kadjar" "Mozilla/5.0 (Windows NT 10.0; Win64; x64) AppleWebKit/537.36 (KHTML, like Gecko) Chrome/96.0.4664.45 Safari/537.36"
91.112.99.126 - - [24/Nov/2021:08:33:47 +0100] "GET /loadthumbnail.php?id=11195851&width=113 HTTP/1.1" 200 1156 "http://renault.activities.at/result?searchterm=true&search=kadjar" "Mozilla/5.0 (Windows NT 10.0; Win64; x64) AppleWebKit/537.36 (KHTML, like Gecko) Chrome/96.0.4664.45 Safari/537.36"
91.112.99.126 - - [24/Nov/2021:08:33:47 +0100] "GET /loadthumbnail.php?id=11181237&width=113 HTTP/1.1" 200 1156 "http://renault.activities.at/result?searchterm=true&search=kadjar" "Mozilla/5.0 (Windows NT 10.0; Win64; x64) AppleWebKit/537.36 (KHTML, like Gecko) Chrome/96.0.4664.45 Safari/537.36"
91.112.99.126 - - [24/Nov/2021:08:33:47 +0100] "GET /loadthumbnail.php?id=11181235&width=113 HTTP/1.1" 200 1156 "http://renault.activities.at/result?searchterm=true&search=kadjar" "Mozilla/5.0 (Windows NT 10.0; Win64; x64) AppleWebKit/537.36 (KHTML, like Gecko) Chrome/96.0.4664.45 Safari/537.36"
91.112.99.126 - - [24/Nov/2021:08:33:47 +0100] "GET /loadthumbnail.php?id=10915652&width=113 HTTP/1.1" 200 1387 "http://renault.activities.at/result?searchterm=true&search=kadjar" "Mozilla/5.0 (Windows NT 10.0; Win64; x64) AppleWebKit/537.36 (KHTML, like Gecko) Chrome/96.0.4664.45 Safari/537.36"
91.112.99.126 - - [24/Nov/2021:08:33:47 +0100] "GET /loadthumbnail.php?id=12333948&width=113 HTTP/1.1" 200 3218 "http://renault.activities.at/result?searchterm=true&search=kadjar" "Mozilla/5.0 (Windows NT 10.0; Win64; x64) AppleWebKit/537.36 (KHTML, like Gecko) Chrome/96.0.4664.45 Safari/537.36"
91.112.99.126 - - [24/Nov/2021:08:33:43 +0100] "GET /reload?ser=1637739223499 HTTP/1.1" 200 28 "http://renault.activities.at/result?dir=DESC&mode=grid&order=name&limit=15&page=1&search=espace" "Mozilla/5.0 (Windows NT 10.0; Win64; x64) AppleWebKit/537.36 (KHTML, like Gecko) Chrome/96.0.4664.45 Safari/537.36"
91.112.99.126 - - [24/Nov/2021:08:33:56 +0100] "GET /result?dir=DESC&mode=grid&order=name&limit=15&page=2&search=kadjar HTTP/1.1" 200 6041 "http://renault.activities.at/result?searchterm=true&search=kadjar" "Mozilla/5.0 (Windows NT 10.0; Win64; x64) AppleWebKit/537.36 (KHTML, like Gecko) Chrome/96.0.4664.45 Safari/537.36"
91.112.99.126 - - [24/Nov/2021:08:33:58 +0100] "GET /loadthumbnail.php?id=11031880&width=113 HTTP/1.1" 200 39263 "http://renault.activities.at/result?dir=DESC&mode=grid&order=name&limit=15&page=2&search=kadjar" "Mozilla/5.0 (Windows NT 10.0; Win64; x64) AppleWebKit/537.36 (KHTML, like Gecko) Chrome/96.0.4664.45 Safari/537.36"
91.112.99.126 - - [24/Nov/2021:08:34:15 +0100] "GET /result?dir=DESC&mode=grid&order=name&limit=15&page=1&search=kadjar HTTP/1.1" 200 8542 "http://renault.activities.at/result?dir=DESC&mode=grid&order=name&limit=15&page=2&search=kadjar" "Mozilla/5.0 (Windows NT 10.0; Win64; x64) AppleWebKit/537.36 (KHTML, like Gecko) Chrome/96.0.4664.45 Safari/537.36"
138.21.12.27 - - [24/Nov/2021:08:34:20 +0100] "GET /reload?ser=1637739260020 HTTP/1.1" 200 28 "http://renault.2web.at/account" "Mozilla/5.0 (Windows NT 10.0; Win64; x64) AppleWebKit/537.36 (KHTML, like Gecko) Chrome/96.0.4664.45 Safari/537.36"
80.123.225.38 - - [24/Nov/2021:08:34:29 +0100] "GET / HTTP/1.1" 200 3086 "-" "Mozilla/5.0 (Windows NT 10.0; Win64; x64; rv:94.0) Gecko/20100101 Firefox/94.0"
80.123.225.38 - - [24/Nov/2021:08:34:30 +0100] "GET /js/flashdetection.js HTTP/1.1" 200 1059 "http://renault.activities.at/" "Mozilla/5.0 (Windows NT 10.0; Win64; x64; rv:94.0) Gecko/20100101 Firefox/94.0"
80.123.225.38 - - [24/Nov/2021:08:34:30 +0100] "GET /css/reset.css HTTP/1.1" 200 1356 "http://renault.activities.at/" "Mozilla/5.0 (Windows NT 10.0; Win64; x64; rv:94.0) Gecko/20100101 Firefox/94.0"
80.123.225.38 - - [24/Nov/2021:08:34:30 +0100] "GET /css/clears.css HTTP/1.1" 200 851 "http://renault.activities.at/" "Mozilla/5.0 (Windows NT 10.0; Win64; x64; rv:94.0) Gecko/20100101 Firefox/94.0"
80.123.225.38 - - [24/Nov/2021:08:34:30 +0100] "GET /js/checkout.css HTTP/1.1" 200 359 "http://renault.activities.at/" "Mozilla/5.0 (Windows NT 10.0; Win64; x64; rv:94.0) Gecko/20100101 Firefox/94.0"
80.123.225.38 - - [24/Nov/2021:08:34:30 +0100] "GET /css/prototip.css HTTP/1.1" 200 968 "http://renault.activities.at/" "Mozilla/5.0 (Windows NT 10.0; Win64; x64; rv:94.0) Gecko/20100101 Firefox/94.0"
80.123.225.38 - - [24/Nov/2021:08:34:30 +0100] "GET /css/styles.css HTTP/1.1" 200 14664 "http://renault.activities.at/" "Mozilla/5.0 (Windows NT 10.0; Win64; x64; rv:94.0) Gecko/20100101 Firefox/94.0"
80.123.225.38 - - [24/Nov/2021:08:34:30 +0100] "GET /css/themes/default.css HTTP/1.1" 200 769 "http://renault.activities.at/" "Mozilla/5.0 (Windows NT 10.0; Win64; x64; rv:94.0) Gecko/20100101 Firefox/94.0"
80.123.225.38 - - [24/Nov/2021:08:34:30 +0100] "GET /css/themes/alphacube.css HTTP/1.1" 200 743 "http://renault.activities.at/" "Mozilla/5.0 (Windows NT 10.0; Win64; x64; rv:94.0) Gecko/20100101 Firefox/94.0"
80.123.225.38 - - [24/Nov/2021:08:34:30 +0100] "GET /images/main_block_border.gif HTTP/1.1" 200 43 "http://renault.activities.at/css/styles.css" "Mozilla/5.0 (Windows NT 10.0; Win64; x64; rv:94.0) Gecko/20100101 Firefox/94.0"
80.123.225.38 - - [24/Nov/2021:08:34:30 +0100] "GET /images/main_block_corner_left_bot.gif HTTP/1.1" 200 159 "http://renault.activities.at/css/styles.css" "Mozilla/5.0 (Windows NT 10.0; Win64; x64; rv:94.0) Gecko/20100101 Firefox/94.0"
80.123.225.38 - - [24/Nov/2021:08:34:30 +0100] "GET /images/main_block_corner_right_bot.gif HTTP/1.1" 200 158 "http://renault.activities.at/css/styles.css" "Mozilla/5.0 (Windows NT 10.0; Win64; x64; rv:94.0) Gecko/20100101 Firefox/94.0"
80.123.225.38 - - [24/Nov/2021:08:34:30 +0100] "GET /images/header_block_border.gif HTTP/1.1" 200 43 "http://renault.activities.at/css/styles.css" "Mozilla/5.0 (Windows NT 10.0; Win64; x64; rv:94.0) Gecko/20100101 Firefox/94.0"
80.123.225.38 - - [24/Nov/2021:08:34:30 +0100] "GET /images/header_block_corner_left_top.gif HTTP/1.1" 200 160 "http://renault.activities.at/css/styles.css" "Mozilla/5.0 (Windows NT 10.0; Win64; x64; rv:94.0) Gecko/20100101 Firefox/94.0"
80.123.225.38 - - [24/Nov/2021:08:34:30 +0100] "GET /images/header_block_corner_right_top.gif HTTP/1.1" 200 160 "http://renault.activities.at/css/styles.css" "Mozilla/5.0 (Windows NT 10.0; Win64; x64; rv:94.0) Gecko/20100101 Firefox/94.0"
80.123.225.38 - - [24/Nov/2021:08:34:30 +0100] "GET /images/main_block_corner_left_top.gif HTTP/1.1" 200 159 "http://renault.activities.at/css/styles.css" "Mozilla/5.0 (Windows NT 10.0; Win64; x64; rv:94.0) Gecko/20100101 Firefox/94.0"
80.123.225.38 - - [24/Nov/2021:08:34:30 +0100] "GET /images/main_block_corner_right_top.gif HTTP/1.1" 200 159 "http://renault.activities.at/css/styles.css" "Mozilla/5.0 (Windows NT 10.0; Win64; x64; rv:94.0) Gecko/20100101 Firefox/94.0"
80.123.225.38 - - [24/Nov/2021:08:34:30 +0100] "GET /images/title_border.jpg HTTP/1.1" 200 304 "http://renault.activities.at/css/styles.css" "Mozilla/5.0 (Windows NT 10.0; Win64; x64; rv:94.0) Gecko/20100101 Firefox/94.0"
80.123.225.38 - - [24/Nov/2021:08:34:30 +0100] "GET /images/title_border_top.jpg HTTP/1.1" 200 336 "http://renault.activities.at/css/styles.css" "Mozilla/5.0 (Windows NT 10.0; Win64; x64; rv:94.0) Gecko/20100101 Firefox/94.0"
80.123.225.38 - - [24/Nov/2021:08:34:30 +0100] "GET /images/title_corner_left_top.jpg HTTP/1.1" 200 372 "http://renault.activities.at/css/styles.css" "Mozilla/5.0 (Windows NT 10.0; Win64; x64; rv:94.0) Gecko/20100101 Firefox/94.0"
80.123.225.38 - - [24/Nov/2021:08:34:30 +0100] "GET /images/title_corner_right_top.jpg HTTP/1.1" 200 389 "http://renault.activities.at/css/styles.css" "Mozilla/5.0 (Windows NT 10.0; Win64; x64; rv:94.0) Gecko/20100101 Firefox/94.0"
80.123.225.38 - - [24/Nov/2021:08:34:30 +0100] "GET /loadthumbnail.php?id=11127982 HTTP/1.1" 200 399614 "http://renault.activities.at/" "Mozilla/5.0 (Windows NT 10.0; Win64; x64; rv:94.0) Gecko/20100101 Firefox/94.0"
80.123.225.38 - - [24/Nov/2021:08:34:34 +0100] "GET /login HTTP/1.1" 200 2085 "http://renault.activities.at/" "Mozilla/5.0 (Windows NT 10.0; Win64; x64; rv:94.0) Gecko/20100101 Firefox/94.0"
80.123.225.38 - - [24/Nov/2021:08:34:35 +0100] "GET /images/button_left_bg.gif HTTP/1.1" 200 564 "http://renault.activities.at/css/styles.css" "Mozilla/5.0 (Windows NT 10.0; Win64; x64; rv:94.0) Gecko/20100101 Firefox/94.0"
80.123.225.38 - - [24/Nov/2021:08:34:35 +0100] "GET /images/button_right_bg.gif HTTP/1.1" 200 561 "http://renault.activities.at/css/styles.css" "Mozilla/5.0 (Windows NT 10.0; Win64; x64; rv:94.0) Gecko/20100101 Firefox/94.0"
80.123.225.38 - - [24/Nov/2021:08:34:35 +0100] "GET /images/button_bg.gif HTTP/1.1" 200 151 "http://renault.activities.at/css/styles.css" "Mozilla/5.0 (Windows NT 10.0; Win64; x64; rv:94.0) Gecko/20100101 Firefox/94.0"
80.123.225.38 - - [24/Nov/2021:08:34:35 +0100] "GET /loadthumbnail.php?id=11127982 HTTP/1.1" 200 399614 "http://renault.activities.at/login" "Mozilla/5.0 (Windows NT 10.0; Win64; x64; rv:94.0) Gecko/20100101 Firefox/94.0"
80.123.225.38 - - [24/Nov/2021:08:34:41 +0100] "POST /login HTTP/1.1" 302 140 "http://renault.activities.at/login" "Mozilla/5.0 (Windows NT 10.0; Win64; x64; rv:94.0) Gecko/20100101 Firefox/94.0"
80.123.225.38 - - [24/Nov/2021:08:34:43 +0100] "GET /account HTTP/1.1" 200 7226 "http://renault.activities.at/login" "Mozilla/5.0 (Windows NT 10.0; Win64; x64; rv:94.0) Gecko/20100101 Firefox/94.0"
80.123.225.38 - - [24/Nov/2021:08:34:48 +0100] "GET /loadthumbnail.php?id=12329773&width=50&height=50 HTTP/1.1" 200 1347 "http://renault.activities.at/account" "Mozilla/5.0 (Windows NT 10.0; Win64; x64; rv:94.0) Gecko/20100101 Firefox/94.0"
80.123.225.38 - - [24/Nov/2021:08:34:48 +0100] "GET /loadthumbnail.php?id=12428347&width=50&height=50 HTTP/1.1" 200 1340 "http://renault.activities.at/account" "Mozilla/5.0 (Windows NT 10.0; Win64; x64; rv:94.0) Gecko/20100101 Firefox/94.0"
80.123.225.38 - - [24/Nov/2021:08:34:48 +0100] "GET /loadthumbnail.php?id=12329380&width=50&height=50 HTTP/1.1" 200 1352 "http://renault.activities.at/account" "Mozilla/5.0 (Windows NT 10.0; Win64; x64; rv:94.0) Gecko/20100101 Firefox/94.0"
80.123.225.38 - - [24/Nov/2021:08:34:48 +0100] "GET /loadthumbnail.php?id=12329777&width=50&height=50 HTTP/1.1" 200 1289 "http://renault.activities.at/account" "Mozilla/5.0 (Windows NT 10.0; Win64; x64; rv:94.0) Gecko/20100101 Firefox/94.0"
80.123.225.38 - - [24/Nov/2021:08:34:48 +0100] "GET /loadthumbnail.php?id=12428339&width=50&height=50 HTTP/1.1" 200 1323 "http://renault.activities.at/account" "Mozilla/5.0 (Windows NT 10.0; Win64; x64; rv:94.0) Gecko/20100101 Firefox/94.0"
80.123.225.38 - - [24/Nov/2021:08:34:48 +0100] "GET /loadthumbnail.php?id=12428343&width=50&height=50 HTTP/1.1" 200 1300 "http://renault.activities.at/account" "Mozilla/5.0 (Windows NT 10.0; Win64; x64; rv:94.0) Gecko/20100101 Firefox/94.0"
80.123.225.38 - - [24/Nov/2021:08:34:48 +0100] "GET /images/top_links_divider.gif HTTP/1.1" 200 44 "http://renault.activities.at/css/styles.css" "Mozilla/5.0 (Windows NT 10.0; Win64; x64; rv:94.0) Gecko/20100101 Firefox/94.0"
80.123.225.38 - - [24/Nov/2021:08:34:48 +0100] "GET /images/menu_button_bg.jpg HTTP/1.1" 200 322 "http://renault.activities.at/css/styles.css" "Mozilla/5.0 (Windows NT 10.0; Win64; x64; rv:94.0) Gecko/20100101 Firefox/94.0"
80.123.225.38 - - [24/Nov/2021:08:34:48 +0100] "GET /images/menu_divider.gif HTTP/1.1" 200 176 "http://renault.activities.at/css/styles.css" "Mozilla/5.0 (Windows NT 10.0; Win64; x64; rv:94.0) Gecko/20100101 Firefox/94.0"
80.123.225.38 - - [24/Nov/2021:08:34:48 +0100] "GET /images/search_bg.gif HTTP/1.1" 200 1726 "http://renault.activities.at/css/styles.css" "Mozilla/5.0 (Windows NT 10.0; Win64; x64; rv:94.0) Gecko/20100101 Firefox/94.0"
80.123.225.38 - - [24/Nov/2021:08:34:48 +0100] "GET /images/sidebar_title_border.gif HTTP/1.1" 200 43 "http://renault.activities.at/css/styles.css" "Mozilla/5.0 (Windows NT 10.0; Win64; x64; rv:94.0) Gecko/20100101 Firefox/94.0"
80.123.225.38 - - [24/Nov/2021:08:34:48 +0100] "GET /images/sidebar_title_border_top.gif HTTP/1.1" 200 155 "http://renault.activities.at/css/styles.css" "Mozilla/5.0 (Windows NT 10.0; Win64; x64; rv:94.0) Gecko/20100101 Firefox/94.0"
80.123.225.38 - - [24/Nov/2021:08:34:48 +0100] "GET /images/sidebar_title_corner_left_top.gif HTTP/1.1" 200 1124 "http://renault.activities.at/css/styles.css" "Mozilla/5.0 (Windows NT 10.0; Win64; x64; rv:94.0) Gecko/20100101 Firefox/94.0"
80.123.225.38 - - [24/Nov/2021:08:34:48 +0100] "GET /images/sidebar_title_corner_right_top.gif HTTP/1.1" 200 383 "http://renault.activities.at/css/styles.css" "Mozilla/5.0 (Windows NT 10.0; Win64; x64; rv:94.0) Gecko/20100101 Firefox/94.0"
80.123.225.38 - - [24/Nov/2021:08:34:48 +0100] "GET /loadthumbnail.php?id=12428351&width=50&height=50 HTTP/1.1" 200 1330 "http://renault.activities.at/account" "Mozilla/5.0 (Windows NT 10.0; Win64; x64; rv:94.0) Gecko/20100101 Firefox/94.0"
80.123.225.38 - - [24/Nov/2021:08:34:48 +0100] "GET /loadthumbnail.php?id=12329742&width=50&height=50 HTTP/1.1" 200 1294 "http://renault.activities.at/account" "Mozilla/5.0 (Windows NT 10.0; Win64; x64; rv:94.0) Gecko/20100101 Firefox/94.0"
80.123.225.38 - - [24/Nov/2021:08:34:48 +0100] "GET /loadthumbnail.php?id=12329758&width=50&height=50 HTTP/1.1" 200 1340 "http://renault.activities.at/account" "Mozilla/5.0 (Windows NT 10.0; Win64; x64; rv:94.0) Gecko/20100101 Firefox/94.0"
80.123.225.38 - - [24/Nov/2021:08:34:48 +0100] "GET /loadthumbnail.php?id=12329765&width=50&height=50 HTTP/1.1" 200 1337 "http://renault.activities.at/account" "Mozilla/5.0 (Windows NT 10.0; Win64; x64; rv:94.0) Gecko/20100101 Firefox/94.0"
80.123.225.38 - - [24/Nov/2021:08:34:48 +0100] "GET /loadthumbnail.php?id=12428324&width=50&height=50 HTTP/1.1" 200 1365 "http://renault.activities.at/account" "Mozilla/5.0 (Windows NT 10.0; Win64; x64; rv:94.0) Gecko/20100101 Firefox/94.0"
80.123.225.38 - - [24/Nov/2021:08:34:48 +0100] "GET /loadthumbnail.php?id=12428361&width=50&height=50 HTTP/1.1" 200 1390 "http://renault.activities.at/account" "Mozilla/5.0 (Windows NT 10.0; Win64; x64; rv:94.0) Gecko/20100101 Firefox/94.0"
80.123.225.38 - - [24/Nov/2021:08:34:48 +0100] "GET /loadthumbnail.php?id=12428314&width=50&height=50 HTTP/1.1" 200 1324 "http://renault.activities.at/account" "Mozilla/5.0 (Windows NT 10.0; Win64; x64; rv:94.0) Gecko/20100101 Firefox/94.0"
80.123.225.38 - - [24/Nov/2021:08:34:48 +0100] "GET /loadthumbnail.php?id=12428318&width=50&height=50 HTTP/1.1" 200 1343 "http://renault.activities.at/account" "Mozilla/5.0 (Windows NT 10.0; Win64; x64; rv:94.0) Gecko/20100101 Firefox/94.0"
80.123.225.38 - - [24/Nov/2021:08:34:48 +0100] "GET /loadthumbnail.php?id=12385967&width=50&height=50 HTTP/1.1" 200 1197 "http://renault.activities.at/account" "Mozilla/5.0 (Windows NT 10.0; Win64; x64; rv:94.0) Gecko/20100101 Firefox/94.0"
80.123.225.38 - - [24/Nov/2021:08:34:48 +0100] "GET /loadthumbnail.php?id=12385971&width=50&height=50 HTTP/1.1" 200 1272 "http://renault.activities.at/account" "Mozilla/5.0 (Windows NT 10.0; Win64; x64; rv:94.0) Gecko/20100101 Firefox/94.0"
80.123.225.38 - - [24/Nov/2021:08:34:48 +0100] "GET /loadthumbnail.php?id=11721290&width=50&height=50 HTTP/1.1" 200 705 "http://renault.activities.at/account" "Mozilla/5.0 (Windows NT 10.0; Win64; x64; rv:94.0) Gecko/20100101 Firefox/94.0"
80.123.225.38 - - [24/Nov/2021:08:34:48 +0100] "GET /loadthumbnail.php?id=12299988&width=50&height=50 HTTP/1.1" 200 1081 "http://renault.activities.at/account" "Mozilla/5.0 (Windows NT 10.0; Win64; x64; rv:94.0) Gecko/20100101 Firefox/94.0"
80.123.225.38 - - [24/Nov/2021:08:34:48 +0100] "GET /images/nav_divider.gif HTTP/1.1" 200 43 "http://renault.activities.at/css/styles.css" "Mozilla/5.0 (Windows NT 10.0; Win64; x64; rv:94.0) Gecko/20100101 Firefox/94.0"
80.123.225.38 - - [24/Nov/2021:08:34:48 +0100] "GET /images/footer_divider.gif HTTP/1.1" 200 44 "http://renault.activities.at/css/styles.css" "Mozilla/5.0 (Windows NT 10.0; Win64; x64; rv:94.0) Gecko/20100101 Firefox/94.0"
80.123.225.38 - - [24/Nov/2021:08:34:48 +0100] "GET /loadthumbnail.php?id=11108158&width=50&height=50 HTTP/1.1" 200 778 "http://renault.activities.at/account" "Mozilla/5.0 (Windows NT 10.0; Win64; x64; rv:94.0) Gecko/20100101 Firefox/94.0"
80.123.225.38 - - [24/Nov/2021:08:34:48 +0100] "GET /loadthumbnail.php?id=12388134&width=50&height=50 HTTP/1.1" 200 905 "http://renault.activities.at/account" "Mozilla/5.0 (Windows NT 10.0; Win64; x64; rv:94.0) Gecko/20100101 Firefox/94.0"
80.123.225.38 - - [24/Nov/2021:08:34:48 +0100] "GET /loadthumbnail.php?id=12388135&width=50&height=50 HTTP/1.1" 200 837 "http://renault.activities.at/account" "Mozilla/5.0 (Windows NT 10.0; Win64; x64; rv:94.0) Gecko/20100101 Firefox/94.0"
80.123.225.38 - - [24/Nov/2021:08:34:48 +0100] "GET /loadthumbnail.php?id=12421770&width=50&height=50 HTTP/1.1" 200 1319 "http://renault.activities.at/account" "Mozilla/5.0 (Windows NT 10.0; Win64; x64; rv:94.0) Gecko/20100101 Firefox/94.0"
80.123.225.38 - - [24/Nov/2021:08:34:48 +0100] "GET /loadthumbnail.php?id=12478737&width=50&height=50 HTTP/1.1" 200 1262 "http://renault.activities.at/account" "Mozilla/5.0 (Windows NT 10.0; Win64; x64; rv:94.0) Gecko/20100101 Firefox/94.0"
80.123.225.38 - - [24/Nov/2021:08:34:48 +0100] "GET /loadthumbnail.php?id=11127982 HTTP/1.1" 200 399614 "http://renault.activities.at/account" "Mozilla/5.0 (Windows NT 10.0; Win64; x64; rv:94.0) Gecko/20100101 Firefox/94.0"
80.123.225.38 - - [24/Nov/2021:08:34:58 +0100] "POST /axjaxrequest?mode=suggest HTTP/1.1" 200 278 "http://renault.activities.at/account" "Mozilla/5.0 (Windows NT 10.0; Win64; x64; rv:94.0) Gecko/20100101 Firefox/94.0"
80.123.225.38 - - [24/Nov/2021:08:34:59 +0100] "POST /axjaxrequest?mode=suggest HTTP/1.1" 200 207 "http://renault.activities.at/account" "Mozilla/5.0 (Windows NT 10.0; Win64; x64; rv:94.0) Gecko/20100101 Firefox/94.0"
80.123.225.38 - - [24/Nov/2021:08:34:59 +0100] "POST /axjaxrequest?mode=suggest HTTP/1.1" 200 207 "http://renault.activities.at/account" "Mozilla/5.0 (Windows NT 10.0; Win64; x64; rv:94.0) Gecko/20100101 Firefox/94.0"
80.123.225.38 - - [24/Nov/2021:08:35:04 +0100] "GET /result?searchterm=true&search=Preisst%E4nder HTTP/1.1" 200 7128 "http://renault.activities.at/account" "Mozilla/5.0 (Windows NT 10.0; Win64; x64; rv:94.0) Gecko/20100101 Firefox/94.0"
80.123.225.38 - - [24/Nov/2021:08:35:06 +0100] "GET /images/loading.gif HTTP/1.1" 200 3208 "http://renault.activities.at/result?searchterm=true&search=Preisst%E4nder" "Mozilla/5.0 (Windows NT 10.0; Win64; x64; rv:94.0) Gecko/20100101 Firefox/94.0"
80.123.225.38 - - [24/Nov/2021:08:35:06 +0100] "GET /loadthumbnail.php?id=12329773&width=50&height=50 HTTP/1.1" 200 1347 "http://renault.activities.at/result?searchterm=true&search=Preisst%E4nder" "Mozilla/5.0 (Windows NT 10.0; Win64; x64; rv:94.0) Gecko/20100101 Firefox/94.0"
80.123.225.38 - - [24/Nov/2021:08:35:06 +0100] "GET /loadthumbnail.php?id=12329380&width=50&height=50 HTTP/1.1" 200 1352 "http://renault.activities.at/result?searchterm=true&search=Preisst%E4nder" "Mozilla/5.0 (Windows NT 10.0; Win64; x64; rv:94.0) Gecko/20100101 Firefox/94.0"
80.123.225.38 - - [24/Nov/2021:08:35:06 +0100] "GET /loadthumbnail.php?id=12428347&width=50&height=50 HTTP/1.1" 200 1340 "http://renault.activities.at/result?searchterm=true&search=Preisst%E4nder" "Mozilla/5.0 (Windows NT 10.0; Win64; x64; rv:94.0) Gecko/20100101 Firefox/94.0"
80.123.225.38 - - [24/Nov/2021:08:35:06 +0100] "GET /loadthumbnail.php?id=12428339&width=50&height=50 HTTP/1.1" 200 1323 "http://renault.activities.at/result?searchterm=true&search=Preisst%E4nder" "Mozilla/5.0 (Windows NT 10.0; Win64; x64; rv:94.0) Gecko/20100101 Firefox/94.0"
80.123.225.38 - - [24/Nov/2021:08:35:06 +0100] "GET /loadthumbnail.php?id=10203255 HTTP/1.1" 200 137 "http://renault.activities.at/result?searchterm=true&search=Preisst%E4nder" "Mozilla/5.0 (Windows NT 10.0; Win64; x64; rv:94.0) Gecko/20100101 Firefox/94.0"
80.123.225.38 - - [24/Nov/2021:08:35:06 +0100] "GET /loadthumbnail.php?id=10746885&width=113 HTTP/1.1" 200 3633 "http://renault.activities.at/result?searchterm=true&search=Preisst%E4nder" "Mozilla/5.0 (Windows NT 10.0; Win64; x64; rv:94.0) Gecko/20100101 Firefox/94.0"
80.123.225.38 - - [24/Nov/2021:08:35:06 +0100] "GET /images/pager_bg.gif HTTP/1.1" 200 150 "http://renault.activities.at/css/styles.css" "Mozilla/5.0 (Windows NT 10.0; Win64; x64; rv:94.0) Gecko/20100101 Firefox/94.0"
80.123.225.38 - - [24/Nov/2021:08:35:06 +0100] "GET /images/vista-up.gif HTTP/1.1" 200 131 "http://renault.activities.at/css/styles.css" "Mozilla/5.0 (Windows NT 10.0; Win64; x64; rv:94.0) Gecko/20100101 Firefox/94.0"
80.123.225.38 - - [24/Nov/2021:08:35:06 +0100] "GET /images/vista-dn.gif HTTP/1.1" 200 128 "http://renault.activities.at/css/styles.css" "Mozilla/5.0 (Windows NT 10.0; Win64; x64; rv:94.0) Gecko/20100101 Firefox/94.0"
80.123.225.38 - - [24/Nov/2021:08:35:06 +0100] "GET /loadthumbnail.php?id=12329777&width=50&height=50 HTTP/1.1" 200 1289 "http://renault.activities.at/result?searchterm=true&search=Preisst%E4nder" "Mozilla/5.0 (Windows NT 10.0; Win64; x64; rv:94.0) Gecko/20100101 Firefox/94.0"
80.123.225.38 - - [24/Nov/2021:08:35:06 +0100] "GET /loadthumbnail.php?id=12428343&width=50&height=50 HTTP/1.1" 200 1300 "http://renault.activities.at/result?searchterm=true&search=Preisst%E4nder" "Mozilla/5.0 (Windows NT 10.0; Win64; x64; rv:94.0) Gecko/20100101 Firefox/94.0"
80.123.225.38 - - [24/Nov/2021:08:35:06 +0100] "GET /loadthumbnail.php?id=12428351&width=50&height=50 HTTP/1.1" 200 1330 "http://renault.activities.at/result?searchterm=true&search=Preisst%E4nder" "Mozilla/5.0 (Windows NT 10.0; Win64; x64; rv:94.0) Gecko/20100101 Firefox/94.0"
80.123.225.38 - - [24/Nov/2021:08:35:06 +0100] "GET /loadthumbnail.php?id=12329742&width=50&height=50 HTTP/1.1" 200 1294 "http://renault.activities.at/result?searchterm=true&search=Preisst%E4nder" "Mozilla/5.0 (Windows NT 10.0; Win64; x64; rv:94.0) Gecko/20100101 Firefox/94.0"
80.123.225.38 - - [24/Nov/2021:08:35:06 +0100] "GET /loadthumbnail.php?id=12329765&width=50&height=50 HTTP/1.1" 200 1337 "http://renault.activities.at/result?searchterm=true&search=Preisst%E4nder" "Mozilla/5.0 (Windows NT 10.0; Win64; x64; rv:94.0) Gecko/20100101 Firefox/94.0"
80.123.225.38 - - [24/Nov/2021:08:35:06 +0100] "GET /loadthumbnail.php?id=12329758&width=50&height=50 HTTP/1.1" 200 1340 "http://renault.activities.at/result?searchterm=true&search=Preisst%E4nder" "Mozilla/5.0 (Windows NT 10.0; Win64; x64; rv:94.0) Gecko/20100101 Firefox/94.0"
80.123.225.38 - - [24/Nov/2021:08:35:06 +0100] "GET /loadthumbnail.php?id=12428361&width=50&height=50 HTTP/1.1" 200 1390 "http://renault.activities.at/result?searchterm=true&search=Preisst%E4nder" "Mozilla/5.0 (Windows NT 10.0; Win64; x64; rv:94.0) Gecko/20100101 Firefox/94.0"
80.123.225.38 - - [24/Nov/2021:08:35:06 +0100] "GET /loadthumbnail.php?id=12428324&width=50&height=50 HTTP/1.1" 200 1365 "http://renault.activities.at/result?searchterm=true&search=Preisst%E4nder" "Mozilla/5.0 (Windows NT 10.0; Win64; x64; rv:94.0) Gecko/20100101 Firefox/94.0"
80.123.225.38 - - [24/Nov/2021:08:35:06 +0100] "GET /loadthumbnail.php?id=12428318&width=50&height=50 HTTP/1.1" 200 1343 "http://renault.activities.at/result?searchterm=true&search=Preisst%E4nder" "Mozilla/5.0 (Windows NT 10.0; Win64; x64; rv:94.0) Gecko/20100101 Firefox/94.0"
80.123.225.38 - - [24/Nov/2021:08:35:06 +0100] "GET /loadthumbnail.php?id=12385967&width=50&height=50 HTTP/1.1" 200 1197 "http://renault.activities.at/result?searchterm=true&search=Preisst%E4nder" "Mozilla/5.0 (Windows NT 10.0; Win64; x64; rv:94.0) Gecko/20100101 Firefox/94.0"
80.123.225.38 - - [24/Nov/2021:08:35:06 +0100] "GET /loadthumbnail.php?id=12428314&width=50&height=50 HTTP/1.1" 200 1324 "http://renault.activities.at/result?searchterm=true&search=Preisst%E4nder" "Mozilla/5.0 (Windows NT 10.0; Win64; x64; rv:94.0) Gecko/20100101 Firefox/94.0"
80.123.225.38 - - [24/Nov/2021:08:35:06 +0100] "GET /loadthumbnail.php?id=12385971&width=50&height=50 HTTP/1.1" 200 1272 "http://renault.activities.at/result?searchterm=true&search=Preisst%E4nder" "Mozilla/5.0 (Windows NT 10.0; Win64; x64; rv:94.0) Gecko/20100101 Firefox/94.0"
80.123.225.38 - - [24/Nov/2021:08:35:07 +0100] "GET /loadthumbnail.php?id=11721290&width=50&height=50 HTTP/1.1" 200 705 "http://renault.activities.at/result?searchterm=true&search=Preisst%E4nder" "Mozilla/5.0 (Windows NT 10.0; Win64; x64; rv:94.0) Gecko/20100101 Firefox/94.0"
80.123.225.38 - - [24/Nov/2021:08:35:07 +0100] "GET /loadthumbnail.php?id=12299988&width=50&height=50 HTTP/1.1" 200 1081 "http://renault.activities.at/result?searchterm=true&search=Preisst%E4nder" "Mozilla/5.0 (Windows NT 10.0; Win64; x64; rv:94.0) Gecko/20100101 Firefox/94.0"
80.123.225.38 - - [24/Nov/2021:08:35:07 +0100] "GET /loadthumbnail.php?id=11108158&width=50&height=50 HTTP/1.1" 200 778 "http://renault.activities.at/result?searchterm=true&search=Preisst%E4nder" "Mozilla/5.0 (Windows NT 10.0; Win64; x64; rv:94.0) Gecko/20100101 Firefox/94.0"
80.123.225.38 - - [24/Nov/2021:08:35:07 +0100] "GET /loadthumbnail.php?id=12388134&width=50&height=50 HTTP/1.1" 200 905 "http://renault.activities.at/result?searchterm=true&search=Preisst%E4nder" "Mozilla/5.0 (Windows NT 10.0; Win64; x64; rv:94.0) Gecko/20100101 Firefox/94.0"
80.123.225.38 - - [24/Nov/2021:08:35:07 +0100] "GET /loadthumbnail.php?id=12388135&width=50&height=50 HTTP/1.1" 200 837 "http://renault.activities.at/result?searchterm=true&search=Preisst%E4nder" "Mozilla/5.0 (Windows NT 10.0; Win64; x64; rv:94.0) Gecko/20100101 Firefox/94.0"
80.123.225.38 - - [24/Nov/2021:08:35:07 +0100] "GET /loadthumbnail.php?id=12478737&width=50&height=50 HTTP/1.1" 200 1262 "http://renault.activities.at/result?searchterm=true&search=Preisst%E4nder" "Mozilla/5.0 (Windows NT 10.0; Win64; x64; rv:94.0) Gecko/20100101 Firefox/94.0"
80.123.225.38 - - [24/Nov/2021:08:35:07 +0100] "GET /loadthumbnail.php?id=12421770&width=50&height=50 HTTP/1.1" 200 1319 "http://renault.activities.at/result?searchterm=true&search=Preisst%E4nder" "Mozilla/5.0 (Windows NT 10.0; Win64; x64; rv:94.0) Gecko/20100101 Firefox/94.0"
80.123.225.38 - - [24/Nov/2021:08:35:07 +0100] "GET /loadthumbnail.php?id=11127982 HTTP/1.1" 200 399614 "http://renault.activities.at/result?searchterm=true&search=Preisst%E4nder" "Mozilla/5.0 (Windows NT 10.0; Win64; x64; rv:94.0) Gecko/20100101 Firefox/94.0"
91.112.99.126 - - [24/Nov/2021:08:35:18 +0100] "GET /reload?ser=1637739318541 HTTP/1.1" 200 28 "http://renault.activities.at/result?dir=DESC&mode=grid&order=name&limit=15&page=1&search=kadjar" "Mozilla/5.0 (Windows NT 10.0; Win64; x64) AppleWebKit/537.36 (KHTML, like Gecko) Chrome/96.0.4664.45 Safari/537.36"
138.21.12.27 - - [24/Nov/2021:08:35:22 +0100] "GET /reload?ser=1637739322020 HTTP/1.1" 200 28 "http://renault.2web.at/account" "Mozilla/5.0 (Windows NT 10.0; Win64; x64) AppleWebKit/537.36 (KHTML, like Gecko) Chrome/96.0.4664.45 Safari/537.36"
80.123.225.38 - - [24/Nov/2021:08:35:27 +0100] "GET /css/themes/alphacube/top_mid.gif HTTP/1.1" 200 833 "http://renault.activities.at/css/themes/alphacube.css" "Mozilla/5.0 (Windows NT 10.0; Win64; x64; rv:94.0) Gecko/20100101 Firefox/94.0"
80.123.225.38 - - [24/Nov/2021:08:35:27 +0100] "GET /css/themes/alphacube/bottom_middle.gif HTTP/1.1" 200 44 "http://renault.activities.at/css/themes/alphacube.css" "Mozilla/5.0 (Windows NT 10.0; Win64; x64; rv:94.0) Gecko/20100101 Firefox/94.0"
80.123.225.38 - - [24/Nov/2021:08:35:27 +0100] "GET /css/themes/alphacube/frame_right.gif HTTP/1.1" 200 64 "http://renault.activities.at/css/themes/alphacube.css" "Mozilla/5.0 (Windows NT 10.0; Win64; x64; rv:94.0) Gecko/20100101 Firefox/94.0"
80.123.225.38 - - [24/Nov/2021:08:35:27 +0100] "GET /css/themes/alphacube/frame_left.gif HTTP/1.1" 200 64 "http://renault.activities.at/css/themes/alphacube.css" "Mozilla/5.0 (Windows NT 10.0; Win64; x64; rv:94.0) Gecko/20100101 Firefox/94.0"
80.123.225.38 - - [24/Nov/2021:08:35:27 +0100] "GET /css/themes/alphacube/button-close-focus.gif HTTP/1.1" 200 699 "http://renault.activities.at/css/themes/alphacube.css" "Mozilla/5.0 (Windows NT 10.0; Win64; x64; rv:94.0) Gecko/20100101 Firefox/94.0"
80.123.225.38 - - [24/Nov/2021:08:35:27 +0100] "GET /css/themes/alphacube/bottom_left-c.gif HTTP/1.1" 200 62 "http://renault.activities.at/css/themes/alphacube.css" "Mozilla/5.0 (Windows NT 10.0; Win64; x64; rv:94.0) Gecko/20100101 Firefox/94.0"
80.123.225.38 - - [24/Nov/2021:08:35:27 +0100] "GET /css/themes/alphacube/bottom_right-c.gif HTTP/1.1" 200 62 "http://renault.activities.at/css/themes/alphacube.css" "Mozilla/5.0 (Windows NT 10.0; Win64; x64; rv:94.0) Gecko/20100101 Firefox/94.0"
80.123.225.38 - - [24/Nov/2021:08:35:27 +0100] "GET /css/themes/alphacube/top_left.gif HTTP/1.1" 200 973 "http://renault.activities.at/css/themes/alphacube.css" "Mozilla/5.0 (Windows NT 10.0; Win64; x64; rv:94.0) Gecko/20100101 Firefox/94.0"
80.123.225.38 - - [24/Nov/2021:08:35:27 +0100] "GET /css/themes/alphacube/top_right.gif HTTP/1.1" 200 972 "http://renault.activities.at/css/themes/alphacube.css" "Mozilla/5.0 (Windows NT 10.0; Win64; x64; rv:94.0) Gecko/20100101 Firefox/94.0"
80.123.225.38 - - [24/Nov/2021:08:35:27 +0100] "GET /10746881?print=true HTTP/1.1" 200 2652 "http://renault.activities.at/result?searchterm=true&search=Preisst%E4nder" "Mozilla/5.0 (Windows NT 10.0; Win64; x64; rv:94.0) Gecko/20100101 Firefox/94.0"
80.123.225.38 - - [24/Nov/2021:08:35:31 +0100] "GET /js/magiczoom/magiczoom.css HTTP/1.1" 200 1210 "http://renault.activities.at/10746881?print=true" "Mozilla/5.0 (Windows NT 10.0; Win64; x64; rv:94.0) Gecko/20100101 Firefox/94.0"
80.123.225.38 - - [24/Nov/2021:08:35:31 +0100] "GET /js/Produkt.js HTTP/1.1" 200 852 "http://renault.activities.at/10746881?print=true" "Mozilla/5.0 (Windows NT 10.0; Win64; x64; rv:94.0) Gecko/20100101 Firefox/94.0"
80.123.225.38 - - [24/Nov/2021:08:35:31 +0100] "GET /js/magiczoom/magiczoom.js HTTP/1.1" 304 - "http://renault.activities.at/10746881?print=true" "Mozilla/5.0 (Windows NT 10.0; Win64; x64; rv:94.0) Gecko/20100101 Firefox/94.0"
80.123.225.38 - - [24/Nov/2021:08:35:31 +0100] "GET /loadthumbnail.php?id=10746885&width=250 HTTP/1.1" 200 10134 "http://renault.activities.at/10746881?print=true" "Mozilla/5.0 (Windows NT 10.0; Win64; x64; rv:94.0) Gecko/20100101 Firefox/94.0"
80.123.225.38 - - [24/Nov/2021:08:35:31 +0100] "GET /loadthumbnail.php?id=10746885&width=250 HTTP/1.1" 200 10134 "http://renault.activities.at/10746881?print=true" "Mozilla/5.0 (Windows NT 10.0; Win64; x64; rv:94.0) Gecko/20100101 Firefox/94.0"
80.123.225.38 - - [24/Nov/2021:08:35:31 +0100] "GET /loadthumbnail.php?id=10746885&width=900&height=900 HTTP/1.1" 200 41596 "http://renault.activities.at/10746881?print=true" "Mozilla/5.0 (Windows NT 10.0; Win64; x64; rv:94.0) Gecko/20100101 Firefox/94.0"
80.123.225.38 - - [24/Nov/2021:08:35:31 +0100] "GET /js/magiczoom/graphics/hint.gif HTTP/1.1" 200 73 "http://renault.activities.at/js/magiczoom/magiczoom.css" "Mozilla/5.0 (Windows NT 10.0; Win64; x64; rv:94.0) Gecko/20100101 Firefox/94.0"
80.123.225.38 - - [24/Nov/2021:08:36:07 +0100] "GET /reload?ser=1637739280749 HTTP/1.1" 200 28 "http://renault.activities.at/result?searchterm=true&search=Preisst%E4nder" "Mozilla/5.0 (Windows NT 10.0; Win64; x64; rv:94.0) Gecko/20100101 Firefox/94.0"
91.112.99.126 - - [24/Nov/2021:08:36:19 +0100] "GET /reload?ser=1637739379545 HTTP/1.1" 200 28 "http://renault.activities.at/result?dir=DESC&mode=grid&order=name&limit=15&page=1&search=kadjar" "Mozilla/5.0 (Windows NT 10.0; Win64; x64) AppleWebKit/537.36 (KHTML, like Gecko) Chrome/96.0.4664.45 Safari/537.36"
138.21.12.27 - - [24/Nov/2021:08:36:24 +0100] "GET /reload?ser=1637739384021 HTTP/1.1" 200 28 "http://renault.2web.at/account" "Mozilla/5.0 (Windows NT 10.0; Win64; x64) AppleWebKit/537.36 (KHTML, like Gecko) Chrome/96.0.4664.45 Safari/537.36"
80.123.225.38 - - [24/Nov/2021:08:36:43 +0100] "POST /10746881?print=true HTTP/1.1" 200 2762 "http://renault.activities.at/10746881?print=true" "Mozilla/5.0 (Windows NT 10.0; Win64; x64; rv:94.0) Gecko/20100101 Firefox/94.0"
80.123.225.38 - - [24/Nov/2021:08:36:46 +0100] "GET /images/success_msg_icon.gif HTTP/1.1" 200 1024 "http://renault.activities.at/css/styles.css" "Mozilla/5.0 (Windows NT 10.0; Win64; x64; rv:94.0) Gecko/20100101 Firefox/94.0"
80.123.225.38 - - [24/Nov/2021:08:36:46 +0100] "GET /loadthumbnail.php?id=10746885&width=250 HTTP/1.1" 200 10134 "http://renault.activities.at/10746881?print=true" "Mozilla/5.0 (Windows NT 10.0; Win64; x64; rv:94.0) Gecko/20100101 Firefox/94.0"
80.123.225.38 - - [24/Nov/2021:08:36:46 +0100] "GET /loadthumbnail.php?id=10746885&width=900&height=900 HTTP/1.1" 200 41596 "http://renault.activities.at/10746881?print=true" "Mozilla/5.0 (Windows NT 10.0; Win64; x64; rv:94.0) Gecko/20100101 Firefox/94.0"
80.123.225.38 - - [24/Nov/2021:08:37:03 +0100] "POST /axjaxrequest?mode=suggest HTTP/1.1" 200 21 "http://renault.activities.at/result?searchterm=true&search=Preisst%E4nder" "Mozilla/5.0 (Windows NT 10.0; Win64; x64; rv:94.0) Gecko/20100101 Firefox/94.0"
80.123.225.38 - - [24/Nov/2021:08:37:04 +0100] "POST /axjaxrequest?mode=suggest HTTP/1.1" 200 21 "http://renault.activities.at/result?searchterm=true&search=Preisst%E4nder" "Mozilla/5.0 (Windows NT 10.0; Win64; x64; rv:94.0) Gecko/20100101 Firefox/94.0"
80.123.225.38 - - [24/Nov/2021:08:37:05 +0100] "POST /axjaxrequest?mode=suggest HTTP/1.1" 200 21 "http://renault.activities.at/result?searchterm=true&search=Preisst%E4nder" "Mozilla/5.0 (Windows NT 10.0; Win64; x64; rv:94.0) Gecko/20100101 Firefox/94.0"
80.123.225.38 - - [24/Nov/2021:08:37:06 +0100] "POST /axjaxrequest?mode=suggest HTTP/1.1" 200 21 "http://renault.activities.at/result?searchterm=true&search=Preisst%E4nder" "Mozilla/5.0 (Windows NT 10.0; Win64; x64; rv:94.0) Gecko/20100101 Firefox/94.0"
80.123.225.38 - - [24/Nov/2021:08:37:08 +0100] "GET /reload?ser=1637739341736 HTTP/1.1" 200 28 "http://renault.activities.at/result?searchterm=true&search=Preisst%E4nder" "Mozilla/5.0 (Windows NT 10.0; Win64; x64; rv:94.0) Gecko/20100101 Firefox/94.0"
91.112.99.126 - - [24/Nov/2021:08:37:20 +0100] "GET /reload?ser=1637739440537 HTTP/1.1" 200 28 "http://renault.activities.at/result?dir=DESC&mode=grid&order=name&limit=15&page=1&search=kadjar" "Mozilla/5.0 (Windows NT 10.0; Win64; x64) AppleWebKit/537.36 (KHTML, like Gecko) Chrome/96.0.4664.45 Safari/537.36"
138.21.12.27 - - [24/Nov/2021:08:37:26 +0100] "GET /reload?ser=1637739446022 HTTP/1.1" 200 28 "http://renault.2web.at/account" "Mozilla/5.0 (Windows NT 10.0; Win64; x64) AppleWebKit/537.36 (KHTML, like Gecko) Chrome/96.0.4664.45 Safari/537.36"
80.123.225.38 - - [24/Nov/2021:08:37:54 +0100] "GET /10260003 HTTP/1.1" 200 10369 "http://renault.activities.at/result?searchterm=true&search=Preisst%E4nder" "Mozilla/5.0 (Windows NT 10.0; Win64; x64; rv:94.0) Gecko/20100101 Firefox/94.0"
80.123.225.38 - - [24/Nov/2021:08:37:59 +0100] "GET /loadthumbnail.php?id=10203276 HTTP/1.1" 200 75 "http://renault.activities.at/10260003" "Mozilla/5.0 (Windows NT 10.0; Win64; x64; rv:94.0) Gecko/20100101 Firefox/94.0"
80.123.225.38 - - [24/Nov/2021:08:37:59 +0100] "GET /loadthumbnail.php?id=12455610&width=113 HTTP/1.1" 200 2069 "http://renault.activities.at/10260003" "Mozilla/5.0 (Windows NT 10.0; Win64; x64; rv:94.0) Gecko/20100101 Firefox/94.0"
80.123.225.38 - - [24/Nov/2021:08:37:59 +0100] "GET /loadthumbnail.php?id=12455615&width=113 HTTP/1.1" 200 1974 "http://renault.activities.at/10260003" "Mozilla/5.0 (Windows NT 10.0; Win64; x64; rv:94.0) Gecko/20100101 Firefox/94.0"
80.123.225.38 - - [24/Nov/2021:08:37:59 +0100] "GET /images/sub_title_bg.jpg HTTP/1.1" 200 314 "http://renault.activities.at/css/styles.css" "Mozilla/5.0 (Windows NT 10.0; Win64; x64; rv:94.0) Gecko/20100101 Firefox/94.0"
80.123.225.38 - - [24/Nov/2021:08:37:59 +0100] "GET /loadthumbnail.php?id=12197903&width=113 HTTP/1.1" 200 30608 "http://renault.activities.at/10260003" "Mozilla/5.0 (Windows NT 10.0; Win64; x64; rv:94.0) Gecko/20100101 Firefox/94.0"
80.123.225.38 - - [24/Nov/2021:08:37:59 +0100] "GET /loadthumbnail.php?id=12455598&width=113 HTTP/1.1" 200 1998 "http://renault.activities.at/10260003" "Mozilla/5.0 (Windows NT 10.0; Win64; x64; rv:94.0) Gecko/20100101 Firefox/94.0"
80.123.225.38 - - [24/Nov/2021:08:37:59 +0100] "GET /loadthumbnail.php?id=12455594&width=113 HTTP/1.1" 200 1931 "http://renault.activities.at/10260003" "Mozilla/5.0 (Windows NT 10.0; Win64; x64; rv:94.0) Gecko/20100101 Firefox/94.0"
80.123.225.38 - - [24/Nov/2021:08:37:59 +0100] "GET /loadthumbnail.php?id=10203650&width=113 HTTP/1.1" 200 2741 "http://renault.activities.at/10260003" "Mozilla/5.0 (Windows NT 10.0; Win64; x64; rv:94.0) Gecko/20100101 Firefox/94.0"
80.123.225.38 - - [24/Nov/2021:08:37:59 +0100] "GET /loadthumbnail.php?id=11108158&width=113 HTTP/1.1" 200 1545 "http://renault.activities.at/10260003" "Mozilla/5.0 (Windows NT 10.0; Win64; x64; rv:94.0) Gecko/20100101 Firefox/94.0"
80.123.225.38 - - [24/Nov/2021:08:37:59 +0100] "GET /loadthumbnail.php?id=12294747&width=113 HTTP/1.1" 200 20271 "http://renault.activities.at/10260003" "Mozilla/5.0 (Windows NT 10.0; Win64; x64; rv:94.0) Gecko/20100101 Firefox/94.0"
