80.120.210.180 - - [24/Nov/2021:13:00:10 +0100] "GET /images/button_right_bg.gif HTTP/1.1" 200 561 "http://renault.activities.at/css/styles.css" "Mozilla/5.0 (Windows NT 10.0; Win64; x64) AppleWebKit/537.36 (KHTML, like Gecko) Chrome/96.0.4664.45 Safari/537.36"
80.120.210.180 - - [24/Nov/2021:13:00:10 +0100] "GET /images/button_bg.gif HTTP/1.1" 200 151 "http://renault.activities.at/css/styles.css" "Mozilla/5.0 (Windows NT 10.0; Win64; x64) AppleWebKit/537.36 (KHTML, like Gecko) Chrome/96.0.4664.45 Safari/537.36"
80.120.210.180 - - [24/Nov/2021:13:00:16 +0100] "POST /login HTTP/1.1" 302 140 "http://renault.activities.at/login" "Mozilla/5.0 (Windows NT 10.0; Win64; x64) AppleWebKit/537.36 (KHTML, like Gecko) Chrome/96.0.4664.45 Safari/537.36"
80.120.210.180 - - [24/Nov/2021:13:00:19 +0100] "GET /account HTTP/1.1" 200 6462 "http://renault.activities.at/login" "Mozilla/5.0 (Windows NT 10.0; Win64; x64) AppleWebKit/537.36 (KHTML, like Gecko) Chrome/96.0.4664.45 Safari/537.36"
80.120.210.180 - - [24/Nov/2021:13:00:23 +0100] "GET /js/account.js HTTP/1.1" 200 953 "http://renault.activities.at/account" "Mozilla/5.0 (Windows NT 10.0; Win64; x64) AppleWebKit/537.36 (KHTML, like Gecko) Chrome/96.0.4664.45 Safari/537.36"
178.115.34.174 - - [24/Nov/2021:13:00:22 +0100] "GET /orders HTTP/1.1" 200 5428 "http://renault.activities.at/account" "Mozilla/5.0 (Windows NT 10.0; Win64; x64) AppleWebKit/537.36 (KHTML, like Gecko) Chrome/96.0.4664.45 Safari/537.36 Edg/96.0.1054.29"
80.120.210.180 - - [24/Nov/2021:13:00:23 +0100] "GET /loadthumbnail.php?id=12446566&width=50&height=50 HTTP/1.1" 200 1179 "http://renault.activities.at/account" "Mozilla/5.0 (Windows NT 10.0; Win64; x64) AppleWebKit/537.36 (KHTML, like Gecko) Chrome/96.0.4664.45 Safari/537.36"
80.120.210.180 - - [24/Nov/2021:13:00:23 +0100] "GET /loadthumbnail.php?id=12421069&width=50&height=50 HTTP/1.1" 200 1233 "http://renault.activities.at/account" "Mozilla/5.0 (Windows NT 10.0; Win64; x64) AppleWebKit/537.36 (KHTML, like Gecko) Chrome/96.0.4664.45 Safari/537.36"
80.120.210.180 - - [24/Nov/2021:13:00:23 +0100] "GET /loadthumbnail.php?id=12414630&width=50&height=50 HTTP/1.1" 200 1259 "http://renault.activities.at/account" "Mozilla/5.0 (Windows NT 10.0; Win64; x64) AppleWebKit/537.36 (KHTML, like Gecko) Chrome/96.0.4664.45 Safari/537.36"
80.120.210.180 - - [24/Nov/2021:13:00:24 +0100] "GET /images/menu_divider.gif HTTP/1.1" 200 176 "http://renault.activities.at/css/styles.css" "Mozilla/5.0 (Windows NT 10.0; Win64; x64) AppleWebKit/537.36 (KHTML, like Gecko) Chrome/96.0.4664.45 Safari/537.36"
80.120.210.180 - - [24/Nov/2021:13:00:23 +0100] "GET /loadthumbnail.php?id=12414625&width=50&height=50 HTTP/1.1" 200 1303 "http://renault.activities.at/account" "Mozilla/5.0 (Windows NT 10.0; Win64; x64) AppleWebKit/537.36 (KHTML, like Gecko) Chrome/96.0.4664.45 Safari/537.36"
178.115.34.174 - - [24/Nov/2021:13:00:24 +0100] "GET /images/pager_bg.gif HTTP/1.1" 200 150 "http://renault.activities.at/css/styles.css" "Mozilla/5.0 (Windows NT 10.0; Win64; x64) AppleWebKit/537.36 (KHTML, like Gecko) Chrome/96.0.4664.45 Safari/537.36 Edg/96.0.1054.29"
80.120.210.180 - - [24/Nov/2021:13:00:23 +0100] "GET /loadthumbnail.php?id=12176983&width=50&height=50 HTTP/1.1" 200 1146 "http://renault.activities.at/account" "Mozilla/5.0 (Windows NT 10.0; Win64; x64) AppleWebKit/537.36 (KHTML, like Gecko) Chrome/96.0.4664.45 Safari/537.36"
80.120.210.180 - - [24/Nov/2021:13:00:23 +0100] "GET /loadthumbnail.php?id=12414626&width=50&height=50 HTTP/1.1" 200 1256 "http://renault.activities.at/account" "Mozilla/5.0 (Windows NT 10.0; Win64; x64) AppleWebKit/537.36 (KHTML, like Gecko) Chrome/96.0.4664.45 Safari/537.36"
178.115.34.174 - - [24/Nov/2021:13:00:23 +0100] "GET /loadthumbnail.php?id=10203276 HTTP/1.1" 200 75 "http://renault.activities.at/orders" "Mozilla/5.0 (Windows NT 10.0; Win64; x64) AppleWebKit/537.36 (KHTML, like Gecko) Chrome/96.0.4664.45 Safari/537.36 Edg/96.0.1054.29"
80.120.210.180 - - [24/Nov/2021:13:00:24 +0100] "GET /images/search_bg.gif HTTP/1.1" 200 1726 "http://renault.activities.at/css/styles.css" "Mozilla/5.0 (Windows NT 10.0; Win64; x64) AppleWebKit/537.36 (KHTML, like Gecko) Chrome/96.0.4664.45 Safari/537.36"
80.120.210.180 - - [24/Nov/2021:13:00:24 +0100] "GET /images/sidebar_title_corner_right_top.gif HTTP/1.1" 200 383 "http://renault.activities.at/css/styles.css" "Mozilla/5.0 (Windows NT 10.0; Win64; x64) AppleWebKit/537.36 (KHTML, like Gecko) Chrome/96.0.4664.45 Safari/537.36"
80.120.210.180 - - [24/Nov/2021:13:00:24 +0100] "GET /images/sidebar_title_border.gif HTTP/1.1" 200 43 "http://renault.activities.at/css/styles.css" "Mozilla/5.0 (Windows NT 10.0; Win64; x64) AppleWebKit/537.36 (KHTML, like Gecko) Chrome/96.0.4664.45 Safari/537.36"
80.120.210.180 - - [24/Nov/2021:13:00:24 +0100] "GET /images/menu_button_bg.jpg HTTP/1.1" 200 322 "http://renault.activities.at/css/styles.css" "Mozilla/5.0 (Windows NT 10.0; Win64; x64) AppleWebKit/537.36 (KHTML, like Gecko) Chrome/96.0.4664.45 Safari/537.36"
80.120.210.180 - - [24/Nov/2021:13:00:24 +0100] "GET /images/sidebar_title_corner_left_top.gif HTTP/1.1" 200 1124 "http://renault.activities.at/css/styles.css" "Mozilla/5.0 (Windows NT 10.0; Win64; x64) AppleWebKit/537.36 (KHTML, like Gecko) Chrome/96.0.4664.45 Safari/537.36"
80.120.210.180 - - [24/Nov/2021:13:00:24 +0100] "GET /images/sidebar_title_border_top.gif HTTP/1.1" 200 155 "http://renault.activities.at/css/styles.css" "Mozilla/5.0 (Windows NT 10.0; Win64; x64) AppleWebKit/537.36 (KHTML, like Gecko) Chrome/96.0.4664.45 Safari/537.36"
80.120.210.180 - - [24/Nov/2021:13:00:24 +0100] "GET /images/nav_divider.gif HTTP/1.1" 200 43 "http://renault.activities.at/css/styles.css" "Mozilla/5.0 (Windows NT 10.0; Win64; x64) AppleWebKit/537.36 (KHTML, like Gecko) Chrome/96.0.4664.45 Safari/537.36"
80.120.210.180 - - [24/Nov/2021:13:00:24 +0100] "GET /images/top_links_divider.gif HTTP/1.1" 200 44 "http://renault.activities.at/css/styles.css" "Mozilla/5.0 (Windows NT 10.0; Win64; x64) AppleWebKit/537.36 (KHTML, like Gecko) Chrome/96.0.4664.45 Safari/537.36"
80.120.210.180 - - [24/Nov/2021:13:00:24 +0100] "GET /images/footer_divider.gif HTTP/1.1" 200 44 "http://renault.activities.at/css/styles.css" "Mozilla/5.0 (Windows NT 10.0; Win64; x64) AppleWebKit/537.36 (KHTML, like Gecko) Chrome/96.0.4664.45 Safari/537.36"
80.120.210.180 - - [24/Nov/2021:13:00:24 +0100] "GET /loadthumbnail.php?id=12460965&width=50&height=50 HTTP/1.1" 200 1116 "http://renault.activities.at/account" "Mozilla/5.0 (Windows NT 10.0; Win64; x64) AppleWebKit/537.36 (KHTML, like Gecko) Chrome/96.0.4664.45 Safari/537.36"
80.120.210.180 - - [24/Nov/2021:13:00:24 +0100] "GET /loadthumbnail.php?id=12471830&width=50&height=50 HTTP/1.1" 200 1227 "http://renault.activities.at/account" "Mozilla/5.0 (Windows NT 10.0; Win64; x64) AppleWebKit/537.36 (KHTML, like Gecko) Chrome/96.0.4664.45 Safari/537.36"
80.120.210.180 - - [24/Nov/2021:13:00:24 +0100] "GET /loadthumbnail.php?id=11255648&width=50&height=50 HTTP/1.1" 200 748 "http://renault.activities.at/account" "Mozilla/5.0 (Windows NT 10.0; Win64; x64) AppleWebKit/537.36 (KHTML, like Gecko) Chrome/96.0.4664.45 Safari/537.36"
178.115.34.174 - - [24/Nov/2021:13:00:28 +0100] "GET /12465740 HTTP/1.1" 200 5658 "http://renault.activities.at/orders" "Mozilla/5.0 (Windows NT 10.0; Win64; x64) AppleWebKit/537.36 (KHTML, like Gecko) Chrome/96.0.4664.45 Safari/537.36 Edg/96.0.1054.29"
91.112.99.126 - - [24/Nov/2021:13:00:32 +0100] "GET /reload?ser=1637755232538 HTTP/1.1" 200 28 "http://renault.activities.at/success" "Mozilla/5.0 (Windows NT 10.0; Win64; x64) AppleWebKit/537.36 (KHTML, like Gecko) Chrome/96.0.4664.45 Safari/537.36"
178.115.34.174 - - [24/Nov/2021:13:00:40 +0100] "GET /orders HTTP/1.1" 200 5428 "http://renault.activities.at/account" "Mozilla/5.0 (Windows NT 10.0; Win64; x64) AppleWebKit/537.36 (KHTML, like Gecko) Chrome/96.0.4664.45 Safari/537.36 Edg/96.0.1054.29"
178.115.34.174 - - [24/Nov/2021:13:00:46 +0100] "GET /12446699 HTTP/1.1" 200 5787 "http://renault.activities.at/orders" "Mozilla/5.0 (Windows NT 10.0; Win64; x64) AppleWebKit/537.36 (KHTML, like Gecko) Chrome/96.0.4664.45 Safari/537.36 Edg/96.0.1054.29"
178.115.34.174 - - [24/Nov/2021:13:00:48 +0100] "GET /images/icons/lupe.gif HTTP/1.1" 200 324 "http://renault.activities.at/12446699" "Mozilla/5.0 (Windows NT 10.0; Win64; x64) AppleWebKit/537.36 (KHTML, like Gecko) Chrome/96.0.4664.45 Safari/537.36 Edg/96.0.1054.29"
178.115.34.174 - - [24/Nov/2021:13:00:51 +0100] "GET /orders HTTP/1.1" 200 5428 "http://renault.activities.at/account" "Mozilla/5.0 (Windows NT 10.0; Win64; x64) AppleWebKit/537.36 (KHTML, like Gecko) Chrome/96.0.4664.45 Safari/537.36 Edg/96.0.1054.29"
178.115.34.174 - - [24/Nov/2021:13:00:56 +0100] "GET /12432851 HTTP/1.1" 200 5799 "http://renault.activities.at/orders" "Mozilla/5.0 (Windows NT 10.0; Win64; x64) AppleWebKit/537.36 (KHTML, like Gecko) Chrome/96.0.4664.45 Safari/537.36 Edg/96.0.1054.29"
178.115.34.174 - - [24/Nov/2021:13:01:09 +0100] "POST /axjaxrequest?mode=suggest HTTP/1.1" 200 2036 "http://renault.activities.at/12432851" "Mozilla/5.0 (Windows NT 10.0; Win64; x64) AppleWebKit/537.36 (KHTML, like Gecko) Chrome/96.0.4664.45 Safari/537.36 Edg/96.0.1054.29"
80.120.210.180 - - [24/Nov/2021:13:01:11 +0100] "POST /axjaxrequest?mode=suggest HTTP/1.1" 200 132 "http://renault.activities.at/account" "Mozilla/5.0 (Windows NT 10.0; Win64; x64) AppleWebKit/537.36 (KHTML, like Gecko) Chrome/96.0.4664.45 Safari/537.36"
178.115.34.174 - - [24/Nov/2021:13:01:09 +0100] "POST /axjaxrequest?mode=suggest HTTP/1.1" 200 1149 "http://renault.activities.at/12432851" "Mozilla/5.0 (Windows NT 10.0; Win64; x64) AppleWebKit/537.36 (KHTML, like Gecko) Chrome/96.0.4664.45 Safari/537.36 Edg/96.0.1054.29"
80.120.210.180 - - [24/Nov/2021:13:01:12 +0100] "POST /axjaxrequest?mode=suggest HTTP/1.1" 200 115 "http://renault.activities.at/account" "Mozilla/5.0 (Windows NT 10.0; Win64; x64) AppleWebKit/537.36 (KHTML, like Gecko) Chrome/96.0.4664.45 Safari/537.36"
178.115.34.174 - - [24/Nov/2021:13:01:12 +0100] "GET /result?searchterm=true&search=REH5456 HTTP/1.1" 200 5822 "http://renault.activities.at/12432851" "Mozilla/5.0 (Windows NT 10.0; Win64; x64) AppleWebKit/537.36 (KHTML, like Gecko) Chrome/96.0.4664.45 Safari/537.36 Edg/96.0.1054.29"
178.115.34.174 - - [24/Nov/2021:13:01:15 +0100] "GET /js/prototip.js HTTP/1.1" 200 4588 "http://renault.activities.at/result?searchterm=true&search=REH5456" "Mozilla/5.0 (Windows NT 10.0; Win64; x64) AppleWebKit/537.36 (KHTML, like Gecko) Chrome/96.0.4664.45 Safari/537.36 Edg/96.0.1054.29"
178.115.34.174 - - [24/Nov/2021:13:01:15 +0100] "GET /loadthumbnail.php?id=12243596&width=113 HTTP/1.1" 200 2926 "http://renault.activities.at/result?searchterm=true&search=REH5456" "Mozilla/5.0 (Windows NT 10.0; Win64; x64) AppleWebKit/537.36 (KHTML, like Gecko) Chrome/96.0.4664.45 Safari/537.36 Edg/96.0.1054.29"
178.115.34.174 - - [24/Nov/2021:13:01:16 +0100] "GET /images/loading.gif HTTP/1.1" 200 3208 "http://renault.activities.at/result?searchterm=true&search=REH5456" "Mozilla/5.0 (Windows NT 10.0; Win64; x64) AppleWebKit/537.36 (KHTML, like Gecko) Chrome/96.0.4664.45 Safari/537.36 Edg/96.0.1054.29"
178.115.34.174 - - [24/Nov/2021:13:01:16 +0100] "GET /js/ProduktGrp.js HTTP/1.1" 200 1569 "http://renault.activities.at/result?searchterm=true&search=REH5456" "Mozilla/5.0 (Windows NT 10.0; Win64; x64) AppleWebKit/537.36 (KHTML, like Gecko) Chrome/96.0.4664.45 Safari/537.36 Edg/96.0.1054.29"
178.115.34.174 - - [24/Nov/2021:13:01:16 +0100] "GET /loadthumbnail.php?id=10203255 HTTP/1.1" 200 137 "http://renault.activities.at/result?searchterm=true&search=REH5456" "Mozilla/5.0 (Windows NT 10.0; Win64; x64) AppleWebKit/537.36 (KHTML, like Gecko) Chrome/96.0.4664.45 Safari/537.36 Edg/96.0.1054.29"
178.115.34.174 - - [24/Nov/2021:13:01:11 +0100] "POST /axjaxrequest?mode=suggest HTTP/1.1" 200 112 "http://renault.activities.at/12432851" "Mozilla/5.0 (Windows NT 10.0; Win64; x64) AppleWebKit/537.36 (KHTML, like Gecko) Chrome/96.0.4664.45 Safari/537.36 Edg/96.0.1054.29"
178.115.34.174 - - [24/Nov/2021:13:01:16 +0100] "GET /images/vista-up.gif HTTP/1.1" 200 131 "http://renault.activities.at/css/styles.css" "Mozilla/5.0 (Windows NT 10.0; Win64; x64) AppleWebKit/537.36 (KHTML, like Gecko) Chrome/96.0.4664.45 Safari/537.36 Edg/96.0.1054.29"
178.115.34.174 - - [24/Nov/2021:13:01:16 +0100] "GET /images/vista-dn.gif HTTP/1.1" 200 128 "http://renault.activities.at/css/styles.css" "Mozilla/5.0 (Windows NT 10.0; Win64; x64) AppleWebKit/537.36 (KHTML, like Gecko) Chrome/96.0.4664.45 Safari/537.36 Edg/96.0.1054.29"
80.120.210.180 - - [24/Nov/2021:13:01:14 +0100] "GET /result?searchterm=true&search=Wartungskleber HTTP/1.1" 200 6496 "http://renault.activities.at/account" "Mozilla/5.0 (Windows NT 10.0; Win64; x64) AppleWebKit/537.36 (KHTML, like Gecko) Chrome/96.0.4664.45 Safari/537.36"
80.120.210.180 - - [24/Nov/2021:13:01:18 +0100] "GET /js/prototip.js HTTP/1.1" 200 4588 "http://renault.activities.at/result?searchterm=true&search=Wartungskleber" "Mozilla/5.0 (Windows NT 10.0; Win64; x64) AppleWebKit/537.36 (KHTML, like Gecko) Chrome/96.0.4664.45 Safari/537.36"
80.120.210.180 - - [24/Nov/2021:13:01:18 +0100] "GET /js/ProduktGrp.js HTTP/1.1" 200 1569 "http://renault.activities.at/result?searchterm=true&search=Wartungskleber" "Mozilla/5.0 (Windows NT 10.0; Win64; x64) AppleWebKit/537.36 (KHTML, like Gecko) Chrome/96.0.4664.45 Safari/537.36"
80.120.210.180 - - [24/Nov/2021:13:01:18 +0100] "GET /images/loading.gif HTTP/1.1" 200 3208 "http://renault.activities.at/result?searchterm=true&search=Wartungskleber" "Mozilla/5.0 (Windows NT 10.0; Win64; x64) AppleWebKit/537.36 (KHTML, like Gecko) Chrome/96.0.4664.45 Safari/537.36"
80.120.210.180 - - [24/Nov/2021:13:01:18 +0100] "GET /images/pager_bg.gif HTTP/1.1" 200 150 "http://renault.activities.at/css/styles.css" "Mozilla/5.0 (Windows NT 10.0; Win64; x64) AppleWebKit/537.36 (KHTML, like Gecko) Chrome/96.0.4664.45 Safari/537.36"
80.120.210.180 - - [24/Nov/2021:13:01:18 +0100] "GET /images/vista-up.gif HTTP/1.1" 200 131 "http://renault.activities.at/css/styles.css" "Mozilla/5.0 (Windows NT 10.0; Win64; x64) AppleWebKit/537.36 (KHTML, like Gecko) Chrome/96.0.4664.45 Safari/537.36"
80.120.210.180 - - [24/Nov/2021:13:01:18 +0100] "GET /images/vista-dn.gif HTTP/1.1" 200 128 "http://renault.activities.at/css/styles.css" "Mozilla/5.0 (Windows NT 10.0; Win64; x64) AppleWebKit/537.36 (KHTML, like Gecko) Chrome/96.0.4664.45 Safari/537.36"
80.120.210.180 - - [24/Nov/2021:13:01:18 +0100] "GET /loadthumbnail.php?id=10203255 HTTP/1.1" 200 137 "http://renault.activities.at/result?searchterm=true&search=Wartungskleber" "Mozilla/5.0 (Windows NT 10.0; Win64; x64) AppleWebKit/537.36 (KHTML, like Gecko) Chrome/96.0.4664.45 Safari/537.36"
80.120.210.180 - - [24/Nov/2021:13:01:18 +0100] "GET /loadthumbnail.php?id=10272696&width=113 HTTP/1.1" 200 6494 "http://renault.activities.at/result?searchterm=true&search=Wartungskleber" "Mozilla/5.0 (Windows NT 10.0; Win64; x64) AppleWebKit/537.36 (KHTML, like Gecko) Chrome/96.0.4664.45 Safari/537.36"
80.120.210.180 - - [24/Nov/2021:13:01:18 +0100] "GET /loadthumbnail.php?id=12430119&width=113 HTTP/1.1" 200 8235 "http://renault.activities.at/result?searchterm=true&search=Wartungskleber" "Mozilla/5.0 (Windows NT 10.0; Win64; x64) AppleWebKit/537.36 (KHTML, like Gecko) Chrome/96.0.4664.45 Safari/537.36"
80.120.210.180 - - [24/Nov/2021:13:01:24 +0100] "GET /images/vista-dn-hover.gif HTTP/1.1" 200 127 "http://renault.activities.at/css/styles.css" "Mozilla/5.0 (Windows NT 10.0; Win64; x64) AppleWebKit/537.36 (KHTML, like Gecko) Chrome/96.0.4664.45 Safari/537.36"
80.120.210.180 - - [24/Nov/2021:13:01:25 +0100] "GET /images/vista-up-hover.gif HTTP/1.1" 200 130 "http://renault.activities.at/css/styles.css" "Mozilla/5.0 (Windows NT 10.0; Win64; x64) AppleWebKit/537.36 (KHTML, like Gecko) Chrome/96.0.4664.45 Safari/537.36"
91.112.99.126 - - [24/Nov/2021:13:01:33 +0100] "GET /reload?ser=1637755293535 HTTP/1.1" 200 28 "http://renault.activities.at/success" "Mozilla/5.0 (Windows NT 10.0; Win64; x64) AppleWebKit/537.36 (KHTML, like Gecko) Chrome/96.0.4664.45 Safari/537.36"
178.115.34.174 - - [24/Nov/2021:13:02:03 +0100] "POST /axjaxrequest?mode=suggest HTTP/1.1" 200 128 "http://renault.activities.at/result?searchterm=true&search=REH5456" "Mozilla/5.0 (Windows NT 10.0; Win64; x64) AppleWebKit/537.36 (KHTML, like Gecko) Chrome/96.0.4664.45 Safari/537.36 Edg/96.0.1054.29"
178.115.34.174 - - [24/Nov/2021:13:02:06 +0100] "GET /result?searchterm=true&search=motor HTTP/1.1" 200 6181 "http://renault.activities.at/result?searchterm=true&search=REH5456" "Mozilla/5.0 (Windows NT 10.0; Win64; x64) AppleWebKit/537.36 (KHTML, like Gecko) Chrome/96.0.4664.45 Safari/537.36 Edg/96.0.1054.29"
178.115.34.174 - - [24/Nov/2021:13:02:08 +0100] "GET /loadthumbnail.php?id=12243604&width=113 HTTP/1.1" 200 3094 "http://renault.activities.at/result?searchterm=true&search=motor" "Mozilla/5.0 (Windows NT 10.0; Win64; x64) AppleWebKit/537.36 (KHTML, like Gecko) Chrome/96.0.4664.45 Safari/537.36 Edg/96.0.1054.29"
178.115.34.174 - - [24/Nov/2021:13:02:08 +0100] "GET /loadthumbnail.php?id=12243600&width=113 HTTP/1.1" 200 3157 "http://renault.activities.at/result?searchterm=true&search=motor" "Mozilla/5.0 (Windows NT 10.0; Win64; x64) AppleWebKit/537.36 (KHTML, like Gecko) Chrome/96.0.4664.45 Safari/537.36 Edg/96.0.1054.29"
80.120.210.180 - - [24/Nov/2021:13:02:15 +0100] "POST /result?searchterm=true&search=Wartungskleber HTTP/1.1" 200 6685 "http://renault.activities.at/result?searchterm=true&search=Wartungskleber" "Mozilla/5.0 (Windows NT 10.0; Win64; x64) AppleWebKit/537.36 (KHTML, like Gecko) Chrome/96.0.4664.45 Safari/537.36"
80.120.210.180 - - [24/Nov/2021:13:02:18 +0100] "GET /images/success_msg_icon.gif HTTP/1.1" 200 1024 "http://renault.activities.at/css/styles.css" "Mozilla/5.0 (Windows NT 10.0; Win64; x64) AppleWebKit/537.36 (KHTML, like Gecko) Chrome/96.0.4664.45 Safari/537.36"
80.120.210.180 - - [24/Nov/2021:13:02:23 +0100] "POST /result?searchterm=true&search=Wartungskleber HTTP/1.1" 200 6687 "http://renault.activities.at/result?searchterm=true&search=Wartungskleber" "Mozilla/5.0 (Windows NT 10.0; Win64; x64) AppleWebKit/537.36 (KHTML, like Gecko) Chrome/96.0.4664.45 Safari/537.36"
80.120.210.180 - - [24/Nov/2021:13:02:30 +0100] "GET /checkout HTTP/1.1" 200 10438 "http://renault.activities.at/result?searchterm=true&search=Wartungskleber" "Mozilla/5.0 (Windows NT 10.0; Win64; x64) AppleWebKit/537.36 (KHTML, like Gecko) Chrome/96.0.4664.45 Safari/537.36"
80.120.210.180 - - [24/Nov/2021:13:02:35 +0100] "GET /js/checkout2.js HTTP/1.1" 200 4122 "http://renault.activities.at/checkout" "Mozilla/5.0 (Windows NT 10.0; Win64; x64) AppleWebKit/537.36 (KHTML, like Gecko) Chrome/96.0.4664.45 Safari/537.36"
80.120.210.180 - - [24/Nov/2021:13:02:35 +0100] "GET /images/ajax_loading.gif HTTP/1.1" 200 1542 "http://renault.activities.at/checkout" "Mozilla/5.0 (Windows NT 10.0; Win64; x64) AppleWebKit/537.36 (KHTML, like Gecko) Chrome/96.0.4664.45 Safari/537.36"
91.112.99.126 - - [24/Nov/2021:13:02:34 +0100] "GET /reload?ser=1637755354542 HTTP/1.1" 200 28 "http://renault.activities.at/success" "Mozilla/5.0 (Windows NT 10.0; Win64; x64) AppleWebKit/537.36 (KHTML, like Gecko) Chrome/96.0.4664.45 Safari/537.36"
80.120.210.180 - - [24/Nov/2021:13:02:35 +0100] "GET /images/step_marker.gif HTTP/1.1" 200 650 "http://renault.activities.at/css/styles.css" "Mozilla/5.0 (Windows NT 10.0; Win64; x64) AppleWebKit/537.36 (KHTML, like Gecko) Chrome/96.0.4664.45 Safari/537.36"
80.120.210.180 - - [24/Nov/2021:13:02:35 +0100] "GET /images/step_bg.jpg HTTP/1.1" 200 319 "http://renault.activities.at/css/styles.css" "Mozilla/5.0 (Windows NT 10.0; Win64; x64) AppleWebKit/537.36 (KHTML, like Gecko) Chrome/96.0.4664.45 Safari/537.36"
80.120.210.180 - - [24/Nov/2021:13:02:35 +0100] "GET /images/checkout_border_top.gif HTTP/1.1" 200 156 "http://renault.activities.at/css/styles.css" "Mozilla/5.0 (Windows NT 10.0; Win64; x64) AppleWebKit/537.36 (KHTML, like Gecko) Chrome/96.0.4664.45 Safari/537.36"
80.120.210.180 - - [24/Nov/2021:13:02:35 +0100] "GET /images/checkout_border.gif HTTP/1.1" 200 43 "http://renault.activities.at/css/styles.css" "Mozilla/5.0 (Windows NT 10.0; Win64; x64) AppleWebKit/537.36 (KHTML, like Gecko) Chrome/96.0.4664.45 Safari/537.36"
80.120.210.180 - - [24/Nov/2021:13:02:35 +0100] "GET /loadthumbnail.php?id=10201939 HTTP/1.1" 200 201 "http://renault.activities.at/checkout" "Mozilla/5.0 (Windows NT 10.0; Win64; x64) AppleWebKit/537.36 (KHTML, like Gecko) Chrome/96.0.4664.45 Safari/537.36"
80.120.210.180 - - [24/Nov/2021:13:02:35 +0100] "GET /loadthumbnail.php?id=10202698 HTTP/1.1" 200 16686 "http://renault.activities.at/checkout" "Mozilla/5.0 (Windows NT 10.0; Win64; x64) AppleWebKit/537.36 (KHTML, like Gecko) Chrome/96.0.4664.45 Safari/537.36"
80.120.210.180 - - [24/Nov/2021:13:02:48 +0100] "POST /docheckout HTTP/1.1" 200 458 "http://renault.activities.at/checkout" "Mozilla/5.0 (Windows NT 10.0; Win64; x64) AppleWebKit/537.36 (KHTML, like Gecko) Chrome/96.0.4664.45 Safari/537.36"
178.115.34.174 - - [24/Nov/2021:13:02:52 +0100] "GET /images/vista-up-hover.gif HTTP/1.1" 200 130 "http://renault.activities.at/css/styles.css" "Mozilla/5.0 (Windows NT 10.0; Win64; x64) AppleWebKit/537.36 (KHTML, like Gecko) Chrome/96.0.4664.45 Safari/537.36 Edg/96.0.1054.29"
80.120.210.180 - - [24/Nov/2021:13:02:52 +0100] "POST /docheckout HTTP/1.1" 200 638 "http://renault.activities.at/checkout" "Mozilla/5.0 (Windows NT 10.0; Win64; x64) AppleWebKit/537.36 (KHTML, like Gecko) Chrome/96.0.4664.45 Safari/537.36"
80.120.210.180 - - [24/Nov/2021:13:02:54 +0100] "GET /images/error_msg_icon.gif HTTP/1.1" 200 1013 "http://renault.activities.at/checkout" "Mozilla/5.0 (Windows NT 10.0; Win64; x64) AppleWebKit/537.36 (KHTML, like Gecko) Chrome/96.0.4664.45 Safari/537.36"
178.115.34.174 - - [24/Nov/2021:13:02:57 +0100] "POST /result?searchterm=true&search=motor HTTP/1.1" 200 6374 "http://renault.activities.at/result?searchterm=true&search=motor" "Mozilla/5.0 (Windows NT 10.0; Win64; x64) AppleWebKit/537.36 (KHTML, like Gecko) Chrome/96.0.4664.45 Safari/537.36 Edg/96.0.1054.29"
178.115.34.174 - - [24/Nov/2021:13:03:00 +0100] "GET /images/success_msg_icon.gif HTTP/1.1" 200 1024 "http://renault.activities.at/css/styles.css" "Mozilla/5.0 (Windows NT 10.0; Win64; x64) AppleWebKit/537.36 (KHTML, like Gecko) Chrome/96.0.4664.45 Safari/537.36 Edg/96.0.1054.29"
178.115.34.174 - - [24/Nov/2021:13:03:02 +0100] "POST /result?searchterm=true&search=motor HTTP/1.1" 200 6375 "http://renault.activities.at/result?searchterm=true&search=motor" "Mozilla/5.0 (Windows NT 10.0; Win64; x64) AppleWebKit/537.36 (KHTML, like Gecko) Chrome/96.0.4664.45 Safari/537.36 Edg/96.0.1054.29"
80.120.210.180 - - [24/Nov/2021:13:03:05 +0100] "POST /docheckout HTTP/1.1" 200 68 "http://renault.activities.at/checkout" "Mozilla/5.0 (Windows NT 10.0; Win64; x64) AppleWebKit/537.36 (KHTML, like Gecko) Chrome/96.0.4664.45 Safari/537.36"
80.120.210.180 - - [24/Nov/2021:13:03:09 +0100] "GET /success HTTP/1.1" 200 3802 "http://renault.activities.at/checkout" "Mozilla/5.0 (Windows NT 10.0; Win64; x64) AppleWebKit/537.36 (KHTML, like Gecko) Chrome/96.0.4664.45 Safari/537.36"
178.115.34.174 - - [24/Nov/2021:13:03:13 +0100] "POST /axjaxrequest?mode=suggest HTTP/1.1" 200 179 "http://renault.activities.at/result?searchterm=true&search=motor" "Mozilla/5.0 (Windows NT 10.0; Win64; x64) AppleWebKit/537.36 (KHTML, like Gecko) Chrome/96.0.4664.45 Safari/537.36 Edg/96.0.1054.29"
178.115.34.174 - - [24/Nov/2021:13:03:14 +0100] "POST /axjaxrequest?mode=suggest HTTP/1.1" 200 179 "http://renault.activities.at/result?searchterm=true&search=motor" "Mozilla/5.0 (Windows NT 10.0; Win64; x64) AppleWebKit/537.36 (KHTML, like Gecko) Chrome/96.0.4664.45 Safari/537.36 Edg/96.0.1054.29"
178.115.34.174 - - [24/Nov/2021:13:03:14 +0100] "POST /axjaxrequest?mode=suggest HTTP/1.1" 200 179 "http://renault.activities.at/result?searchterm=true&search=motor" "Mozilla/5.0 (Windows NT 10.0; Win64; x64) AppleWebKit/537.36 (KHTML, like Gecko) Chrome/96.0.4664.45 Safari/537.36 Edg/96.0.1054.29"
178.115.34.174 - - [24/Nov/2021:13:03:20 +0100] "GET /result?searchterm=true&search=Garantie HTTP/1.1" 200 8305 "http://renault.activities.at/result?searchterm=true&search=motor" "Mozilla/5.0 (Windows NT 10.0; Win64; x64) AppleWebKit/537.36 (KHTML, like Gecko) Chrome/96.0.4664.45 Safari/537.36 Edg/96.0.1054.29"
178.115.34.174 - - [24/Nov/2021:13:03:25 +0100] "GET /loadthumbnail.php?id=12230337&width=113 HTTP/1.1" 200 2209 "http://renault.activities.at/result?searchterm=true&search=Garantie" "Mozilla/5.0 (Windows NT 10.0; Win64; x64) AppleWebKit/537.36 (KHTML, like Gecko) Chrome/96.0.4664.45 Safari/537.36 Edg/96.0.1054.29"
178.115.34.174 - - [24/Nov/2021:13:03:25 +0100] "GET /loadthumbnail.php?id=12230318&width=113 HTTP/1.1" 200 2255 "http://renault.activities.at/result?searchterm=true&search=Garantie" "Mozilla/5.0 (Windows NT 10.0; Win64; x64) AppleWebKit/537.36 (KHTML, like Gecko) Chrome/96.0.4664.45 Safari/537.36 Edg/96.0.1054.29"
178.115.34.174 - - [24/Nov/2021:13:03:25 +0100] "GET /loadthumbnail.php?id=12388135&width=113 HTTP/1.1" 200 1381 "http://renault.activities.at/result?searchterm=true&search=Garantie" "Mozilla/5.0 (Windows NT 10.0; Win64; x64) AppleWebKit/537.36 (KHTML, like Gecko) Chrome/96.0.4664.45 Safari/537.36 Edg/96.0.1054.29"
178.115.34.174 - - [24/Nov/2021:13:03:25 +0100] "GET /loadthumbnail.php?id=12363384&width=113 HTTP/1.1" 200 20801 "http://renault.activities.at/result?searchterm=true&search=Garantie" "Mozilla/5.0 (Windows NT 10.0; Win64; x64) AppleWebKit/537.36 (KHTML, like Gecko) Chrome/96.0.4664.45 Safari/537.36 Edg/96.0.1054.29"
178.115.34.174 - - [24/Nov/2021:13:03:25 +0100] "GET /loadthumbnail.php?id=12204968&width=113 HTTP/1.1" 200 4284 "http://renault.activities.at/result?searchterm=true&search=Garantie" "Mozilla/5.0 (Windows NT 10.0; Win64; x64) AppleWebKit/537.36 (KHTML, like Gecko) Chrome/96.0.4664.45 Safari/537.36 Edg/96.0.1054.29"
178.115.34.174 - - [24/Nov/2021:13:03:25 +0100] "GET /loadthumbnail.php?id=11228502&width=113 HTTP/1.1" 200 1524 "http://renault.activities.at/result?searchterm=true&search=Garantie" "Mozilla/5.0 (Windows NT 10.0; Win64; x64) AppleWebKit/537.36 (KHTML, like Gecko) Chrome/96.0.4664.45 Safari/537.36 Edg/96.0.1054.29"
178.115.34.174 - - [24/Nov/2021:13:03:25 +0100] "GET /loadthumbnail.php?id=12388134&width=113 HTTP/1.1" 200 1524 "http://renault.activities.at/result?searchterm=true&search=Garantie" "Mozilla/5.0 (Windows NT 10.0; Win64; x64) AppleWebKit/537.36 (KHTML, like Gecko) Chrome/96.0.4664.45 Safari/537.36 Edg/96.0.1054.29"
178.115.34.174 - - [24/Nov/2021:13:03:25 +0100] "GET /loadthumbnail.php?id=11660371&width=113 HTTP/1.1" 200 1292 "http://renault.activities.at/result?searchterm=true&search=Garantie" "Mozilla/5.0 (Windows NT 10.0; Win64; x64) AppleWebKit/537.36 (KHTML, like Gecko) Chrome/96.0.4664.45 Safari/537.36 Edg/96.0.1054.29"
178.115.34.174 - - [24/Nov/2021:13:03:25 +0100] "GET /loadthumbnail.php?id=11017811&width=113 HTTP/1.1" 200 2559 "http://renault.activities.at/result?searchterm=true&search=Garantie" "Mozilla/5.0 (Windows NT 10.0; Win64; x64) AppleWebKit/537.36 (KHTML, like Gecko) Chrome/96.0.4664.45 Safari/537.36 Edg/96.0.1054.29"
178.115.34.174 - - [24/Nov/2021:13:03:25 +0100] "GET /loadthumbnail.php?id=11660364&width=113 HTTP/1.1" 200 1865 "http://renault.activities.at/result?searchterm=true&search=Garantie" "Mozilla/5.0 (Windows NT 10.0; Win64; x64) AppleWebKit/537.36 (KHTML, like Gecko) Chrome/96.0.4664.45 Safari/537.36 Edg/96.0.1054.29"
178.115.34.174 - - [24/Nov/2021:13:03:25 +0100] "GET /loadthumbnail.php?id=12130660&width=113 HTTP/1.1" 200 9098 "http://renault.activities.at/result?searchterm=true&search=Garantie" "Mozilla/5.0 (Windows NT 10.0; Win64; x64) AppleWebKit/537.36 (KHTML, like Gecko) Chrome/96.0.4664.45 Safari/537.36 Edg/96.0.1054.29"
178.115.34.174 - - [24/Nov/2021:13:03:26 +0100] "GET /loadthumbnail.php?id=11075492&width=113 HTTP/1.1" 200 2349 "http://renault.activities.at/result?searchterm=true&search=Garantie" "Mozilla/5.0 (Windows NT 10.0; Win64; x64) AppleWebKit/537.36 (KHTML, like Gecko) Chrome/96.0.4664.45 Safari/537.36 Edg/96.0.1054.29"
178.115.34.174 - - [24/Nov/2021:13:03:26 +0100] "GET /loadthumbnail.php?id=11017812&width=113 HTTP/1.1" 200 2559 "http://renault.activities.at/result?searchterm=true&search=Garantie" "Mozilla/5.0 (Windows NT 10.0; Win64; x64) AppleWebKit/537.36 (KHTML, like Gecko) Chrome/96.0.4664.45 Safari/537.36 Edg/96.0.1054.29"
178.115.34.174 - - [24/Nov/2021:13:03:26 +0100] "GET /loadthumbnail.php?id=12094749&width=113 HTTP/1.1" 200 15117 "http://renault.activities.at/result?searchterm=true&search=Garantie" "Mozilla/5.0 (Windows NT 10.0; Win64; x64) AppleWebKit/537.36 (KHTML, like Gecko) Chrome/96.0.4664.45 Safari/537.36 Edg/96.0.1054.29"
91.112.99.126 - - [24/Nov/2021:13:03:35 +0100] "GET /reload?ser=1637755415544 HTTP/1.1" 200 28 "http://renault.activities.at/success" "Mozilla/5.0 (Windows NT 10.0; Win64; x64) AppleWebKit/537.36 (KHTML, like Gecko) Chrome/96.0.4664.45 Safari/537.36"
178.115.34.174 - - [24/Nov/2021:13:03:41 +0100] "GET /result?searchterm=true&search=Garantie HTTP/1.1" 200 8305 "http://renault.activities.at/result?searchterm=true&search=Garantie" "Mozilla/5.0 (Windows NT 10.0; Win64; x64) AppleWebKit/537.36 (KHTML, like Gecko) Chrome/96.0.4664.45 Safari/537.36 Edg/96.0.1054.29"
178.115.34.174 - - [24/Nov/2021:13:03:51 +0100] "POST /axjaxrequest?mode=suggest HTTP/1.1" 200 21 "http://renault.activities.at/result?searchterm=true&search=Garantie" "Mozilla/5.0 (Windows NT 10.0; Win64; x64) AppleWebKit/537.36 (KHTML, like Gecko) Chrome/96.0.4664.45 Safari/537.36 Edg/96.0.1054.29"
178.115.34.174 - - [24/Nov/2021:13:03:53 +0100] "GET /result?searchterm=true&search=Garantieteile HTTP/1.1" 200 4662 "http://renault.activities.at/result?searchterm=true&search=Garantie" "Mozilla/5.0 (Windows NT 10.0; Win64; x64) AppleWebKit/537.36 (KHTML, like Gecko) Chrome/96.0.4664.45 Safari/537.36 Edg/96.0.1054.29"
178.115.34.174 - - [24/Nov/2021:13:03:55 +0100] "GET /images/note_msg_icon.gif HTTP/1.1" 200 1022 "http://renault.activities.at/css/styles.css" "Mozilla/5.0 (Windows NT 10.0; Win64; x64) AppleWebKit/537.36 (KHTML, like Gecko) Chrome/96.0.4664.45 Safari/537.36 Edg/96.0.1054.29"
178.115.34.174 - - [24/Nov/2021:13:04:01 +0100] "POST /axjaxrequest?mode=suggest HTTP/1.1" 200 164 "http://renault.activities.at/result?searchterm=true&search=Garantieteile" "Mozilla/5.0 (Windows NT 10.0; Win64; x64) AppleWebKit/537.36 (KHTML, like Gecko) Chrome/96.0.4664.45 Safari/537.36 Edg/96.0.1054.29"
178.115.34.174 - - [24/Nov/2021:13:04:02 +0100] "POST /axjaxrequest?mode=suggest HTTP/1.1" 200 21 "http://renault.activities.at/result?searchterm=true&search=Garantieteile" "Mozilla/5.0 (Windows NT 10.0; Win64; x64) AppleWebKit/537.36 (KHTML, like Gecko) Chrome/96.0.4664.45 Safari/537.36 Edg/96.0.1054.29"
80.120.210.180 - - [24/Nov/2021:13:04:11 +0100] "GET /reload?ser=1637755451506 HTTP/1.1" 200 28 "http://renault.activities.at/success" "Mozilla/5.0 (Windows NT 10.0; Win64; x64) AppleWebKit/537.36 (KHTML, like Gecko) Chrome/96.0.4664.45 Safari/537.36"
178.115.34.174 - - [24/Nov/2021:13:04:12 +0100] "POST /axjaxrequest?mode=suggest HTTP/1.1" 200 116 "http://renault.activities.at/result?searchterm=true&search=Garantieteile" "Mozilla/5.0 (Windows NT 10.0; Win64; x64) AppleWebKit/537.36 (KHTML, like Gecko) Chrome/96.0.4664.45 Safari/537.36 Edg/96.0.1054.29"
178.115.34.174 - - [24/Nov/2021:13:04:14 +0100] "POST /axjaxrequest?mode=suggest HTTP/1.1" 200 116 "http://renault.activities.at/result?searchterm=true&search=Garantieteile" "Mozilla/5.0 (Windows NT 10.0; Win64; x64) AppleWebKit/537.36 (KHTML, like Gecko) Chrome/96.0.4664.45 Safari/537.36 Edg/96.0.1054.29"
178.115.34.174 - - [24/Nov/2021:13:04:15 +0100] "GET /result?searchterm=true&search=Teileaufkleber HTTP/1.1" 200 5905 "http://renault.activities.at/result?searchterm=true&search=Garantieteile" "Mozilla/5.0 (Windows NT 10.0; Win64; x64) AppleWebKit/537.36 (KHTML, like Gecko) Chrome/96.0.4664.45 Safari/537.36 Edg/96.0.1054.29"
178.115.34.174 - - [24/Nov/2021:13:04:17 +0100] "GET /result?searchterm=true&search=Teileaufkleber HTTP/1.1" 200 5905 "http://renault.activities.at/result?searchterm=true&search=Garantieteile" "Mozilla/5.0 (Windows NT 10.0; Win64; x64) AppleWebKit/537.36 (KHTML, like Gecko) Chrome/96.0.4664.45 Safari/537.36 Edg/96.0.1054.29"
178.115.34.174 - - [24/Nov/2021:13:04:19 +0100] "GET /loadthumbnail.php?id=12412602&width=113 HTTP/1.1" 200 5009 "http://renault.activities.at/result?searchterm=true&search=Teileaufkleber" "Mozilla/5.0 (Windows NT 10.0; Win64; x64) AppleWebKit/537.36 (KHTML, like Gecko) Chrome/96.0.4664.45 Safari/537.36 Edg/96.0.1054.29"
91.112.99.126 - - [24/Nov/2021:13:04:36 +0100] "GET /reload?ser=1637755476539 HTTP/1.1" 200 28 "http://renault.activities.at/success" "Mozilla/5.0 (Windows NT 10.0; Win64; x64) AppleWebKit/537.36 (KHTML, like Gecko) Chrome/96.0.4664.45 Safari/537.36"
178.115.34.174 - - [24/Nov/2021:13:05:00 +0100] "POST /axjaxrequest?mode=suggest HTTP/1.1" 200 164 "http://renault.activities.at/result?searchterm=true&search=Teileaufkleber" "Mozilla/5.0 (Windows NT 10.0; Win64; x64) AppleWebKit/537.36 (KHTML, like Gecko) Chrome/96.0.4664.45 Safari/537.36 Edg/96.0.1054.29"
178.115.34.174 - - [24/Nov/2021:13:05:05 +0100] "GET /result?searchterm=true&search=Teiler%FCcksendung HTTP/1.1" 200 5889 "http://renault.activities.at/result?searchterm=true&search=Teileaufkleber" "Mozilla/5.0 (Windows NT 10.0; Win64; x64) AppleWebKit/537.36 (KHTML, like Gecko) Chrome/96.0.4664.45 Safari/537.36 Edg/96.0.1054.29"
178.115.34.174 - - [24/Nov/2021:13:05:07 +0100] "GET /loadthumbnail.php?id=10460287&width=113 HTTP/1.1" 200 2135 "http://renault.activities.at/result?searchterm=true&search=Teiler%FCcksendung" "Mozilla/5.0 (Windows NT 10.0; Win64; x64) AppleWebKit/537.36 (KHTML, like Gecko) Chrome/96.0.4664.45 Safari/537.36 Edg/96.0.1054.29"
80.120.210.180 - - [24/Nov/2021:13:05:12 +0100] "GET /reload?ser=1637755512465 HTTP/1.1" 200 28 "http://renault.activities.at/success" "Mozilla/5.0 (Windows NT 10.0; Win64; x64) AppleWebKit/537.36 (KHTML, like Gecko) Chrome/96.0.4664.45 Safari/537.36"
178.115.34.174 - - [24/Nov/2021:13:05:27 +0100] "POST /axjaxrequest?mode=suggest HTTP/1.1" 200 164 "http://renault.activities.at/result?searchterm=true&search=Teiler%FCcksendung" "Mozilla/5.0 (Windows NT 10.0; Win64; x64) AppleWebKit/537.36 (KHTML, like Gecko) Chrome/96.0.4664.45 Safari/537.36 Edg/96.0.1054.29"
178.115.34.174 - - [24/Nov/2021:13:05:31 +0100] "GET /result?searchterm=true&search=Ersatzteile HTTP/1.1" 200 5884 "http://renault.activities.at/result?searchterm=true&search=Teiler%FCcksendung" "Mozilla/5.0 (Windows NT 10.0; Win64; x64) AppleWebKit/537.36 (KHTML, like Gecko) Chrome/96.0.4664.45 Safari/537.36 Edg/96.0.1054.29"
178.115.34.174 - - [24/Nov/2021:13:05:32 +0100] "GET /result?searchterm=true&search=Ersatzteile HTTP/1.1" 200 5884 "http://renault.activities.at/result?searchterm=true&search=Teiler%FCcksendung" "Mozilla/5.0 (Windows NT 10.0; Win64; x64) AppleWebKit/537.36 (KHTML, like Gecko) Chrome/96.0.4664.45 Safari/537.36 Edg/96.0.1054.29"
178.115.34.174 - - [24/Nov/2021:13:05:34 +0100] "GET /loadthumbnail.php?id=12250799&width=113 HTTP/1.1" 200 1152 "http://renault.activities.at/result?searchterm=true&search=Ersatzteile" "Mozilla/5.0 (Windows NT 10.0; Win64; x64) AppleWebKit/537.36 (KHTML, like Gecko) Chrome/96.0.4664.45 Safari/537.36 Edg/96.0.1054.29"
91.112.99.126 - - [24/Nov/2021:13:05:37 +0100] "GET /reload?ser=1637755537535 HTTP/1.1" 200 28 "http://renault.activities.at/success" "Mozilla/5.0 (Windows NT 10.0; Win64; x64) AppleWebKit/537.36 (KHTML, like Gecko) Chrome/96.0.4664.45 Safari/537.36"
178.115.34.174 - - [24/Nov/2021:13:05:41 +0100] "POST /axjaxrequest?mode=suggest HTTP/1.1" 200 164 "http://renault.activities.at/result?searchterm=true&search=Ersatzteile" "Mozilla/5.0 (Windows NT 10.0; Win64; x64) AppleWebKit/537.36 (KHTML, like Gecko) Chrome/96.0.4664.45 Safari/537.36 Edg/96.0.1054.29"
178.115.34.174 - - [24/Nov/2021:13:05:44 +0100] "GET /result?searchterm=true&search=Teileaufkleber HTTP/1.1" 200 5905 "http://renault.activities.at/result?searchterm=true&search=Ersatzteile" "Mozilla/5.0 (Windows NT 10.0; Win64; x64) AppleWebKit/537.36 (KHTML, like Gecko) Chrome/96.0.4664.45 Safari/537.36 Edg/96.0.1054.29"
80.120.210.180 - - [24/Nov/2021:13:06:13 +0100] "GET /reload?ser=1637755573495 HTTP/1.1" 200 28 "http://renault.activities.at/success" "Mozilla/5.0 (Windows NT 10.0; Win64; x64) AppleWebKit/537.36 (KHTML, like Gecko) Chrome/96.0.4664.45 Safari/537.36"
91.112.99.126 - - [24/Nov/2021:13:06:38 +0100] "GET /reload?ser=1637755598545 HTTP/1.1" 200 28 "http://renault.activities.at/success" "Mozilla/5.0 (Windows NT 10.0; Win64; x64) AppleWebKit/537.36 (KHTML, like Gecko) Chrome/96.0.4664.45 Safari/537.36"
178.115.34.174 - - [24/Nov/2021:13:06:47 +0100] "GET /reload?ser=1637755606689 HTTP/1.1" 200 28 "http://renault.activities.at/result?searchterm=true&search=Teileaufkleber" "Mozilla/5.0 (Windows NT 10.0; Win64; x64) AppleWebKit/537.36 (KHTML, like Gecko) Chrome/96.0.4664.45 Safari/537.36 Edg/96.0.1054.29"
80.120.210.180 - - [24/Nov/2021:13:06:58 +0100] "GET /logout HTTP/1.1" 302 140 "http://renault.activities.at/success" "Mozilla/5.0 (Windows NT 10.0; Win64; x64) AppleWebKit/537.36 (KHTML, like Gecko) Chrome/96.0.4664.45 Safari/537.36"
80.120.210.180 - - [24/Nov/2021:13:06:59 +0100] "GET /logout HTTP/1.1" 200 1583 "http://renault.activities.at/success" "Mozilla/5.0 (Windows NT 10.0; Win64; x64) AppleWebKit/537.36 (KHTML, like Gecko) Chrome/96.0.4664.45 Safari/537.36"
80.120.210.180 - - [24/Nov/2021:13:07:05 +0100] "GET / HTTP/1.1" 200 3086 "http://renault.activities.at/logout" "Mozilla/5.0 (Windows NT 10.0; Win64; x64) AppleWebKit/537.36 (KHTML, like Gecko) Chrome/96.0.4664.45 Safari/537.36"
91.112.99.126 - - [24/Nov/2021:13:07:40 +0100] "GET /reload?ser=1637755660536 HTTP/1.1" 200 28 "http://renault.activities.at/success" "Mozilla/5.0 (Windows NT 10.0; Win64; x64) AppleWebKit/537.36 (KHTML, like Gecko) Chrome/96.0.4664.45 Safari/537.36"
178.115.34.174 - - [24/Nov/2021:13:07:48 +0100] "GET /reload?ser=1637755668266 HTTP/1.1" 200 28 "http://renault.activities.at/result?searchterm=true&search=Teileaufkleber" "Mozilla/5.0 (Windows NT 10.0; Win64; x64) AppleWebKit/537.36 (KHTML, like Gecko) Chrome/96.0.4664.45 Safari/537.36 Edg/96.0.1054.29"
80.120.210.180 - - [24/Nov/2021:13:08:06 +0100] "GET /reload?ser=1637755686822 HTTP/1.1" 200 28 "http://renault.activities.at/" "Mozilla/5.0 (Windows NT 10.0; Win64; x64) AppleWebKit/537.36 (KHTML, like Gecko) Chrome/96.0.4664.45 Safari/537.36"
178.115.34.174 - - [24/Nov/2021:13:08:27 +0100] "GET /checkout HTTP/1.1" 200 10248 "http://renault.activities.at/result?searchterm=true&search=Teileaufkleber" "Mozilla/5.0 (Windows NT 10.0; Win64; x64) AppleWebKit/537.36 (KHTML, like Gecko) Chrome/96.0.4664.45 Safari/537.36 Edg/96.0.1054.29"
178.115.34.174 - - [24/Nov/2021:13:08:32 +0100] "GET /js/checkout2.js HTTP/1.1" 200 4122 "http://renault.activities.at/checkout" "Mozilla/5.0 (Windows NT 10.0; Win64; x64) AppleWebKit/537.36 (KHTML, like Gecko) Chrome/96.0.4664.45 Safari/537.36 Edg/96.0.1054.29"
178.115.34.174 - - [24/Nov/2021:13:08:32 +0100] "GET /loadthumbnail.php?id=10201939 HTTP/1.1" 200 201 "http://renault.activities.at/checkout" "Mozilla/5.0 (Windows NT 10.0; Win64; x64) AppleWebKit/537.36 (KHTML, like Gecko) Chrome/96.0.4664.45 Safari/537.36 Edg/96.0.1054.29"
178.115.34.174 - - [24/Nov/2021:13:08:32 +0100] "GET /images/step_bg.jpg HTTP/1.1" 200 319 "http://renault.activities.at/css/styles.css" "Mozilla/5.0 (Windows NT 10.0; Win64; x64) AppleWebKit/537.36 (KHTML, like Gecko) Chrome/96.0.4664.45 Safari/537.36 Edg/96.0.1054.29"
178.115.34.174 - - [24/Nov/2021:13:08:32 +0100] "GET /images/ajax_loading.gif HTTP/1.1" 200 1542 "http://renault.activities.at/checkout" "Mozilla/5.0 (Windows NT 10.0; Win64; x64) AppleWebKit/537.36 (KHTML, like Gecko) Chrome/96.0.4664.45 Safari/537.36 Edg/96.0.1054.29"
178.115.34.174 - - [24/Nov/2021:13:08:32 +0100] "GET /images/step_marker.gif HTTP/1.1" 200 650 "http://renault.activities.at/css/styles.css" "Mozilla/5.0 (Windows NT 10.0; Win64; x64) AppleWebKit/537.36 (KHTML, like Gecko) Chrome/96.0.4664.45 Safari/537.36 Edg/96.0.1054.29"
178.115.34.174 - - [24/Nov/2021:13:08:32 +0100] "GET /images/checkout_border_top.gif HTTP/1.1" 200 156 "http://renault.activities.at/css/styles.css" "Mozilla/5.0 (Windows NT 10.0; Win64; x64) AppleWebKit/537.36 (KHTML, like Gecko) Chrome/96.0.4664.45 Safari/537.36 Edg/96.0.1054.29"
178.115.34.174 - - [24/Nov/2021:13:08:32 +0100] "GET /images/checkout_border.gif HTTP/1.1" 200 43 "http://renault.activities.at/css/styles.css" "Mozilla/5.0 (Windows NT 10.0; Win64; x64) AppleWebKit/537.36 (KHTML, like Gecko) Chrome/96.0.4664.45 Safari/537.36 Edg/96.0.1054.29"
178.115.34.174 - - [24/Nov/2021:13:08:32 +0100] "GET /loadthumbnail.php?id=10202698 HTTP/1.1" 200 16686 "http://renault.activities.at/checkout" "Mozilla/5.0 (Windows NT 10.0; Win64; x64) AppleWebKit/537.36 (KHTML, like Gecko) Chrome/96.0.4664.45 Safari/537.36 Edg/96.0.1054.29"
91.112.99.126 - - [24/Nov/2021:13:08:41 +0100] "GET /reload?ser=1637755721539 HTTP/1.1" 200 28 "http://renault.activities.at/success" "Mozilla/5.0 (Windows NT 10.0; Win64; x64) AppleWebKit/537.36 (KHTML, like Gecko) Chrome/96.0.4664.45 Safari/537.36"
178.115.34.174 - - [24/Nov/2021:13:08:40 +0100] "POST /docheckout HTTP/1.1" 200 446 "http://renault.activities.at/checkout" "Mozilla/5.0 (Windows NT 10.0; Win64; x64) AppleWebKit/537.36 (KHTML, like Gecko) Chrome/96.0.4664.45 Safari/537.36 Edg/96.0.1054.29"
178.115.34.174 - - [24/Nov/2021:13:08:44 +0100] "POST /docheckout HTTP/1.1" 200 639 "http://renault.activities.at/checkout" "Mozilla/5.0 (Windows NT 10.0; Win64; x64) AppleWebKit/537.36 (KHTML, like Gecko) Chrome/96.0.4664.45 Safari/537.36 Edg/96.0.1054.29"
178.115.34.174 - - [24/Nov/2021:13:08:50 +0100] "POST /docheckout HTTP/1.1" 200 68 "http://renault.activities.at/checkout" "Mozilla/5.0 (Windows NT 10.0; Win64; x64) AppleWebKit/537.36 (KHTML, like Gecko) Chrome/96.0.4664.45 Safari/537.36 Edg/96.0.1054.29"
178.115.34.174 - - [24/Nov/2021:13:08:53 +0100] "GET /success HTTP/1.1" 200 3781 "http://renault.activities.at/checkout" "Mozilla/5.0 (Windows NT 10.0; Win64; x64) AppleWebKit/537.36 (KHTML, like Gecko) Chrome/96.0.4664.45 Safari/537.36 Edg/96.0.1054.29"
178.115.34.174 - - [24/Nov/2021:13:08:59 +0100] "GET /logout HTTP/1.1" 302 140 "http://renault.activities.at/success" "Mozilla/5.0 (Windows NT 10.0; Win64; x64) AppleWebKit/537.36 (KHTML, like Gecko) Chrome/96.0.4664.45 Safari/537.36 Edg/96.0.1054.29"
178.115.34.174 - - [24/Nov/2021:13:09:00 +0100] "GET /logout HTTP/1.1" 200 1583 "http://renault.activities.at/success" "Mozilla/5.0 (Windows NT 10.0; Win64; x64) AppleWebKit/537.36 (KHTML, like Gecko) Chrome/96.0.4664.45 Safari/537.36 Edg/96.0.1054.29"
178.115.34.174 - - [24/Nov/2021:13:09:06 +0100] "GET / HTTP/1.1" 200 3086 "http://renault.activities.at/logout" "Mozilla/5.0 (Windows NT 10.0; Win64; x64) AppleWebKit/537.36 (KHTML, like Gecko) Chrome/96.0.4664.45 Safari/537.36 Edg/96.0.1054.29"
80.120.210.180 - - [24/Nov/2021:13:09:07 +0100] "GET /reload?ser=1637755747486 HTTP/1.1" 200 28 "http://renault.activities.at/" "Mozilla/5.0 (Windows NT 10.0; Win64; x64) AppleWebKit/537.36 (KHTML, like Gecko) Chrome/96.0.4664.45 Safari/537.36"
91.112.99.126 - - [24/Nov/2021:13:09:43 +0100] "GET /reload?ser=1637755783539 HTTP/1.1" 200 28 "http://renault.activities.at/success" "Mozilla/5.0 (Windows NT 10.0; Win64; x64) AppleWebKit/537.36 (KHTML, like Gecko) Chrome/96.0.4664.45 Safari/537.36"
80.120.210.180 - - [24/Nov/2021:13:10:08 +0100] "GET /reload?ser=1637755808488 HTTP/1.1" 200 28 "http://renault.activities.at/" "Mozilla/5.0 (Windows NT 10.0; Win64; x64) AppleWebKit/537.36 (KHTML, like Gecko) Chrome/96.0.4664.45 Safari/537.36"
91.112.99.126 - - [24/Nov/2021:13:10:44 +0100] "GET /reload?ser=1637755844536 HTTP/1.1" 200 28 "http://renault.activities.at/success" "Mozilla/5.0 (Windows NT 10.0; Win64; x64) AppleWebKit/537.36 (KHTML, like Gecko) Chrome/96.0.4664.45 Safari/537.36"
80.120.210.180 - - [24/Nov/2021:13:11:09 +0100] "GET /reload?ser=1637755869475 HTTP/1.1" 200 28 "http://renault.activities.at/" "Mozilla/5.0 (Windows NT 10.0; Win64; x64) AppleWebKit/537.36 (KHTML, like Gecko) Chrome/96.0.4664.45 Safari/537.36"
91.112.99.126 - - [24/Nov/2021:13:11:45 +0100] "GET /reload?ser=1637755905541 HTTP/1.1" 200 28 "http://renault.activities.at/success" "Mozilla/5.0 (Windows NT 10.0; Win64; x64) AppleWebKit/537.36 (KHTML, like Gecko) Chrome/96.0.4664.45 Safari/537.36"
80.120.210.180 - - [24/Nov/2021:13:12:10 +0100] "GET /reload?ser=1637755930485 HTTP/1.1" 200 28 "http://renault.activities.at/" "Mozilla/5.0 (Windows NT 10.0; Win64; x64) AppleWebKit/537.36 (KHTML, like Gecko) Chrome/96.0.4664.45 Safari/537.36"
91.112.99.126 - - [24/Nov/2021:13:12:46 +0100] "GET /reload?ser=1637755966543 HTTP/1.1" 200 28 "http://renault.activities.at/success" "Mozilla/5.0 (Windows NT 10.0; Win64; x64) AppleWebKit/537.36 (KHTML, like Gecko) Chrome/96.0.4664.45 Safari/537.36"
80.120.210.180 - - [24/Nov/2021:13:13:11 +0100] "GET /reload?ser=1637755991474 HTTP/1.1" 200 28 "http://renault.activities.at/" "Mozilla/5.0 (Windows NT 10.0; Win64; x64) AppleWebKit/537.36 (KHTML, like Gecko) Chrome/96.0.4664.45 Safari/537.36"
91.112.99.126 - - [24/Nov/2021:13:13:48 +0100] "GET /reload?ser=1637756028534 HTTP/1.1" 200 28 "http://renault.activities.at/success" "Mozilla/5.0 (Windows NT 10.0; Win64; x64) AppleWebKit/537.36 (KHTML, like Gecko) Chrome/96.0.4664.45 Safari/537.36"
80.120.210.180 - - [24/Nov/2021:13:14:12 +0100] "GET /reload?ser=1637756052478 HTTP/1.1" 200 28 "http://renault.activities.at/" "Mozilla/5.0 (Windows NT 10.0; Win64; x64) AppleWebKit/537.36 (KHTML, like Gecko) Chrome/96.0.4664.45 Safari/537.36"
91.112.99.126 - - [24/Nov/2021:13:14:49 +0100] "GET /reload?ser=1637756089536 HTTP/1.1" 200 28 "http://renault.activities.at/success" "Mozilla/5.0 (Windows NT 10.0; Win64; x64) AppleWebKit/537.36 (KHTML, like Gecko) Chrome/96.0.4664.45 Safari/537.36"
80.120.210.180 - - [24/Nov/2021:13:15:13 +0100] "GET /reload?ser=1637756113474 HTTP/1.1" 200 28 "http://renault.activities.at/" "Mozilla/5.0 (Windows NT 10.0; Win64; x64) AppleWebKit/537.36 (KHTML, like Gecko) Chrome/96.0.4664.45 Safari/537.36"
91.112.99.126 - - [24/Nov/2021:13:15:50 +0100] "GET /reload?ser=1637756150541 HTTP/1.1" 200 28 "http://renault.activities.at/success" "Mozilla/5.0 (Windows NT 10.0; Win64; x64) AppleWebKit/537.36 (KHTML, like Gecko) Chrome/96.0.4664.45 Safari/537.36"
80.120.210.180 - - [24/Nov/2021:13:16:14 +0100] "GET /reload?ser=1637756174477 HTTP/1.1" 200 28 "http://renault.activities.at/" "Mozilla/5.0 (Windows NT 10.0; Win64; x64) AppleWebKit/537.36 (KHTML, like Gecko) Chrome/96.0.4664.45 Safari/537.36"
91.112.99.126 - - [24/Nov/2021:13:16:52 +0100] "GET /reload?ser=1637756212544 HTTP/1.1" 200 28 "http://renault.activities.at/success" "Mozilla/5.0 (Windows NT 10.0; Win64; x64) AppleWebKit/537.36 (KHTML, like Gecko) Chrome/96.0.4664.45 Safari/537.36"
207.46.13.138 - - [24/Nov/2021:13:17:12 +0100] "GET /10227785 HTTP/1.1" 200 2244 "-" "Mozilla/5.0 (compatible; bingbot/2.0; +http://www.bing.com/bingbot.htm)"
80.120.210.180 - - [24/Nov/2021:13:17:15 +0100] "GET /reload?ser=1637756235482 HTTP/1.1" 200 28 "http://renault.activities.at/" "Mozilla/5.0 (Windows NT 10.0; Win64; x64) AppleWebKit/537.36 (KHTML, like Gecko) Chrome/96.0.4664.45 Safari/537.36"
91.112.99.126 - - [24/Nov/2021:13:17:53 +0100] "GET /reload?ser=1637756273534 HTTP/1.1" 200 28 "http://renault.activities.at/success" "Mozilla/5.0 (Windows NT 10.0; Win64; x64) AppleWebKit/537.36 (KHTML, like Gecko) Chrome/96.0.4664.45 Safari/537.36"
80.120.210.180 - - [24/Nov/2021:13:18:16 +0100] "GET /reload?ser=1637756296489 HTTP/1.1" 200 28 "http://renault.activities.at/" "Mozilla/5.0 (Windows NT 10.0; Win64; x64) AppleWebKit/537.36 (KHTML, like Gecko) Chrome/96.0.4664.45 Safari/537.36"
91.112.99.126 - - [24/Nov/2021:13:18:55 +0100] "GET /reload?ser=1637756335536 HTTP/1.1" 200 28 "http://renault.activities.at/success" "Mozilla/5.0 (Windows NT 10.0; Win64; x64) AppleWebKit/537.36 (KHTML, like Gecko) Chrome/96.0.4664.45 Safari/537.36"
80.120.210.180 - - [24/Nov/2021:13:19:17 +0100] "GET /reload?ser=1637756357483 HTTP/1.1" 200 28 "http://renault.activities.at/" "Mozilla/5.0 (Windows NT 10.0; Win64; x64) AppleWebKit/537.36 (KHTML, like Gecko) Chrome/96.0.4664.45 Safari/537.36"
91.112.99.126 - - [24/Nov/2021:13:19:56 +0100] "GET /reload?ser=1637756396533 HTTP/1.1" 200 28 "http://renault.activities.at/success" "Mozilla/5.0 (Windows NT 10.0; Win64; x64) AppleWebKit/537.36 (KHTML, like Gecko) Chrome/96.0.4664.45 Safari/537.36"
80.120.210.180 - - [24/Nov/2021:13:20:18 +0100] "GET /reload?ser=1637756418474 HTTP/1.1" 200 28 "http://renault.activities.at/" "Mozilla/5.0 (Windows NT 10.0; Win64; x64) AppleWebKit/537.36 (KHTML, like Gecko) Chrome/96.0.4664.45 Safari/537.36"
91.112.99.126 - - [24/Nov/2021:13:20:58 +0100] "GET /reload?ser=1637756458541 HTTP/1.1" 200 28 "http://renault.activities.at/success" "Mozilla/5.0 (Windows NT 10.0; Win64; x64) AppleWebKit/537.36 (KHTML, like Gecko) Chrome/96.0.4664.45 Safari/537.36"
80.120.210.180 - - [24/Nov/2021:13:21:19 +0100] "GET /reload?ser=1637756479483 HTTP/1.1" 200 28 "http://renault.activities.at/" "Mozilla/5.0 (Windows NT 10.0; Win64; x64) AppleWebKit/537.36 (KHTML, like Gecko) Chrome/96.0.4664.45 Safari/537.36"
91.112.99.126 - - [24/Nov/2021:13:22:00 +0100] "GET /reload?ser=1637756520536 HTTP/1.1" 200 28 "http://renault.activities.at/success" "Mozilla/5.0 (Windows NT 10.0; Win64; x64) AppleWebKit/537.36 (KHTML, like Gecko) Chrome/96.0.4664.45 Safari/537.36"
