138.21.12.23 - - [29/Nov/2021:16:08:54 +0100] "GET /reload?ser=1638198533795 HTTP/1.1" 200 28 "http://renault.2web.at/account" "Mozilla/5.0 (Windows NT 10.0; Win64; x64) AppleWebKit/537.36 (KHTML, like Gecko) Chrome/96.0.4664.45 Safari/537.36"
93.83.245.18 - - [29/Nov/2021:16:08:55 +0100] "GET /10201637?dir=DESC&mode=grid&order=name&limit=15&page=11 HTTP/1.1" 200 9220 "http://renault.activities.at/10201637?dir=DESC&mode=grid&order=name&limit=15&page=9" "Mozilla/5.0 (Windows NT 10.0; Win64; x64) AppleWebKit/537.36 (KHTML, like Gecko) Chrome/96.0.4664.55 Safari/537.36 Edg/96.0.1054.34"
93.83.245.18 - - [29/Nov/2021:16:08:59 +0100] "GET /loadthumbnail.php?id=11112110&width=113 HTTP/1.1" 200 1851 "http://renault.activities.at/10201637?dir=DESC&mode=grid&order=name&limit=15&page=11" "Mozilla/5.0 (Windows NT 10.0; Win64; x64) AppleWebKit/537.36 (KHTML, like Gecko) Chrome/96.0.4664.55 Safari/537.36 Edg/96.0.1054.34"
93.83.245.18 - - [29/Nov/2021:16:08:59 +0100] "GET /loadthumbnail.php?id=11967858&width=113 HTTP/1.1" 200 1835 "http://renault.activities.at/10201637?dir=DESC&mode=grid&order=name&limit=15&page=11" "Mozilla/5.0 (Windows NT 10.0; Win64; x64) AppleWebKit/537.36 (KHTML, like Gecko) Chrome/96.0.4664.55 Safari/537.36 Edg/96.0.1054.34"
93.83.245.18 - - [29/Nov/2021:16:08:59 +0100] "GET /loadthumbnail.php?id=11112400&width=113 HTTP/1.1" 200 1851 "http://renault.activities.at/10201637?dir=DESC&mode=grid&order=name&limit=15&page=11" "Mozilla/5.0 (Windows NT 10.0; Win64; x64) AppleWebKit/537.36 (KHTML, like Gecko) Chrome/96.0.4664.55 Safari/537.36 Edg/96.0.1054.34"
93.83.245.18 - - [29/Nov/2021:16:08:59 +0100] "GET /loadthumbnail.php?id=12029411&width=113 HTTP/1.1" 200 3687 "http://renault.activities.at/10201637?dir=DESC&mode=grid&order=name&limit=15&page=11" "Mozilla/5.0 (Windows NT 10.0; Win64; x64) AppleWebKit/537.36 (KHTML, like Gecko) Chrome/96.0.4664.55 Safari/537.36 Edg/96.0.1054.34"
93.83.245.18 - - [29/Nov/2021:16:08:59 +0100] "GET /loadthumbnail.php?id=11304834&width=113 HTTP/1.1" 200 1055 "http://renault.activities.at/10201637?dir=DESC&mode=grid&order=name&limit=15&page=11" "Mozilla/5.0 (Windows NT 10.0; Win64; x64) AppleWebKit/537.36 (KHTML, like Gecko) Chrome/96.0.4664.55 Safari/537.36 Edg/96.0.1054.34"
93.83.245.18 - - [29/Nov/2021:16:08:59 +0100] "GET /loadthumbnail.php?id=12029410&width=113 HTTP/1.1" 200 3108 "http://renault.activities.at/10201637?dir=DESC&mode=grid&order=name&limit=15&page=11" "Mozilla/5.0 (Windows NT 10.0; Win64; x64) AppleWebKit/537.36 (KHTML, like Gecko) Chrome/96.0.4664.55 Safari/537.36 Edg/96.0.1054.34"
93.83.245.18 - - [29/Nov/2021:16:09:00 +0100] "GET /loadthumbnail.php?id=11730459&width=113 HTTP/1.1" 200 4795 "http://renault.activities.at/10201637?dir=DESC&mode=grid&order=name&limit=15&page=11" "Mozilla/5.0 (Windows NT 10.0; Win64; x64) AppleWebKit/537.36 (KHTML, like Gecko) Chrome/96.0.4664.55 Safari/537.36 Edg/96.0.1054.34"
185.58.53.32 - - [29/Nov/2021:16:09:01 +0100] "GET /reload?ser=1638198541097 HTTP/1.1" 200 28 "http://renault.activities.at/result?searchterm=true&search=renault+service" "Mozilla/5.0 (Windows NT 10.0; Win64; x64) AppleWebKit/537.36 (KHTML, like Gecko) Chrome/96.0.4664.45 Safari/537.36"
93.83.167.218 - - [29/Nov/2021:16:09:03 +0100] "GET /reload?ser=1638198449774 HTTP/1.1" 200 28 "http://renault.activities.at/result?searchterm=true&search=Poster" "Mozilla/5.0 (Windows NT 10.0; Win64; x64) AppleWebKit/537.36 (KHTML, like Gecko) Chrome/96.0.4664.45 Safari/537.36"
93.83.245.18 - - [29/Nov/2021:16:09:16 +0100] "GET /10201637?dir=DESC&mode=grid&order=name&limit=15&page=12 HTTP/1.1" 200 9215 "http://renault.activities.at/10201637?dir=DESC&mode=grid&order=name&limit=15&page=11" "Mozilla/5.0 (Windows NT 10.0; Win64; x64) AppleWebKit/537.36 (KHTML, like Gecko) Chrome/96.0.4664.55 Safari/537.36 Edg/96.0.1054.34"
93.83.245.18 - - [29/Nov/2021:16:09:40 +0100] "GET /10201637?dir=DESC&mode=grid&order=name&limit=15&page=13 HTTP/1.1" 200 6629 "http://renault.activities.at/10201637?dir=DESC&mode=grid&order=name&limit=15&page=12" "Mozilla/5.0 (Windows NT 10.0; Win64; x64) AppleWebKit/537.36 (KHTML, like Gecko) Chrome/96.0.4664.55 Safari/537.36 Edg/96.0.1054.34"
93.83.245.18 - - [29/Nov/2021:16:09:43 +0100] "GET /loadthumbnail.php?id=10848346&width=113 HTTP/1.1" 200 2340 "http://renault.activities.at/10201637?dir=DESC&mode=grid&order=name&limit=15&page=13" "Mozilla/5.0 (Windows NT 10.0; Win64; x64) AppleWebKit/537.36 (KHTML, like Gecko) Chrome/96.0.4664.55 Safari/537.36 Edg/96.0.1054.34"
138.21.12.23 - - [29/Nov/2021:16:09:56 +0100] "GET /reload?ser=1638198595797 HTTP/1.1" 200 28 "http://renault.2web.at/account" "Mozilla/5.0 (Windows NT 10.0; Win64; x64) AppleWebKit/537.36 (KHTML, like Gecko) Chrome/96.0.4664.45 Safari/537.36"
185.58.53.32 - - [29/Nov/2021:16:10:02 +0100] "GET /reload?ser=1638198602096 HTTP/1.1" 200 28 "http://renault.activities.at/result?searchterm=true&search=renault+service" "Mozilla/5.0 (Windows NT 10.0; Win64; x64) AppleWebKit/537.36 (KHTML, like Gecko) Chrome/96.0.4664.45 Safari/537.36"
93.83.167.218 - - [29/Nov/2021:16:10:04 +0100] "GET /reload?ser=1638198510782 HTTP/1.1" 200 28 "http://renault.activities.at/result?searchterm=true&search=Poster" "Mozilla/5.0 (Windows NT 10.0; Win64; x64) AppleWebKit/537.36 (KHTML, like Gecko) Chrome/96.0.4664.45 Safari/537.36"
93.83.245.18 - - [29/Nov/2021:16:10:03 +0100] "GET /10201637?cat=10260273 HTTP/1.1" 200 9045 "http://renault.activities.at/10201637?dir=DESC&mode=grid&order=name&limit=15&page=13" "Mozilla/5.0 (Windows NT 10.0; Win64; x64) AppleWebKit/537.36 (KHTML, like Gecko) Chrome/96.0.4664.55 Safari/537.36 Edg/96.0.1054.34"
138.21.12.23 - - [29/Nov/2021:16:10:58 +0100] "GET /reload?ser=1638198657798 HTTP/1.1" 200 28 "http://renault.2web.at/account" "Mozilla/5.0 (Windows NT 10.0; Win64; x64) AppleWebKit/537.36 (KHTML, like Gecko) Chrome/96.0.4664.45 Safari/537.36"
185.58.53.32 - - [29/Nov/2021:16:11:03 +0100] "GET /reload?ser=1638198663091 HTTP/1.1" 200 28 "http://renault.activities.at/result?searchterm=true&search=renault+service" "Mozilla/5.0 (Windows NT 10.0; Win64; x64) AppleWebKit/537.36 (KHTML, like Gecko) Chrome/96.0.4664.45 Safari/537.36"
93.83.167.218 - - [29/Nov/2021:16:11:05 +0100] "GET /reload?ser=1638198571791 HTTP/1.1" 200 28 "http://renault.activities.at/result?searchterm=true&search=Poster" "Mozilla/5.0 (Windows NT 10.0; Win64; x64) AppleWebKit/537.36 (KHTML, like Gecko) Chrome/96.0.4664.45 Safari/537.36"
93.83.245.18 - - [29/Nov/2021:16:11:07 +0100] "GET /reload?ser=1638198666820 HTTP/1.1" 200 28 "http://renault.activities.at/10201637?cat=10260273" "Mozilla/5.0 (Windows NT 10.0; Win64; x64) AppleWebKit/537.36 (KHTML, like Gecko) Chrome/96.0.4664.55 Safari/537.36 Edg/96.0.1054.34"
93.83.245.18 - - [29/Nov/2021:16:11:29 +0100] "GET /10201637?dir=DESC&mode=grid&order=name&limit=15&page=2&cat=10260273 HTTP/1.1" 200 7119 "http://renault.activities.at/10201637?cat=10260273" "Mozilla/5.0 (Windows NT 10.0; Win64; x64) AppleWebKit/537.36 (KHTML, like Gecko) Chrome/96.0.4664.55 Safari/537.36 Edg/96.0.1054.34"
93.83.245.18 - - [29/Nov/2021:16:11:50 +0100] "GET /cart HTTP/1.1" 200 5399 "http://renault.activities.at/10201637?dir=DESC&mode=grid&order=name&limit=15&page=2&cat=10260273" "Mozilla/5.0 (Windows NT 10.0; Win64; x64) AppleWebKit/537.36 (KHTML, like Gecko) Chrome/96.0.4664.55 Safari/537.36 Edg/96.0.1054.34"
93.83.245.18 - - [29/Nov/2021:16:11:53 +0100] "GET /loadthumbnail.php?id=10232009&width=16&height=16 HTTP/1.1" 200 700 "http://renault.activities.at/cart" "Mozilla/5.0 (Windows NT 10.0; Win64; x64) AppleWebKit/537.36 (KHTML, like Gecko) Chrome/96.0.4664.55 Safari/537.36 Edg/96.0.1054.34"
93.83.245.18 - - [29/Nov/2021:16:11:53 +0100] "GET /loadthumbnail.php?id=10203650&width=100 HTTP/1.1" 200 2545 "http://renault.activities.at/cart" "Mozilla/5.0 (Windows NT 10.0; Win64; x64) AppleWebKit/537.36 (KHTML, like Gecko) Chrome/96.0.4664.55 Safari/537.36 Edg/96.0.1054.34"
93.83.245.18 - - [29/Nov/2021:16:11:53 +0100] "GET /loadthumbnail.php?id=10986339&width=100 HTTP/1.1" 200 2565 "http://renault.activities.at/cart" "Mozilla/5.0 (Windows NT 10.0; Win64; x64) AppleWebKit/537.36 (KHTML, like Gecko) Chrome/96.0.4664.55 Safari/537.36 Edg/96.0.1054.34"
138.21.12.23 - - [29/Nov/2021:16:12:01 +0100] "GET /reload?ser=1638198720801 HTTP/1.1" 200 28 "http://renault.2web.at/account" "Mozilla/5.0 (Windows NT 10.0; Win64; x64) AppleWebKit/537.36 (KHTML, like Gecko) Chrome/96.0.4664.45 Safari/537.36"
185.58.53.32 - - [29/Nov/2021:16:12:04 +0100] "GET /reload?ser=1638198724104 HTTP/1.1" 200 28 "http://renault.activities.at/result?searchterm=true&search=renault+service" "Mozilla/5.0 (Windows NT 10.0; Win64; x64) AppleWebKit/537.36 (KHTML, like Gecko) Chrome/96.0.4664.45 Safari/537.36"
93.83.167.218 - - [29/Nov/2021:16:12:07 +0100] "GET /reload?ser=1638198633799 HTTP/1.1" 200 28 "http://renault.activities.at/result?searchterm=true&search=Poster" "Mozilla/5.0 (Windows NT 10.0; Win64; x64) AppleWebKit/537.36 (KHTML, like Gecko) Chrome/96.0.4664.45 Safari/537.36"
93.83.245.18 - - [29/Nov/2021:16:12:09 +0100] "GET /aboutus HTTP/1.1" 200 4782 "http://renault.activities.at/cart" "Mozilla/5.0 (Windows NT 10.0; Win64; x64) AppleWebKit/537.36 (KHTML, like Gecko) Chrome/96.0.4664.55 Safari/537.36 Edg/96.0.1054.34"
93.83.245.18 - - [29/Nov/2021:16:12:53 +0100] "GET /reload?ser=1638198773516 HTTP/1.1" 200 28 "http://renault.activities.at/cart" "Mozilla/5.0 (Windows NT 10.0; Win64; x64) AppleWebKit/537.36 (KHTML, like Gecko) Chrome/96.0.4664.55 Safari/537.36 Edg/96.0.1054.34"
138.21.12.23 - - [29/Nov/2021:16:13:03 +0100] "GET /reload?ser=1638198782802 HTTP/1.1" 200 28 "http://renault.2web.at/account" "Mozilla/5.0 (Windows NT 10.0; Win64; x64) AppleWebKit/537.36 (KHTML, like Gecko) Chrome/96.0.4664.45 Safari/537.36"
185.58.53.32 - - [29/Nov/2021:16:13:05 +0100] "GET /reload?ser=1638198785103 HTTP/1.1" 200 28 "http://renault.activities.at/result?searchterm=true&search=renault+service" "Mozilla/5.0 (Windows NT 10.0; Win64; x64) AppleWebKit/537.36 (KHTML, like Gecko) Chrome/96.0.4664.45 Safari/537.36"
93.83.167.218 - - [29/Nov/2021:16:13:08 +0100] "GET /reload?ser=1638198694807 HTTP/1.1" 200 28 "http://renault.activities.at/result?searchterm=true&search=Poster" "Mozilla/5.0 (Windows NT 10.0; Win64; x64) AppleWebKit/537.36 (KHTML, like Gecko) Chrome/96.0.4664.45 Safari/537.36"
93.83.245.18 - - [29/Nov/2021:16:13:10 +0100] "GET /reload?ser=1638198790511 HTTP/1.1" 200 28 "http://renault.activities.at/aboutus" "Mozilla/5.0 (Windows NT 10.0; Win64; x64) AppleWebKit/537.36 (KHTML, like Gecko) Chrome/96.0.4664.55 Safari/537.36 Edg/96.0.1054.34"
93.83.245.18 - - [29/Nov/2021:16:13:55 +0100] "GET /reload?ser=1638198835515 HTTP/1.1" 200 28 "http://renault.activities.at/cart" "Mozilla/5.0 (Windows NT 10.0; Win64; x64) AppleWebKit/537.36 (KHTML, like Gecko) Chrome/96.0.4664.55 Safari/537.36 Edg/96.0.1054.34"
138.21.12.23 - - [29/Nov/2021:16:14:05 +0100] "GET /reload?ser=1638198844804 HTTP/1.1" 200 28 "http://renault.2web.at/account" "Mozilla/5.0 (Windows NT 10.0; Win64; x64) AppleWebKit/537.36 (KHTML, like Gecko) Chrome/96.0.4664.45 Safari/537.36"
185.58.53.32 - - [29/Nov/2021:16:14:06 +0100] "GET /reload?ser=1638198846094 HTTP/1.1" 200 28 "http://renault.activities.at/result?searchterm=true&search=renault+service" "Mozilla/5.0 (Windows NT 10.0; Win64; x64) AppleWebKit/537.36 (KHTML, like Gecko) Chrome/96.0.4664.45 Safari/537.36"
93.83.167.218 - - [29/Nov/2021:16:14:09 +0100] "GET /reload?ser=1638198755816 HTTP/1.1" 200 28 "http://renault.activities.at/result?searchterm=true&search=Poster" "Mozilla/5.0 (Windows NT 10.0; Win64; x64) AppleWebKit/537.36 (KHTML, like Gecko) Chrome/96.0.4664.45 Safari/537.36"
93.83.245.18 - - [29/Nov/2021:16:14:12 +0100] "GET /reload?ser=1638198852519 HTTP/1.1" 200 28 "http://renault.activities.at/aboutus" "Mozilla/5.0 (Windows NT 10.0; Win64; x64) AppleWebKit/537.36 (KHTML, like Gecko) Chrome/96.0.4664.55 Safari/537.36 Edg/96.0.1054.34"
93.83.245.18 - - [29/Nov/2021:16:14:40 +0100] "GET /checkout HTTP/1.1" 200 10258 "http://renault.activities.at/aboutus" "Mozilla/5.0 (Windows NT 10.0; Win64; x64) AppleWebKit/537.36 (KHTML, like Gecko) Chrome/96.0.4664.55 Safari/537.36 Edg/96.0.1054.34"
93.83.245.18 - - [29/Nov/2021:16:14:44 +0100] "GET /js/checkout2.js HTTP/1.1" 200 4122 "http://renault.activities.at/checkout" "Mozilla/5.0 (Windows NT 10.0; Win64; x64) AppleWebKit/537.36 (KHTML, like Gecko) Chrome/96.0.4664.55 Safari/537.36 Edg/96.0.1054.34"
93.83.245.18 - - [29/Nov/2021:16:14:44 +0100] "GET /images/ajax_loading.gif HTTP/1.1" 200 1542 "http://renault.activities.at/checkout" "Mozilla/5.0 (Windows NT 10.0; Win64; x64) AppleWebKit/537.36 (KHTML, like Gecko) Chrome/96.0.4664.55 Safari/537.36 Edg/96.0.1054.34"
93.83.245.18 - - [29/Nov/2021:16:14:44 +0100] "GET /images/step_bg.jpg HTTP/1.1" 200 319 "http://renault.activities.at/css/styles.css" "Mozilla/5.0 (Windows NT 10.0; Win64; x64) AppleWebKit/537.36 (KHTML, like Gecko) Chrome/96.0.4664.55 Safari/537.36 Edg/96.0.1054.34"
93.83.245.18 - - [29/Nov/2021:16:14:44 +0100] "GET /images/step_marker.gif HTTP/1.1" 200 650 "http://renault.activities.at/css/styles.css" "Mozilla/5.0 (Windows NT 10.0; Win64; x64) AppleWebKit/537.36 (KHTML, like Gecko) Chrome/96.0.4664.55 Safari/537.36 Edg/96.0.1054.34"
93.83.245.18 - - [29/Nov/2021:16:14:44 +0100] "GET /images/checkout_border.gif HTTP/1.1" 200 43 "http://renault.activities.at/css/styles.css" "Mozilla/5.0 (Windows NT 10.0; Win64; x64) AppleWebKit/537.36 (KHTML, like Gecko) Chrome/96.0.4664.55 Safari/537.36 Edg/96.0.1054.34"
93.83.245.18 - - [29/Nov/2021:16:14:44 +0100] "GET /images/checkout_border_top.gif HTTP/1.1" 200 156 "http://renault.activities.at/css/styles.css" "Mozilla/5.0 (Windows NT 10.0; Win64; x64) AppleWebKit/537.36 (KHTML, like Gecko) Chrome/96.0.4664.55 Safari/537.36 Edg/96.0.1054.34"
93.83.245.18 - - [29/Nov/2021:16:14:44 +0100] "GET /loadthumbnail.php?id=10201939 HTTP/1.1" 200 201 "http://renault.activities.at/checkout" "Mozilla/5.0 (Windows NT 10.0; Win64; x64) AppleWebKit/537.36 (KHTML, like Gecko) Chrome/96.0.4664.55 Safari/537.36 Edg/96.0.1054.34"
93.83.245.18 - - [29/Nov/2021:16:14:44 +0100] "GET /loadthumbnail.php?id=10202698 HTTP/1.1" 200 16686 "http://renault.activities.at/checkout" "Mozilla/5.0 (Windows NT 10.0; Win64; x64) AppleWebKit/537.36 (KHTML, like Gecko) Chrome/96.0.4664.55 Safari/537.36 Edg/96.0.1054.34"
93.83.245.18 - - [29/Nov/2021:16:14:49 +0100] "POST /docheckout HTTP/1.1" 200 463 "http://renault.activities.at/checkout" "Mozilla/5.0 (Windows NT 10.0; Win64; x64) AppleWebKit/537.36 (KHTML, like Gecko) Chrome/96.0.4664.55 Safari/537.36 Edg/96.0.1054.34"
93.83.245.18 - - [29/Nov/2021:16:14:52 +0100] "POST /docheckout HTTP/1.1" 200 693 "http://renault.activities.at/checkout" "Mozilla/5.0 (Windows NT 10.0; Win64; x64) AppleWebKit/537.36 (KHTML, like Gecko) Chrome/96.0.4664.55 Safari/537.36 Edg/96.0.1054.34"
93.83.245.18 - - [29/Nov/2021:16:14:54 +0100] "GET /images/error_msg_icon.gif HTTP/1.1" 200 1013 "http://renault.activities.at/checkout" "Mozilla/5.0 (Windows NT 10.0; Win64; x64) AppleWebKit/537.36 (KHTML, like Gecko) Chrome/96.0.4664.55 Safari/537.36 Edg/96.0.1054.34"
93.83.245.18 - - [29/Nov/2021:16:14:56 +0100] "GET /reload?ser=1638198896520 HTTP/1.1" 200 28 "http://renault.activities.at/cart" "Mozilla/5.0 (Windows NT 10.0; Win64; x64) AppleWebKit/537.36 (KHTML, like Gecko) Chrome/96.0.4664.55 Safari/537.36 Edg/96.0.1054.34"
93.83.245.18 - - [29/Nov/2021:16:14:59 +0100] "POST /docheckout HTTP/1.1" 200 68 "http://renault.activities.at/checkout" "Mozilla/5.0 (Windows NT 10.0; Win64; x64) AppleWebKit/537.36 (KHTML, like Gecko) Chrome/96.0.4664.55 Safari/537.36 Edg/96.0.1054.34"
93.83.245.18 - - [29/Nov/2021:16:15:03 +0100] "GET /success HTTP/1.1" 200 3780 "http://renault.activities.at/checkout" "Mozilla/5.0 (Windows NT 10.0; Win64; x64) AppleWebKit/537.36 (KHTML, like Gecko) Chrome/96.0.4664.55 Safari/537.36 Edg/96.0.1054.34"
185.58.53.32 - - [29/Nov/2021:16:15:07 +0100] "GET /reload?ser=1638198907099 HTTP/1.1" 200 28 "http://renault.activities.at/result?searchterm=true&search=renault+service" "Mozilla/5.0 (Windows NT 10.0; Win64; x64) AppleWebKit/537.36 (KHTML, like Gecko) Chrome/96.0.4664.45 Safari/537.36"
138.21.12.23 - - [29/Nov/2021:16:15:07 +0100] "GET /reload?ser=1638198906806 HTTP/1.1" 200 28 "http://renault.2web.at/account" "Mozilla/5.0 (Windows NT 10.0; Win64; x64) AppleWebKit/537.36 (KHTML, like Gecko) Chrome/96.0.4664.45 Safari/537.36"
93.83.167.218 - - [29/Nov/2021:16:15:10 +0100] "GET /reload?ser=1638198816823 HTTP/1.1" 200 28 "http://renault.activities.at/result?searchterm=true&search=Poster" "Mozilla/5.0 (Windows NT 10.0; Win64; x64) AppleWebKit/537.36 (KHTML, like Gecko) Chrome/96.0.4664.45 Safari/537.36"
93.83.245.18 - - [29/Nov/2021:16:15:14 +0100] "GET /logout HTTP/1.1" 302 140 "http://renault.activities.at/success" "Mozilla/5.0 (Windows NT 10.0; Win64; x64) AppleWebKit/537.36 (KHTML, like Gecko) Chrome/96.0.4664.55 Safari/537.36 Edg/96.0.1054.34"
93.83.245.18 - - [29/Nov/2021:16:15:15 +0100] "GET /logout HTTP/1.1" 200 1583 "http://renault.activities.at/success" "Mozilla/5.0 (Windows NT 10.0; Win64; x64) AppleWebKit/537.36 (KHTML, like Gecko) Chrome/96.0.4664.55 Safari/537.36 Edg/96.0.1054.34"
185.58.53.32 - - [29/Nov/2021:16:16:08 +0100] "GET /reload?ser=1638198968103 HTTP/1.1" 200 28 "http://renault.activities.at/result?searchterm=true&search=renault+service" "Mozilla/5.0 (Windows NT 10.0; Win64; x64) AppleWebKit/537.36 (KHTML, like Gecko) Chrome/96.0.4664.45 Safari/537.36"
138.21.12.23 - - [29/Nov/2021:16:16:09 +0100] "GET /reload?ser=1638198969045 HTTP/1.1" 200 28 "http://renault.2web.at/account" "Mozilla/5.0 (Windows NT 10.0; Win64; x64) AppleWebKit/537.36 (KHTML, like Gecko) Chrome/96.0.4664.45 Safari/537.36"
93.83.167.218 - - [29/Nov/2021:16:16:11 +0100] "GET /reload?ser=1638198877817 HTTP/1.1" 200 28 "http://renault.activities.at/result?searchterm=true&search=Poster" "Mozilla/5.0 (Windows NT 10.0; Win64; x64) AppleWebKit/537.36 (KHTML, like Gecko) Chrome/96.0.4664.45 Safari/537.36"
185.58.53.32 - - [29/Nov/2021:16:17:09 +0100] "GET /reload?ser=1638199029098 HTTP/1.1" 200 28 "http://renault.activities.at/result?searchterm=true&search=renault+service" "Mozilla/5.0 (Windows NT 10.0; Win64; x64) AppleWebKit/537.36 (KHTML, like Gecko) Chrome/96.0.4664.45 Safari/537.36"
138.21.12.23 - - [29/Nov/2021:16:17:11 +0100] "GET /reload?ser=1638199030808 HTTP/1.1" 200 28 "http://renault.2web.at/account" "Mozilla/5.0 (Windows NT 10.0; Win64; x64) AppleWebKit/537.36 (KHTML, like Gecko) Chrome/96.0.4664.45 Safari/537.36"
93.83.167.218 - - [29/Nov/2021:16:17:12 +0100] "GET /reload?ser=1638198938798 HTTP/1.1" 200 28 "http://renault.activities.at/result?searchterm=true&search=Poster" "Mozilla/5.0 (Windows NT 10.0; Win64; x64) AppleWebKit/537.36 (KHTML, like Gecko) Chrome/96.0.4664.45 Safari/537.36"
185.58.53.32 - - [29/Nov/2021:16:18:10 +0100] "GET /reload?ser=1638199090091 HTTP/1.1" 200 28 "http://renault.activities.at/result?searchterm=true&search=renault+service" "Mozilla/5.0 (Windows NT 10.0; Win64; x64) AppleWebKit/537.36 (KHTML, like Gecko) Chrome/96.0.4664.45 Safari/537.36"
138.21.12.23 - - [29/Nov/2021:16:18:13 +0100] "GET /reload?ser=1638199092809 HTTP/1.1" 200 28 "http://renault.2web.at/account" "Mozilla/5.0 (Windows NT 10.0; Win64; x64) AppleWebKit/537.36 (KHTML, like Gecko) Chrome/96.0.4664.45 Safari/537.36"
93.83.167.218 - - [29/Nov/2021:16:18:13 +0100] "GET /reload?ser=1638198999778 HTTP/1.1" 200 28 "http://renault.activities.at/result?searchterm=true&search=Poster" "Mozilla/5.0 (Windows NT 10.0; Win64; x64) AppleWebKit/537.36 (KHTML, like Gecko) Chrome/96.0.4664.45 Safari/537.36"
185.58.53.32 - - [29/Nov/2021:16:19:11 +0100] "GET /reload?ser=1638199151097 HTTP/1.1" 200 28 "http://renault.activities.at/result?searchterm=true&search=renault+service" "Mozilla/5.0 (Windows NT 10.0; Win64; x64) AppleWebKit/537.36 (KHTML, like Gecko) Chrome/96.0.4664.45 Safari/537.36"
93.83.167.218 - - [29/Nov/2021:16:19:14 +0100] "GET /reload?ser=1638199060758 HTTP/1.1" 200 28 "http://renault.activities.at/result?searchterm=true&search=Poster" "Mozilla/5.0 (Windows NT 10.0; Win64; x64) AppleWebKit/537.36 (KHTML, like Gecko) Chrome/96.0.4664.45 Safari/537.36"
138.21.12.23 - - [29/Nov/2021:16:19:15 +0100] "GET /reload?ser=1638199154812 HTTP/1.1" 200 28 "http://renault.2web.at/account" "Mozilla/5.0 (Windows NT 10.0; Win64; x64) AppleWebKit/537.36 (KHTML, like Gecko) Chrome/96.0.4664.45 Safari/537.36"
185.58.53.32 - - [29/Nov/2021:16:20:13 +0100] "GET /reload?ser=1638199213100 HTTP/1.1" 200 28 "http://renault.activities.at/result?searchterm=true&search=renault+service" "Mozilla/5.0 (Windows NT 10.0; Win64; x64) AppleWebKit/537.36 (KHTML, like Gecko) Chrome/96.0.4664.45 Safari/537.36"
93.83.167.218 - - [29/Nov/2021:16:20:15 +0100] "GET /reload?ser=1638199121738 HTTP/1.1" 200 28 "http://renault.activities.at/result?searchterm=true&search=Poster" "Mozilla/5.0 (Windows NT 10.0; Win64; x64) AppleWebKit/537.36 (KHTML, like Gecko) Chrome/96.0.4664.45 Safari/537.36"
138.21.12.23 - - [29/Nov/2021:16:20:17 +0100] "GET /reload?ser=1638199216812 HTTP/1.1" 200 28 "http://renault.2web.at/account" "Mozilla/5.0 (Windows NT 10.0; Win64; x64) AppleWebKit/537.36 (KHTML, like Gecko) Chrome/96.0.4664.45 Safari/537.36"
185.58.53.32 - - [29/Nov/2021:16:21:14 +0100] "GET /reload?ser=1638199274096 HTTP/1.1" 200 28 "http://renault.activities.at/result?searchterm=true&search=renault+service" "Mozilla/5.0 (Windows NT 10.0; Win64; x64) AppleWebKit/537.36 (KHTML, like Gecko) Chrome/96.0.4664.45 Safari/537.36"
93.83.167.218 - - [29/Nov/2021:16:21:16 +0100] "GET /reload?ser=1638199182719 HTTP/1.1" 200 28 "http://renault.activities.at/result?searchterm=true&search=Poster" "Mozilla/5.0 (Windows NT 10.0; Win64; x64) AppleWebKit/537.36 (KHTML, like Gecko) Chrome/96.0.4664.45 Safari/537.36"
138.21.12.23 - - [29/Nov/2021:16:21:19 +0100] "GET /reload?ser=1638199278815 HTTP/1.1" 200 28 "http://renault.2web.at/account" "Mozilla/5.0 (Windows NT 10.0; Win64; x64) AppleWebKit/537.36 (KHTML, like Gecko) Chrome/96.0.4664.45 Safari/537.36"
185.58.53.32 - - [29/Nov/2021:16:22:15 +0100] "GET /reload?ser=1638199335104 HTTP/1.1" 200 28 "http://renault.activities.at/result?searchterm=true&search=renault+service" "Mozilla/5.0 (Windows NT 10.0; Win64; x64) AppleWebKit/537.36 (KHTML, like Gecko) Chrome/96.0.4664.45 Safari/537.36"
93.83.167.218 - - [29/Nov/2021:16:22:17 +0100] "GET /reload?ser=1638199243700 HTTP/1.1" 200 28 "http://renault.activities.at/result?searchterm=true&search=Poster" "Mozilla/5.0 (Windows NT 10.0; Win64; x64) AppleWebKit/537.36 (KHTML, like Gecko) Chrome/96.0.4664.45 Safari/537.36"
138.21.12.23 - - [29/Nov/2021:16:22:21 +0100] "GET /reload?ser=1638199340816 HTTP/1.1" 200 28 "http://renault.2web.at/account" "Mozilla/5.0 (Windows NT 10.0; Win64; x64) AppleWebKit/537.36 (KHTML, like Gecko) Chrome/96.0.4664.45 Safari/537.36"
185.58.53.32 - - [29/Nov/2021:16:23:17 +0100] "GET /reload?ser=1638199397100 HTTP/1.1" 200 28 "http://renault.activities.at/result?searchterm=true&search=renault+service" "Mozilla/5.0 (Windows NT 10.0; Win64; x64) AppleWebKit/537.36 (KHTML, like Gecko) Chrome/96.0.4664.45 Safari/537.36"
93.83.167.218 - - [29/Nov/2021:16:23:18 +0100] "GET /reload?ser=1638199304681 HTTP/1.1" 200 28 "http://renault.activities.at/result?searchterm=true&search=Poster" "Mozilla/5.0 (Windows NT 10.0; Win64; x64) AppleWebKit/537.36 (KHTML, like Gecko) Chrome/96.0.4664.45 Safari/537.36"
138.21.12.23 - - [29/Nov/2021:16:23:23 +0100] "GET /reload?ser=1638199402816 HTTP/1.1" 200 28 "http://renault.2web.at/account" "Mozilla/5.0 (Windows NT 10.0; Win64; x64) AppleWebKit/537.36 (KHTML, like Gecko) Chrome/96.0.4664.45 Safari/537.36"
185.58.53.32 - - [29/Nov/2021:16:24:18 +0100] "GET /reload?ser=1638199458099 HTTP/1.1" 200 28 "http://renault.activities.at/result?searchterm=true&search=renault+service" "Mozilla/5.0 (Windows NT 10.0; Win64; x64) AppleWebKit/537.36 (KHTML, like Gecko) Chrome/96.0.4664.45 Safari/537.36"
93.83.167.218 - - [29/Nov/2021:16:24:19 +0100] "GET /reload?ser=1638199365663 HTTP/1.1" 200 28 "http://renault.activities.at/result?searchterm=true&search=Poster" "Mozilla/5.0 (Windows NT 10.0; Win64; x64) AppleWebKit/537.36 (KHTML, like Gecko) Chrome/96.0.4664.45 Safari/537.36"
138.21.12.23 - - [29/Nov/2021:16:24:25 +0100] "GET /reload?ser=1638199464822 HTTP/1.1" 200 28 "http://renault.2web.at/account" "Mozilla/5.0 (Windows NT 10.0; Win64; x64) AppleWebKit/537.36 (KHTML, like Gecko) Chrome/96.0.4664.45 Safari/537.36"
185.58.53.32 - - [29/Nov/2021:16:25:19 +0100] "GET /reload?ser=1638199519104 HTTP/1.1" 200 28 "http://renault.activities.at/result?searchterm=true&search=renault+service" "Mozilla/5.0 (Windows NT 10.0; Win64; x64) AppleWebKit/537.36 (KHTML, like Gecko) Chrome/96.0.4664.45 Safari/537.36"
93.83.167.218 - - [29/Nov/2021:16:25:20 +0100] "GET /reload?ser=1638199426645 HTTP/1.1" 200 28 "http://renault.activities.at/result?searchterm=true&search=Poster" "Mozilla/5.0 (Windows NT 10.0; Win64; x64) AppleWebKit/537.36 (KHTML, like Gecko) Chrome/96.0.4664.45 Safari/537.36"
138.21.12.23 - - [29/Nov/2021:16:25:27 +0100] "GET /reload?ser=1638199526820 HTTP/1.1" 200 28 "http://renault.2web.at/account" "Mozilla/5.0 (Windows NT 10.0; Win64; x64) AppleWebKit/537.36 (KHTML, like Gecko) Chrome/96.0.4664.45 Safari/537.36"
185.58.53.32 - - [29/Nov/2021:16:26:21 +0100] "GET /reload?ser=1638199581106 HTTP/1.1" 200 28 "http://renault.activities.at/result?searchterm=true&search=renault+service" "Mozilla/5.0 (Windows NT 10.0; Win64; x64) AppleWebKit/537.36 (KHTML, like Gecko) Chrome/96.0.4664.45 Safari/537.36"
93.83.167.218 - - [29/Nov/2021:16:26:22 +0100] "GET /reload?ser=1638199488627 HTTP/1.1" 200 28 "http://renault.activities.at/result?searchterm=true&search=Poster" "Mozilla/5.0 (Windows NT 10.0; Win64; x64) AppleWebKit/537.36 (KHTML, like Gecko) Chrome/96.0.4664.45 Safari/537.36"
138.21.12.23 - - [29/Nov/2021:16:26:29 +0100] "GET /reload?ser=1638199589166 HTTP/1.1" 200 28 "http://renault.2web.at/account" "Mozilla/5.0 (Windows NT 10.0; Win64; x64) AppleWebKit/537.36 (KHTML, like Gecko) Chrome/96.0.4664.45 Safari/537.36"
185.58.53.32 - - [29/Nov/2021:16:27:23 +0100] "GET /reload?ser=1638199643095 HTTP/1.1" 200 28 "http://renault.activities.at/result?searchterm=true&search=renault+service" "Mozilla/5.0 (Windows NT 10.0; Win64; x64) AppleWebKit/537.36 (KHTML, like Gecko) Chrome/96.0.4664.45 Safari/537.36"
93.83.167.218 - - [29/Nov/2021:16:27:23 +0100] "GET /reload?ser=1638199549609 HTTP/1.1" 200 28 "http://renault.activities.at/result?searchterm=true&search=Poster" "Mozilla/5.0 (Windows NT 10.0; Win64; x64) AppleWebKit/537.36 (KHTML, like Gecko) Chrome/96.0.4664.45 Safari/537.36"
138.21.12.23 - - [29/Nov/2021:16:27:31 +0100] "GET /reload?ser=1638199650821 HTTP/1.1" 200 28 "http://renault.2web.at/account" "Mozilla/5.0 (Windows NT 10.0; Win64; x64) AppleWebKit/537.36 (KHTML, like Gecko) Chrome/96.0.4664.45 Safari/537.36"
185.58.53.32 - - [29/Nov/2021:16:28:24 +0100] "GET /reload?ser=1638199704094 HTTP/1.1" 200 28 "http://renault.activities.at/result?searchterm=true&search=renault+service" "Mozilla/5.0 (Windows NT 10.0; Win64; x64) AppleWebKit/537.36 (KHTML, like Gecko) Chrome/96.0.4664.45 Safari/537.36"
93.83.167.218 - - [29/Nov/2021:16:28:24 +0100] "GET /reload?ser=1638199610592 HTTP/1.1" 200 28 "http://renault.activities.at/result?searchterm=true&search=Poster" "Mozilla/5.0 (Windows NT 10.0; Win64; x64) AppleWebKit/537.36 (KHTML, like Gecko) Chrome/96.0.4664.45 Safari/537.36"
138.21.12.23 - - [29/Nov/2021:16:28:33 +0100] "GET /reload?ser=1638199712886 HTTP/1.1" 200 28 "http://renault.2web.at/account" "Mozilla/5.0 (Windows NT 10.0; Win64; x64) AppleWebKit/537.36 (KHTML, like Gecko) Chrome/96.0.4664.45 Safari/537.36"
185.58.53.32 - - [29/Nov/2021:16:29:25 +0100] "GET /reload?ser=1638199765105 HTTP/1.1" 200 28 "http://renault.activities.at/result?searchterm=true&search=renault+service" "Mozilla/5.0 (Windows NT 10.0; Win64; x64) AppleWebKit/537.36 (KHTML, like Gecko) Chrome/96.0.4664.45 Safari/537.36"
93.83.167.218 - - [29/Nov/2021:16:29:25 +0100] "GET /reload?ser=1638199671573 HTTP/1.1" 200 28 "http://renault.activities.at/result?searchterm=true&search=Poster" "Mozilla/5.0 (Windows NT 10.0; Win64; x64) AppleWebKit/537.36 (KHTML, like Gecko) Chrome/96.0.4664.45 Safari/537.36"
138.21.12.23 - - [29/Nov/2021:16:29:35 +0100] "GET /reload?ser=1638199774826 HTTP/1.1" 200 28 "http://renault.2web.at/account" "Mozilla/5.0 (Windows NT 10.0; Win64; x64) AppleWebKit/537.36 (KHTML, like Gecko) Chrome/96.0.4664.45 Safari/537.36"
185.58.53.32 - - [29/Nov/2021:16:30:26 +0100] "GET /reload?ser=1638199826108 HTTP/1.1" 200 28 "http://renault.activities.at/result?searchterm=true&search=renault+service" "Mozilla/5.0 (Windows NT 10.0; Win64; x64) AppleWebKit/537.36 (KHTML, like Gecko) Chrome/96.0.4664.45 Safari/537.36"
93.83.167.218 - - [29/Nov/2021:16:30:26 +0100] "GET /reload?ser=1638199732556 HTTP/1.1" 200 28 "http://renault.activities.at/result?searchterm=true&search=Poster" "Mozilla/5.0 (Windows NT 10.0; Win64; x64) AppleWebKit/537.36 (KHTML, like Gecko) Chrome/96.0.4664.45 Safari/537.36"
138.21.12.23 - - [29/Nov/2021:16:30:37 +0100] "GET /reload?ser=1638199836825 HTTP/1.1" 200 28 "http://renault.2web.at/account" "Mozilla/5.0 (Windows NT 10.0; Win64; x64) AppleWebKit/537.36 (KHTML, like Gecko) Chrome/96.0.4664.45 Safari/537.36"
185.58.53.32 - - [29/Nov/2021:16:31:27 +0100] "GET /reload?ser=1638199887103 HTTP/1.1" 200 28 "http://renault.activities.at/result?searchterm=true&search=renault+service" "Mozilla/5.0 (Windows NT 10.0; Win64; x64) AppleWebKit/537.36 (KHTML, like Gecko) Chrome/96.0.4664.45 Safari/537.36"
93.83.167.218 - - [29/Nov/2021:16:31:27 +0100] "GET /reload?ser=1638199793541 HTTP/1.1" 200 28 "http://renault.activities.at/result?searchterm=true&search=Poster" "Mozilla/5.0 (Windows NT 10.0; Win64; x64) AppleWebKit/537.36 (KHTML, like Gecko) Chrome/96.0.4664.45 Safari/537.36"
138.21.12.23 - - [29/Nov/2021:16:31:39 +0100] "GET /reload?ser=1638199898826 HTTP/1.1" 200 28 "http://renault.2web.at/account" "Mozilla/5.0 (Windows NT 10.0; Win64; x64) AppleWebKit/537.36 (KHTML, like Gecko) Chrome/96.0.4664.45 Safari/537.36"
93.83.167.218 - - [29/Nov/2021:16:32:28 +0100] "GET /reload?ser=1638199854524 HTTP/1.1" 200 28 "http://renault.activities.at/result?searchterm=true&search=Poster" "Mozilla/5.0 (Windows NT 10.0; Win64; x64) AppleWebKit/537.36 (KHTML, like Gecko) Chrome/96.0.4664.45 Safari/537.36"
185.58.53.32 - - [29/Nov/2021:16:32:29 +0100] "GET /reload?ser=1638199949096 HTTP/1.1" 200 28 "http://renault.activities.at/result?searchterm=true&search=renault+service" "Mozilla/5.0 (Windows NT 10.0; Win64; x64) AppleWebKit/537.36 (KHTML, like Gecko) Chrome/96.0.4664.45 Safari/537.36"
138.21.12.23 - - [29/Nov/2021:16:32:41 +0100] "GET /reload?ser=1638199960826 HTTP/1.1" 200 28 "http://renault.2web.at/account" "Mozilla/5.0 (Windows NT 10.0; Win64; x64) AppleWebKit/537.36 (KHTML, like Gecko) Chrome/96.0.4664.45 Safari/537.36"
93.83.167.218 - - [29/Nov/2021:16:33:29 +0100] "GET /reload?ser=1638199915507 HTTP/1.1" 200 28 "http://renault.activities.at/result?searchterm=true&search=Poster" "Mozilla/5.0 (Windows NT 10.0; Win64; x64) AppleWebKit/537.36 (KHTML, like Gecko) Chrome/96.0.4664.45 Safari/537.36"
185.58.53.32 - - [29/Nov/2021:16:33:30 +0100] "GET /reload?ser=1638200010102 HTTP/1.1" 200 28 "http://renault.activities.at/result?searchterm=true&search=renault+service" "Mozilla/5.0 (Windows NT 10.0; Win64; x64) AppleWebKit/537.36 (KHTML, like Gecko) Chrome/96.0.4664.45 Safari/537.36"
138.21.12.23 - - [29/Nov/2021:16:33:43 +0100] "GET /reload?ser=1638200022828 HTTP/1.1" 200 28 "http://renault.2web.at/account" "Mozilla/5.0 (Windows NT 10.0; Win64; x64) AppleWebKit/537.36 (KHTML, like Gecko) Chrome/96.0.4664.45 Safari/537.36"
93.83.167.218 - - [29/Nov/2021:16:34:30 +0100] "GET /reload?ser=1638199976490 HTTP/1.1" 200 28 "http://renault.activities.at/result?searchterm=true&search=Poster" "Mozilla/5.0 (Windows NT 10.0; Win64; x64) AppleWebKit/537.36 (KHTML, like Gecko) Chrome/96.0.4664.45 Safari/537.36"
185.58.53.32 - - [29/Nov/2021:16:34:31 +0100] "GET /reload?ser=1638200071109 HTTP/1.1" 200 28 "http://renault.activities.at/result?searchterm=true&search=renault+service" "Mozilla/5.0 (Windows NT 10.0; Win64; x64) AppleWebKit/537.36 (KHTML, like Gecko) Chrome/96.0.4664.45 Safari/537.36"
138.21.12.23 - - [29/Nov/2021:16:34:45 +0100] "GET /reload?ser=1638200084829 HTTP/1.1" 200 28 "http://renault.2web.at/account" "Mozilla/5.0 (Windows NT 10.0; Win64; x64) AppleWebKit/537.36 (KHTML, like Gecko) Chrome/96.0.4664.45 Safari/537.36"
93.83.167.218 - - [29/Nov/2021:16:35:31 +0100] "GET /reload?ser=1638200037474 HTTP/1.1" 200 28 "http://renault.activities.at/result?searchterm=true&search=Poster" "Mozilla/5.0 (Windows NT 10.0; Win64; x64) AppleWebKit/537.36 (KHTML, like Gecko) Chrome/96.0.4664.45 Safari/537.36"
185.58.53.32 - - [29/Nov/2021:16:35:32 +0100] "GET /reload?ser=1638200132102 HTTP/1.1" 200 28 "http://renault.activities.at/result?searchterm=true&search=renault+service" "Mozilla/5.0 (Windows NT 10.0; Win64; x64) AppleWebKit/537.36 (KHTML, like Gecko) Chrome/96.0.4664.45 Safari/537.36"
138.21.12.23 - - [29/Nov/2021:16:35:47 +0100] "GET /reload?ser=1638200146830 HTTP/1.1" 200 28 "http://renault.2web.at/account" "Mozilla/5.0 (Windows NT 10.0; Win64; x64) AppleWebKit/537.36 (KHTML, like Gecko) Chrome/96.0.4664.45 Safari/537.36"
93.83.167.218 - - [29/Nov/2021:16:36:32 +0100] "GET /reload?ser=1638200098459 HTTP/1.1" 200 28 "http://renault.activities.at/result?searchterm=true&search=Poster" "Mozilla/5.0 (Windows NT 10.0; Win64; x64) AppleWebKit/537.36 (KHTML, like Gecko) Chrome/96.0.4664.45 Safari/537.36"
185.58.53.32 - - [29/Nov/2021:16:36:33 +0100] "GET /reload?ser=1638200193107 HTTP/1.1" 200 28 "http://renault.activities.at/result?searchterm=true&search=renault+service" "Mozilla/5.0 (Windows NT 10.0; Win64; x64) AppleWebKit/537.36 (KHTML, like Gecko) Chrome/96.0.4664.45 Safari/537.36"
138.21.12.23 - - [29/Nov/2021:16:36:49 +0100] "GET /reload?ser=1638200208830 HTTP/1.1" 200 28 "http://renault.2web.at/account" "Mozilla/5.0 (Windows NT 10.0; Win64; x64) AppleWebKit/537.36 (KHTML, like Gecko) Chrome/96.0.4664.45 Safari/537.36"
93.83.167.218 - - [29/Nov/2021:16:37:33 +0100] "GET /reload?ser=1638200159444 HTTP/1.1" 200 28 "http://renault.activities.at/result?searchterm=true&search=Poster" "Mozilla/5.0 (Windows NT 10.0; Win64; x64) AppleWebKit/537.36 (KHTML, like Gecko) Chrome/96.0.4664.45 Safari/537.36"
185.58.53.32 - - [29/Nov/2021:16:37:34 +0100] "GET /reload?ser=1638200254102 HTTP/1.1" 200 28 "http://renault.activities.at/result?searchterm=true&search=renault+service" "Mozilla/5.0 (Windows NT 10.0; Win64; x64) AppleWebKit/537.36 (KHTML, like Gecko) Chrome/96.0.4664.45 Safari/537.36"
138.21.12.23 - - [29/Nov/2021:16:37:51 +0100] "GET /reload?ser=1638200270831 HTTP/1.1" 200 28 "http://renault.2web.at/account" "Mozilla/5.0 (Windows NT 10.0; Win64; x64) AppleWebKit/537.36 (KHTML, like Gecko) Chrome/96.0.4664.45 Safari/537.36"
185.58.53.32 - - [29/Nov/2021:16:38:35 +0100] "GET /reload?ser=1638200315108 HTTP/1.1" 200 28 "http://renault.activities.at/result?searchterm=true&search=renault+service" "Mozilla/5.0 (Windows NT 10.0; Win64; x64) AppleWebKit/537.36 (KHTML, like Gecko) Chrome/96.0.4664.45 Safari/537.36"
93.83.167.218 - - [29/Nov/2021:16:38:35 +0100] "GET /reload?ser=1638200221428 HTTP/1.1" 200 28 "http://renault.activities.at/result?searchterm=true&search=Poster" "Mozilla/5.0 (Windows NT 10.0; Win64; x64) AppleWebKit/537.36 (KHTML, like Gecko) Chrome/96.0.4664.45 Safari/537.36"
138.21.12.23 - - [29/Nov/2021:16:38:53 +0100] "GET /reload?ser=1638200332832 HTTP/1.1" 200 28 "http://renault.2web.at/account" "Mozilla/5.0 (Windows NT 10.0; Win64; x64) AppleWebKit/537.36 (KHTML, like Gecko) Chrome/96.0.4664.45 Safari/537.36"
185.58.53.32 - - [29/Nov/2021:16:39:36 +0100] "GET /reload?ser=1638200376099 HTTP/1.1" 200 28 "http://renault.activities.at/result?searchterm=true&search=renault+service" "Mozilla/5.0 (Windows NT 10.0; Win64; x64) AppleWebKit/537.36 (KHTML, like Gecko) Chrome/96.0.4664.45 Safari/537.36"
93.83.167.218 - - [29/Nov/2021:16:39:36 +0100] "GET /reload?ser=1638200282413 HTTP/1.1" 200 28 "http://renault.activities.at/result?searchterm=true&search=Poster" "Mozilla/5.0 (Windows NT 10.0; Win64; x64) AppleWebKit/537.36 (KHTML, like Gecko) Chrome/96.0.4664.45 Safari/537.36"
138.21.12.23 - - [29/Nov/2021:16:39:55 +0100] "GET /reload?ser=1638200394833 HTTP/1.1" 200 28 "http://renault.2web.at/account" "Mozilla/5.0 (Windows NT 10.0; Win64; x64) AppleWebKit/537.36 (KHTML, like Gecko) Chrome/96.0.4664.45 Safari/537.36"
185.58.53.32 - - [29/Nov/2021:16:40:37 +0100] "GET /reload?ser=1638200437099 HTTP/1.1" 200 28 "http://renault.activities.at/result?searchterm=true&search=renault+service" "Mozilla/5.0 (Windows NT 10.0; Win64; x64) AppleWebKit/537.36 (KHTML, like Gecko) Chrome/96.0.4664.45 Safari/537.36"
93.83.167.218 - - [29/Nov/2021:16:40:37 +0100] "GET /reload?ser=1638200343397 HTTP/1.1" 200 28 "http://renault.activities.at/result?searchterm=true&search=Poster" "Mozilla/5.0 (Windows NT 10.0; Win64; x64) AppleWebKit/537.36 (KHTML, like Gecko) Chrome/96.0.4664.45 Safari/537.36"
138.21.12.23 - - [29/Nov/2021:16:40:57 +0100] "GET /reload?ser=1638200456834 HTTP/1.1" 200 28 "http://renault.2web.at/account" "Mozilla/5.0 (Windows NT 10.0; Win64; x64) AppleWebKit/537.36 (KHTML, like Gecko) Chrome/96.0.4664.45 Safari/537.36"
93.83.167.218 - - [29/Nov/2021:16:41:38 +0100] "GET /reload?ser=1638200404383 HTTP/1.1" 200 28 "http://renault.activities.at/result?searchterm=true&search=Poster" "Mozilla/5.0 (Windows NT 10.0; Win64; x64) AppleWebKit/537.36 (KHTML, like Gecko) Chrome/96.0.4664.45 Safari/537.36"
185.58.53.32 - - [29/Nov/2021:16:41:39 +0100] "GET /reload?ser=1638200499109 HTTP/1.1" 200 28 "http://renault.activities.at/result?searchterm=true&search=renault+service" "Mozilla/5.0 (Windows NT 10.0; Win64; x64) AppleWebKit/537.36 (KHTML, like Gecko) Chrome/96.0.4664.45 Safari/537.36"
138.21.12.23 - - [29/Nov/2021:16:41:59 +0100] "GET /reload?ser=1638200518834 HTTP/1.1" 200 28 "http://renault.2web.at/account" "Mozilla/5.0 (Windows NT 10.0; Win64; x64) AppleWebKit/537.36 (KHTML, like Gecko) Chrome/96.0.4664.45 Safari/537.36"
93.83.167.218 - - [29/Nov/2021:16:42:39 +0100] "GET /reload?ser=1638200465368 HTTP/1.1" 200 28 "http://renault.activities.at/result?searchterm=true&search=Poster" "Mozilla/5.0 (Windows NT 10.0; Win64; x64) AppleWebKit/537.36 (KHTML, like Gecko) Chrome/96.0.4664.45 Safari/537.36"
185.58.53.32 - - [29/Nov/2021:16:42:40 +0100] "GET /reload?ser=1638200560115 HTTP/1.1" 200 28 "http://renault.activities.at/result?searchterm=true&search=renault+service" "Mozilla/5.0 (Windows NT 10.0; Win64; x64) AppleWebKit/537.36 (KHTML, like Gecko) Chrome/96.0.4664.45 Safari/537.36"
138.21.12.23 - - [29/Nov/2021:16:43:01 +0100] "GET /reload?ser=1638200580836 HTTP/1.1" 200 28 "http://renault.2web.at/account" "Mozilla/5.0 (Windows NT 10.0; Win64; x64) AppleWebKit/537.36 (KHTML, like Gecko) Chrome/96.0.4664.45 Safari/537.36"
93.83.167.218 - - [29/Nov/2021:16:43:40 +0100] "GET /reload?ser=1638200526354 HTTP/1.1" 200 28 "http://renault.activities.at/result?searchterm=true&search=Poster" "Mozilla/5.0 (Windows NT 10.0; Win64; x64) AppleWebKit/537.36 (KHTML, like Gecko) Chrome/96.0.4664.45 Safari/537.36"
185.58.53.32 - - [29/Nov/2021:16:43:41 +0100] "GET /reload?ser=1638200621108 HTTP/1.1" 200 28 "http://renault.activities.at/result?searchterm=true&search=renault+service" "Mozilla/5.0 (Windows NT 10.0; Win64; x64) AppleWebKit/537.36 (KHTML, like Gecko) Chrome/96.0.4664.45 Safari/537.36"
138.21.12.23 - - [29/Nov/2021:16:44:03 +0100] "GET /reload?ser=1638200642836 HTTP/1.1" 200 28 "http://renault.2web.at/account" "Mozilla/5.0 (Windows NT 10.0; Win64; x64) AppleWebKit/537.36 (KHTML, like Gecko) Chrome/96.0.4664.45 Safari/537.36"
93.83.167.218 - - [29/Nov/2021:16:44:41 +0100] "GET /reload?ser=1638200587339 HTTP/1.1" 200 28 "http://renault.activities.at/result?searchterm=true&search=Poster" "Mozilla/5.0 (Windows NT 10.0; Win64; x64) AppleWebKit/537.36 (KHTML, like Gecko) Chrome/96.0.4664.45 Safari/537.36"
185.58.53.32 - - [29/Nov/2021:16:44:42 +0100] "GET /reload?ser=1638200682107 HTTP/1.1" 200 28 "http://renault.activities.at/result?searchterm=true&search=renault+service" "Mozilla/5.0 (Windows NT 10.0; Win64; x64) AppleWebKit/537.36 (KHTML, like Gecko) Chrome/96.0.4664.45 Safari/537.36"
138.21.12.23 - - [29/Nov/2021:16:45:05 +0100] "GET /reload?ser=1638200704836 HTTP/1.1" 200 28 "http://renault.2web.at/account" "Mozilla/5.0 (Windows NT 10.0; Win64; x64) AppleWebKit/537.36 (KHTML, like Gecko) Chrome/96.0.4664.45 Safari/537.36"
93.83.167.218 - - [29/Nov/2021:16:45:42 +0100] "GET /reload?ser=1638200648326 HTTP/1.1" 200 28 "http://renault.activities.at/result?searchterm=true&search=Poster" "Mozilla/5.0 (Windows NT 10.0; Win64; x64) AppleWebKit/537.36 (KHTML, like Gecko) Chrome/96.0.4664.45 Safari/537.36"
185.58.53.32 - - [29/Nov/2021:16:45:43 +0100] "GET /reload?ser=1638200743102 HTTP/1.1" 200 28 "http://renault.activities.at/result?searchterm=true&search=renault+service" "Mozilla/5.0 (Windows NT 10.0; Win64; x64) AppleWebKit/537.36 (KHTML, like Gecko) Chrome/96.0.4664.45 Safari/537.36"
138.21.12.23 - - [29/Nov/2021:16:46:07 +0100] "GET /reload?ser=1638200766837 HTTP/1.1" 200 28 "http://renault.2web.at/account" "Mozilla/5.0 (Windows NT 10.0; Win64; x64) AppleWebKit/537.36 (KHTML, like Gecko) Chrome/96.0.4664.45 Safari/537.36"
185.58.53.32 - - [29/Nov/2021:16:46:44 +0100] "GET /reload?ser=1638200804117 HTTP/1.1" 200 28 "http://renault.activities.at/result?searchterm=true&search=renault+service" "Mozilla/5.0 (Windows NT 10.0; Win64; x64) AppleWebKit/537.36 (KHTML, like Gecko) Chrome/96.0.4664.45 Safari/537.36"
93.83.167.218 - - [29/Nov/2021:16:46:44 +0100] "GET /reload?ser=1638200710311 HTTP/1.1" 200 28 "http://renault.activities.at/result?searchterm=true&search=Poster" "Mozilla/5.0 (Windows NT 10.0; Win64; x64) AppleWebKit/537.36 (KHTML, like Gecko) Chrome/96.0.4664.45 Safari/537.36"
138.21.12.23 - - [29/Nov/2021:16:47:09 +0100] "GET /reload?ser=1638200828838 HTTP/1.1" 200 28 "http://renault.2web.at/account" "Mozilla/5.0 (Windows NT 10.0; Win64; x64) AppleWebKit/537.36 (KHTML, like Gecko) Chrome/96.0.4664.45 Safari/537.36"
185.58.53.32 - - [29/Nov/2021:16:47:45 +0100] "GET /reload?ser=1638200865105 HTTP/1.1" 200 28 "http://renault.activities.at/result?searchterm=true&search=renault+service" "Mozilla/5.0 (Windows NT 10.0; Win64; x64) AppleWebKit/537.36 (KHTML, like Gecko) Chrome/96.0.4664.45 Safari/537.36"
93.83.167.218 - - [29/Nov/2021:16:47:45 +0100] "GET /reload?ser=1638200771298 HTTP/1.1" 200 28 "http://renault.activities.at/result?searchterm=true&search=Poster" "Mozilla/5.0 (Windows NT 10.0; Win64; x64) AppleWebKit/537.36 (KHTML, like Gecko) Chrome/96.0.4664.45 Safari/537.36"
138.21.12.23 - - [29/Nov/2021:16:48:12 +0100] "GET /reload?ser=1638200891849 HTTP/1.1" 200 28 "http://renault.2web.at/account" "Mozilla/5.0 (Windows NT 10.0; Win64; x64) AppleWebKit/537.36 (KHTML, like Gecko) Chrome/96.0.4664.45 Safari/537.36"
185.58.53.32 - - [29/Nov/2021:16:48:46 +0100] "GET /reload?ser=1638200926114 HTTP/1.1" 200 28 "http://renault.activities.at/result?searchterm=true&search=renault+service" "Mozilla/5.0 (Windows NT 10.0; Win64; x64) AppleWebKit/537.36 (KHTML, like Gecko) Chrome/96.0.4664.45 Safari/537.36"
93.83.167.218 - - [29/Nov/2021:16:48:46 +0100] "GET /reload?ser=1638200832285 HTTP/1.1" 200 28 "http://renault.activities.at/result?searchterm=true&search=Poster" "Mozilla/5.0 (Windows NT 10.0; Win64; x64) AppleWebKit/537.36 (KHTML, like Gecko) Chrome/96.0.4664.45 Safari/537.36"
138.21.12.23 - - [29/Nov/2021:16:49:14 +0100] "GET /reload?ser=1638200953839 HTTP/1.1" 200 28 "http://renault.2web.at/account" "Mozilla/5.0 (Windows NT 10.0; Win64; x64) AppleWebKit/537.36 (KHTML, like Gecko) Chrome/96.0.4664.45 Safari/537.36"
185.58.53.32 - - [29/Nov/2021:16:49:47 +0100] "GET /reload?ser=1638200987113 HTTP/1.1" 200 28 "http://renault.activities.at/result?searchterm=true&search=renault+service" "Mozilla/5.0 (Windows NT 10.0; Win64; x64) AppleWebKit/537.36 (KHTML, like Gecko) Chrome/96.0.4664.45 Safari/537.36"
93.83.167.218 - - [29/Nov/2021:16:49:47 +0100] "GET /reload?ser=1638200893272 HTTP/1.1" 200 28 "http://renault.activities.at/result?searchterm=true&search=Poster" "Mozilla/5.0 (Windows NT 10.0; Win64; x64) AppleWebKit/537.36 (KHTML, like Gecko) Chrome/96.0.4664.45 Safari/537.36"
138.21.12.23 - - [29/Nov/2021:16:50:16 +0100] "GET /reload?ser=1638201015840 HTTP/1.1" 200 28 "http://renault.2web.at/account" "Mozilla/5.0 (Windows NT 10.0; Win64; x64) AppleWebKit/537.36 (KHTML, like Gecko) Chrome/96.0.4664.45 Safari/537.36"
185.58.53.32 - - [29/Nov/2021:16:50:48 +0100] "GET /reload?ser=1638201048107 HTTP/1.1" 200 28 "http://renault.activities.at/result?searchterm=true&search=renault+service" "Mozilla/5.0 (Windows NT 10.0; Win64; x64) AppleWebKit/537.36 (KHTML, like Gecko) Chrome/96.0.4664.45 Safari/537.36"
93.83.167.218 - - [29/Nov/2021:16:50:48 +0100] "GET /reload?ser=1638200954259 HTTP/1.1" 200 28 "http://renault.activities.at/result?searchterm=true&search=Poster" "Mozilla/5.0 (Windows NT 10.0; Win64; x64) AppleWebKit/537.36 (KHTML, like Gecko) Chrome/96.0.4664.45 Safari/537.36"
138.21.12.23 - - [29/Nov/2021:16:51:18 +0100] "GET /reload?ser=1638201077841 HTTP/1.1" 200 28 "http://renault.2web.at/account" "Mozilla/5.0 (Windows NT 10.0; Win64; x64) AppleWebKit/537.36 (KHTML, like Gecko) Chrome/96.0.4664.45 Safari/537.36"
185.58.53.32 - - [29/Nov/2021:16:51:49 +0100] "GET /reload?ser=1638201109113 HTTP/1.1" 200 28 "http://renault.activities.at/result?searchterm=true&search=renault+service" "Mozilla/5.0 (Windows NT 10.0; Win64; x64) AppleWebKit/537.36 (KHTML, like Gecko) Chrome/96.0.4664.45 Safari/537.36"
93.83.167.218 - - [29/Nov/2021:16:51:49 +0100] "GET /reload?ser=1638201015245 HTTP/1.1" 200 28 "http://renault.activities.at/result?searchterm=true&search=Poster" "Mozilla/5.0 (Windows NT 10.0; Win64; x64) AppleWebKit/537.36 (KHTML, like Gecko) Chrome/96.0.4664.45 Safari/537.36"
138.21.12.23 - - [29/Nov/2021:16:52:20 +0100] "GET /reload?ser=1638201139840 HTTP/1.1" 200 28 "http://renault.2web.at/account" "Mozilla/5.0 (Windows NT 10.0; Win64; x64) AppleWebKit/537.36 (KHTML, like Gecko) Chrome/96.0.4664.45 Safari/537.36"
185.58.53.32 - - [29/Nov/2021:16:52:50 +0100] "GET /reload?ser=1638201170119 HTTP/1.1" 200 28 "http://renault.activities.at/result?searchterm=true&search=renault+service" "Mozilla/5.0 (Windows NT 10.0; Win64; x64) AppleWebKit/537.36 (KHTML, like Gecko) Chrome/96.0.4664.45 Safari/537.36"
93.83.167.218 - - [29/Nov/2021:16:52:50 +0100] "GET /reload?ser=1638201076234 HTTP/1.1" 200 28 "http://renault.activities.at/result?searchterm=true&search=Poster" "Mozilla/5.0 (Windows NT 10.0; Win64; x64) AppleWebKit/537.36 (KHTML, like Gecko) Chrome/96.0.4664.45 Safari/537.36"
185.58.53.32 - - [29/Nov/2021:16:53:14 +0100] "POST /axjaxrequest?mode=suggest HTTP/1.1" 200 133 "http://renault.activities.at/result?searchterm=true&search=renault+service" "Mozilla/5.0 (Windows NT 10.0; Win64; x64) AppleWebKit/537.36 (KHTML, like Gecko) Chrome/96.0.4664.45 Safari/537.36"
138.21.12.23 - - [29/Nov/2021:16:53:22 +0100] "GET /reload?ser=1638201201844 HTTP/1.1" 200 28 "http://renault.2web.at/account" "Mozilla/5.0 (Windows NT 10.0; Win64; x64) AppleWebKit/537.36 (KHTML, like Gecko) Chrome/96.0.4664.45 Safari/537.36"
185.58.53.32 - - [29/Nov/2021:16:53:48 +0100] "POST /axjaxrequest?mode=suggest HTTP/1.1" 200 21 "http://renault.activities.at/result?searchterm=true&search=renault+service" "Mozilla/5.0 (Windows NT 10.0; Win64; x64) AppleWebKit/537.36 (KHTML, like Gecko) Chrome/96.0.4664.45 Safari/537.36"
185.58.53.32 - - [29/Nov/2021:16:53:49 +0100] "POST /axjaxrequest?mode=suggest HTTP/1.1" 200 21 "http://renault.activities.at/result?searchterm=true&search=renault+service" "Mozilla/5.0 (Windows NT 10.0; Win64; x64) AppleWebKit/537.36 (KHTML, like Gecko) Chrome/96.0.4664.45 Safari/537.36"
185.58.53.32 - - [29/Nov/2021:16:53:51 +0100] "GET /reload?ser=1638201231045 HTTP/1.1" 200 28 "http://renault.activities.at/result?searchterm=true&search=renault+service" "Mozilla/5.0 (Windows NT 10.0; Win64; x64) AppleWebKit/537.36 (KHTML, like Gecko) Chrome/96.0.4664.45 Safari/537.36"
93.83.167.218 - - [29/Nov/2021:16:53:51 +0100] "GET /reload?ser=1638201137222 HTTP/1.1" 200 28 "http://renault.activities.at/result?searchterm=true&search=Poster" "Mozilla/5.0 (Windows NT 10.0; Win64; x64) AppleWebKit/537.36 (KHTML, like Gecko) Chrome/96.0.4664.45 Safari/537.36"
138.21.12.23 - - [29/Nov/2021:16:54:24 +0100] "GET /reload?ser=1638201263848 HTTP/1.1" 200 28 "http://renault.2web.at/account" "Mozilla/5.0 (Windows NT 10.0; Win64; x64) AppleWebKit/537.36 (KHTML, like Gecko) Chrome/96.0.4664.45 Safari/537.36"
185.58.53.32 - - [29/Nov/2021:16:54:52 +0100] "GET /reload?ser=1638201292110 HTTP/1.1" 200 28 "http://renault.activities.at/result?searchterm=true&search=renault+service" "Mozilla/5.0 (Windows NT 10.0; Win64; x64) AppleWebKit/537.36 (KHTML, like Gecko) Chrome/96.0.4664.45 Safari/537.36"
93.83.167.218 - - [29/Nov/2021:16:54:52 +0100] "GET /reload?ser=1638201198209 HTTP/1.1" 200 28 "http://renault.activities.at/result?searchterm=true&search=Poster" "Mozilla/5.0 (Windows NT 10.0; Win64; x64) AppleWebKit/537.36 (KHTML, like Gecko) Chrome/96.0.4664.45 Safari/537.36"
138.21.12.23 - - [29/Nov/2021:16:55:26 +0100] "GET /reload?ser=1638201325852 HTTP/1.1" 200 28 "http://renault.2web.at/account" "Mozilla/5.0 (Windows NT 10.0; Win64; x64) AppleWebKit/537.36 (KHTML, like Gecko) Chrome/96.0.4664.45 Safari/537.36"
