91.113.144.26 - - [29/Nov/2021:14:45:14 +0100] "GET /images/menu_button_bg.jpg HTTP/1.1" 200 322 "http://renault.activities.at/css/styles.css" "Mozilla/5.0 (Windows NT 10.0; Win64; x64) AppleWebKit/537.36 (KHTML, like Gecko) Chrome/96.0.4664.45 Safari/537.36"
91.113.144.26 - - [29/Nov/2021:14:45:14 +0100] "GET /images/top_links_divider.gif HTTP/1.1" 200 44 "http://renault.activities.at/css/styles.css" "Mozilla/5.0 (Windows NT 10.0; Win64; x64) AppleWebKit/537.36 (KHTML, like Gecko) Chrome/96.0.4664.45 Safari/537.36"
91.113.144.26 - - [29/Nov/2021:14:45:14 +0100] "GET /images/search_bg.gif HTTP/1.1" 200 1726 "http://renault.activities.at/css/styles.css" "Mozilla/5.0 (Windows NT 10.0; Win64; x64) AppleWebKit/537.36 (KHTML, like Gecko) Chrome/96.0.4664.45 Safari/537.36"
91.113.144.26 - - [29/Nov/2021:14:45:14 +0100] "GET /images/menu_divider.gif HTTP/1.1" 200 176 "http://renault.activities.at/css/styles.css" "Mozilla/5.0 (Windows NT 10.0; Win64; x64) AppleWebKit/537.36 (KHTML, like Gecko) Chrome/96.0.4664.45 Safari/537.36"
91.113.144.26 - - [29/Nov/2021:14:45:14 +0100] "GET /images/sidebar_title_border.gif HTTP/1.1" 200 43 "http://renault.activities.at/css/styles.css" "Mozilla/5.0 (Windows NT 10.0; Win64; x64) AppleWebKit/537.36 (KHTML, like Gecko) Chrome/96.0.4664.45 Safari/537.36"
91.113.144.26 - - [29/Nov/2021:14:45:14 +0100] "GET /images/sidebar_title_corner_left_top.gif HTTP/1.1" 200 1124 "http://renault.activities.at/css/styles.css" "Mozilla/5.0 (Windows NT 10.0; Win64; x64) AppleWebKit/537.36 (KHTML, like Gecko) Chrome/96.0.4664.45 Safari/537.36"
91.113.144.26 - - [29/Nov/2021:14:45:14 +0100] "GET /images/sidebar_title_corner_right_top.gif HTTP/1.1" 200 383 "http://renault.activities.at/css/styles.css" "Mozilla/5.0 (Windows NT 10.0; Win64; x64) AppleWebKit/537.36 (KHTML, like Gecko) Chrome/96.0.4664.45 Safari/537.36"
91.113.144.26 - - [29/Nov/2021:14:45:14 +0100] "GET /images/sidebar_title_border_top.gif HTTP/1.1" 200 155 "http://renault.activities.at/css/styles.css" "Mozilla/5.0 (Windows NT 10.0; Win64; x64) AppleWebKit/537.36 (KHTML, like Gecko) Chrome/96.0.4664.45 Safari/537.36"
91.113.144.26 - - [29/Nov/2021:14:45:14 +0100] "GET /images/nav_divider.gif HTTP/1.1" 200 43 "http://renault.activities.at/css/styles.css" "Mozilla/5.0 (Windows NT 10.0; Win64; x64) AppleWebKit/537.36 (KHTML, like Gecko) Chrome/96.0.4664.45 Safari/537.36"
91.113.144.26 - - [29/Nov/2021:14:45:14 +0100] "GET /images/footer_divider.gif HTTP/1.1" 200 44 "http://renault.activities.at/css/styles.css" "Mozilla/5.0 (Windows NT 10.0; Win64; x64) AppleWebKit/537.36 (KHTML, like Gecko) Chrome/96.0.4664.45 Safari/537.36"
91.113.144.26 - - [29/Nov/2021:14:45:14 +0100] "GET /loadthumbnail.php?id=12388134&width=50&height=50 HTTP/1.1" 200 905 "http://renault.activities.at/account" "Mozilla/5.0 (Windows NT 10.0; Win64; x64) AppleWebKit/537.36 (KHTML, like Gecko) Chrome/96.0.4664.45 Safari/537.36"
91.113.144.26 - - [29/Nov/2021:14:45:14 +0100] "GET /loadthumbnail.php?id=12388135&width=50&height=50 HTTP/1.1" 200 837 "http://renault.activities.at/account" "Mozilla/5.0 (Windows NT 10.0; Win64; x64) AppleWebKit/537.36 (KHTML, like Gecko) Chrome/96.0.4664.45 Safari/537.36"
91.113.144.26 - - [29/Nov/2021:14:45:14 +0100] "GET /loadthumbnail.php?id=11075492&width=50&height=50 HTTP/1.1" 200 1114 "http://renault.activities.at/account" "Mozilla/5.0 (Windows NT 10.0; Win64; x64) AppleWebKit/537.36 (KHTML, like Gecko) Chrome/96.0.4664.45 Safari/537.36"
91.113.144.26 - - [29/Nov/2021:14:45:14 +0100] "GET /loadthumbnail.php?id=12094749&width=50&height=50 HTTP/1.1" 200 3578 "http://renault.activities.at/account" "Mozilla/5.0 (Windows NT 10.0; Win64; x64) AppleWebKit/537.36 (KHTML, like Gecko) Chrome/96.0.4664.45 Safari/537.36"
91.113.144.26 - - [29/Nov/2021:14:45:16 +0100] "GET /10201442 HTTP/1.1" 200 9312 "http://renault.activities.at/account" "Mozilla/5.0 (Windows NT 10.0; Win64; x64) AppleWebKit/537.36 (KHTML, like Gecko) Chrome/96.0.4664.45 Safari/537.36"
185.58.53.32 - - [29/Nov/2021:14:45:28 +0100] "GET /reload?ser=1638193528071 HTTP/1.1" 200 28 "http://renault.activities.at/result?searchterm=true&search=renault+service" "Mozilla/5.0 (Windows NT 10.0; Win64; x64) AppleWebKit/537.36 (KHTML, like Gecko) Chrome/96.0.4664.45 Safari/537.36"
91.113.144.26 - - [29/Nov/2021:14:45:17 +0100] "GET /10201634 HTTP/1.1" 200 9352 "http://renault.activities.at/account" "Mozilla/5.0 (Windows NT 10.0; Win64; x64) AppleWebKit/537.36 (KHTML, like Gecko) Chrome/96.0.4664.45 Safari/537.36"
91.113.144.26 - - [29/Nov/2021:14:45:22 +0100] "GET /10201442 HTTP/1.1" 200 9312 "http://renault.activities.at/account" "Mozilla/5.0 (Windows NT 10.0; Win64; x64) AppleWebKit/537.36 (KHTML, like Gecko) Chrome/96.0.4664.45 Safari/537.36"
93.83.167.218 - - [29/Nov/2021:14:45:35 +0100] "GET /reload?ser=1638193441227 HTTP/1.1" 200 28 "http://renault.activities.at/result?searchterm=true&search=Poster" "Mozilla/5.0 (Windows NT 10.0; Win64; x64) AppleWebKit/537.36 (KHTML, like Gecko) Chrome/96.0.4664.45 Safari/537.36"
91.113.144.26 - - [29/Nov/2021:14:45:27 +0100] "GET /result?searchterm=true&search=rahmen HTTP/1.1" 200 6724 "http://renault.activities.at/account" "Mozilla/5.0 (Windows NT 10.0; Win64; x64) AppleWebKit/537.36 (KHTML, like Gecko) Chrome/96.0.4664.45 Safari/537.36"
91.113.144.26 - - [29/Nov/2021:14:45:29 +0100] "GET /result?searchterm=true&search=rahmen HTTP/1.1" 200 6724 "http://renault.activities.at/account" "Mozilla/5.0 (Windows NT 10.0; Win64; x64) AppleWebKit/537.36 (KHTML, like Gecko) Chrome/96.0.4664.45 Safari/537.36"
91.113.144.26 - - [29/Nov/2021:14:45:38 +0100] "GET /js/prototip.js HTTP/1.1" 200 4588 "http://renault.activities.at/result?searchterm=true&search=rahmen" "Mozilla/5.0 (Windows NT 10.0; Win64; x64) AppleWebKit/537.36 (KHTML, like Gecko) Chrome/96.0.4664.45 Safari/537.36"
91.113.144.26 - - [29/Nov/2021:14:45:38 +0100] "GET /js/ProduktGrp.js HTTP/1.1" 200 1569 "http://renault.activities.at/result?searchterm=true&search=rahmen" "Mozilla/5.0 (Windows NT 10.0; Win64; x64) AppleWebKit/537.36 (KHTML, like Gecko) Chrome/96.0.4664.45 Safari/537.36"
91.113.144.26 - - [29/Nov/2021:14:45:38 +0100] "GET /images/loading.gif HTTP/1.1" 200 3208 "http://renault.activities.at/result?searchterm=true&search=rahmen" "Mozilla/5.0 (Windows NT 10.0; Win64; x64) AppleWebKit/537.36 (KHTML, like Gecko) Chrome/96.0.4664.45 Safari/537.36"
91.113.144.26 - - [29/Nov/2021:14:45:38 +0100] "GET /images/vista-up.gif HTTP/1.1" 200 131 "http://renault.activities.at/css/styles.css" "Mozilla/5.0 (Windows NT 10.0; Win64; x64) AppleWebKit/537.36 (KHTML, like Gecko) Chrome/96.0.4664.45 Safari/537.36"
91.113.144.26 - - [29/Nov/2021:14:45:38 +0100] "GET /images/pager_bg.gif HTTP/1.1" 200 150 "http://renault.activities.at/css/styles.css" "Mozilla/5.0 (Windows NT 10.0; Win64; x64) AppleWebKit/537.36 (KHTML, like Gecko) Chrome/96.0.4664.45 Safari/537.36"
91.113.144.26 - - [29/Nov/2021:14:45:38 +0100] "GET /images/vista-dn.gif HTTP/1.1" 200 128 "http://renault.activities.at/css/styles.css" "Mozilla/5.0 (Windows NT 10.0; Win64; x64) AppleWebKit/537.36 (KHTML, like Gecko) Chrome/96.0.4664.45 Safari/537.36"
91.113.144.26 - - [29/Nov/2021:14:45:38 +0100] "GET /loadthumbnail.php?id=11249797&width=113 HTTP/1.1" 200 2985 "http://renault.activities.at/result?searchterm=true&search=rahmen" "Mozilla/5.0 (Windows NT 10.0; Win64; x64) AppleWebKit/537.36 (KHTML, like Gecko) Chrome/96.0.4664.45 Safari/537.36"
91.113.144.26 - - [29/Nov/2021:14:45:38 +0100] "GET /loadthumbnail.php?id=11788552&width=113 HTTP/1.1" 200 3318 "http://renault.activities.at/result?searchterm=true&search=rahmen" "Mozilla/5.0 (Windows NT 10.0; Win64; x64) AppleWebKit/537.36 (KHTML, like Gecko) Chrome/96.0.4664.45 Safari/537.36"
91.113.144.26 - - [29/Nov/2021:14:45:38 +0100] "GET /loadthumbnail.php?id=10259680&width=113 HTTP/1.1" 200 1966 "http://renault.activities.at/result?searchterm=true&search=rahmen" "Mozilla/5.0 (Windows NT 10.0; Win64; x64) AppleWebKit/537.36 (KHTML, like Gecko) Chrome/96.0.4664.45 Safari/537.36"
91.113.144.26 - - [29/Nov/2021:14:45:38 +0100] "GET /loadthumbnail.php?id=10260910&width=113 HTTP/1.1" 200 3135 "http://renault.activities.at/result?searchterm=true&search=rahmen" "Mozilla/5.0 (Windows NT 10.0; Win64; x64) AppleWebKit/537.36 (KHTML, like Gecko) Chrome/96.0.4664.45 Safari/537.36"
91.113.144.26 - - [29/Nov/2021:14:45:38 +0100] "GET /loadthumbnail.php?id=10203255 HTTP/1.1" 200 137 "http://renault.activities.at/result?searchterm=true&search=rahmen" "Mozilla/5.0 (Windows NT 10.0; Win64; x64) AppleWebKit/537.36 (KHTML, like Gecko) Chrome/96.0.4664.45 Safari/537.36"
91.113.144.26 - - [29/Nov/2021:14:45:38 +0100] "GET /loadthumbnail.php?id=10203650&width=113 HTTP/1.1" 200 2741 "http://renault.activities.at/result?searchterm=true&search=rahmen" "Mozilla/5.0 (Windows NT 10.0; Win64; x64) AppleWebKit/537.36 (KHTML, like Gecko) Chrome/96.0.4664.45 Safari/537.36"
91.113.144.26 - - [29/Nov/2021:14:45:27 +0100] "POST /axjaxrequest?mode=suggest HTTP/1.1" 200 163 "http://renault.activities.at/account" "Mozilla/5.0 (Windows NT 10.0; Win64; x64) AppleWebKit/537.36 (KHTML, like Gecko) Chrome/96.0.4664.45 Safari/537.36"
91.113.144.26 - - [29/Nov/2021:14:45:46 +0100] "GET /css/themes/alphacube/top_mid.gif HTTP/1.1" 200 833 "http://renault.activities.at/css/themes/alphacube.css" "Mozilla/5.0 (Windows NT 10.0; Win64; x64) AppleWebKit/537.36 (KHTML, like Gecko) Chrome/96.0.4664.45 Safari/537.36"
91.113.144.26 - - [29/Nov/2021:14:45:46 +0100] "GET /css/themes/alphacube/bottom_middle.gif HTTP/1.1" 200 44 "http://renault.activities.at/css/themes/alphacube.css" "Mozilla/5.0 (Windows NT 10.0; Win64; x64) AppleWebKit/537.36 (KHTML, like Gecko) Chrome/96.0.4664.45 Safari/537.36"
91.113.144.26 - - [29/Nov/2021:14:45:46 +0100] "GET /css/themes/alphacube/frame_right.gif HTTP/1.1" 200 64 "http://renault.activities.at/css/themes/alphacube.css" "Mozilla/5.0 (Windows NT 10.0; Win64; x64) AppleWebKit/537.36 (KHTML, like Gecko) Chrome/96.0.4664.45 Safari/537.36"
91.113.144.26 - - [29/Nov/2021:14:45:46 +0100] "GET /css/themes/alphacube/frame_left.gif HTTP/1.1" 200 64 "http://renault.activities.at/css/themes/alphacube.css" "Mozilla/5.0 (Windows NT 10.0; Win64; x64) AppleWebKit/537.36 (KHTML, like Gecko) Chrome/96.0.4664.45 Safari/537.36"
91.113.144.26 - - [29/Nov/2021:14:45:46 +0100] "GET /css/themes/alphacube/button-close-focus.gif HTTP/1.1" 200 699 "http://renault.activities.at/css/themes/alphacube.css" "Mozilla/5.0 (Windows NT 10.0; Win64; x64) AppleWebKit/537.36 (KHTML, like Gecko) Chrome/96.0.4664.45 Safari/537.36"
91.113.144.26 - - [29/Nov/2021:14:45:46 +0100] "GET /css/themes/alphacube/top_left.gif HTTP/1.1" 200 973 "http://renault.activities.at/css/themes/alphacube.css" "Mozilla/5.0 (Windows NT 10.0; Win64; x64) AppleWebKit/537.36 (KHTML, like Gecko) Chrome/96.0.4664.45 Safari/537.36"
91.113.144.26 - - [29/Nov/2021:14:45:46 +0100] "GET /css/themes/alphacube/top_right.gif HTTP/1.1" 200 972 "http://renault.activities.at/css/themes/alphacube.css" "Mozilla/5.0 (Windows NT 10.0; Win64; x64) AppleWebKit/537.36 (KHTML, like Gecko) Chrome/96.0.4664.45 Safari/537.36"
91.113.144.26 - - [29/Nov/2021:14:45:46 +0100] "GET /css/themes/alphacube/bottom_left-c.gif HTTP/1.1" 200 62 "http://renault.activities.at/css/themes/alphacube.css" "Mozilla/5.0 (Windows NT 10.0; Win64; x64) AppleWebKit/537.36 (KHTML, like Gecko) Chrome/96.0.4664.45 Safari/537.36"
91.113.144.26 - - [29/Nov/2021:14:45:46 +0100] "GET /css/themes/alphacube/bottom_right-c.gif HTTP/1.1" 200 62 "http://renault.activities.at/css/themes/alphacube.css" "Mozilla/5.0 (Windows NT 10.0; Win64; x64) AppleWebKit/537.36 (KHTML, like Gecko) Chrome/96.0.4664.45 Safari/537.36"
80.120.210.180 - - [29/Nov/2021:14:45:55 +0100] "GET /reload?ser=1638193555386 HTTP/1.1" 200 28 "http://renault.activities.at/account" "Mozilla/5.0 (Windows NT 10.0; Win64; x64) AppleWebKit/537.36 (KHTML, like Gecko) Chrome/96.0.4664.45 Safari/537.36"
138.21.12.23 - - [29/Nov/2021:14:45:56 +0100] "GET /reload?ser=1638193555695 HTTP/1.1" 200 28 "http://renault.2web.at/account" "Mozilla/5.0 (Windows NT 10.0; Win64; x64) AppleWebKit/537.36 (KHTML, like Gecko) Chrome/96.0.4664.45 Safari/537.36"
91.113.144.26 - - [29/Nov/2021:14:45:46 +0100] "GET /715064?print=true HTTP/1.1" 200 2885 "http://renault.activities.at/result?searchterm=true&search=rahmen" "Mozilla/5.0 (Windows NT 10.0; Win64; x64) AppleWebKit/537.36 (KHTML, like Gecko) Chrome/96.0.4664.45 Safari/537.36"
91.113.144.26 - - [29/Nov/2021:14:45:57 +0100] "GET /js/Produkt.js HTTP/1.1" 200 852 "http://renault.activities.at/715064?print=true" "Mozilla/5.0 (Windows NT 10.0; Win64; x64) AppleWebKit/537.36 (KHTML, like Gecko) Chrome/96.0.4664.45 Safari/537.36"
91.113.144.26 - - [29/Nov/2021:14:45:57 +0100] "GET /js/magiczoom/magiczoom.css HTTP/1.1" 200 1210 "http://renault.activities.at/715064?print=true" "Mozilla/5.0 (Windows NT 10.0; Win64; x64) AppleWebKit/537.36 (KHTML, like Gecko) Chrome/96.0.4664.45 Safari/537.36"
91.113.144.26 - - [29/Nov/2021:14:45:57 +0100] "GET /js/tabs.js HTTP/1.1" 200 519 "http://renault.activities.at/715064?print=true" "Mozilla/5.0 (Windows NT 10.0; Win64; x64) AppleWebKit/537.36 (KHTML, like Gecko) Chrome/96.0.4664.45 Safari/537.36"
91.113.144.26 - - [29/Nov/2021:14:45:57 +0100] "GET /js/magiczoom/magiczoom.js HTTP/1.1" 200 26397 "http://renault.activities.at/715064?print=true" "Mozilla/5.0 (Windows NT 10.0; Win64; x64) AppleWebKit/537.36 (KHTML, like Gecko) Chrome/96.0.4664.45 Safari/537.36"
91.113.144.26 - - [29/Nov/2021:14:45:58 +0100] "GET /images/tabs_button_corner_left_top_active.gif HTTP/1.1" 200 138 "http://renault.activities.at/css/styles.css" "Mozilla/5.0 (Windows NT 10.0; Win64; x64) AppleWebKit/537.36 (KHTML, like Gecko) Chrome/96.0.4664.45 Safari/537.36"
91.113.144.26 - - [29/Nov/2021:14:45:58 +0100] "GET /images/tabs_button_corner_right_top_active.gif HTTP/1.1" 200 136 "http://renault.activities.at/css/styles.css" "Mozilla/5.0 (Windows NT 10.0; Win64; x64) AppleWebKit/537.36 (KHTML, like Gecko) Chrome/96.0.4664.45 Safari/537.36"
91.113.144.26 - - [29/Nov/2021:14:45:58 +0100] "GET /images/tabs_border.gif HTTP/1.1" 200 43 "http://renault.activities.at/css/styles.css" "Mozilla/5.0 (Windows NT 10.0; Win64; x64) AppleWebKit/537.36 (KHTML, like Gecko) Chrome/96.0.4664.45 Safari/537.36"
91.113.144.26 - - [29/Nov/2021:14:45:58 +0100] "GET /images/tabs_corner_left_bot.gif HTTP/1.1" 200 98 "http://renault.activities.at/css/styles.css" "Mozilla/5.0 (Windows NT 10.0; Win64; x64) AppleWebKit/537.36 (KHTML, like Gecko) Chrome/96.0.4664.45 Safari/537.36"
91.113.144.26 - - [29/Nov/2021:14:45:58 +0100] "GET /images/tabs_corner_left_top.gif HTTP/1.1" 200 99 "http://renault.activities.at/css/styles.css" "Mozilla/5.0 (Windows NT 10.0; Win64; x64) AppleWebKit/537.36 (KHTML, like Gecko) Chrome/96.0.4664.45 Safari/537.36"
91.113.144.26 - - [29/Nov/2021:14:45:58 +0100] "GET /images/tabs_corner_right_bot.gif HTTP/1.1" 200 99 "http://renault.activities.at/css/styles.css" "Mozilla/5.0 (Windows NT 10.0; Win64; x64) AppleWebKit/537.36 (KHTML, like Gecko) Chrome/96.0.4664.45 Safari/537.36"
91.113.144.26 - - [29/Nov/2021:14:45:58 +0100] "GET /images/tabs_corner_right_top.gif HTTP/1.1" 200 98 "http://renault.activities.at/css/styles.css" "Mozilla/5.0 (Windows NT 10.0; Win64; x64) AppleWebKit/537.36 (KHTML, like Gecko) Chrome/96.0.4664.45 Safari/537.36"
91.113.144.26 - - [29/Nov/2021:14:45:57 +0100] "GET /loadthumbnail.php?id=10259680&width=250 HTTP/1.1" 200 2945 "http://renault.activities.at/715064?print=true" "Mozilla/5.0 (Windows NT 10.0; Win64; x64) AppleWebKit/537.36 (KHTML, like Gecko) Chrome/96.0.4664.45 Safari/537.36"
91.113.144.26 - - [29/Nov/2021:14:45:58 +0100] "GET /loadthumbnail.php?id=10259680&width=900&height=900 HTTP/1.1" 200 2945 "http://renault.activities.at/715064?print=true" "Mozilla/5.0 (Windows NT 10.0; Win64; x64) AppleWebKit/537.36 (KHTML, like Gecko) Chrome/96.0.4664.45 Safari/537.36"
91.113.144.26 - - [29/Nov/2021:14:45:58 +0100] "GET /js/magiczoom/graphics/hint.gif HTTP/1.1" 200 73 "http://renault.activities.at/js/magiczoom/magiczoom.css" "Mozilla/5.0 (Windows NT 10.0; Win64; x64) AppleWebKit/537.36 (KHTML, like Gecko) Chrome/96.0.4664.45 Safari/537.36"
91.113.144.26 - - [29/Nov/2021:14:46:05 +0100] "GET /images/vista-up-hover.gif HTTP/1.1" 200 130 "http://renault.activities.at/css/styles.css" "Mozilla/5.0 (Windows NT 10.0; Win64; x64) AppleWebKit/537.36 (KHTML, like Gecko) Chrome/96.0.4664.45 Safari/537.36"
91.113.144.26 - - [29/Nov/2021:14:46:06 +0100] "POST /715064?print=true HTTP/1.1" 200 2990 "http://renault.activities.at/715064?print=true" "Mozilla/5.0 (Windows NT 10.0; Win64; x64) AppleWebKit/537.36 (KHTML, like Gecko) Chrome/96.0.4664.45 Safari/537.36"
91.113.144.26 - - [29/Nov/2021:14:46:08 +0100] "GET /images/success_msg_icon.gif HTTP/1.1" 200 1024 "http://renault.activities.at/css/styles.css" "Mozilla/5.0 (Windows NT 10.0; Win64; x64) AppleWebKit/537.36 (KHTML, like Gecko) Chrome/96.0.4664.45 Safari/537.36"
91.113.144.26 - - [29/Nov/2021:14:46:11 +0100] "GET /js/magiczoom/graphics/zoomin.cur HTTP/1.1" 200 326 "http://renault.activities.at/js/magiczoom/magiczoom.css" "Mozilla/5.0 (Windows NT 10.0; Win64; x64) AppleWebKit/537.36 (KHTML, like Gecko) Chrome/96.0.4664.45 Safari/537.36"
91.113.144.26 - - [29/Nov/2021:14:46:15 +0100] "GET /result?searchterm=true&search=poster%23 HTTP/1.1" 200 4890 "http://renault.activities.at/result?searchterm=true&search=rahmen" "Mozilla/5.0 (Windows NT 10.0; Win64; x64) AppleWebKit/537.36 (KHTML, like Gecko) Chrome/96.0.4664.45 Safari/537.36"
91.113.144.26 - - [29/Nov/2021:14:46:16 +0100] "POST /axjaxrequest?mode=suggest HTTP/1.1" 200 21 "http://renault.activities.at/result?searchterm=true&search=rahmen" "Mozilla/5.0 (Windows NT 10.0; Win64; x64) AppleWebKit/537.36 (KHTML, like Gecko) Chrome/96.0.4664.45 Safari/537.36"
91.113.144.26 - - [29/Nov/2021:14:46:16 +0100] "GET /result?searchterm=true&search=poster HTTP/1.1" 200 8759 "http://renault.activities.at/result?searchterm=true&search=rahmen" "Mozilla/5.0 (Windows NT 10.0; Win64; x64) AppleWebKit/537.36 (KHTML, like Gecko) Chrome/96.0.4664.45 Safari/537.36"
91.113.144.26 - - [29/Nov/2021:14:46:27 +0100] "GET /loadthumbnail.php?id=10203276 HTTP/1.1" 200 75 "http://renault.activities.at/result?searchterm=true&search=poster" "Mozilla/5.0 (Windows NT 10.0; Win64; x64) AppleWebKit/537.36 (KHTML, like Gecko) Chrome/96.0.4664.45 Safari/537.36"
91.113.144.26 - - [29/Nov/2021:14:46:27 +0100] "GET /loadthumbnail.php?id=12397075&width=113 HTTP/1.1" 200 3619 "http://renault.activities.at/result?searchterm=true&search=poster" "Mozilla/5.0 (Windows NT 10.0; Win64; x64) AppleWebKit/537.36 (KHTML, like Gecko) Chrome/96.0.4664.45 Safari/537.36"
91.113.144.26 - - [29/Nov/2021:14:46:27 +0100] "GET /loadthumbnail.php?id=12040651&width=113 HTTP/1.1" 200 3124 "http://renault.activities.at/result?searchterm=true&search=poster" "Mozilla/5.0 (Windows NT 10.0; Win64; x64) AppleWebKit/537.36 (KHTML, like Gecko) Chrome/96.0.4664.45 Safari/537.36"
91.113.144.26 - - [29/Nov/2021:14:46:27 +0100] "GET /loadthumbnail.php?id=12040662&width=113 HTTP/1.1" 200 4115 "http://renault.activities.at/result?searchterm=true&search=poster" "Mozilla/5.0 (Windows NT 10.0; Win64; x64) AppleWebKit/537.36 (KHTML, like Gecko) Chrome/96.0.4664.45 Safari/537.36"
91.113.144.26 - - [29/Nov/2021:14:46:27 +0100] "GET /loadthumbnail.php?id=12364069&width=113 HTTP/1.1" 200 19275 "http://renault.activities.at/result?searchterm=true&search=poster" "Mozilla/5.0 (Windows NT 10.0; Win64; x64) AppleWebKit/537.36 (KHTML, like Gecko) Chrome/96.0.4664.45 Safari/537.36"
91.113.144.26 - - [29/Nov/2021:14:46:27 +0100] "GET /loadthumbnail.php?id=12294747&width=113 HTTP/1.1" 200 20271 "http://renault.activities.at/result?searchterm=true&search=poster" "Mozilla/5.0 (Windows NT 10.0; Win64; x64) AppleWebKit/537.36 (KHTML, like Gecko) Chrome/96.0.4664.45 Safari/537.36"
91.113.144.26 - - [29/Nov/2021:14:46:27 +0100] "GET /loadthumbnail.php?id=12101538&width=113 HTTP/1.1" 200 2597 "http://renault.activities.at/result?searchterm=true&search=poster" "Mozilla/5.0 (Windows NT 10.0; Win64; x64) AppleWebKit/537.36 (KHTML, like Gecko) Chrome/96.0.4664.45 Safari/537.36"
91.113.144.26 - - [29/Nov/2021:14:46:27 +0100] "GET /loadthumbnail.php?id=12088624&width=113 HTTP/1.1" 200 2886 "http://renault.activities.at/result?searchterm=true&search=poster" "Mozilla/5.0 (Windows NT 10.0; Win64; x64) AppleWebKit/537.36 (KHTML, like Gecko) Chrome/96.0.4664.45 Safari/537.36"
91.113.144.26 - - [29/Nov/2021:14:46:27 +0100] "GET /loadthumbnail.php?id=12463098&width=113 HTTP/1.1" 200 3058 "http://renault.activities.at/result?searchterm=true&search=poster" "Mozilla/5.0 (Windows NT 10.0; Win64; x64) AppleWebKit/537.36 (KHTML, like Gecko) Chrome/96.0.4664.45 Safari/537.36"
91.113.144.26 - - [29/Nov/2021:14:46:27 +0100] "GET /loadthumbnail.php?id=11927086&width=113 HTTP/1.1" 200 2978 "http://renault.activities.at/result?searchterm=true&search=poster" "Mozilla/5.0 (Windows NT 10.0; Win64; x64) AppleWebKit/537.36 (KHTML, like Gecko) Chrome/96.0.4664.45 Safari/537.36"
91.113.144.26 - - [29/Nov/2021:14:46:27 +0100] "GET /loadthumbnail.php?id=12463094&width=113 HTTP/1.1" 200 4745 "http://renault.activities.at/result?searchterm=true&search=poster" "Mozilla/5.0 (Windows NT 10.0; Win64; x64) AppleWebKit/537.36 (KHTML, like Gecko) Chrome/96.0.4664.45 Safari/537.36"
91.113.144.26 - - [29/Nov/2021:14:46:27 +0100] "GET /loadthumbnail.php?id=11906025&width=113 HTTP/1.1" 200 2994 "http://renault.activities.at/result?searchterm=true&search=poster" "Mozilla/5.0 (Windows NT 10.0; Win64; x64) AppleWebKit/537.36 (KHTML, like Gecko) Chrome/96.0.4664.45 Safari/537.36"
91.113.144.26 - - [29/Nov/2021:14:46:28 +0100] "GET /loadthumbnail.php?id=12463082&width=113 HTTP/1.1" 200 3039 "http://renault.activities.at/result?searchterm=true&search=poster" "Mozilla/5.0 (Windows NT 10.0; Win64; x64) AppleWebKit/537.36 (KHTML, like Gecko) Chrome/96.0.4664.45 Safari/537.36"
91.113.144.26 - - [29/Nov/2021:14:46:28 +0100] "GET /loadthumbnail.php?id=11784465&width=113 HTTP/1.1" 200 2824 "http://renault.activities.at/result?searchterm=true&search=poster" "Mozilla/5.0 (Windows NT 10.0; Win64; x64) AppleWebKit/537.36 (KHTML, like Gecko) Chrome/96.0.4664.45 Safari/537.36"
91.113.144.26 - - [29/Nov/2021:14:46:28 +0100] "GET /loadthumbnail.php?id=12463078&width=113 HTTP/1.1" 200 5268 "http://renault.activities.at/result?searchterm=true&search=poster" "Mozilla/5.0 (Windows NT 10.0; Win64; x64) AppleWebKit/537.36 (KHTML, like Gecko) Chrome/96.0.4664.45 Safari/537.36"
185.58.53.32 - - [29/Nov/2021:14:46:29 +0100] "GET /reload?ser=1638193589068 HTTP/1.1" 200 28 "http://renault.activities.at/result?searchterm=true&search=renault+service" "Mozilla/5.0 (Windows NT 10.0; Win64; x64) AppleWebKit/537.36 (KHTML, like Gecko) Chrome/96.0.4664.45 Safari/537.36"
91.113.144.26 - - [29/Nov/2021:14:46:31 +0100] "GET /images/vista-dn-hover.gif HTTP/1.1" 200 127 "http://renault.activities.at/css/styles.css" "Mozilla/5.0 (Windows NT 10.0; Win64; x64) AppleWebKit/537.36 (KHTML, like Gecko) Chrome/96.0.4664.45 Safari/537.36"
93.83.167.218 - - [29/Nov/2021:14:46:36 +0100] "GET /reload?ser=1638193502232 HTTP/1.1" 200 28 "http://renault.activities.at/result?searchterm=true&search=Poster" "Mozilla/5.0 (Windows NT 10.0; Win64; x64) AppleWebKit/537.36 (KHTML, like Gecko) Chrome/96.0.4664.45 Safari/537.36"
91.113.144.26 - - [29/Nov/2021:14:46:34 +0100] "POST /result?searchterm=true&search=poster HTTP/1.1" 200 8859 "http://renault.activities.at/result?searchterm=true&search=poster" "Mozilla/5.0 (Windows NT 10.0; Win64; x64) AppleWebKit/537.36 (KHTML, like Gecko) Chrome/96.0.4664.45 Safari/537.36"
91.113.144.26 - - [29/Nov/2021:14:46:53 +0100] "GET /12463095?print=true HTTP/1.1" 200 2643 "http://renault.activities.at/result?searchterm=true&search=poster" "Mozilla/5.0 (Windows NT 10.0; Win64; x64) AppleWebKit/537.36 (KHTML, like Gecko) Chrome/96.0.4664.45 Safari/537.36"
91.113.144.26 - - [29/Nov/2021:14:46:56 +0100] "GET /loadthumbnail.php?id=12463098&width=250 HTTP/1.1" 200 10278 "http://renault.activities.at/12463095?print=true" "Mozilla/5.0 (Windows NT 10.0; Win64; x64) AppleWebKit/537.36 (KHTML, like Gecko) Chrome/96.0.4664.45 Safari/537.36"
91.113.144.26 - - [29/Nov/2021:14:46:56 +0100] "GET /loadthumbnail.php?id=12463098&width=900&height=900 HTTP/1.1" 200 80486 "http://renault.activities.at/12463095?print=true" "Mozilla/5.0 (Windows NT 10.0; Win64; x64) AppleWebKit/537.36 (KHTML, like Gecko) Chrome/96.0.4664.45 Safari/537.36"
80.120.210.180 - - [29/Nov/2021:14:46:56 +0100] "GET /reload?ser=1638193616374 HTTP/1.1" 200 28 "http://renault.activities.at/account" "Mozilla/5.0 (Windows NT 10.0; Win64; x64) AppleWebKit/537.36 (KHTML, like Gecko) Chrome/96.0.4664.45 Safari/537.36"
138.21.12.23 - - [29/Nov/2021:14:46:58 +0100] "GET /reload?ser=1638193617652 HTTP/1.1" 200 28 "http://renault.2web.at/account" "Mozilla/5.0 (Windows NT 10.0; Win64; x64) AppleWebKit/537.36 (KHTML, like Gecko) Chrome/96.0.4664.45 Safari/537.36"
91.113.144.26 - - [29/Nov/2021:14:47:04 +0100] "POST /12463095?print=true HTTP/1.1" 200 2753 "http://renault.activities.at/12463095?print=true" "Mozilla/5.0 (Windows NT 10.0; Win64; x64) AppleWebKit/537.36 (KHTML, like Gecko) Chrome/96.0.4664.45 Safari/537.36"
91.113.144.26 - - [29/Nov/2021:14:47:17 +0100] "GET /cart HTTP/1.1" 200 5386 "http://renault.activities.at/result?searchterm=true&search=poster" "Mozilla/5.0 (Windows NT 10.0; Win64; x64) AppleWebKit/537.36 (KHTML, like Gecko) Chrome/96.0.4664.45 Safari/537.36"
91.113.144.26 - - [29/Nov/2021:14:47:20 +0100] "GET /loadthumbnail.php?id=12463098&width=100 HTTP/1.1" 200 2560 "http://renault.activities.at/cart" "Mozilla/5.0 (Windows NT 10.0; Win64; x64) AppleWebKit/537.36 (KHTML, like Gecko) Chrome/96.0.4664.45 Safari/537.36"
91.113.144.26 - - [29/Nov/2021:14:47:20 +0100] "GET /loadthumbnail.php?id=10259680&width=100 HTTP/1.1" 200 1696 "http://renault.activities.at/cart" "Mozilla/5.0 (Windows NT 10.0; Win64; x64) AppleWebKit/537.36 (KHTML, like Gecko) Chrome/96.0.4664.45 Safari/537.36"
91.113.144.26 - - [29/Nov/2021:14:47:20 +0100] "GET /loadthumbnail.php?id=12397075&width=100 HTTP/1.1" 200 2993 "http://renault.activities.at/cart" "Mozilla/5.0 (Windows NT 10.0; Win64; x64) AppleWebKit/537.36 (KHTML, like Gecko) Chrome/96.0.4664.45 Safari/537.36"
91.113.144.26 - - [29/Nov/2021:14:47:20 +0100] "GET /loadthumbnail.php?id=10232009&width=16&height=16 HTTP/1.1" 200 700 "http://renault.activities.at/cart" "Mozilla/5.0 (Windows NT 10.0; Win64; x64) AppleWebKit/537.36 (KHTML, like Gecko) Chrome/96.0.4664.45 Safari/537.36"
91.113.144.26 - - [29/Nov/2021:14:47:27 +0100] "POST /cart HTTP/1.1" 200 5301 "http://renault.activities.at/cart" "Mozilla/5.0 (Windows NT 10.0; Win64; x64) AppleWebKit/537.36 (KHTML, like Gecko) Chrome/96.0.4664.45 Safari/537.36"
185.58.53.32 - - [29/Nov/2021:14:47:31 +0100] "GET /reload?ser=1638193651074 HTTP/1.1" 200 28 "http://renault.activities.at/result?searchterm=true&search=renault+service" "Mozilla/5.0 (Windows NT 10.0; Win64; x64) AppleWebKit/537.36 (KHTML, like Gecko) Chrome/96.0.4664.45 Safari/537.36"
93.83.167.218 - - [29/Nov/2021:14:47:37 +0100] "GET /reload?ser=1638193563237 HTTP/1.1" 200 28 "http://renault.activities.at/result?searchterm=true&search=Poster" "Mozilla/5.0 (Windows NT 10.0; Win64; x64) AppleWebKit/537.36 (KHTML, like Gecko) Chrome/96.0.4664.45 Safari/537.36"
91.113.144.26 - - [29/Nov/2021:14:47:39 +0100] "GET /checkout HTTP/1.1" 200 20407 "http://renault.activities.at/cart" "Mozilla/5.0 (Windows NT 10.0; Win64; x64) AppleWebKit/537.36 (KHTML, like Gecko) Chrome/96.0.4664.45 Safari/537.36"
91.113.144.26 - - [29/Nov/2021:14:47:44 +0100] "GET /js/checkout2.js HTTP/1.1" 200 4122 "http://renault.activities.at/checkout" "Mozilla/5.0 (Windows NT 10.0; Win64; x64) AppleWebKit/537.36 (KHTML, like Gecko) Chrome/96.0.4664.45 Safari/537.36"
91.113.144.26 - - [29/Nov/2021:14:47:44 +0100] "GET /images/ajax_loading.gif HTTP/1.1" 200 1542 "http://renault.activities.at/checkout" "Mozilla/5.0 (Windows NT 10.0; Win64; x64) AppleWebKit/537.36 (KHTML, like Gecko) Chrome/96.0.4664.45 Safari/537.36"
91.113.144.26 - - [29/Nov/2021:14:47:44 +0100] "GET /images/step_marker.gif HTTP/1.1" 200 650 "http://renault.activities.at/css/styles.css" "Mozilla/5.0 (Windows NT 10.0; Win64; x64) AppleWebKit/537.36 (KHTML, like Gecko) Chrome/96.0.4664.45 Safari/537.36"
91.113.144.26 - - [29/Nov/2021:14:47:44 +0100] "GET /images/step_bg.jpg HTTP/1.1" 200 319 "http://renault.activities.at/css/styles.css" "Mozilla/5.0 (Windows NT 10.0; Win64; x64) AppleWebKit/537.36 (KHTML, like Gecko) Chrome/96.0.4664.45 Safari/537.36"
91.113.144.26 - - [29/Nov/2021:14:47:44 +0100] "GET /images/checkout_border_top.gif HTTP/1.1" 200 156 "http://renault.activities.at/css/styles.css" "Mozilla/5.0 (Windows NT 10.0; Win64; x64) AppleWebKit/537.36 (KHTML, like Gecko) Chrome/96.0.4664.45 Safari/537.36"
91.113.144.26 - - [29/Nov/2021:14:47:44 +0100] "GET /images/checkout_border.gif HTTP/1.1" 200 43 "http://renault.activities.at/css/styles.css" "Mozilla/5.0 (Windows NT 10.0; Win64; x64) AppleWebKit/537.36 (KHTML, like Gecko) Chrome/96.0.4664.45 Safari/537.36"
91.113.144.26 - - [29/Nov/2021:14:47:44 +0100] "GET /loadthumbnail.php?id=10201939 HTTP/1.1" 200 201 "http://renault.activities.at/checkout" "Mozilla/5.0 (Windows NT 10.0; Win64; x64) AppleWebKit/537.36 (KHTML, like Gecko) Chrome/96.0.4664.45 Safari/537.36"
91.113.144.26 - - [29/Nov/2021:14:47:44 +0100] "GET /loadthumbnail.php?id=10202698 HTTP/1.1" 200 16686 "http://renault.activities.at/checkout" "Mozilla/5.0 (Windows NT 10.0; Win64; x64) AppleWebKit/537.36 (KHTML, like Gecko) Chrome/96.0.4664.45 Safari/537.36"
80.120.210.180 - - [29/Nov/2021:14:47:57 +0100] "GET /reload?ser=1638193677378 HTTP/1.1" 200 28 "http://renault.activities.at/account" "Mozilla/5.0 (Windows NT 10.0; Win64; x64) AppleWebKit/537.36 (KHTML, like Gecko) Chrome/96.0.4664.45 Safari/537.36"
91.113.144.26 - - [29/Nov/2021:14:47:55 +0100] "POST /docheckout HTTP/1.1" 200 450 "http://renault.activities.at/checkout" "Mozilla/5.0 (Windows NT 10.0; Win64; x64) AppleWebKit/537.36 (KHTML, like Gecko) Chrome/96.0.4664.45 Safari/537.36"
91.113.144.26 - - [29/Nov/2021:14:47:59 +0100] "POST /docheckout HTTP/1.1" 200 660 "http://renault.activities.at/checkout" "Mozilla/5.0 (Windows NT 10.0; Win64; x64) AppleWebKit/537.36 (KHTML, like Gecko) Chrome/96.0.4664.45 Safari/537.36"
91.113.144.26 - - [29/Nov/2021:14:48:00 +0100] "GET /images/error_msg_icon.gif HTTP/1.1" 200 1013 "http://renault.activities.at/checkout" "Mozilla/5.0 (Windows NT 10.0; Win64; x64) AppleWebKit/537.36 (KHTML, like Gecko) Chrome/96.0.4664.45 Safari/537.36"
138.21.12.23 - - [29/Nov/2021:14:48:00 +0100] "GET /reload?ser=1638193679656 HTTP/1.1" 200 28 "http://renault.2web.at/account" "Mozilla/5.0 (Windows NT 10.0; Win64; x64) AppleWebKit/537.36 (KHTML, like Gecko) Chrome/96.0.4664.45 Safari/537.36"
91.113.144.26 - - [29/Nov/2021:14:48:03 +0100] "POST /docheckout HTTP/1.1" 200 68 "http://renault.activities.at/checkout" "Mozilla/5.0 (Windows NT 10.0; Win64; x64) AppleWebKit/537.36 (KHTML, like Gecko) Chrome/96.0.4664.45 Safari/537.36"
91.113.144.26 - - [29/Nov/2021:14:48:12 +0100] "GET /success HTTP/1.1" 200 3786 "http://renault.activities.at/checkout" "Mozilla/5.0 (Windows NT 10.0; Win64; x64) AppleWebKit/537.36 (KHTML, like Gecko) Chrome/96.0.4664.45 Safari/537.36"
185.58.53.32 - - [29/Nov/2021:14:48:33 +0100] "GET /reload?ser=1638193713073 HTTP/1.1" 200 28 "http://renault.activities.at/result?searchterm=true&search=renault+service" "Mozilla/5.0 (Windows NT 10.0; Win64; x64) AppleWebKit/537.36 (KHTML, like Gecko) Chrome/96.0.4664.45 Safari/537.36"
91.113.144.26 - - [29/Nov/2021:14:48:32 +0100] "GET / HTTP/1.1" 200 5922 "http://renault.activities.at/success" "Mozilla/5.0 (Windows NT 10.0; Win64; x64) AppleWebKit/537.36 (KHTML, like Gecko) Chrome/96.0.4664.45 Safari/537.36"
91.113.144.26 - - [29/Nov/2021:14:48:34 +0100] "GET /loadthumbnail.php?id=10259680&width=50&height=50 HTTP/1.1" 200 846 "http://renault.activities.at/" "Mozilla/5.0 (Windows NT 10.0; Win64; x64) AppleWebKit/537.36 (KHTML, like Gecko) Chrome/96.0.4664.45 Safari/537.36"
91.113.144.26 - - [29/Nov/2021:14:48:34 +0100] "GET /loadthumbnail.php?id=12397075&width=50&height=50 HTTP/1.1" 200 1244 "http://renault.activities.at/" "Mozilla/5.0 (Windows NT 10.0; Win64; x64) AppleWebKit/537.36 (KHTML, like Gecko) Chrome/96.0.4664.45 Safari/537.36"
93.83.167.218 - - [29/Nov/2021:14:48:38 +0100] "GET /reload?ser=1638193624241 HTTP/1.1" 200 28 "http://renault.activities.at/result?searchterm=true&search=Poster" "Mozilla/5.0 (Windows NT 10.0; Win64; x64) AppleWebKit/537.36 (KHTML, like Gecko) Chrome/96.0.4664.45 Safari/537.36"
80.120.210.180 - - [29/Nov/2021:14:48:58 +0100] "GET /reload?ser=1638193738381 HTTP/1.1" 200 28 "http://renault.activities.at/account" "Mozilla/5.0 (Windows NT 10.0; Win64; x64) AppleWebKit/537.36 (KHTML, like Gecko) Chrome/96.0.4664.45 Safari/537.36"
138.21.12.23 - - [29/Nov/2021:14:49:02 +0100] "GET /reload?ser=1638193741659 HTTP/1.1" 200 28 "http://renault.2web.at/account" "Mozilla/5.0 (Windows NT 10.0; Win64; x64) AppleWebKit/537.36 (KHTML, like Gecko) Chrome/96.0.4664.45 Safari/537.36"
91.113.144.26 - - [29/Nov/2021:14:49:13 +0100] "GET / HTTP/1.1" 200 5922 "http://renault.activities.at/" "Mozilla/5.0 (Windows NT 10.0; Win64; x64) AppleWebKit/537.36 (KHTML, like Gecko) Chrome/96.0.4664.45 Safari/537.36"
185.58.53.32 - - [29/Nov/2021:14:49:34 +0100] "GET /reload?ser=1638193774069 HTTP/1.1" 200 28 "http://renault.activities.at/result?searchterm=true&search=renault+service" "Mozilla/5.0 (Windows NT 10.0; Win64; x64) AppleWebKit/537.36 (KHTML, like Gecko) Chrome/96.0.4664.45 Safari/537.36"
93.83.167.218 - - [29/Nov/2021:14:49:39 +0100] "GET /reload?ser=1638193685246 HTTP/1.1" 200 28 "http://renault.activities.at/result?searchterm=true&search=Poster" "Mozilla/5.0 (Windows NT 10.0; Win64; x64) AppleWebKit/537.36 (KHTML, like Gecko) Chrome/96.0.4664.45 Safari/537.36"
80.120.210.180 - - [29/Nov/2021:14:49:59 +0100] "GET /reload?ser=1638193799388 HTTP/1.1" 200 28 "http://renault.activities.at/account" "Mozilla/5.0 (Windows NT 10.0; Win64; x64) AppleWebKit/537.36 (KHTML, like Gecko) Chrome/96.0.4664.45 Safari/537.36"
138.21.12.23 - - [29/Nov/2021:14:50:04 +0100] "GET /reload?ser=1638193803665 HTTP/1.1" 200 28 "http://renault.2web.at/account" "Mozilla/5.0 (Windows NT 10.0; Win64; x64) AppleWebKit/537.36 (KHTML, like Gecko) Chrome/96.0.4664.45 Safari/537.36"
185.58.53.32 - - [29/Nov/2021:14:50:35 +0100] "GET /reload?ser=1638193835073 HTTP/1.1" 200 28 "http://renault.activities.at/result?searchterm=true&search=renault+service" "Mozilla/5.0 (Windows NT 10.0; Win64; x64) AppleWebKit/537.36 (KHTML, like Gecko) Chrome/96.0.4664.45 Safari/537.36"
93.83.167.218 - - [29/Nov/2021:14:50:40 +0100] "GET /reload?ser=1638193746252 HTTP/1.1" 200 28 "http://renault.activities.at/result?searchterm=true&search=Poster" "Mozilla/5.0 (Windows NT 10.0; Win64; x64) AppleWebKit/537.36 (KHTML, like Gecko) Chrome/96.0.4664.45 Safari/537.36"
80.120.210.180 - - [29/Nov/2021:14:51:00 +0100] "GET /reload?ser=1638193860377 HTTP/1.1" 200 28 "http://renault.activities.at/account" "Mozilla/5.0 (Windows NT 10.0; Win64; x64) AppleWebKit/537.36 (KHTML, like Gecko) Chrome/96.0.4664.45 Safari/537.36"
138.21.12.23 - - [29/Nov/2021:14:51:06 +0100] "GET /reload?ser=1638193865664 HTTP/1.1" 200 28 "http://renault.2web.at/account" "Mozilla/5.0 (Windows NT 10.0; Win64; x64) AppleWebKit/537.36 (KHTML, like Gecko) Chrome/96.0.4664.45 Safari/537.36"
185.58.53.32 - - [29/Nov/2021:14:51:36 +0100] "GET /reload?ser=1638193896071 HTTP/1.1" 200 28 "http://renault.activities.at/result?searchterm=true&search=renault+service" "Mozilla/5.0 (Windows NT 10.0; Win64; x64) AppleWebKit/537.36 (KHTML, like Gecko) Chrome/96.0.4664.45 Safari/537.36"
93.83.167.218 - - [29/Nov/2021:14:51:41 +0100] "GET /reload?ser=1638193807256 HTTP/1.1" 200 28 "http://renault.activities.at/result?searchterm=true&search=Poster" "Mozilla/5.0 (Windows NT 10.0; Win64; x64) AppleWebKit/537.36 (KHTML, like Gecko) Chrome/96.0.4664.45 Safari/537.36"
80.120.210.180 - - [29/Nov/2021:14:52:01 +0100] "GET /reload?ser=1638193921383 HTTP/1.1" 200 28 "http://renault.activities.at/account" "Mozilla/5.0 (Windows NT 10.0; Win64; x64) AppleWebKit/537.36 (KHTML, like Gecko) Chrome/96.0.4664.45 Safari/537.36"
138.21.12.23 - - [29/Nov/2021:14:52:09 +0100] "GET /reload?ser=1638193928666 HTTP/1.1" 200 28 "http://renault.2web.at/account" "Mozilla/5.0 (Windows NT 10.0; Win64; x64) AppleWebKit/537.36 (KHTML, like Gecko) Chrome/96.0.4664.45 Safari/537.36"
185.58.53.32 - - [29/Nov/2021:14:52:37 +0100] "GET /reload?ser=1638193957075 HTTP/1.1" 200 28 "http://renault.activities.at/result?searchterm=true&search=renault+service" "Mozilla/5.0 (Windows NT 10.0; Win64; x64) AppleWebKit/537.36 (KHTML, like Gecko) Chrome/96.0.4664.45 Safari/537.36"
93.83.167.218 - - [29/Nov/2021:14:52:42 +0100] "GET /reload?ser=1638193868261 HTTP/1.1" 200 28 "http://renault.activities.at/result?searchterm=true&search=Poster" "Mozilla/5.0 (Windows NT 10.0; Win64; x64) AppleWebKit/537.36 (KHTML, like Gecko) Chrome/96.0.4664.45 Safari/537.36"
80.120.210.180 - - [29/Nov/2021:14:53:02 +0100] "GET /reload?ser=1638193982378 HTTP/1.1" 200 28 "http://renault.activities.at/account" "Mozilla/5.0 (Windows NT 10.0; Win64; x64) AppleWebKit/537.36 (KHTML, like Gecko) Chrome/96.0.4664.45 Safari/537.36"
138.21.12.23 - - [29/Nov/2021:14:53:11 +0100] "GET /reload?ser=1638193990668 HTTP/1.1" 200 28 "http://renault.2web.at/account" "Mozilla/5.0 (Windows NT 10.0; Win64; x64) AppleWebKit/537.36 (KHTML, like Gecko) Chrome/96.0.4664.45 Safari/537.36"
185.58.53.32 - - [29/Nov/2021:14:53:38 +0100] "GET /reload?ser=1638194018070 HTTP/1.1" 200 28 "http://renault.activities.at/result?searchterm=true&search=renault+service" "Mozilla/5.0 (Windows NT 10.0; Win64; x64) AppleWebKit/537.36 (KHTML, like Gecko) Chrome/96.0.4664.45 Safari/537.36"
93.83.167.218 - - [29/Nov/2021:14:53:43 +0100] "GET /reload?ser=1638193929267 HTTP/1.1" 200 28 "http://renault.activities.at/result?searchterm=true&search=Poster" "Mozilla/5.0 (Windows NT 10.0; Win64; x64) AppleWebKit/537.36 (KHTML, like Gecko) Chrome/96.0.4664.45 Safari/537.36"
80.120.210.180 - - [29/Nov/2021:14:54:03 +0100] "GET /reload?ser=1638194043387 HTTP/1.1" 200 28 "http://renault.activities.at/account" "Mozilla/5.0 (Windows NT 10.0; Win64; x64) AppleWebKit/537.36 (KHTML, like Gecko) Chrome/96.0.4664.45 Safari/537.36"
138.21.12.23 - - [29/Nov/2021:14:54:16 +0100] "GET /reload?ser=1638194053671 HTTP/1.1" 200 28 "http://renault.2web.at/account" "Mozilla/5.0 (Windows NT 10.0; Win64; x64) AppleWebKit/537.36 (KHTML, like Gecko) Chrome/96.0.4664.45 Safari/537.36"
185.58.53.32 - - [29/Nov/2021:14:54:40 +0100] "GET /reload?ser=1638194080068 HTTP/1.1" 200 28 "http://renault.activities.at/result?searchterm=true&search=renault+service" "Mozilla/5.0 (Windows NT 10.0; Win64; x64) AppleWebKit/537.36 (KHTML, like Gecko) Chrome/96.0.4664.45 Safari/537.36"
93.83.167.218 - - [29/Nov/2021:14:54:44 +0100] "GET /reload?ser=1638193990271 HTTP/1.1" 200 28 "http://renault.activities.at/result?searchterm=true&search=Poster" "Mozilla/5.0 (Windows NT 10.0; Win64; x64) AppleWebKit/537.36 (KHTML, like Gecko) Chrome/96.0.4664.45 Safari/537.36"
80.120.210.180 - - [29/Nov/2021:14:55:04 +0100] "GET /reload?ser=1638194104382 HTTP/1.1" 200 28 "http://renault.activities.at/account" "Mozilla/5.0 (Windows NT 10.0; Win64; x64) AppleWebKit/537.36 (KHTML, like Gecko) Chrome/96.0.4664.45 Safari/537.36"
138.21.12.23 - - [29/Nov/2021:14:55:19 +0100] "GET /reload?ser=1638194117673 HTTP/1.1" 200 28 "http://renault.2web.at/account" "Mozilla/5.0 (Windows NT 10.0; Win64; x64) AppleWebKit/537.36 (KHTML, like Gecko) Chrome/96.0.4664.45 Safari/537.36"
185.58.53.32 - - [29/Nov/2021:14:55:41 +0100] "GET /reload?ser=1638194141064 HTTP/1.1" 200 28 "http://renault.activities.at/result?searchterm=true&search=renault+service" "Mozilla/5.0 (Windows NT 10.0; Win64; x64) AppleWebKit/537.36 (KHTML, like Gecko) Chrome/96.0.4664.45 Safari/537.36"
93.83.167.218 - - [29/Nov/2021:14:55:45 +0100] "GET /reload?ser=1638194051277 HTTP/1.1" 200 28 "http://renault.activities.at/result?searchterm=true&search=Poster" "Mozilla/5.0 (Windows NT 10.0; Win64; x64) AppleWebKit/537.36 (KHTML, like Gecko) Chrome/96.0.4664.45 Safari/537.36"
80.120.210.180 - - [29/Nov/2021:14:56:05 +0100] "GET /reload?ser=1638194165387 HTTP/1.1" 200 28 "http://renault.activities.at/account" "Mozilla/5.0 (Windows NT 10.0; Win64; x64) AppleWebKit/537.36 (KHTML, like Gecko) Chrome/96.0.4664.45 Safari/537.36"
138.21.12.23 - - [29/Nov/2021:14:56:24 +0100] "GET /reload?ser=1638194181676 HTTP/1.1" 200 28 "http://renault.2web.at/account" "Mozilla/5.0 (Windows NT 10.0; Win64; x64) AppleWebKit/537.36 (KHTML, like Gecko) Chrome/96.0.4664.45 Safari/537.36"
185.58.53.32 - - [29/Nov/2021:14:56:42 +0100] "GET /reload?ser=1638194202075 HTTP/1.1" 200 28 "http://renault.activities.at/result?searchterm=true&search=renault+service" "Mozilla/5.0 (Windows NT 10.0; Win64; x64) AppleWebKit/537.36 (KHTML, like Gecko) Chrome/96.0.4664.45 Safari/537.36"
93.83.167.218 - - [29/Nov/2021:14:56:46 +0100] "GET /reload?ser=1638194112282 HTTP/1.1" 200 28 "http://renault.activities.at/result?searchterm=true&search=Poster" "Mozilla/5.0 (Windows NT 10.0; Win64; x64) AppleWebKit/537.36 (KHTML, like Gecko) Chrome/96.0.4664.45 Safari/537.36"
80.120.210.180 - - [29/Nov/2021:14:57:06 +0100] "GET /reload?ser=1638194226389 HTTP/1.1" 200 28 "http://renault.activities.at/account" "Mozilla/5.0 (Windows NT 10.0; Win64; x64) AppleWebKit/537.36 (KHTML, like Gecko) Chrome/96.0.4664.45 Safari/537.36"
138.21.12.23 - - [29/Nov/2021:14:57:27 +0100] "GET /reload?ser=1638194245678 HTTP/1.1" 200 28 "http://renault.2web.at/account" "Mozilla/5.0 (Windows NT 10.0; Win64; x64) AppleWebKit/537.36 (KHTML, like Gecko) Chrome/96.0.4664.45 Safari/537.36"
185.58.53.32 - - [29/Nov/2021:14:57:43 +0100] "GET /reload?ser=1638194263070 HTTP/1.1" 200 28 "http://renault.activities.at/result?searchterm=true&search=renault+service" "Mozilla/5.0 (Windows NT 10.0; Win64; x64) AppleWebKit/537.36 (KHTML, like Gecko) Chrome/96.0.4664.45 Safari/537.36"
93.83.167.218 - - [29/Nov/2021:14:57:47 +0100] "GET /reload?ser=1638194173287 HTTP/1.1" 200 28 "http://renault.activities.at/result?searchterm=true&search=Poster" "Mozilla/5.0 (Windows NT 10.0; Win64; x64) AppleWebKit/537.36 (KHTML, like Gecko) Chrome/96.0.4664.45 Safari/537.36"
80.120.210.180 - - [29/Nov/2021:14:58:07 +0100] "GET /reload?ser=1638194287379 HTTP/1.1" 200 28 "http://renault.activities.at/account" "Mozilla/5.0 (Windows NT 10.0; Win64; x64) AppleWebKit/537.36 (KHTML, like Gecko) Chrome/96.0.4664.45 Safari/537.36"
138.21.12.23 - - [29/Nov/2021:14:58:29 +0100] "GET /reload?ser=1638194308776 HTTP/1.1" 200 28 "http://renault.2web.at/account" "Mozilla/5.0 (Windows NT 10.0; Win64; x64) AppleWebKit/537.36 (KHTML, like Gecko) Chrome/96.0.4664.45 Safari/537.36"
185.58.53.32 - - [29/Nov/2021:14:58:44 +0100] "GET /reload?ser=1638194324064 HTTP/1.1" 200 28 "http://renault.activities.at/result?searchterm=true&search=renault+service" "Mozilla/5.0 (Windows NT 10.0; Win64; x64) AppleWebKit/537.36 (KHTML, like Gecko) Chrome/96.0.4664.45 Safari/537.36"
93.83.167.218 - - [29/Nov/2021:14:58:48 +0100] "GET /reload?ser=1638194234294 HTTP/1.1" 200 28 "http://renault.activities.at/result?searchterm=true&search=Poster" "Mozilla/5.0 (Windows NT 10.0; Win64; x64) AppleWebKit/537.36 (KHTML, like Gecko) Chrome/96.0.4664.45 Safari/537.36"
80.120.210.180 - - [29/Nov/2021:14:59:08 +0100] "GET /reload?ser=1638194348385 HTTP/1.1" 200 28 "http://renault.activities.at/account" "Mozilla/5.0 (Windows NT 10.0; Win64; x64) AppleWebKit/537.36 (KHTML, like Gecko) Chrome/96.0.4664.45 Safari/537.36"
138.21.12.23 - - [29/Nov/2021:14:59:31 +0100] "GET /reload?ser=1638194370683 HTTP/1.1" 200 28 "http://renault.2web.at/account" "Mozilla/5.0 (Windows NT 10.0; Win64; x64) AppleWebKit/537.36 (KHTML, like Gecko) Chrome/96.0.4664.45 Safari/537.36"
185.58.53.32 - - [29/Nov/2021:14:59:45 +0100] "GET /reload?ser=1638194385077 HTTP/1.1" 200 28 "http://renault.activities.at/result?searchterm=true&search=renault+service" "Mozilla/5.0 (Windows NT 10.0; Win64; x64) AppleWebKit/537.36 (KHTML, like Gecko) Chrome/96.0.4664.45 Safari/537.36"
93.83.167.218 - - [29/Nov/2021:14:59:49 +0100] "GET /reload?ser=1638194295299 HTTP/1.1" 200 28 "http://renault.activities.at/result?searchterm=true&search=Poster" "Mozilla/5.0 (Windows NT 10.0; Win64; x64) AppleWebKit/537.36 (KHTML, like Gecko) Chrome/96.0.4664.45 Safari/537.36"
80.120.210.180 - - [29/Nov/2021:15:00:09 +0100] "GET /reload?ser=1638194409386 HTTP/1.1" 200 28 "http://renault.activities.at/account" "Mozilla/5.0 (Windows NT 10.0; Win64; x64) AppleWebKit/537.36 (KHTML, like Gecko) Chrome/96.0.4664.45 Safari/537.36"
138.21.12.23 - - [29/Nov/2021:15:00:33 +0100] "GET /reload?ser=1638194432684 HTTP/1.1" 200 28 "http://renault.2web.at/account" "Mozilla/5.0 (Windows NT 10.0; Win64; x64) AppleWebKit/537.36 (KHTML, like Gecko) Chrome/96.0.4664.45 Safari/537.36"
185.58.53.32 - - [29/Nov/2021:15:00:47 +0100] "GET /reload?ser=1638194447077 HTTP/1.1" 200 28 "http://renault.activities.at/result?searchterm=true&search=renault+service" "Mozilla/5.0 (Windows NT 10.0; Win64; x64) AppleWebKit/537.36 (KHTML, like Gecko) Chrome/96.0.4664.45 Safari/537.36"
93.83.167.218 - - [29/Nov/2021:15:00:50 +0100] "GET /reload?ser=1638194356304 HTTP/1.1" 200 28 "http://renault.activities.at/result?searchterm=true&search=Poster" "Mozilla/5.0 (Windows NT 10.0; Win64; x64) AppleWebKit/537.36 (KHTML, like Gecko) Chrome/96.0.4664.45 Safari/537.36"
80.120.210.180 - - [29/Nov/2021:15:01:10 +0100] "GET /reload?ser=1638194470382 HTTP/1.1" 200 28 "http://renault.activities.at/account" "Mozilla/5.0 (Windows NT 10.0; Win64; x64) AppleWebKit/537.36 (KHTML, like Gecko) Chrome/96.0.4664.45 Safari/537.36"
138.21.12.23 - - [29/Nov/2021:15:01:35 +0100] "GET /reload?ser=1638194494685 HTTP/1.1" 200 28 "http://renault.2web.at/account" "Mozilla/5.0 (Windows NT 10.0; Win64; x64) AppleWebKit/537.36 (KHTML, like Gecko) Chrome/96.0.4664.45 Safari/537.36"
185.58.53.32 - - [29/Nov/2021:15:01:48 +0100] "GET /reload?ser=1638194508071 HTTP/1.1" 200 28 "http://renault.activities.at/result?searchterm=true&search=renault+service" "Mozilla/5.0 (Windows NT 10.0; Win64; x64) AppleWebKit/537.36 (KHTML, like Gecko) Chrome/96.0.4664.45 Safari/537.36"
93.83.167.218 - - [29/Nov/2021:15:01:51 +0100] "GET /reload?ser=1638194417310 HTTP/1.1" 200 28 "http://renault.activities.at/result?searchterm=true&search=Poster" "Mozilla/5.0 (Windows NT 10.0; Win64; x64) AppleWebKit/537.36 (KHTML, like Gecko) Chrome/96.0.4664.45 Safari/537.36"
80.120.210.180 - - [29/Nov/2021:15:02:11 +0100] "GET /reload?ser=1638194531389 HTTP/1.1" 200 28 "http://renault.activities.at/account" "Mozilla/5.0 (Windows NT 10.0; Win64; x64) AppleWebKit/537.36 (KHTML, like Gecko) Chrome/96.0.4664.45 Safari/537.36"
138.21.12.23 - - [29/Nov/2021:15:02:37 +0100] "GET /reload?ser=1638194556692 HTTP/1.1" 200 28 "http://renault.2web.at/account" "Mozilla/5.0 (Windows NT 10.0; Win64; x64) AppleWebKit/537.36 (KHTML, like Gecko) Chrome/96.0.4664.45 Safari/537.36"
185.58.53.32 - - [29/Nov/2021:15:02:49 +0100] "GET /reload?ser=1638194569075 HTTP/1.1" 200 28 "http://renault.activities.at/result?searchterm=true&search=renault+service" "Mozilla/5.0 (Windows NT 10.0; Win64; x64) AppleWebKit/537.36 (KHTML, like Gecko) Chrome/96.0.4664.45 Safari/537.36"
93.83.167.218 - - [29/Nov/2021:15:02:52 +0100] "GET /reload?ser=1638194478315 HTTP/1.1" 200 28 "http://renault.activities.at/result?searchterm=true&search=Poster" "Mozilla/5.0 (Windows NT 10.0; Win64; x64) AppleWebKit/537.36 (KHTML, like Gecko) Chrome/96.0.4664.45 Safari/537.36"
80.120.210.180 - - [29/Nov/2021:15:03:13 +0100] "GET /reload?ser=1638194593376 HTTP/1.1" 200 28 "http://renault.activities.at/account" "Mozilla/5.0 (Windows NT 10.0; Win64; x64) AppleWebKit/537.36 (KHTML, like Gecko) Chrome/96.0.4664.45 Safari/537.36"
138.21.12.23 - - [29/Nov/2021:15:03:39 +0100] "GET /reload?ser=1638194618689 HTTP/1.1" 200 28 "http://renault.2web.at/account" "Mozilla/5.0 (Windows NT 10.0; Win64; x64) AppleWebKit/537.36 (KHTML, like Gecko) Chrome/96.0.4664.45 Safari/537.36"
185.58.53.32 - - [29/Nov/2021:15:03:50 +0100] "GET /reload?ser=1638194630065 HTTP/1.1" 200 28 "http://renault.activities.at/result?searchterm=true&search=renault+service" "Mozilla/5.0 (Windows NT 10.0; Win64; x64) AppleWebKit/537.36 (KHTML, like Gecko) Chrome/96.0.4664.45 Safari/537.36"
93.83.167.218 - - [29/Nov/2021:15:03:53 +0100] "GET /reload?ser=1638194539321 HTTP/1.1" 200 28 "http://renault.activities.at/result?searchterm=true&search=Poster" "Mozilla/5.0 (Windows NT 10.0; Win64; x64) AppleWebKit/537.36 (KHTML, like Gecko) Chrome/96.0.4664.45 Safari/537.36"
80.120.210.180 - - [29/Nov/2021:15:04:15 +0100] "GET /reload?ser=1638194655382 HTTP/1.1" 200 28 "http://renault.activities.at/account" "Mozilla/5.0 (Windows NT 10.0; Win64; x64) AppleWebKit/537.36 (KHTML, like Gecko) Chrome/96.0.4664.45 Safari/537.36"
138.21.12.23 - - [29/Nov/2021:15:04:42 +0100] "GET /reload?ser=1638194681691 HTTP/1.1" 200 28 "http://renault.2web.at/account" "Mozilla/5.0 (Windows NT 10.0; Win64; x64) AppleWebKit/537.36 (KHTML, like Gecko) Chrome/96.0.4664.45 Safari/537.36"
185.58.53.32 - - [29/Nov/2021:15:04:51 +0100] "GET /reload?ser=1638194691071 HTTP/1.1" 200 28 "http://renault.activities.at/result?searchterm=true&search=renault+service" "Mozilla/5.0 (Windows NT 10.0; Win64; x64) AppleWebKit/537.36 (KHTML, like Gecko) Chrome/96.0.4664.45 Safari/537.36"
