194.96.116.232 - - [29/Nov/2021:17:29:56 +0100] "GET /reload?ser=1638203396635 HTTP/1.1" 200 28 "http://renault.activities.at/10260253" "Mozilla/5.0 (Windows NT 10.0; Win64; x64) AppleWebKit/537.36 (KHTML, like Gecko) Chrome/96.0.4664.45 Safari/537.36"
93.83.167.218 - - [29/Nov/2021:17:30:29 +0100] "GET /reload?ser=1638203334888 HTTP/1.1" 200 28 "http://renault.activities.at/result?searchterm=true&search=Poster" "Mozilla/5.0 (Windows NT 10.0; Win64; x64) AppleWebKit/537.36 (KHTML, like Gecko) Chrome/96.0.4664.45 Safari/537.36"
138.21.12.23 - - [29/Nov/2021:17:30:29 +0100] "GET /reload?ser=1638203428933 HTTP/1.1" 200 28 "http://renault.2web.at/imprintaddress" "Mozilla/5.0 (Windows NT 10.0; Win64; x64) AppleWebKit/537.36 (KHTML, like Gecko) Chrome/96.0.4664.45 Safari/537.36"
194.96.116.232 - - [29/Nov/2021:17:30:57 +0100] "GET /reload?ser=1638203457627 HTTP/1.1" 200 28 "http://renault.activities.at/10260253" "Mozilla/5.0 (Windows NT 10.0; Win64; x64) AppleWebKit/537.36 (KHTML, like Gecko) Chrome/96.0.4664.45 Safari/537.36"
93.83.167.218 - - [29/Nov/2021:17:31:30 +0100] "GET /reload?ser=1638203395882 HTTP/1.1" 200 28 "http://renault.activities.at/result?searchterm=true&search=Poster" "Mozilla/5.0 (Windows NT 10.0; Win64; x64) AppleWebKit/537.36 (KHTML, like Gecko) Chrome/96.0.4664.45 Safari/537.36"
138.21.12.23 - - [29/Nov/2021:17:31:31 +0100] "GET /reload?ser=1638203490938 HTTP/1.1" 200 28 "http://renault.2web.at/imprintaddress" "Mozilla/5.0 (Windows NT 10.0; Win64; x64) AppleWebKit/537.36 (KHTML, like Gecko) Chrome/96.0.4664.45 Safari/537.36"
194.96.116.232 - - [29/Nov/2021:17:31:58 +0100] "GET /reload?ser=1638203518638 HTTP/1.1" 200 28 "http://renault.activities.at/10260253" "Mozilla/5.0 (Windows NT 10.0; Win64; x64) AppleWebKit/537.36 (KHTML, like Gecko) Chrome/96.0.4664.45 Safari/537.36"
93.83.167.218 - - [29/Nov/2021:17:32:31 +0100] "GET /reload?ser=1638203456876 HTTP/1.1" 200 28 "http://renault.activities.at/result?searchterm=true&search=Poster" "Mozilla/5.0 (Windows NT 10.0; Win64; x64) AppleWebKit/537.36 (KHTML, like Gecko) Chrome/96.0.4664.45 Safari/537.36"
138.21.12.23 - - [29/Nov/2021:17:32:33 +0100] "GET /reload?ser=1638203552939 HTTP/1.1" 200 28 "http://renault.2web.at/imprintaddress" "Mozilla/5.0 (Windows NT 10.0; Win64; x64) AppleWebKit/537.36 (KHTML, like Gecko) Chrome/96.0.4664.45 Safari/537.36"
194.96.116.232 - - [29/Nov/2021:17:33:00 +0100] "GET /reload?ser=1638203580627 HTTP/1.1" 200 28 "http://renault.activities.at/10260253" "Mozilla/5.0 (Windows NT 10.0; Win64; x64) AppleWebKit/537.36 (KHTML, like Gecko) Chrome/96.0.4664.45 Safari/537.36"
93.83.167.218 - - [29/Nov/2021:17:33:32 +0100] "GET /reload?ser=1638203517870 HTTP/1.1" 200 28 "http://renault.activities.at/result?searchterm=true&search=Poster" "Mozilla/5.0 (Windows NT 10.0; Win64; x64) AppleWebKit/537.36 (KHTML, like Gecko) Chrome/96.0.4664.45 Safari/537.36"
138.21.12.23 - - [29/Nov/2021:17:33:35 +0100] "GET /reload?ser=1638203614938 HTTP/1.1" 200 28 "http://renault.2web.at/imprintaddress" "Mozilla/5.0 (Windows NT 10.0; Win64; x64) AppleWebKit/537.36 (KHTML, like Gecko) Chrome/96.0.4664.45 Safari/537.36"
194.96.116.232 - - [29/Nov/2021:17:34:02 +0100] "GET /reload?ser=1638203642633 HTTP/1.1" 200 28 "http://renault.activities.at/10260253" "Mozilla/5.0 (Windows NT 10.0; Win64; x64) AppleWebKit/537.36 (KHTML, like Gecko) Chrome/96.0.4664.45 Safari/537.36"
93.83.167.218 - - [29/Nov/2021:17:34:33 +0100] "GET /reload?ser=1638203578864 HTTP/1.1" 200 28 "http://renault.activities.at/result?searchterm=true&search=Poster" "Mozilla/5.0 (Windows NT 10.0; Win64; x64) AppleWebKit/537.36 (KHTML, like Gecko) Chrome/96.0.4664.45 Safari/537.36"
138.21.12.23 - - [29/Nov/2021:17:34:37 +0100] "GET /reload?ser=1638203676938 HTTP/1.1" 200 28 "http://renault.2web.at/imprintaddress" "Mozilla/5.0 (Windows NT 10.0; Win64; x64) AppleWebKit/537.36 (KHTML, like Gecko) Chrome/96.0.4664.45 Safari/537.36"
194.96.116.232 - - [29/Nov/2021:17:35:04 +0100] "GET /reload?ser=1638203704626 HTTP/1.1" 200 28 "http://renault.activities.at/10260253" "Mozilla/5.0 (Windows NT 10.0; Win64; x64) AppleWebKit/537.36 (KHTML, like Gecko) Chrome/96.0.4664.45 Safari/537.36"
93.83.167.218 - - [29/Nov/2021:17:35:34 +0100] "GET /reload?ser=1638203639857 HTTP/1.1" 200 28 "http://renault.activities.at/result?searchterm=true&search=Poster" "Mozilla/5.0 (Windows NT 10.0; Win64; x64) AppleWebKit/537.36 (KHTML, like Gecko) Chrome/96.0.4664.45 Safari/537.36"
138.21.12.23 - - [29/Nov/2021:17:35:39 +0100] "GET /reload?ser=1638203738939 HTTP/1.1" 200 28 "http://renault.2web.at/imprintaddress" "Mozilla/5.0 (Windows NT 10.0; Win64; x64) AppleWebKit/537.36 (KHTML, like Gecko) Chrome/96.0.4664.45 Safari/537.36"
194.96.116.232 - - [29/Nov/2021:17:36:05 +0100] "GET /reload?ser=1638203765636 HTTP/1.1" 200 28 "http://renault.activities.at/10260253" "Mozilla/5.0 (Windows NT 10.0; Win64; x64) AppleWebKit/537.36 (KHTML, like Gecko) Chrome/96.0.4664.45 Safari/537.36"
93.83.167.218 - - [29/Nov/2021:17:36:35 +0100] "GET /reload?ser=1638203700852 HTTP/1.1" 200 28 "http://renault.activities.at/result?searchterm=true&search=Poster" "Mozilla/5.0 (Windows NT 10.0; Win64; x64) AppleWebKit/537.36 (KHTML, like Gecko) Chrome/96.0.4664.45 Safari/537.36"
194.96.116.232 - - [29/Nov/2021:17:37:06 +0100] "GET /reload?ser=1638203826625 HTTP/1.1" 200 28 "http://renault.activities.at/10260253" "Mozilla/5.0 (Windows NT 10.0; Win64; x64) AppleWebKit/537.36 (KHTML, like Gecko) Chrome/96.0.4664.45 Safari/537.36"
93.83.167.218 - - [29/Nov/2021:17:37:36 +0100] "GET /reload?ser=1638203761847 HTTP/1.1" 200 28 "http://renault.activities.at/result?searchterm=true&search=Poster" "Mozilla/5.0 (Windows NT 10.0; Win64; x64) AppleWebKit/537.36 (KHTML, like Gecko) Chrome/96.0.4664.45 Safari/537.36"
194.96.116.232 - - [29/Nov/2021:17:38:08 +0100] "GET /reload?ser=1638203888636 HTTP/1.1" 200 28 "http://renault.activities.at/10260253" "Mozilla/5.0 (Windows NT 10.0; Win64; x64) AppleWebKit/537.36 (KHTML, like Gecko) Chrome/96.0.4664.45 Safari/537.36"
93.83.167.218 - - [29/Nov/2021:17:38:37 +0100] "GET /reload?ser=1638203822841 HTTP/1.1" 200 28 "http://renault.activities.at/result?searchterm=true&search=Poster" "Mozilla/5.0 (Windows NT 10.0; Win64; x64) AppleWebKit/537.36 (KHTML, like Gecko) Chrome/96.0.4664.45 Safari/537.36"
194.96.116.232 - - [29/Nov/2021:17:39:10 +0100] "GET /reload?ser=1638203950630 HTTP/1.1" 200 28 "http://renault.activities.at/10260253" "Mozilla/5.0 (Windows NT 10.0; Win64; x64) AppleWebKit/537.36 (KHTML, like Gecko) Chrome/96.0.4664.45 Safari/537.36"
93.83.167.218 - - [29/Nov/2021:17:39:38 +0100] "GET /reload?ser=1638203883836 HTTP/1.1" 200 28 "http://renault.activities.at/result?searchterm=true&search=Poster" "Mozilla/5.0 (Windows NT 10.0; Win64; x64) AppleWebKit/537.36 (KHTML, like Gecko) Chrome/96.0.4664.45 Safari/537.36"
194.96.116.232 - - [29/Nov/2021:17:40:12 +0100] "GET /reload?ser=1638204012633 HTTP/1.1" 200 28 "http://renault.activities.at/10260253" "Mozilla/5.0 (Windows NT 10.0; Win64; x64) AppleWebKit/537.36 (KHTML, like Gecko) Chrome/96.0.4664.45 Safari/537.36"
93.83.167.218 - - [29/Nov/2021:17:40:39 +0100] "GET /reload?ser=1638203944831 HTTP/1.1" 200 28 "http://renault.activities.at/result?searchterm=true&search=Poster" "Mozilla/5.0 (Windows NT 10.0; Win64; x64) AppleWebKit/537.36 (KHTML, like Gecko) Chrome/96.0.4664.45 Safari/537.36"
194.96.116.232 - - [29/Nov/2021:17:41:14 +0100] "GET /reload?ser=1638204074638 HTTP/1.1" 200 28 "http://renault.activities.at/10260253" "Mozilla/5.0 (Windows NT 10.0; Win64; x64) AppleWebKit/537.36 (KHTML, like Gecko) Chrome/96.0.4664.45 Safari/537.36"
93.83.167.218 - - [29/Nov/2021:17:41:40 +0100] "GET /reload?ser=1638204005826 HTTP/1.1" 200 28 "http://renault.activities.at/result?searchterm=true&search=Poster" "Mozilla/5.0 (Windows NT 10.0; Win64; x64) AppleWebKit/537.36 (KHTML, like Gecko) Chrome/96.0.4664.45 Safari/537.36"
194.96.116.232 - - [29/Nov/2021:17:42:16 +0100] "GET /reload?ser=1638204136640 HTTP/1.1" 200 28 "http://renault.activities.at/10260253" "Mozilla/5.0 (Windows NT 10.0; Win64; x64) AppleWebKit/537.36 (KHTML, like Gecko) Chrome/96.0.4664.45 Safari/537.36"
93.83.167.218 - - [29/Nov/2021:17:42:41 +0100] "GET /reload?ser=1638204066821 HTTP/1.1" 200 28 "http://renault.activities.at/result?searchterm=true&search=Poster" "Mozilla/5.0 (Windows NT 10.0; Win64; x64) AppleWebKit/537.36 (KHTML, like Gecko) Chrome/96.0.4664.45 Safari/537.36"
194.96.116.232 - - [29/Nov/2021:17:43:18 +0100] "GET /reload?ser=1638204198632 HTTP/1.1" 200 28 "http://renault.activities.at/10260253" "Mozilla/5.0 (Windows NT 10.0; Win64; x64) AppleWebKit/537.36 (KHTML, like Gecko) Chrome/96.0.4664.45 Safari/537.36"
93.83.167.218 - - [29/Nov/2021:17:43:42 +0100] "GET /reload?ser=1638204127816 HTTP/1.1" 200 28 "http://renault.activities.at/result?searchterm=true&search=Poster" "Mozilla/5.0 (Windows NT 10.0; Win64; x64) AppleWebKit/537.36 (KHTML, like Gecko) Chrome/96.0.4664.45 Safari/537.36"
194.96.116.232 - - [29/Nov/2021:17:44:20 +0100] "GET /reload?ser=1638204260650 HTTP/1.1" 200 28 "http://renault.activities.at/10260253" "Mozilla/5.0 (Windows NT 10.0; Win64; x64) AppleWebKit/537.36 (KHTML, like Gecko) Chrome/96.0.4664.45 Safari/537.36"
93.83.167.218 - - [29/Nov/2021:17:44:43 +0100] "GET /reload?ser=1638204188811 HTTP/1.1" 200 28 "http://renault.activities.at/result?searchterm=true&search=Poster" "Mozilla/5.0 (Windows NT 10.0; Win64; x64) AppleWebKit/537.36 (KHTML, like Gecko) Chrome/96.0.4664.45 Safari/537.36"
194.96.116.232 - - [29/Nov/2021:17:45:21 +0100] "GET /reload?ser=1638204321631 HTTP/1.1" 200 28 "http://renault.activities.at/10260253" "Mozilla/5.0 (Windows NT 10.0; Win64; x64) AppleWebKit/537.36 (KHTML, like Gecko) Chrome/96.0.4664.45 Safari/537.36"
93.83.167.218 - - [29/Nov/2021:17:45:44 +0100] "GET /reload?ser=1638204249806 HTTP/1.1" 200 28 "http://renault.activities.at/result?searchterm=true&search=Poster" "Mozilla/5.0 (Windows NT 10.0; Win64; x64) AppleWebKit/537.36 (KHTML, like Gecko) Chrome/96.0.4664.45 Safari/537.36"
194.96.116.232 - - [29/Nov/2021:17:46:23 +0100] "GET /reload?ser=1638204383632 HTTP/1.1" 200 28 "http://renault.activities.at/10260253" "Mozilla/5.0 (Windows NT 10.0; Win64; x64) AppleWebKit/537.36 (KHTML, like Gecko) Chrome/96.0.4664.45 Safari/537.36"
93.83.167.218 - - [29/Nov/2021:17:46:45 +0100] "GET /reload?ser=1638204310803 HTTP/1.1" 200 28 "http://renault.activities.at/result?searchterm=true&search=Poster" "Mozilla/5.0 (Windows NT 10.0; Win64; x64) AppleWebKit/537.36 (KHTML, like Gecko) Chrome/96.0.4664.45 Safari/537.36"
194.96.116.232 - - [29/Nov/2021:17:47:25 +0100] "GET /reload?ser=1638204445635 HTTP/1.1" 200 28 "http://renault.activities.at/10260253" "Mozilla/5.0 (Windows NT 10.0; Win64; x64) AppleWebKit/537.36 (KHTML, like Gecko) Chrome/96.0.4664.45 Safari/537.36"
93.83.167.218 - - [29/Nov/2021:17:47:46 +0100] "GET /reload?ser=1638204371749 HTTP/1.1" 200 28 "http://renault.activities.at/result?searchterm=true&search=Poster" "Mozilla/5.0 (Windows NT 10.0; Win64; x64) AppleWebKit/537.36 (KHTML, like Gecko) Chrome/96.0.4664.45 Safari/537.36"
194.96.116.232 - - [29/Nov/2021:17:48:27 +0100] "GET /reload?ser=1638204507635 HTTP/1.1" 200 28 "http://renault.activities.at/10260253" "Mozilla/5.0 (Windows NT 10.0; Win64; x64) AppleWebKit/537.36 (KHTML, like Gecko) Chrome/96.0.4664.45 Safari/537.36"
93.83.167.218 - - [29/Nov/2021:17:48:47 +0100] "GET /reload?ser=1638204432795 HTTP/1.1" 200 28 "http://renault.activities.at/result?searchterm=true&search=Poster" "Mozilla/5.0 (Windows NT 10.0; Win64; x64) AppleWebKit/537.36 (KHTML, like Gecko) Chrome/96.0.4664.45 Safari/537.36"
194.96.116.232 - - [29/Nov/2021:17:49:29 +0100] "GET /reload?ser=1638204569643 HTTP/1.1" 200 28 "http://renault.activities.at/10260253" "Mozilla/5.0 (Windows NT 10.0; Win64; x64) AppleWebKit/537.36 (KHTML, like Gecko) Chrome/96.0.4664.45 Safari/537.36"
93.83.167.218 - - [29/Nov/2021:17:49:48 +0100] "GET /reload?ser=1638204493790 HTTP/1.1" 200 28 "http://renault.activities.at/result?searchterm=true&search=Poster" "Mozilla/5.0 (Windows NT 10.0; Win64; x64) AppleWebKit/537.36 (KHTML, like Gecko) Chrome/96.0.4664.45 Safari/537.36"
194.96.116.232 - - [29/Nov/2021:17:50:31 +0100] "GET /reload?ser=1638204631636 HTTP/1.1" 200 28 "http://renault.activities.at/10260253" "Mozilla/5.0 (Windows NT 10.0; Win64; x64) AppleWebKit/537.36 (KHTML, like Gecko) Chrome/96.0.4664.45 Safari/537.36"
93.83.167.218 - - [29/Nov/2021:17:50:49 +0100] "GET /reload?ser=1638204554786 HTTP/1.1" 200 28 "http://renault.activities.at/result?searchterm=true&search=Poster" "Mozilla/5.0 (Windows NT 10.0; Win64; x64) AppleWebKit/537.36 (KHTML, like Gecko) Chrome/96.0.4664.45 Safari/537.36"
194.96.116.232 - - [29/Nov/2021:17:51:33 +0100] "GET /reload?ser=1638204693631 HTTP/1.1" 200 28 "http://renault.activities.at/10260253" "Mozilla/5.0 (Windows NT 10.0; Win64; x64) AppleWebKit/537.36 (KHTML, like Gecko) Chrome/96.0.4664.45 Safari/537.36"
93.83.167.218 - - [29/Nov/2021:17:51:50 +0100] "GET /reload?ser=1638204615783 HTTP/1.1" 200 28 "http://renault.activities.at/result?searchterm=true&search=Poster" "Mozilla/5.0 (Windows NT 10.0; Win64; x64) AppleWebKit/537.36 (KHTML, like Gecko) Chrome/96.0.4664.45 Safari/537.36"
194.96.116.232 - - [29/Nov/2021:17:52:35 +0100] "GET /reload?ser=1638204755642 HTTP/1.1" 200 28 "http://renault.activities.at/10260253" "Mozilla/5.0 (Windows NT 10.0; Win64; x64) AppleWebKit/537.36 (KHTML, like Gecko) Chrome/96.0.4664.45 Safari/537.36"
93.83.167.218 - - [29/Nov/2021:17:52:51 +0100] "GET /reload?ser=1638204676779 HTTP/1.1" 200 28 "http://renault.activities.at/result?searchterm=true&search=Poster" "Mozilla/5.0 (Windows NT 10.0; Win64; x64) AppleWebKit/537.36 (KHTML, like Gecko) Chrome/96.0.4664.45 Safari/537.36"
194.96.116.232 - - [29/Nov/2021:17:53:37 +0100] "GET /reload?ser=1638204817635 HTTP/1.1" 200 28 "http://renault.activities.at/10260253" "Mozilla/5.0 (Windows NT 10.0; Win64; x64) AppleWebKit/537.36 (KHTML, like Gecko) Chrome/96.0.4664.45 Safari/537.36"
93.83.167.218 - - [29/Nov/2021:17:53:52 +0100] "GET /reload?ser=1638204737775 HTTP/1.1" 200 28 "http://renault.activities.at/result?searchterm=true&search=Poster" "Mozilla/5.0 (Windows NT 10.0; Win64; x64) AppleWebKit/537.36 (KHTML, like Gecko) Chrome/96.0.4664.45 Safari/537.36"
194.96.116.232 - - [29/Nov/2021:17:54:39 +0100] "GET /reload?ser=1638204879631 HTTP/1.1" 200 28 "http://renault.activities.at/10260253" "Mozilla/5.0 (Windows NT 10.0; Win64; x64) AppleWebKit/537.36 (KHTML, like Gecko) Chrome/96.0.4664.45 Safari/537.36"
93.83.167.218 - - [29/Nov/2021:17:54:53 +0100] "GET /reload?ser=1638204798772 HTTP/1.1" 200 28 "http://renault.activities.at/result?searchterm=true&search=Poster" "Mozilla/5.0 (Windows NT 10.0; Win64; x64) AppleWebKit/537.36 (KHTML, like Gecko) Chrome/96.0.4664.45 Safari/537.36"
194.96.116.232 - - [29/Nov/2021:17:55:41 +0100] "GET /reload?ser=1638204941635 HTTP/1.1" 200 28 "http://renault.activities.at/10260253" "Mozilla/5.0 (Windows NT 10.0; Win64; x64) AppleWebKit/537.36 (KHTML, like Gecko) Chrome/96.0.4664.45 Safari/537.36"
93.83.167.218 - - [29/Nov/2021:17:55:54 +0100] "GET /reload?ser=1638204860348 HTTP/1.1" 200 28 "http://renault.activities.at/result?searchterm=true&search=Poster" "Mozilla/5.0 (Windows NT 10.0; Win64; x64) AppleWebKit/537.36 (KHTML, like Gecko) Chrome/96.0.4664.45 Safari/537.36"
194.96.116.232 - - [29/Nov/2021:17:56:43 +0100] "GET /reload?ser=1638205003634 HTTP/1.1" 200 28 "http://renault.activities.at/10260253" "Mozilla/5.0 (Windows NT 10.0; Win64; x64) AppleWebKit/537.36 (KHTML, like Gecko) Chrome/96.0.4664.45 Safari/537.36"
93.83.167.218 - - [29/Nov/2021:17:56:56 +0100] "GET /reload?ser=1638204921765 HTTP/1.1" 200 28 "http://renault.activities.at/result?searchterm=true&search=Poster" "Mozilla/5.0 (Windows NT 10.0; Win64; x64) AppleWebKit/537.36 (KHTML, like Gecko) Chrome/96.0.4664.45 Safari/537.36"
194.96.116.232 - - [29/Nov/2021:17:57:45 +0100] "GET /reload?ser=1638205065630 HTTP/1.1" 200 28 "http://renault.activities.at/10260253" "Mozilla/5.0 (Windows NT 10.0; Win64; x64) AppleWebKit/537.36 (KHTML, like Gecko) Chrome/96.0.4664.45 Safari/537.36"
93.83.167.218 - - [29/Nov/2021:17:57:57 +0100] "GET /reload?ser=1638204982763 HTTP/1.1" 200 28 "http://renault.activities.at/result?searchterm=true&search=Poster" "Mozilla/5.0 (Windows NT 10.0; Win64; x64) AppleWebKit/537.36 (KHTML, like Gecko) Chrome/96.0.4664.45 Safari/537.36"
194.96.116.232 - - [29/Nov/2021:17:58:47 +0100] "GET /reload?ser=1638205127645 HTTP/1.1" 200 28 "http://renault.activities.at/10260253" "Mozilla/5.0 (Windows NT 10.0; Win64; x64) AppleWebKit/537.36 (KHTML, like Gecko) Chrome/96.0.4664.45 Safari/537.36"
93.83.167.218 - - [29/Nov/2021:17:58:58 +0100] "GET /reload?ser=1638205043759 HTTP/1.1" 200 28 "http://renault.activities.at/result?searchterm=true&search=Poster" "Mozilla/5.0 (Windows NT 10.0; Win64; x64) AppleWebKit/537.36 (KHTML, like Gecko) Chrome/96.0.4664.45 Safari/537.36"
194.96.116.232 - - [29/Nov/2021:17:59:48 +0100] "GET /reload?ser=1638205188639 HTTP/1.1" 200 28 "http://renault.activities.at/10260253" "Mozilla/5.0 (Windows NT 10.0; Win64; x64) AppleWebKit/537.36 (KHTML, like Gecko) Chrome/96.0.4664.45 Safari/537.36"
93.83.167.218 - - [29/Nov/2021:17:59:59 +0100] "GET /reload?ser=1638205104757 HTTP/1.1" 200 28 "http://renault.activities.at/result?searchterm=true&search=Poster" "Mozilla/5.0 (Windows NT 10.0; Win64; x64) AppleWebKit/537.36 (KHTML, like Gecko) Chrome/96.0.4664.45 Safari/537.36"
194.96.116.232 - - [29/Nov/2021:18:00:50 +0100] "GET /reload?ser=1638205250632 HTTP/1.1" 200 28 "http://renault.activities.at/10260253" "Mozilla/5.0 (Windows NT 10.0; Win64; x64) AppleWebKit/537.36 (KHTML, like Gecko) Chrome/96.0.4664.45 Safari/537.36"
93.83.167.218 - - [29/Nov/2021:18:01:00 +0100] "GET /reload?ser=1638205165754 HTTP/1.1" 200 28 "http://renault.activities.at/result?searchterm=true&search=Poster" "Mozilla/5.0 (Windows NT 10.0; Win64; x64) AppleWebKit/537.36 (KHTML, like Gecko) Chrome/96.0.4664.45 Safari/537.36"
194.96.116.232 - - [29/Nov/2021:18:01:52 +0100] "GET /reload?ser=1638205312645 HTTP/1.1" 200 28 "http://renault.activities.at/10260253" "Mozilla/5.0 (Windows NT 10.0; Win64; x64) AppleWebKit/537.36 (KHTML, like Gecko) Chrome/96.0.4664.45 Safari/537.36"
93.83.167.218 - - [29/Nov/2021:18:02:01 +0100] "GET /reload?ser=1638205226751 HTTP/1.1" 200 28 "http://renault.activities.at/result?searchterm=true&search=Poster" "Mozilla/5.0 (Windows NT 10.0; Win64; x64) AppleWebKit/537.36 (KHTML, like Gecko) Chrome/96.0.4664.45 Safari/537.36"
194.96.116.232 - - [29/Nov/2021:18:02:54 +0100] "GET /reload?ser=1638205374632 HTTP/1.1" 200 28 "http://renault.activities.at/10260253" "Mozilla/5.0 (Windows NT 10.0; Win64; x64) AppleWebKit/537.36 (KHTML, like Gecko) Chrome/96.0.4664.45 Safari/537.36"
93.83.167.218 - - [29/Nov/2021:18:03:02 +0100] "GET /reload?ser=1638205287749 HTTP/1.1" 200 28 "http://renault.activities.at/result?searchterm=true&search=Poster" "Mozilla/5.0 (Windows NT 10.0; Win64; x64) AppleWebKit/537.36 (KHTML, like Gecko) Chrome/96.0.4664.45 Safari/537.36"
194.96.116.232 - - [29/Nov/2021:18:03:56 +0100] "GET /reload?ser=1638205436640 HTTP/1.1" 200 28 "http://renault.activities.at/10260253" "Mozilla/5.0 (Windows NT 10.0; Win64; x64) AppleWebKit/537.36 (KHTML, like Gecko) Chrome/96.0.4664.45 Safari/537.36"
93.83.167.218 - - [29/Nov/2021:18:04:04 +0100] "GET /reload?ser=1638205349747 HTTP/1.1" 200 28 "http://renault.activities.at/result?searchterm=true&search=Poster" "Mozilla/5.0 (Windows NT 10.0; Win64; x64) AppleWebKit/537.36 (KHTML, like Gecko) Chrome/96.0.4664.45 Safari/537.36"
194.96.116.232 - - [29/Nov/2021:18:04:58 +0100] "GET /reload?ser=1638205498635 HTTP/1.1" 200 28 "http://renault.activities.at/10260253" "Mozilla/5.0 (Windows NT 10.0; Win64; x64) AppleWebKit/537.36 (KHTML, like Gecko) Chrome/96.0.4664.45 Safari/537.36"
93.83.167.218 - - [29/Nov/2021:18:05:05 +0100] "GET /reload?ser=1638205410744 HTTP/1.1" 200 28 "http://renault.activities.at/result?searchterm=true&search=Poster" "Mozilla/5.0 (Windows NT 10.0; Win64; x64) AppleWebKit/537.36 (KHTML, like Gecko) Chrome/96.0.4664.45 Safari/537.36"
194.96.116.232 - - [29/Nov/2021:18:06:00 +0100] "GET /reload?ser=1638205560639 HTTP/1.1" 200 28 "http://renault.activities.at/10260253" "Mozilla/5.0 (Windows NT 10.0; Win64; x64) AppleWebKit/537.36 (KHTML, like Gecko) Chrome/96.0.4664.45 Safari/537.36"
93.83.167.218 - - [29/Nov/2021:18:06:06 +0100] "GET /reload?ser=1638205471742 HTTP/1.1" 200 28 "http://renault.activities.at/result?searchterm=true&search=Poster" "Mozilla/5.0 (Windows NT 10.0; Win64; x64) AppleWebKit/537.36 (KHTML, like Gecko) Chrome/96.0.4664.45 Safari/537.36"
194.96.116.232 - - [29/Nov/2021:18:07:02 +0100] "GET /reload?ser=1638205622647 HTTP/1.1" 200 28 "http://renault.activities.at/10260253" "Mozilla/5.0 (Windows NT 10.0; Win64; x64) AppleWebKit/537.36 (KHTML, like Gecko) Chrome/96.0.4664.45 Safari/537.36"
93.83.167.218 - - [29/Nov/2021:18:07:07 +0100] "GET /reload?ser=1638205532740 HTTP/1.1" 200 28 "http://renault.activities.at/result?searchterm=true&search=Poster" "Mozilla/5.0 (Windows NT 10.0; Win64; x64) AppleWebKit/537.36 (KHTML, like Gecko) Chrome/96.0.4664.45 Safari/537.36"
194.96.116.232 - - [29/Nov/2021:18:08:03 +0100] "GET /reload?ser=1638205683637 HTTP/1.1" 200 28 "http://renault.activities.at/10260253" "Mozilla/5.0 (Windows NT 10.0; Win64; x64) AppleWebKit/537.36 (KHTML, like Gecko) Chrome/96.0.4664.45 Safari/537.36"
93.83.167.218 - - [29/Nov/2021:18:08:08 +0100] "GET /reload?ser=1638205593739 HTTP/1.1" 200 28 "http://renault.activities.at/result?searchterm=true&search=Poster" "Mozilla/5.0 (Windows NT 10.0; Win64; x64) AppleWebKit/537.36 (KHTML, like Gecko) Chrome/96.0.4664.45 Safari/537.36"
194.96.116.232 - - [29/Nov/2021:18:09:05 +0100] "GET /reload?ser=1638205745637 HTTP/1.1" 200 28 "http://renault.activities.at/10260253" "Mozilla/5.0 (Windows NT 10.0; Win64; x64) AppleWebKit/537.36 (KHTML, like Gecko) Chrome/96.0.4664.45 Safari/537.36"
93.83.167.218 - - [29/Nov/2021:18:09:09 +0100] "GET /reload?ser=1638205654736 HTTP/1.1" 200 28 "http://renault.activities.at/result?searchterm=true&search=Poster" "Mozilla/5.0 (Windows NT 10.0; Win64; x64) AppleWebKit/537.36 (KHTML, like Gecko) Chrome/96.0.4664.45 Safari/537.36"
194.96.116.232 - - [29/Nov/2021:18:10:06 +0100] "GET /reload?ser=1638205806648 HTTP/1.1" 200 28 "http://renault.activities.at/10260253" "Mozilla/5.0 (Windows NT 10.0; Win64; x64) AppleWebKit/537.36 (KHTML, like Gecko) Chrome/96.0.4664.45 Safari/537.36"
93.83.167.218 - - [29/Nov/2021:18:10:10 +0100] "GET /reload?ser=1638205715735 HTTP/1.1" 200 28 "http://renault.activities.at/result?searchterm=true&search=Poster" "Mozilla/5.0 (Windows NT 10.0; Win64; x64) AppleWebKit/537.36 (KHTML, like Gecko) Chrome/96.0.4664.45 Safari/537.36"
165.227.185.25 - - [29/Nov/2021:18:10:47 +0100] "HEAD / HTTP/1.1" 501 - "https://www.netcraft.com/survey/" "Mozilla/4.0 (compatible; Netcraft Web Server Survey)"
194.96.116.232 - - [29/Nov/2021:18:11:08 +0100] "GET /reload?ser=1638205868644 HTTP/1.1" 200 28 "http://renault.activities.at/10260253" "Mozilla/5.0 (Windows NT 10.0; Win64; x64) AppleWebKit/537.36 (KHTML, like Gecko) Chrome/96.0.4664.45 Safari/537.36"
93.83.167.218 - - [29/Nov/2021:18:11:11 +0100] "GET /reload?ser=1638205776733 HTTP/1.1" 200 28 "http://renault.activities.at/result?searchterm=true&search=Poster" "Mozilla/5.0 (Windows NT 10.0; Win64; x64) AppleWebKit/537.36 (KHTML, like Gecko) Chrome/96.0.4664.45 Safari/537.36"
194.96.116.232 - - [29/Nov/2021:18:12:10 +0100] "GET /reload?ser=1638205930641 HTTP/1.1" 200 28 "http://renault.activities.at/10260253" "Mozilla/5.0 (Windows NT 10.0; Win64; x64) AppleWebKit/537.36 (KHTML, like Gecko) Chrome/96.0.4664.45 Safari/537.36"
93.83.167.218 - - [29/Nov/2021:18:12:12 +0100] "GET /reload?ser=1638205837732 HTTP/1.1" 200 28 "http://renault.activities.at/result?searchterm=true&search=Poster" "Mozilla/5.0 (Windows NT 10.0; Win64; x64) AppleWebKit/537.36 (KHTML, like Gecko) Chrome/96.0.4664.45 Safari/537.36"
194.96.116.232 - - [29/Nov/2021:18:13:12 +0100] "GET /reload?ser=1638205992634 HTTP/1.1" 200 28 "http://renault.activities.at/10260253" "Mozilla/5.0 (Windows NT 10.0; Win64; x64) AppleWebKit/537.36 (KHTML, like Gecko) Chrome/96.0.4664.45 Safari/537.36"
93.83.167.218 - - [29/Nov/2021:18:13:13 +0100] "GET /reload?ser=1638205898731 HTTP/1.1" 200 28 "http://renault.activities.at/result?searchterm=true&search=Poster" "Mozilla/5.0 (Windows NT 10.0; Win64; x64) AppleWebKit/537.36 (KHTML, like Gecko) Chrome/96.0.4664.45 Safari/537.36"
194.166.234.132 - - [29/Nov/2021:18:13:20 +0100] "GET / HTTP/1.1" 200 3096 "-" "Mozilla/5.0 (Macintosh; Intel Mac OS X 10_15_7) AppleWebKit/605.1.15 (KHTML, like Gecko) Version/15.1 Safari/605.1.15"
194.166.234.132 - - [29/Nov/2021:18:13:26 +0100] "GET /login HTTP/1.1" 200 2095 "http://renault.2web.at/" "Mozilla/5.0 (Macintosh; Intel Mac OS X 10_15_7) AppleWebKit/605.1.15 (KHTML, like Gecko) Version/15.1 Safari/605.1.15"
194.166.234.132 - - [29/Nov/2021:18:13:32 +0100] "POST /login HTTP/1.1" 302 137 "http://renault.2web.at/login" "Mozilla/5.0 (Macintosh; Intel Mac OS X 10_15_7) AppleWebKit/605.1.15 (KHTML, like Gecko) Version/15.1 Safari/605.1.15"
194.166.234.132 - - [29/Nov/2021:18:13:34 +0100] "GET /account HTTP/1.1" 200 7699 "http://renault.2web.at/login" "Mozilla/5.0 (Macintosh; Intel Mac OS X 10_15_7) AppleWebKit/605.1.15 (KHTML, like Gecko) Version/15.1 Safari/605.1.15"
93.83.167.218 - - [29/Nov/2021:18:14:14 +0100] "GET /reload?ser=1638205959728 HTTP/1.1" 200 28 "http://renault.activities.at/result?searchterm=true&search=Poster" "Mozilla/5.0 (Windows NT 10.0; Win64; x64) AppleWebKit/537.36 (KHTML, like Gecko) Chrome/96.0.4664.45 Safari/537.36"
194.96.116.232 - - [29/Nov/2021:18:14:14 +0100] "GET /reload?ser=1638206054638 HTTP/1.1" 200 28 "http://renault.activities.at/10260253" "Mozilla/5.0 (Windows NT 10.0; Win64; x64) AppleWebKit/537.36 (KHTML, like Gecko) Chrome/96.0.4664.45 Safari/537.36"
194.166.234.132 - - [29/Nov/2021:18:14:42 +0100] "GET /reload?ser=1638206082078 HTTP/1.1" 200 28 "http://renault.2web.at/account" "Mozilla/5.0 (Macintosh; Intel Mac OS X 10_15_7) AppleWebKit/605.1.15 (KHTML, like Gecko) Version/15.1 Safari/605.1.15"
93.83.167.218 - - [29/Nov/2021:18:15:15 +0100] "GET /reload?ser=1638206020727 HTTP/1.1" 200 28 "http://renault.activities.at/result?searchterm=true&search=Poster" "Mozilla/5.0 (Windows NT 10.0; Win64; x64) AppleWebKit/537.36 (KHTML, like Gecko) Chrome/96.0.4664.45 Safari/537.36"
194.96.116.232 - - [29/Nov/2021:18:15:16 +0100] "GET /reload?ser=1638206116647 HTTP/1.1" 200 28 "http://renault.activities.at/10260253" "Mozilla/5.0 (Windows NT 10.0; Win64; x64) AppleWebKit/537.36 (KHTML, like Gecko) Chrome/96.0.4664.45 Safari/537.36"
194.166.234.132 - - [29/Nov/2021:18:15:43 +0100] "GET /reload?ser=1638206143112 HTTP/1.1" 200 28 "http://renault.2web.at/account" "Mozilla/5.0 (Macintosh; Intel Mac OS X 10_15_7) AppleWebKit/605.1.15 (KHTML, like Gecko) Version/15.1 Safari/605.1.15"
93.83.167.218 - - [29/Nov/2021:18:16:16 +0100] "GET /reload?ser=1638206081727 HTTP/1.1" 200 28 "http://renault.activities.at/result?searchterm=true&search=Poster" "Mozilla/5.0 (Windows NT 10.0; Win64; x64) AppleWebKit/537.36 (KHTML, like Gecko) Chrome/96.0.4664.45 Safari/537.36"
194.96.116.232 - - [29/Nov/2021:18:16:18 +0100] "GET /reload?ser=1638206178645 HTTP/1.1" 200 28 "http://renault.activities.at/10260253" "Mozilla/5.0 (Windows NT 10.0; Win64; x64) AppleWebKit/537.36 (KHTML, like Gecko) Chrome/96.0.4664.45 Safari/537.36"
194.166.234.132 - - [29/Nov/2021:18:16:44 +0100] "GET /reload?ser=1638206204143 HTTP/1.1" 200 28 "http://renault.2web.at/account" "Mozilla/5.0 (Macintosh; Intel Mac OS X 10_15_7) AppleWebKit/605.1.15 (KHTML, like Gecko) Version/15.1 Safari/605.1.15"
93.83.167.218 - - [29/Nov/2021:18:17:18 +0100] "GET /reload?ser=1638206143725 HTTP/1.1" 200 28 "http://renault.activities.at/result?searchterm=true&search=Poster" "Mozilla/5.0 (Windows NT 10.0; Win64; x64) AppleWebKit/537.36 (KHTML, like Gecko) Chrome/96.0.4664.45 Safari/537.36"
194.166.234.132 - - [29/Nov/2021:18:17:45 +0100] "GET /reload?ser=1638206265057 HTTP/1.1" 200 28 "http://renault.2web.at/account" "Mozilla/5.0 (Macintosh; Intel Mac OS X 10_15_7) AppleWebKit/605.1.15 (KHTML, like Gecko) Version/15.1 Safari/605.1.15"
93.83.167.218 - - [29/Nov/2021:18:18:20 +0100] "GET /reload?ser=1638206205724 HTTP/1.1" 200 28 "http://renault.activities.at/result?searchterm=true&search=Poster" "Mozilla/5.0 (Windows NT 10.0; Win64; x64) AppleWebKit/537.36 (KHTML, like Gecko) Chrome/96.0.4664.45 Safari/537.36"
194.166.234.132 - - [29/Nov/2021:18:19:06 +0100] "GET /reload?ser=1638206345998 HTTP/1.1" 200 28 "http://renault.2web.at/account" "Mozilla/5.0 (Macintosh; Intel Mac OS X 10_15_7) AppleWebKit/605.1.15 (KHTML, like Gecko) Version/15.1 Safari/605.1.15"
93.83.167.218 - - [29/Nov/2021:18:19:21 +0100] "GET /reload?ser=1638206266724 HTTP/1.1" 200 28 "http://renault.activities.at/result?searchterm=true&search=Poster" "Mozilla/5.0 (Windows NT 10.0; Win64; x64) AppleWebKit/537.36 (KHTML, like Gecko) Chrome/96.0.4664.45 Safari/537.36"
93.83.167.218 - - [29/Nov/2021:18:20:22 +0100] "GET /reload?ser=1638206327723 HTTP/1.1" 200 28 "http://renault.activities.at/result?searchterm=true&search=Poster" "Mozilla/5.0 (Windows NT 10.0; Win64; x64) AppleWebKit/537.36 (KHTML, like Gecko) Chrome/96.0.4664.45 Safari/537.36"
194.166.234.132 - - [29/Nov/2021:18:20:22 +0100] "GET /reload?ser=1638206422920 HTTP/1.1" 200 28 "http://renault.2web.at/account" "Mozilla/5.0 (Macintosh; Intel Mac OS X 10_15_7) AppleWebKit/605.1.15 (KHTML, like Gecko) Version/15.1 Safari/605.1.15"
93.83.167.218 - - [29/Nov/2021:18:21:23 +0100] "GET /reload?ser=1638206388722 HTTP/1.1" 200 28 "http://renault.activities.at/result?searchterm=true&search=Poster" "Mozilla/5.0 (Windows NT 10.0; Win64; x64) AppleWebKit/537.36 (KHTML, like Gecko) Chrome/96.0.4664.45 Safari/537.36"
194.166.234.132 - - [29/Nov/2021:18:21:23 +0100] "GET /reload?ser=1638206483912 HTTP/1.1" 200 28 "http://renault.2web.at/account" "Mozilla/5.0 (Macintosh; Intel Mac OS X 10_15_7) AppleWebKit/605.1.15 (KHTML, like Gecko) Version/15.1 Safari/605.1.15"
93.83.167.218 - - [29/Nov/2021:18:22:24 +0100] "GET /reload?ser=1638206449722 HTTP/1.1" 200 28 "http://renault.activities.at/result?searchterm=true&search=Poster" "Mozilla/5.0 (Windows NT 10.0; Win64; x64) AppleWebKit/537.36 (KHTML, like Gecko) Chrome/96.0.4664.45 Safari/537.36"
194.166.234.132 - - [29/Nov/2021:18:22:24 +0100] "GET /reload?ser=1638206544931 HTTP/1.1" 200 28 "http://renault.2web.at/account" "Mozilla/5.0 (Macintosh; Intel Mac OS X 10_15_7) AppleWebKit/605.1.15 (KHTML, like Gecko) Version/15.1 Safari/605.1.15"
93.83.167.218 - - [29/Nov/2021:18:23:25 +0100] "GET /reload?ser=1638206510722 HTTP/1.1" 200 28 "http://renault.activities.at/result?searchterm=true&search=Poster" "Mozilla/5.0 (Windows NT 10.0; Win64; x64) AppleWebKit/537.36 (KHTML, like Gecko) Chrome/96.0.4664.45 Safari/537.36"
194.166.234.132 - - [29/Nov/2021:18:23:26 +0100] "GET /reload?ser=1638206605967 HTTP/1.1" 200 28 "http://renault.2web.at/account" "Mozilla/5.0 (Macintosh; Intel Mac OS X 10_15_7) AppleWebKit/605.1.15 (KHTML, like Gecko) Version/15.1 Safari/605.1.15"
93.83.167.218 - - [29/Nov/2021:18:24:26 +0100] "GET /reload?ser=1638206571721 HTTP/1.1" 200 28 "http://renault.activities.at/result?searchterm=true&search=Poster" "Mozilla/5.0 (Windows NT 10.0; Win64; x64) AppleWebKit/537.36 (KHTML, like Gecko) Chrome/96.0.4664.45 Safari/537.36"
93.83.167.218 - - [29/Nov/2021:18:25:27 +0100] "GET /reload?ser=1638206632721 HTTP/1.1" 200 28 "http://renault.activities.at/result?searchterm=true&search=Poster" "Mozilla/5.0 (Windows NT 10.0; Win64; x64) AppleWebKit/537.36 (KHTML, like Gecko) Chrome/96.0.4664.45 Safari/537.36"
93.83.167.218 - - [29/Nov/2021:18:26:28 +0100] "GET /reload?ser=1638206693720 HTTP/1.1" 200 28 "http://renault.activities.at/result?searchterm=true&search=Poster" "Mozilla/5.0 (Windows NT 10.0; Win64; x64) AppleWebKit/537.36 (KHTML, like Gecko) Chrome/96.0.4664.45 Safari/537.36"
93.83.167.218 - - [29/Nov/2021:18:27:29 +0100] "GET /reload?ser=1638206754721 HTTP/1.1" 200 28 "http://renault.activities.at/result?searchterm=true&search=Poster" "Mozilla/5.0 (Windows NT 10.0; Win64; x64) AppleWebKit/537.36 (KHTML, like Gecko) Chrome/96.0.4664.45 Safari/537.36"
93.83.167.218 - - [29/Nov/2021:18:28:30 +0100] "GET /reload?ser=1638206815721 HTTP/1.1" 200 28 "http://renault.activities.at/result?searchterm=true&search=Poster" "Mozilla/5.0 (Windows NT 10.0; Win64; x64) AppleWebKit/537.36 (KHTML, like Gecko) Chrome/96.0.4664.45 Safari/537.36"
93.83.167.218 - - [29/Nov/2021:18:29:31 +0100] "GET /reload?ser=1638206876721 HTTP/1.1" 200 28 "http://renault.activities.at/result?searchterm=true&search=Poster" "Mozilla/5.0 (Windows NT 10.0; Win64; x64) AppleWebKit/537.36 (KHTML, like Gecko) Chrome/96.0.4664.45 Safari/537.36"
93.83.167.218 - - [29/Nov/2021:18:30:32 +0100] "GET /reload?ser=1638206937721 HTTP/1.1" 200 28 "http://renault.activities.at/result?searchterm=true&search=Poster" "Mozilla/5.0 (Windows NT 10.0; Win64; x64) AppleWebKit/537.36 (KHTML, like Gecko) Chrome/96.0.4664.45 Safari/537.36"
93.83.167.218 - - [29/Nov/2021:18:31:34 +0100] "GET /reload?ser=1638206999722 HTTP/1.1" 200 28 "http://renault.activities.at/result?searchterm=true&search=Poster" "Mozilla/5.0 (Windows NT 10.0; Win64; x64) AppleWebKit/537.36 (KHTML, like Gecko) Chrome/96.0.4664.45 Safari/537.36"
93.83.167.218 - - [29/Nov/2021:18:32:35 +0100] "GET /reload?ser=1638207060723 HTTP/1.1" 200 28 "http://renault.activities.at/result?searchterm=true&search=Poster" "Mozilla/5.0 (Windows NT 10.0; Win64; x64) AppleWebKit/537.36 (KHTML, like Gecko) Chrome/96.0.4664.45 Safari/537.36"
93.83.167.218 - - [29/Nov/2021:18:33:36 +0100] "GET /reload?ser=1638207121723 HTTP/1.1" 200 28 "http://renault.activities.at/result?searchterm=true&search=Poster" "Mozilla/5.0 (Windows NT 10.0; Win64; x64) AppleWebKit/537.36 (KHTML, like Gecko) Chrome/96.0.4664.45 Safari/537.36"
93.83.167.218 - - [29/Nov/2021:18:34:37 +0100] "GET /reload?ser=1638207182723 HTTP/1.1" 200 28 "http://renault.activities.at/result?searchterm=true&search=Poster" "Mozilla/5.0 (Windows NT 10.0; Win64; x64) AppleWebKit/537.36 (KHTML, like Gecko) Chrome/96.0.4664.45 Safari/537.36"
93.83.167.218 - - [29/Nov/2021:18:35:39 +0100] "GET /reload?ser=1638207244724 HTTP/1.1" 200 28 "http://renault.activities.at/result?searchterm=true&search=Poster" "Mozilla/5.0 (Windows NT 10.0; Win64; x64) AppleWebKit/537.36 (KHTML, like Gecko) Chrome/96.0.4664.45 Safari/537.36"
93.83.167.218 - - [29/Nov/2021:18:36:40 +0100] "GET /reload?ser=1638207305725 HTTP/1.1" 200 28 "http://renault.activities.at/result?searchterm=true&search=Poster" "Mozilla/5.0 (Windows NT 10.0; Win64; x64) AppleWebKit/537.36 (KHTML, like Gecko) Chrome/96.0.4664.45 Safari/537.36"
93.83.167.218 - - [29/Nov/2021:18:37:41 +0100] "GET /reload?ser=1638207366726 HTTP/1.1" 200 28 "http://renault.activities.at/result?searchterm=true&search=Poster" "Mozilla/5.0 (Windows NT 10.0; Win64; x64) AppleWebKit/537.36 (KHTML, like Gecko) Chrome/96.0.4664.45 Safari/537.36"
114.119.128.50 - - [29/Nov/2021:22:13:22 +0100] "GET /robots.txt HTTP/1.1" 404 300 "-" "Mozilla/5.0 (compatible;PetalBot;+https://webmaster.petalsearch.com/site/petalbot)"
66.94.115.45 - - [29/Nov/2021:23:17:01 +0100] "GET / HTTP/1.1" 200 3086 "-" "python-requests/2.26.0"
66.249.69.175 - - [29/Nov/2021:23:38:04 +0100] "GET /robots.txt HTTP/1.1" 404 300 "-" "Mozilla/5.0 (compatible; Googlebot/2.1; +http://www.google.com/bot.html)"
66.249.69.175 - - [29/Nov/2021:23:38:04 +0100] "GET /binaries/10019519.pdf HTTP/1.1" 304 - "-" "Mozilla/5.0 (compatible; Googlebot/2.1; +http://www.google.com/bot.html)"
40.77.167.77 - - [30/Nov/2021:00:07:05 +0100] "GET / HTTP/1.1" 200 3086 "-" "Mozilla/5.0 (compatible; bingbot/2.0; +http://www.bing.com/bingbot.htm)"
40.77.167.82 - - [30/Nov/2021:00:07:20 +0100] "GET /css/print.css HTTP/1.1" 200 543 "-" "Mozilla/5.0 (compatible; bingbot/2.0; +http://www.bing.com/bingbot.htm)"
40.77.167.82 - - [30/Nov/2021:00:07:24 +0100] "GET /css/styles.css HTTP/1.1" 200 14664 "-" "Mozilla/5.0 (compatible; bingbot/2.0; +http://www.bing.com/bingbot.htm)"
40.77.167.77 - - [30/Nov/2021:00:07:24 +0100] "GET /css/clears.css HTTP/1.1" 200 851 "-" "Mozilla/5.0 (compatible; bingbot/2.0; +http://www.bing.com/bingbot.htm)"
40.77.167.82 - - [30/Nov/2021:00:07:24 +0100] "GET /css/themes/default.css HTTP/1.1" 200 769 "-" "Mozilla/5.0 (compatible; bingbot/2.0; +http://www.bing.com/bingbot.htm)"
40.77.167.82 - - [30/Nov/2021:00:07:27 +0100] "GET /js/flashdetection.js HTTP/1.1" 200 1059 "-" "Mozilla/5.0 (compatible; bingbot/2.0; +http://www.bing.com/bingbot.htm)"
157.55.39.176 - - [30/Nov/2021:00:07:27 +0100] "GET /css/themes/alphacube.css HTTP/1.1" 200 743 "-" "Mozilla/5.0 (compatible; bingbot/2.0; +http://www.bing.com/bingbot.htm)"
40.77.167.38 - - [30/Nov/2021:00:07:29 +0100] "GET /js/default.js HTTP/1.1" 200 14698 "-" "Mozilla/5.0 (compatible; bingbot/2.0; +http://www.bing.com/bingbot.htm)"
40.77.167.82 - - [30/Nov/2021:00:07:28 +0100] "GET /loadthumbnail.php?id=11127982 HTTP/1.1" 200 399614 "-" "Mozilla/5.0 (compatible; bingbot/2.0; +http://www.bing.com/bingbot.htm)"
157.55.39.89 - - [30/Nov/2021:00:07:30 +0100] "GET /css/prototip.css HTTP/1.1" 200 968 "-" "Mozilla/5.0 (compatible; bingbot/2.0; +http://www.bing.com/bingbot.htm)"
157.55.39.176 - - [30/Nov/2021:00:07:37 +0100] "GET /js/checkout.css HTTP/1.1" 200 359 "-" "Mozilla/5.0 (compatible; bingbot/2.0; +http://www.bing.com/bingbot.htm)"
157.55.39.176 - - [30/Nov/2021:00:07:40 +0100] "GET /js/index.php?c=auto&f=,prototype/prototype.js,prototype/validation.js,scriptaculous/builder.js,scriptaculous/effects.js,scriptaculous/dragdrop.js,scriptaculous/controls.js,scriptaculous/slider.js,varien/js.js,varien/form.js,varien/menu.js,mage/translate.js,mage/cookies.js,varien/product.js,spinner/SpinnerControl.jsmin.js,prototype/window.js,prototype/window_ext.js HTTP/1.1" 200 94182 "-" "Mozilla/5.0 (compatible; bingbot/2.0; +http://www.bing.com/bingbot.htm)"
66.249.69.171 - - [30/Nov/2021:00:40:03 +0100] "GET / HTTP/1.1" 200 3086 "-" "Mozilla/5.0 (Linux; Android 6.0.1; Nexus 5X Build/MMB29P) AppleWebKit/537.36 (KHTML, like Gecko) Chrome/96.0.4664.45 Mobile Safari/537.36 (compatible; Googlebot/2.1; +http://www.google.com/bot.html)"