80.123.225.38 - - [13/Dec/2021:12:34:38 +0100] "GET /reload?ser=1639395278937 HTTP/1.1" 302 140 "http://renault.activities.at/noshop" "Mozilla/5.0 (Windows NT 10.0; Win64; x64; rv:95.0) Gecko/20100101 Firefox/95.0"
80.123.225.38 - - [13/Dec/2021:12:34:39 +0100] "GET /noshop HTTP/1.1" 200 1573 "http://renault.activities.at/noshop" "Mozilla/5.0 (Windows NT 10.0; Win64; x64; rv:95.0) Gecko/20100101 Firefox/95.0"
80.123.225.38 - - [13/Dec/2021:12:35:40 +0100] "GET /reload?ser=1639395340842 HTTP/1.1" 302 140 "http://renault.activities.at/noshop" "Mozilla/5.0 (Windows NT 10.0; Win64; x64; rv:95.0) Gecko/20100101 Firefox/95.0"
80.123.225.38 - - [13/Dec/2021:12:35:41 +0100] "GET /noshop HTTP/1.1" 200 1573 "http://renault.activities.at/noshop" "Mozilla/5.0 (Windows NT 10.0; Win64; x64; rv:95.0) Gecko/20100101 Firefox/95.0"
80.123.225.38 - - [13/Dec/2021:12:36:42 +0100] "GET /reload?ser=1639395402765 HTTP/1.1" 302 140 "http://renault.activities.at/noshop" "Mozilla/5.0 (Windows NT 10.0; Win64; x64; rv:95.0) Gecko/20100101 Firefox/95.0"
80.123.225.38 - - [13/Dec/2021:12:36:43 +0100] "GET /noshop HTTP/1.1" 200 1573 "http://renault.activities.at/noshop" "Mozilla/5.0 (Windows NT 10.0; Win64; x64; rv:95.0) Gecko/20100101 Firefox/95.0"
80.123.225.38 - - [13/Dec/2021:12:37:44 +0100] "GET /reload?ser=1639395464705 HTTP/1.1" 302 140 "http://renault.activities.at/noshop" "Mozilla/5.0 (Windows NT 10.0; Win64; x64; rv:95.0) Gecko/20100101 Firefox/95.0"
80.123.225.38 - - [13/Dec/2021:12:37:45 +0100] "GET /noshop HTTP/1.1" 200 1573 "http://renault.activities.at/noshop" "Mozilla/5.0 (Windows NT 10.0; Win64; x64; rv:95.0) Gecko/20100101 Firefox/95.0"
80.123.225.38 - - [13/Dec/2021:12:38:46 +0100] "GET /reload?ser=1639395526641 HTTP/1.1" 302 140 "http://renault.activities.at/noshop" "Mozilla/5.0 (Windows NT 10.0; Win64; x64; rv:95.0) Gecko/20100101 Firefox/95.0"
80.123.225.38 - - [13/Dec/2021:12:38:47 +0100] "GET /noshop HTTP/1.1" 200 1573 "http://renault.activities.at/noshop" "Mozilla/5.0 (Windows NT 10.0; Win64; x64; rv:95.0) Gecko/20100101 Firefox/95.0"
80.123.225.38 - - [13/Dec/2021:12:39:48 +0100] "GET /reload?ser=1639395588554 HTTP/1.1" 302 140 "http://renault.activities.at/noshop" "Mozilla/5.0 (Windows NT 10.0; Win64; x64; rv:95.0) Gecko/20100101 Firefox/95.0"
80.123.225.38 - - [13/Dec/2021:12:39:49 +0100] "GET /noshop HTTP/1.1" 200 1573 "http://renault.activities.at/noshop" "Mozilla/5.0 (Windows NT 10.0; Win64; x64; rv:95.0) Gecko/20100101 Firefox/95.0"
80.123.225.38 - - [13/Dec/2021:12:40:50 +0100] "GET /reload?ser=1639395650426 HTTP/1.1" 302 140 "http://renault.activities.at/noshop" "Mozilla/5.0 (Windows NT 10.0; Win64; x64; rv:95.0) Gecko/20100101 Firefox/95.0"
80.123.225.38 - - [13/Dec/2021:12:40:51 +0100] "GET /noshop HTTP/1.1" 200 1573 "http://renault.activities.at/noshop" "Mozilla/5.0 (Windows NT 10.0; Win64; x64; rv:95.0) Gecko/20100101 Firefox/95.0"
80.123.225.38 - - [13/Dec/2021:12:41:52 +0100] "GET /reload?ser=1639395712427 HTTP/1.1" 302 140 "http://renault.activities.at/noshop" "Mozilla/5.0 (Windows NT 10.0; Win64; x64; rv:95.0) Gecko/20100101 Firefox/95.0"
80.123.225.38 - - [13/Dec/2021:12:41:53 +0100] "GET /noshop HTTP/1.1" 200 1573 "http://renault.activities.at/noshop" "Mozilla/5.0 (Windows NT 10.0; Win64; x64; rv:95.0) Gecko/20100101 Firefox/95.0"
80.123.225.38 - - [13/Dec/2021:12:42:54 +0100] "GET /reload?ser=1639395774373 HTTP/1.1" 302 140 "http://renault.activities.at/noshop" "Mozilla/5.0 (Windows NT 10.0; Win64; x64; rv:95.0) Gecko/20100101 Firefox/95.0"
80.123.225.38 - - [13/Dec/2021:12:42:55 +0100] "GET /noshop HTTP/1.1" 200 1573 "http://renault.activities.at/noshop" "Mozilla/5.0 (Windows NT 10.0; Win64; x64; rv:95.0) Gecko/20100101 Firefox/95.0"
80.123.225.38 - - [13/Dec/2021:12:43:56 +0100] "GET /reload?ser=1639395836271 HTTP/1.1" 302 140 "http://renault.activities.at/noshop" "Mozilla/5.0 (Windows NT 10.0; Win64; x64; rv:95.0) Gecko/20100101 Firefox/95.0"
80.123.225.38 - - [13/Dec/2021:12:43:56 +0100] "GET /noshop HTTP/1.1" 200 1573 "http://renault.activities.at/noshop" "Mozilla/5.0 (Windows NT 10.0; Win64; x64; rv:95.0) Gecko/20100101 Firefox/95.0"
138.21.148.237 - - [13/Dec/2021:12:44:44 +0100] "GET / HTTP/1.1" 302 137 "-" "Mozilla/5.0 (Windows NT 10.0; Win64; x64) AppleWebKit/537.36 (KHTML, like Gecko) Chrome/96.0.4664.93 Safari/537.36"
138.21.148.237 - - [13/Dec/2021:12:44:45 +0100] "GET /noshop HTTP/1.1" 200 1583 "-" "Mozilla/5.0 (Windows NT 10.0; Win64; x64) AppleWebKit/537.36 (KHTML, like Gecko) Chrome/96.0.4664.93 Safari/537.36"
138.21.148.237 - - [13/Dec/2021:12:44:46 +0100] "GET /css/reset.css HTTP/1.1" 200 1356 "http://renault.2web.at/noshop" "Mozilla/5.0 (Windows NT 10.0; Win64; x64) AppleWebKit/537.36 (KHTML, like Gecko) Chrome/96.0.4664.93 Safari/537.36"
138.21.148.237 - - [13/Dec/2021:12:44:46 +0100] "GET /css/prototip.css HTTP/1.1" 200 968 "http://renault.2web.at/noshop" "Mozilla/5.0 (Windows NT 10.0; Win64; x64) AppleWebKit/537.36 (KHTML, like Gecko) Chrome/96.0.4664.93 Safari/537.36"
138.21.148.237 - - [13/Dec/2021:12:44:46 +0100] "GET /css/clears.css HTTP/1.1" 200 851 "http://renault.2web.at/noshop" "Mozilla/5.0 (Windows NT 10.0; Win64; x64) AppleWebKit/537.36 (KHTML, like Gecko) Chrome/96.0.4664.93 Safari/537.36"
138.21.148.237 - - [13/Dec/2021:12:44:46 +0100] "GET /css/themes/default.css HTTP/1.1" 200 769 "http://renault.2web.at/noshop" "Mozilla/5.0 (Windows NT 10.0; Win64; x64) AppleWebKit/537.36 (KHTML, like Gecko) Chrome/96.0.4664.93 Safari/537.36"
138.21.148.237 - - [13/Dec/2021:12:44:46 +0100] "GET /js/checkout.css HTTP/1.1" 200 359 "http://renault.2web.at/noshop" "Mozilla/5.0 (Windows NT 10.0; Win64; x64) AppleWebKit/537.36 (KHTML, like Gecko) Chrome/96.0.4664.93 Safari/537.36"
138.21.148.237 - - [13/Dec/2021:12:44:46 +0100] "GET /css/styles.css HTTP/1.1" 200 14664 "http://renault.2web.at/noshop" "Mozilla/5.0 (Windows NT 10.0; Win64; x64) AppleWebKit/537.36 (KHTML, like Gecko) Chrome/96.0.4664.93 Safari/537.36"
138.21.148.237 - - [13/Dec/2021:12:44:46 +0100] "GET /css/themes/alphacube.css HTTP/1.1" 200 743 "http://renault.2web.at/noshop" "Mozilla/5.0 (Windows NT 10.0; Win64; x64) AppleWebKit/537.36 (KHTML, like Gecko) Chrome/96.0.4664.93 Safari/537.36"
138.21.148.237 - - [13/Dec/2021:12:44:46 +0100] "GET /js/default.js HTTP/1.1" 200 14698 "http://renault.2web.at/noshop" "Mozilla/5.0 (Windows NT 10.0; Win64; x64) AppleWebKit/537.36 (KHTML, like Gecko) Chrome/96.0.4664.93 Safari/537.36"
138.21.148.237 - - [13/Dec/2021:12:44:46 +0100] "GET /js/index.php?c=auto&f=,prototype/prototype.js,prototype/validation.js,scriptaculous/builder.js,scriptaculous/effects.js,scriptaculous/dragdrop.js,scriptaculous/controls.js,scriptaculous/slider.js,varien/js.js,varien/form.js,varien/menu.js,mage/translate.js,mage/cookies.js,varien/product.js,spinner/SpinnerControl.jsmin.js,prototype/window.js,prototype/window_ext.js HTTP/1.1" 200 94182 "http://renault.2web.at/noshop" "Mozilla/5.0 (Windows NT 10.0; Win64; x64) AppleWebKit/537.36 (KHTML, like Gecko) Chrome/96.0.4664.93 Safari/537.36"
138.21.148.237 - - [13/Dec/2021:12:44:47 +0100] "GET /images/main_block_corner_left_bot.gif HTTP/1.1" 200 159 "http://renault.2web.at/css/styles.css" "Mozilla/5.0 (Windows NT 10.0; Win64; x64) AppleWebKit/537.36 (KHTML, like Gecko) Chrome/96.0.4664.93 Safari/537.36"
138.21.148.237 - - [13/Dec/2021:12:44:47 +0100] "GET /images/main_block_corner_right_bot.gif HTTP/1.1" 200 158 "http://renault.2web.at/css/styles.css" "Mozilla/5.0 (Windows NT 10.0; Win64; x64) AppleWebKit/537.36 (KHTML, like Gecko) Chrome/96.0.4664.93 Safari/537.36"
138.21.148.237 - - [13/Dec/2021:12:44:47 +0100] "GET /images/main_block_border.gif HTTP/1.1" 200 43 "http://renault.2web.at/css/styles.css" "Mozilla/5.0 (Windows NT 10.0; Win64; x64) AppleWebKit/537.36 (KHTML, like Gecko) Chrome/96.0.4664.93 Safari/537.36"
138.21.148.237 - - [13/Dec/2021:12:44:47 +0100] "GET /css/print.css HTTP/1.1" 200 543 "http://renault.2web.at/noshop" "Mozilla/5.0 (Windows NT 10.0; Win64; x64) AppleWebKit/537.36 (KHTML, like Gecko) Chrome/96.0.4664.93 Safari/537.36"
138.21.148.237 - - [13/Dec/2021:12:44:47 +0100] "GET /images/header_block_border.gif HTTP/1.1" 200 43 "http://renault.2web.at/css/styles.css" "Mozilla/5.0 (Windows NT 10.0; Win64; x64) AppleWebKit/537.36 (KHTML, like Gecko) Chrome/96.0.4664.93 Safari/537.36"
138.21.148.237 - - [13/Dec/2021:12:44:47 +0100] "GET /images/header_block_corner_left_top.gif HTTP/1.1" 200 160 "http://renault.2web.at/css/styles.css" "Mozilla/5.0 (Windows NT 10.0; Win64; x64) AppleWebKit/537.36 (KHTML, like Gecko) Chrome/96.0.4664.93 Safari/537.36"
138.21.148.237 - - [13/Dec/2021:12:44:47 +0100] "GET /images/header_block_corner_right_top.gif HTTP/1.1" 200 160 "http://renault.2web.at/css/styles.css" "Mozilla/5.0 (Windows NT 10.0; Win64; x64) AppleWebKit/537.36 (KHTML, like Gecko) Chrome/96.0.4664.93 Safari/537.36"
138.21.148.237 - - [13/Dec/2021:12:44:47 +0100] "GET /images/main_block_corner_left_top.gif HTTP/1.1" 200 159 "http://renault.2web.at/css/styles.css" "Mozilla/5.0 (Windows NT 10.0; Win64; x64) AppleWebKit/537.36 (KHTML, like Gecko) Chrome/96.0.4664.93 Safari/537.36"
138.21.148.237 - - [13/Dec/2021:12:44:47 +0100] "GET /images/main_block_corner_right_top.gif HTTP/1.1" 200 159 "http://renault.2web.at/css/styles.css" "Mozilla/5.0 (Windows NT 10.0; Win64; x64) AppleWebKit/537.36 (KHTML, like Gecko) Chrome/96.0.4664.93 Safari/537.36"
138.21.148.237 - - [13/Dec/2021:12:44:47 +0100] "GET /images/title_border.jpg HTTP/1.1" 200 304 "http://renault.2web.at/css/styles.css" "Mozilla/5.0 (Windows NT 10.0; Win64; x64) AppleWebKit/537.36 (KHTML, like Gecko) Chrome/96.0.4664.93 Safari/537.36"
138.21.148.237 - - [13/Dec/2021:12:44:47 +0100] "GET /images/title_border_top.jpg HTTP/1.1" 200 336 "http://renault.2web.at/css/styles.css" "Mozilla/5.0 (Windows NT 10.0; Win64; x64) AppleWebKit/537.36 (KHTML, like Gecko) Chrome/96.0.4664.93 Safari/537.36"
138.21.148.237 - - [13/Dec/2021:12:44:47 +0100] "GET /images/title_corner_left_top.jpg HTTP/1.1" 200 372 "http://renault.2web.at/css/styles.css" "Mozilla/5.0 (Windows NT 10.0; Win64; x64) AppleWebKit/537.36 (KHTML, like Gecko) Chrome/96.0.4664.93 Safari/537.36"
138.21.148.237 - - [13/Dec/2021:12:44:47 +0100] "GET /images/title_corner_right_top.jpg HTTP/1.1" 200 389 "http://renault.2web.at/css/styles.css" "Mozilla/5.0 (Windows NT 10.0; Win64; x64) AppleWebKit/537.36 (KHTML, like Gecko) Chrome/96.0.4664.93 Safari/537.36"
138.21.148.237 - - [13/Dec/2021:12:44:47 +0100] "GET /loadthumbnail.php?id=11127982 HTTP/1.1" 200 399614 "http://renault.2web.at/noshop" "Mozilla/5.0 (Windows NT 10.0; Win64; x64) AppleWebKit/537.36 (KHTML, like Gecko) Chrome/96.0.4664.93 Safari/537.36"
138.21.148.237 - - [13/Dec/2021:12:44:48 +0100] "GET /images/favicon.ico HTTP/1.1" 404 300 "http://renault.2web.at/noshop" "Mozilla/5.0 (Windows NT 10.0; Win64; x64) AppleWebKit/537.36 (KHTML, like Gecko) Chrome/96.0.4664.93 Safari/537.36"
138.21.148.237 - - [13/Dec/2021:12:44:49 +0100] "GET /login HTTP/1.1" 302 137 "http://renault.2web.at/noshop" "Mozilla/5.0 (Windows NT 10.0; Win64; x64) AppleWebKit/537.36 (KHTML, like Gecko) Chrome/96.0.4664.93 Safari/537.36"
138.21.148.237 - - [13/Dec/2021:12:44:50 +0100] "GET /noshop HTTP/1.1" 200 1583 "http://renault.2web.at/noshop" "Mozilla/5.0 (Windows NT 10.0; Win64; x64) AppleWebKit/537.36 (KHTML, like Gecko) Chrome/96.0.4664.93 Safari/537.36"
80.123.225.38 - - [13/Dec/2021:12:44:58 +0100] "GET /reload?ser=1639395898191 HTTP/1.1" 302 140 "http://renault.activities.at/noshop" "Mozilla/5.0 (Windows NT 10.0; Win64; x64; rv:95.0) Gecko/20100101 Firefox/95.0"
80.123.225.38 - - [13/Dec/2021:12:44:58 +0100] "GET /noshop HTTP/1.1" 200 1573 "http://renault.activities.at/noshop" "Mozilla/5.0 (Windows NT 10.0; Win64; x64; rv:95.0) Gecko/20100101 Firefox/95.0"
138.21.148.237 - - [13/Dec/2021:12:45:52 +0100] "GET /reload?ser=1639395952120 HTTP/1.1" 302 137 "http://renault.2web.at/noshop" "Mozilla/5.0 (Windows NT 10.0; Win64; x64) AppleWebKit/537.36 (KHTML, like Gecko) Chrome/96.0.4664.93 Safari/537.36"
138.21.148.237 - - [13/Dec/2021:12:45:53 +0100] "GET /noshop HTTP/1.1" 200 1583 "http://renault.2web.at/noshop" "Mozilla/5.0 (Windows NT 10.0; Win64; x64) AppleWebKit/537.36 (KHTML, like Gecko) Chrome/96.0.4664.93 Safari/537.36"
80.123.225.38 - - [13/Dec/2021:12:46:00 +0100] "GET /reload?ser=1639395960107 HTTP/1.1" 302 140 "http://renault.activities.at/noshop" "Mozilla/5.0 (Windows NT 10.0; Win64; x64; rv:95.0) Gecko/20100101 Firefox/95.0"
80.123.225.38 - - [13/Dec/2021:12:46:00 +0100] "GET /noshop HTTP/1.1" 200 1573 "http://renault.activities.at/noshop" "Mozilla/5.0 (Windows NT 10.0; Win64; x64; rv:95.0) Gecko/20100101 Firefox/95.0"
138.21.148.237 - - [13/Dec/2021:12:46:55 +0100] "GET /reload?ser=1639396015132 HTTP/1.1" 302 137 "http://renault.2web.at/noshop" "Mozilla/5.0 (Windows NT 10.0; Win64; x64) AppleWebKit/537.36 (KHTML, like Gecko) Chrome/96.0.4664.93 Safari/537.36"
138.21.148.237 - - [13/Dec/2021:12:46:55 +0100] "GET /noshop HTTP/1.1" 200 1583 "http://renault.2web.at/noshop" "Mozilla/5.0 (Windows NT 10.0; Win64; x64) AppleWebKit/537.36 (KHTML, like Gecko) Chrome/96.0.4664.93 Safari/537.36"
80.123.225.38 - - [13/Dec/2021:12:47:02 +0100] "GET /reload?ser=1639396022215 HTTP/1.1" 302 140 "http://renault.activities.at/noshop" "Mozilla/5.0 (Windows NT 10.0; Win64; x64; rv:95.0) Gecko/20100101 Firefox/95.0"
80.123.225.38 - - [13/Dec/2021:12:47:02 +0100] "GET /noshop HTTP/1.1" 200 1573 "http://renault.activities.at/noshop" "Mozilla/5.0 (Windows NT 10.0; Win64; x64; rv:95.0) Gecko/20100101 Firefox/95.0"
138.21.148.237 - - [13/Dec/2021:12:47:58 +0100] "GET /reload?ser=1639396078136 HTTP/1.1" 302 137 "http://renault.2web.at/noshop" "Mozilla/5.0 (Windows NT 10.0; Win64; x64) AppleWebKit/537.36 (KHTML, like Gecko) Chrome/96.0.4664.93 Safari/537.36"
138.21.148.237 - - [13/Dec/2021:12:47:58 +0100] "GET /noshop HTTP/1.1" 200 1583 "http://renault.2web.at/noshop" "Mozilla/5.0 (Windows NT 10.0; Win64; x64) AppleWebKit/537.36 (KHTML, like Gecko) Chrome/96.0.4664.93 Safari/537.36"
80.123.225.38 - - [13/Dec/2021:12:48:04 +0100] "GET /reload?ser=1639396084186 HTTP/1.1" 302 140 "http://renault.activities.at/noshop" "Mozilla/5.0 (Windows NT 10.0; Win64; x64; rv:95.0) Gecko/20100101 Firefox/95.0"
80.123.225.38 - - [13/Dec/2021:12:48:04 +0100] "GET /noshop HTTP/1.1" 200 1573 "http://renault.activities.at/noshop" "Mozilla/5.0 (Windows NT 10.0; Win64; x64; rv:95.0) Gecko/20100101 Firefox/95.0"
138.21.148.237 - - [13/Dec/2021:12:49:01 +0100] "GET /reload?ser=1639396141121 HTTP/1.1" 302 137 "http://renault.2web.at/noshop" "Mozilla/5.0 (Windows NT 10.0; Win64; x64) AppleWebKit/537.36 (KHTML, like Gecko) Chrome/96.0.4664.93 Safari/537.36"
138.21.148.237 - - [13/Dec/2021:12:49:01 +0100] "GET /noshop HTTP/1.1" 200 1583 "http://renault.2web.at/noshop" "Mozilla/5.0 (Windows NT 10.0; Win64; x64) AppleWebKit/537.36 (KHTML, like Gecko) Chrome/96.0.4664.93 Safari/537.36"
80.123.225.38 - - [13/Dec/2021:12:49:06 +0100] "GET /reload?ser=1639396146084 HTTP/1.1" 302 140 "http://renault.activities.at/noshop" "Mozilla/5.0 (Windows NT 10.0; Win64; x64; rv:95.0) Gecko/20100101 Firefox/95.0"
80.123.225.38 - - [13/Dec/2021:12:49:06 +0100] "GET /noshop HTTP/1.1" 200 1573 "http://renault.activities.at/noshop" "Mozilla/5.0 (Windows NT 10.0; Win64; x64; rv:95.0) Gecko/20100101 Firefox/95.0"
138.21.148.237 - - [13/Dec/2021:12:50:03 +0100] "GET /reload?ser=1639396203132 HTTP/1.1" 302 137 "http://renault.2web.at/noshop" "Mozilla/5.0 (Windows NT 10.0; Win64; x64) AppleWebKit/537.36 (KHTML, like Gecko) Chrome/96.0.4664.93 Safari/537.36"
138.21.148.237 - - [13/Dec/2021:12:50:03 +0100] "GET /noshop HTTP/1.1" 200 1583 "http://renault.2web.at/noshop" "Mozilla/5.0 (Windows NT 10.0; Win64; x64) AppleWebKit/537.36 (KHTML, like Gecko) Chrome/96.0.4664.93 Safari/537.36"
80.123.225.38 - - [13/Dec/2021:12:50:07 +0100] "GET /reload?ser=1639396207951 HTTP/1.1" 302 140 "http://renault.activities.at/noshop" "Mozilla/5.0 (Windows NT 10.0; Win64; x64; rv:95.0) Gecko/20100101 Firefox/95.0"
80.123.225.38 - - [13/Dec/2021:12:50:08 +0100] "GET /noshop HTTP/1.1" 200 1573 "http://renault.activities.at/noshop" "Mozilla/5.0 (Windows NT 10.0; Win64; x64; rv:95.0) Gecko/20100101 Firefox/95.0"
138.21.148.237 - - [13/Dec/2021:12:51:05 +0100] "GET /reload?ser=1639396265123 HTTP/1.1" 302 137 "http://renault.2web.at/noshop" "Mozilla/5.0 (Windows NT 10.0; Win64; x64) AppleWebKit/537.36 (KHTML, like Gecko) Chrome/96.0.4664.93 Safari/537.36"
138.21.148.237 - - [13/Dec/2021:12:51:05 +0100] "GET /noshop HTTP/1.1" 200 1583 "http://renault.2web.at/noshop" "Mozilla/5.0 (Windows NT 10.0; Win64; x64) AppleWebKit/537.36 (KHTML, like Gecko) Chrome/96.0.4664.93 Safari/537.36"
80.123.225.38 - - [13/Dec/2021:12:51:09 +0100] "GET /reload?ser=1639396269814 HTTP/1.1" 302 140 "http://renault.activities.at/noshop" "Mozilla/5.0 (Windows NT 10.0; Win64; x64; rv:95.0) Gecko/20100101 Firefox/95.0"
80.123.225.38 - - [13/Dec/2021:12:51:10 +0100] "GET /noshop HTTP/1.1" 200 1573 "http://renault.activities.at/noshop" "Mozilla/5.0 (Windows NT 10.0; Win64; x64; rv:95.0) Gecko/20100101 Firefox/95.0"
138.21.148.237 - - [13/Dec/2021:12:52:08 +0100] "GET /reload?ser=1639396328127 HTTP/1.1" 302 137 "http://renault.2web.at/noshop" "Mozilla/5.0 (Windows NT 10.0; Win64; x64) AppleWebKit/537.36 (KHTML, like Gecko) Chrome/96.0.4664.93 Safari/537.36"
138.21.148.237 - - [13/Dec/2021:12:52:08 +0100] "GET /noshop HTTP/1.1" 200 1583 "http://renault.2web.at/noshop" "Mozilla/5.0 (Windows NT 10.0; Win64; x64) AppleWebKit/537.36 (KHTML, like Gecko) Chrome/96.0.4664.93 Safari/537.36"
80.123.225.38 - - [13/Dec/2021:12:52:11 +0100] "GET /reload?ser=1639396331731 HTTP/1.1" 302 140 "http://renault.activities.at/noshop" "Mozilla/5.0 (Windows NT 10.0; Win64; x64; rv:95.0) Gecko/20100101 Firefox/95.0"
80.123.225.38 - - [13/Dec/2021:12:52:12 +0100] "GET /noshop HTTP/1.1" 200 1573 "http://renault.activities.at/noshop" "Mozilla/5.0 (Windows NT 10.0; Win64; x64; rv:95.0) Gecko/20100101 Firefox/95.0"
138.21.148.237 - - [13/Dec/2021:12:53:10 +0100] "GET /reload?ser=1639396390132 HTTP/1.1" 302 137 "http://renault.2web.at/noshop" "Mozilla/5.0 (Windows NT 10.0; Win64; x64) AppleWebKit/537.36 (KHTML, like Gecko) Chrome/96.0.4664.93 Safari/537.36"
138.21.148.237 - - [13/Dec/2021:12:53:10 +0100] "GET /noshop HTTP/1.1" 200 1583 "http://renault.2web.at/noshop" "Mozilla/5.0 (Windows NT 10.0; Win64; x64) AppleWebKit/537.36 (KHTML, like Gecko) Chrome/96.0.4664.93 Safari/537.36"
80.123.225.38 - - [13/Dec/2021:12:53:13 +0100] "GET /reload?ser=1639396393638 HTTP/1.1" 302 140 "http://renault.activities.at/noshop" "Mozilla/5.0 (Windows NT 10.0; Win64; x64; rv:95.0) Gecko/20100101 Firefox/95.0"
80.123.225.38 - - [13/Dec/2021:12:53:14 +0100] "GET /noshop HTTP/1.1" 200 1573 "http://renault.activities.at/noshop" "Mozilla/5.0 (Windows NT 10.0; Win64; x64; rv:95.0) Gecko/20100101 Firefox/95.0"
80.123.225.38 - - [13/Dec/2021:12:54:15 +0100] "GET /reload?ser=1639396455515 HTTP/1.1" 302 140 "http://renault.activities.at/noshop" "Mozilla/5.0 (Windows NT 10.0; Win64; x64; rv:95.0) Gecko/20100101 Firefox/95.0"
80.123.225.38 - - [13/Dec/2021:12:54:16 +0100] "GET /noshop HTTP/1.1" 200 1573 "http://renault.activities.at/noshop" "Mozilla/5.0 (Windows NT 10.0; Win64; x64; rv:95.0) Gecko/20100101 Firefox/95.0"
80.123.225.38 - - [13/Dec/2021:12:55:17 +0100] "GET /reload?ser=1639396517428 HTTP/1.1" 302 140 "http://renault.activities.at/noshop" "Mozilla/5.0 (Windows NT 10.0; Win64; x64; rv:95.0) Gecko/20100101 Firefox/95.0"
80.123.225.38 - - [13/Dec/2021:12:55:18 +0100] "GET /noshop HTTP/1.1" 200 1573 "http://renault.activities.at/noshop" "Mozilla/5.0 (Windows NT 10.0; Win64; x64; rv:95.0) Gecko/20100101 Firefox/95.0"
80.123.225.38 - - [13/Dec/2021:12:56:19 +0100] "GET /reload?ser=1639396579298 HTTP/1.1" 302 140 "http://renault.activities.at/noshop" "Mozilla/5.0 (Windows NT 10.0; Win64; x64; rv:95.0) Gecko/20100101 Firefox/95.0"
80.123.225.38 - - [13/Dec/2021:12:56:19 +0100] "GET /noshop HTTP/1.1" 200 1573 "http://renault.activities.at/noshop" "Mozilla/5.0 (Windows NT 10.0; Win64; x64; rv:95.0) Gecko/20100101 Firefox/95.0"
80.123.225.38 - - [13/Dec/2021:12:57:21 +0100] "GET /reload?ser=1639396641234 HTTP/1.1" 302 140 "http://renault.activities.at/noshop" "Mozilla/5.0 (Windows NT 10.0; Win64; x64; rv:95.0) Gecko/20100101 Firefox/95.0"
80.123.225.38 - - [13/Dec/2021:12:57:21 +0100] "GET /noshop HTTP/1.1" 200 1573 "http://renault.activities.at/noshop" "Mozilla/5.0 (Windows NT 10.0; Win64; x64; rv:95.0) Gecko/20100101 Firefox/95.0"
80.123.225.38 - - [13/Dec/2021:12:58:23 +0100] "GET /reload?ser=1639396703163 HTTP/1.1" 302 140 "http://renault.activities.at/noshop" "Mozilla/5.0 (Windows NT 10.0; Win64; x64; rv:95.0) Gecko/20100101 Firefox/95.0"
80.123.225.38 - - [13/Dec/2021:12:58:23 +0100] "GET /noshop HTTP/1.1" 200 1573 "http://renault.activities.at/noshop" "Mozilla/5.0 (Windows NT 10.0; Win64; x64; rv:95.0) Gecko/20100101 Firefox/95.0"
80.123.225.38 - - [13/Dec/2021:12:59:25 +0100] "GET /reload?ser=1639396765054 HTTP/1.1" 302 140 "http://renault.activities.at/noshop" "Mozilla/5.0 (Windows NT 10.0; Win64; x64; rv:95.0) Gecko/20100101 Firefox/95.0"
80.123.225.38 - - [13/Dec/2021:12:59:25 +0100] "GET /noshop HTTP/1.1" 200 1573 "http://renault.activities.at/noshop" "Mozilla/5.0 (Windows NT 10.0; Win64; x64; rv:95.0) Gecko/20100101 Firefox/95.0"
80.123.225.38 - - [13/Dec/2021:13:00:27 +0100] "GET /reload?ser=1639396826992 HTTP/1.1" 302 140 "http://renault.activities.at/noshop" "Mozilla/5.0 (Windows NT 10.0; Win64; x64; rv:95.0) Gecko/20100101 Firefox/95.0"
80.123.225.38 - - [13/Dec/2021:13:00:27 +0100] "GET /noshop HTTP/1.1" 200 1573 "http://renault.activities.at/noshop" "Mozilla/5.0 (Windows NT 10.0; Win64; x64; rv:95.0) Gecko/20100101 Firefox/95.0"
80.123.225.38 - - [13/Dec/2021:13:01:29 +0100] "GET /reload?ser=1639396888940 HTTP/1.1" 302 140 "http://renault.activities.at/noshop" "Mozilla/5.0 (Windows NT 10.0; Win64; x64; rv:95.0) Gecko/20100101 Firefox/95.0"
80.123.225.38 - - [13/Dec/2021:13:01:29 +0100] "GET /noshop HTTP/1.1" 200 1573 "http://renault.activities.at/noshop" "Mozilla/5.0 (Windows NT 10.0; Win64; x64; rv:95.0) Gecko/20100101 Firefox/95.0"
80.123.225.38 - - [13/Dec/2021:13:02:30 +0100] "GET /reload?ser=1639396950964 HTTP/1.1" 302 140 "http://renault.activities.at/noshop" "Mozilla/5.0 (Windows NT 10.0; Win64; x64; rv:95.0) Gecko/20100101 Firefox/95.0"
80.123.225.38 - - [13/Dec/2021:13:02:31 +0100] "GET /noshop HTTP/1.1" 200 1573 "http://renault.activities.at/noshop" "Mozilla/5.0 (Windows NT 10.0; Win64; x64; rv:95.0) Gecko/20100101 Firefox/95.0"
80.123.225.38 - - [13/Dec/2021:13:03:32 +0100] "GET /reload?ser=1639397012899 HTTP/1.1" 302 140 "http://renault.activities.at/noshop" "Mozilla/5.0 (Windows NT 10.0; Win64; x64; rv:95.0) Gecko/20100101 Firefox/95.0"
80.123.225.38 - - [13/Dec/2021:13:03:33 +0100] "GET /noshop HTTP/1.1" 200 1573 "http://renault.activities.at/noshop" "Mozilla/5.0 (Windows NT 10.0; Win64; x64; rv:95.0) Gecko/20100101 Firefox/95.0"
80.123.225.38 - - [13/Dec/2021:13:04:34 +0100] "GET /reload?ser=1639397074827 HTTP/1.1" 302 140 "http://renault.activities.at/noshop" "Mozilla/5.0 (Windows NT 10.0; Win64; x64; rv:95.0) Gecko/20100101 Firefox/95.0"
80.123.225.38 - - [13/Dec/2021:13:04:35 +0100] "GET /noshop HTTP/1.1" 200 1573 "http://renault.activities.at/noshop" "Mozilla/5.0 (Windows NT 10.0; Win64; x64; rv:95.0) Gecko/20100101 Firefox/95.0"
80.123.225.38 - - [13/Dec/2021:13:05:36 +0100] "GET /reload?ser=1639397136689 HTTP/1.1" 302 140 "http://renault.activities.at/noshop" "Mozilla/5.0 (Windows NT 10.0; Win64; x64; rv:95.0) Gecko/20100101 Firefox/95.0"
80.123.225.38 - - [13/Dec/2021:13:05:37 +0100] "GET /noshop HTTP/1.1" 200 1573 "http://renault.activities.at/noshop" "Mozilla/5.0 (Windows NT 10.0; Win64; x64; rv:95.0) Gecko/20100101 Firefox/95.0"
80.123.225.38 - - [13/Dec/2021:13:06:38 +0100] "GET /reload?ser=1639397198623 HTTP/1.1" 302 140 "http://renault.activities.at/noshop" "Mozilla/5.0 (Windows NT 10.0; Win64; x64; rv:95.0) Gecko/20100101 Firefox/95.0"
80.123.225.38 - - [13/Dec/2021:13:06:39 +0100] "GET /noshop HTTP/1.1" 200 1573 "http://renault.activities.at/noshop" "Mozilla/5.0 (Windows NT 10.0; Win64; x64; rv:95.0) Gecko/20100101 Firefox/95.0"
80.123.225.38 - - [13/Dec/2021:13:07:41 +0100] "GET /reload?ser=1639397261010 HTTP/1.1" 302 140 "http://renault.activities.at/noshop" "Mozilla/5.0 (Windows NT 10.0; Win64; x64; rv:95.0) Gecko/20100101 Firefox/95.0"
80.123.225.38 - - [13/Dec/2021:13:07:41 +0100] "GET /noshop HTTP/1.1" 200 1573 "http://renault.activities.at/noshop" "Mozilla/5.0 (Windows NT 10.0; Win64; x64; rv:95.0) Gecko/20100101 Firefox/95.0"
80.123.225.38 - - [13/Dec/2021:13:08:43 +0100] "GET /reload?ser=1639397322984 HTTP/1.1" 302 140 "http://renault.activities.at/noshop" "Mozilla/5.0 (Windows NT 10.0; Win64; x64; rv:95.0) Gecko/20100101 Firefox/95.0"
80.123.225.38 - - [13/Dec/2021:13:08:43 +0100] "GET /noshop HTTP/1.1" 200 1573 "http://renault.activities.at/noshop" "Mozilla/5.0 (Windows NT 10.0; Win64; x64; rv:95.0) Gecko/20100101 Firefox/95.0"
80.123.225.38 - - [13/Dec/2021:13:09:44 +0100] "GET /reload?ser=1639397384907 HTTP/1.1" 302 140 "http://renault.activities.at/noshop" "Mozilla/5.0 (Windows NT 10.0; Win64; x64; rv:95.0) Gecko/20100101 Firefox/95.0"
80.123.225.38 - - [13/Dec/2021:13:09:45 +0100] "GET /noshop HTTP/1.1" 200 1573 "http://renault.activities.at/noshop" "Mozilla/5.0 (Windows NT 10.0; Win64; x64; rv:95.0) Gecko/20100101 Firefox/95.0"
80.123.225.38 - - [13/Dec/2021:13:10:46 +0100] "GET /reload?ser=1639397446808 HTTP/1.1" 302 140 "http://renault.activities.at/noshop" "Mozilla/5.0 (Windows NT 10.0; Win64; x64; rv:95.0) Gecko/20100101 Firefox/95.0"
80.123.225.38 - - [13/Dec/2021:13:10:47 +0100] "GET /noshop HTTP/1.1" 200 1573 "http://renault.activities.at/noshop" "Mozilla/5.0 (Windows NT 10.0; Win64; x64; rv:95.0) Gecko/20100101 Firefox/95.0"
80.123.225.38 - - [13/Dec/2021:13:11:48 +0100] "GET /reload?ser=1639397508714 HTTP/1.1" 302 140 "http://renault.activities.at/noshop" "Mozilla/5.0 (Windows NT 10.0; Win64; x64; rv:95.0) Gecko/20100101 Firefox/95.0"
80.123.225.38 - - [13/Dec/2021:13:11:49 +0100] "GET /noshop HTTP/1.1" 200 1573 "http://renault.activities.at/noshop" "Mozilla/5.0 (Windows NT 10.0; Win64; x64; rv:95.0) Gecko/20100101 Firefox/95.0"
80.123.225.38 - - [13/Dec/2021:13:12:50 +0100] "GET /reload?ser=1639397570635 HTTP/1.1" 302 140 "http://renault.activities.at/noshop" "Mozilla/5.0 (Windows NT 10.0; Win64; x64; rv:95.0) Gecko/20100101 Firefox/95.0"
80.123.225.38 - - [13/Dec/2021:13:12:51 +0100] "GET /noshop HTTP/1.1" 200 1573 "http://renault.activities.at/noshop" "Mozilla/5.0 (Windows NT 10.0; Win64; x64; rv:95.0) Gecko/20100101 Firefox/95.0"
80.123.225.38 - - [13/Dec/2021:13:13:52 +0100] "GET /reload?ser=1639397632544 HTTP/1.1" 302 140 "http://renault.activities.at/noshop" "Mozilla/5.0 (Windows NT 10.0; Win64; x64; rv:95.0) Gecko/20100101 Firefox/95.0"
80.123.225.38 - - [13/Dec/2021:13:13:53 +0100] "GET /noshop HTTP/1.1" 200 1573 "http://renault.activities.at/noshop" "Mozilla/5.0 (Windows NT 10.0; Win64; x64; rv:95.0) Gecko/20100101 Firefox/95.0"
80.123.225.38 - - [13/Dec/2021:13:14:54 +0100] "GET /reload?ser=1639397694440 HTTP/1.1" 302 140 "http://renault.activities.at/noshop" "Mozilla/5.0 (Windows NT 10.0; Win64; x64; rv:95.0) Gecko/20100101 Firefox/95.0"
80.123.225.38 - - [13/Dec/2021:13:14:55 +0100] "GET /noshop HTTP/1.1" 200 1573 "http://renault.activities.at/noshop" "Mozilla/5.0 (Windows NT 10.0; Win64; x64; rv:95.0) Gecko/20100101 Firefox/95.0"
80.123.225.38 - - [13/Dec/2021:13:15:56 +0100] "GET /reload?ser=1639397756392 HTTP/1.1" 302 140 "http://renault.activities.at/noshop" "Mozilla/5.0 (Windows NT 10.0; Win64; x64; rv:95.0) Gecko/20100101 Firefox/95.0"
80.123.225.38 - - [13/Dec/2021:13:15:57 +0100] "GET /noshop HTTP/1.1" 200 1573 "http://renault.activities.at/noshop" "Mozilla/5.0 (Windows NT 10.0; Win64; x64; rv:95.0) Gecko/20100101 Firefox/95.0"
80.123.225.38 - - [13/Dec/2021:13:16:58 +0100] "GET /reload?ser=1639397818327 HTTP/1.1" 302 140 "http://renault.activities.at/noshop" "Mozilla/5.0 (Windows NT 10.0; Win64; x64; rv:95.0) Gecko/20100101 Firefox/95.0"
80.123.225.38 - - [13/Dec/2021:13:16:58 +0100] "GET /noshop HTTP/1.1" 200 1573 "http://renault.activities.at/noshop" "Mozilla/5.0 (Windows NT 10.0; Win64; x64; rv:95.0) Gecko/20100101 Firefox/95.0"
80.123.225.38 - - [13/Dec/2021:13:18:00 +0100] "GET /reload?ser=1639397880235 HTTP/1.1" 302 140 "http://renault.activities.at/noshop" "Mozilla/5.0 (Windows NT 10.0; Win64; x64; rv:95.0) Gecko/20100101 Firefox/95.0"
80.123.225.38 - - [13/Dec/2021:13:18:00 +0100] "GET /noshop HTTP/1.1" 200 1573 "http://renault.activities.at/noshop" "Mozilla/5.0 (Windows NT 10.0; Win64; x64; rv:95.0) Gecko/20100101 Firefox/95.0"
80.123.225.38 - - [13/Dec/2021:13:19:02 +0100] "GET /reload?ser=1639397942141 HTTP/1.1" 302 140 "http://renault.activities.at/noshop" "Mozilla/5.0 (Windows NT 10.0; Win64; x64; rv:95.0) Gecko/20100101 Firefox/95.0"
80.123.225.38 - - [13/Dec/2021:13:19:02 +0100] "GET /noshop HTTP/1.1" 200 1573 "http://renault.activities.at/noshop" "Mozilla/5.0 (Windows NT 10.0; Win64; x64; rv:95.0) Gecko/20100101 Firefox/95.0"
80.123.225.38 - - [13/Dec/2021:13:20:04 +0100] "GET /reload?ser=1639398004062 HTTP/1.1" 302 140 "http://renault.activities.at/noshop" "Mozilla/5.0 (Windows NT 10.0; Win64; x64; rv:95.0) Gecko/20100101 Firefox/95.0"
80.123.225.38 - - [13/Dec/2021:13:20:04 +0100] "GET /noshop HTTP/1.1" 200 1573 "http://renault.activities.at/noshop" "Mozilla/5.0 (Windows NT 10.0; Win64; x64; rv:95.0) Gecko/20100101 Firefox/95.0"
80.123.225.38 - - [13/Dec/2021:13:21:06 +0100] "GET /reload?ser=1639398066029 HTTP/1.1" 302 140 "http://renault.activities.at/noshop" "Mozilla/5.0 (Windows NT 10.0; Win64; x64; rv:95.0) Gecko/20100101 Firefox/95.0"
80.123.225.38 - - [13/Dec/2021:13:21:06 +0100] "GET /noshop HTTP/1.1" 200 1573 "http://renault.activities.at/noshop" "Mozilla/5.0 (Windows NT 10.0; Win64; x64; rv:95.0) Gecko/20100101 Firefox/95.0"
80.123.225.38 - - [13/Dec/2021:13:22:07 +0100] "GET /reload?ser=1639398127951 HTTP/1.1" 302 140 "http://renault.activities.at/noshop" "Mozilla/5.0 (Windows NT 10.0; Win64; x64; rv:95.0) Gecko/20100101 Firefox/95.0"
80.123.225.38 - - [13/Dec/2021:13:22:08 +0100] "GET /noshop HTTP/1.1" 200 1573 "http://renault.activities.at/noshop" "Mozilla/5.0 (Windows NT 10.0; Win64; x64; rv:95.0) Gecko/20100101 Firefox/95.0"
80.123.225.38 - - [13/Dec/2021:13:23:09 +0100] "GET /reload?ser=1639398189884 HTTP/1.1" 302 140 "http://renault.activities.at/noshop" "Mozilla/5.0 (Windows NT 10.0; Win64; x64; rv:95.0) Gecko/20100101 Firefox/95.0"
80.123.225.38 - - [13/Dec/2021:13:23:10 +0100] "GET /noshop HTTP/1.1" 200 1573 "http://renault.activities.at/noshop" "Mozilla/5.0 (Windows NT 10.0; Win64; x64; rv:95.0) Gecko/20100101 Firefox/95.0"
80.123.225.38 - - [13/Dec/2021:13:24:11 +0100] "GET /reload?ser=1639398251815 HTTP/1.1" 302 140 "http://renault.activities.at/noshop" "Mozilla/5.0 (Windows NT 10.0; Win64; x64; rv:95.0) Gecko/20100101 Firefox/95.0"
80.123.225.38 - - [13/Dec/2021:13:24:12 +0100] "GET /noshop HTTP/1.1" 200 1573 "http://renault.activities.at/noshop" "Mozilla/5.0 (Windows NT 10.0; Win64; x64; rv:95.0) Gecko/20100101 Firefox/95.0"
80.123.225.38 - - [13/Dec/2021:13:25:13 +0100] "GET /reload?ser=1639398313773 HTTP/1.1" 302 140 "http://renault.activities.at/noshop" "Mozilla/5.0 (Windows NT 10.0; Win64; x64; rv:95.0) Gecko/20100101 Firefox/95.0"
80.123.225.38 - - [13/Dec/2021:13:25:14 +0100] "GET /noshop HTTP/1.1" 200 1573 "http://renault.activities.at/noshop" "Mozilla/5.0 (Windows NT 10.0; Win64; x64; rv:95.0) Gecko/20100101 Firefox/95.0"
80.123.225.38 - - [13/Dec/2021:13:26:15 +0100] "GET /reload?ser=1639398375722 HTTP/1.1" 302 140 "http://renault.activities.at/noshop" "Mozilla/5.0 (Windows NT 10.0; Win64; x64; rv:95.0) Gecko/20100101 Firefox/95.0"
80.123.225.38 - - [13/Dec/2021:13:26:16 +0100] "GET /noshop HTTP/1.1" 200 1573 "http://renault.activities.at/noshop" "Mozilla/5.0 (Windows NT 10.0; Win64; x64; rv:95.0) Gecko/20100101 Firefox/95.0"
80.123.225.38 - - [13/Dec/2021:13:27:17 +0100] "GET /reload?ser=1639398437629 HTTP/1.1" 302 140 "http://renault.activities.at/noshop" "Mozilla/5.0 (Windows NT 10.0; Win64; x64; rv:95.0) Gecko/20100101 Firefox/95.0"
80.123.225.38 - - [13/Dec/2021:13:27:18 +0100] "GET /noshop HTTP/1.1" 200 1573 "http://renault.activities.at/noshop" "Mozilla/5.0 (Windows NT 10.0; Win64; x64; rv:95.0) Gecko/20100101 Firefox/95.0"
80.123.225.38 - - [13/Dec/2021:13:28:19 +0100] "GET /reload?ser=1639398499504 HTTP/1.1" 302 140 "http://renault.activities.at/noshop" "Mozilla/5.0 (Windows NT 10.0; Win64; x64; rv:95.0) Gecko/20100101 Firefox/95.0"
80.123.225.38 - - [13/Dec/2021:13:28:20 +0100] "GET /noshop HTTP/1.1" 200 1573 "http://renault.activities.at/noshop" "Mozilla/5.0 (Windows NT 10.0; Win64; x64; rv:95.0) Gecko/20100101 Firefox/95.0"
80.123.225.38 - - [13/Dec/2021:13:29:21 +0100] "GET /reload?ser=1639398561376 HTTP/1.1" 302 140 "http://renault.activities.at/noshop" "Mozilla/5.0 (Windows NT 10.0; Win64; x64; rv:95.0) Gecko/20100101 Firefox/95.0"
80.123.225.38 - - [13/Dec/2021:13:29:22 +0100] "GET /noshop HTTP/1.1" 200 1573 "http://renault.activities.at/noshop" "Mozilla/5.0 (Windows NT 10.0; Win64; x64; rv:95.0) Gecko/20100101 Firefox/95.0"
80.123.225.38 - - [13/Dec/2021:13:30:23 +0100] "GET /reload?ser=1639398623276 HTTP/1.1" 302 140 "http://renault.activities.at/noshop" "Mozilla/5.0 (Windows NT 10.0; Win64; x64; rv:95.0) Gecko/20100101 Firefox/95.0"
80.123.225.38 - - [13/Dec/2021:13:30:23 +0100] "GET /noshop HTTP/1.1" 200 1573 "http://renault.activities.at/noshop" "Mozilla/5.0 (Windows NT 10.0; Win64; x64; rv:95.0) Gecko/20100101 Firefox/95.0"
80.123.225.38 - - [13/Dec/2021:13:31:25 +0100] "GET /reload?ser=1639398685167 HTTP/1.1" 302 140 "http://renault.activities.at/noshop" "Mozilla/5.0 (Windows NT 10.0; Win64; x64; rv:95.0) Gecko/20100101 Firefox/95.0"
80.123.225.38 - - [13/Dec/2021:13:31:25 +0100] "GET /noshop HTTP/1.1" 200 1573 "http://renault.activities.at/noshop" "Mozilla/5.0 (Windows NT 10.0; Win64; x64; rv:95.0) Gecko/20100101 Firefox/95.0"
80.123.225.38 - - [13/Dec/2021:13:32:27 +0100] "GET /reload?ser=1639398747094 HTTP/1.1" 302 140 "http://renault.activities.at/noshop" "Mozilla/5.0 (Windows NT 10.0; Win64; x64; rv:95.0) Gecko/20100101 Firefox/95.0"
80.123.225.38 - - [13/Dec/2021:13:32:27 +0100] "GET /noshop HTTP/1.1" 200 1573 "http://renault.activities.at/noshop" "Mozilla/5.0 (Windows NT 10.0; Win64; x64; rv:95.0) Gecko/20100101 Firefox/95.0"
80.123.225.38 - - [13/Dec/2021:13:33:29 +0100] "GET /reload?ser=1639398809090 HTTP/1.1" 302 140 "http://renault.activities.at/noshop" "Mozilla/5.0 (Windows NT 10.0; Win64; x64; rv:95.0) Gecko/20100101 Firefox/95.0"
80.123.225.38 - - [13/Dec/2021:13:33:29 +0100] "GET /noshop HTTP/1.1" 200 1573 "http://renault.activities.at/noshop" "Mozilla/5.0 (Windows NT 10.0; Win64; x64; rv:95.0) Gecko/20100101 Firefox/95.0"
80.123.225.38 - - [13/Dec/2021:13:34:31 +0100] "GET /reload?ser=1639398871019 HTTP/1.1" 302 140 "http://renault.activities.at/noshop" "Mozilla/5.0 (Windows NT 10.0; Win64; x64; rv:95.0) Gecko/20100101 Firefox/95.0"
80.123.225.38 - - [13/Dec/2021:13:34:31 +0100] "GET /noshop HTTP/1.1" 200 1573 "http://renault.activities.at/noshop" "Mozilla/5.0 (Windows NT 10.0; Win64; x64; rv:95.0) Gecko/20100101 Firefox/95.0"
80.123.225.38 - - [13/Dec/2021:13:35:32 +0100] "GET /reload?ser=1639398932946 HTTP/1.1" 302 140 "http://renault.activities.at/noshop" "Mozilla/5.0 (Windows NT 10.0; Win64; x64; rv:95.0) Gecko/20100101 Firefox/95.0"
80.123.225.38 - - [13/Dec/2021:13:35:33 +0100] "GET /noshop HTTP/1.1" 200 1573 "http://renault.activities.at/noshop" "Mozilla/5.0 (Windows NT 10.0; Win64; x64; rv:95.0) Gecko/20100101 Firefox/95.0"
80.123.225.38 - - [13/Dec/2021:13:36:34 +0100] "GET /reload?ser=1639398994839 HTTP/1.1" 302 140 "http://renault.activities.at/noshop" "Mozilla/5.0 (Windows NT 10.0; Win64; x64; rv:95.0) Gecko/20100101 Firefox/95.0"
80.123.225.38 - - [13/Dec/2021:13:36:35 +0100] "GET /noshop HTTP/1.1" 200 1573 "http://renault.activities.at/noshop" "Mozilla/5.0 (Windows NT 10.0; Win64; x64; rv:95.0) Gecko/20100101 Firefox/95.0"
80.123.225.38 - - [13/Dec/2021:13:37:36 +0100] "GET /reload?ser=1639399056745 HTTP/1.1" 302 140 "http://renault.activities.at/noshop" "Mozilla/5.0 (Windows NT 10.0; Win64; x64; rv:95.0) Gecko/20100101 Firefox/95.0"
80.123.225.38 - - [13/Dec/2021:13:37:37 +0100] "GET /noshop HTTP/1.1" 200 1573 "http://renault.activities.at/noshop" "Mozilla/5.0 (Windows NT 10.0; Win64; x64; rv:95.0) Gecko/20100101 Firefox/95.0"
80.123.225.38 - - [13/Dec/2021:13:38:38 +0100] "GET /reload?ser=1639399118690 HTTP/1.1" 302 140 "http://renault.activities.at/noshop" "Mozilla/5.0 (Windows NT 10.0; Win64; x64; rv:95.0) Gecko/20100101 Firefox/95.0"
80.123.225.38 - - [13/Dec/2021:13:38:39 +0100] "GET /noshop HTTP/1.1" 200 1573 "http://renault.activities.at/noshop" "Mozilla/5.0 (Windows NT 10.0; Win64; x64; rv:95.0) Gecko/20100101 Firefox/95.0"
80.123.225.38 - - [13/Dec/2021:13:39:40 +0100] "GET /reload?ser=1639399180641 HTTP/1.1" 302 140 "http://renault.activities.at/noshop" "Mozilla/5.0 (Windows NT 10.0; Win64; x64; rv:95.0) Gecko/20100101 Firefox/95.0"
80.123.225.38 - - [13/Dec/2021:13:39:41 +0100] "GET /noshop HTTP/1.1" 200 1573 "http://renault.activities.at/noshop" "Mozilla/5.0 (Windows NT 10.0; Win64; x64; rv:95.0) Gecko/20100101 Firefox/95.0"
80.123.225.38 - - [13/Dec/2021:13:40:42 +0100] "GET /reload?ser=1639399242562 HTTP/1.1" 302 140 "http://renault.activities.at/noshop" "Mozilla/5.0 (Windows NT 10.0; Win64; x64; rv:95.0) Gecko/20100101 Firefox/95.0"
80.123.225.38 - - [13/Dec/2021:13:40:43 +0100] "GET /noshop HTTP/1.1" 200 1573 "http://renault.activities.at/noshop" "Mozilla/5.0 (Windows NT 10.0; Win64; x64; rv:95.0) Gecko/20100101 Firefox/95.0"
80.123.225.38 - - [13/Dec/2021:13:41:44 +0100] "GET /reload?ser=1639399304463 HTTP/1.1" 302 140 "http://renault.activities.at/noshop" "Mozilla/5.0 (Windows NT 10.0; Win64; x64; rv:95.0) Gecko/20100101 Firefox/95.0"
91.114.96.114 - - [13/Dec/2021:13:41:44 +0100] "GET / HTTP/1.1" 302 140 "-" "Mozilla/5.0 (Windows NT 10.0; Win64; x64) AppleWebKit/537.36 (KHTML, like Gecko) Chrome/96.0.4664.93 Safari/537.36 Edg/96.0.1054.53"
80.123.225.38 - - [13/Dec/2021:13:41:45 +0100] "GET /noshop HTTP/1.1" 200 1573 "http://renault.activities.at/noshop" "Mozilla/5.0 (Windows NT 10.0; Win64; x64; rv:95.0) Gecko/20100101 Firefox/95.0"
91.114.96.114 - - [13/Dec/2021:13:41:46 +0100] "GET /noshop HTTP/1.1" 200 1573 "-" "Mozilla/5.0 (Windows NT 10.0; Win64; x64) AppleWebKit/537.36 (KHTML, like Gecko) Chrome/96.0.4664.93 Safari/537.36 Edg/96.0.1054.53"
77.119.245.167 - - [13/Dec/2021:13:42:30 +0100] "GET / HTTP/1.1" 302 140 "-" "Mozilla/5.0 (Windows NT 10.0; Win64; x64) AppleWebKit/537.36 (KHTML, like Gecko) Chrome/96.0.4664.93 Safari/537.36 Edg/96.0.1054.53"
77.119.245.167 - - [13/Dec/2021:13:42:31 +0100] "GET /noshop HTTP/1.1" 200 1573 "-" "Mozilla/5.0 (Windows NT 10.0; Win64; x64) AppleWebKit/537.36 (KHTML, like Gecko) Chrome/96.0.4664.93 Safari/537.36 Edg/96.0.1054.53"
77.119.245.167 - - [13/Dec/2021:13:42:33 +0100] "GET /images/favicon.ico HTTP/1.1" 404 305 "http://renault.activities.at/noshop" "Mozilla/5.0 (Windows NT 10.0; Win64; x64) AppleWebKit/537.36 (KHTML, like Gecko) Chrome/96.0.4664.93 Safari/537.36 Edg/96.0.1054.53"
80.123.225.38 - - [13/Dec/2021:13:42:46 +0100] "GET /reload?ser=1639399366382 HTTP/1.1" 302 140 "http://renault.activities.at/noshop" "Mozilla/5.0 (Windows NT 10.0; Win64; x64; rv:95.0) Gecko/20100101 Firefox/95.0"
80.123.225.38 - - [13/Dec/2021:13:42:47 +0100] "GET /noshop HTTP/1.1" 200 1573 "http://renault.activities.at/noshop" "Mozilla/5.0 (Windows NT 10.0; Win64; x64; rv:95.0) Gecko/20100101 Firefox/95.0"
77.119.245.167 - - [13/Dec/2021:13:43:33 +0100] "GET /reload?ser=1639399412465 HTTP/1.1" 302 140 "http://renault.activities.at/noshop" "Mozilla/5.0 (Windows NT 10.0; Win64; x64) AppleWebKit/537.36 (KHTML, like Gecko) Chrome/96.0.4664.93 Safari/537.36 Edg/96.0.1054.53"
77.119.245.167 - - [13/Dec/2021:13:43:34 +0100] "GET /noshop HTTP/1.1" 200 1573 "http://renault.activities.at/noshop" "Mozilla/5.0 (Windows NT 10.0; Win64; x64) AppleWebKit/537.36 (KHTML, like Gecko) Chrome/96.0.4664.93 Safari/537.36 Edg/96.0.1054.53"
80.123.225.38 - - [13/Dec/2021:13:43:48 +0100] "GET /reload?ser=1639399428261 HTTP/1.1" 302 140 "http://renault.activities.at/noshop" "Mozilla/5.0 (Windows NT 10.0; Win64; x64; rv:95.0) Gecko/20100101 Firefox/95.0"
80.123.225.38 - - [13/Dec/2021:13:43:48 +0100] "GET /noshop HTTP/1.1" 200 1573 "http://renault.activities.at/noshop" "Mozilla/5.0 (Windows NT 10.0; Win64; x64; rv:95.0) Gecko/20100101 Firefox/95.0"
77.119.245.167 - - [13/Dec/2021:13:44:36 +0100] "GET /reload?ser=1639399475459 HTTP/1.1" 302 140 "http://renault.activities.at/noshop" "Mozilla/5.0 (Windows NT 10.0; Win64; x64) AppleWebKit/537.36 (KHTML, like Gecko) Chrome/96.0.4664.93 Safari/537.36 Edg/96.0.1054.53"
77.119.245.167 - - [13/Dec/2021:13:44:37 +0100] "GET /noshop HTTP/1.1" 200 1573 "http://renault.activities.at/noshop" "Mozilla/5.0 (Windows NT 10.0; Win64; x64) AppleWebKit/537.36 (KHTML, like Gecko) Chrome/96.0.4664.93 Safari/537.36 Edg/96.0.1054.53"
80.123.225.38 - - [13/Dec/2021:13:44:50 +0100] "GET /reload?ser=1639399490136 HTTP/1.1" 302 140 "http://renault.activities.at/noshop" "Mozilla/5.0 (Windows NT 10.0; Win64; x64; rv:95.0) Gecko/20100101 Firefox/95.0"
80.123.225.38 - - [13/Dec/2021:13:44:50 +0100] "GET /noshop HTTP/1.1" 200 1573 "http://renault.activities.at/noshop" "Mozilla/5.0 (Windows NT 10.0; Win64; x64; rv:95.0) Gecko/20100101 Firefox/95.0"
77.119.245.167 - - [13/Dec/2021:13:45:38 +0100] "GET /reload?ser=1639399537467 HTTP/1.1" 302 140 "http://renault.activities.at/noshop" "Mozilla/5.0 (Windows NT 10.0; Win64; x64) AppleWebKit/537.36 (KHTML, like Gecko) Chrome/96.0.4664.93 Safari/537.36 Edg/96.0.1054.53"
77.119.245.167 - - [13/Dec/2021:13:45:39 +0100] "GET /noshop HTTP/1.1" 200 1573 "http://renault.activities.at/noshop" "Mozilla/5.0 (Windows NT 10.0; Win64; x64) AppleWebKit/537.36 (KHTML, like Gecko) Chrome/96.0.4664.93 Safari/537.36 Edg/96.0.1054.53"
80.123.225.38 - - [13/Dec/2021:13:45:52 +0100] "GET /reload?ser=1639399551997 HTTP/1.1" 302 140 "http://renault.activities.at/noshop" "Mozilla/5.0 (Windows NT 10.0; Win64; x64; rv:95.0) Gecko/20100101 Firefox/95.0"
80.123.225.38 - - [13/Dec/2021:13:45:52 +0100] "GET /noshop HTTP/1.1" 200 1573 "http://renault.activities.at/noshop" "Mozilla/5.0 (Windows NT 10.0; Win64; x64; rv:95.0) Gecko/20100101 Firefox/95.0"
80.123.225.38 - - [13/Dec/2021:13:46:53 +0100] "GET /reload?ser=1639399613897 HTTP/1.1" 302 140 "http://renault.activities.at/noshop" "Mozilla/5.0 (Windows NT 10.0; Win64; x64; rv:95.0) Gecko/20100101 Firefox/95.0"
80.123.225.38 - - [13/Dec/2021:13:46:54 +0100] "GET /noshop HTTP/1.1" 200 1573 "http://renault.activities.at/noshop" "Mozilla/5.0 (Windows NT 10.0; Win64; x64; rv:95.0) Gecko/20100101 Firefox/95.0"
80.123.225.38 - - [13/Dec/2021:13:47:56 +0100] "GET /reload?ser=1639399676230 HTTP/1.1" 302 140 "http://renault.activities.at/noshop" "Mozilla/5.0 (Windows NT 10.0; Win64; x64; rv:95.0) Gecko/20100101 Firefox/95.0"
80.123.225.38 - - [13/Dec/2021:13:47:56 +0100] "GET /noshop HTTP/1.1" 200 1573 "http://renault.activities.at/noshop" "Mozilla/5.0 (Windows NT 10.0; Win64; x64; rv:95.0) Gecko/20100101 Firefox/95.0"
80.123.225.38 - - [13/Dec/2021:13:48:58 +0100] "GET /reload?ser=1639399738135 HTTP/1.1" 302 140 "http://renault.activities.at/noshop" "Mozilla/5.0 (Windows NT 10.0; Win64; x64; rv:95.0) Gecko/20100101 Firefox/95.0"
80.123.225.38 - - [13/Dec/2021:13:48:58 +0100] "GET /noshop HTTP/1.1" 200 1573 "http://renault.activities.at/noshop" "Mozilla/5.0 (Windows NT 10.0; Win64; x64; rv:95.0) Gecko/20100101 Firefox/95.0"
80.123.225.38 - - [13/Dec/2021:13:50:00 +0100] "GET /reload?ser=1639399800034 HTTP/1.1" 302 140 "http://renault.activities.at/noshop" "Mozilla/5.0 (Windows NT 10.0; Win64; x64; rv:95.0) Gecko/20100101 Firefox/95.0"
80.123.225.38 - - [13/Dec/2021:13:50:00 +0100] "GET /noshop HTTP/1.1" 200 1573 "http://renault.activities.at/noshop" "Mozilla/5.0 (Windows NT 10.0; Win64; x64; rv:95.0) Gecko/20100101 Firefox/95.0"
80.123.225.38 - - [13/Dec/2021:13:51:01 +0100] "GET /reload?ser=1639399861966 HTTP/1.1" 302 140 "http://renault.activities.at/noshop" "Mozilla/5.0 (Windows NT 10.0; Win64; x64; rv:95.0) Gecko/20100101 Firefox/95.0"
80.123.225.38 - - [13/Dec/2021:13:51:02 +0100] "GET /noshop HTTP/1.1" 200 1573 "http://renault.activities.at/noshop" "Mozilla/5.0 (Windows NT 10.0; Win64; x64; rv:95.0) Gecko/20100101 Firefox/95.0"
80.123.225.38 - - [13/Dec/2021:13:52:03 +0100] "GET /reload?ser=1639399923889 HTTP/1.1" 302 140 "http://renault.activities.at/noshop" "Mozilla/5.0 (Windows NT 10.0; Win64; x64; rv:95.0) Gecko/20100101 Firefox/95.0"
80.123.225.38 - - [13/Dec/2021:13:52:04 +0100] "GET /noshop HTTP/1.1" 200 1573 "http://renault.activities.at/noshop" "Mozilla/5.0 (Windows NT 10.0; Win64; x64; rv:95.0) Gecko/20100101 Firefox/95.0"
80.123.225.38 - - [13/Dec/2021:13:53:05 +0100] "GET /reload?ser=1639399985815 HTTP/1.1" 302 140 "http://renault.activities.at/noshop" "Mozilla/5.0 (Windows NT 10.0; Win64; x64; rv:95.0) Gecko/20100101 Firefox/95.0"
80.123.225.38 - - [13/Dec/2021:13:53:06 +0100] "GET /noshop HTTP/1.1" 200 1573 "http://renault.activities.at/noshop" "Mozilla/5.0 (Windows NT 10.0; Win64; x64; rv:95.0) Gecko/20100101 Firefox/95.0"
35.87.51.136 - - [13/Dec/2021:13:53:59 +0100] "GET / HTTP/1.1" 302 150 "-" "Mozilla/5.0 (Windows NT 6.1; Win64; x64) AppleWebKit/537.36 (KHTML, like Gecko) Chrome/72.0.3626.109 Safari/537.36"
35.87.51.136 - - [13/Dec/2021:13:54:03 +0100] "GET /noshop HTTP/1.1" 200 5685 "-" "Mozilla/5.0 (Windows NT 6.1; Win64; x64) AppleWebKit/537.36 (KHTML, like Gecko) Chrome/72.0.3626.109 Safari/537.36"
80.123.225.38 - - [13/Dec/2021:13:54:07 +0100] "GET /reload?ser=1639400047724 HTTP/1.1" 302 140 "http://renault.activities.at/noshop" "Mozilla/5.0 (Windows NT 10.0; Win64; x64; rv:95.0) Gecko/20100101 Firefox/95.0"
80.123.225.38 - - [13/Dec/2021:13:54:08 +0100] "GET /noshop HTTP/1.1" 200 1573 "http://renault.activities.at/noshop" "Mozilla/5.0 (Windows NT 10.0; Win64; x64; rv:95.0) Gecko/20100101 Firefox/95.0"
80.123.225.38 - - [13/Dec/2021:13:55:09 +0100] "GET /reload?ser=1639400109611 HTTP/1.1" 302 140 "http://renault.activities.at/noshop" "Mozilla/5.0 (Windows NT 10.0; Win64; x64; rv:95.0) Gecko/20100101 Firefox/95.0"
80.123.225.38 - - [13/Dec/2021:13:55:10 +0100] "GET /noshop HTTP/1.1" 200 1573 "http://renault.activities.at/noshop" "Mozilla/5.0 (Windows NT 10.0; Win64; x64; rv:95.0) Gecko/20100101 Firefox/95.0"
80.123.225.38 - - [13/Dec/2021:13:56:11 +0100] "GET /reload?ser=1639400171505 HTTP/1.1" 302 140 "http://renault.activities.at/noshop" "Mozilla/5.0 (Windows NT 10.0; Win64; x64; rv:95.0) Gecko/20100101 Firefox/95.0"
80.123.225.38 - - [13/Dec/2021:13:56:12 +0100] "GET /noshop HTTP/1.1" 200 1573 "http://renault.activities.at/noshop" "Mozilla/5.0 (Windows NT 10.0; Win64; x64; rv:95.0) Gecko/20100101 Firefox/95.0"
80.123.225.38 - - [13/Dec/2021:13:57:13 +0100] "GET /reload?ser=1639400233430 HTTP/1.1" 302 140 "http://renault.activities.at/noshop" "Mozilla/5.0 (Windows NT 10.0; Win64; x64; rv:95.0) Gecko/20100101 Firefox/95.0"
80.123.225.38 - - [13/Dec/2021:13:57:14 +0100] "GET /noshop HTTP/1.1" 200 1573 "http://renault.activities.at/noshop" "Mozilla/5.0 (Windows NT 10.0; Win64; x64; rv:95.0) Gecko/20100101 Firefox/95.0"
80.123.225.38 - - [13/Dec/2021:13:58:15 +0100] "GET /reload?ser=1639400295611 HTTP/1.1" 302 140 "http://renault.activities.at/noshop" "Mozilla/5.0 (Windows NT 10.0; Win64; x64; rv:95.0) Gecko/20100101 Firefox/95.0"
80.123.225.38 - - [13/Dec/2021:13:58:16 +0100] "GET /noshop HTTP/1.1" 200 1573 "http://renault.activities.at/noshop" "Mozilla/5.0 (Windows NT 10.0; Win64; x64; rv:95.0) Gecko/20100101 Firefox/95.0"
80.123.225.38 - - [13/Dec/2021:13:59:17 +0100] "GET /reload?ser=1639400357582 HTTP/1.1" 302 140 "http://renault.activities.at/noshop" "Mozilla/5.0 (Windows NT 10.0; Win64; x64; rv:95.0) Gecko/20100101 Firefox/95.0"
80.123.225.38 - - [13/Dec/2021:13:59:18 +0100] "GET /noshop HTTP/1.1" 200 1573 "http://renault.activities.at/noshop" "Mozilla/5.0 (Windows NT 10.0; Win64; x64; rv:95.0) Gecko/20100101 Firefox/95.0"
80.123.225.38 - - [13/Dec/2021:14:00:19 +0100] "GET /reload?ser=1639400419524 HTTP/1.1" 302 140 "http://renault.activities.at/noshop" "Mozilla/5.0 (Windows NT 10.0; Win64; x64; rv:95.0) Gecko/20100101 Firefox/95.0"
80.123.225.38 - - [13/Dec/2021:14:00:20 +0100] "GET /noshop HTTP/1.1" 200 1573 "http://renault.activities.at/noshop" "Mozilla/5.0 (Windows NT 10.0; Win64; x64; rv:95.0) Gecko/20100101 Firefox/95.0"
80.123.225.38 - - [13/Dec/2021:14:01:21 +0100] "GET /reload?ser=1639400481494 HTTP/1.1" 302 140 "http://renault.activities.at/noshop" "Mozilla/5.0 (Windows NT 10.0; Win64; x64; rv:95.0) Gecko/20100101 Firefox/95.0"
80.123.225.38 - - [13/Dec/2021:14:01:22 +0100] "GET /noshop HTTP/1.1" 200 1573 "http://renault.activities.at/noshop" "Mozilla/5.0 (Windows NT 10.0; Win64; x64; rv:95.0) Gecko/20100101 Firefox/95.0"
80.123.225.38 - - [13/Dec/2021:14:02:23 +0100] "GET /reload?ser=1639400543450 HTTP/1.1" 302 140 "http://renault.activities.at/noshop" "Mozilla/5.0 (Windows NT 10.0; Win64; x64; rv:95.0) Gecko/20100101 Firefox/95.0"
80.123.225.38 - - [13/Dec/2021:14:02:24 +0100] "GET /noshop HTTP/1.1" 200 1573 "http://renault.activities.at/noshop" "Mozilla/5.0 (Windows NT 10.0; Win64; x64; rv:95.0) Gecko/20100101 Firefox/95.0"
80.123.225.38 - - [13/Dec/2021:14:03:25 +0100] "GET /reload?ser=1639400605876 HTTP/1.1" 302 140 "http://renault.activities.at/noshop" "Mozilla/5.0 (Windows NT 10.0; Win64; x64; rv:95.0) Gecko/20100101 Firefox/95.0"
