80.120.210.180 - - [15/Dec/2021:12:27:25 +0100] "GET /noshop HTTP/1.1" 200 1573 "http://renault.activities.at/noshop" "Mozilla/5.0 (Windows NT 10.0; Win64; x64) AppleWebKit/537.36 (KHTML, like Gecko) Chrome/96.0.4664.110 Safari/537.36"
81.189.177.106 - - [15/Dec/2021:12:27:33 +0100] "GET /reload?ser=1639567653122 HTTP/1.1" 302 140 "http://renault.activities.at/noshop" "Mozilla/5.0 (Windows NT 10.0; Win64; x64) AppleWebKit/537.36 (KHTML, like Gecko) Chrome/96.0.4664.45 Safari/537.36"
81.189.177.106 - - [15/Dec/2021:12:27:33 +0100] "GET /noshop HTTP/1.1" 200 1573 "http://renault.activities.at/noshop" "Mozilla/5.0 (Windows NT 10.0; Win64; x64) AppleWebKit/537.36 (KHTML, like Gecko) Chrome/96.0.4664.45 Safari/537.36"
80.120.210.180 - - [15/Dec/2021:12:28:02 +0100] "GET /reload?ser=1639567683033 HTTP/1.1" 302 140 "http://renault.activities.at/noshop" "Mozilla/5.0 (Windows NT 10.0; Win64; x64) AppleWebKit/537.36 (KHTML, like Gecko) Chrome/96.0.4664.110 Safari/537.36"
80.120.210.180 - - [15/Dec/2021:12:28:03 +0100] "GET /noshop HTTP/1.1" 200 1573 "http://renault.activities.at/noshop" "Mozilla/5.0 (Windows NT 10.0; Win64; x64) AppleWebKit/537.36 (KHTML, like Gecko) Chrome/96.0.4664.110 Safari/537.36"
80.120.210.180 - - [15/Dec/2021:12:28:26 +0100] "GET /reload?ser=1639567706668 HTTP/1.1" 302 140 "http://renault.activities.at/noshop" "Mozilla/5.0 (Windows NT 10.0; Win64; x64) AppleWebKit/537.36 (KHTML, like Gecko) Chrome/96.0.4664.110 Safari/537.36"
80.120.210.180 - - [15/Dec/2021:12:28:27 +0100] "GET /noshop HTTP/1.1" 200 1573 "http://renault.activities.at/noshop" "Mozilla/5.0 (Windows NT 10.0; Win64; x64) AppleWebKit/537.36 (KHTML, like Gecko) Chrome/96.0.4664.110 Safari/537.36"
81.189.177.106 - - [15/Dec/2021:12:28:35 +0100] "GET /reload?ser=1639567715124 HTTP/1.1" 302 140 "http://renault.activities.at/noshop" "Mozilla/5.0 (Windows NT 10.0; Win64; x64) AppleWebKit/537.36 (KHTML, like Gecko) Chrome/96.0.4664.45 Safari/537.36"
81.189.177.106 - - [15/Dec/2021:12:28:35 +0100] "GET /noshop HTTP/1.1" 200 1573 "http://renault.activities.at/noshop" "Mozilla/5.0 (Windows NT 10.0; Win64; x64) AppleWebKit/537.36 (KHTML, like Gecko) Chrome/96.0.4664.45 Safari/537.36"
80.120.210.180 - - [15/Dec/2021:12:29:04 +0100] "GET /reload?ser=1639567745058 HTTP/1.1" 302 140 "http://renault.activities.at/noshop" "Mozilla/5.0 (Windows NT 10.0; Win64; x64) AppleWebKit/537.36 (KHTML, like Gecko) Chrome/96.0.4664.110 Safari/537.36"
80.120.210.180 - - [15/Dec/2021:12:29:05 +0100] "GET /noshop HTTP/1.1" 200 1573 "http://renault.activities.at/noshop" "Mozilla/5.0 (Windows NT 10.0; Win64; x64) AppleWebKit/537.36 (KHTML, like Gecko) Chrome/96.0.4664.110 Safari/537.36"
80.120.210.180 - - [15/Dec/2021:12:29:28 +0100] "GET /reload?ser=1639567768658 HTTP/1.1" 302 140 "http://renault.activities.at/noshop" "Mozilla/5.0 (Windows NT 10.0; Win64; x64) AppleWebKit/537.36 (KHTML, like Gecko) Chrome/96.0.4664.110 Safari/537.36"
80.120.210.180 - - [15/Dec/2021:12:29:29 +0100] "GET /noshop HTTP/1.1" 200 1573 "http://renault.activities.at/noshop" "Mozilla/5.0 (Windows NT 10.0; Win64; x64) AppleWebKit/537.36 (KHTML, like Gecko) Chrome/96.0.4664.110 Safari/537.36"
81.189.177.106 - - [15/Dec/2021:12:29:37 +0100] "GET /reload?ser=1639567777128 HTTP/1.1" 302 140 "http://renault.activities.at/noshop" "Mozilla/5.0 (Windows NT 10.0; Win64; x64) AppleWebKit/537.36 (KHTML, like Gecko) Chrome/96.0.4664.45 Safari/537.36"
81.189.177.106 - - [15/Dec/2021:12:29:37 +0100] "GET /noshop HTTP/1.1" 200 1573 "http://renault.activities.at/noshop" "Mozilla/5.0 (Windows NT 10.0; Win64; x64) AppleWebKit/537.36 (KHTML, like Gecko) Chrome/96.0.4664.45 Safari/537.36"
80.120.210.180 - - [15/Dec/2021:12:30:06 +0100] "GET /reload?ser=1639567806973 HTTP/1.1" 302 140 "http://renault.activities.at/noshop" "Mozilla/5.0 (Windows NT 10.0; Win64; x64) AppleWebKit/537.36 (KHTML, like Gecko) Chrome/96.0.4664.110 Safari/537.36"
80.120.210.180 - - [15/Dec/2021:12:30:07 +0100] "GET /noshop HTTP/1.1" 200 1573 "http://renault.activities.at/noshop" "Mozilla/5.0 (Windows NT 10.0; Win64; x64) AppleWebKit/537.36 (KHTML, like Gecko) Chrome/96.0.4664.110 Safari/537.36"
80.120.210.180 - - [15/Dec/2021:12:30:30 +0100] "GET /reload?ser=1639567830662 HTTP/1.1" 302 140 "http://renault.activities.at/noshop" "Mozilla/5.0 (Windows NT 10.0; Win64; x64) AppleWebKit/537.36 (KHTML, like Gecko) Chrome/96.0.4664.110 Safari/537.36"
80.120.210.180 - - [15/Dec/2021:12:30:31 +0100] "GET /noshop HTTP/1.1" 200 1573 "http://renault.activities.at/noshop" "Mozilla/5.0 (Windows NT 10.0; Win64; x64) AppleWebKit/537.36 (KHTML, like Gecko) Chrome/96.0.4664.110 Safari/537.36"
81.189.177.106 - - [15/Dec/2021:12:30:39 +0100] "GET /reload?ser=1639567839131 HTTP/1.1" 302 140 "http://renault.activities.at/noshop" "Mozilla/5.0 (Windows NT 10.0; Win64; x64) AppleWebKit/537.36 (KHTML, like Gecko) Chrome/96.0.4664.45 Safari/537.36"
81.189.177.106 - - [15/Dec/2021:12:30:39 +0100] "GET /noshop HTTP/1.1" 200 1573 "http://renault.activities.at/noshop" "Mozilla/5.0 (Windows NT 10.0; Win64; x64) AppleWebKit/537.36 (KHTML, like Gecko) Chrome/96.0.4664.45 Safari/537.36"
80.120.210.180 - - [15/Dec/2021:12:31:08 +0100] "GET /reload?ser=1639567868844 HTTP/1.1" 302 140 "http://renault.activities.at/noshop" "Mozilla/5.0 (Windows NT 10.0; Win64; x64) AppleWebKit/537.36 (KHTML, like Gecko) Chrome/96.0.4664.110 Safari/537.36"
80.120.210.180 - - [15/Dec/2021:12:31:09 +0100] "GET /noshop HTTP/1.1" 200 1573 "http://renault.activities.at/noshop" "Mozilla/5.0 (Windows NT 10.0; Win64; x64) AppleWebKit/537.36 (KHTML, like Gecko) Chrome/96.0.4664.110 Safari/537.36"
80.120.210.180 - - [15/Dec/2021:12:31:33 +0100] "GET /reload?ser=1639567893660 HTTP/1.1" 302 140 "http://renault.activities.at/noshop" "Mozilla/5.0 (Windows NT 10.0; Win64; x64) AppleWebKit/537.36 (KHTML, like Gecko) Chrome/96.0.4664.110 Safari/537.36"
80.120.210.180 - - [15/Dec/2021:12:31:34 +0100] "GET /noshop HTTP/1.1" 200 1573 "http://renault.activities.at/noshop" "Mozilla/5.0 (Windows NT 10.0; Win64; x64) AppleWebKit/537.36 (KHTML, like Gecko) Chrome/96.0.4664.110 Safari/537.36"
81.189.177.106 - - [15/Dec/2021:12:31:41 +0100] "GET /reload?ser=1639567901129 HTTP/1.1" 302 140 "http://renault.activities.at/noshop" "Mozilla/5.0 (Windows NT 10.0; Win64; x64) AppleWebKit/537.36 (KHTML, like Gecko) Chrome/96.0.4664.45 Safari/537.36"
81.189.177.106 - - [15/Dec/2021:12:31:41 +0100] "GET /noshop HTTP/1.1" 200 1573 "http://renault.activities.at/noshop" "Mozilla/5.0 (Windows NT 10.0; Win64; x64) AppleWebKit/537.36 (KHTML, like Gecko) Chrome/96.0.4664.45 Safari/537.36"
80.120.210.180 - - [15/Dec/2021:12:32:10 +0100] "GET /reload?ser=1639567930730 HTTP/1.1" 302 140 "http://renault.activities.at/noshop" "Mozilla/5.0 (Windows NT 10.0; Win64; x64) AppleWebKit/537.36 (KHTML, like Gecko) Chrome/96.0.4664.110 Safari/537.36"
80.120.210.180 - - [15/Dec/2021:12:32:11 +0100] "GET /noshop HTTP/1.1" 200 1573 "http://renault.activities.at/noshop" "Mozilla/5.0 (Windows NT 10.0; Win64; x64) AppleWebKit/537.36 (KHTML, like Gecko) Chrome/96.0.4664.110 Safari/537.36"
80.120.210.180 - - [15/Dec/2021:12:32:36 +0100] "GET /reload?ser=1639567956667 HTTP/1.1" 302 140 "http://renault.activities.at/noshop" "Mozilla/5.0 (Windows NT 10.0; Win64; x64) AppleWebKit/537.36 (KHTML, like Gecko) Chrome/96.0.4664.110 Safari/537.36"
80.120.210.180 - - [15/Dec/2021:12:32:37 +0100] "GET /noshop HTTP/1.1" 200 1573 "http://renault.activities.at/noshop" "Mozilla/5.0 (Windows NT 10.0; Win64; x64) AppleWebKit/537.36 (KHTML, like Gecko) Chrome/96.0.4664.110 Safari/537.36"
81.189.177.106 - - [15/Dec/2021:12:32:43 +0100] "GET /reload?ser=1639567963128 HTTP/1.1" 302 140 "http://renault.activities.at/noshop" "Mozilla/5.0 (Windows NT 10.0; Win64; x64) AppleWebKit/537.36 (KHTML, like Gecko) Chrome/96.0.4664.45 Safari/537.36"
81.189.177.106 - - [15/Dec/2021:12:32:43 +0100] "GET /noshop HTTP/1.1" 200 1573 "http://renault.activities.at/noshop" "Mozilla/5.0 (Windows NT 10.0; Win64; x64) AppleWebKit/537.36 (KHTML, like Gecko) Chrome/96.0.4664.45 Safari/537.36"
80.120.210.180 - - [15/Dec/2021:12:33:12 +0100] "GET /reload?ser=1639567992706 HTTP/1.1" 302 140 "http://renault.activities.at/noshop" "Mozilla/5.0 (Windows NT 10.0; Win64; x64) AppleWebKit/537.36 (KHTML, like Gecko) Chrome/96.0.4664.110 Safari/537.36"
80.120.210.180 - - [15/Dec/2021:12:33:13 +0100] "GET /noshop HTTP/1.1" 200 1573 "http://renault.activities.at/noshop" "Mozilla/5.0 (Windows NT 10.0; Win64; x64) AppleWebKit/537.36 (KHTML, like Gecko) Chrome/96.0.4664.110 Safari/537.36"
80.120.210.180 - - [15/Dec/2021:12:33:39 +0100] "GET /reload?ser=1639568019670 HTTP/1.1" 302 140 "http://renault.activities.at/noshop" "Mozilla/5.0 (Windows NT 10.0; Win64; x64) AppleWebKit/537.36 (KHTML, like Gecko) Chrome/96.0.4664.110 Safari/537.36"
80.120.210.180 - - [15/Dec/2021:12:33:40 +0100] "GET /noshop HTTP/1.1" 200 1573 "http://renault.activities.at/noshop" "Mozilla/5.0 (Windows NT 10.0; Win64; x64) AppleWebKit/537.36 (KHTML, like Gecko) Chrome/96.0.4664.110 Safari/537.36"
81.189.177.106 - - [15/Dec/2021:12:33:45 +0100] "GET /reload?ser=1639568025125 HTTP/1.1" 302 140 "http://renault.activities.at/noshop" "Mozilla/5.0 (Windows NT 10.0; Win64; x64) AppleWebKit/537.36 (KHTML, like Gecko) Chrome/96.0.4664.45 Safari/537.36"
81.189.177.106 - - [15/Dec/2021:12:33:45 +0100] "GET /noshop HTTP/1.1" 200 1573 "http://renault.activities.at/noshop" "Mozilla/5.0 (Windows NT 10.0; Win64; x64) AppleWebKit/537.36 (KHTML, like Gecko) Chrome/96.0.4664.45 Safari/537.36"
80.120.210.180 - - [15/Dec/2021:12:34:14 +0100] "GET /reload?ser=1639568054655 HTTP/1.1" 302 140 "http://renault.activities.at/noshop" "Mozilla/5.0 (Windows NT 10.0; Win64; x64) AppleWebKit/537.36 (KHTML, like Gecko) Chrome/96.0.4664.110 Safari/537.36"
80.120.210.180 - - [15/Dec/2021:12:34:15 +0100] "GET /noshop HTTP/1.1" 200 1573 "http://renault.activities.at/noshop" "Mozilla/5.0 (Windows NT 10.0; Win64; x64) AppleWebKit/537.36 (KHTML, like Gecko) Chrome/96.0.4664.110 Safari/537.36"
80.120.210.180 - - [15/Dec/2021:12:34:42 +0100] "GET /reload?ser=1639568082657 HTTP/1.1" 302 140 "http://renault.activities.at/noshop" "Mozilla/5.0 (Windows NT 10.0; Win64; x64) AppleWebKit/537.36 (KHTML, like Gecko) Chrome/96.0.4664.110 Safari/537.36"
80.120.210.180 - - [15/Dec/2021:12:34:43 +0100] "GET /noshop HTTP/1.1" 200 1573 "http://renault.activities.at/noshop" "Mozilla/5.0 (Windows NT 10.0; Win64; x64) AppleWebKit/537.36 (KHTML, like Gecko) Chrome/96.0.4664.110 Safari/537.36"
81.189.177.106 - - [15/Dec/2021:12:34:47 +0100] "GET /reload?ser=1639568087121 HTTP/1.1" 302 140 "http://renault.activities.at/noshop" "Mozilla/5.0 (Windows NT 10.0; Win64; x64) AppleWebKit/537.36 (KHTML, like Gecko) Chrome/96.0.4664.45 Safari/537.36"
81.189.177.106 - - [15/Dec/2021:12:34:47 +0100] "GET /noshop HTTP/1.1" 200 1573 "http://renault.activities.at/noshop" "Mozilla/5.0 (Windows NT 10.0; Win64; x64) AppleWebKit/537.36 (KHTML, like Gecko) Chrome/96.0.4664.45 Safari/537.36"
80.120.210.180 - - [15/Dec/2021:12:35:16 +0100] "GET /reload?ser=1639568116672 HTTP/1.1" 302 140 "http://renault.activities.at/noshop" "Mozilla/5.0 (Windows NT 10.0; Win64; x64) AppleWebKit/537.36 (KHTML, like Gecko) Chrome/96.0.4664.110 Safari/537.36"
80.120.210.180 - - [15/Dec/2021:12:35:17 +0100] "GET /noshop HTTP/1.1" 200 1573 "http://renault.activities.at/noshop" "Mozilla/5.0 (Windows NT 10.0; Win64; x64) AppleWebKit/537.36 (KHTML, like Gecko) Chrome/96.0.4664.110 Safari/537.36"
80.120.210.180 - - [15/Dec/2021:12:35:44 +0100] "GET /reload?ser=1639568144664 HTTP/1.1" 302 140 "http://renault.activities.at/noshop" "Mozilla/5.0 (Windows NT 10.0; Win64; x64) AppleWebKit/537.36 (KHTML, like Gecko) Chrome/96.0.4664.110 Safari/537.36"
80.120.210.180 - - [15/Dec/2021:12:35:45 +0100] "GET /noshop HTTP/1.1" 200 1573 "http://renault.activities.at/noshop" "Mozilla/5.0 (Windows NT 10.0; Win64; x64) AppleWebKit/537.36 (KHTML, like Gecko) Chrome/96.0.4664.110 Safari/537.36"
81.189.177.106 - - [15/Dec/2021:12:35:49 +0100] "GET /reload?ser=1639568149126 HTTP/1.1" 302 140 "http://renault.activities.at/noshop" "Mozilla/5.0 (Windows NT 10.0; Win64; x64) AppleWebKit/537.36 (KHTML, like Gecko) Chrome/96.0.4664.45 Safari/537.36"
81.189.177.106 - - [15/Dec/2021:12:35:49 +0100] "GET /noshop HTTP/1.1" 200 1573 "http://renault.activities.at/noshop" "Mozilla/5.0 (Windows NT 10.0; Win64; x64) AppleWebKit/537.36 (KHTML, like Gecko) Chrome/96.0.4664.45 Safari/537.36"
80.120.210.180 - - [15/Dec/2021:12:36:18 +0100] "GET /reload?ser=1639568178631 HTTP/1.1" 302 140 "http://renault.activities.at/noshop" "Mozilla/5.0 (Windows NT 10.0; Win64; x64) AppleWebKit/537.36 (KHTML, like Gecko) Chrome/96.0.4664.110 Safari/537.36"
80.120.210.180 - - [15/Dec/2021:12:36:19 +0100] "GET /noshop HTTP/1.1" 200 1573 "http://renault.activities.at/noshop" "Mozilla/5.0 (Windows NT 10.0; Win64; x64) AppleWebKit/537.36 (KHTML, like Gecko) Chrome/96.0.4664.110 Safari/537.36"
80.120.210.180 - - [15/Dec/2021:12:36:46 +0100] "GET /reload?ser=1639568206665 HTTP/1.1" 302 140 "http://renault.activities.at/noshop" "Mozilla/5.0 (Windows NT 10.0; Win64; x64) AppleWebKit/537.36 (KHTML, like Gecko) Chrome/96.0.4664.110 Safari/537.36"
80.120.210.180 - - [15/Dec/2021:12:36:47 +0100] "GET /noshop HTTP/1.1" 200 1573 "http://renault.activities.at/noshop" "Mozilla/5.0 (Windows NT 10.0; Win64; x64) AppleWebKit/537.36 (KHTML, like Gecko) Chrome/96.0.4664.110 Safari/537.36"
81.189.177.106 - - [15/Dec/2021:12:36:51 +0100] "GET /reload?ser=1639568211128 HTTP/1.1" 302 140 "http://renault.activities.at/noshop" "Mozilla/5.0 (Windows NT 10.0; Win64; x64) AppleWebKit/537.36 (KHTML, like Gecko) Chrome/96.0.4664.45 Safari/537.36"
81.189.177.106 - - [15/Dec/2021:12:36:51 +0100] "GET /noshop HTTP/1.1" 200 1573 "http://renault.activities.at/noshop" "Mozilla/5.0 (Windows NT 10.0; Win64; x64) AppleWebKit/537.36 (KHTML, like Gecko) Chrome/96.0.4664.45 Safari/537.36"
80.120.210.180 - - [15/Dec/2021:12:37:20 +0100] "GET /reload?ser=1639568240510 HTTP/1.1" 302 140 "http://renault.activities.at/noshop" "Mozilla/5.0 (Windows NT 10.0; Win64; x64) AppleWebKit/537.36 (KHTML, like Gecko) Chrome/96.0.4664.110 Safari/537.36"
80.120.210.180 - - [15/Dec/2021:12:37:20 +0100] "GET /noshop HTTP/1.1" 200 1573 "http://renault.activities.at/noshop" "Mozilla/5.0 (Windows NT 10.0; Win64; x64) AppleWebKit/537.36 (KHTML, like Gecko) Chrome/96.0.4664.110 Safari/537.36"
80.120.210.180 - - [15/Dec/2021:12:37:48 +0100] "GET /reload?ser=1639568268659 HTTP/1.1" 302 140 "http://renault.activities.at/noshop" "Mozilla/5.0 (Windows NT 10.0; Win64; x64) AppleWebKit/537.36 (KHTML, like Gecko) Chrome/96.0.4664.110 Safari/537.36"
80.120.210.180 - - [15/Dec/2021:12:37:49 +0100] "GET /noshop HTTP/1.1" 200 1573 "http://renault.activities.at/noshop" "Mozilla/5.0 (Windows NT 10.0; Win64; x64) AppleWebKit/537.36 (KHTML, like Gecko) Chrome/96.0.4664.110 Safari/537.36"
81.189.177.106 - - [15/Dec/2021:12:37:53 +0100] "GET /reload?ser=1639568273135 HTTP/1.1" 302 140 "http://renault.activities.at/noshop" "Mozilla/5.0 (Windows NT 10.0; Win64; x64) AppleWebKit/537.36 (KHTML, like Gecko) Chrome/96.0.4664.45 Safari/537.36"
81.189.177.106 - - [15/Dec/2021:12:37:53 +0100] "GET /noshop HTTP/1.1" 200 1573 "http://renault.activities.at/noshop" "Mozilla/5.0 (Windows NT 10.0; Win64; x64) AppleWebKit/537.36 (KHTML, like Gecko) Chrome/96.0.4664.45 Safari/537.36"
80.120.210.180 - - [15/Dec/2021:12:38:22 +0100] "GET /reload?ser=1639568302434 HTTP/1.1" 302 140 "http://renault.activities.at/noshop" "Mozilla/5.0 (Windows NT 10.0; Win64; x64) AppleWebKit/537.36 (KHTML, like Gecko) Chrome/96.0.4664.110 Safari/537.36"
80.120.210.180 - - [15/Dec/2021:12:38:22 +0100] "GET /noshop HTTP/1.1" 200 1573 "http://renault.activities.at/noshop" "Mozilla/5.0 (Windows NT 10.0; Win64; x64) AppleWebKit/537.36 (KHTML, like Gecko) Chrome/96.0.4664.110 Safari/537.36"
80.120.210.180 - - [15/Dec/2021:12:38:51 +0100] "GET /reload?ser=1639568331662 HTTP/1.1" 302 140 "http://renault.activities.at/noshop" "Mozilla/5.0 (Windows NT 10.0; Win64; x64) AppleWebKit/537.36 (KHTML, like Gecko) Chrome/96.0.4664.110 Safari/537.36"
80.120.210.180 - - [15/Dec/2021:12:38:52 +0100] "GET /noshop HTTP/1.1" 200 1573 "http://renault.activities.at/noshop" "Mozilla/5.0 (Windows NT 10.0; Win64; x64) AppleWebKit/537.36 (KHTML, like Gecko) Chrome/96.0.4664.110 Safari/537.36"
81.189.177.106 - - [15/Dec/2021:12:38:55 +0100] "GET /reload?ser=1639568335134 HTTP/1.1" 302 140 "http://renault.activities.at/noshop" "Mozilla/5.0 (Windows NT 10.0; Win64; x64) AppleWebKit/537.36 (KHTML, like Gecko) Chrome/96.0.4664.45 Safari/537.36"
81.189.177.106 - - [15/Dec/2021:12:38:55 +0100] "GET /noshop HTTP/1.1" 200 1573 "http://renault.activities.at/noshop" "Mozilla/5.0 (Windows NT 10.0; Win64; x64) AppleWebKit/537.36 (KHTML, like Gecko) Chrome/96.0.4664.45 Safari/537.36"
80.120.210.180 - - [15/Dec/2021:12:39:24 +0100] "GET /reload?ser=1639568364366 HTTP/1.1" 302 140 "http://renault.activities.at/noshop" "Mozilla/5.0 (Windows NT 10.0; Win64; x64) AppleWebKit/537.36 (KHTML, like Gecko) Chrome/96.0.4664.110 Safari/537.36"
80.120.210.180 - - [15/Dec/2021:12:39:24 +0100] "GET /noshop HTTP/1.1" 200 1573 "http://renault.activities.at/noshop" "Mozilla/5.0 (Windows NT 10.0; Win64; x64) AppleWebKit/537.36 (KHTML, like Gecko) Chrome/96.0.4664.110 Safari/537.36"
80.120.210.180 - - [15/Dec/2021:12:39:53 +0100] "GET /reload?ser=1639568393672 HTTP/1.1" 302 140 "http://renault.activities.at/noshop" "Mozilla/5.0 (Windows NT 10.0; Win64; x64) AppleWebKit/537.36 (KHTML, like Gecko) Chrome/96.0.4664.110 Safari/537.36"
80.120.210.180 - - [15/Dec/2021:12:39:54 +0100] "GET /noshop HTTP/1.1" 200 1573 "http://renault.activities.at/noshop" "Mozilla/5.0 (Windows NT 10.0; Win64; x64) AppleWebKit/537.36 (KHTML, like Gecko) Chrome/96.0.4664.110 Safari/537.36"
81.189.177.106 - - [15/Dec/2021:12:39:57 +0100] "GET /reload?ser=1639568397137 HTTP/1.1" 302 140 "http://renault.activities.at/noshop" "Mozilla/5.0 (Windows NT 10.0; Win64; x64) AppleWebKit/537.36 (KHTML, like Gecko) Chrome/96.0.4664.45 Safari/537.36"
81.189.177.106 - - [15/Dec/2021:12:39:57 +0100] "GET /noshop HTTP/1.1" 200 1573 "http://renault.activities.at/noshop" "Mozilla/5.0 (Windows NT 10.0; Win64; x64) AppleWebKit/537.36 (KHTML, like Gecko) Chrome/96.0.4664.45 Safari/537.36"
80.120.210.180 - - [15/Dec/2021:12:40:26 +0100] "GET /reload?ser=1639568426355 HTTP/1.1" 302 140 "http://renault.activities.at/noshop" "Mozilla/5.0 (Windows NT 10.0; Win64; x64) AppleWebKit/537.36 (KHTML, like Gecko) Chrome/96.0.4664.110 Safari/537.36"
80.120.210.180 - - [15/Dec/2021:12:40:26 +0100] "GET /noshop HTTP/1.1" 200 1573 "http://renault.activities.at/noshop" "Mozilla/5.0 (Windows NT 10.0; Win64; x64) AppleWebKit/537.36 (KHTML, like Gecko) Chrome/96.0.4664.110 Safari/537.36"
80.120.210.180 - - [15/Dec/2021:12:40:55 +0100] "GET /reload?ser=1639568455669 HTTP/1.1" 302 140 "http://renault.activities.at/noshop" "Mozilla/5.0 (Windows NT 10.0; Win64; x64) AppleWebKit/537.36 (KHTML, like Gecko) Chrome/96.0.4664.110 Safari/537.36"
80.120.210.180 - - [15/Dec/2021:12:40:56 +0100] "GET /noshop HTTP/1.1" 200 1573 "http://renault.activities.at/noshop" "Mozilla/5.0 (Windows NT 10.0; Win64; x64) AppleWebKit/537.36 (KHTML, like Gecko) Chrome/96.0.4664.110 Safari/537.36"
81.189.177.106 - - [15/Dec/2021:12:40:59 +0100] "GET /reload?ser=1639568459132 HTTP/1.1" 302 140 "http://renault.activities.at/noshop" "Mozilla/5.0 (Windows NT 10.0; Win64; x64) AppleWebKit/537.36 (KHTML, like Gecko) Chrome/96.0.4664.45 Safari/537.36"
81.189.177.106 - - [15/Dec/2021:12:40:59 +0100] "GET /noshop HTTP/1.1" 200 1573 "http://renault.activities.at/noshop" "Mozilla/5.0 (Windows NT 10.0; Win64; x64) AppleWebKit/537.36 (KHTML, like Gecko) Chrome/96.0.4664.45 Safari/537.36"
212.186.238.50 - - [15/Dec/2021:12:41:27 +0100] "GET / HTTP/1.1" 302 140 "-" "Mozilla/5.0 (Windows NT 10.0; Win64; x64) AppleWebKit/537.36 (KHTML, like Gecko) Chrome/96.0.4664.93 Safari/537.36"
80.120.210.180 - - [15/Dec/2021:12:41:28 +0100] "GET /reload?ser=1639568488298 HTTP/1.1" 302 140 "http://renault.activities.at/noshop" "Mozilla/5.0 (Windows NT 10.0; Win64; x64) AppleWebKit/537.36 (KHTML, like Gecko) Chrome/96.0.4664.110 Safari/537.36"
212.186.238.50 - - [15/Dec/2021:12:41:28 +0100] "GET /noshop HTTP/1.1" 200 1573 "-" "Mozilla/5.0 (Windows NT 10.0; Win64; x64) AppleWebKit/537.36 (KHTML, like Gecko) Chrome/96.0.4664.93 Safari/537.36"
212.186.238.50 - - [15/Dec/2021:12:41:29 +0100] "GET /js/default.js HTTP/1.1" 200 14698 "http://renault.activities.at/noshop" "Mozilla/5.0 (Windows NT 10.0; Win64; x64) AppleWebKit/537.36 (KHTML, like Gecko) Chrome/96.0.4664.93 Safari/537.36"
212.186.238.50 - - [15/Dec/2021:12:41:29 +0100] "GET /css/styles.css HTTP/1.1" 200 14664 "http://renault.activities.at/noshop" "Mozilla/5.0 (Windows NT 10.0; Win64; x64) AppleWebKit/537.36 (KHTML, like Gecko) Chrome/96.0.4664.93 Safari/537.36"
212.186.238.50 - - [15/Dec/2021:12:41:29 +0100] "GET /js/checkout.css HTTP/1.1" 200 359 "http://renault.activities.at/noshop" "Mozilla/5.0 (Windows NT 10.0; Win64; x64) AppleWebKit/537.36 (KHTML, like Gecko) Chrome/96.0.4664.93 Safari/537.36"
212.186.238.50 - - [15/Dec/2021:12:41:29 +0100] "GET /css/prototip.css HTTP/1.1" 200 968 "http://renault.activities.at/noshop" "Mozilla/5.0 (Windows NT 10.0; Win64; x64) AppleWebKit/537.36 (KHTML, like Gecko) Chrome/96.0.4664.93 Safari/537.36"
212.186.238.50 - - [15/Dec/2021:12:41:29 +0100] "GET /css/reset.css HTTP/1.1" 200 1356 "http://renault.activities.at/noshop" "Mozilla/5.0 (Windows NT 10.0; Win64; x64) AppleWebKit/537.36 (KHTML, like Gecko) Chrome/96.0.4664.93 Safari/537.36"
212.186.238.50 - - [15/Dec/2021:12:41:29 +0100] "GET /css/clears.css HTTP/1.1" 200 851 "http://renault.activities.at/noshop" "Mozilla/5.0 (Windows NT 10.0; Win64; x64) AppleWebKit/537.36 (KHTML, like Gecko) Chrome/96.0.4664.93 Safari/537.36"
212.186.238.50 - - [15/Dec/2021:12:41:29 +0100] "GET /css/themes/default.css HTTP/1.1" 200 769 "http://renault.activities.at/noshop" "Mozilla/5.0 (Windows NT 10.0; Win64; x64) AppleWebKit/537.36 (KHTML, like Gecko) Chrome/96.0.4664.93 Safari/537.36"
212.186.238.50 - - [15/Dec/2021:12:41:29 +0100] "GET /css/themes/alphacube.css HTTP/1.1" 200 743 "http://renault.activities.at/noshop" "Mozilla/5.0 (Windows NT 10.0; Win64; x64) AppleWebKit/537.36 (KHTML, like Gecko) Chrome/96.0.4664.93 Safari/537.36"
80.120.210.180 - - [15/Dec/2021:12:41:28 +0100] "GET /noshop HTTP/1.1" 200 1573 "http://renault.activities.at/noshop" "Mozilla/5.0 (Windows NT 10.0; Win64; x64) AppleWebKit/537.36 (KHTML, like Gecko) Chrome/96.0.4664.110 Safari/537.36"
212.186.238.50 - - [15/Dec/2021:12:41:29 +0100] "GET /js/index.php?c=auto&f=,prototype/prototype.js,prototype/validation.js,scriptaculous/builder.js,scriptaculous/effects.js,scriptaculous/dragdrop.js,scriptaculous/controls.js,scriptaculous/slider.js,varien/js.js,varien/form.js,varien/menu.js,mage/translate.js,mage/cookies.js,varien/product.js,spinner/SpinnerControl.jsmin.js,prototype/window.js,prototype/window_ext.js HTTP/1.1" 200 94182 "http://renault.activities.at/noshop" "Mozilla/5.0 (Windows NT 10.0; Win64; x64) AppleWebKit/537.36 (KHTML, like Gecko) Chrome/96.0.4664.93 Safari/537.36"
212.186.238.50 - - [15/Dec/2021:12:41:30 +0100] "GET /images/main_block_corner_left_bot.gif HTTP/1.1" 200 159 "http://renault.activities.at/css/styles.css" "Mozilla/5.0 (Windows NT 10.0; Win64; x64) AppleWebKit/537.36 (KHTML, like Gecko) Chrome/96.0.4664.93 Safari/537.36"
212.186.238.50 - - [15/Dec/2021:12:41:30 +0100] "GET /images/main_block_corner_right_bot.gif HTTP/1.1" 200 158 "http://renault.activities.at/css/styles.css" "Mozilla/5.0 (Windows NT 10.0; Win64; x64) AppleWebKit/537.36 (KHTML, like Gecko) Chrome/96.0.4664.93 Safari/537.36"
212.186.238.50 - - [15/Dec/2021:12:41:30 +0100] "GET /images/header_block_border.gif HTTP/1.1" 200 43 "http://renault.activities.at/css/styles.css" "Mozilla/5.0 (Windows NT 10.0; Win64; x64) AppleWebKit/537.36 (KHTML, like Gecko) Chrome/96.0.4664.93 Safari/537.36"
212.186.238.50 - - [15/Dec/2021:12:41:30 +0100] "GET /images/main_block_border.gif HTTP/1.1" 200 43 "http://renault.activities.at/css/styles.css" "Mozilla/5.0 (Windows NT 10.0; Win64; x64) AppleWebKit/537.36 (KHTML, like Gecko) Chrome/96.0.4664.93 Safari/537.36"
212.186.238.50 - - [15/Dec/2021:12:41:30 +0100] "GET /images/header_block_corner_left_top.gif HTTP/1.1" 200 160 "http://renault.activities.at/css/styles.css" "Mozilla/5.0 (Windows NT 10.0; Win64; x64) AppleWebKit/537.36 (KHTML, like Gecko) Chrome/96.0.4664.93 Safari/537.36"
212.186.238.50 - - [15/Dec/2021:12:41:30 +0100] "GET /images/title_corner_left_top.jpg HTTP/1.1" 200 372 "http://renault.activities.at/css/styles.css" "Mozilla/5.0 (Windows NT 10.0; Win64; x64) AppleWebKit/537.36 (KHTML, like Gecko) Chrome/96.0.4664.93 Safari/537.36"
212.186.238.50 - - [15/Dec/2021:12:41:30 +0100] "GET /images/title_border.jpg HTTP/1.1" 200 304 "http://renault.activities.at/css/styles.css" "Mozilla/5.0 (Windows NT 10.0; Win64; x64) AppleWebKit/537.36 (KHTML, like Gecko) Chrome/96.0.4664.93 Safari/537.36"
212.186.238.50 - - [15/Dec/2021:12:41:30 +0100] "GET /images/header_block_corner_right_top.gif HTTP/1.1" 200 160 "http://renault.activities.at/css/styles.css" "Mozilla/5.0 (Windows NT 10.0; Win64; x64) AppleWebKit/537.36 (KHTML, like Gecko) Chrome/96.0.4664.93 Safari/537.36"
212.186.238.50 - - [15/Dec/2021:12:41:30 +0100] "GET /images/main_block_corner_left_top.gif HTTP/1.1" 200 159 "http://renault.activities.at/css/styles.css" "Mozilla/5.0 (Windows NT 10.0; Win64; x64) AppleWebKit/537.36 (KHTML, like Gecko) Chrome/96.0.4664.93 Safari/537.36"
212.186.238.50 - - [15/Dec/2021:12:41:30 +0100] "GET /images/main_block_corner_right_top.gif HTTP/1.1" 200 159 "http://renault.activities.at/css/styles.css" "Mozilla/5.0 (Windows NT 10.0; Win64; x64) AppleWebKit/537.36 (KHTML, like Gecko) Chrome/96.0.4664.93 Safari/537.36"
212.186.238.50 - - [15/Dec/2021:12:41:30 +0100] "GET /images/title_border_top.jpg HTTP/1.1" 200 336 "http://renault.activities.at/css/styles.css" "Mozilla/5.0 (Windows NT 10.0; Win64; x64) AppleWebKit/537.36 (KHTML, like Gecko) Chrome/96.0.4664.93 Safari/537.36"
212.186.238.50 - - [15/Dec/2021:12:41:30 +0100] "GET /images/title_corner_right_top.jpg HTTP/1.1" 200 389 "http://renault.activities.at/css/styles.css" "Mozilla/5.0 (Windows NT 10.0; Win64; x64) AppleWebKit/537.36 (KHTML, like Gecko) Chrome/96.0.4664.93 Safari/537.36"
212.186.238.50 - - [15/Dec/2021:12:41:30 +0100] "GET /css/print.css HTTP/1.1" 200 543 "http://renault.activities.at/noshop" "Mozilla/5.0 (Windows NT 10.0; Win64; x64) AppleWebKit/537.36 (KHTML, like Gecko) Chrome/96.0.4664.93 Safari/537.36"
212.186.238.50 - - [15/Dec/2021:12:41:29 +0100] "GET / HTTP/1.1" 302 140 "-" "Mozilla/5.0 (Windows NT 10.0; Win64; x64) AppleWebKit/537.36 (KHTML, like Gecko) Chrome/96.0.4664.93 Safari/537.36"
212.186.238.50 - - [15/Dec/2021:12:41:30 +0100] "GET /loadthumbnail.php?id=11127982 HTTP/1.1" 200 399614 "http://renault.activities.at/noshop" "Mozilla/5.0 (Windows NT 10.0; Win64; x64) AppleWebKit/537.36 (KHTML, like Gecko) Chrome/96.0.4664.93 Safari/537.36"
212.186.238.50 - - [15/Dec/2021:12:41:31 +0100] "GET /noshop HTTP/1.1" 200 1573 "-" "Mozilla/5.0 (Windows NT 10.0; Win64; x64) AppleWebKit/537.36 (KHTML, like Gecko) Chrome/96.0.4664.93 Safari/537.36"
212.186.238.50 - - [15/Dec/2021:12:41:32 +0100] "GET /images/favicon.ico HTTP/1.1" 404 305 "http://renault.activities.at/noshop" "Mozilla/5.0 (Windows NT 10.0; Win64; x64) AppleWebKit/537.36 (KHTML, like Gecko) Chrome/96.0.4664.93 Safari/537.36"
212.186.238.50 - - [15/Dec/2021:12:41:37 +0100] "GET /login HTTP/1.1" 302 140 "http://renault.activities.at/noshop" "Mozilla/5.0 (Windows NT 10.0; Win64; x64) AppleWebKit/537.36 (KHTML, like Gecko) Chrome/96.0.4664.93 Safari/537.36"
212.186.238.50 - - [15/Dec/2021:12:41:38 +0100] "GET /noshop HTTP/1.1" 200 1573 "http://renault.activities.at/noshop" "Mozilla/5.0 (Windows NT 10.0; Win64; x64) AppleWebKit/537.36 (KHTML, like Gecko) Chrome/96.0.4664.93 Safari/537.36"
212.186.238.50 - - [15/Dec/2021:12:41:55 +0100] "GET / HTTP/1.1" 302 140 "-" "Mozilla/5.0 (Windows NT 10.0; Win64; x64) AppleWebKit/537.36 (KHTML, like Gecko) Chrome/96.0.4664.110 Safari/537.36"
80.120.210.180 - - [15/Dec/2021:12:41:57 +0100] "GET /reload?ser=1639568517671 HTTP/1.1" 302 140 "http://renault.activities.at/noshop" "Mozilla/5.0 (Windows NT 10.0; Win64; x64) AppleWebKit/537.36 (KHTML, like Gecko) Chrome/96.0.4664.110 Safari/537.36"
212.186.238.50 - - [15/Dec/2021:12:41:57 +0100] "GET /noshop HTTP/1.1" 200 1573 "-" "Mozilla/5.0 (Windows NT 10.0; Win64; x64) AppleWebKit/537.36 (KHTML, like Gecko) Chrome/96.0.4664.110 Safari/537.36"
212.186.238.50 - - [15/Dec/2021:12:41:58 +0100] "GET /css/reset.css HTTP/1.1" 200 1356 "http://renault.activities.at/noshop" "Mozilla/5.0 (Windows NT 10.0; Win64; x64) AppleWebKit/537.36 (KHTML, like Gecko) Chrome/96.0.4664.110 Safari/537.36"
212.186.238.50 - - [15/Dec/2021:12:41:58 +0100] "GET /css/clears.css HTTP/1.1" 200 851 "http://renault.activities.at/noshop" "Mozilla/5.0 (Windows NT 10.0; Win64; x64) AppleWebKit/537.36 (KHTML, like Gecko) Chrome/96.0.4664.110 Safari/537.36"
212.186.238.50 - - [15/Dec/2021:12:41:58 +0100] "GET /js/checkout.css HTTP/1.1" 200 359 "http://renault.activities.at/noshop" "Mozilla/5.0 (Windows NT 10.0; Win64; x64) AppleWebKit/537.36 (KHTML, like Gecko) Chrome/96.0.4664.110 Safari/537.36"
212.186.238.50 - - [15/Dec/2021:12:41:58 +0100] "GET /css/themes/default.css HTTP/1.1" 200 769 "http://renault.activities.at/noshop" "Mozilla/5.0 (Windows NT 10.0; Win64; x64) AppleWebKit/537.36 (KHTML, like Gecko) Chrome/96.0.4664.110 Safari/537.36"
212.186.238.50 - - [15/Dec/2021:12:41:58 +0100] "GET /css/prototip.css HTTP/1.1" 200 968 "http://renault.activities.at/noshop" "Mozilla/5.0 (Windows NT 10.0; Win64; x64) AppleWebKit/537.36 (KHTML, like Gecko) Chrome/96.0.4664.110 Safari/537.36"
212.186.238.50 - - [15/Dec/2021:12:41:58 +0100] "GET /css/styles.css HTTP/1.1" 200 14664 "http://renault.activities.at/noshop" "Mozilla/5.0 (Windows NT 10.0; Win64; x64) AppleWebKit/537.36 (KHTML, like Gecko) Chrome/96.0.4664.110 Safari/537.36"
212.186.238.50 - - [15/Dec/2021:12:41:58 +0100] "GET /css/themes/alphacube.css HTTP/1.1" 200 743 "http://renault.activities.at/noshop" "Mozilla/5.0 (Windows NT 10.0; Win64; x64) AppleWebKit/537.36 (KHTML, like Gecko) Chrome/96.0.4664.110 Safari/537.36"
212.186.238.50 - - [15/Dec/2021:12:41:58 +0100] "GET /js/default.js HTTP/1.1" 200 14698 "http://renault.activities.at/noshop" "Mozilla/5.0 (Windows NT 10.0; Win64; x64) AppleWebKit/537.36 (KHTML, like Gecko) Chrome/96.0.4664.110 Safari/537.36"
212.186.238.50 - - [15/Dec/2021:12:41:58 +0100] "GET /js/index.php?c=auto&f=,prototype/prototype.js,prototype/validation.js,scriptaculous/builder.js,scriptaculous/effects.js,scriptaculous/dragdrop.js,scriptaculous/controls.js,scriptaculous/slider.js,varien/js.js,varien/form.js,varien/menu.js,mage/translate.js,mage/cookies.js,varien/product.js,spinner/SpinnerControl.jsmin.js,prototype/window.js,prototype/window_ext.js HTTP/1.1" 200 94182 "http://renault.activities.at/noshop" "Mozilla/5.0 (Windows NT 10.0; Win64; x64) AppleWebKit/537.36 (KHTML, like Gecko) Chrome/96.0.4664.110 Safari/537.36"
212.186.238.50 - - [15/Dec/2021:12:41:59 +0100] "GET /css/print.css HTTP/1.1" 200 543 "http://renault.activities.at/noshop" "Mozilla/5.0 (Windows NT 10.0; Win64; x64) AppleWebKit/537.36 (KHTML, like Gecko) Chrome/96.0.4664.110 Safari/537.36"
212.186.238.50 - - [15/Dec/2021:12:41:59 +0100] "GET /images/header_block_border.gif HTTP/1.1" 200 43 "http://renault.activities.at/css/styles.css" "Mozilla/5.0 (Windows NT 10.0; Win64; x64) AppleWebKit/537.36 (KHTML, like Gecko) Chrome/96.0.4664.110 Safari/537.36"
212.186.238.50 - - [15/Dec/2021:12:41:59 +0100] "GET /images/main_block_corner_right_bot.gif HTTP/1.1" 200 158 "http://renault.activities.at/css/styles.css" "Mozilla/5.0 (Windows NT 10.0; Win64; x64) AppleWebKit/537.36 (KHTML, like Gecko) Chrome/96.0.4664.110 Safari/537.36"
212.186.238.50 - - [15/Dec/2021:12:41:59 +0100] "GET /images/main_block_corner_left_bot.gif HTTP/1.1" 200 159 "http://renault.activities.at/css/styles.css" "Mozilla/5.0 (Windows NT 10.0; Win64; x64) AppleWebKit/537.36 (KHTML, like Gecko) Chrome/96.0.4664.110 Safari/537.36"
212.186.238.50 - - [15/Dec/2021:12:41:59 +0100] "GET /images/header_block_corner_left_top.gif HTTP/1.1" 200 160 "http://renault.activities.at/css/styles.css" "Mozilla/5.0 (Windows NT 10.0; Win64; x64) AppleWebKit/537.36 (KHTML, like Gecko) Chrome/96.0.4664.110 Safari/537.36"
212.186.238.50 - - [15/Dec/2021:12:41:59 +0100] "GET /images/main_block_border.gif HTTP/1.1" 200 43 "http://renault.activities.at/css/styles.css" "Mozilla/5.0 (Windows NT 10.0; Win64; x64) AppleWebKit/537.36 (KHTML, like Gecko) Chrome/96.0.4664.110 Safari/537.36"
80.120.210.180 - - [15/Dec/2021:12:41:58 +0100] "GET /noshop HTTP/1.1" 200 1573 "http://renault.activities.at/noshop" "Mozilla/5.0 (Windows NT 10.0; Win64; x64) AppleWebKit/537.36 (KHTML, like Gecko) Chrome/96.0.4664.110 Safari/537.36"
212.186.238.50 - - [15/Dec/2021:12:41:59 +0100] "GET /images/header_block_corner_right_top.gif HTTP/1.1" 200 160 "http://renault.activities.at/css/styles.css" "Mozilla/5.0 (Windows NT 10.0; Win64; x64) AppleWebKit/537.36 (KHTML, like Gecko) Chrome/96.0.4664.110 Safari/537.36"
212.186.238.50 - - [15/Dec/2021:12:41:59 +0100] "GET /images/main_block_corner_left_top.gif HTTP/1.1" 200 159 "http://renault.activities.at/css/styles.css" "Mozilla/5.0 (Windows NT 10.0; Win64; x64) AppleWebKit/537.36 (KHTML, like Gecko) Chrome/96.0.4664.110 Safari/537.36"
212.186.238.50 - - [15/Dec/2021:12:41:59 +0100] "GET /images/main_block_corner_right_top.gif HTTP/1.1" 200 159 "http://renault.activities.at/css/styles.css" "Mozilla/5.0 (Windows NT 10.0; Win64; x64) AppleWebKit/537.36 (KHTML, like Gecko) Chrome/96.0.4664.110 Safari/537.36"
212.186.238.50 - - [15/Dec/2021:12:41:59 +0100] "GET /images/title_border.jpg HTTP/1.1" 200 304 "http://renault.activities.at/css/styles.css" "Mozilla/5.0 (Windows NT 10.0; Win64; x64) AppleWebKit/537.36 (KHTML, like Gecko) Chrome/96.0.4664.110 Safari/537.36"
212.186.238.50 - - [15/Dec/2021:12:41:59 +0100] "GET /images/title_corner_left_top.jpg HTTP/1.1" 200 372 "http://renault.activities.at/css/styles.css" "Mozilla/5.0 (Windows NT 10.0; Win64; x64) AppleWebKit/537.36 (KHTML, like Gecko) Chrome/96.0.4664.110 Safari/537.36"
212.186.238.50 - - [15/Dec/2021:12:41:59 +0100] "GET /images/title_corner_right_top.jpg HTTP/1.1" 200 389 "http://renault.activities.at/css/styles.css" "Mozilla/5.0 (Windows NT 10.0; Win64; x64) AppleWebKit/537.36 (KHTML, like Gecko) Chrome/96.0.4664.110 Safari/537.36"
212.186.238.50 - - [15/Dec/2021:12:41:59 +0100] "GET /images/title_border_top.jpg HTTP/1.1" 200 336 "http://renault.activities.at/css/styles.css" "Mozilla/5.0 (Windows NT 10.0; Win64; x64) AppleWebKit/537.36 (KHTML, like Gecko) Chrome/96.0.4664.110 Safari/537.36"
212.186.238.50 - - [15/Dec/2021:12:41:59 +0100] "GET /loadthumbnail.php?id=11127982 HTTP/1.1" 200 399614 "http://renault.activities.at/noshop" "Mozilla/5.0 (Windows NT 10.0; Win64; x64) AppleWebKit/537.36 (KHTML, like Gecko) Chrome/96.0.4664.110 Safari/537.36"
212.186.238.50 - - [15/Dec/2021:12:42:00 +0100] "GET /images/favicon.ico HTTP/1.1" 404 305 "http://renault.activities.at/noshop" "Mozilla/5.0 (Windows NT 10.0; Win64; x64) AppleWebKit/537.36 (KHTML, like Gecko) Chrome/96.0.4664.110 Safari/537.36"
81.189.177.106 - - [15/Dec/2021:12:42:01 +0100] "GET /reload?ser=1639568521134 HTTP/1.1" 302 140 "http://renault.activities.at/noshop" "Mozilla/5.0 (Windows NT 10.0; Win64; x64) AppleWebKit/537.36 (KHTML, like Gecko) Chrome/96.0.4664.45 Safari/537.36"
81.189.177.106 - - [15/Dec/2021:12:42:01 +0100] "GET /noshop HTTP/1.1" 200 1573 "http://renault.activities.at/noshop" "Mozilla/5.0 (Windows NT 10.0; Win64; x64) AppleWebKit/537.36 (KHTML, like Gecko) Chrome/96.0.4664.45 Safari/537.36"
80.120.210.180 - - [15/Dec/2021:12:42:30 +0100] "GET /reload?ser=1639568550246 HTTP/1.1" 302 140 "http://renault.activities.at/noshop" "Mozilla/5.0 (Windows NT 10.0; Win64; x64) AppleWebKit/537.36 (KHTML, like Gecko) Chrome/96.0.4664.110 Safari/537.36"
80.120.210.180 - - [15/Dec/2021:12:42:30 +0100] "GET /noshop HTTP/1.1" 200 1573 "http://renault.activities.at/noshop" "Mozilla/5.0 (Windows NT 10.0; Win64; x64) AppleWebKit/537.36 (KHTML, like Gecko) Chrome/96.0.4664.110 Safari/537.36"
80.120.210.180 - - [15/Dec/2021:12:43:00 +0100] "GET /reload?ser=1639568580656 HTTP/1.1" 302 140 "http://renault.activities.at/noshop" "Mozilla/5.0 (Windows NT 10.0; Win64; x64) AppleWebKit/537.36 (KHTML, like Gecko) Chrome/96.0.4664.110 Safari/537.36"
80.120.210.180 - - [15/Dec/2021:12:43:01 +0100] "GET /noshop HTTP/1.1" 200 1573 "http://renault.activities.at/noshop" "Mozilla/5.0 (Windows NT 10.0; Win64; x64) AppleWebKit/537.36 (KHTML, like Gecko) Chrome/96.0.4664.110 Safari/537.36"
81.189.177.106 - - [15/Dec/2021:12:43:03 +0100] "GET /reload?ser=1639568583127 HTTP/1.1" 302 140 "http://renault.activities.at/noshop" "Mozilla/5.0 (Windows NT 10.0; Win64; x64) AppleWebKit/537.36 (KHTML, like Gecko) Chrome/96.0.4664.45 Safari/537.36"
81.189.177.106 - - [15/Dec/2021:12:43:03 +0100] "GET /noshop HTTP/1.1" 200 1573 "http://renault.activities.at/noshop" "Mozilla/5.0 (Windows NT 10.0; Win64; x64) AppleWebKit/537.36 (KHTML, like Gecko) Chrome/96.0.4664.45 Safari/537.36"
80.120.210.180 - - [15/Dec/2021:12:43:32 +0100] "GET /reload?ser=1639568612206 HTTP/1.1" 302 140 "http://renault.activities.at/noshop" "Mozilla/5.0 (Windows NT 10.0; Win64; x64) AppleWebKit/537.36 (KHTML, like Gecko) Chrome/96.0.4664.110 Safari/537.36"
80.120.210.180 - - [15/Dec/2021:12:43:32 +0100] "GET /noshop HTTP/1.1" 200 1573 "http://renault.activities.at/noshop" "Mozilla/5.0 (Windows NT 10.0; Win64; x64) AppleWebKit/537.36 (KHTML, like Gecko) Chrome/96.0.4664.110 Safari/537.36"
80.120.210.180 - - [15/Dec/2021:12:44:02 +0100] "GET /reload?ser=1639568642669 HTTP/1.1" 302 140 "http://renault.activities.at/noshop" "Mozilla/5.0 (Windows NT 10.0; Win64; x64) AppleWebKit/537.36 (KHTML, like Gecko) Chrome/96.0.4664.110 Safari/537.36"
80.120.210.180 - - [15/Dec/2021:12:44:03 +0100] "GET /noshop HTTP/1.1" 200 1573 "http://renault.activities.at/noshop" "Mozilla/5.0 (Windows NT 10.0; Win64; x64) AppleWebKit/537.36 (KHTML, like Gecko) Chrome/96.0.4664.110 Safari/537.36"
81.189.177.106 - - [15/Dec/2021:12:44:05 +0100] "GET /reload?ser=1639568645133 HTTP/1.1" 302 140 "http://renault.activities.at/noshop" "Mozilla/5.0 (Windows NT 10.0; Win64; x64) AppleWebKit/537.36 (KHTML, like Gecko) Chrome/96.0.4664.45 Safari/537.36"
81.189.177.106 - - [15/Dec/2021:12:44:05 +0100] "GET /noshop HTTP/1.1" 200 1573 "http://renault.activities.at/noshop" "Mozilla/5.0 (Windows NT 10.0; Win64; x64) AppleWebKit/537.36 (KHTML, like Gecko) Chrome/96.0.4664.45 Safari/537.36"
80.120.210.180 - - [15/Dec/2021:12:44:33 +0100] "GET /reload?ser=1639568674178 HTTP/1.1" 302 140 "http://renault.activities.at/noshop" "Mozilla/5.0 (Windows NT 10.0; Win64; x64) AppleWebKit/537.36 (KHTML, like Gecko) Chrome/96.0.4664.110 Safari/537.36"
80.120.210.180 - - [15/Dec/2021:12:44:34 +0100] "GET /noshop HTTP/1.1" 200 1573 "http://renault.activities.at/noshop" "Mozilla/5.0 (Windows NT 10.0; Win64; x64) AppleWebKit/537.36 (KHTML, like Gecko) Chrome/96.0.4664.110 Safari/537.36"
80.120.210.180 - - [15/Dec/2021:12:45:04 +0100] "GET /reload?ser=1639568704667 HTTP/1.1" 302 140 "http://renault.activities.at/noshop" "Mozilla/5.0 (Windows NT 10.0; Win64; x64) AppleWebKit/537.36 (KHTML, like Gecko) Chrome/96.0.4664.110 Safari/537.36"
80.120.210.180 - - [15/Dec/2021:12:45:05 +0100] "GET /noshop HTTP/1.1" 200 1573 "http://renault.activities.at/noshop" "Mozilla/5.0 (Windows NT 10.0; Win64; x64) AppleWebKit/537.36 (KHTML, like Gecko) Chrome/96.0.4664.110 Safari/537.36"
81.189.177.106 - - [15/Dec/2021:12:45:07 +0100] "GET /reload?ser=1639568707131 HTTP/1.1" 302 140 "http://renault.activities.at/noshop" "Mozilla/5.0 (Windows NT 10.0; Win64; x64) AppleWebKit/537.36 (KHTML, like Gecko) Chrome/96.0.4664.45 Safari/537.36"
81.189.177.106 - - [15/Dec/2021:12:45:07 +0100] "GET /noshop HTTP/1.1" 200 1573 "http://renault.activities.at/noshop" "Mozilla/5.0 (Windows NT 10.0; Win64; x64) AppleWebKit/537.36 (KHTML, like Gecko) Chrome/96.0.4664.45 Safari/537.36"
80.120.210.180 - - [15/Dec/2021:12:45:35 +0100] "GET /reload?ser=1639568736120 HTTP/1.1" 302 140 "http://renault.activities.at/noshop" "Mozilla/5.0 (Windows NT 10.0; Win64; x64) AppleWebKit/537.36 (KHTML, like Gecko) Chrome/96.0.4664.110 Safari/537.36"
80.120.210.180 - - [15/Dec/2021:12:45:36 +0100] "GET /noshop HTTP/1.1" 200 1573 "http://renault.activities.at/noshop" "Mozilla/5.0 (Windows NT 10.0; Win64; x64) AppleWebKit/537.36 (KHTML, like Gecko) Chrome/96.0.4664.110 Safari/537.36"
80.120.210.180 - - [15/Dec/2021:12:46:06 +0100] "GET /reload?ser=1639568766668 HTTP/1.1" 302 140 "http://renault.activities.at/noshop" "Mozilla/5.0 (Windows NT 10.0; Win64; x64) AppleWebKit/537.36 (KHTML, like Gecko) Chrome/96.0.4664.110 Safari/537.36"
80.120.210.180 - - [15/Dec/2021:12:46:07 +0100] "GET /noshop HTTP/1.1" 200 1573 "http://renault.activities.at/noshop" "Mozilla/5.0 (Windows NT 10.0; Win64; x64) AppleWebKit/537.36 (KHTML, like Gecko) Chrome/96.0.4664.110 Safari/537.36"
81.189.177.106 - - [15/Dec/2021:12:46:09 +0100] "GET /reload?ser=1639568769133 HTTP/1.1" 302 140 "http://renault.activities.at/noshop" "Mozilla/5.0 (Windows NT 10.0; Win64; x64) AppleWebKit/537.36 (KHTML, like Gecko) Chrome/96.0.4664.45 Safari/537.36"
81.189.177.106 - - [15/Dec/2021:12:46:09 +0100] "GET /noshop HTTP/1.1" 200 1573 "http://renault.activities.at/noshop" "Mozilla/5.0 (Windows NT 10.0; Win64; x64) AppleWebKit/537.36 (KHTML, like Gecko) Chrome/96.0.4664.45 Safari/537.36"
80.120.210.180 - - [15/Dec/2021:12:46:37 +0100] "GET /reload?ser=1639568798182 HTTP/1.1" 302 140 "http://renault.activities.at/noshop" "Mozilla/5.0 (Windows NT 10.0; Win64; x64) AppleWebKit/537.36 (KHTML, like Gecko) Chrome/96.0.4664.110 Safari/537.36"
80.120.210.180 - - [15/Dec/2021:12:46:38 +0100] "GET /noshop HTTP/1.1" 200 1573 "http://renault.activities.at/noshop" "Mozilla/5.0 (Windows NT 10.0; Win64; x64) AppleWebKit/537.36 (KHTML, like Gecko) Chrome/96.0.4664.110 Safari/537.36"
80.120.210.180 - - [15/Dec/2021:12:47:08 +0100] "GET /reload?ser=1639568828669 HTTP/1.1" 302 140 "http://renault.activities.at/noshop" "Mozilla/5.0 (Windows NT 10.0; Win64; x64) AppleWebKit/537.36 (KHTML, like Gecko) Chrome/96.0.4664.110 Safari/537.36"
80.120.210.180 - - [15/Dec/2021:12:47:09 +0100] "GET /noshop HTTP/1.1" 200 1573 "http://renault.activities.at/noshop" "Mozilla/5.0 (Windows NT 10.0; Win64; x64) AppleWebKit/537.36 (KHTML, like Gecko) Chrome/96.0.4664.110 Safari/537.36"
81.189.177.106 - - [15/Dec/2021:12:47:11 +0100] "GET /reload?ser=1639568831133 HTTP/1.1" 302 140 "http://renault.activities.at/noshop" "Mozilla/5.0 (Windows NT 10.0; Win64; x64) AppleWebKit/537.36 (KHTML, like Gecko) Chrome/96.0.4664.45 Safari/537.36"
81.189.177.106 - - [15/Dec/2021:12:47:11 +0100] "GET /noshop HTTP/1.1" 200 1573 "http://renault.activities.at/noshop" "Mozilla/5.0 (Windows NT 10.0; Win64; x64) AppleWebKit/537.36 (KHTML, like Gecko) Chrome/96.0.4664.45 Safari/537.36"
80.120.210.180 - - [15/Dec/2021:12:47:39 +0100] "GET /reload?ser=1639568860107 HTTP/1.1" 302 140 "http://renault.activities.at/noshop" "Mozilla/5.0 (Windows NT 10.0; Win64; x64) AppleWebKit/537.36 (KHTML, like Gecko) Chrome/96.0.4664.110 Safari/537.36"
80.120.210.180 - - [15/Dec/2021:12:47:40 +0100] "GET /noshop HTTP/1.1" 200 1573 "http://renault.activities.at/noshop" "Mozilla/5.0 (Windows NT 10.0; Win64; x64) AppleWebKit/537.36 (KHTML, like Gecko) Chrome/96.0.4664.110 Safari/537.36"
80.120.210.180 - - [15/Dec/2021:12:48:10 +0100] "GET /reload?ser=1639568890667 HTTP/1.1" 302 140 "http://renault.activities.at/noshop" "Mozilla/5.0 (Windows NT 10.0; Win64; x64) AppleWebKit/537.36 (KHTML, like Gecko) Chrome/96.0.4664.110 Safari/537.36"
80.120.210.180 - - [15/Dec/2021:12:48:11 +0100] "GET /noshop HTTP/1.1" 200 1573 "http://renault.activities.at/noshop" "Mozilla/5.0 (Windows NT 10.0; Win64; x64) AppleWebKit/537.36 (KHTML, like Gecko) Chrome/96.0.4664.110 Safari/537.36"
81.189.177.106 - - [15/Dec/2021:12:48:13 +0100] "GET /reload?ser=1639568893132 HTTP/1.1" 302 140 "http://renault.activities.at/noshop" "Mozilla/5.0 (Windows NT 10.0; Win64; x64) AppleWebKit/537.36 (KHTML, like Gecko) Chrome/96.0.4664.45 Safari/537.36"
81.189.177.106 - - [15/Dec/2021:12:48:13 +0100] "GET /noshop HTTP/1.1" 200 1573 "http://renault.activities.at/noshop" "Mozilla/5.0 (Windows NT 10.0; Win64; x64) AppleWebKit/537.36 (KHTML, like Gecko) Chrome/96.0.4664.45 Safari/537.36"
80.120.210.180 - - [15/Dec/2021:12:48:41 +0100] "GET /reload?ser=1639568922002 HTTP/1.1" 302 140 "http://renault.activities.at/noshop" "Mozilla/5.0 (Windows NT 10.0; Win64; x64) AppleWebKit/537.36 (KHTML, like Gecko) Chrome/96.0.4664.110 Safari/537.36"
80.120.210.180 - - [15/Dec/2021:12:48:42 +0100] "GET /noshop HTTP/1.1" 200 1573 "http://renault.activities.at/noshop" "Mozilla/5.0 (Windows NT 10.0; Win64; x64) AppleWebKit/537.36 (KHTML, like Gecko) Chrome/96.0.4664.110 Safari/537.36"
80.120.210.180 - - [15/Dec/2021:12:49:12 +0100] "GET /reload?ser=1639568952659 HTTP/1.1" 302 140 "http://renault.activities.at/noshop" "Mozilla/5.0 (Windows NT 10.0; Win64; x64) AppleWebKit/537.36 (KHTML, like Gecko) Chrome/96.0.4664.110 Safari/537.36"
80.120.210.180 - - [15/Dec/2021:12:49:13 +0100] "GET /noshop HTTP/1.1" 200 1573 "http://renault.activities.at/noshop" "Mozilla/5.0 (Windows NT 10.0; Win64; x64) AppleWebKit/537.36 (KHTML, like Gecko) Chrome/96.0.4664.110 Safari/537.36"
81.189.177.106 - - [15/Dec/2021:12:49:15 +0100] "GET /reload?ser=1639568955131 HTTP/1.1" 302 140 "http://renault.activities.at/noshop" "Mozilla/5.0 (Windows NT 10.0; Win64; x64) AppleWebKit/537.36 (KHTML, like Gecko) Chrome/96.0.4664.45 Safari/537.36"
81.189.177.106 - - [15/Dec/2021:12:49:15 +0100] "GET /noshop HTTP/1.1" 200 1573 "http://renault.activities.at/noshop" "Mozilla/5.0 (Windows NT 10.0; Win64; x64) AppleWebKit/537.36 (KHTML, like Gecko) Chrome/96.0.4664.45 Safari/537.36"
80.120.210.180 - - [15/Dec/2021:12:49:43 +0100] "GET /reload?ser=1639568983975 HTTP/1.1" 302 140 "http://renault.activities.at/noshop" "Mozilla/5.0 (Windows NT 10.0; Win64; x64) AppleWebKit/537.36 (KHTML, like Gecko) Chrome/96.0.4664.110 Safari/537.36"
80.120.210.180 - - [15/Dec/2021:12:49:44 +0100] "GET /noshop HTTP/1.1" 200 1573 "http://renault.activities.at/noshop" "Mozilla/5.0 (Windows NT 10.0; Win64; x64) AppleWebKit/537.36 (KHTML, like Gecko) Chrome/96.0.4664.110 Safari/537.36"
80.120.210.180 - - [15/Dec/2021:12:50:14 +0100] "GET /reload?ser=1639569014666 HTTP/1.1" 302 140 "http://renault.activities.at/noshop" "Mozilla/5.0 (Windows NT 10.0; Win64; x64) AppleWebKit/537.36 (KHTML, like Gecko) Chrome/96.0.4664.110 Safari/537.36"
80.120.210.180 - - [15/Dec/2021:12:50:15 +0100] "GET /noshop HTTP/1.1" 200 1573 "http://renault.activities.at/noshop" "Mozilla/5.0 (Windows NT 10.0; Win64; x64) AppleWebKit/537.36 (KHTML, like Gecko) Chrome/96.0.4664.110 Safari/537.36"
81.189.177.106 - - [15/Dec/2021:12:50:17 +0100] "GET /reload?ser=1639569017141 HTTP/1.1" 302 140 "http://renault.activities.at/noshop" "Mozilla/5.0 (Windows NT 10.0; Win64; x64) AppleWebKit/537.36 (KHTML, like Gecko) Chrome/96.0.4664.45 Safari/537.36"
81.189.177.106 - - [15/Dec/2021:12:50:17 +0100] "GET /noshop HTTP/1.1" 200 1573 "http://renault.activities.at/noshop" "Mozilla/5.0 (Windows NT 10.0; Win64; x64) AppleWebKit/537.36 (KHTML, like Gecko) Chrome/96.0.4664.45 Safari/537.36"
80.120.210.180 - - [15/Dec/2021:12:50:45 +0100] "GET /reload?ser=1639569045923 HTTP/1.1" 302 140 "http://renault.activities.at/noshop" "Mozilla/5.0 (Windows NT 10.0; Win64; x64) AppleWebKit/537.36 (KHTML, like Gecko) Chrome/96.0.4664.110 Safari/537.36"
80.120.210.180 - - [15/Dec/2021:12:50:46 +0100] "GET /noshop HTTP/1.1" 200 1573 "http://renault.activities.at/noshop" "Mozilla/5.0 (Windows NT 10.0; Win64; x64) AppleWebKit/537.36 (KHTML, like Gecko) Chrome/96.0.4664.110 Safari/537.36"
80.120.210.180 - - [15/Dec/2021:12:51:16 +0100] "GET /reload?ser=1639569076661 HTTP/1.1" 302 140 "http://renault.activities.at/noshop" "Mozilla/5.0 (Windows NT 10.0; Win64; x64) AppleWebKit/537.36 (KHTML, like Gecko) Chrome/96.0.4664.110 Safari/537.36"
80.120.210.180 - - [15/Dec/2021:12:51:17 +0100] "GET /noshop HTTP/1.1" 200 1573 "http://renault.activities.at/noshop" "Mozilla/5.0 (Windows NT 10.0; Win64; x64) AppleWebKit/537.36 (KHTML, like Gecko) Chrome/96.0.4664.110 Safari/537.36"
81.189.177.106 - - [15/Dec/2021:12:51:19 +0100] "GET /reload?ser=1639569079135 HTTP/1.1" 302 140 "http://renault.activities.at/noshop" "Mozilla/5.0 (Windows NT 10.0; Win64; x64) AppleWebKit/537.36 (KHTML, like Gecko) Chrome/96.0.4664.45 Safari/537.36"
81.189.177.106 - - [15/Dec/2021:12:51:19 +0100] "GET /noshop HTTP/1.1" 200 1573 "http://renault.activities.at/noshop" "Mozilla/5.0 (Windows NT 10.0; Win64; x64) AppleWebKit/537.36 (KHTML, like Gecko) Chrome/96.0.4664.45 Safari/537.36"
93.82.180.122 - - [15/Dec/2021:12:51:29 +0100] "GET / HTTP/1.1" 302 140 "-" "Mozilla/5.0 (Windows NT 10.0; Win64; x64) AppleWebKit/537.36 (KHTML, like Gecko) Chrome/96.0.4664.110 Safari/537.36"
93.82.180.122 - - [15/Dec/2021:12:51:30 +0100] "GET /noshop HTTP/1.1" 200 1573 "-" "Mozilla/5.0 (Windows NT 10.0; Win64; x64) AppleWebKit/537.36 (KHTML, like Gecko) Chrome/96.0.4664.110 Safari/537.36"
80.120.210.180 - - [15/Dec/2021:12:51:47 +0100] "GET /reload?ser=1639569107906 HTTP/1.1" 302 140 "http://renault.activities.at/noshop" "Mozilla/5.0 (Windows NT 10.0; Win64; x64) AppleWebKit/537.36 (KHTML, like Gecko) Chrome/96.0.4664.110 Safari/537.36"
