81.189.177.106 - - [15/Dec/2021:13:54:21 +0100] "GET /noshop HTTP/1.1" 200 1573 "http://renault.activities.at/noshop" "Mozilla/5.0 (Windows NT 10.0; Win64; x64) AppleWebKit/537.36 (KHTML, like Gecko) Chrome/96.0.4664.45 Safari/537.36"
80.120.210.180 - - [15/Dec/2021:13:54:37 +0100] "GET /reload?ser=1639572877658 HTTP/1.1" 302 140 "http://renault.activities.at/noshop" "Mozilla/5.0 (Windows NT 10.0; Win64; x64) AppleWebKit/537.36 (KHTML, like Gecko) Chrome/96.0.4664.110 Safari/537.36"
80.120.210.180 - - [15/Dec/2021:13:54:37 +0100] "GET /noshop HTTP/1.1" 200 1573 "http://renault.activities.at/noshop" "Mozilla/5.0 (Windows NT 10.0; Win64; x64) AppleWebKit/537.36 (KHTML, like Gecko) Chrome/96.0.4664.110 Safari/537.36"
80.120.210.180 - - [15/Dec/2021:13:55:11 +0100] "GET /reload?ser=1639572911666 HTTP/1.1" 302 140 "http://renault.activities.at/noshop" "Mozilla/5.0 (Windows NT 10.0; Win64; x64) AppleWebKit/537.36 (KHTML, like Gecko) Chrome/96.0.4664.110 Safari/537.36"
80.120.210.180 - - [15/Dec/2021:13:55:11 +0100] "GET /noshop HTTP/1.1" 200 1573 "http://renault.activities.at/noshop" "Mozilla/5.0 (Windows NT 10.0; Win64; x64) AppleWebKit/537.36 (KHTML, like Gecko) Chrome/96.0.4664.110 Safari/537.36"
81.189.177.106 - - [15/Dec/2021:13:55:23 +0100] "GET /reload?ser=1639572923134 HTTP/1.1" 302 140 "http://renault.activities.at/noshop" "Mozilla/5.0 (Windows NT 10.0; Win64; x64) AppleWebKit/537.36 (KHTML, like Gecko) Chrome/96.0.4664.45 Safari/537.36"
81.189.177.106 - - [15/Dec/2021:13:55:23 +0100] "GET /noshop HTTP/1.1" 200 1573 "http://renault.activities.at/noshop" "Mozilla/5.0 (Windows NT 10.0; Win64; x64) AppleWebKit/537.36 (KHTML, like Gecko) Chrome/96.0.4664.45 Safari/537.36"
80.120.210.180 - - [15/Dec/2021:13:55:39 +0100] "GET /reload?ser=1639572939666 HTTP/1.1" 302 140 "http://renault.activities.at/noshop" "Mozilla/5.0 (Windows NT 10.0; Win64; x64) AppleWebKit/537.36 (KHTML, like Gecko) Chrome/96.0.4664.110 Safari/537.36"
80.120.210.180 - - [15/Dec/2021:13:55:39 +0100] "GET /noshop HTTP/1.1" 200 1573 "http://renault.activities.at/noshop" "Mozilla/5.0 (Windows NT 10.0; Win64; x64) AppleWebKit/537.36 (KHTML, like Gecko) Chrome/96.0.4664.110 Safari/537.36"
80.120.210.180 - - [15/Dec/2021:13:56:14 +0100] "GET /reload?ser=1639572974670 HTTP/1.1" 302 140 "http://renault.activities.at/noshop" "Mozilla/5.0 (Windows NT 10.0; Win64; x64) AppleWebKit/537.36 (KHTML, like Gecko) Chrome/96.0.4664.110 Safari/537.36"
80.120.210.180 - - [15/Dec/2021:13:56:14 +0100] "GET /noshop HTTP/1.1" 200 1573 "http://renault.activities.at/noshop" "Mozilla/5.0 (Windows NT 10.0; Win64; x64) AppleWebKit/537.36 (KHTML, like Gecko) Chrome/96.0.4664.110 Safari/537.36"
81.189.177.106 - - [15/Dec/2021:13:56:25 +0100] "GET /reload?ser=1639572985136 HTTP/1.1" 302 140 "http://renault.activities.at/noshop" "Mozilla/5.0 (Windows NT 10.0; Win64; x64) AppleWebKit/537.36 (KHTML, like Gecko) Chrome/96.0.4664.45 Safari/537.36"
81.189.177.106 - - [15/Dec/2021:13:56:25 +0100] "GET /noshop HTTP/1.1" 200 1573 "http://renault.activities.at/noshop" "Mozilla/5.0 (Windows NT 10.0; Win64; x64) AppleWebKit/537.36 (KHTML, like Gecko) Chrome/96.0.4664.45 Safari/537.36"
80.120.210.180 - - [15/Dec/2021:13:56:41 +0100] "GET /reload?ser=1639573001666 HTTP/1.1" 302 140 "http://renault.activities.at/noshop" "Mozilla/5.0 (Windows NT 10.0; Win64; x64) AppleWebKit/537.36 (KHTML, like Gecko) Chrome/96.0.4664.110 Safari/537.36"
80.120.210.180 - - [15/Dec/2021:13:56:41 +0100] "GET /noshop HTTP/1.1" 200 1573 "http://renault.activities.at/noshop" "Mozilla/5.0 (Windows NT 10.0; Win64; x64) AppleWebKit/537.36 (KHTML, like Gecko) Chrome/96.0.4664.110 Safari/537.36"
80.120.210.180 - - [15/Dec/2021:13:57:16 +0100] "GET /reload?ser=1639573036669 HTTP/1.1" 302 140 "http://renault.activities.at/noshop" "Mozilla/5.0 (Windows NT 10.0; Win64; x64) AppleWebKit/537.36 (KHTML, like Gecko) Chrome/96.0.4664.110 Safari/537.36"
80.120.210.180 - - [15/Dec/2021:13:57:16 +0100] "GET /noshop HTTP/1.1" 200 1573 "http://renault.activities.at/noshop" "Mozilla/5.0 (Windows NT 10.0; Win64; x64) AppleWebKit/537.36 (KHTML, like Gecko) Chrome/96.0.4664.110 Safari/537.36"
81.189.177.106 - - [15/Dec/2021:13:57:27 +0100] "GET /reload?ser=1639573047146 HTTP/1.1" 302 140 "http://renault.activities.at/noshop" "Mozilla/5.0 (Windows NT 10.0; Win64; x64) AppleWebKit/537.36 (KHTML, like Gecko) Chrome/96.0.4664.45 Safari/537.36"
81.189.177.106 - - [15/Dec/2021:13:57:27 +0100] "GET /noshop HTTP/1.1" 200 1573 "http://renault.activities.at/noshop" "Mozilla/5.0 (Windows NT 10.0; Win64; x64) AppleWebKit/537.36 (KHTML, like Gecko) Chrome/96.0.4664.45 Safari/537.36"
80.120.210.180 - - [15/Dec/2021:13:57:43 +0100] "GET /reload?ser=1639573063659 HTTP/1.1" 302 140 "http://renault.activities.at/noshop" "Mozilla/5.0 (Windows NT 10.0; Win64; x64) AppleWebKit/537.36 (KHTML, like Gecko) Chrome/96.0.4664.110 Safari/537.36"
80.120.210.180 - - [15/Dec/2021:13:57:43 +0100] "GET /noshop HTTP/1.1" 200 1573 "http://renault.activities.at/noshop" "Mozilla/5.0 (Windows NT 10.0; Win64; x64) AppleWebKit/537.36 (KHTML, like Gecko) Chrome/96.0.4664.110 Safari/537.36"
80.120.210.180 - - [15/Dec/2021:13:58:18 +0100] "GET /reload?ser=1639573098667 HTTP/1.1" 302 140 "http://renault.activities.at/noshop" "Mozilla/5.0 (Windows NT 10.0; Win64; x64) AppleWebKit/537.36 (KHTML, like Gecko) Chrome/96.0.4664.110 Safari/537.36"
80.120.210.180 - - [15/Dec/2021:13:58:18 +0100] "GET /noshop HTTP/1.1" 200 1573 "http://renault.activities.at/noshop" "Mozilla/5.0 (Windows NT 10.0; Win64; x64) AppleWebKit/537.36 (KHTML, like Gecko) Chrome/96.0.4664.110 Safari/537.36"
81.189.177.106 - - [15/Dec/2021:13:58:29 +0100] "GET /reload?ser=1639573109148 HTTP/1.1" 302 140 "http://renault.activities.at/noshop" "Mozilla/5.0 (Windows NT 10.0; Win64; x64) AppleWebKit/537.36 (KHTML, like Gecko) Chrome/96.0.4664.45 Safari/537.36"
81.189.177.106 - - [15/Dec/2021:13:58:29 +0100] "GET /noshop HTTP/1.1" 200 1573 "http://renault.activities.at/noshop" "Mozilla/5.0 (Windows NT 10.0; Win64; x64) AppleWebKit/537.36 (KHTML, like Gecko) Chrome/96.0.4664.45 Safari/537.36"
80.120.210.180 - - [15/Dec/2021:13:58:45 +0100] "GET /reload?ser=1639573125666 HTTP/1.1" 302 140 "http://renault.activities.at/noshop" "Mozilla/5.0 (Windows NT 10.0; Win64; x64) AppleWebKit/537.36 (KHTML, like Gecko) Chrome/96.0.4664.110 Safari/537.36"
80.120.210.180 - - [15/Dec/2021:13:58:45 +0100] "GET /noshop HTTP/1.1" 200 1573 "http://renault.activities.at/noshop" "Mozilla/5.0 (Windows NT 10.0; Win64; x64) AppleWebKit/537.36 (KHTML, like Gecko) Chrome/96.0.4664.110 Safari/537.36"
80.120.210.180 - - [15/Dec/2021:13:59:20 +0100] "GET /reload?ser=1639573160662 HTTP/1.1" 302 140 "http://renault.activities.at/noshop" "Mozilla/5.0 (Windows NT 10.0; Win64; x64) AppleWebKit/537.36 (KHTML, like Gecko) Chrome/96.0.4664.110 Safari/537.36"
80.120.210.180 - - [15/Dec/2021:13:59:21 +0100] "GET /noshop HTTP/1.1" 200 1573 "http://renault.activities.at/noshop" "Mozilla/5.0 (Windows NT 10.0; Win64; x64) AppleWebKit/537.36 (KHTML, like Gecko) Chrome/96.0.4664.110 Safari/537.36"
81.189.177.106 - - [15/Dec/2021:13:59:31 +0100] "GET /reload?ser=1639573171134 HTTP/1.1" 302 140 "http://renault.activities.at/noshop" "Mozilla/5.0 (Windows NT 10.0; Win64; x64) AppleWebKit/537.36 (KHTML, like Gecko) Chrome/96.0.4664.45 Safari/537.36"
81.189.177.106 - - [15/Dec/2021:13:59:31 +0100] "GET /noshop HTTP/1.1" 200 1573 "http://renault.activities.at/noshop" "Mozilla/5.0 (Windows NT 10.0; Win64; x64) AppleWebKit/537.36 (KHTML, like Gecko) Chrome/96.0.4664.45 Safari/537.36"
80.120.210.180 - - [15/Dec/2021:13:59:47 +0100] "GET /reload?ser=1639573187658 HTTP/1.1" 302 140 "http://renault.activities.at/noshop" "Mozilla/5.0 (Windows NT 10.0; Win64; x64) AppleWebKit/537.36 (KHTML, like Gecko) Chrome/96.0.4664.110 Safari/537.36"
80.120.210.180 - - [15/Dec/2021:13:59:47 +0100] "GET /noshop HTTP/1.1" 200 1573 "http://renault.activities.at/noshop" "Mozilla/5.0 (Windows NT 10.0; Win64; x64) AppleWebKit/537.36 (KHTML, like Gecko) Chrome/96.0.4664.110 Safari/537.36"
212.89.176.40 - - [15/Dec/2021:14:00:21 +0100] "GET /10260250?dir=DESC&mode=grid&order=name&limit=15&page=3 HTTP/1.1" 302 140 "-" "Mozilla/5.0 (Windows NT 10.0; WOW64; Trident/7.0; rv:11.0) like Gecko"
80.120.210.180 - - [15/Dec/2021:14:00:23 +0100] "GET /reload?ser=1639573223658 HTTP/1.1" 302 140 "http://renault.activities.at/noshop" "Mozilla/5.0 (Windows NT 10.0; Win64; x64) AppleWebKit/537.36 (KHTML, like Gecko) Chrome/96.0.4664.110 Safari/537.36"
212.89.176.40 - - [15/Dec/2021:14:00:23 +0100] "GET /noshop HTTP/1.1" 200 1573 "-" "Mozilla/5.0 (Windows NT 10.0; WOW64; Trident/7.0; rv:11.0) like Gecko"
212.89.176.40 - - [15/Dec/2021:14:00:24 +0100] "GET /css/reset.css HTTP/1.1" 304 - "http://renault.activities.at/noshop" "Mozilla/5.0 (Windows NT 10.0; WOW64; Trident/7.0; rv:11.0) like Gecko"
212.89.176.40 - - [15/Dec/2021:14:00:24 +0100] "GET /css/styles.css HTTP/1.1" 304 - "http://renault.activities.at/noshop" "Mozilla/5.0 (Windows NT 10.0; WOW64; Trident/7.0; rv:11.0) like Gecko"
212.89.176.40 - - [15/Dec/2021:14:00:24 +0100] "GET /js/default.js HTTP/1.1" 304 - "http://renault.activities.at/noshop" "Mozilla/5.0 (Windows NT 10.0; WOW64; Trident/7.0; rv:11.0) like Gecko"
212.89.176.40 - - [15/Dec/2021:14:00:24 +0100] "GET /css/clears.css HTTP/1.1" 304 - "http://renault.activities.at/noshop" "Mozilla/5.0 (Windows NT 10.0; WOW64; Trident/7.0; rv:11.0) like Gecko"
212.89.176.40 - - [15/Dec/2021:14:00:24 +0100] "GET /css/print.css HTTP/1.1" 304 - "http://renault.activities.at/noshop" "Mozilla/5.0 (Windows NT 10.0; WOW64; Trident/7.0; rv:11.0) like Gecko"
212.89.176.40 - - [15/Dec/2021:14:00:24 +0100] "GET /js/checkout.css HTTP/1.1" 304 - "http://renault.activities.at/noshop" "Mozilla/5.0 (Windows NT 10.0; WOW64; Trident/7.0; rv:11.0) like Gecko"
212.89.176.40 - - [15/Dec/2021:14:00:24 +0100] "GET /css/prototip.css HTTP/1.1" 304 - "http://renault.activities.at/noshop" "Mozilla/5.0 (Windows NT 10.0; WOW64; Trident/7.0; rv:11.0) like Gecko"
212.89.176.40 - - [15/Dec/2021:14:00:24 +0100] "GET /css/themes/alphacube.css HTTP/1.1" 304 - "http://renault.activities.at/noshop" "Mozilla/5.0 (Windows NT 10.0; WOW64; Trident/7.0; rv:11.0) like Gecko"
212.89.176.40 - - [15/Dec/2021:14:00:24 +0100] "GET /css/themes/default.css HTTP/1.1" 304 - "http://renault.activities.at/noshop" "Mozilla/5.0 (Windows NT 10.0; WOW64; Trident/7.0; rv:11.0) like Gecko"
212.89.176.40 - - [15/Dec/2021:14:00:24 +0100] "GET /images/main_block_border.gif HTTP/1.1" 304 - "http://renault.activities.at/noshop" "Mozilla/5.0 (Windows NT 10.0; WOW64; Trident/7.0; rv:11.0) like Gecko"
212.89.176.40 - - [15/Dec/2021:14:00:24 +0100] "GET /images/main_block_corner_left_bot.gif HTTP/1.1" 304 - "http://renault.activities.at/noshop" "Mozilla/5.0 (Windows NT 10.0; WOW64; Trident/7.0; rv:11.0) like Gecko"
212.89.176.40 - - [15/Dec/2021:14:00:24 +0100] "GET /images/header_block_corner_left_top.gif HTTP/1.1" 304 - "http://renault.activities.at/noshop" "Mozilla/5.0 (Windows NT 10.0; WOW64; Trident/7.0; rv:11.0) like Gecko"
212.89.176.40 - - [15/Dec/2021:14:00:24 +0100] "GET /images/header_block_border.gif HTTP/1.1" 304 - "http://renault.activities.at/noshop" "Mozilla/5.0 (Windows NT 10.0; WOW64; Trident/7.0; rv:11.0) like Gecko"
212.89.176.40 - - [15/Dec/2021:14:00:24 +0100] "GET /images/main_block_corner_right_bot.gif HTTP/1.1" 304 - "http://renault.activities.at/noshop" "Mozilla/5.0 (Windows NT 10.0; WOW64; Trident/7.0; rv:11.0) like Gecko"
212.89.176.40 - - [15/Dec/2021:14:00:24 +0100] "GET /images/header_block_corner_right_top.gif HTTP/1.1" 304 - "http://renault.activities.at/noshop" "Mozilla/5.0 (Windows NT 10.0; WOW64; Trident/7.0; rv:11.0) like Gecko"
212.89.176.40 - - [15/Dec/2021:14:00:24 +0100] "GET /images/main_block_corner_left_top.gif HTTP/1.1" 304 - "http://renault.activities.at/noshop" "Mozilla/5.0 (Windows NT 10.0; WOW64; Trident/7.0; rv:11.0) like Gecko"
212.89.176.40 - - [15/Dec/2021:14:00:24 +0100] "GET /images/main_block_corner_right_top.gif HTTP/1.1" 304 - "http://renault.activities.at/noshop" "Mozilla/5.0 (Windows NT 10.0; WOW64; Trident/7.0; rv:11.0) like Gecko"
212.89.176.40 - - [15/Dec/2021:14:00:24 +0100] "GET /images/title_border_top.jpg HTTP/1.1" 304 - "http://renault.activities.at/noshop" "Mozilla/5.0 (Windows NT 10.0; WOW64; Trident/7.0; rv:11.0) like Gecko"
212.89.176.40 - - [15/Dec/2021:14:00:24 +0100] "GET /images/title_border.jpg HTTP/1.1" 304 - "http://renault.activities.at/noshop" "Mozilla/5.0 (Windows NT 10.0; WOW64; Trident/7.0; rv:11.0) like Gecko"
212.89.176.40 - - [15/Dec/2021:14:00:24 +0100] "GET /images/title_corner_left_top.jpg HTTP/1.1" 304 - "http://renault.activities.at/noshop" "Mozilla/5.0 (Windows NT 10.0; WOW64; Trident/7.0; rv:11.0) like Gecko"
212.89.176.40 - - [15/Dec/2021:14:00:24 +0100] "GET /images/title_corner_right_top.jpg HTTP/1.1" 304 - "http://renault.activities.at/noshop" "Mozilla/5.0 (Windows NT 10.0; WOW64; Trident/7.0; rv:11.0) like Gecko"
80.120.210.180 - - [15/Dec/2021:14:00:23 +0100] "GET /noshop HTTP/1.1" 200 1573 "http://renault.activities.at/noshop" "Mozilla/5.0 (Windows NT 10.0; Win64; x64) AppleWebKit/537.36 (KHTML, like Gecko) Chrome/96.0.4664.110 Safari/537.36"
212.89.176.40 - - [15/Dec/2021:14:00:27 +0100] "GET /login HTTP/1.1" 302 140 "http://renault.activities.at/noshop" "Mozilla/5.0 (Windows NT 10.0; WOW64; Trident/7.0; rv:11.0) like Gecko"
212.89.176.40 - - [15/Dec/2021:14:00:28 +0100] "GET /noshop HTTP/1.1" 200 1573 "http://renault.activities.at/noshop" "Mozilla/5.0 (Windows NT 10.0; WOW64; Trident/7.0; rv:11.0) like Gecko"
212.89.176.40 - - [15/Dec/2021:14:00:30 +0100] "GET /js/default.js HTTP/1.1" 304 - "http://renault.activities.at/noshop" "Mozilla/5.0 (Windows NT 10.0; WOW64; Trident/7.0; rv:11.0) like Gecko"
212.89.176.40 - - [15/Dec/2021:14:00:30 +0100] "GET /css/styles.css HTTP/1.1" 304 - "http://renault.activities.at/noshop" "Mozilla/5.0 (Windows NT 10.0; WOW64; Trident/7.0; rv:11.0) like Gecko"
212.89.176.40 - - [15/Dec/2021:14:00:30 +0100] "GET /css/reset.css HTTP/1.1" 304 - "http://renault.activities.at/noshop" "Mozilla/5.0 (Windows NT 10.0; WOW64; Trident/7.0; rv:11.0) like Gecko"
212.89.176.40 - - [15/Dec/2021:14:00:30 +0100] "GET /css/clears.css HTTP/1.1" 304 - "http://renault.activities.at/noshop" "Mozilla/5.0 (Windows NT 10.0; WOW64; Trident/7.0; rv:11.0) like Gecko"
212.89.176.40 - - [15/Dec/2021:14:00:30 +0100] "GET /js/checkout.css HTTP/1.1" 304 - "http://renault.activities.at/noshop" "Mozilla/5.0 (Windows NT 10.0; WOW64; Trident/7.0; rv:11.0) like Gecko"
212.89.176.40 - - [15/Dec/2021:14:00:30 +0100] "GET /css/print.css HTTP/1.1" 304 - "http://renault.activities.at/noshop" "Mozilla/5.0 (Windows NT 10.0; WOW64; Trident/7.0; rv:11.0) like Gecko"
212.89.176.40 - - [15/Dec/2021:14:00:30 +0100] "GET /css/prototip.css HTTP/1.1" 304 - "http://renault.activities.at/noshop" "Mozilla/5.0 (Windows NT 10.0; WOW64; Trident/7.0; rv:11.0) like Gecko"
212.89.176.40 - - [15/Dec/2021:14:00:30 +0100] "GET /css/themes/alphacube.css HTTP/1.1" 304 - "http://renault.activities.at/noshop" "Mozilla/5.0 (Windows NT 10.0; WOW64; Trident/7.0; rv:11.0) like Gecko"
212.89.176.40 - - [15/Dec/2021:14:00:30 +0100] "GET /css/themes/default.css HTTP/1.1" 304 - "http://renault.activities.at/noshop" "Mozilla/5.0 (Windows NT 10.0; WOW64; Trident/7.0; rv:11.0) like Gecko"
212.89.176.40 - - [15/Dec/2021:14:00:30 +0100] "GET /images/main_block_border.gif HTTP/1.1" 304 - "http://renault.activities.at/noshop" "Mozilla/5.0 (Windows NT 10.0; WOW64; Trident/7.0; rv:11.0) like Gecko"
212.89.176.40 - - [15/Dec/2021:14:00:30 +0100] "GET /images/main_block_corner_left_bot.gif HTTP/1.1" 304 - "http://renault.activities.at/noshop" "Mozilla/5.0 (Windows NT 10.0; WOW64; Trident/7.0; rv:11.0) like Gecko"
212.89.176.40 - - [15/Dec/2021:14:00:30 +0100] "GET /images/main_block_corner_right_bot.gif HTTP/1.1" 304 - "http://renault.activities.at/noshop" "Mozilla/5.0 (Windows NT 10.0; WOW64; Trident/7.0; rv:11.0) like Gecko"
212.89.176.40 - - [15/Dec/2021:14:00:30 +0100] "GET /images/header_block_border.gif HTTP/1.1" 304 - "http://renault.activities.at/noshop" "Mozilla/5.0 (Windows NT 10.0; WOW64; Trident/7.0; rv:11.0) like Gecko"
212.89.176.40 - - [15/Dec/2021:14:00:30 +0100] "GET /images/header_block_corner_left_top.gif HTTP/1.1" 304 - "http://renault.activities.at/noshop" "Mozilla/5.0 (Windows NT 10.0; WOW64; Trident/7.0; rv:11.0) like Gecko"
212.89.176.40 - - [15/Dec/2021:14:00:30 +0100] "GET /images/header_block_corner_right_top.gif HTTP/1.1" 304 - "http://renault.activities.at/noshop" "Mozilla/5.0 (Windows NT 10.0; WOW64; Trident/7.0; rv:11.0) like Gecko"
212.89.176.40 - - [15/Dec/2021:14:00:30 +0100] "GET /images/main_block_corner_left_top.gif HTTP/1.1" 304 - "http://renault.activities.at/noshop" "Mozilla/5.0 (Windows NT 10.0; WOW64; Trident/7.0; rv:11.0) like Gecko"
212.89.176.40 - - [15/Dec/2021:14:00:30 +0100] "GET /images/title_border.jpg HTTP/1.1" 304 - "http://renault.activities.at/noshop" "Mozilla/5.0 (Windows NT 10.0; WOW64; Trident/7.0; rv:11.0) like Gecko"
212.89.176.40 - - [15/Dec/2021:14:00:30 +0100] "GET /images/main_block_corner_right_top.gif HTTP/1.1" 304 - "http://renault.activities.at/noshop" "Mozilla/5.0 (Windows NT 10.0; WOW64; Trident/7.0; rv:11.0) like Gecko"
212.89.176.40 - - [15/Dec/2021:14:00:30 +0100] "GET /images/title_corner_right_top.jpg HTTP/1.1" 304 - "http://renault.activities.at/noshop" "Mozilla/5.0 (Windows NT 10.0; WOW64; Trident/7.0; rv:11.0) like Gecko"
212.89.176.40 - - [15/Dec/2021:14:00:30 +0100] "GET /images/title_border_top.jpg HTTP/1.1" 304 - "http://renault.activities.at/noshop" "Mozilla/5.0 (Windows NT 10.0; WOW64; Trident/7.0; rv:11.0) like Gecko"
212.89.176.40 - - [15/Dec/2021:14:00:30 +0100] "GET /images/title_corner_left_top.jpg HTTP/1.1" 304 - "http://renault.activities.at/noshop" "Mozilla/5.0 (Windows NT 10.0; WOW64; Trident/7.0; rv:11.0) like Gecko"
81.189.177.106 - - [15/Dec/2021:14:00:33 +0100] "GET /reload?ser=1639573233148 HTTP/1.1" 302 140 "http://renault.activities.at/noshop" "Mozilla/5.0 (Windows NT 10.0; Win64; x64) AppleWebKit/537.36 (KHTML, like Gecko) Chrome/96.0.4664.45 Safari/537.36"
81.189.177.106 - - [15/Dec/2021:14:00:33 +0100] "GET /noshop HTTP/1.1" 200 1573 "http://renault.activities.at/noshop" "Mozilla/5.0 (Windows NT 10.0; Win64; x64) AppleWebKit/537.36 (KHTML, like Gecko) Chrome/96.0.4664.45 Safari/537.36"
80.120.210.180 - - [15/Dec/2021:14:00:49 +0100] "GET /reload?ser=1639573249663 HTTP/1.1" 302 140 "http://renault.activities.at/noshop" "Mozilla/5.0 (Windows NT 10.0; Win64; x64) AppleWebKit/537.36 (KHTML, like Gecko) Chrome/96.0.4664.110 Safari/537.36"
80.120.210.180 - - [15/Dec/2021:14:00:49 +0100] "GET /noshop HTTP/1.1" 200 1573 "http://renault.activities.at/noshop" "Mozilla/5.0 (Windows NT 10.0; Win64; x64) AppleWebKit/537.36 (KHTML, like Gecko) Chrome/96.0.4664.110 Safari/537.36"
80.120.210.180 - - [15/Dec/2021:14:01:25 +0100] "GET /reload?ser=1639573285661 HTTP/1.1" 302 140 "http://renault.activities.at/noshop" "Mozilla/5.0 (Windows NT 10.0; Win64; x64) AppleWebKit/537.36 (KHTML, like Gecko) Chrome/96.0.4664.110 Safari/537.36"
80.120.210.180 - - [15/Dec/2021:14:01:25 +0100] "GET /noshop HTTP/1.1" 200 1573 "http://renault.activities.at/noshop" "Mozilla/5.0 (Windows NT 10.0; Win64; x64) AppleWebKit/537.36 (KHTML, like Gecko) Chrome/96.0.4664.110 Safari/537.36"
81.189.177.106 - - [15/Dec/2021:14:01:35 +0100] "GET /reload?ser=1639573295138 HTTP/1.1" 302 140 "http://renault.activities.at/noshop" "Mozilla/5.0 (Windows NT 10.0; Win64; x64) AppleWebKit/537.36 (KHTML, like Gecko) Chrome/96.0.4664.45 Safari/537.36"
81.189.177.106 - - [15/Dec/2021:14:01:35 +0100] "GET /noshop HTTP/1.1" 200 1573 "http://renault.activities.at/noshop" "Mozilla/5.0 (Windows NT 10.0; Win64; x64) AppleWebKit/537.36 (KHTML, like Gecko) Chrome/96.0.4664.45 Safari/537.36"
80.120.210.180 - - [15/Dec/2021:14:01:51 +0100] "GET /reload?ser=1639573311677 HTTP/1.1" 302 140 "http://renault.activities.at/noshop" "Mozilla/5.0 (Windows NT 10.0; Win64; x64) AppleWebKit/537.36 (KHTML, like Gecko) Chrome/96.0.4664.110 Safari/537.36"
80.120.210.180 - - [15/Dec/2021:14:01:51 +0100] "GET /noshop HTTP/1.1" 200 1573 "http://renault.activities.at/noshop" "Mozilla/5.0 (Windows NT 10.0; Win64; x64) AppleWebKit/537.36 (KHTML, like Gecko) Chrome/96.0.4664.110 Safari/537.36"
80.120.210.180 - - [15/Dec/2021:14:02:28 +0100] "GET /reload?ser=1639573348663 HTTP/1.1" 302 140 "http://renault.activities.at/noshop" "Mozilla/5.0 (Windows NT 10.0; Win64; x64) AppleWebKit/537.36 (KHTML, like Gecko) Chrome/96.0.4664.110 Safari/537.36"
80.120.210.180 - - [15/Dec/2021:14:02:28 +0100] "GET /noshop HTTP/1.1" 200 1573 "http://renault.activities.at/noshop" "Mozilla/5.0 (Windows NT 10.0; Win64; x64) AppleWebKit/537.36 (KHTML, like Gecko) Chrome/96.0.4664.110 Safari/537.36"
81.189.177.106 - - [15/Dec/2021:14:02:37 +0100] "GET /reload?ser=1639573357134 HTTP/1.1" 302 140 "http://renault.activities.at/noshop" "Mozilla/5.0 (Windows NT 10.0; Win64; x64) AppleWebKit/537.36 (KHTML, like Gecko) Chrome/96.0.4664.45 Safari/537.36"
81.189.177.106 - - [15/Dec/2021:14:02:37 +0100] "GET /noshop HTTP/1.1" 200 1573 "http://renault.activities.at/noshop" "Mozilla/5.0 (Windows NT 10.0; Win64; x64) AppleWebKit/537.36 (KHTML, like Gecko) Chrome/96.0.4664.45 Safari/537.36"
80.123.225.38 - - [15/Dec/2021:14:02:50 +0100] "GET / HTTP/1.1" 302 140 "-" "Mozilla/5.0 (Windows NT 10.0; Win64; x64) AppleWebKit/537.36 (KHTML, like Gecko) Chrome/96.0.4664.93 Safari/537.36"
80.123.225.38 - - [15/Dec/2021:14:02:51 +0100] "GET /noshop HTTP/1.1" 200 1573 "-" "Mozilla/5.0 (Windows NT 10.0; Win64; x64) AppleWebKit/537.36 (KHTML, like Gecko) Chrome/96.0.4664.93 Safari/537.36"
80.123.225.38 - - [15/Dec/2021:14:02:52 +0100] "GET / HTTP/1.1" 302 140 "-" "Mozilla/5.0 (Windows NT 10.0; Win64; x64) AppleWebKit/537.36 (KHTML, like Gecko) Chrome/96.0.4664.93 Safari/537.36"
80.120.210.180 - - [15/Dec/2021:14:02:53 +0100] "GET /reload?ser=1639573373659 HTTP/1.1" 302 140 "http://renault.activities.at/noshop" "Mozilla/5.0 (Windows NT 10.0; Win64; x64) AppleWebKit/537.36 (KHTML, like Gecko) Chrome/96.0.4664.110 Safari/537.36"
80.123.225.38 - - [15/Dec/2021:14:02:53 +0100] "GET /noshop HTTP/1.1" 200 1573 "-" "Mozilla/5.0 (Windows NT 10.0; Win64; x64) AppleWebKit/537.36 (KHTML, like Gecko) Chrome/96.0.4664.93 Safari/537.36"
80.123.225.38 - - [15/Dec/2021:14:02:54 +0100] "GET /loadthumbnail.php?id=11127982 HTTP/1.1" 200 399614 "http://renault.activities.at/noshop" "Mozilla/5.0 (Windows NT 10.0; Win64; x64) AppleWebKit/537.36 (KHTML, like Gecko) Chrome/96.0.4664.93 Safari/537.36"
80.120.210.180 - - [15/Dec/2021:14:02:54 +0100] "GET /noshop HTTP/1.1" 200 1573 "http://renault.activities.at/noshop" "Mozilla/5.0 (Windows NT 10.0; Win64; x64) AppleWebKit/537.36 (KHTML, like Gecko) Chrome/96.0.4664.110 Safari/537.36"
80.123.225.38 - - [15/Dec/2021:14:02:55 +0100] "GET /images/favicon.ico HTTP/1.1" 404 305 "http://renault.activities.at/noshop" "Mozilla/5.0 (Windows NT 10.0; Win64; x64) AppleWebKit/537.36 (KHTML, like Gecko) Chrome/96.0.4664.93 Safari/537.36"
80.120.210.180 - - [15/Dec/2021:14:03:30 +0100] "GET /reload?ser=1639573410664 HTTP/1.1" 302 140 "http://renault.activities.at/noshop" "Mozilla/5.0 (Windows NT 10.0; Win64; x64) AppleWebKit/537.36 (KHTML, like Gecko) Chrome/96.0.4664.110 Safari/537.36"
80.120.210.180 - - [15/Dec/2021:14:03:31 +0100] "GET /noshop HTTP/1.1" 200 1573 "http://renault.activities.at/noshop" "Mozilla/5.0 (Windows NT 10.0; Win64; x64) AppleWebKit/537.36 (KHTML, like Gecko) Chrome/96.0.4664.110 Safari/537.36"
81.189.177.106 - - [15/Dec/2021:14:03:39 +0100] "GET /reload?ser=1639573419148 HTTP/1.1" 302 140 "http://renault.activities.at/noshop" "Mozilla/5.0 (Windows NT 10.0; Win64; x64) AppleWebKit/537.36 (KHTML, like Gecko) Chrome/96.0.4664.45 Safari/537.36"
81.189.177.106 - - [15/Dec/2021:14:03:39 +0100] "GET /noshop HTTP/1.1" 200 1573 "http://renault.activities.at/noshop" "Mozilla/5.0 (Windows NT 10.0; Win64; x64) AppleWebKit/537.36 (KHTML, like Gecko) Chrome/96.0.4664.45 Safari/537.36"
80.123.225.38 - - [15/Dec/2021:14:03:55 +0100] "GET /reload?ser=1639573435219 HTTP/1.1" 302 140 "http://renault.activities.at/noshop" "Mozilla/5.0 (Windows NT 10.0; Win64; x64) AppleWebKit/537.36 (KHTML, like Gecko) Chrome/96.0.4664.93 Safari/537.36"
80.123.225.38 - - [15/Dec/2021:14:03:55 +0100] "GET /noshop HTTP/1.1" 200 1573 "http://renault.activities.at/noshop" "Mozilla/5.0 (Windows NT 10.0; Win64; x64) AppleWebKit/537.36 (KHTML, like Gecko) Chrome/96.0.4664.93 Safari/537.36"
80.120.210.180 - - [15/Dec/2021:14:03:56 +0100] "GET /reload?ser=1639573436657 HTTP/1.1" 302 140 "http://renault.activities.at/noshop" "Mozilla/5.0 (Windows NT 10.0; Win64; x64) AppleWebKit/537.36 (KHTML, like Gecko) Chrome/96.0.4664.110 Safari/537.36"
80.120.210.180 - - [15/Dec/2021:14:03:57 +0100] "GET /noshop HTTP/1.1" 200 1573 "http://renault.activities.at/noshop" "Mozilla/5.0 (Windows NT 10.0; Win64; x64) AppleWebKit/537.36 (KHTML, like Gecko) Chrome/96.0.4664.110 Safari/537.36"
80.120.210.180 - - [15/Dec/2021:14:04:35 +0100] "GET /reload?ser=1639573474671 HTTP/1.1" 302 140 "http://renault.activities.at/noshop" "Mozilla/5.0 (Windows NT 10.0; Win64; x64) AppleWebKit/537.36 (KHTML, like Gecko) Chrome/96.0.4664.110 Safari/537.36"
80.120.210.180 - - [15/Dec/2021:14:04:36 +0100] "GET /noshop HTTP/1.1" 200 1573 "http://renault.activities.at/noshop" "Mozilla/5.0 (Windows NT 10.0; Win64; x64) AppleWebKit/537.36 (KHTML, like Gecko) Chrome/96.0.4664.110 Safari/537.36"
81.189.177.106 - - [15/Dec/2021:14:04:41 +0100] "GET /reload?ser=1639573481142 HTTP/1.1" 302 140 "http://renault.activities.at/noshop" "Mozilla/5.0 (Windows NT 10.0; Win64; x64) AppleWebKit/537.36 (KHTML, like Gecko) Chrome/96.0.4664.45 Safari/537.36"
81.189.177.106 - - [15/Dec/2021:14:04:41 +0100] "GET /noshop HTTP/1.1" 200 1573 "http://renault.activities.at/noshop" "Mozilla/5.0 (Windows NT 10.0; Win64; x64) AppleWebKit/537.36 (KHTML, like Gecko) Chrome/96.0.4664.45 Safari/537.36"
80.123.225.38 - - [15/Dec/2021:14:04:57 +0100] "GET /reload?ser=1639573497219 HTTP/1.1" 302 140 "http://renault.activities.at/noshop" "Mozilla/5.0 (Windows NT 10.0; Win64; x64) AppleWebKit/537.36 (KHTML, like Gecko) Chrome/96.0.4664.93 Safari/537.36"
80.123.225.38 - - [15/Dec/2021:14:04:57 +0100] "GET /noshop HTTP/1.1" 200 1573 "http://renault.activities.at/noshop" "Mozilla/5.0 (Windows NT 10.0; Win64; x64) AppleWebKit/537.36 (KHTML, like Gecko) Chrome/96.0.4664.93 Safari/537.36"
80.120.210.180 - - [15/Dec/2021:14:04:59 +0100] "GET /reload?ser=1639573499669 HTTP/1.1" 302 140 "http://renault.activities.at/noshop" "Mozilla/5.0 (Windows NT 10.0; Win64; x64) AppleWebKit/537.36 (KHTML, like Gecko) Chrome/96.0.4664.110 Safari/537.36"
80.120.210.180 - - [15/Dec/2021:14:05:00 +0100] "GET /noshop HTTP/1.1" 200 1573 "http://renault.activities.at/noshop" "Mozilla/5.0 (Windows NT 10.0; Win64; x64) AppleWebKit/537.36 (KHTML, like Gecko) Chrome/96.0.4664.110 Safari/537.36"
80.120.210.180 - - [15/Dec/2021:14:05:39 +0100] "GET /reload?ser=1639573539659 HTTP/1.1" 302 140 "http://renault.activities.at/noshop" "Mozilla/5.0 (Windows NT 10.0; Win64; x64) AppleWebKit/537.36 (KHTML, like Gecko) Chrome/96.0.4664.110 Safari/537.36"
80.120.210.180 - - [15/Dec/2021:14:05:40 +0100] "GET /noshop HTTP/1.1" 200 1573 "http://renault.activities.at/noshop" "Mozilla/5.0 (Windows NT 10.0; Win64; x64) AppleWebKit/537.36 (KHTML, like Gecko) Chrome/96.0.4664.110 Safari/537.36"
81.189.177.106 - - [15/Dec/2021:14:05:43 +0100] "GET /reload?ser=1639573543134 HTTP/1.1" 302 140 "http://renault.activities.at/noshop" "Mozilla/5.0 (Windows NT 10.0; Win64; x64) AppleWebKit/537.36 (KHTML, like Gecko) Chrome/96.0.4664.45 Safari/537.36"
81.189.177.106 - - [15/Dec/2021:14:05:43 +0100] "GET /noshop HTTP/1.1" 200 1573 "http://renault.activities.at/noshop" "Mozilla/5.0 (Windows NT 10.0; Win64; x64) AppleWebKit/537.36 (KHTML, like Gecko) Chrome/96.0.4664.45 Safari/537.36"
80.123.225.38 - - [15/Dec/2021:14:05:59 +0100] "GET /reload?ser=1639573559211 HTTP/1.1" 302 140 "http://renault.activities.at/noshop" "Mozilla/5.0 (Windows NT 10.0; Win64; x64) AppleWebKit/537.36 (KHTML, like Gecko) Chrome/96.0.4664.93 Safari/537.36"
80.123.225.38 - - [15/Dec/2021:14:05:59 +0100] "GET /noshop HTTP/1.1" 200 1573 "http://renault.activities.at/noshop" "Mozilla/5.0 (Windows NT 10.0; Win64; x64) AppleWebKit/537.36 (KHTML, like Gecko) Chrome/96.0.4664.93 Safari/537.36"
80.120.210.180 - - [15/Dec/2021:14:06:03 +0100] "GET /reload?ser=1639573563661 HTTP/1.1" 302 140 "http://renault.activities.at/noshop" "Mozilla/5.0 (Windows NT 10.0; Win64; x64) AppleWebKit/537.36 (KHTML, like Gecko) Chrome/96.0.4664.110 Safari/537.36"
80.120.210.180 - - [15/Dec/2021:14:06:04 +0100] "GET /noshop HTTP/1.1" 200 1573 "http://renault.activities.at/noshop" "Mozilla/5.0 (Windows NT 10.0; Win64; x64) AppleWebKit/537.36 (KHTML, like Gecko) Chrome/96.0.4664.110 Safari/537.36"
80.120.210.180 - - [15/Dec/2021:14:06:42 +0100] "GET /reload?ser=1639573602662 HTTP/1.1" 302 140 "http://renault.activities.at/noshop" "Mozilla/5.0 (Windows NT 10.0; Win64; x64) AppleWebKit/537.36 (KHTML, like Gecko) Chrome/96.0.4664.110 Safari/537.36"
80.120.210.180 - - [15/Dec/2021:14:06:43 +0100] "GET /noshop HTTP/1.1" 200 1573 "http://renault.activities.at/noshop" "Mozilla/5.0 (Windows NT 10.0; Win64; x64) AppleWebKit/537.36 (KHTML, like Gecko) Chrome/96.0.4664.110 Safari/537.36"
81.189.177.106 - - [15/Dec/2021:14:06:45 +0100] "GET /reload?ser=1639573605142 HTTP/1.1" 302 140 "http://renault.activities.at/noshop" "Mozilla/5.0 (Windows NT 10.0; Win64; x64) AppleWebKit/537.36 (KHTML, like Gecko) Chrome/96.0.4664.45 Safari/537.36"
81.189.177.106 - - [15/Dec/2021:14:06:45 +0100] "GET /noshop HTTP/1.1" 200 1573 "http://renault.activities.at/noshop" "Mozilla/5.0 (Windows NT 10.0; Win64; x64) AppleWebKit/537.36 (KHTML, like Gecko) Chrome/96.0.4664.45 Safari/537.36"
80.123.225.38 - - [15/Dec/2021:14:07:01 +0100] "GET /reload?ser=1639573621222 HTTP/1.1" 302 140 "http://renault.activities.at/noshop" "Mozilla/5.0 (Windows NT 10.0; Win64; x64) AppleWebKit/537.36 (KHTML, like Gecko) Chrome/96.0.4664.93 Safari/537.36"
80.123.225.38 - - [15/Dec/2021:14:07:01 +0100] "GET /noshop HTTP/1.1" 200 1573 "http://renault.activities.at/noshop" "Mozilla/5.0 (Windows NT 10.0; Win64; x64) AppleWebKit/537.36 (KHTML, like Gecko) Chrome/96.0.4664.93 Safari/537.36"
80.120.210.180 - - [15/Dec/2021:14:07:06 +0100] "GET /reload?ser=1639573626670 HTTP/1.1" 302 140 "http://renault.activities.at/noshop" "Mozilla/5.0 (Windows NT 10.0; Win64; x64) AppleWebKit/537.36 (KHTML, like Gecko) Chrome/96.0.4664.110 Safari/537.36"
80.120.210.180 - - [15/Dec/2021:14:07:07 +0100] "GET /noshop HTTP/1.1" 200 1573 "http://renault.activities.at/noshop" "Mozilla/5.0 (Windows NT 10.0; Win64; x64) AppleWebKit/537.36 (KHTML, like Gecko) Chrome/96.0.4664.110 Safari/537.36"
80.120.210.180 - - [15/Dec/2021:14:07:46 +0100] "GET /reload?ser=1639573666658 HTTP/1.1" 302 140 "http://renault.activities.at/noshop" "Mozilla/5.0 (Windows NT 10.0; Win64; x64) AppleWebKit/537.36 (KHTML, like Gecko) Chrome/96.0.4664.110 Safari/537.36"
81.189.177.106 - - [15/Dec/2021:14:07:47 +0100] "GET /reload?ser=1639573667149 HTTP/1.1" 302 140 "http://renault.activities.at/noshop" "Mozilla/5.0 (Windows NT 10.0; Win64; x64) AppleWebKit/537.36 (KHTML, like Gecko) Chrome/96.0.4664.45 Safari/537.36"
81.189.177.106 - - [15/Dec/2021:14:07:47 +0100] "GET /noshop HTTP/1.1" 200 1573 "http://renault.activities.at/noshop" "Mozilla/5.0 (Windows NT 10.0; Win64; x64) AppleWebKit/537.36 (KHTML, like Gecko) Chrome/96.0.4664.45 Safari/537.36"
80.120.210.180 - - [15/Dec/2021:14:07:47 +0100] "GET /noshop HTTP/1.1" 200 1573 "http://renault.activities.at/noshop" "Mozilla/5.0 (Windows NT 10.0; Win64; x64) AppleWebKit/537.36 (KHTML, like Gecko) Chrome/96.0.4664.110 Safari/537.36"
80.123.225.38 - - [15/Dec/2021:14:08:03 +0100] "GET /reload?ser=1639573683218 HTTP/1.1" 302 140 "http://renault.activities.at/noshop" "Mozilla/5.0 (Windows NT 10.0; Win64; x64) AppleWebKit/537.36 (KHTML, like Gecko) Chrome/96.0.4664.93 Safari/537.36"
80.123.225.38 - - [15/Dec/2021:14:08:03 +0100] "GET /noshop HTTP/1.1" 200 1573 "http://renault.activities.at/noshop" "Mozilla/5.0 (Windows NT 10.0; Win64; x64) AppleWebKit/537.36 (KHTML, like Gecko) Chrome/96.0.4664.93 Safari/537.36"
80.120.210.180 - - [15/Dec/2021:14:08:10 +0100] "GET /reload?ser=1639573690657 HTTP/1.1" 302 140 "http://renault.activities.at/noshop" "Mozilla/5.0 (Windows NT 10.0; Win64; x64) AppleWebKit/537.36 (KHTML, like Gecko) Chrome/96.0.4664.110 Safari/537.36"
80.120.210.180 - - [15/Dec/2021:14:08:12 +0100] "GET /noshop HTTP/1.1" 200 1573 "http://renault.activities.at/noshop" "Mozilla/5.0 (Windows NT 10.0; Win64; x64) AppleWebKit/537.36 (KHTML, like Gecko) Chrome/96.0.4664.110 Safari/537.36"
81.189.177.106 - - [15/Dec/2021:14:08:49 +0100] "GET /reload?ser=1639573729147 HTTP/1.1" 302 140 "http://renault.activities.at/noshop" "Mozilla/5.0 (Windows NT 10.0; Win64; x64) AppleWebKit/537.36 (KHTML, like Gecko) Chrome/96.0.4664.45 Safari/537.36"
81.189.177.106 - - [15/Dec/2021:14:08:49 +0100] "GET /noshop HTTP/1.1" 200 1573 "http://renault.activities.at/noshop" "Mozilla/5.0 (Windows NT 10.0; Win64; x64) AppleWebKit/537.36 (KHTML, like Gecko) Chrome/96.0.4664.45 Safari/537.36"
80.120.210.180 - - [15/Dec/2021:14:08:52 +0100] "GET /reload?ser=1639573731663 HTTP/1.1" 302 140 "http://renault.activities.at/noshop" "Mozilla/5.0 (Windows NT 10.0; Win64; x64) AppleWebKit/537.36 (KHTML, like Gecko) Chrome/96.0.4664.110 Safari/537.36"
80.120.210.180 - - [15/Dec/2021:14:08:52 +0100] "GET /noshop HTTP/1.1" 200 1573 "http://renault.activities.at/noshop" "Mozilla/5.0 (Windows NT 10.0; Win64; x64) AppleWebKit/537.36 (KHTML, like Gecko) Chrome/96.0.4664.110 Safari/537.36"
80.120.210.180 - - [15/Dec/2021:14:09:14 +0100] "GET /reload?ser=1639573754661 HTTP/1.1" 302 140 "http://renault.activities.at/noshop" "Mozilla/5.0 (Windows NT 10.0; Win64; x64) AppleWebKit/537.36 (KHTML, like Gecko) Chrome/96.0.4664.110 Safari/537.36"
80.120.210.180 - - [15/Dec/2021:14:09:15 +0100] "GET /noshop HTTP/1.1" 200 1573 "http://renault.activities.at/noshop" "Mozilla/5.0 (Windows NT 10.0; Win64; x64) AppleWebKit/537.36 (KHTML, like Gecko) Chrome/96.0.4664.110 Safari/537.36"
81.189.177.106 - - [15/Dec/2021:14:09:51 +0100] "GET /reload?ser=1639573791144 HTTP/1.1" 302 140 "http://renault.activities.at/noshop" "Mozilla/5.0 (Windows NT 10.0; Win64; x64) AppleWebKit/537.36 (KHTML, like Gecko) Chrome/96.0.4664.45 Safari/537.36"
81.189.177.106 - - [15/Dec/2021:14:09:51 +0100] "GET /noshop HTTP/1.1" 200 1573 "http://renault.activities.at/noshop" "Mozilla/5.0 (Windows NT 10.0; Win64; x64) AppleWebKit/537.36 (KHTML, like Gecko) Chrome/96.0.4664.45 Safari/537.36"
80.120.210.180 - - [15/Dec/2021:14:09:55 +0100] "GET /reload?ser=1639573795662 HTTP/1.1" 302 140 "http://renault.activities.at/noshop" "Mozilla/5.0 (Windows NT 10.0; Win64; x64) AppleWebKit/537.36 (KHTML, like Gecko) Chrome/96.0.4664.110 Safari/537.36"
80.120.210.180 - - [15/Dec/2021:14:09:57 +0100] "GET /noshop HTTP/1.1" 200 1573 "http://renault.activities.at/noshop" "Mozilla/5.0 (Windows NT 10.0; Win64; x64) AppleWebKit/537.36 (KHTML, like Gecko) Chrome/96.0.4664.110 Safari/537.36"
80.120.210.180 - - [15/Dec/2021:14:10:19 +0100] "GET /reload?ser=1639573818671 HTTP/1.1" 302 140 "http://renault.activities.at/noshop" "Mozilla/5.0 (Windows NT 10.0; Win64; x64) AppleWebKit/537.36 (KHTML, like Gecko) Chrome/96.0.4664.110 Safari/537.36"
80.120.210.180 - - [15/Dec/2021:14:10:21 +0100] "GET /noshop HTTP/1.1" 200 1573 "http://renault.activities.at/noshop" "Mozilla/5.0 (Windows NT 10.0; Win64; x64) AppleWebKit/537.36 (KHTML, like Gecko) Chrome/96.0.4664.110 Safari/537.36"
81.189.177.106 - - [15/Dec/2021:14:10:53 +0100] "GET /reload?ser=1639573853148 HTTP/1.1" 302 140 "http://renault.activities.at/noshop" "Mozilla/5.0 (Windows NT 10.0; Win64; x64) AppleWebKit/537.36 (KHTML, like Gecko) Chrome/96.0.4664.45 Safari/537.36"
81.189.177.106 - - [15/Dec/2021:14:10:53 +0100] "GET /noshop HTTP/1.1" 200 1573 "http://renault.activities.at/noshop" "Mozilla/5.0 (Windows NT 10.0; Win64; x64) AppleWebKit/537.36 (KHTML, like Gecko) Chrome/96.0.4664.45 Safari/537.36"
80.120.210.180 - - [15/Dec/2021:14:10:59 +0100] "GET /reload?ser=1639573859670 HTTP/1.1" 302 140 "http://renault.activities.at/noshop" "Mozilla/5.0 (Windows NT 10.0; Win64; x64) AppleWebKit/537.36 (KHTML, like Gecko) Chrome/96.0.4664.110 Safari/537.36"
80.120.210.180 - - [15/Dec/2021:14:11:01 +0100] "GET /noshop HTTP/1.1" 200 1573 "http://renault.activities.at/noshop" "Mozilla/5.0 (Windows NT 10.0; Win64; x64) AppleWebKit/537.36 (KHTML, like Gecko) Chrome/96.0.4664.110 Safari/537.36"
80.120.210.180 - - [15/Dec/2021:14:11:26 +0100] "GET /reload?ser=1639573885664 HTTP/1.1" 302 140 "http://renault.activities.at/noshop" "Mozilla/5.0 (Windows NT 10.0; Win64; x64) AppleWebKit/537.36 (KHTML, like Gecko) Chrome/96.0.4664.110 Safari/537.36"
80.120.210.180 - - [15/Dec/2021:14:11:27 +0100] "GET /noshop HTTP/1.1" 200 1573 "http://renault.activities.at/noshop" "Mozilla/5.0 (Windows NT 10.0; Win64; x64) AppleWebKit/537.36 (KHTML, like Gecko) Chrome/96.0.4664.110 Safari/537.36"
81.189.177.106 - - [15/Dec/2021:14:11:55 +0100] "GET /reload?ser=1639573915143 HTTP/1.1" 302 140 "http://renault.activities.at/noshop" "Mozilla/5.0 (Windows NT 10.0; Win64; x64) AppleWebKit/537.36 (KHTML, like Gecko) Chrome/96.0.4664.45 Safari/537.36"
81.189.177.106 - - [15/Dec/2021:14:11:55 +0100] "GET /noshop HTTP/1.1" 200 1573 "http://renault.activities.at/noshop" "Mozilla/5.0 (Windows NT 10.0; Win64; x64) AppleWebKit/537.36 (KHTML, like Gecko) Chrome/96.0.4664.45 Safari/537.36"
80.120.210.180 - - [15/Dec/2021:14:12:03 +0100] "GET /reload?ser=1639573923660 HTTP/1.1" 302 140 "http://renault.activities.at/noshop" "Mozilla/5.0 (Windows NT 10.0; Win64; x64) AppleWebKit/537.36 (KHTML, like Gecko) Chrome/96.0.4664.110 Safari/537.36"
80.120.210.180 - - [15/Dec/2021:14:12:04 +0100] "GET /noshop HTTP/1.1" 200 1573 "http://renault.activities.at/noshop" "Mozilla/5.0 (Windows NT 10.0; Win64; x64) AppleWebKit/537.36 (KHTML, like Gecko) Chrome/96.0.4664.110 Safari/537.36"
80.120.210.180 - - [15/Dec/2021:14:12:30 +0100] "GET /reload?ser=1639573950660 HTTP/1.1" 302 140 "http://renault.activities.at/noshop" "Mozilla/5.0 (Windows NT 10.0; Win64; x64) AppleWebKit/537.36 (KHTML, like Gecko) Chrome/96.0.4664.110 Safari/537.36"
80.120.210.180 - - [15/Dec/2021:14:12:31 +0100] "GET /noshop HTTP/1.1" 200 1573 "http://renault.activities.at/noshop" "Mozilla/5.0 (Windows NT 10.0; Win64; x64) AppleWebKit/537.36 (KHTML, like Gecko) Chrome/96.0.4664.110 Safari/537.36"
81.189.177.106 - - [15/Dec/2021:14:12:57 +0100] "GET /reload?ser=1639573977140 HTTP/1.1" 302 140 "http://renault.activities.at/noshop" "Mozilla/5.0 (Windows NT 10.0; Win64; x64) AppleWebKit/537.36 (KHTML, like Gecko) Chrome/96.0.4664.45 Safari/537.36"
81.189.177.106 - - [15/Dec/2021:14:12:57 +0100] "GET /noshop HTTP/1.1" 200 1573 "http://renault.activities.at/noshop" "Mozilla/5.0 (Windows NT 10.0; Win64; x64) AppleWebKit/537.36 (KHTML, like Gecko) Chrome/96.0.4664.45 Safari/537.36"
80.120.210.180 - - [15/Dec/2021:14:13:07 +0100] "GET /reload?ser=1639573987663 HTTP/1.1" 302 140 "http://renault.activities.at/noshop" "Mozilla/5.0 (Windows NT 10.0; Win64; x64) AppleWebKit/537.36 (KHTML, like Gecko) Chrome/96.0.4664.110 Safari/537.36"
80.120.210.180 - - [15/Dec/2021:14:13:08 +0100] "GET /noshop HTTP/1.1" 200 1573 "http://renault.activities.at/noshop" "Mozilla/5.0 (Windows NT 10.0; Win64; x64) AppleWebKit/537.36 (KHTML, like Gecko) Chrome/96.0.4664.110 Safari/537.36"
80.120.210.180 - - [15/Dec/2021:14:13:33 +0100] "GET /reload?ser=1639574013667 HTTP/1.1" 302 140 "http://renault.activities.at/noshop" "Mozilla/5.0 (Windows NT 10.0; Win64; x64) AppleWebKit/537.36 (KHTML, like Gecko) Chrome/96.0.4664.110 Safari/537.36"
80.120.210.180 - - [15/Dec/2021:14:13:34 +0100] "GET /noshop HTTP/1.1" 200 1573 "http://renault.activities.at/noshop" "Mozilla/5.0 (Windows NT 10.0; Win64; x64) AppleWebKit/537.36 (KHTML, like Gecko) Chrome/96.0.4664.110 Safari/537.36"
81.189.177.106 - - [15/Dec/2021:14:13:59 +0100] "GET /reload?ser=1639574039136 HTTP/1.1" 302 140 "http://renault.activities.at/noshop" "Mozilla/5.0 (Windows NT 10.0; Win64; x64) AppleWebKit/537.36 (KHTML, like Gecko) Chrome/96.0.4664.45 Safari/537.36"
81.189.177.106 - - [15/Dec/2021:14:13:59 +0100] "GET /noshop HTTP/1.1" 200 1573 "http://renault.activities.at/noshop" "Mozilla/5.0 (Windows NT 10.0; Win64; x64) AppleWebKit/537.36 (KHTML, like Gecko) Chrome/96.0.4664.45 Safari/537.36"
80.120.210.180 - - [15/Dec/2021:14:14:10 +0100] "GET /reload?ser=1639574050662 HTTP/1.1" 302 140 "http://renault.activities.at/noshop" "Mozilla/5.0 (Windows NT 10.0; Win64; x64) AppleWebKit/537.36 (KHTML, like Gecko) Chrome/96.0.4664.110 Safari/537.36"
80.120.210.180 - - [15/Dec/2021:14:14:11 +0100] "GET /noshop HTTP/1.1" 200 1573 "http://renault.activities.at/noshop" "Mozilla/5.0 (Windows NT 10.0; Win64; x64) AppleWebKit/537.36 (KHTML, like Gecko) Chrome/96.0.4664.110 Safari/537.36"
80.120.210.180 - - [15/Dec/2021:14:14:37 +0100] "GET /reload?ser=1639574077669 HTTP/1.1" 302 140 "http://renault.activities.at/noshop" "Mozilla/5.0 (Windows NT 10.0; Win64; x64) AppleWebKit/537.36 (KHTML, like Gecko) Chrome/96.0.4664.110 Safari/537.36"
80.120.210.180 - - [15/Dec/2021:14:14:38 +0100] "GET /noshop HTTP/1.1" 200 1573 "http://renault.activities.at/noshop" "Mozilla/5.0 (Windows NT 10.0; Win64; x64) AppleWebKit/537.36 (KHTML, like Gecko) Chrome/96.0.4664.110 Safari/537.36"
81.189.177.106 - - [15/Dec/2021:14:15:01 +0100] "GET /reload?ser=1639574101141 HTTP/1.1" 302 140 "http://renault.activities.at/noshop" "Mozilla/5.0 (Windows NT 10.0; Win64; x64) AppleWebKit/537.36 (KHTML, like Gecko) Chrome/96.0.4664.45 Safari/537.36"
81.189.177.106 - - [15/Dec/2021:14:15:01 +0100] "GET /noshop HTTP/1.1" 200 1573 "http://renault.activities.at/noshop" "Mozilla/5.0 (Windows NT 10.0; Win64; x64) AppleWebKit/537.36 (KHTML, like Gecko) Chrome/96.0.4664.45 Safari/537.36"
80.120.210.180 - - [15/Dec/2021:14:15:13 +0100] "GET /reload?ser=1639574113664 HTTP/1.1" 302 140 "http://renault.activities.at/noshop" "Mozilla/5.0 (Windows NT 10.0; Win64; x64) AppleWebKit/537.36 (KHTML, like Gecko) Chrome/96.0.4664.110 Safari/537.36"
80.120.210.180 - - [15/Dec/2021:14:15:14 +0100] "GET /noshop HTTP/1.1" 200 1573 "http://renault.activities.at/noshop" "Mozilla/5.0 (Windows NT 10.0; Win64; x64) AppleWebKit/537.36 (KHTML, like Gecko) Chrome/96.0.4664.110 Safari/537.36"
80.120.210.180 - - [15/Dec/2021:14:15:40 +0100] "GET /reload?ser=1639574140657 HTTP/1.1" 302 140 "http://renault.activities.at/noshop" "Mozilla/5.0 (Windows NT 10.0; Win64; x64) AppleWebKit/537.36 (KHTML, like Gecko) Chrome/96.0.4664.110 Safari/537.36"
80.120.210.180 - - [15/Dec/2021:14:15:41 +0100] "GET /noshop HTTP/1.1" 200 1573 "http://renault.activities.at/noshop" "Mozilla/5.0 (Windows NT 10.0; Win64; x64) AppleWebKit/537.36 (KHTML, like Gecko) Chrome/96.0.4664.110 Safari/537.36"
81.189.177.106 - - [15/Dec/2021:14:16:03 +0100] "GET /reload?ser=1639574163135 HTTP/1.1" 302 140 "http://renault.activities.at/noshop" "Mozilla/5.0 (Windows NT 10.0; Win64; x64) AppleWebKit/537.36 (KHTML, like Gecko) Chrome/96.0.4664.45 Safari/537.36"
81.189.177.106 - - [15/Dec/2021:14:16:03 +0100] "GET /noshop HTTP/1.1" 200 1573 "http://renault.activities.at/noshop" "Mozilla/5.0 (Windows NT 10.0; Win64; x64) AppleWebKit/537.36 (KHTML, like Gecko) Chrome/96.0.4664.45 Safari/537.36"
80.120.210.180 - - [15/Dec/2021:14:16:16 +0100] "GET /reload?ser=1639574176668 HTTP/1.1" 302 140 "http://renault.activities.at/noshop" "Mozilla/5.0 (Windows NT 10.0; Win64; x64) AppleWebKit/537.36 (KHTML, like Gecko) Chrome/96.0.4664.110 Safari/537.36"
80.120.210.180 - - [15/Dec/2021:14:16:17 +0100] "GET /noshop HTTP/1.1" 200 1573 "http://renault.activities.at/noshop" "Mozilla/5.0 (Windows NT 10.0; Win64; x64) AppleWebKit/537.36 (KHTML, like Gecko) Chrome/96.0.4664.110 Safari/537.36"
80.120.5.131 - - [15/Dec/2021:14:16:34 +0100] "GET / HTTP/1.1" 302 140 "-" "Mozilla/5.0 (Windows NT 10.0; Win64; x64) AppleWebKit/537.36 (KHTML, like Gecko) Chrome/96.0.4664.110 Safari/537.36"
80.120.5.131 - - [15/Dec/2021:14:16:35 +0100] "GET /noshop HTTP/1.1" 200 1573 "-" "Mozilla/5.0 (Windows NT 10.0; Win64; x64) AppleWebKit/537.36 (KHTML, like Gecko) Chrome/96.0.4664.110 Safari/537.36"
80.120.210.180 - - [15/Dec/2021:14:16:43 +0100] "GET /reload?ser=1639574203663 HTTP/1.1" 302 140 "http://renault.activities.at/noshop" "Mozilla/5.0 (Windows NT 10.0; Win64; x64) AppleWebKit/537.36 (KHTML, like Gecko) Chrome/96.0.4664.110 Safari/537.36"
80.120.210.180 - - [15/Dec/2021:14:16:44 +0100] "GET /noshop HTTP/1.1" 200 1573 "http://renault.activities.at/noshop" "Mozilla/5.0 (Windows NT 10.0; Win64; x64) AppleWebKit/537.36 (KHTML, like Gecko) Chrome/96.0.4664.110 Safari/537.36"
81.189.177.106 - - [15/Dec/2021:14:17:05 +0100] "GET /reload?ser=1639574225135 HTTP/1.1" 302 140 "http://renault.activities.at/noshop" "Mozilla/5.0 (Windows NT 10.0; Win64; x64) AppleWebKit/537.36 (KHTML, like Gecko) Chrome/96.0.4664.45 Safari/537.36"
81.189.177.106 - - [15/Dec/2021:14:17:05 +0100] "GET /noshop HTTP/1.1" 200 1573 "http://renault.activities.at/noshop" "Mozilla/5.0 (Windows NT 10.0; Win64; x64) AppleWebKit/537.36 (KHTML, like Gecko) Chrome/96.0.4664.45 Safari/537.36"
80.120.210.180 - - [15/Dec/2021:14:17:19 +0100] "GET /reload?ser=1639574239668 HTTP/1.1" 302 140 "http://renault.activities.at/noshop" "Mozilla/5.0 (Windows NT 10.0; Win64; x64) AppleWebKit/537.36 (KHTML, like Gecko) Chrome/96.0.4664.110 Safari/537.36"
80.120.210.180 - - [15/Dec/2021:14:17:20 +0100] "GET /noshop HTTP/1.1" 200 1573 "http://renault.activities.at/noshop" "Mozilla/5.0 (Windows NT 10.0; Win64; x64) AppleWebKit/537.36 (KHTML, like Gecko) Chrome/96.0.4664.110 Safari/537.36"
80.120.210.180 - - [15/Dec/2021:14:17:46 +0100] "GET /reload?ser=1639574266664 HTTP/1.1" 302 140 "http://renault.activities.at/noshop" "Mozilla/5.0 (Windows NT 10.0; Win64; x64) AppleWebKit/537.36 (KHTML, like Gecko) Chrome/96.0.4664.110 Safari/537.36"
80.120.210.180 - - [15/Dec/2021:14:17:47 +0100] "GET /noshop HTTP/1.1" 200 1573 "http://renault.activities.at/noshop" "Mozilla/5.0 (Windows NT 10.0; Win64; x64) AppleWebKit/537.36 (KHTML, like Gecko) Chrome/96.0.4664.110 Safari/537.36"
81.189.177.106 - - [15/Dec/2021:14:18:07 +0100] "GET /reload?ser=1639574287148 HTTP/1.1" 302 140 "http://renault.activities.at/noshop" "Mozilla/5.0 (Windows NT 10.0; Win64; x64) AppleWebKit/537.36 (KHTML, like Gecko) Chrome/96.0.4664.45 Safari/537.36"
81.189.177.106 - - [15/Dec/2021:14:18:07 +0100] "GET /noshop HTTP/1.1" 200 1573 "http://renault.activities.at/noshop" "Mozilla/5.0 (Windows NT 10.0; Win64; x64) AppleWebKit/537.36 (KHTML, like Gecko) Chrome/96.0.4664.45 Safari/537.36"
80.120.210.180 - - [15/Dec/2021:14:18:22 +0100] "GET /reload?ser=1639574302665 HTTP/1.1" 302 140 "http://renault.activities.at/noshop" "Mozilla/5.0 (Windows NT 10.0; Win64; x64) AppleWebKit/537.36 (KHTML, like Gecko) Chrome/96.0.4664.110 Safari/537.36"
80.120.210.180 - - [15/Dec/2021:14:18:23 +0100] "GET /noshop HTTP/1.1" 200 1573 "http://renault.activities.at/noshop" "Mozilla/5.0 (Windows NT 10.0; Win64; x64) AppleWebKit/537.36 (KHTML, like Gecko) Chrome/96.0.4664.110 Safari/537.36"
80.120.210.180 - - [15/Dec/2021:14:18:49 +0100] "GET /reload?ser=1639574329664 HTTP/1.1" 302 140 "http://renault.activities.at/noshop" "Mozilla/5.0 (Windows NT 10.0; Win64; x64) AppleWebKit/537.36 (KHTML, like Gecko) Chrome/96.0.4664.110 Safari/537.36"
80.120.210.180 - - [15/Dec/2021:14:18:50 +0100] "GET /noshop HTTP/1.1" 200 1573 "http://renault.activities.at/noshop" "Mozilla/5.0 (Windows NT 10.0; Win64; x64) AppleWebKit/537.36 (KHTML, like Gecko) Chrome/96.0.4664.110 Safari/537.36"
81.189.177.106 - - [15/Dec/2021:14:19:09 +0100] "GET /reload?ser=1639574349147 HTTP/1.1" 302 140 "http://renault.activities.at/noshop" "Mozilla/5.0 (Windows NT 10.0; Win64; x64) AppleWebKit/537.36 (KHTML, like Gecko) Chrome/96.0.4664.45 Safari/537.36"
81.189.177.106 - - [15/Dec/2021:14:19:09 +0100] "GET /noshop HTTP/1.1" 200 1573 "http://renault.activities.at/noshop" "Mozilla/5.0 (Windows NT 10.0; Win64; x64) AppleWebKit/537.36 (KHTML, like Gecko) Chrome/96.0.4664.45 Safari/537.36"
80.120.210.180 - - [15/Dec/2021:14:19:25 +0100] "GET /reload?ser=1639574365670 HTTP/1.1" 302 140 "http://renault.activities.at/noshop" "Mozilla/5.0 (Windows NT 10.0; Win64; x64) AppleWebKit/537.36 (KHTML, like Gecko) Chrome/96.0.4664.110 Safari/537.36"
80.120.210.180 - - [15/Dec/2021:14:19:25 +0100] "GET /noshop HTTP/1.1" 200 1573 "http://renault.activities.at/noshop" "Mozilla/5.0 (Windows NT 10.0; Win64; x64) AppleWebKit/537.36 (KHTML, like Gecko) Chrome/96.0.4664.110 Safari/537.36"
80.120.210.180 - - [15/Dec/2021:14:19:52 +0100] "GET /reload?ser=1639574392662 HTTP/1.1" 302 140 "http://renault.activities.at/noshop" "Mozilla/5.0 (Windows NT 10.0; Win64; x64) AppleWebKit/537.36 (KHTML, like Gecko) Chrome/96.0.4664.110 Safari/537.36"
80.120.210.180 - - [15/Dec/2021:14:19:52 +0100] "GET /noshop HTTP/1.1" 200 1573 "http://renault.activities.at/noshop" "Mozilla/5.0 (Windows NT 10.0; Win64; x64) AppleWebKit/537.36 (KHTML, like Gecko) Chrome/96.0.4664.110 Safari/537.36"
81.189.177.106 - - [15/Dec/2021:14:20:11 +0100] "GET /reload?ser=1639574411145 HTTP/1.1" 302 140 "http://renault.activities.at/noshop" "Mozilla/5.0 (Windows NT 10.0; Win64; x64) AppleWebKit/537.36 (KHTML, like Gecko) Chrome/96.0.4664.45 Safari/537.36"
81.189.177.106 - - [15/Dec/2021:14:20:11 +0100] "GET /noshop HTTP/1.1" 200 1573 "http://renault.activities.at/noshop" "Mozilla/5.0 (Windows NT 10.0; Win64; x64) AppleWebKit/537.36 (KHTML, like Gecko) Chrome/96.0.4664.45 Safari/537.36"
