80.120.210.180 - - [05/Jan/2022:09:50:42 +0100] "GET /reload?ser=1641372644111 HTTP/1.1" 302 140 "http://renault.activities.at/noshop" "Mozilla/5.0 (Windows NT 10.0; Win64; x64) AppleWebKit/537.36 (KHTML, like Gecko) Chrome/96.0.4664.110 Safari/537.36 Edg/96.0.1054.62"
80.120.210.180 - - [05/Jan/2022:09:50:43 +0100] "GET /noshop HTTP/1.1" 200 1573 "http://renault.activities.at/noshop" "Mozilla/5.0 (Windows NT 10.0; Win64; x64) AppleWebKit/537.36 (KHTML, like Gecko) Chrome/96.0.4664.110 Safari/537.36 Edg/96.0.1054.62"
80.120.5.131 - - [05/Jan/2022:09:50:51 +0100] "GET /reload?ser=1641372651776 HTTP/1.1" 302 140 "http://renault.activities.at/noshop" "Mozilla/5.0 (Windows NT 10.0; Win64; x64) AppleWebKit/537.36 (KHTML, like Gecko) Chrome/96.0.4664.110 Safari/537.36"
80.120.5.131 - - [05/Jan/2022:09:50:52 +0100] "GET /noshop HTTP/1.1" 200 1573 "http://renault.activities.at/noshop" "Mozilla/5.0 (Windows NT 10.0; Win64; x64) AppleWebKit/537.36 (KHTML, like Gecko) Chrome/96.0.4664.110 Safari/537.36"
80.120.210.180 - - [05/Jan/2022:09:51:44 +0100] "GET /reload?ser=1641372706109 HTTP/1.1" 302 140 "http://renault.activities.at/noshop" "Mozilla/5.0 (Windows NT 10.0; Win64; x64) AppleWebKit/537.36 (KHTML, like Gecko) Chrome/96.0.4664.110 Safari/537.36 Edg/96.0.1054.62"
80.120.210.180 - - [05/Jan/2022:09:51:45 +0100] "GET /noshop HTTP/1.1" 200 1573 "http://renault.activities.at/noshop" "Mozilla/5.0 (Windows NT 10.0; Win64; x64) AppleWebKit/537.36 (KHTML, like Gecko) Chrome/96.0.4664.110 Safari/537.36 Edg/96.0.1054.62"
80.120.5.131 - - [05/Jan/2022:09:51:53 +0100] "GET /reload?ser=1641372713786 HTTP/1.1" 302 140 "http://renault.activities.at/noshop" "Mozilla/5.0 (Windows NT 10.0; Win64; x64) AppleWebKit/537.36 (KHTML, like Gecko) Chrome/96.0.4664.110 Safari/537.36"
80.120.5.131 - - [05/Jan/2022:09:51:54 +0100] "GET /noshop HTTP/1.1" 200 1573 "http://renault.activities.at/noshop" "Mozilla/5.0 (Windows NT 10.0; Win64; x64) AppleWebKit/537.36 (KHTML, like Gecko) Chrome/96.0.4664.110 Safari/537.36"
80.120.210.180 - - [05/Jan/2022:09:52:46 +0100] "GET /reload?ser=1641372768113 HTTP/1.1" 302 140 "http://renault.activities.at/noshop" "Mozilla/5.0 (Windows NT 10.0; Win64; x64) AppleWebKit/537.36 (KHTML, like Gecko) Chrome/96.0.4664.110 Safari/537.36 Edg/96.0.1054.62"
80.120.210.180 - - [05/Jan/2022:09:52:47 +0100] "GET /noshop HTTP/1.1" 200 1573 "http://renault.activities.at/noshop" "Mozilla/5.0 (Windows NT 10.0; Win64; x64) AppleWebKit/537.36 (KHTML, like Gecko) Chrome/96.0.4664.110 Safari/537.36 Edg/96.0.1054.62"
80.120.5.131 - - [05/Jan/2022:09:52:55 +0100] "GET /reload?ser=1641372775779 HTTP/1.1" 302 140 "http://renault.activities.at/noshop" "Mozilla/5.0 (Windows NT 10.0; Win64; x64) AppleWebKit/537.36 (KHTML, like Gecko) Chrome/96.0.4664.110 Safari/537.36"
80.120.5.131 - - [05/Jan/2022:09:52:56 +0100] "GET /noshop HTTP/1.1" 200 1573 "http://renault.activities.at/noshop" "Mozilla/5.0 (Windows NT 10.0; Win64; x64) AppleWebKit/537.36 (KHTML, like Gecko) Chrome/96.0.4664.110 Safari/537.36"
80.120.210.180 - - [05/Jan/2022:09:53:48 +0100] "GET /reload?ser=1641372830123 HTTP/1.1" 302 140 "http://renault.activities.at/noshop" "Mozilla/5.0 (Windows NT 10.0; Win64; x64) AppleWebKit/537.36 (KHTML, like Gecko) Chrome/96.0.4664.110 Safari/537.36 Edg/96.0.1054.62"
80.120.210.180 - - [05/Jan/2022:09:53:49 +0100] "GET /noshop HTTP/1.1" 200 1573 "http://renault.activities.at/noshop" "Mozilla/5.0 (Windows NT 10.0; Win64; x64) AppleWebKit/537.36 (KHTML, like Gecko) Chrome/96.0.4664.110 Safari/537.36 Edg/96.0.1054.62"
80.120.5.131 - - [05/Jan/2022:09:53:57 +0100] "GET /reload?ser=1641372837780 HTTP/1.1" 302 140 "http://renault.activities.at/noshop" "Mozilla/5.0 (Windows NT 10.0; Win64; x64) AppleWebKit/537.36 (KHTML, like Gecko) Chrome/96.0.4664.110 Safari/537.36"
80.120.5.131 - - [05/Jan/2022:09:53:58 +0100] "GET /noshop HTTP/1.1" 200 1573 "http://renault.activities.at/noshop" "Mozilla/5.0 (Windows NT 10.0; Win64; x64) AppleWebKit/537.36 (KHTML, like Gecko) Chrome/96.0.4664.110 Safari/537.36"
80.120.210.180 - - [05/Jan/2022:09:54:50 +0100] "GET /reload?ser=1641372892118 HTTP/1.1" 302 140 "http://renault.activities.at/noshop" "Mozilla/5.0 (Windows NT 10.0; Win64; x64) AppleWebKit/537.36 (KHTML, like Gecko) Chrome/96.0.4664.110 Safari/537.36 Edg/96.0.1054.62"
80.120.210.180 - - [05/Jan/2022:09:54:51 +0100] "GET /noshop HTTP/1.1" 200 1573 "http://renault.activities.at/noshop" "Mozilla/5.0 (Windows NT 10.0; Win64; x64) AppleWebKit/537.36 (KHTML, like Gecko) Chrome/96.0.4664.110 Safari/537.36 Edg/96.0.1054.62"
80.120.5.131 - - [05/Jan/2022:09:54:59 +0100] "GET /reload?ser=1641372899781 HTTP/1.1" 302 140 "http://renault.activities.at/noshop" "Mozilla/5.0 (Windows NT 10.0; Win64; x64) AppleWebKit/537.36 (KHTML, like Gecko) Chrome/96.0.4664.110 Safari/537.36"
80.120.5.131 - - [05/Jan/2022:09:55:00 +0100] "GET /noshop HTTP/1.1" 200 1573 "http://renault.activities.at/noshop" "Mozilla/5.0 (Windows NT 10.0; Win64; x64) AppleWebKit/537.36 (KHTML, like Gecko) Chrome/96.0.4664.110 Safari/537.36"
80.120.210.180 - - [05/Jan/2022:09:55:52 +0100] "GET /reload?ser=1641372954125 HTTP/1.1" 302 140 "http://renault.activities.at/noshop" "Mozilla/5.0 (Windows NT 10.0; Win64; x64) AppleWebKit/537.36 (KHTML, like Gecko) Chrome/96.0.4664.110 Safari/537.36 Edg/96.0.1054.62"
80.120.210.180 - - [05/Jan/2022:09:55:53 +0100] "GET /noshop HTTP/1.1" 200 1573 "http://renault.activities.at/noshop" "Mozilla/5.0 (Windows NT 10.0; Win64; x64) AppleWebKit/537.36 (KHTML, like Gecko) Chrome/96.0.4664.110 Safari/537.36 Edg/96.0.1054.62"
80.120.5.131 - - [05/Jan/2022:09:56:01 +0100] "GET /reload?ser=1641372961792 HTTP/1.1" 302 140 "http://renault.activities.at/noshop" "Mozilla/5.0 (Windows NT 10.0; Win64; x64) AppleWebKit/537.36 (KHTML, like Gecko) Chrome/96.0.4664.110 Safari/537.36"
80.120.5.131 - - [05/Jan/2022:09:56:02 +0100] "GET /noshop HTTP/1.1" 200 1573 "http://renault.activities.at/noshop" "Mozilla/5.0 (Windows NT 10.0; Win64; x64) AppleWebKit/537.36 (KHTML, like Gecko) Chrome/96.0.4664.110 Safari/537.36"
80.120.210.180 - - [05/Jan/2022:09:56:54 +0100] "GET /reload?ser=1641373016120 HTTP/1.1" 302 140 "http://renault.activities.at/noshop" "Mozilla/5.0 (Windows NT 10.0; Win64; x64) AppleWebKit/537.36 (KHTML, like Gecko) Chrome/96.0.4664.110 Safari/537.36 Edg/96.0.1054.62"
80.120.210.180 - - [05/Jan/2022:09:56:55 +0100] "GET /noshop HTTP/1.1" 200 1573 "http://renault.activities.at/noshop" "Mozilla/5.0 (Windows NT 10.0; Win64; x64) AppleWebKit/537.36 (KHTML, like Gecko) Chrome/96.0.4664.110 Safari/537.36 Edg/96.0.1054.62"
80.120.5.131 - - [05/Jan/2022:09:57:03 +0100] "GET /reload?ser=1641373023791 HTTP/1.1" 302 140 "http://renault.activities.at/noshop" "Mozilla/5.0 (Windows NT 10.0; Win64; x64) AppleWebKit/537.36 (KHTML, like Gecko) Chrome/96.0.4664.110 Safari/537.36"
80.120.5.131 - - [05/Jan/2022:09:57:04 +0100] "GET /noshop HTTP/1.1" 200 1573 "http://renault.activities.at/noshop" "Mozilla/5.0 (Windows NT 10.0; Win64; x64) AppleWebKit/537.36 (KHTML, like Gecko) Chrome/96.0.4664.110 Safari/537.36"
80.120.210.180 - - [05/Jan/2022:09:57:56 +0100] "GET /reload?ser=1641373078116 HTTP/1.1" 302 140 "http://renault.activities.at/noshop" "Mozilla/5.0 (Windows NT 10.0; Win64; x64) AppleWebKit/537.36 (KHTML, like Gecko) Chrome/96.0.4664.110 Safari/537.36 Edg/96.0.1054.62"
80.120.210.180 - - [05/Jan/2022:09:57:57 +0100] "GET /noshop HTTP/1.1" 200 1573 "http://renault.activities.at/noshop" "Mozilla/5.0 (Windows NT 10.0; Win64; x64) AppleWebKit/537.36 (KHTML, like Gecko) Chrome/96.0.4664.110 Safari/537.36 Edg/96.0.1054.62"
80.120.5.131 - - [05/Jan/2022:09:58:05 +0100] "GET /reload?ser=1641373085785 HTTP/1.1" 302 140 "http://renault.activities.at/noshop" "Mozilla/5.0 (Windows NT 10.0; Win64; x64) AppleWebKit/537.36 (KHTML, like Gecko) Chrome/96.0.4664.110 Safari/537.36"
80.120.5.131 - - [05/Jan/2022:09:58:06 +0100] "GET /noshop HTTP/1.1" 200 1573 "http://renault.activities.at/noshop" "Mozilla/5.0 (Windows NT 10.0; Win64; x64) AppleWebKit/537.36 (KHTML, like Gecko) Chrome/96.0.4664.110 Safari/537.36"
80.120.210.180 - - [05/Jan/2022:09:58:58 +0100] "GET /reload?ser=1641373140126 HTTP/1.1" 302 140 "http://renault.activities.at/noshop" "Mozilla/5.0 (Windows NT 10.0; Win64; x64) AppleWebKit/537.36 (KHTML, like Gecko) Chrome/96.0.4664.110 Safari/537.36 Edg/96.0.1054.62"
80.120.210.180 - - [05/Jan/2022:09:58:59 +0100] "GET /noshop HTTP/1.1" 200 1573 "http://renault.activities.at/noshop" "Mozilla/5.0 (Windows NT 10.0; Win64; x64) AppleWebKit/537.36 (KHTML, like Gecko) Chrome/96.0.4664.110 Safari/537.36 Edg/96.0.1054.62"
153.92.113.152 - - [05/Jan/2022:09:59:06 +0100] "GET / HTTP/1.1" 302 140 "-" "Mozilla/5.0 (Windows NT 6.1; Win64; x64) AppleWebKit/537.36 (KHTML, like Gecko) Chrome/96.0.4664.110 Safari/537.36"
80.120.5.131 - - [05/Jan/2022:09:59:07 +0100] "GET /reload?ser=1641373147785 HTTP/1.1" 302 140 "http://renault.activities.at/noshop" "Mozilla/5.0 (Windows NT 10.0; Win64; x64) AppleWebKit/537.36 (KHTML, like Gecko) Chrome/96.0.4664.110 Safari/537.36"
153.92.113.152 - - [05/Jan/2022:09:59:08 +0100] "GET /noshop HTTP/1.1" 200 1573 "-" "Mozilla/5.0 (Windows NT 6.1; Win64; x64) AppleWebKit/537.36 (KHTML, like Gecko) Chrome/96.0.4664.110 Safari/537.36"
153.92.113.152 - - [05/Jan/2022:09:59:09 +0100] "GET /images/favicon.ico HTTP/1.1" 404 305 "http://renault.activities.at/noshop" "Mozilla/5.0 (Windows NT 6.1; Win64; x64) AppleWebKit/537.36 (KHTML, like Gecko) Chrome/96.0.4664.110 Safari/537.36"
80.120.5.131 - - [05/Jan/2022:09:59:08 +0100] "GET /noshop HTTP/1.1" 200 1573 "http://renault.activities.at/noshop" "Mozilla/5.0 (Windows NT 10.0; Win64; x64) AppleWebKit/537.36 (KHTML, like Gecko) Chrome/96.0.4664.110 Safari/537.36"
80.120.210.180 - - [05/Jan/2022:10:00:00 +0100] "GET /reload?ser=1641373202113 HTTP/1.1" 302 140 "http://renault.activities.at/noshop" "Mozilla/5.0 (Windows NT 10.0; Win64; x64) AppleWebKit/537.36 (KHTML, like Gecko) Chrome/96.0.4664.110 Safari/537.36 Edg/96.0.1054.62"
80.120.210.180 - - [05/Jan/2022:10:00:01 +0100] "GET /noshop HTTP/1.1" 200 1573 "http://renault.activities.at/noshop" "Mozilla/5.0 (Windows NT 10.0; Win64; x64) AppleWebKit/537.36 (KHTML, like Gecko) Chrome/96.0.4664.110 Safari/537.36 Edg/96.0.1054.62"
80.120.5.131 - - [05/Jan/2022:10:00:09 +0100] "GET /reload?ser=1641373209792 HTTP/1.1" 302 140 "http://renault.activities.at/noshop" "Mozilla/5.0 (Windows NT 10.0; Win64; x64) AppleWebKit/537.36 (KHTML, like Gecko) Chrome/96.0.4664.110 Safari/537.36"
80.120.5.131 - - [05/Jan/2022:10:00:10 +0100] "GET /noshop HTTP/1.1" 200 1573 "http://renault.activities.at/noshop" "Mozilla/5.0 (Windows NT 10.0; Win64; x64) AppleWebKit/537.36 (KHTML, like Gecko) Chrome/96.0.4664.110 Safari/537.36"
80.120.210.180 - - [05/Jan/2022:10:01:02 +0100] "GET /reload?ser=1641373264125 HTTP/1.1" 302 140 "http://renault.activities.at/noshop" "Mozilla/5.0 (Windows NT 10.0; Win64; x64) AppleWebKit/537.36 (KHTML, like Gecko) Chrome/96.0.4664.110 Safari/537.36 Edg/96.0.1054.62"
80.120.210.180 - - [05/Jan/2022:10:01:03 +0100] "GET /noshop HTTP/1.1" 200 1573 "http://renault.activities.at/noshop" "Mozilla/5.0 (Windows NT 10.0; Win64; x64) AppleWebKit/537.36 (KHTML, like Gecko) Chrome/96.0.4664.110 Safari/537.36 Edg/96.0.1054.62"
80.120.5.131 - - [05/Jan/2022:10:01:12 +0100] "GET /reload?ser=1641373271798 HTTP/1.1" 302 140 "http://renault.activities.at/noshop" "Mozilla/5.0 (Windows NT 10.0; Win64; x64) AppleWebKit/537.36 (KHTML, like Gecko) Chrome/96.0.4664.110 Safari/537.36"
80.120.5.131 - - [05/Jan/2022:10:01:12 +0100] "GET /noshop HTTP/1.1" 200 1573 "http://renault.activities.at/noshop" "Mozilla/5.0 (Windows NT 10.0; Win64; x64) AppleWebKit/537.36 (KHTML, like Gecko) Chrome/96.0.4664.110 Safari/537.36"
80.120.210.180 - - [05/Jan/2022:10:02:04 +0100] "GET /reload?ser=1641373326118 HTTP/1.1" 302 140 "http://renault.activities.at/noshop" "Mozilla/5.0 (Windows NT 10.0; Win64; x64) AppleWebKit/537.36 (KHTML, like Gecko) Chrome/96.0.4664.110 Safari/537.36 Edg/96.0.1054.62"
80.120.210.180 - - [05/Jan/2022:10:02:05 +0100] "GET /noshop HTTP/1.1" 200 1573 "http://renault.activities.at/noshop" "Mozilla/5.0 (Windows NT 10.0; Win64; x64) AppleWebKit/537.36 (KHTML, like Gecko) Chrome/96.0.4664.110 Safari/537.36 Edg/96.0.1054.62"
80.120.5.131 - - [05/Jan/2022:10:02:14 +0100] "GET /reload?ser=1641373334791 HTTP/1.1" 302 140 "http://renault.activities.at/noshop" "Mozilla/5.0 (Windows NT 10.0; Win64; x64) AppleWebKit/537.36 (KHTML, like Gecko) Chrome/96.0.4664.110 Safari/537.36"
80.120.5.131 - - [05/Jan/2022:10:02:15 +0100] "GET /noshop HTTP/1.1" 200 1573 "http://renault.activities.at/noshop" "Mozilla/5.0 (Windows NT 10.0; Win64; x64) AppleWebKit/537.36 (KHTML, like Gecko) Chrome/96.0.4664.110 Safari/537.36"
66.249.66.76 - - [05/Jan/2022:10:03:03 +0100] "GET /forgotpassword HTTP/1.1" 302 140 "-" "Mozilla/5.0 (Linux; Android 6.0.1; Nexus 5X Build/MMB29P) AppleWebKit/537.36 (KHTML, like Gecko) Chrome/96.0.4664.93 Mobile Safari/537.36 (compatible; Googlebot/2.1; +http://www.google.com/bot.html)"
66.249.66.77 - - [05/Jan/2022:10:03:04 +0100] "GET /noshop HTTP/1.1" 200 1573 "-" "Mozilla/5.0 (Linux; Android 6.0.1; Nexus 5X Build/MMB29P) AppleWebKit/537.36 (KHTML, like Gecko) Chrome/96.0.4664.93 Mobile Safari/537.36 (compatible; Googlebot/2.1; +http://www.google.com/bot.html)"
80.120.210.180 - - [05/Jan/2022:10:03:06 +0100] "GET /reload?ser=1641373388115 HTTP/1.1" 302 140 "http://renault.activities.at/noshop" "Mozilla/5.0 (Windows NT 10.0; Win64; x64) AppleWebKit/537.36 (KHTML, like Gecko) Chrome/96.0.4664.110 Safari/537.36 Edg/96.0.1054.62"
80.120.210.180 - - [05/Jan/2022:10:03:07 +0100] "GET /noshop HTTP/1.1" 200 1573 "http://renault.activities.at/noshop" "Mozilla/5.0 (Windows NT 10.0; Win64; x64) AppleWebKit/537.36 (KHTML, like Gecko) Chrome/96.0.4664.110 Safari/537.36 Edg/96.0.1054.62"
80.120.5.131 - - [05/Jan/2022:10:03:16 +0100] "GET /reload?ser=1641373396790 HTTP/1.1" 302 140 "http://renault.activities.at/noshop" "Mozilla/5.0 (Windows NT 10.0; Win64; x64) AppleWebKit/537.36 (KHTML, like Gecko) Chrome/96.0.4664.110 Safari/537.36"
80.120.5.131 - - [05/Jan/2022:10:03:17 +0100] "GET /noshop HTTP/1.1" 200 1573 "http://renault.activities.at/noshop" "Mozilla/5.0 (Windows NT 10.0; Win64; x64) AppleWebKit/537.36 (KHTML, like Gecko) Chrome/96.0.4664.110 Safari/537.36"
80.120.210.180 - - [05/Jan/2022:10:04:08 +0100] "GET /reload?ser=1641373450121 HTTP/1.1" 302 140 "http://renault.activities.at/noshop" "Mozilla/5.0 (Windows NT 10.0; Win64; x64) AppleWebKit/537.36 (KHTML, like Gecko) Chrome/96.0.4664.110 Safari/537.36 Edg/96.0.1054.62"
80.120.210.180 - - [05/Jan/2022:10:04:09 +0100] "GET /noshop HTTP/1.1" 200 1573 "http://renault.activities.at/noshop" "Mozilla/5.0 (Windows NT 10.0; Win64; x64) AppleWebKit/537.36 (KHTML, like Gecko) Chrome/96.0.4664.110 Safari/537.36 Edg/96.0.1054.62"
80.120.5.131 - - [05/Jan/2022:10:04:18 +0100] "GET /reload?ser=1641373458792 HTTP/1.1" 302 140 "http://renault.activities.at/noshop" "Mozilla/5.0 (Windows NT 10.0; Win64; x64) AppleWebKit/537.36 (KHTML, like Gecko) Chrome/96.0.4664.110 Safari/537.36"
80.120.5.131 - - [05/Jan/2022:10:04:19 +0100] "GET /noshop HTTP/1.1" 200 1573 "http://renault.activities.at/noshop" "Mozilla/5.0 (Windows NT 10.0; Win64; x64) AppleWebKit/537.36 (KHTML, like Gecko) Chrome/96.0.4664.110 Safari/537.36"
80.120.210.180 - - [05/Jan/2022:10:05:10 +0100] "GET /reload?ser=1641373512112 HTTP/1.1" 302 140 "http://renault.activities.at/noshop" "Mozilla/5.0 (Windows NT 10.0; Win64; x64) AppleWebKit/537.36 (KHTML, like Gecko) Chrome/96.0.4664.110 Safari/537.36 Edg/96.0.1054.62"
80.120.210.180 - - [05/Jan/2022:10:05:11 +0100] "GET /noshop HTTP/1.1" 200 1573 "http://renault.activities.at/noshop" "Mozilla/5.0 (Windows NT 10.0; Win64; x64) AppleWebKit/537.36 (KHTML, like Gecko) Chrome/96.0.4664.110 Safari/537.36 Edg/96.0.1054.62"
80.120.5.131 - - [05/Jan/2022:10:05:20 +0100] "GET /reload?ser=1641373520803 HTTP/1.1" 302 140 "http://renault.activities.at/noshop" "Mozilla/5.0 (Windows NT 10.0; Win64; x64) AppleWebKit/537.36 (KHTML, like Gecko) Chrome/96.0.4664.110 Safari/537.36"
80.120.5.131 - - [05/Jan/2022:10:05:21 +0100] "GET /noshop HTTP/1.1" 200 1573 "http://renault.activities.at/noshop" "Mozilla/5.0 (Windows NT 10.0; Win64; x64) AppleWebKit/537.36 (KHTML, like Gecko) Chrome/96.0.4664.110 Safari/537.36"
80.120.210.180 - - [05/Jan/2022:10:06:12 +0100] "GET /reload?ser=1641373574113 HTTP/1.1" 302 140 "http://renault.activities.at/noshop" "Mozilla/5.0 (Windows NT 10.0; Win64; x64) AppleWebKit/537.36 (KHTML, like Gecko) Chrome/96.0.4664.110 Safari/537.36 Edg/96.0.1054.62"
80.120.210.180 - - [05/Jan/2022:10:06:13 +0100] "GET /noshop HTTP/1.1" 200 1573 "http://renault.activities.at/noshop" "Mozilla/5.0 (Windows NT 10.0; Win64; x64) AppleWebKit/537.36 (KHTML, like Gecko) Chrome/96.0.4664.110 Safari/537.36 Edg/96.0.1054.62"
80.120.5.131 - - [05/Jan/2022:10:06:22 +0100] "GET /reload?ser=1641373582794 HTTP/1.1" 302 140 "http://renault.activities.at/noshop" "Mozilla/5.0 (Windows NT 10.0; Win64; x64) AppleWebKit/537.36 (KHTML, like Gecko) Chrome/96.0.4664.110 Safari/537.36"
80.120.5.131 - - [05/Jan/2022:10:06:23 +0100] "GET /noshop HTTP/1.1" 200 1573 "http://renault.activities.at/noshop" "Mozilla/5.0 (Windows NT 10.0; Win64; x64) AppleWebKit/537.36 (KHTML, like Gecko) Chrome/96.0.4664.110 Safari/537.36"
80.120.210.180 - - [05/Jan/2022:10:07:14 +0100] "GET /reload?ser=1641373636122 HTTP/1.1" 302 140 "http://renault.activities.at/noshop" "Mozilla/5.0 (Windows NT 10.0; Win64; x64) AppleWebKit/537.36 (KHTML, like Gecko) Chrome/96.0.4664.110 Safari/537.36 Edg/96.0.1054.62"
80.120.210.180 - - [05/Jan/2022:10:07:15 +0100] "GET /noshop HTTP/1.1" 200 1573 "http://renault.activities.at/noshop" "Mozilla/5.0 (Windows NT 10.0; Win64; x64) AppleWebKit/537.36 (KHTML, like Gecko) Chrome/96.0.4664.110 Safari/537.36 Edg/96.0.1054.62"
80.120.5.131 - - [05/Jan/2022:10:07:24 +0100] "GET /reload?ser=1641373644795 HTTP/1.1" 302 140 "http://renault.activities.at/noshop" "Mozilla/5.0 (Windows NT 10.0; Win64; x64) AppleWebKit/537.36 (KHTML, like Gecko) Chrome/96.0.4664.110 Safari/537.36"
80.120.5.131 - - [05/Jan/2022:10:07:25 +0100] "GET /noshop HTTP/1.1" 200 1573 "http://renault.activities.at/noshop" "Mozilla/5.0 (Windows NT 10.0; Win64; x64) AppleWebKit/537.36 (KHTML, like Gecko) Chrome/96.0.4664.110 Safari/537.36"
80.120.210.180 - - [05/Jan/2022:10:08:16 +0100] "GET /reload?ser=1641373698117 HTTP/1.1" 302 140 "http://renault.activities.at/noshop" "Mozilla/5.0 (Windows NT 10.0; Win64; x64) AppleWebKit/537.36 (KHTML, like Gecko) Chrome/96.0.4664.110 Safari/537.36 Edg/96.0.1054.62"
80.120.210.180 - - [05/Jan/2022:10:08:17 +0100] "GET /noshop HTTP/1.1" 200 1573 "http://renault.activities.at/noshop" "Mozilla/5.0 (Windows NT 10.0; Win64; x64) AppleWebKit/537.36 (KHTML, like Gecko) Chrome/96.0.4664.110 Safari/537.36 Edg/96.0.1054.62"
80.120.5.131 - - [05/Jan/2022:10:08:26 +0100] "GET /reload?ser=1641373706800 HTTP/1.1" 302 140 "http://renault.activities.at/noshop" "Mozilla/5.0 (Windows NT 10.0; Win64; x64) AppleWebKit/537.36 (KHTML, like Gecko) Chrome/96.0.4664.110 Safari/537.36"
80.120.5.131 - - [05/Jan/2022:10:08:27 +0100] "GET /noshop HTTP/1.1" 200 1573 "http://renault.activities.at/noshop" "Mozilla/5.0 (Windows NT 10.0; Win64; x64) AppleWebKit/537.36 (KHTML, like Gecko) Chrome/96.0.4664.110 Safari/537.36"
80.120.210.180 - - [05/Jan/2022:10:09:18 +0100] "GET /reload?ser=1641373760119 HTTP/1.1" 302 140 "http://renault.activities.at/noshop" "Mozilla/5.0 (Windows NT 10.0; Win64; x64) AppleWebKit/537.36 (KHTML, like Gecko) Chrome/96.0.4664.110 Safari/537.36 Edg/96.0.1054.62"
80.120.210.180 - - [05/Jan/2022:10:09:19 +0100] "GET /noshop HTTP/1.1" 200 1573 "http://renault.activities.at/noshop" "Mozilla/5.0 (Windows NT 10.0; Win64; x64) AppleWebKit/537.36 (KHTML, like Gecko) Chrome/96.0.4664.110 Safari/537.36 Edg/96.0.1054.62"
80.120.5.131 - - [05/Jan/2022:10:09:28 +0100] "GET /reload?ser=1641373768797 HTTP/1.1" 302 140 "http://renault.activities.at/noshop" "Mozilla/5.0 (Windows NT 10.0; Win64; x64) AppleWebKit/537.36 (KHTML, like Gecko) Chrome/96.0.4664.110 Safari/537.36"
80.120.5.131 - - [05/Jan/2022:10:09:29 +0100] "GET /noshop HTTP/1.1" 200 1573 "http://renault.activities.at/noshop" "Mozilla/5.0 (Windows NT 10.0; Win64; x64) AppleWebKit/537.36 (KHTML, like Gecko) Chrome/96.0.4664.110 Safari/537.36"
80.120.210.180 - - [05/Jan/2022:10:10:20 +0100] "GET /reload?ser=1641373822122 HTTP/1.1" 302 140 "http://renault.activities.at/noshop" "Mozilla/5.0 (Windows NT 10.0; Win64; x64) AppleWebKit/537.36 (KHTML, like Gecko) Chrome/96.0.4664.110 Safari/537.36 Edg/96.0.1054.62"
80.120.210.180 - - [05/Jan/2022:10:10:21 +0100] "GET /noshop HTTP/1.1" 200 1573 "http://renault.activities.at/noshop" "Mozilla/5.0 (Windows NT 10.0; Win64; x64) AppleWebKit/537.36 (KHTML, like Gecko) Chrome/96.0.4664.110 Safari/537.36 Edg/96.0.1054.62"
80.120.5.131 - - [05/Jan/2022:10:10:30 +0100] "GET /reload?ser=1641373830798 HTTP/1.1" 302 140 "http://renault.activities.at/noshop" "Mozilla/5.0 (Windows NT 10.0; Win64; x64) AppleWebKit/537.36 (KHTML, like Gecko) Chrome/96.0.4664.110 Safari/537.36"
80.120.5.131 - - [05/Jan/2022:10:10:31 +0100] "GET /noshop HTTP/1.1" 200 1573 "http://renault.activities.at/noshop" "Mozilla/5.0 (Windows NT 10.0; Win64; x64) AppleWebKit/537.36 (KHTML, like Gecko) Chrome/96.0.4664.110 Safari/537.36"
80.120.210.180 - - [05/Jan/2022:10:11:22 +0100] "GET /reload?ser=1641373884110 HTTP/1.1" 302 140 "http://renault.activities.at/noshop" "Mozilla/5.0 (Windows NT 10.0; Win64; x64) AppleWebKit/537.36 (KHTML, like Gecko) Chrome/96.0.4664.110 Safari/537.36 Edg/96.0.1054.62"
80.120.210.180 - - [05/Jan/2022:10:11:23 +0100] "GET /noshop HTTP/1.1" 200 1573 "http://renault.activities.at/noshop" "Mozilla/5.0 (Windows NT 10.0; Win64; x64) AppleWebKit/537.36 (KHTML, like Gecko) Chrome/96.0.4664.110 Safari/537.36 Edg/96.0.1054.62"
80.120.5.131 - - [05/Jan/2022:10:11:32 +0100] "GET /reload?ser=1641373892799 HTTP/1.1" 302 140 "http://renault.activities.at/noshop" "Mozilla/5.0 (Windows NT 10.0; Win64; x64) AppleWebKit/537.36 (KHTML, like Gecko) Chrome/96.0.4664.110 Safari/537.36"
80.120.5.131 - - [05/Jan/2022:10:11:33 +0100] "GET /noshop HTTP/1.1" 200 1573 "http://renault.activities.at/noshop" "Mozilla/5.0 (Windows NT 10.0; Win64; x64) AppleWebKit/537.36 (KHTML, like Gecko) Chrome/96.0.4664.110 Safari/537.36"
80.120.210.180 - - [05/Jan/2022:10:12:24 +0100] "GET /reload?ser=1641373946123 HTTP/1.1" 302 140 "http://renault.activities.at/noshop" "Mozilla/5.0 (Windows NT 10.0; Win64; x64) AppleWebKit/537.36 (KHTML, like Gecko) Chrome/96.0.4664.110 Safari/537.36 Edg/96.0.1054.62"
80.120.210.180 - - [05/Jan/2022:10:12:25 +0100] "GET /noshop HTTP/1.1" 200 1573 "http://renault.activities.at/noshop" "Mozilla/5.0 (Windows NT 10.0; Win64; x64) AppleWebKit/537.36 (KHTML, like Gecko) Chrome/96.0.4664.110 Safari/537.36 Edg/96.0.1054.62"
80.120.5.131 - - [05/Jan/2022:10:12:34 +0100] "GET /reload?ser=1641373954800 HTTP/1.1" 302 140 "http://renault.activities.at/noshop" "Mozilla/5.0 (Windows NT 10.0; Win64; x64) AppleWebKit/537.36 (KHTML, like Gecko) Chrome/96.0.4664.110 Safari/537.36"
80.120.5.131 - - [05/Jan/2022:10:12:35 +0100] "GET /noshop HTTP/1.1" 200 1573 "http://renault.activities.at/noshop" "Mozilla/5.0 (Windows NT 10.0; Win64; x64) AppleWebKit/537.36 (KHTML, like Gecko) Chrome/96.0.4664.110 Safari/537.36"
80.120.210.180 - - [05/Jan/2022:10:13:26 +0100] "GET /reload?ser=1641374008119 HTTP/1.1" 302 140 "http://renault.activities.at/noshop" "Mozilla/5.0 (Windows NT 10.0; Win64; x64) AppleWebKit/537.36 (KHTML, like Gecko) Chrome/96.0.4664.110 Safari/537.36 Edg/96.0.1054.62"
80.120.210.180 - - [05/Jan/2022:10:13:27 +0100] "GET /noshop HTTP/1.1" 200 1573 "http://renault.activities.at/noshop" "Mozilla/5.0 (Windows NT 10.0; Win64; x64) AppleWebKit/537.36 (KHTML, like Gecko) Chrome/96.0.4664.110 Safari/537.36 Edg/96.0.1054.62"
80.120.5.131 - - [05/Jan/2022:10:13:36 +0100] "GET /reload?ser=1641374016821 HTTP/1.1" 302 140 "http://renault.activities.at/noshop" "Mozilla/5.0 (Windows NT 10.0; Win64; x64) AppleWebKit/537.36 (KHTML, like Gecko) Chrome/96.0.4664.110 Safari/537.36"
80.120.5.131 - - [05/Jan/2022:10:13:37 +0100] "GET /noshop HTTP/1.1" 200 1573 "http://renault.activities.at/noshop" "Mozilla/5.0 (Windows NT 10.0; Win64; x64) AppleWebKit/537.36 (KHTML, like Gecko) Chrome/96.0.4664.110 Safari/537.36"
80.120.210.180 - - [05/Jan/2022:10:14:28 +0100] "GET /reload?ser=1641374070123 HTTP/1.1" 302 140 "http://renault.activities.at/noshop" "Mozilla/5.0 (Windows NT 10.0; Win64; x64) AppleWebKit/537.36 (KHTML, like Gecko) Chrome/96.0.4664.110 Safari/537.36 Edg/96.0.1054.62"
80.120.210.180 - - [05/Jan/2022:10:14:29 +0100] "GET /noshop HTTP/1.1" 200 1573 "http://renault.activities.at/noshop" "Mozilla/5.0 (Windows NT 10.0; Win64; x64) AppleWebKit/537.36 (KHTML, like Gecko) Chrome/96.0.4664.110 Safari/537.36 Edg/96.0.1054.62"
80.120.5.131 - - [05/Jan/2022:10:14:38 +0100] "GET /reload?ser=1641374078802 HTTP/1.1" 302 140 "http://renault.activities.at/noshop" "Mozilla/5.0 (Windows NT 10.0; Win64; x64) AppleWebKit/537.36 (KHTML, like Gecko) Chrome/96.0.4664.110 Safari/537.36"
80.120.5.131 - - [05/Jan/2022:10:14:39 +0100] "GET /noshop HTTP/1.1" 200 1573 "http://renault.activities.at/noshop" "Mozilla/5.0 (Windows NT 10.0; Win64; x64) AppleWebKit/537.36 (KHTML, like Gecko) Chrome/96.0.4664.110 Safari/537.36"
80.120.210.180 - - [05/Jan/2022:10:15:30 +0100] "GET /reload?ser=1641374132113 HTTP/1.1" 302 140 "http://renault.activities.at/noshop" "Mozilla/5.0 (Windows NT 10.0; Win64; x64) AppleWebKit/537.36 (KHTML, like Gecko) Chrome/96.0.4664.110 Safari/537.36 Edg/96.0.1054.62"
80.120.210.180 - - [05/Jan/2022:10:15:31 +0100] "GET /noshop HTTP/1.1" 200 1573 "http://renault.activities.at/noshop" "Mozilla/5.0 (Windows NT 10.0; Win64; x64) AppleWebKit/537.36 (KHTML, like Gecko) Chrome/96.0.4664.110 Safari/537.36 Edg/96.0.1054.62"
80.120.5.131 - - [05/Jan/2022:10:15:40 +0100] "GET /reload?ser=1641374140812 HTTP/1.1" 302 140 "http://renault.activities.at/noshop" "Mozilla/5.0 (Windows NT 10.0; Win64; x64) AppleWebKit/537.36 (KHTML, like Gecko) Chrome/96.0.4664.110 Safari/537.36"
80.120.5.131 - - [05/Jan/2022:10:15:41 +0100] "GET /noshop HTTP/1.1" 200 1573 "http://renault.activities.at/noshop" "Mozilla/5.0 (Windows NT 10.0; Win64; x64) AppleWebKit/537.36 (KHTML, like Gecko) Chrome/96.0.4664.110 Safari/537.36"
80.120.210.180 - - [05/Jan/2022:10:16:32 +0100] "GET /reload?ser=1641374194111 HTTP/1.1" 302 140 "http://renault.activities.at/noshop" "Mozilla/5.0 (Windows NT 10.0; Win64; x64) AppleWebKit/537.36 (KHTML, like Gecko) Chrome/96.0.4664.110 Safari/537.36 Edg/96.0.1054.62"
80.120.210.180 - - [05/Jan/2022:10:16:33 +0100] "GET /noshop HTTP/1.1" 200 1573 "http://renault.activities.at/noshop" "Mozilla/5.0 (Windows NT 10.0; Win64; x64) AppleWebKit/537.36 (KHTML, like Gecko) Chrome/96.0.4664.110 Safari/537.36 Edg/96.0.1054.62"
80.120.5.131 - - [05/Jan/2022:10:16:42 +0100] "GET /reload?ser=1641374202804 HTTP/1.1" 302 140 "http://renault.activities.at/noshop" "Mozilla/5.0 (Windows NT 10.0; Win64; x64) AppleWebKit/537.36 (KHTML, like Gecko) Chrome/96.0.4664.110 Safari/537.36"
80.120.5.131 - - [05/Jan/2022:10:16:43 +0100] "GET /noshop HTTP/1.1" 200 1573 "http://renault.activities.at/noshop" "Mozilla/5.0 (Windows NT 10.0; Win64; x64) AppleWebKit/537.36 (KHTML, like Gecko) Chrome/96.0.4664.110 Safari/537.36"
91.112.95.54 - - [05/Jan/2022:10:17:17 +0100] "GET /layout.php HTTP/1.1" 302 140 "-" "Mozilla/5.0 (Windows NT 10.0; Win64; x64) AppleWebKit/537.36 (KHTML, like Gecko) Chrome/96.0.4664.110 Safari/537.36"
91.112.95.54 - - [05/Jan/2022:10:17:19 +0100] "GET /noshop HTTP/1.1" 200 1573 "-" "Mozilla/5.0 (Windows NT 10.0; Win64; x64) AppleWebKit/537.36 (KHTML, like Gecko) Chrome/96.0.4664.110 Safari/537.36"
91.112.95.54 - - [05/Jan/2022:10:17:20 +0100] "GET /css/reset.css HTTP/1.1" 200 1356 "http://renault.activities.at/noshop" "Mozilla/5.0 (Windows NT 10.0; Win64; x64) AppleWebKit/537.36 (KHTML, like Gecko) Chrome/96.0.4664.110 Safari/537.36"
91.112.95.54 - - [05/Jan/2022:10:17:20 +0100] "GET /css/prototip.css HTTP/1.1" 200 968 "http://renault.activities.at/noshop" "Mozilla/5.0 (Windows NT 10.0; Win64; x64) AppleWebKit/537.36 (KHTML, like Gecko) Chrome/96.0.4664.110 Safari/537.36"
91.112.95.54 - - [05/Jan/2022:10:17:20 +0100] "GET /css/clears.css HTTP/1.1" 200 851 "http://renault.activities.at/noshop" "Mozilla/5.0 (Windows NT 10.0; Win64; x64) AppleWebKit/537.36 (KHTML, like Gecko) Chrome/96.0.4664.110 Safari/537.36"
91.112.95.54 - - [05/Jan/2022:10:17:20 +0100] "GET /css/styles.css HTTP/1.1" 200 14664 "http://renault.activities.at/noshop" "Mozilla/5.0 (Windows NT 10.0; Win64; x64) AppleWebKit/537.36 (KHTML, like Gecko) Chrome/96.0.4664.110 Safari/537.36"
91.112.95.54 - - [05/Jan/2022:10:17:20 +0100] "GET /css/themes/default.css HTTP/1.1" 200 769 "http://renault.activities.at/noshop" "Mozilla/5.0 (Windows NT 10.0; Win64; x64) AppleWebKit/537.36 (KHTML, like Gecko) Chrome/96.0.4664.110 Safari/537.36"
91.112.95.54 - - [05/Jan/2022:10:17:21 +0100] "GET /js/default.js HTTP/1.1" 200 14698 "http://renault.activities.at/noshop" "Mozilla/5.0 (Windows NT 10.0; Win64; x64) AppleWebKit/537.36 (KHTML, like Gecko) Chrome/96.0.4664.110 Safari/537.36"
91.112.95.54 - - [05/Jan/2022:10:17:21 +0100] "GET /js/checkout.css HTTP/1.1" 200 359 "http://renault.activities.at/noshop" "Mozilla/5.0 (Windows NT 10.0; Win64; x64) AppleWebKit/537.36 (KHTML, like Gecko) Chrome/96.0.4664.110 Safari/537.36"
91.112.95.54 - - [05/Jan/2022:10:17:21 +0100] "GET /css/themes/alphacube.css HTTP/1.1" 200 743 "http://renault.activities.at/noshop" "Mozilla/5.0 (Windows NT 10.0; Win64; x64) AppleWebKit/537.36 (KHTML, like Gecko) Chrome/96.0.4664.110 Safari/537.36"
91.112.95.54 - - [05/Jan/2022:10:17:21 +0100] "GET /js/index.php?c=auto&f=,prototype/prototype.js,prototype/validation.js,scriptaculous/builder.js,scriptaculous/effects.js,scriptaculous/dragdrop.js,scriptaculous/controls.js,scriptaculous/slider.js,varien/js.js,varien/form.js,varien/menu.js,mage/translate.js,mage/cookies.js,varien/product.js,spinner/SpinnerControl.jsmin.js,prototype/window.js,prototype/window_ext.js HTTP/1.1" 200 94182 "http://renault.activities.at/noshop" "Mozilla/5.0 (Windows NT 10.0; Win64; x64) AppleWebKit/537.36 (KHTML, like Gecko) Chrome/96.0.4664.110 Safari/537.36"
91.112.95.54 - - [05/Jan/2022:10:17:21 +0100] "GET /images/main_block_border.gif HTTP/1.1" 200 43 "http://renault.activities.at/css/styles.css" "Mozilla/5.0 (Windows NT 10.0; Win64; x64) AppleWebKit/537.36 (KHTML, like Gecko) Chrome/96.0.4664.110 Safari/537.36"
91.112.95.54 - - [05/Jan/2022:10:17:21 +0100] "GET /images/main_block_corner_left_bot.gif HTTP/1.1" 200 159 "http://renault.activities.at/css/styles.css" "Mozilla/5.0 (Windows NT 10.0; Win64; x64) AppleWebKit/537.36 (KHTML, like Gecko) Chrome/96.0.4664.110 Safari/537.36"
91.112.95.54 - - [05/Jan/2022:10:17:21 +0100] "GET /images/header_block_border.gif HTTP/1.1" 200 43 "http://renault.activities.at/css/styles.css" "Mozilla/5.0 (Windows NT 10.0; Win64; x64) AppleWebKit/537.36 (KHTML, like Gecko) Chrome/96.0.4664.110 Safari/537.36"
91.112.95.54 - - [05/Jan/2022:10:17:21 +0100] "GET /images/main_block_corner_right_bot.gif HTTP/1.1" 200 158 "http://renault.activities.at/css/styles.css" "Mozilla/5.0 (Windows NT 10.0; Win64; x64) AppleWebKit/537.36 (KHTML, like Gecko) Chrome/96.0.4664.110 Safari/537.36"
91.112.95.54 - - [05/Jan/2022:10:17:22 +0100] "GET /images/header_block_corner_left_top.gif HTTP/1.1" 200 160 "http://renault.activities.at/css/styles.css" "Mozilla/5.0 (Windows NT 10.0; Win64; x64) AppleWebKit/537.36 (KHTML, like Gecko) Chrome/96.0.4664.110 Safari/537.36"
91.112.95.54 - - [05/Jan/2022:10:17:22 +0100] "GET /css/print.css HTTP/1.1" 200 543 "http://renault.activities.at/noshop" "Mozilla/5.0 (Windows NT 10.0; Win64; x64) AppleWebKit/537.36 (KHTML, like Gecko) Chrome/96.0.4664.110 Safari/537.36"
91.112.95.54 - - [05/Jan/2022:10:17:22 +0100] "GET /images/main_block_corner_right_top.gif HTTP/1.1" 200 159 "http://renault.activities.at/css/styles.css" "Mozilla/5.0 (Windows NT 10.0; Win64; x64) AppleWebKit/537.36 (KHTML, like Gecko) Chrome/96.0.4664.110 Safari/537.36"
91.112.95.54 - - [05/Jan/2022:10:17:22 +0100] "GET /images/header_block_corner_right_top.gif HTTP/1.1" 200 160 "http://renault.activities.at/css/styles.css" "Mozilla/5.0 (Windows NT 10.0; Win64; x64) AppleWebKit/537.36 (KHTML, like Gecko) Chrome/96.0.4664.110 Safari/537.36"
91.112.95.54 - - [05/Jan/2022:10:17:22 +0100] "GET /images/title_corner_left_top.jpg HTTP/1.1" 200 372 "http://renault.activities.at/css/styles.css" "Mozilla/5.0 (Windows NT 10.0; Win64; x64) AppleWebKit/537.36 (KHTML, like Gecko) Chrome/96.0.4664.110 Safari/537.36"
91.112.95.54 - - [05/Jan/2022:10:17:22 +0100] "GET /images/title_border.jpg HTTP/1.1" 200 304 "http://renault.activities.at/css/styles.css" "Mozilla/5.0 (Windows NT 10.0; Win64; x64) AppleWebKit/537.36 (KHTML, like Gecko) Chrome/96.0.4664.110 Safari/537.36"
91.112.95.54 - - [05/Jan/2022:10:17:22 +0100] "GET /images/main_block_corner_left_top.gif HTTP/1.1" 200 159 "http://renault.activities.at/css/styles.css" "Mozilla/5.0 (Windows NT 10.0; Win64; x64) AppleWebKit/537.36 (KHTML, like Gecko) Chrome/96.0.4664.110 Safari/537.36"
91.112.95.54 - - [05/Jan/2022:10:17:22 +0100] "GET /images/title_border_top.jpg HTTP/1.1" 200 336 "http://renault.activities.at/css/styles.css" "Mozilla/5.0 (Windows NT 10.0; Win64; x64) AppleWebKit/537.36 (KHTML, like Gecko) Chrome/96.0.4664.110 Safari/537.36"
91.112.95.54 - - [05/Jan/2022:10:17:22 +0100] "GET /images/title_corner_right_top.jpg HTTP/1.1" 200 389 "http://renault.activities.at/css/styles.css" "Mozilla/5.0 (Windows NT 10.0; Win64; x64) AppleWebKit/537.36 (KHTML, like Gecko) Chrome/96.0.4664.110 Safari/537.36"
91.112.95.54 - - [05/Jan/2022:10:17:22 +0100] "GET /loadthumbnail.php?id=11127982 HTTP/1.1" 200 399614 "http://renault.activities.at/noshop" "Mozilla/5.0 (Windows NT 10.0; Win64; x64) AppleWebKit/537.36 (KHTML, like Gecko) Chrome/96.0.4664.110 Safari/537.36"
91.112.95.54 - - [05/Jan/2022:10:17:23 +0100] "GET /images/favicon.ico HTTP/1.1" 404 305 "http://renault.activities.at/noshop" "Mozilla/5.0 (Windows NT 10.0; Win64; x64) AppleWebKit/537.36 (KHTML, like Gecko) Chrome/96.0.4664.110 Safari/537.36"
91.112.95.54 - - [05/Jan/2022:10:17:29 +0100] "GET /login HTTP/1.1" 302 140 "http://renault.activities.at/noshop" "Mozilla/5.0 (Windows NT 10.0; Win64; x64) AppleWebKit/537.36 (KHTML, like Gecko) Chrome/96.0.4664.110 Safari/537.36"
91.112.95.54 - - [05/Jan/2022:10:17:30 +0100] "GET /noshop HTTP/1.1" 200 1573 "http://renault.activities.at/noshop" "Mozilla/5.0 (Windows NT 10.0; Win64; x64) AppleWebKit/537.36 (KHTML, like Gecko) Chrome/96.0.4664.110 Safari/537.36"
91.112.95.54 - - [05/Jan/2022:10:17:33 +0100] "GET /login HTTP/1.1" 302 140 "http://renault.activities.at/noshop" "Mozilla/5.0 (Windows NT 10.0; Win64; x64) AppleWebKit/537.36 (KHTML, like Gecko) Chrome/96.0.4664.110 Safari/537.36"
80.120.210.180 - - [05/Jan/2022:10:17:34 +0100] "GET /reload?ser=1641374256115 HTTP/1.1" 302 140 "http://renault.activities.at/noshop" "Mozilla/5.0 (Windows NT 10.0; Win64; x64) AppleWebKit/537.36 (KHTML, like Gecko) Chrome/96.0.4664.110 Safari/537.36 Edg/96.0.1054.62"
91.112.95.54 - - [05/Jan/2022:10:17:34 +0100] "GET /noshop HTTP/1.1" 200 1573 "http://renault.activities.at/noshop" "Mozilla/5.0 (Windows NT 10.0; Win64; x64) AppleWebKit/537.36 (KHTML, like Gecko) Chrome/96.0.4664.110 Safari/537.36"
80.120.210.180 - - [05/Jan/2022:10:17:35 +0100] "GET /noshop HTTP/1.1" 200 1573 "http://renault.activities.at/noshop" "Mozilla/5.0 (Windows NT 10.0; Win64; x64) AppleWebKit/537.36 (KHTML, like Gecko) Chrome/96.0.4664.110 Safari/537.36 Edg/96.0.1054.62"
80.120.5.131 - - [05/Jan/2022:10:17:44 +0100] "GET /reload?ser=1641374264805 HTTP/1.1" 302 140 "http://renault.activities.at/noshop" "Mozilla/5.0 (Windows NT 10.0; Win64; x64) AppleWebKit/537.36 (KHTML, like Gecko) Chrome/96.0.4664.110 Safari/537.36"
80.120.5.131 - - [05/Jan/2022:10:17:45 +0100] "GET /noshop HTTP/1.1" 200 1573 "http://renault.activities.at/noshop" "Mozilla/5.0 (Windows NT 10.0; Win64; x64) AppleWebKit/537.36 (KHTML, like Gecko) Chrome/96.0.4664.110 Safari/537.36"
91.112.95.54 - - [05/Jan/2022:10:18:36 +0100] "GET /reload?ser=1641374315884 HTTP/1.1" 302 140 "http://renault.activities.at/noshop" "Mozilla/5.0 (Windows NT 10.0; Win64; x64) AppleWebKit/537.36 (KHTML, like Gecko) Chrome/96.0.4664.110 Safari/537.36"
80.120.210.180 - - [05/Jan/2022:10:18:36 +0100] "GET /reload?ser=1641374318113 HTTP/1.1" 302 140 "http://renault.activities.at/noshop" "Mozilla/5.0 (Windows NT 10.0; Win64; x64) AppleWebKit/537.36 (KHTML, like Gecko) Chrome/96.0.4664.110 Safari/537.36 Edg/96.0.1054.62"
91.112.95.54 - - [05/Jan/2022:10:18:36 +0100] "GET /noshop HTTP/1.1" 200 1573 "http://renault.activities.at/noshop" "Mozilla/5.0 (Windows NT 10.0; Win64; x64) AppleWebKit/537.36 (KHTML, like Gecko) Chrome/96.0.4664.110 Safari/537.36"
80.120.210.180 - - [05/Jan/2022:10:18:37 +0100] "GET /noshop HTTP/1.1" 200 1573 "http://renault.activities.at/noshop" "Mozilla/5.0 (Windows NT 10.0; Win64; x64) AppleWebKit/537.36 (KHTML, like Gecko) Chrome/96.0.4664.110 Safari/537.36 Edg/96.0.1054.62"
80.120.5.131 - - [05/Jan/2022:10:18:46 +0100] "GET /reload?ser=1641374326806 HTTP/1.1" 302 140 "http://renault.activities.at/noshop" "Mozilla/5.0 (Windows NT 10.0; Win64; x64) AppleWebKit/537.36 (KHTML, like Gecko) Chrome/96.0.4664.110 Safari/537.36"
80.120.5.131 - - [05/Jan/2022:10:18:47 +0100] "GET /noshop HTTP/1.1" 200 1573 "http://renault.activities.at/noshop" "Mozilla/5.0 (Windows NT 10.0; Win64; x64) AppleWebKit/537.36 (KHTML, like Gecko) Chrome/96.0.4664.110 Safari/537.36"
80.120.210.180 - - [05/Jan/2022:10:19:38 +0100] "GET /reload?ser=1641374380121 HTTP/1.1" 302 140 "http://renault.activities.at/noshop" "Mozilla/5.0 (Windows NT 10.0; Win64; x64) AppleWebKit/537.36 (KHTML, like Gecko) Chrome/96.0.4664.110 Safari/537.36 Edg/96.0.1054.62"
91.112.95.54 - - [05/Jan/2022:10:19:38 +0100] "GET /reload?ser=1641374378878 HTTP/1.1" 302 140 "http://renault.activities.at/noshop" "Mozilla/5.0 (Windows NT 10.0; Win64; x64) AppleWebKit/537.36 (KHTML, like Gecko) Chrome/96.0.4664.110 Safari/537.36"
80.120.210.180 - - [05/Jan/2022:10:19:39 +0100] "GET /noshop HTTP/1.1" 200 1573 "http://renault.activities.at/noshop" "Mozilla/5.0 (Windows NT 10.0; Win64; x64) AppleWebKit/537.36 (KHTML, like Gecko) Chrome/96.0.4664.110 Safari/537.36 Edg/96.0.1054.62"
91.112.95.54 - - [05/Jan/2022:10:19:39 +0100] "GET /noshop HTTP/1.1" 200 1573 "http://renault.activities.at/noshop" "Mozilla/5.0 (Windows NT 10.0; Win64; x64) AppleWebKit/537.36 (KHTML, like Gecko) Chrome/96.0.4664.110 Safari/537.36"
80.120.5.131 - - [05/Jan/2022:10:19:48 +0100] "GET /reload?ser=1641374388807 HTTP/1.1" 302 140 "http://renault.activities.at/noshop" "Mozilla/5.0 (Windows NT 10.0; Win64; x64) AppleWebKit/537.36 (KHTML, like Gecko) Chrome/96.0.4664.110 Safari/537.36"
80.120.5.131 - - [05/Jan/2022:10:19:49 +0100] "GET /noshop HTTP/1.1" 200 1573 "http://renault.activities.at/noshop" "Mozilla/5.0 (Windows NT 10.0; Win64; x64) AppleWebKit/537.36 (KHTML, like Gecko) Chrome/96.0.4664.110 Safari/537.36"
80.120.210.180 - - [05/Jan/2022:10:20:40 +0100] "GET /reload?ser=1641374442111 HTTP/1.1" 302 140 "http://renault.activities.at/noshop" "Mozilla/5.0 (Windows NT 10.0; Win64; x64) AppleWebKit/537.36 (KHTML, like Gecko) Chrome/96.0.4664.110 Safari/537.36 Edg/96.0.1054.62"
91.112.95.54 - - [05/Jan/2022:10:20:40 +0100] "GET /reload?ser=1641374440885 HTTP/1.1" 302 140 "http://renault.activities.at/noshop" "Mozilla/5.0 (Windows NT 10.0; Win64; x64) AppleWebKit/537.36 (KHTML, like Gecko) Chrome/96.0.4664.110 Safari/537.36"
80.120.210.180 - - [05/Jan/2022:10:20:41 +0100] "GET /noshop HTTP/1.1" 200 1573 "http://renault.activities.at/noshop" "Mozilla/5.0 (Windows NT 10.0; Win64; x64) AppleWebKit/537.36 (KHTML, like Gecko) Chrome/96.0.4664.110 Safari/537.36 Edg/96.0.1054.62"
91.112.95.54 - - [05/Jan/2022:10:20:41 +0100] "GET /noshop HTTP/1.1" 200 1573 "http://renault.activities.at/noshop" "Mozilla/5.0 (Windows NT 10.0; Win64; x64) AppleWebKit/537.36 (KHTML, like Gecko) Chrome/96.0.4664.110 Safari/537.36"
80.120.5.131 - - [05/Jan/2022:10:20:50 +0100] "GET /reload?ser=1641374450807 HTTP/1.1" 302 140 "http://renault.activities.at/noshop" "Mozilla/5.0 (Windows NT 10.0; Win64; x64) AppleWebKit/537.36 (KHTML, like Gecko) Chrome/96.0.4664.110 Safari/537.36"
80.120.5.131 - - [05/Jan/2022:10:20:51 +0100] "GET /noshop HTTP/1.1" 200 1573 "http://renault.activities.at/noshop" "Mozilla/5.0 (Windows NT 10.0; Win64; x64) AppleWebKit/537.36 (KHTML, like Gecko) Chrome/96.0.4664.110 Safari/537.36"
80.120.210.180 - - [05/Jan/2022:10:21:42 +0100] "GET /reload?ser=1641374504112 HTTP/1.1" 302 140 "http://renault.activities.at/noshop" "Mozilla/5.0 (Windows NT 10.0; Win64; x64) AppleWebKit/537.36 (KHTML, like Gecko) Chrome/96.0.4664.110 Safari/537.36 Edg/96.0.1054.62"
91.112.95.54 - - [05/Jan/2022:10:21:42 +0100] "GET /reload?ser=1641374502879 HTTP/1.1" 302 140 "http://renault.activities.at/noshop" "Mozilla/5.0 (Windows NT 10.0; Win64; x64) AppleWebKit/537.36 (KHTML, like Gecko) Chrome/96.0.4664.110 Safari/537.36"
91.112.95.54 - - [05/Jan/2022:10:21:43 +0100] "GET /noshop HTTP/1.1" 200 1573 "http://renault.activities.at/noshop" "Mozilla/5.0 (Windows NT 10.0; Win64; x64) AppleWebKit/537.36 (KHTML, like Gecko) Chrome/96.0.4664.110 Safari/537.36"
80.120.210.180 - - [05/Jan/2022:10:21:43 +0100] "GET /noshop HTTP/1.1" 200 1573 "http://renault.activities.at/noshop" "Mozilla/5.0 (Windows NT 10.0; Win64; x64) AppleWebKit/537.36 (KHTML, like Gecko) Chrome/96.0.4664.110 Safari/537.36 Edg/96.0.1054.62"
80.120.5.131 - - [05/Jan/2022:10:21:52 +0100] "GET /reload?ser=1641374512818 HTTP/1.1" 302 140 "http://renault.activities.at/noshop" "Mozilla/5.0 (Windows NT 10.0; Win64; x64) AppleWebKit/537.36 (KHTML, like Gecko) Chrome/96.0.4664.110 Safari/537.36"
80.120.5.131 - - [05/Jan/2022:10:21:53 +0100] "GET /noshop HTTP/1.1" 200 1573 "http://renault.activities.at/noshop" "Mozilla/5.0 (Windows NT 10.0; Win64; x64) AppleWebKit/537.36 (KHTML, like Gecko) Chrome/96.0.4664.110 Safari/537.36"
91.112.95.54 - - [05/Jan/2022:10:22:29 +0100] "GET /login HTTP/1.1" 302 140 "http://renault.activities.at/noshop" "Mozilla/5.0 (Windows NT 10.0; Win64; x64) AppleWebKit/537.36 (KHTML, like Gecko) Chrome/96.0.4664.110 Safari/537.36"
91.112.95.54 - - [05/Jan/2022:10:22:30 +0100] "GET /noshop HTTP/1.1" 200 1573 "http://renault.activities.at/noshop" "Mozilla/5.0 (Windows NT 10.0; Win64; x64) AppleWebKit/537.36 (KHTML, like Gecko) Chrome/96.0.4664.110 Safari/537.36"
80.120.210.180 - - [05/Jan/2022:10:22:44 +0100] "GET /reload?ser=1641374566114 HTTP/1.1" 302 140 "http://renault.activities.at/noshop" "Mozilla/5.0 (Windows NT 10.0; Win64; x64) AppleWebKit/537.36 (KHTML, like Gecko) Chrome/96.0.4664.110 Safari/537.36 Edg/96.0.1054.62"
80.120.210.180 - - [05/Jan/2022:10:22:45 +0100] "GET /noshop HTTP/1.1" 200 1573 "http://renault.activities.at/noshop" "Mozilla/5.0 (Windows NT 10.0; Win64; x64) AppleWebKit/537.36 (KHTML, like Gecko) Chrome/96.0.4664.110 Safari/537.36 Edg/96.0.1054.62"
80.120.5.131 - - [05/Jan/2022:10:22:54 +0100] "GET /reload?ser=1641374574809 HTTP/1.1" 302 140 "http://renault.activities.at/noshop" "Mozilla/5.0 (Windows NT 10.0; Win64; x64) AppleWebKit/537.36 (KHTML, like Gecko) Chrome/96.0.4664.110 Safari/537.36"
80.120.5.131 - - [05/Jan/2022:10:22:55 +0100] "GET /noshop HTTP/1.1" 200 1573 "http://renault.activities.at/noshop" "Mozilla/5.0 (Windows NT 10.0; Win64; x64) AppleWebKit/537.36 (KHTML, like Gecko) Chrome/96.0.4664.110 Safari/537.36"
80.120.210.180 - - [05/Jan/2022:10:23:46 +0100] "GET /reload?ser=1641374628117 HTTP/1.1" 302 140 "http://renault.activities.at/noshop" "Mozilla/5.0 (Windows NT 10.0; Win64; x64) AppleWebKit/537.36 (KHTML, like Gecko) Chrome/96.0.4664.110 Safari/537.36 Edg/96.0.1054.62"
80.120.210.180 - - [05/Jan/2022:10:23:47 +0100] "GET /noshop HTTP/1.1" 200 1573 "http://renault.activities.at/noshop" "Mozilla/5.0 (Windows NT 10.0; Win64; x64) AppleWebKit/537.36 (KHTML, like Gecko) Chrome/96.0.4664.110 Safari/537.36 Edg/96.0.1054.62"
80.120.5.131 - - [05/Jan/2022:10:23:56 +0100] "GET /reload?ser=1641374636810 HTTP/1.1" 302 140 "http://renault.activities.at/noshop" "Mozilla/5.0 (Windows NT 10.0; Win64; x64) AppleWebKit/537.36 (KHTML, like Gecko) Chrome/96.0.4664.110 Safari/537.36"
80.120.5.131 - - [05/Jan/2022:10:23:57 +0100] "GET /noshop HTTP/1.1" 200 1573 "http://renault.activities.at/noshop" "Mozilla/5.0 (Windows NT 10.0; Win64; x64) AppleWebKit/537.36 (KHTML, like Gecko) Chrome/96.0.4664.110 Safari/537.36"
80.120.210.180 - - [05/Jan/2022:10:24:48 +0100] "GET /reload?ser=1641374690121 HTTP/1.1" 302 140 "http://renault.activities.at/noshop" "Mozilla/5.0 (Windows NT 10.0; Win64; x64) AppleWebKit/537.36 (KHTML, like Gecko) Chrome/96.0.4664.110 Safari/537.36 Edg/96.0.1054.62"
80.120.210.180 - - [05/Jan/2022:10:24:49 +0100] "GET /noshop HTTP/1.1" 200 1573 "http://renault.activities.at/noshop" "Mozilla/5.0 (Windows NT 10.0; Win64; x64) AppleWebKit/537.36 (KHTML, like Gecko) Chrome/96.0.4664.110 Safari/537.36 Edg/96.0.1054.62"
80.120.5.131 - - [05/Jan/2022:10:24:58 +0100] "GET /reload?ser=1641374698811 HTTP/1.1" 302 140 "http://renault.activities.at/noshop" "Mozilla/5.0 (Windows NT 10.0; Win64; x64) AppleWebKit/537.36 (KHTML, like Gecko) Chrome/96.0.4664.110 Safari/537.36"
80.120.5.131 - - [05/Jan/2022:10:24:59 +0100] "GET /noshop HTTP/1.1" 200 1573 "http://renault.activities.at/noshop" "Mozilla/5.0 (Windows NT 10.0; Win64; x64) AppleWebKit/537.36 (KHTML, like Gecko) Chrome/96.0.4664.110 Safari/537.36"
80.120.210.180 - - [05/Jan/2022:10:25:50 +0100] "GET /reload?ser=1641374752120 HTTP/1.1" 302 140 "http://renault.activities.at/noshop" "Mozilla/5.0 (Windows NT 10.0; Win64; x64) AppleWebKit/537.36 (KHTML, like Gecko) Chrome/96.0.4664.110 Safari/537.36 Edg/96.0.1054.62"
80.120.210.180 - - [05/Jan/2022:10:25:51 +0100] "GET /noshop HTTP/1.1" 200 1573 "http://renault.activities.at/noshop" "Mozilla/5.0 (Windows NT 10.0; Win64; x64) AppleWebKit/537.36 (KHTML, like Gecko) Chrome/96.0.4664.110 Safari/537.36 Edg/96.0.1054.62"
80.120.5.131 - - [05/Jan/2022:10:26:00 +0100] "GET /reload?ser=1641374760822 HTTP/1.1" 302 140 "http://renault.activities.at/noshop" "Mozilla/5.0 (Windows NT 10.0; Win64; x64) AppleWebKit/537.36 (KHTML, like Gecko) Chrome/96.0.4664.110 Safari/537.36"
80.120.5.131 - - [05/Jan/2022:10:26:01 +0100] "GET /noshop HTTP/1.1" 200 1573 "http://renault.activities.at/noshop" "Mozilla/5.0 (Windows NT 10.0; Win64; x64) AppleWebKit/537.36 (KHTML, like Gecko) Chrome/96.0.4664.110 Safari/537.36"
80.120.210.180 - - [05/Jan/2022:10:26:52 +0100] "GET /reload?ser=1641374814125 HTTP/1.1" 302 140 "http://renault.activities.at/noshop" "Mozilla/5.0 (Windows NT 10.0; Win64; x64) AppleWebKit/537.36 (KHTML, like Gecko) Chrome/96.0.4664.110 Safari/537.36 Edg/96.0.1054.62"
80.120.210.180 - - [05/Jan/2022:10:26:53 +0100] "GET /noshop HTTP/1.1" 200 1573 "http://renault.activities.at/noshop" "Mozilla/5.0 (Windows NT 10.0; Win64; x64) AppleWebKit/537.36 (KHTML, like Gecko) Chrome/96.0.4664.110 Safari/537.36 Edg/96.0.1054.62"
80.120.5.131 - - [05/Jan/2022:10:27:02 +0100] "GET /reload?ser=1641374822813 HTTP/1.1" 302 140 "http://renault.activities.at/noshop" "Mozilla/5.0 (Windows NT 10.0; Win64; x64) AppleWebKit/537.36 (KHTML, like Gecko) Chrome/96.0.4664.110 Safari/537.36"
80.120.5.131 - - [05/Jan/2022:10:27:03 +0100] "GET /noshop HTTP/1.1" 200 1573 "http://renault.activities.at/noshop" "Mozilla/5.0 (Windows NT 10.0; Win64; x64) AppleWebKit/537.36 (KHTML, like Gecko) Chrome/96.0.4664.110 Safari/537.36"
80.120.210.180 - - [05/Jan/2022:10:27:54 +0100] "GET /reload?ser=1641374876118 HTTP/1.1" 302 140 "http://renault.activities.at/noshop" "Mozilla/5.0 (Windows NT 10.0; Win64; x64) AppleWebKit/537.36 (KHTML, like Gecko) Chrome/96.0.4664.110 Safari/537.36 Edg/96.0.1054.62"
80.120.210.180 - - [05/Jan/2022:10:27:55 +0100] "GET /noshop HTTP/1.1" 200 1573 "http://renault.activities.at/noshop" "Mozilla/5.0 (Windows NT 10.0; Win64; x64) AppleWebKit/537.36 (KHTML, like Gecko) Chrome/96.0.4664.110 Safari/537.36 Edg/96.0.1054.62"
80.120.5.131 - - [05/Jan/2022:10:28:04 +0100] "GET /reload?ser=1641374884813 HTTP/1.1" 302 140 "http://renault.activities.at/noshop" "Mozilla/5.0 (Windows NT 10.0; Win64; x64) AppleWebKit/537.36 (KHTML, like Gecko) Chrome/96.0.4664.110 Safari/537.36"
80.120.5.131 - - [05/Jan/2022:10:28:05 +0100] "GET /noshop HTTP/1.1" 200 1573 "http://renault.activities.at/noshop" "Mozilla/5.0 (Windows NT 10.0; Win64; x64) AppleWebKit/537.36 (KHTML, like Gecko) Chrome/96.0.4664.110 Safari/537.36"
80.120.210.180 - - [05/Jan/2022:10:28:56 +0100] "GET /reload?ser=1641374938112 HTTP/1.1" 302 140 "http://renault.activities.at/noshop" "Mozilla/5.0 (Windows NT 10.0; Win64; x64) AppleWebKit/537.36 (KHTML, like Gecko) Chrome/96.0.4664.110 Safari/537.36 Edg/96.0.1054.62"
80.120.210.180 - - [05/Jan/2022:10:28:57 +0100] "GET /noshop HTTP/1.1" 200 1573 "http://renault.activities.at/noshop" "Mozilla/5.0 (Windows NT 10.0; Win64; x64) AppleWebKit/537.36 (KHTML, like Gecko) Chrome/96.0.4664.110 Safari/537.36 Edg/96.0.1054.62"
80.120.5.131 - - [05/Jan/2022:10:29:06 +0100] "GET /reload?ser=1641374946814 HTTP/1.1" 302 140 "http://renault.activities.at/noshop" "Mozilla/5.0 (Windows NT 10.0; Win64; x64) AppleWebKit/537.36 (KHTML, like Gecko) Chrome/96.0.4664.110 Safari/537.36"
80.120.5.131 - - [05/Jan/2022:10:29:07 +0100] "GET /noshop HTTP/1.1" 200 1573 "http://renault.activities.at/noshop" "Mozilla/5.0 (Windows NT 10.0; Win64; x64) AppleWebKit/537.36 (KHTML, like Gecko) Chrome/96.0.4664.110 Safari/537.36"
