80.122.53.106 - - [05/Jan/2022:08:57:46 +0100] "GET /images/header_block_corner_right_top.gif HTTP/1.1" 200 160 "http://renault.activities.at/css/styles.css" "Mozilla/5.0 (Windows NT 10.0; WOW64) AppleWebKit/537.36 (KHTML, like Gecko) Chrome/80.0.3987.87 Safari/537.36"
80.122.53.106 - - [05/Jan/2022:08:57:46 +0100] "GET /images/title_border.jpg HTTP/1.1" 200 304 "http://renault.activities.at/css/styles.css" "Mozilla/5.0 (Windows NT 10.0; WOW64) AppleWebKit/537.36 (KHTML, like Gecko) Chrome/80.0.3987.87 Safari/537.36"
80.122.53.106 - - [05/Jan/2022:08:57:46 +0100] "GET /images/title_border_top.jpg HTTP/1.1" 200 336 "http://renault.activities.at/css/styles.css" "Mozilla/5.0 (Windows NT 10.0; WOW64) AppleWebKit/537.36 (KHTML, like Gecko) Chrome/80.0.3987.87 Safari/537.36"
80.122.53.106 - - [05/Jan/2022:08:57:47 +0100] "GET /images/main_block_corner_right_top.gif HTTP/1.1" 200 159 "http://renault.activities.at/css/styles.css" "Mozilla/5.0 (Windows NT 10.0; WOW64) AppleWebKit/537.36 (KHTML, like Gecko) Chrome/80.0.3987.87 Safari/537.36"
80.122.53.106 - - [05/Jan/2022:08:57:47 +0100] "GET /images/title_corner_left_top.jpg HTTP/1.1" 200 372 "http://renault.activities.at/css/styles.css" "Mozilla/5.0 (Windows NT 10.0; WOW64) AppleWebKit/537.36 (KHTML, like Gecko) Chrome/80.0.3987.87 Safari/537.36"
80.122.53.106 - - [05/Jan/2022:08:57:47 +0100] "GET /images/title_corner_right_top.jpg HTTP/1.1" 200 389 "http://renault.activities.at/css/styles.css" "Mozilla/5.0 (Windows NT 10.0; WOW64) AppleWebKit/537.36 (KHTML, like Gecko) Chrome/80.0.3987.87 Safari/537.36"
80.122.53.106 - - [05/Jan/2022:08:57:47 +0100] "GET /loadthumbnail.php?id=11127982 HTTP/1.1" 200 399614 "http://renault.activities.at/noshop" "Mozilla/5.0 (Windows NT 10.0; WOW64) AppleWebKit/537.36 (KHTML, like Gecko) Chrome/80.0.3987.87 Safari/537.36"
80.122.53.106 - - [05/Jan/2022:08:57:48 +0100] "GET /images/favicon.ico HTTP/1.1" 404 305 "http://renault.activities.at/noshop" "Mozilla/5.0 (Windows NT 10.0; WOW64) AppleWebKit/537.36 (KHTML, like Gecko) Chrome/80.0.3987.87 Safari/537.36"
80.122.53.106 - - [05/Jan/2022:08:57:59 +0100] "GET /login HTTP/1.1" 302 140 "http://renault.activities.at/noshop" "Mozilla/5.0 (Windows NT 10.0; WOW64) AppleWebKit/537.36 (KHTML, like Gecko) Chrome/80.0.3987.87 Safari/537.36"
80.122.53.106 - - [05/Jan/2022:08:58:00 +0100] "GET /noshop HTTP/1.1" 200 1573 "http://renault.activities.at/noshop" "Mozilla/5.0 (Windows NT 10.0; WOW64) AppleWebKit/537.36 (KHTML, like Gecko) Chrome/80.0.3987.87 Safari/537.36"
80.120.210.180 - - [05/Jan/2022:08:58:00 +0100] "GET /reload?ser=1641369482113 HTTP/1.1" 302 140 "http://renault.activities.at/noshop" "Mozilla/5.0 (Windows NT 10.0; Win64; x64) AppleWebKit/537.36 (KHTML, like Gecko) Chrome/96.0.4664.110 Safari/537.36 Edg/96.0.1054.62"
80.120.210.180 - - [05/Jan/2022:08:58:01 +0100] "GET /noshop HTTP/1.1" 200 1573 "http://renault.activities.at/noshop" "Mozilla/5.0 (Windows NT 10.0; Win64; x64) AppleWebKit/537.36 (KHTML, like Gecko) Chrome/96.0.4664.110 Safari/537.36 Edg/96.0.1054.62"
80.120.210.180 - - [05/Jan/2022:08:59:02 +0100] "GET /reload?ser=1641369544125 HTTP/1.1" 302 140 "http://renault.activities.at/noshop" "Mozilla/5.0 (Windows NT 10.0; Win64; x64) AppleWebKit/537.36 (KHTML, like Gecko) Chrome/96.0.4664.110 Safari/537.36 Edg/96.0.1054.62"
80.120.210.180 - - [05/Jan/2022:08:59:03 +0100] "GET /noshop HTTP/1.1" 200 1573 "http://renault.activities.at/noshop" "Mozilla/5.0 (Windows NT 10.0; Win64; x64) AppleWebKit/537.36 (KHTML, like Gecko) Chrome/96.0.4664.110 Safari/537.36 Edg/96.0.1054.62"
80.120.210.180 - - [05/Jan/2022:08:59:29 +0100] "GET / HTTP/1.1" 302 140 "-" "Mozilla/5.0 (Windows NT 10.0; Win64; x64) AppleWebKit/537.36 (KHTML, like Gecko) Chrome/96.0.4664.110 Safari/537.36"
80.120.210.180 - - [05/Jan/2022:08:59:31 +0100] "GET /noshop HTTP/1.1" 200 1573 "-" "Mozilla/5.0 (Windows NT 10.0; Win64; x64) AppleWebKit/537.36 (KHTML, like Gecko) Chrome/96.0.4664.110 Safari/537.36"
80.120.210.180 - - [05/Jan/2022:09:00:04 +0100] "GET /reload?ser=1641369606120 HTTP/1.1" 302 140 "http://renault.activities.at/noshop" "Mozilla/5.0 (Windows NT 10.0; Win64; x64) AppleWebKit/537.36 (KHTML, like Gecko) Chrome/96.0.4664.110 Safari/537.36 Edg/96.0.1054.62"
80.120.210.180 - - [05/Jan/2022:09:00:05 +0100] "GET /noshop HTTP/1.1" 200 1573 "http://renault.activities.at/noshop" "Mozilla/5.0 (Windows NT 10.0; Win64; x64) AppleWebKit/537.36 (KHTML, like Gecko) Chrome/96.0.4664.110 Safari/537.36 Edg/96.0.1054.62"
80.120.210.180 - - [05/Jan/2022:09:01:06 +0100] "GET /reload?ser=1641369668113 HTTP/1.1" 302 140 "http://renault.activities.at/noshop" "Mozilla/5.0 (Windows NT 10.0; Win64; x64) AppleWebKit/537.36 (KHTML, like Gecko) Chrome/96.0.4664.110 Safari/537.36 Edg/96.0.1054.62"
80.120.210.180 - - [05/Jan/2022:09:01:07 +0100] "GET /noshop HTTP/1.1" 200 1573 "http://renault.activities.at/noshop" "Mozilla/5.0 (Windows NT 10.0; Win64; x64) AppleWebKit/537.36 (KHTML, like Gecko) Chrome/96.0.4664.110 Safari/537.36 Edg/96.0.1054.62"
80.120.210.180 - - [05/Jan/2022:09:02:08 +0100] "GET /reload?ser=1641369730122 HTTP/1.1" 302 140 "http://renault.activities.at/noshop" "Mozilla/5.0 (Windows NT 10.0; Win64; x64) AppleWebKit/537.36 (KHTML, like Gecko) Chrome/96.0.4664.110 Safari/537.36 Edg/96.0.1054.62"
80.120.210.180 - - [05/Jan/2022:09:02:09 +0100] "GET /noshop HTTP/1.1" 200 1573 "http://renault.activities.at/noshop" "Mozilla/5.0 (Windows NT 10.0; Win64; x64) AppleWebKit/537.36 (KHTML, like Gecko) Chrome/96.0.4664.110 Safari/537.36 Edg/96.0.1054.62"
80.120.210.180 - - [05/Jan/2022:09:03:10 +0100] "GET /reload?ser=1641369792121 HTTP/1.1" 302 140 "http://renault.activities.at/noshop" "Mozilla/5.0 (Windows NT 10.0; Win64; x64) AppleWebKit/537.36 (KHTML, like Gecko) Chrome/96.0.4664.110 Safari/537.36 Edg/96.0.1054.62"
80.120.210.180 - - [05/Jan/2022:09:03:11 +0100] "GET /noshop HTTP/1.1" 200 1573 "http://renault.activities.at/noshop" "Mozilla/5.0 (Windows NT 10.0; Win64; x64) AppleWebKit/537.36 (KHTML, like Gecko) Chrome/96.0.4664.110 Safari/537.36 Edg/96.0.1054.62"
80.120.210.180 - - [05/Jan/2022:09:04:12 +0100] "GET /reload?ser=1641369854117 HTTP/1.1" 302 140 "http://renault.activities.at/noshop" "Mozilla/5.0 (Windows NT 10.0; Win64; x64) AppleWebKit/537.36 (KHTML, like Gecko) Chrome/96.0.4664.110 Safari/537.36 Edg/96.0.1054.62"
80.120.210.180 - - [05/Jan/2022:09:04:13 +0100] "GET /noshop HTTP/1.1" 200 1573 "http://renault.activities.at/noshop" "Mozilla/5.0 (Windows NT 10.0; Win64; x64) AppleWebKit/537.36 (KHTML, like Gecko) Chrome/96.0.4664.110 Safari/537.36 Edg/96.0.1054.62"
80.120.210.180 - - [05/Jan/2022:09:05:14 +0100] "GET /reload?ser=1641369916115 HTTP/1.1" 302 140 "http://renault.activities.at/noshop" "Mozilla/5.0 (Windows NT 10.0; Win64; x64) AppleWebKit/537.36 (KHTML, like Gecko) Chrome/96.0.4664.110 Safari/537.36 Edg/96.0.1054.62"
80.120.210.180 - - [05/Jan/2022:09:05:15 +0100] "GET /noshop HTTP/1.1" 200 1573 "http://renault.activities.at/noshop" "Mozilla/5.0 (Windows NT 10.0; Win64; x64) AppleWebKit/537.36 (KHTML, like Gecko) Chrome/96.0.4664.110 Safari/537.36 Edg/96.0.1054.62"
80.120.210.180 - - [05/Jan/2022:09:06:16 +0100] "GET /reload?ser=1641369978117 HTTP/1.1" 302 140 "http://renault.activities.at/noshop" "Mozilla/5.0 (Windows NT 10.0; Win64; x64) AppleWebKit/537.36 (KHTML, like Gecko) Chrome/96.0.4664.110 Safari/537.36 Edg/96.0.1054.62"
80.120.210.180 - - [05/Jan/2022:09:06:17 +0100] "GET /noshop HTTP/1.1" 200 1573 "http://renault.activities.at/noshop" "Mozilla/5.0 (Windows NT 10.0; Win64; x64) AppleWebKit/537.36 (KHTML, like Gecko) Chrome/96.0.4664.110 Safari/537.36 Edg/96.0.1054.62"
80.120.210.180 - - [05/Jan/2022:09:07:18 +0100] "GET /reload?ser=1641370040117 HTTP/1.1" 302 140 "http://renault.activities.at/noshop" "Mozilla/5.0 (Windows NT 10.0; Win64; x64) AppleWebKit/537.36 (KHTML, like Gecko) Chrome/96.0.4664.110 Safari/537.36 Edg/96.0.1054.62"
80.120.210.180 - - [05/Jan/2022:09:07:19 +0100] "GET /noshop HTTP/1.1" 200 1573 "http://renault.activities.at/noshop" "Mozilla/5.0 (Windows NT 10.0; Win64; x64) AppleWebKit/537.36 (KHTML, like Gecko) Chrome/96.0.4664.110 Safari/537.36 Edg/96.0.1054.62"
80.120.210.180 - - [05/Jan/2022:09:08:20 +0100] "GET /reload?ser=1641370102123 HTTP/1.1" 302 140 "http://renault.activities.at/noshop" "Mozilla/5.0 (Windows NT 10.0; Win64; x64) AppleWebKit/537.36 (KHTML, like Gecko) Chrome/96.0.4664.110 Safari/537.36 Edg/96.0.1054.62"
80.120.210.180 - - [05/Jan/2022:09:08:21 +0100] "GET /noshop HTTP/1.1" 200 1573 "http://renault.activities.at/noshop" "Mozilla/5.0 (Windows NT 10.0; Win64; x64) AppleWebKit/537.36 (KHTML, like Gecko) Chrome/96.0.4664.110 Safari/537.36 Edg/96.0.1054.62"
80.120.210.180 - - [05/Jan/2022:09:09:22 +0100] "GET /reload?ser=1641370164123 HTTP/1.1" 302 140 "http://renault.activities.at/noshop" "Mozilla/5.0 (Windows NT 10.0; Win64; x64) AppleWebKit/537.36 (KHTML, like Gecko) Chrome/96.0.4664.110 Safari/537.36 Edg/96.0.1054.62"
80.120.210.180 - - [05/Jan/2022:09:09:23 +0100] "GET /noshop HTTP/1.1" 200 1573 "http://renault.activities.at/noshop" "Mozilla/5.0 (Windows NT 10.0; Win64; x64) AppleWebKit/537.36 (KHTML, like Gecko) Chrome/96.0.4664.110 Safari/537.36 Edg/96.0.1054.62"
80.120.210.180 - - [05/Jan/2022:09:10:24 +0100] "GET /reload?ser=1641370226122 HTTP/1.1" 302 140 "http://renault.activities.at/noshop" "Mozilla/5.0 (Windows NT 10.0; Win64; x64) AppleWebKit/537.36 (KHTML, like Gecko) Chrome/96.0.4664.110 Safari/537.36 Edg/96.0.1054.62"
80.120.210.180 - - [05/Jan/2022:09:10:25 +0100] "GET /noshop HTTP/1.1" 200 1573 "http://renault.activities.at/noshop" "Mozilla/5.0 (Windows NT 10.0; Win64; x64) AppleWebKit/537.36 (KHTML, like Gecko) Chrome/96.0.4664.110 Safari/537.36 Edg/96.0.1054.62"
80.120.210.180 - - [05/Jan/2022:09:11:26 +0100] "GET /reload?ser=1641370288116 HTTP/1.1" 302 140 "http://renault.activities.at/noshop" "Mozilla/5.0 (Windows NT 10.0; Win64; x64) AppleWebKit/537.36 (KHTML, like Gecko) Chrome/96.0.4664.110 Safari/537.36 Edg/96.0.1054.62"
80.120.210.180 - - [05/Jan/2022:09:11:27 +0100] "GET /noshop HTTP/1.1" 200 1573 "http://renault.activities.at/noshop" "Mozilla/5.0 (Windows NT 10.0; Win64; x64) AppleWebKit/537.36 (KHTML, like Gecko) Chrome/96.0.4664.110 Safari/537.36 Edg/96.0.1054.62"
80.120.210.180 - - [05/Jan/2022:09:12:28 +0100] "GET /reload?ser=1641370350115 HTTP/1.1" 302 140 "http://renault.activities.at/noshop" "Mozilla/5.0 (Windows NT 10.0; Win64; x64) AppleWebKit/537.36 (KHTML, like Gecko) Chrome/96.0.4664.110 Safari/537.36 Edg/96.0.1054.62"
80.120.210.180 - - [05/Jan/2022:09:12:29 +0100] "GET /noshop HTTP/1.1" 200 1573 "http://renault.activities.at/noshop" "Mozilla/5.0 (Windows NT 10.0; Win64; x64) AppleWebKit/537.36 (KHTML, like Gecko) Chrome/96.0.4664.110 Safari/537.36 Edg/96.0.1054.62"
91.112.83.162 - - [05/Jan/2022:09:12:35 +0100] "GET / HTTP/1.1" 302 137 "-" "Mozilla/5.0 (Windows NT 10.0; Win64; x64) AppleWebKit/537.36 (KHTML, like Gecko) Chrome/96.0.4664.110 Safari/537.36"
91.112.83.162 - - [05/Jan/2022:09:12:37 +0100] "GET /noshop HTTP/1.1" 200 1583 "-" "Mozilla/5.0 (Windows NT 10.0; Win64; x64) AppleWebKit/537.36 (KHTML, like Gecko) Chrome/96.0.4664.110 Safari/537.36"
91.112.83.162 - - [05/Jan/2022:09:12:38 +0100] "GET /css/reset.css HTTP/1.1" 200 1356 "http://renault.2web.at/noshop" "Mozilla/5.0 (Windows NT 10.0; Win64; x64) AppleWebKit/537.36 (KHTML, like Gecko) Chrome/96.0.4664.110 Safari/537.36"
91.112.83.162 - - [05/Jan/2022:09:12:38 +0100] "GET /css/styles.css HTTP/1.1" 200 14664 "http://renault.2web.at/noshop" "Mozilla/5.0 (Windows NT 10.0; Win64; x64) AppleWebKit/537.36 (KHTML, like Gecko) Chrome/96.0.4664.110 Safari/537.36"
91.112.83.162 - - [05/Jan/2022:09:12:38 +0100] "GET /css/clears.css HTTP/1.1" 200 851 "http://renault.2web.at/noshop" "Mozilla/5.0 (Windows NT 10.0; Win64; x64) AppleWebKit/537.36 (KHTML, like Gecko) Chrome/96.0.4664.110 Safari/537.36"
91.112.83.162 - - [05/Jan/2022:09:12:38 +0100] "GET /js/checkout.css HTTP/1.1" 200 359 "http://renault.2web.at/noshop" "Mozilla/5.0 (Windows NT 10.0; Win64; x64) AppleWebKit/537.36 (KHTML, like Gecko) Chrome/96.0.4664.110 Safari/537.36"
91.112.83.162 - - [05/Jan/2022:09:12:38 +0100] "GET /css/prototip.css HTTP/1.1" 200 968 "http://renault.2web.at/noshop" "Mozilla/5.0 (Windows NT 10.0; Win64; x64) AppleWebKit/537.36 (KHTML, like Gecko) Chrome/96.0.4664.110 Safari/537.36"
91.112.83.162 - - [05/Jan/2022:09:12:38 +0100] "GET /css/themes/default.css HTTP/1.1" 200 769 "http://renault.2web.at/noshop" "Mozilla/5.0 (Windows NT 10.0; Win64; x64) AppleWebKit/537.36 (KHTML, like Gecko) Chrome/96.0.4664.110 Safari/537.36"
91.112.83.162 - - [05/Jan/2022:09:12:38 +0100] "GET /js/default.js HTTP/1.1" 200 14698 "http://renault.2web.at/noshop" "Mozilla/5.0 (Windows NT 10.0; Win64; x64) AppleWebKit/537.36 (KHTML, like Gecko) Chrome/96.0.4664.110 Safari/537.36"
91.112.83.162 - - [05/Jan/2022:09:12:38 +0100] "GET /css/themes/alphacube.css HTTP/1.1" 200 743 "http://renault.2web.at/noshop" "Mozilla/5.0 (Windows NT 10.0; Win64; x64) AppleWebKit/537.36 (KHTML, like Gecko) Chrome/96.0.4664.110 Safari/537.36"
91.112.83.162 - - [05/Jan/2022:09:12:39 +0100] "GET /js/index.php?c=auto&f=,prototype/prototype.js,prototype/validation.js,scriptaculous/builder.js,scriptaculous/effects.js,scriptaculous/dragdrop.js,scriptaculous/controls.js,scriptaculous/slider.js,varien/js.js,varien/form.js,varien/menu.js,mage/translate.js,mage/cookies.js,varien/product.js,spinner/SpinnerControl.jsmin.js,prototype/window.js,prototype/window_ext.js HTTP/1.1" 200 94182 "http://renault.2web.at/noshop" "Mozilla/5.0 (Windows NT 10.0; Win64; x64) AppleWebKit/537.36 (KHTML, like Gecko) Chrome/96.0.4664.110 Safari/537.36"
91.112.83.162 - - [05/Jan/2022:09:12:39 +0100] "GET /images/main_block_border.gif HTTP/1.1" 200 43 "http://renault.2web.at/css/styles.css" "Mozilla/5.0 (Windows NT 10.0; Win64; x64) AppleWebKit/537.36 (KHTML, like Gecko) Chrome/96.0.4664.110 Safari/537.36"
91.112.83.162 - - [05/Jan/2022:09:12:39 +0100] "GET /images/main_block_corner_left_bot.gif HTTP/1.1" 200 159 "http://renault.2web.at/css/styles.css" "Mozilla/5.0 (Windows NT 10.0; Win64; x64) AppleWebKit/537.36 (KHTML, like Gecko) Chrome/96.0.4664.110 Safari/537.36"
91.112.83.162 - - [05/Jan/2022:09:12:39 +0100] "GET /css/print.css HTTP/1.1" 200 543 "http://renault.2web.at/noshop" "Mozilla/5.0 (Windows NT 10.0; Win64; x64) AppleWebKit/537.36 (KHTML, like Gecko) Chrome/96.0.4664.110 Safari/537.36"
91.112.83.162 - - [05/Jan/2022:09:12:39 +0100] "GET /images/main_block_corner_right_bot.gif HTTP/1.1" 200 158 "http://renault.2web.at/css/styles.css" "Mozilla/5.0 (Windows NT 10.0; Win64; x64) AppleWebKit/537.36 (KHTML, like Gecko) Chrome/96.0.4664.110 Safari/537.36"
91.112.83.162 - - [05/Jan/2022:09:12:39 +0100] "GET /images/header_block_corner_left_top.gif HTTP/1.1" 200 160 "http://renault.2web.at/css/styles.css" "Mozilla/5.0 (Windows NT 10.0; Win64; x64) AppleWebKit/537.36 (KHTML, like Gecko) Chrome/96.0.4664.110 Safari/537.36"
91.112.83.162 - - [05/Jan/2022:09:12:39 +0100] "GET /images/header_block_border.gif HTTP/1.1" 200 43 "http://renault.2web.at/css/styles.css" "Mozilla/5.0 (Windows NT 10.0; Win64; x64) AppleWebKit/537.36 (KHTML, like Gecko) Chrome/96.0.4664.110 Safari/537.36"
91.112.83.162 - - [05/Jan/2022:09:12:39 +0100] "GET /images/header_block_corner_right_top.gif HTTP/1.1" 200 160 "http://renault.2web.at/css/styles.css" "Mozilla/5.0 (Windows NT 10.0; Win64; x64) AppleWebKit/537.36 (KHTML, like Gecko) Chrome/96.0.4664.110 Safari/537.36"
91.112.83.162 - - [05/Jan/2022:09:12:40 +0100] "GET /images/main_block_corner_right_top.gif HTTP/1.1" 200 159 "http://renault.2web.at/css/styles.css" "Mozilla/5.0 (Windows NT 10.0; Win64; x64) AppleWebKit/537.36 (KHTML, like Gecko) Chrome/96.0.4664.110 Safari/537.36"
91.112.83.162 - - [05/Jan/2022:09:12:40 +0100] "GET /images/main_block_corner_left_top.gif HTTP/1.1" 200 159 "http://renault.2web.at/css/styles.css" "Mozilla/5.0 (Windows NT 10.0; Win64; x64) AppleWebKit/537.36 (KHTML, like Gecko) Chrome/96.0.4664.110 Safari/537.36"
91.112.83.162 - - [05/Jan/2022:09:12:40 +0100] "GET /images/title_border.jpg HTTP/1.1" 200 304 "http://renault.2web.at/css/styles.css" "Mozilla/5.0 (Windows NT 10.0; Win64; x64) AppleWebKit/537.36 (KHTML, like Gecko) Chrome/96.0.4664.110 Safari/537.36"
91.112.83.162 - - [05/Jan/2022:09:12:39 +0100] "GET /loadthumbnail.php?id=11127982 HTTP/1.1" 200 399614 "http://renault.2web.at/noshop" "Mozilla/5.0 (Windows NT 10.0; Win64; x64) AppleWebKit/537.36 (KHTML, like Gecko) Chrome/96.0.4664.110 Safari/537.36"
91.112.83.162 - - [05/Jan/2022:09:12:40 +0100] "GET /images/title_border_top.jpg HTTP/1.1" 200 336 "http://renault.2web.at/css/styles.css" "Mozilla/5.0 (Windows NT 10.0; Win64; x64) AppleWebKit/537.36 (KHTML, like Gecko) Chrome/96.0.4664.110 Safari/537.36"
91.112.83.162 - - [05/Jan/2022:09:12:40 +0100] "GET /images/title_corner_left_top.jpg HTTP/1.1" 200 372 "http://renault.2web.at/css/styles.css" "Mozilla/5.0 (Windows NT 10.0; Win64; x64) AppleWebKit/537.36 (KHTML, like Gecko) Chrome/96.0.4664.110 Safari/537.36"
91.112.83.162 - - [05/Jan/2022:09:12:40 +0100] "GET /images/title_corner_right_top.jpg HTTP/1.1" 200 389 "http://renault.2web.at/css/styles.css" "Mozilla/5.0 (Windows NT 10.0; Win64; x64) AppleWebKit/537.36 (KHTML, like Gecko) Chrome/96.0.4664.110 Safari/537.36"
91.112.83.162 - - [05/Jan/2022:09:12:40 +0100] "GET /images/favicon.ico HTTP/1.1" 404 300 "http://renault.2web.at/noshop" "Mozilla/5.0 (Windows NT 10.0; Win64; x64) AppleWebKit/537.36 (KHTML, like Gecko) Chrome/96.0.4664.110 Safari/537.36"
80.120.210.180 - - [05/Jan/2022:09:13:30 +0100] "GET /reload?ser=1641370412126 HTTP/1.1" 302 140 "http://renault.activities.at/noshop" "Mozilla/5.0 (Windows NT 10.0; Win64; x64) AppleWebKit/537.36 (KHTML, like Gecko) Chrome/96.0.4664.110 Safari/537.36 Edg/96.0.1054.62"
80.120.210.180 - - [05/Jan/2022:09:13:31 +0100] "GET /noshop HTTP/1.1" 200 1573 "http://renault.activities.at/noshop" "Mozilla/5.0 (Windows NT 10.0; Win64; x64) AppleWebKit/537.36 (KHTML, like Gecko) Chrome/96.0.4664.110 Safari/537.36 Edg/96.0.1054.62"
91.112.83.162 - - [05/Jan/2022:09:13:41 +0100] "GET /reload?ser=1641370420764 HTTP/1.1" 302 137 "http://renault.2web.at/noshop" "Mozilla/5.0 (Windows NT 10.0; Win64; x64) AppleWebKit/537.36 (KHTML, like Gecko) Chrome/96.0.4664.110 Safari/537.36"
91.112.83.162 - - [05/Jan/2022:09:13:41 +0100] "GET /noshop HTTP/1.1" 200 1583 "http://renault.2web.at/noshop" "Mozilla/5.0 (Windows NT 10.0; Win64; x64) AppleWebKit/537.36 (KHTML, like Gecko) Chrome/96.0.4664.110 Safari/537.36"
80.120.210.180 - - [05/Jan/2022:09:14:32 +0100] "GET /reload?ser=1641370474118 HTTP/1.1" 302 140 "http://renault.activities.at/noshop" "Mozilla/5.0 (Windows NT 10.0; Win64; x64) AppleWebKit/537.36 (KHTML, like Gecko) Chrome/96.0.4664.110 Safari/537.36 Edg/96.0.1054.62"
80.120.210.180 - - [05/Jan/2022:09:14:33 +0100] "GET /noshop HTTP/1.1" 200 1573 "http://renault.activities.at/noshop" "Mozilla/5.0 (Windows NT 10.0; Win64; x64) AppleWebKit/537.36 (KHTML, like Gecko) Chrome/96.0.4664.110 Safari/537.36 Edg/96.0.1054.62"
80.120.210.180 - - [05/Jan/2022:09:15:34 +0100] "GET /reload?ser=1641370536125 HTTP/1.1" 302 140 "http://renault.activities.at/noshop" "Mozilla/5.0 (Windows NT 10.0; Win64; x64) AppleWebKit/537.36 (KHTML, like Gecko) Chrome/96.0.4664.110 Safari/537.36 Edg/96.0.1054.62"
80.120.210.180 - - [05/Jan/2022:09:15:35 +0100] "GET /noshop HTTP/1.1" 200 1573 "http://renault.activities.at/noshop" "Mozilla/5.0 (Windows NT 10.0; Win64; x64) AppleWebKit/537.36 (KHTML, like Gecko) Chrome/96.0.4664.110 Safari/537.36 Edg/96.0.1054.62"
80.120.5.131 - - [05/Jan/2022:09:15:42 +0100] "GET / HTTP/1.1" 302 140 "-" "Mozilla/5.0 (Windows NT 10.0; Win64; x64) AppleWebKit/537.36 (KHTML, like Gecko) Chrome/96.0.4664.110 Safari/537.36"
80.120.5.131 - - [05/Jan/2022:09:15:43 +0100] "GET /noshop HTTP/1.1" 200 1573 "-" "Mozilla/5.0 (Windows NT 10.0; Win64; x64) AppleWebKit/537.36 (KHTML, like Gecko) Chrome/96.0.4664.110 Safari/537.36"
80.120.5.131 - - [05/Jan/2022:09:15:45 +0100] "GET /images/favicon.ico HTTP/1.1" 404 305 "http://renault.activities.at/noshop" "Mozilla/5.0 (Windows NT 10.0; Win64; x64) AppleWebKit/537.36 (KHTML, like Gecko) Chrome/96.0.4664.110 Safari/537.36"
80.120.210.180 - - [05/Jan/2022:09:16:36 +0100] "GET /reload?ser=1641370598111 HTTP/1.1" 302 140 "http://renault.activities.at/noshop" "Mozilla/5.0 (Windows NT 10.0; Win64; x64) AppleWebKit/537.36 (KHTML, like Gecko) Chrome/96.0.4664.110 Safari/537.36 Edg/96.0.1054.62"
80.120.210.180 - - [05/Jan/2022:09:16:37 +0100] "GET /noshop HTTP/1.1" 200 1573 "http://renault.activities.at/noshop" "Mozilla/5.0 (Windows NT 10.0; Win64; x64) AppleWebKit/537.36 (KHTML, like Gecko) Chrome/96.0.4664.110 Safari/537.36 Edg/96.0.1054.62"
80.120.5.131 - - [05/Jan/2022:09:16:45 +0100] "GET /reload?ser=1641370605760 HTTP/1.1" 302 140 "http://renault.activities.at/noshop" "Mozilla/5.0 (Windows NT 10.0; Win64; x64) AppleWebKit/537.36 (KHTML, like Gecko) Chrome/96.0.4664.110 Safari/537.36"
80.120.5.131 - - [05/Jan/2022:09:16:46 +0100] "GET /noshop HTTP/1.1" 200 1573 "http://renault.activities.at/noshop" "Mozilla/5.0 (Windows NT 10.0; Win64; x64) AppleWebKit/537.36 (KHTML, like Gecko) Chrome/96.0.4664.110 Safari/537.36"
80.120.210.180 - - [05/Jan/2022:09:17:38 +0100] "GET /reload?ser=1641370660116 HTTP/1.1" 302 140 "http://renault.activities.at/noshop" "Mozilla/5.0 (Windows NT 10.0; Win64; x64) AppleWebKit/537.36 (KHTML, like Gecko) Chrome/96.0.4664.110 Safari/537.36 Edg/96.0.1054.62"
80.120.210.180 - - [05/Jan/2022:09:17:39 +0100] "GET /noshop HTTP/1.1" 200 1573 "http://renault.activities.at/noshop" "Mozilla/5.0 (Windows NT 10.0; Win64; x64) AppleWebKit/537.36 (KHTML, like Gecko) Chrome/96.0.4664.110 Safari/537.36 Edg/96.0.1054.62"
80.120.5.131 - - [05/Jan/2022:09:17:47 +0100] "GET /reload?ser=1641370667752 HTTP/1.1" 302 140 "http://renault.activities.at/noshop" "Mozilla/5.0 (Windows NT 10.0; Win64; x64) AppleWebKit/537.36 (KHTML, like Gecko) Chrome/96.0.4664.110 Safari/537.36"
80.120.5.131 - - [05/Jan/2022:09:17:48 +0100] "GET /noshop HTTP/1.1" 200 1573 "http://renault.activities.at/noshop" "Mozilla/5.0 (Windows NT 10.0; Win64; x64) AppleWebKit/537.36 (KHTML, like Gecko) Chrome/96.0.4664.110 Safari/537.36"
80.120.210.180 - - [05/Jan/2022:09:18:40 +0100] "GET /reload?ser=1641370722112 HTTP/1.1" 302 140 "http://renault.activities.at/noshop" "Mozilla/5.0 (Windows NT 10.0; Win64; x64) AppleWebKit/537.36 (KHTML, like Gecko) Chrome/96.0.4664.110 Safari/537.36 Edg/96.0.1054.62"
80.120.210.180 - - [05/Jan/2022:09:18:41 +0100] "GET /noshop HTTP/1.1" 200 1573 "http://renault.activities.at/noshop" "Mozilla/5.0 (Windows NT 10.0; Win64; x64) AppleWebKit/537.36 (KHTML, like Gecko) Chrome/96.0.4664.110 Safari/537.36 Edg/96.0.1054.62"
80.120.5.131 - - [05/Jan/2022:09:18:49 +0100] "GET /reload?ser=1641370729753 HTTP/1.1" 302 140 "http://renault.activities.at/noshop" "Mozilla/5.0 (Windows NT 10.0; Win64; x64) AppleWebKit/537.36 (KHTML, like Gecko) Chrome/96.0.4664.110 Safari/537.36"
80.120.5.131 - - [05/Jan/2022:09:18:50 +0100] "GET /noshop HTTP/1.1" 200 1573 "http://renault.activities.at/noshop" "Mozilla/5.0 (Windows NT 10.0; Win64; x64) AppleWebKit/537.36 (KHTML, like Gecko) Chrome/96.0.4664.110 Safari/537.36"
80.120.210.180 - - [05/Jan/2022:09:19:42 +0100] "GET /reload?ser=1641370784126 HTTP/1.1" 302 140 "http://renault.activities.at/noshop" "Mozilla/5.0 (Windows NT 10.0; Win64; x64) AppleWebKit/537.36 (KHTML, like Gecko) Chrome/96.0.4664.110 Safari/537.36 Edg/96.0.1054.62"
80.120.210.180 - - [05/Jan/2022:09:19:43 +0100] "GET /noshop HTTP/1.1" 200 1573 "http://renault.activities.at/noshop" "Mozilla/5.0 (Windows NT 10.0; Win64; x64) AppleWebKit/537.36 (KHTML, like Gecko) Chrome/96.0.4664.110 Safari/537.36 Edg/96.0.1054.62"
80.120.5.131 - - [05/Jan/2022:09:19:51 +0100] "GET /reload?ser=1641370791750 HTTP/1.1" 302 140 "http://renault.activities.at/noshop" "Mozilla/5.0 (Windows NT 10.0; Win64; x64) AppleWebKit/537.36 (KHTML, like Gecko) Chrome/96.0.4664.110 Safari/537.36"
80.120.5.131 - - [05/Jan/2022:09:19:52 +0100] "GET /noshop HTTP/1.1" 200 1573 "http://renault.activities.at/noshop" "Mozilla/5.0 (Windows NT 10.0; Win64; x64) AppleWebKit/537.36 (KHTML, like Gecko) Chrome/96.0.4664.110 Safari/537.36"
93.83.167.130 - - [05/Jan/2022:09:20:23 +0100] "GET /account?loadrequest=true HTTP/1.1" 302 150 "-" "Mozilla/5.0 (Windows NT 10.0; Win64; x64) AppleWebKit/537.36 (KHTML, like Gecko) Chrome/96.0.4664.110 Safari/537.36"
93.83.167.130 - - [05/Jan/2022:09:20:24 +0100] "GET /login?required=true HTTP/1.1" 302 140 "-" "Mozilla/5.0 (Windows NT 10.0; Win64; x64) AppleWebKit/537.36 (KHTML, like Gecko) Chrome/96.0.4664.110 Safari/537.36"
93.83.167.130 - - [05/Jan/2022:09:20:25 +0100] "GET /noshop HTTP/1.1" 200 1573 "-" "Mozilla/5.0 (Windows NT 10.0; Win64; x64) AppleWebKit/537.36 (KHTML, like Gecko) Chrome/96.0.4664.110 Safari/537.36"
93.83.167.130 - - [05/Jan/2022:09:20:25 +0100] "GET /account?loadrequest=true HTTP/1.1" 302 150 "-" "Mozilla/5.0 (Windows NT 10.0; Win64; x64) AppleWebKit/537.36 (KHTML, like Gecko) Chrome/96.0.4664.110 Safari/537.36"
93.83.167.130 - - [05/Jan/2022:09:20:26 +0100] "GET /account?loadrequest=true HTTP/1.1" 302 150 "-" "Mozilla/5.0 (Windows NT 10.0; Win64; x64) AppleWebKit/537.36 (KHTML, like Gecko) Chrome/96.0.4664.110 Safari/537.36"
93.83.167.130 - - [05/Jan/2022:09:20:26 +0100] "GET /account?loadrequest=true HTTP/1.1" 302 150 "-" "Mozilla/5.0 (Windows NT 10.0; Win64; x64) AppleWebKit/537.36 (KHTML, like Gecko) Chrome/96.0.4664.110 Safari/537.36"
93.83.167.130 - - [05/Jan/2022:09:20:26 +0100] "GET /account?loadrequest=true HTTP/1.1" 302 150 "-" "Mozilla/5.0 (Windows NT 10.0; Win64; x64) AppleWebKit/537.36 (KHTML, like Gecko) Chrome/96.0.4664.110 Safari/537.36"
93.83.167.130 - - [05/Jan/2022:09:20:27 +0100] "GET /account?loadrequest=true HTTP/1.1" 302 150 "-" "Mozilla/5.0 (Windows NT 10.0; Win64; x64) AppleWebKit/537.36 (KHTML, like Gecko) Chrome/96.0.4664.110 Safari/537.36"
93.83.167.130 - - [05/Jan/2022:09:20:27 +0100] "GET /account?loadrequest=true HTTP/1.1" 302 150 "-" "Mozilla/5.0 (Windows NT 10.0; Win64; x64) AppleWebKit/537.36 (KHTML, like Gecko) Chrome/96.0.4664.110 Safari/537.36"
93.83.167.130 - - [05/Jan/2022:09:20:28 +0100] "GET /account?loadrequest=true HTTP/1.1" 302 150 "-" "Mozilla/5.0 (Windows NT 10.0; Win64; x64) AppleWebKit/537.36 (KHTML, like Gecko) Chrome/96.0.4664.110 Safari/537.36"
93.83.167.130 - - [05/Jan/2022:09:20:28 +0100] "GET /account?loadrequest=true HTTP/1.1" 302 150 "-" "Mozilla/5.0 (Windows NT 10.0; Win64; x64) AppleWebKit/537.36 (KHTML, like Gecko) Chrome/96.0.4664.110 Safari/537.36"
93.83.167.130 - - [05/Jan/2022:09:20:27 +0100] "GET /account?loadrequest=true HTTP/1.1" 302 150 "-" "Mozilla/5.0 (Windows NT 10.0; Win64; x64) AppleWebKit/537.36 (KHTML, like Gecko) Chrome/96.0.4664.110 Safari/537.36"
93.83.167.130 - - [05/Jan/2022:09:20:28 +0100] "GET /account?loadrequest=true HTTP/1.1" 302 150 "-" "Mozilla/5.0 (Windows NT 10.0; Win64; x64) AppleWebKit/537.36 (KHTML, like Gecko) Chrome/96.0.4664.110 Safari/537.36"
93.83.167.130 - - [05/Jan/2022:09:20:29 +0100] "GET /account?loadrequest=true HTTP/1.1" 302 150 "-" "Mozilla/5.0 (Windows NT 10.0; Win64; x64) AppleWebKit/537.36 (KHTML, like Gecko) Chrome/96.0.4664.110 Safari/537.36"
93.83.167.130 - - [05/Jan/2022:09:20:29 +0100] "GET /account?loadrequest=true HTTP/1.1" 302 150 "-" "Mozilla/5.0 (Windows NT 10.0; Win64; x64) AppleWebKit/537.36 (KHTML, like Gecko) Chrome/96.0.4664.110 Safari/537.36"
93.83.167.130 - - [05/Jan/2022:09:20:29 +0100] "GET /account?loadrequest=true HTTP/1.1" 302 150 "-" "Mozilla/5.0 (Windows NT 10.0; Win64; x64) AppleWebKit/537.36 (KHTML, like Gecko) Chrome/96.0.4664.110 Safari/537.36"
93.83.167.130 - - [05/Jan/2022:09:20:28 +0100] "GET /account?loadrequest=true HTTP/1.1" 302 150 "-" "Mozilla/5.0 (Windows NT 10.0; Win64; x64) AppleWebKit/537.36 (KHTML, like Gecko) Chrome/96.0.4664.110 Safari/537.36"
93.83.167.130 - - [05/Jan/2022:09:20:28 +0100] "GET /account?loadrequest=true HTTP/1.1" 302 150 "-" "Mozilla/5.0 (Windows NT 10.0; Win64; x64) AppleWebKit/537.36 (KHTML, like Gecko) Chrome/96.0.4664.110 Safari/537.36"
93.83.167.130 - - [05/Jan/2022:09:20:30 +0100] "GET /account?loadrequest=true HTTP/1.1" 302 150 "-" "Mozilla/5.0 (Windows NT 10.0; Win64; x64) AppleWebKit/537.36 (KHTML, like Gecko) Chrome/96.0.4664.110 Safari/537.36"
93.83.167.130 - - [05/Jan/2022:09:20:30 +0100] "GET /account?loadrequest=true HTTP/1.1" 302 150 "-" "Mozilla/5.0 (Windows NT 10.0; Win64; x64) AppleWebKit/537.36 (KHTML, like Gecko) Chrome/96.0.4664.110 Safari/537.36"
93.83.167.130 - - [05/Jan/2022:09:20:28 +0100] "GET /account?loadrequest=true HTTP/1.1" 302 150 "-" "Mozilla/5.0 (Windows NT 10.0; Win64; x64) AppleWebKit/537.36 (KHTML, like Gecko) Chrome/96.0.4664.110 Safari/537.36"
93.83.167.130 - - [05/Jan/2022:09:20:29 +0100] "GET /account?loadrequest=true HTTP/1.1" 302 150 "-" "Mozilla/5.0 (Windows NT 10.0; Win64; x64) AppleWebKit/537.36 (KHTML, like Gecko) Chrome/96.0.4664.110 Safari/537.36"
93.83.167.130 - - [05/Jan/2022:09:20:30 +0100] "GET /account?loadrequest=true HTTP/1.1" 302 150 "-" "Mozilla/5.0 (Windows NT 10.0; Win64; x64) AppleWebKit/537.36 (KHTML, like Gecko) Chrome/96.0.4664.110 Safari/537.36"
93.83.167.130 - - [05/Jan/2022:09:20:29 +0100] "GET /account?loadrequest=true HTTP/1.1" 302 150 "-" "Mozilla/5.0 (Windows NT 10.0; Win64; x64) AppleWebKit/537.36 (KHTML, like Gecko) Chrome/96.0.4664.110 Safari/537.36"
93.83.167.130 - - [05/Jan/2022:09:20:30 +0100] "GET /account?loadrequest=true HTTP/1.1" 302 150 "-" "Mozilla/5.0 (Windows NT 10.0; Win64; x64) AppleWebKit/537.36 (KHTML, like Gecko) Chrome/96.0.4664.110 Safari/537.36"
80.120.210.180 - - [05/Jan/2022:09:20:44 +0100] "GET /reload?ser=1641370846124 HTTP/1.1" 302 140 "http://renault.activities.at/noshop" "Mozilla/5.0 (Windows NT 10.0; Win64; x64) AppleWebKit/537.36 (KHTML, like Gecko) Chrome/96.0.4664.110 Safari/537.36 Edg/96.0.1054.62"
93.83.167.130 - - [05/Jan/2022:09:20:40 +0100] "GET /login?required=true HTTP/1.1" 302 140 "-" "Mozilla/5.0 (Windows NT 10.0; Win64; x64) AppleWebKit/537.36 (KHTML, like Gecko) Chrome/96.0.4664.110 Safari/537.36"
93.83.167.130 - - [05/Jan/2022:09:20:43 +0100] "GET /account?loadrequest=true HTTP/1.1" 302 150 "-" "Mozilla/5.0 (Windows NT 10.0; Win64; x64) AppleWebKit/537.36 (KHTML, like Gecko) Chrome/96.0.4664.110 Safari/537.36"
80.120.210.180 - - [05/Jan/2022:09:20:45 +0100] "GET /noshop HTTP/1.1" 200 1573 "http://renault.activities.at/noshop" "Mozilla/5.0 (Windows NT 10.0; Win64; x64) AppleWebKit/537.36 (KHTML, like Gecko) Chrome/96.0.4664.110 Safari/537.36 Edg/96.0.1054.62"
93.83.167.130 - - [05/Jan/2022:09:20:46 +0100] "GET /login?required=true HTTP/1.1" 302 140 "-" "Mozilla/5.0 (Windows NT 10.0; Win64; x64) AppleWebKit/537.36 (KHTML, like Gecko) Chrome/96.0.4664.110 Safari/537.36"
93.83.167.130 - - [05/Jan/2022:09:20:47 +0100] "GET /noshop HTTP/1.1" 200 1573 "-" "Mozilla/5.0 (Windows NT 10.0; Win64; x64) AppleWebKit/537.36 (KHTML, like Gecko) Chrome/96.0.4664.110 Safari/537.36"
93.83.167.130 - - [05/Jan/2022:09:20:48 +0100] "GET /loadthumbnail.php?id=11127982 HTTP/1.1" 200 399614 "http://renault.activities.at/noshop" "Mozilla/5.0 (Windows NT 10.0; Win64; x64) AppleWebKit/537.36 (KHTML, like Gecko) Chrome/96.0.4664.110 Safari/537.36"
93.83.167.130 - - [05/Jan/2022:09:20:47 +0100] "GET /account?loadrequest=true HTTP/1.1" 302 150 "-" "Mozilla/5.0 (Windows NT 10.0; Win64; x64) AppleWebKit/537.36 (KHTML, like Gecko) Chrome/96.0.4664.110 Safari/537.36"
93.83.167.130 - - [05/Jan/2022:09:20:49 +0100] "GET /images/favicon.ico HTTP/1.1" 404 305 "http://renault.activities.at/noshop" "Mozilla/5.0 (Windows NT 10.0; Win64; x64) AppleWebKit/537.36 (KHTML, like Gecko) Chrome/96.0.4664.110 Safari/537.36"
93.83.167.130 - - [05/Jan/2022:09:20:49 +0100] "GET /login?required=true HTTP/1.1" 302 140 "-" "Mozilla/5.0 (Windows NT 10.0; Win64; x64) AppleWebKit/537.36 (KHTML, like Gecko) Chrome/96.0.4664.110 Safari/537.36"
93.83.167.130 - - [05/Jan/2022:09:20:50 +0100] "GET /noshop HTTP/1.1" 200 1573 "-" "Mozilla/5.0 (Windows NT 10.0; Win64; x64) AppleWebKit/537.36 (KHTML, like Gecko) Chrome/96.0.4664.110 Safari/537.36"
80.120.5.131 - - [05/Jan/2022:09:20:53 +0100] "GET /reload?ser=1641370853760 HTTP/1.1" 302 140 "http://renault.activities.at/noshop" "Mozilla/5.0 (Windows NT 10.0; Win64; x64) AppleWebKit/537.36 (KHTML, like Gecko) Chrome/96.0.4664.110 Safari/537.36"
80.120.5.131 - - [05/Jan/2022:09:20:54 +0100] "GET /noshop HTTP/1.1" 200 1573 "http://renault.activities.at/noshop" "Mozilla/5.0 (Windows NT 10.0; Win64; x64) AppleWebKit/537.36 (KHTML, like Gecko) Chrome/96.0.4664.110 Safari/537.36"
93.83.167.130 - - [05/Jan/2022:09:21:06 +0100] "GET /login HTTP/1.1" 302 140 "http://renault.activities.at/noshop" "Mozilla/5.0 (Windows NT 10.0; Win64; x64) AppleWebKit/537.36 (KHTML, like Gecko) Chrome/96.0.4664.110 Safari/537.36"
93.83.167.130 - - [05/Jan/2022:09:21:07 +0100] "GET /noshop HTTP/1.1" 200 1573 "http://renault.activities.at/noshop" "Mozilla/5.0 (Windows NT 10.0; Win64; x64) AppleWebKit/537.36 (KHTML, like Gecko) Chrome/96.0.4664.110 Safari/537.36"
93.83.167.130 - - [05/Jan/2022:09:21:11 +0100] "GET /login HTTP/1.1" 302 140 "http://renault.activities.at/noshop" "Mozilla/5.0 (Windows NT 10.0; Win64; x64) AppleWebKit/537.36 (KHTML, like Gecko) Chrome/96.0.4664.110 Safari/537.36"
93.83.167.130 - - [05/Jan/2022:09:21:12 +0100] "GET /noshop HTTP/1.1" 200 1573 "http://renault.activities.at/noshop" "Mozilla/5.0 (Windows NT 10.0; Win64; x64) AppleWebKit/537.36 (KHTML, like Gecko) Chrome/96.0.4664.110 Safari/537.36"
93.83.167.130 - - [05/Jan/2022:09:21:14 +0100] "GET /login HTTP/1.1" 302 140 "http://renault.activities.at/noshop" "Mozilla/5.0 (Windows NT 10.0; Win64; x64) AppleWebKit/537.36 (KHTML, like Gecko) Chrome/96.0.4664.110 Safari/537.36"
93.83.167.130 - - [05/Jan/2022:09:21:15 +0100] "GET /noshop HTTP/1.1" 200 1573 "http://renault.activities.at/noshop" "Mozilla/5.0 (Windows NT 10.0; Win64; x64) AppleWebKit/537.36 (KHTML, like Gecko) Chrome/96.0.4664.110 Safari/537.36"
93.83.167.130 - - [05/Jan/2022:09:21:16 +0100] "GET /login HTTP/1.1" 302 140 "http://renault.activities.at/noshop" "Mozilla/5.0 (Windows NT 10.0; Win64; x64) AppleWebKit/537.36 (KHTML, like Gecko) Chrome/96.0.4664.110 Safari/537.36"
93.83.167.130 - - [05/Jan/2022:09:21:17 +0100] "GET /login HTTP/1.1" 302 140 "http://renault.activities.at/noshop" "Mozilla/5.0 (Windows NT 10.0; Win64; x64) AppleWebKit/537.36 (KHTML, like Gecko) Chrome/96.0.4664.110 Safari/537.36"
93.83.167.130 - - [05/Jan/2022:09:21:17 +0100] "GET /login HTTP/1.1" 302 140 "http://renault.activities.at/noshop" "Mozilla/5.0 (Windows NT 10.0; Win64; x64) AppleWebKit/537.36 (KHTML, like Gecko) Chrome/96.0.4664.110 Safari/537.36"
93.83.167.130 - - [05/Jan/2022:09:21:17 +0100] "GET /login HTTP/1.1" 302 140 "http://renault.activities.at/noshop" "Mozilla/5.0 (Windows NT 10.0; Win64; x64) AppleWebKit/537.36 (KHTML, like Gecko) Chrome/96.0.4664.110 Safari/537.36"
93.83.167.130 - - [05/Jan/2022:09:21:17 +0100] "GET /login HTTP/1.1" 302 140 "http://renault.activities.at/noshop" "Mozilla/5.0 (Windows NT 10.0; Win64; x64) AppleWebKit/537.36 (KHTML, like Gecko) Chrome/96.0.4664.110 Safari/537.36"
93.83.167.130 - - [05/Jan/2022:09:21:17 +0100] "GET /login HTTP/1.1" 302 140 "http://renault.activities.at/noshop" "Mozilla/5.0 (Windows NT 10.0; Win64; x64) AppleWebKit/537.36 (KHTML, like Gecko) Chrome/96.0.4664.110 Safari/537.36"
93.83.167.130 - - [05/Jan/2022:09:21:18 +0100] "GET /login HTTP/1.1" 302 140 "http://renault.activities.at/noshop" "Mozilla/5.0 (Windows NT 10.0; Win64; x64) AppleWebKit/537.36 (KHTML, like Gecko) Chrome/96.0.4664.110 Safari/537.36"
93.83.167.130 - - [05/Jan/2022:09:21:19 +0100] "GET /login HTTP/1.1" 302 140 "http://renault.activities.at/noshop" "Mozilla/5.0 (Windows NT 10.0; Win64; x64) AppleWebKit/537.36 (KHTML, like Gecko) Chrome/96.0.4664.110 Safari/537.36"
93.83.167.130 - - [05/Jan/2022:09:21:18 +0100] "GET /login HTTP/1.1" 302 140 "http://renault.activities.at/noshop" "Mozilla/5.0 (Windows NT 10.0; Win64; x64) AppleWebKit/537.36 (KHTML, like Gecko) Chrome/96.0.4664.110 Safari/537.36"
93.83.167.130 - - [05/Jan/2022:09:21:20 +0100] "GET /login HTTP/1.1" 302 140 "http://renault.activities.at/noshop" "Mozilla/5.0 (Windows NT 10.0; Win64; x64) AppleWebKit/537.36 (KHTML, like Gecko) Chrome/96.0.4664.110 Safari/537.36"
93.83.167.130 - - [05/Jan/2022:09:21:18 +0100] "GET /login HTTP/1.1" 302 140 "http://renault.activities.at/noshop" "Mozilla/5.0 (Windows NT 10.0; Win64; x64) AppleWebKit/537.36 (KHTML, like Gecko) Chrome/96.0.4664.110 Safari/537.36"
93.83.167.130 - - [05/Jan/2022:09:21:18 +0100] "GET /login HTTP/1.1" 302 140 "http://renault.activities.at/noshop" "Mozilla/5.0 (Windows NT 10.0; Win64; x64) AppleWebKit/537.36 (KHTML, like Gecko) Chrome/96.0.4664.110 Safari/537.36"
93.83.167.130 - - [05/Jan/2022:09:21:18 +0100] "GET /login HTTP/1.1" 302 140 "http://renault.activities.at/noshop" "Mozilla/5.0 (Windows NT 10.0; Win64; x64) AppleWebKit/537.36 (KHTML, like Gecko) Chrome/96.0.4664.110 Safari/537.36"
93.83.167.130 - - [05/Jan/2022:09:21:19 +0100] "GET /login HTTP/1.1" 302 140 "http://renault.activities.at/noshop" "Mozilla/5.0 (Windows NT 10.0; Win64; x64) AppleWebKit/537.36 (KHTML, like Gecko) Chrome/96.0.4664.110 Safari/537.36"
93.83.167.130 - - [05/Jan/2022:09:21:19 +0100] "GET /login HTTP/1.1" 302 140 "http://renault.activities.at/noshop" "Mozilla/5.0 (Windows NT 10.0; Win64; x64) AppleWebKit/537.36 (KHTML, like Gecko) Chrome/96.0.4664.110 Safari/537.36"
93.83.167.130 - - [05/Jan/2022:09:21:19 +0100] "GET /login HTTP/1.1" 302 140 "http://renault.activities.at/noshop" "Mozilla/5.0 (Windows NT 10.0; Win64; x64) AppleWebKit/537.36 (KHTML, like Gecko) Chrome/96.0.4664.110 Safari/537.36"
93.83.167.130 - - [05/Jan/2022:09:21:20 +0100] "GET /login HTTP/1.1" 302 140 "http://renault.activities.at/noshop" "Mozilla/5.0 (Windows NT 10.0; Win64; x64) AppleWebKit/537.36 (KHTML, like Gecko) Chrome/96.0.4664.110 Safari/537.36"
93.83.167.130 - - [05/Jan/2022:09:21:19 +0100] "GET /login HTTP/1.1" 302 140 "http://renault.activities.at/noshop" "Mozilla/5.0 (Windows NT 10.0; Win64; x64) AppleWebKit/537.36 (KHTML, like Gecko) Chrome/96.0.4664.110 Safari/537.36"
93.83.167.130 - - [05/Jan/2022:09:21:30 +0100] "GET /noshop HTTP/1.1" 200 1573 "http://renault.activities.at/noshop" "Mozilla/5.0 (Windows NT 10.0; Win64; x64) AppleWebKit/537.36 (KHTML, like Gecko) Chrome/96.0.4664.110 Safari/537.36"
80.120.210.180 - - [05/Jan/2022:09:21:46 +0100] "GET /reload?ser=1641370908121 HTTP/1.1" 302 140 "http://renault.activities.at/noshop" "Mozilla/5.0 (Windows NT 10.0; Win64; x64) AppleWebKit/537.36 (KHTML, like Gecko) Chrome/96.0.4664.110 Safari/537.36 Edg/96.0.1054.62"
80.120.210.180 - - [05/Jan/2022:09:21:47 +0100] "GET /noshop HTTP/1.1" 200 1573 "http://renault.activities.at/noshop" "Mozilla/5.0 (Windows NT 10.0; Win64; x64) AppleWebKit/537.36 (KHTML, like Gecko) Chrome/96.0.4664.110 Safari/537.36 Edg/96.0.1054.62"
93.83.167.130 - - [05/Jan/2022:09:21:50 +0100] "GET /reload?ser=1641370908729 HTTP/1.1" 302 140 "http://renault.activities.at/noshop" "Mozilla/5.0 (Windows NT 10.0; Win64; x64) AppleWebKit/537.36 (KHTML, like Gecko) Chrome/96.0.4664.110 Safari/537.36"
93.83.167.130 - - [05/Jan/2022:09:21:50 +0100] "GET /noshop HTTP/1.1" 200 1573 "http://renault.activities.at/noshop" "Mozilla/5.0 (Windows NT 10.0; Win64; x64) AppleWebKit/537.36 (KHTML, like Gecko) Chrome/96.0.4664.110 Safari/537.36"
80.120.5.131 - - [05/Jan/2022:09:21:55 +0100] "GET /reload?ser=1641370915760 HTTP/1.1" 302 140 "http://renault.activities.at/noshop" "Mozilla/5.0 (Windows NT 10.0; Win64; x64) AppleWebKit/537.36 (KHTML, like Gecko) Chrome/96.0.4664.110 Safari/537.36"
80.120.5.131 - - [05/Jan/2022:09:21:56 +0100] "GET /noshop HTTP/1.1" 200 1573 "http://renault.activities.at/noshop" "Mozilla/5.0 (Windows NT 10.0; Win64; x64) AppleWebKit/537.36 (KHTML, like Gecko) Chrome/96.0.4664.110 Safari/537.36"
153.92.113.152 - - [05/Jan/2022:09:22:11 +0100] "GET / HTTP/1.1" 302 140 "-" "Mozilla/5.0 (Windows NT 6.1; Win64; x64) AppleWebKit/537.36 (KHTML, like Gecko) Chrome/96.0.4664.110 Safari/537.36"
153.92.113.152 - - [05/Jan/2022:09:22:12 +0100] "GET /noshop HTTP/1.1" 200 1573 "-" "Mozilla/5.0 (Windows NT 6.1; Win64; x64) AppleWebKit/537.36 (KHTML, like Gecko) Chrome/96.0.4664.110 Safari/537.36"
153.92.113.152 - - [05/Jan/2022:09:22:13 +0100] "GET /css/reset.css HTTP/1.1" 200 1356 "http://renault.activities.at/noshop" "Mozilla/5.0 (Windows NT 6.1; Win64; x64) AppleWebKit/537.36 (KHTML, like Gecko) Chrome/96.0.4664.110 Safari/537.36"
153.92.113.152 - - [05/Jan/2022:09:22:13 +0100] "GET /css/clears.css HTTP/1.1" 200 851 "http://renault.activities.at/noshop" "Mozilla/5.0 (Windows NT 6.1; Win64; x64) AppleWebKit/537.36 (KHTML, like Gecko) Chrome/96.0.4664.110 Safari/537.36"
153.92.113.152 - - [05/Jan/2022:09:22:13 +0100] "GET /js/checkout.css HTTP/1.1" 200 359 "http://renault.activities.at/noshop" "Mozilla/5.0 (Windows NT 6.1; Win64; x64) AppleWebKit/537.36 (KHTML, like Gecko) Chrome/96.0.4664.110 Safari/537.36"
153.92.113.152 - - [05/Jan/2022:09:22:13 +0100] "GET /css/prototip.css HTTP/1.1" 200 968 "http://renault.activities.at/noshop" "Mozilla/5.0 (Windows NT 6.1; Win64; x64) AppleWebKit/537.36 (KHTML, like Gecko) Chrome/96.0.4664.110 Safari/537.36"
153.92.113.152 - - [05/Jan/2022:09:22:13 +0100] "GET /css/themes/default.css HTTP/1.1" 200 769 "http://renault.activities.at/noshop" "Mozilla/5.0 (Windows NT 6.1; Win64; x64) AppleWebKit/537.36 (KHTML, like Gecko) Chrome/96.0.4664.110 Safari/537.36"
153.92.113.152 - - [05/Jan/2022:09:22:13 +0100] "GET /css/styles.css HTTP/1.1" 200 14664 "http://renault.activities.at/noshop" "Mozilla/5.0 (Windows NT 6.1; Win64; x64) AppleWebKit/537.36 (KHTML, like Gecko) Chrome/96.0.4664.110 Safari/537.36"
153.92.113.152 - - [05/Jan/2022:09:22:13 +0100] "GET /css/themes/alphacube.css HTTP/1.1" 200 743 "http://renault.activities.at/noshop" "Mozilla/5.0 (Windows NT 6.1; Win64; x64) AppleWebKit/537.36 (KHTML, like Gecko) Chrome/96.0.4664.110 Safari/537.36"
153.92.113.152 - - [05/Jan/2022:09:22:13 +0100] "GET /js/default.js HTTP/1.1" 200 14698 "http://renault.activities.at/noshop" "Mozilla/5.0 (Windows NT 6.1; Win64; x64) AppleWebKit/537.36 (KHTML, like Gecko) Chrome/96.0.4664.110 Safari/537.36"
153.92.113.152 - - [05/Jan/2022:09:22:13 +0100] "GET /js/index.php?c=auto&f=,prototype/prototype.js,prototype/validation.js,scriptaculous/builder.js,scriptaculous/effects.js,scriptaculous/dragdrop.js,scriptaculous/controls.js,scriptaculous/slider.js,varien/js.js,varien/form.js,varien/menu.js,mage/translate.js,mage/cookies.js,varien/product.js,spinner/SpinnerControl.jsmin.js,prototype/window.js,prototype/window_ext.js HTTP/1.1" 200 94182 "http://renault.activities.at/noshop" "Mozilla/5.0 (Windows NT 6.1; Win64; x64) AppleWebKit/537.36 (KHTML, like Gecko) Chrome/96.0.4664.110 Safari/537.36"
153.92.113.152 - - [05/Jan/2022:09:22:14 +0100] "GET /images/main_block_border.gif HTTP/1.1" 200 43 "http://renault.activities.at/css/styles.css" "Mozilla/5.0 (Windows NT 6.1; Win64; x64) AppleWebKit/537.36 (KHTML, like Gecko) Chrome/96.0.4664.110 Safari/537.36"
153.92.113.152 - - [05/Jan/2022:09:22:14 +0100] "GET /images/main_block_corner_left_bot.gif HTTP/1.1" 200 159 "http://renault.activities.at/css/styles.css" "Mozilla/5.0 (Windows NT 6.1; Win64; x64) AppleWebKit/537.36 (KHTML, like Gecko) Chrome/96.0.4664.110 Safari/537.36"
153.92.113.152 - - [05/Jan/2022:09:22:14 +0100] "GET /images/main_block_corner_right_bot.gif HTTP/1.1" 200 158 "http://renault.activities.at/css/styles.css" "Mozilla/5.0 (Windows NT 6.1; Win64; x64) AppleWebKit/537.36 (KHTML, like Gecko) Chrome/96.0.4664.110 Safari/537.36"
153.92.113.152 - - [05/Jan/2022:09:22:14 +0100] "GET /images/header_block_border.gif HTTP/1.1" 200 43 "http://renault.activities.at/css/styles.css" "Mozilla/5.0 (Windows NT 6.1; Win64; x64) AppleWebKit/537.36 (KHTML, like Gecko) Chrome/96.0.4664.110 Safari/537.36"
153.92.113.152 - - [05/Jan/2022:09:22:14 +0100] "GET /images/header_block_corner_left_top.gif HTTP/1.1" 200 160 "http://renault.activities.at/css/styles.css" "Mozilla/5.0 (Windows NT 6.1; Win64; x64) AppleWebKit/537.36 (KHTML, like Gecko) Chrome/96.0.4664.110 Safari/537.36"
153.92.113.152 - - [05/Jan/2022:09:22:14 +0100] "GET /css/print.css HTTP/1.1" 200 543 "http://renault.activities.at/noshop" "Mozilla/5.0 (Windows NT 6.1; Win64; x64) AppleWebKit/537.36 (KHTML, like Gecko) Chrome/96.0.4664.110 Safari/537.36"
153.92.113.152 - - [05/Jan/2022:09:22:14 +0100] "GET /images/title_corner_left_top.jpg HTTP/1.1" 200 372 "http://renault.activities.at/css/styles.css" "Mozilla/5.0 (Windows NT 6.1; Win64; x64) AppleWebKit/537.36 (KHTML, like Gecko) Chrome/96.0.4664.110 Safari/537.36"
153.92.113.152 - - [05/Jan/2022:09:22:14 +0100] "GET /images/title_corner_right_top.jpg HTTP/1.1" 200 389 "http://renault.activities.at/css/styles.css" "Mozilla/5.0 (Windows NT 6.1; Win64; x64) AppleWebKit/537.36 (KHTML, like Gecko) Chrome/96.0.4664.110 Safari/537.36"
153.92.113.152 - - [05/Jan/2022:09:22:14 +0100] "GET /images/header_block_corner_right_top.gif HTTP/1.1" 200 160 "http://renault.activities.at/css/styles.css" "Mozilla/5.0 (Windows NT 6.1; Win64; x64) AppleWebKit/537.36 (KHTML, like Gecko) Chrome/96.0.4664.110 Safari/537.36"
153.92.113.152 - - [05/Jan/2022:09:22:14 +0100] "GET /images/main_block_corner_left_top.gif HTTP/1.1" 200 159 "http://renault.activities.at/css/styles.css" "Mozilla/5.0 (Windows NT 6.1; Win64; x64) AppleWebKit/537.36 (KHTML, like Gecko) Chrome/96.0.4664.110 Safari/537.36"
153.92.113.152 - - [05/Jan/2022:09:22:14 +0100] "GET /images/main_block_corner_right_top.gif HTTP/1.1" 200 159 "http://renault.activities.at/css/styles.css" "Mozilla/5.0 (Windows NT 6.1; Win64; x64) AppleWebKit/537.36 (KHTML, like Gecko) Chrome/96.0.4664.110 Safari/537.36"
153.92.113.152 - - [05/Jan/2022:09:22:14 +0100] "GET /images/title_border.jpg HTTP/1.1" 200 304 "http://renault.activities.at/css/styles.css" "Mozilla/5.0 (Windows NT 6.1; Win64; x64) AppleWebKit/537.36 (KHTML, like Gecko) Chrome/96.0.4664.110 Safari/537.36"
153.92.113.152 - - [05/Jan/2022:09:22:14 +0100] "GET /images/title_border_top.jpg HTTP/1.1" 200 336 "http://renault.activities.at/css/styles.css" "Mozilla/5.0 (Windows NT 6.1; Win64; x64) AppleWebKit/537.36 (KHTML, like Gecko) Chrome/96.0.4664.110 Safari/537.36"
153.92.113.152 - - [05/Jan/2022:09:22:14 +0100] "GET /loadthumbnail.php?id=11127982 HTTP/1.1" 200 399614 "http://renault.activities.at/noshop" "Mozilla/5.0 (Windows NT 6.1; Win64; x64) AppleWebKit/537.36 (KHTML, like Gecko) Chrome/96.0.4664.110 Safari/537.36"
153.92.113.152 - - [05/Jan/2022:09:22:14 +0100] "GET /images/favicon.ico HTTP/1.1" 404 305 "http://renault.activities.at/noshop" "Mozilla/5.0 (Windows NT 6.1; Win64; x64) AppleWebKit/537.36 (KHTML, like Gecko) Chrome/96.0.4664.110 Safari/537.36"
93.83.167.130 - - [05/Jan/2022:09:22:19 +0100] "GET /login HTTP/1.1" 302 140 "http://renault.activities.at/noshop" "Mozilla/5.0 (Windows NT 10.0; Win64; x64) AppleWebKit/537.36 (KHTML, like Gecko) Chrome/96.0.4664.110 Safari/537.36"
93.83.167.130 - - [05/Jan/2022:09:22:20 +0100] "GET /noshop HTTP/1.1" 200 1573 "http://renault.activities.at/noshop" "Mozilla/5.0 (Windows NT 10.0; Win64; x64) AppleWebKit/537.36 (KHTML, like Gecko) Chrome/96.0.4664.110 Safari/537.36"
93.83.167.130 - - [05/Jan/2022:09:22:34 +0100] "GET /login HTTP/1.1" 302 140 "http://renault.activities.at/noshop" "Mozilla/5.0 (Windows NT 10.0; Win64; x64) AppleWebKit/537.36 (KHTML, like Gecko) Chrome/96.0.4664.110 Safari/537.36"
93.83.167.130 - - [05/Jan/2022:09:22:35 +0100] "GET /login HTTP/1.1" 302 140 "http://renault.activities.at/noshop" "Mozilla/5.0 (Windows NT 10.0; Win64; x64) AppleWebKit/537.36 (KHTML, like Gecko) Chrome/96.0.4664.110 Safari/537.36"
93.83.167.130 - - [05/Jan/2022:09:22:36 +0100] "GET /noshop HTTP/1.1" 200 1573 "http://renault.activities.at/noshop" "Mozilla/5.0 (Windows NT 10.0; Win64; x64) AppleWebKit/537.36 (KHTML, like Gecko) Chrome/96.0.4664.110 Safari/537.36"
153.92.113.152 - - [05/Jan/2022:09:22:36 +0100] "GET /login HTTP/1.1" 302 140 "http://renault.activities.at/noshop" "Mozilla/5.0 (Windows NT 6.1; Win64; x64) AppleWebKit/537.36 (KHTML, like Gecko) Chrome/96.0.4664.110 Safari/537.36"
153.92.113.152 - - [05/Jan/2022:09:22:37 +0100] "GET /noshop HTTP/1.1" 200 1573 "http://renault.activities.at/noshop" "Mozilla/5.0 (Windows NT 6.1; Win64; x64) AppleWebKit/537.36 (KHTML, like Gecko) Chrome/96.0.4664.110 Safari/537.36"
80.120.210.180 - - [05/Jan/2022:09:22:48 +0100] "GET /reload?ser=1641370970120 HTTP/1.1" 302 140 "http://renault.activities.at/noshop" "Mozilla/5.0 (Windows NT 10.0; Win64; x64) AppleWebKit/537.36 (KHTML, like Gecko) Chrome/96.0.4664.110 Safari/537.36 Edg/96.0.1054.62"
80.120.210.180 - - [05/Jan/2022:09:22:49 +0100] "GET /noshop HTTP/1.1" 200 1573 "http://renault.activities.at/noshop" "Mozilla/5.0 (Windows NT 10.0; Win64; x64) AppleWebKit/537.36 (KHTML, like Gecko) Chrome/96.0.4664.110 Safari/537.36 Edg/96.0.1054.62"
153.92.113.152 - - [05/Jan/2022:09:22:53 +0100] "GET /login HTTP/1.1" 302 140 "http://renault.activities.at/noshop" "Mozilla/5.0 (Windows NT 6.1; Win64; x64) AppleWebKit/537.36 (KHTML, like Gecko) Chrome/96.0.4664.110 Safari/537.36"
153.92.113.152 - - [05/Jan/2022:09:22:53 +0100] "GET /login HTTP/1.1" 302 140 "http://renault.activities.at/noshop" "Mozilla/5.0 (Windows NT 6.1; Win64; x64) AppleWebKit/537.36 (KHTML, like Gecko) Chrome/96.0.4664.110 Safari/537.36"
153.92.113.152 - - [05/Jan/2022:09:22:54 +0100] "GET /noshop HTTP/1.1" 200 1573 "http://renault.activities.at/noshop" "Mozilla/5.0 (Windows NT 6.1; Win64; x64) AppleWebKit/537.36 (KHTML, like Gecko) Chrome/96.0.4664.110 Safari/537.36"
