46.125.249.52 - - [05/Jan/2022:10:36:38 +0100] "GET /entry.php?id=10778&form=11408&name=list& HTTP/1.1" 200 2516 "http://renault-advanced.activities.at/entry.php?id=11584&" "Mozilla/5.0 (Windows NT 6.1; Win64; x64; rv:95.0) Gecko/20100101 Firefox/95.0"
46.125.249.52 - - [05/Jan/2022:10:36:39 +0100] "GET /activities/framework/KoolControls/KoolAjax/koolajax.php?8436e354c842500aba3cbaf0584c0c24 HTTP/1.1" 200 4079 "http://renault-advanced.activities.at/entry.php?id=11583&" "Mozilla/5.0 (Windows NT 6.1; Win64; x64; rv:95.0) Gecko/20100101 Firefox/95.0"
46.125.249.52 - - [05/Jan/2022:10:36:39 +0100] "GET /gui/javascript/form_form.js?1641375399 HTTP/1.1" 200 16206 "http://renault-advanced.activities.at/entry.php?id=11583&" "Mozilla/5.0 (Windows NT 6.1; Win64; x64; rv:95.0) Gecko/20100101 Firefox/95.0"
46.125.249.52 - - [05/Jan/2022:10:36:39 +0100] "GET /activities/framework/KoolControls/KoolTreeView/kooltreeview.php?c7cd9180e88ffef8e70f13526bb4f5f7 HTTP/1.1" 200 5055 "http://renault-advanced.activities.at/entry.php?id=11583&" "Mozilla/5.0 (Windows NT 6.1; Win64; x64; rv:95.0) Gecko/20100101 Firefox/95.0"
84.115.216.64 - - [05/Jan/2022:10:36:50 +0100] "GET /entry.php?id=11537 HTTP/1.1" 200 800 "http://renault-advanced.activities.at/entry.php?id=11536" "Mozilla/5.0 (Windows NT 10.0; WOW64; Trident/7.0; Touch; rv:11.0) like Gecko"
84.115.216.64 - - [05/Jan/2022:10:36:55 +0100] "GET /entry.php?id=10877&mode=CheckLockFile&obj=false&ser=1641375415350 HTTP/1.1" 200 24 "http://renault-advanced.activities.at/entry.php?id=11536" "Mozilla/5.0 (Windows NT 10.0; WOW64; Trident/7.0; Touch; rv:11.0) like Gecko"
84.115.216.64 - - [05/Jan/2022:10:37:13 +0100] "GET /entry.php?id=10271&&ser=375356 HTTP/1.1" 200 986 "http://renault-advanced.activities.at/entry.php?id=10271&&ser=375182" "Mozilla/5.0 (Windows NT 10.0; WOW64; Trident/7.0; Touch; rv:11.0) like Gecko"
84.115.216.64 - - [05/Jan/2022:10:37:26 +0100] "GET /gui/javascript/form_form.js?1641375445 HTTP/1.1" 200 16206 "http://renault-advanced.activities.at/entry.php?id=10271&&ser=375356" "Mozilla/5.0 (Windows NT 10.0; WOW64; Trident/7.0; Touch; rv:11.0) like Gecko"
46.125.249.52 - - [05/Jan/2022:10:37:29 +0100] "GET /entry.php?id=10271&&ser=375388 HTTP/1.1" 200 986 "http://renault-advanced.activities.at/entry.php?id=10271&&ser=375327" "Mozilla/5.0 (Windows NT 6.1; Win64; x64; rv:95.0) Gecko/20100101 Firefox/95.0"
46.125.249.52 - - [05/Jan/2022:10:37:29 +0100] "GET /gui/javascript/form_form.js?1641375449 HTTP/1.1" 200 16206 "http://renault-advanced.activities.at/entry.php?id=10271&&ser=375388" "Mozilla/5.0 (Windows NT 6.1; Win64; x64; rv:95.0) Gecko/20100101 Firefox/95.0"
46.125.249.52 - - [05/Jan/2022:10:37:29 +0100] "GET /entry.php?id=10712 HTTP/1.1" 200 402 "http://renault-advanced.activities.at/entry.php?id=10270&__app__=10006038" "Mozilla/5.0 (Windows NT 6.1; Win64; x64; rv:95.0) Gecko/20100101 Firefox/95.0"
46.125.249.52 - - [05/Jan/2022:10:37:30 +0100] "GET /entry.php?id=10676&&title=Artikelverwaltung HTTP/1.1" 200 1392 "http://renault-advanced.activities.at/entry.php?id=10712" "Mozilla/5.0 (Windows NT 6.1; Win64; x64; rv:95.0) Gecko/20100101 Firefox/95.0"
46.125.249.52 - - [05/Jan/2022:10:37:30 +0100] "GET /gui/javascript/form_form.js?1641375450 HTTP/1.1" 200 16206 "http://renault-advanced.activities.at/entry.php?id=10676&&title=Artikelverwaltung" "Mozilla/5.0 (Windows NT 6.1; Win64; x64; rv:95.0) Gecko/20100101 Firefox/95.0"
46.125.249.52 - - [05/Jan/2022:10:37:30 +0100] "GET /entry.php?id=10715& HTTP/1.1" 200 2532 "http://renault-advanced.activities.at/entry.php?id=10712" "Mozilla/5.0 (Windows NT 6.1; Win64; x64; rv:95.0) Gecko/20100101 Firefox/95.0"
46.125.249.52 - - [05/Jan/2022:10:37:30 +0100] "GET /entry.php?id=10716& HTTP/1.1" 200 4732 "http://renault-advanced.activities.at/entry.php?id=10712" "Mozilla/5.0 (Windows NT 6.1; Win64; x64; rv:95.0) Gecko/20100101 Firefox/95.0"
46.125.249.52 - - [05/Jan/2022:10:37:30 +0100] "GET /entry.php?id=10776&form=10560&name=list& HTTP/1.1" 200 2073 "http://renault-advanced.activities.at/entry.php?id=10715&" "Mozilla/5.0 (Windows NT 6.1; Win64; x64; rv:95.0) Gecko/20100101 Firefox/95.0"
46.125.249.52 - - [05/Jan/2022:10:37:30 +0100] "GET /entry.php?id=10778&form=10560&name=list& HTTP/1.1" 200 2691 "http://renault-advanced.activities.at/entry.php?id=10715&" "Mozilla/5.0 (Windows NT 6.1; Win64; x64; rv:95.0) Gecko/20100101 Firefox/95.0"
84.115.216.64 - - [05/Jan/2022:10:37:24 +0100] "GET /entry.php?id=10877&mode=CheckLockFile&obj=false&ser=1641375444179 HTTP/1.1" 200 24 "http://renault-advanced.activities.at/entry.php?id=11536" "Mozilla/5.0 (Windows NT 10.0; WOW64; Trident/7.0; Touch; rv:11.0) like Gecko"
46.125.249.52 - - [05/Jan/2022:10:37:31 +0100] "GET /entry.php?id=10714&checksegmentation=false& HTTP/1.1" 200 7623 "http://renault-advanced.activities.at/entry.php?id=10712" "Mozilla/5.0 (Windows NT 6.1; Win64; x64; rv:95.0) Gecko/20100101 Firefox/95.0"
46.125.249.52 - - [05/Jan/2022:10:37:31 +0100] "GET /activities/framework/KoolControls/KoolAjax/koolajax.php?8436e354c842500aba3cbaf0584c0c24 HTTP/1.1" 200 4079 "http://renault-advanced.activities.at/entry.php?id=10714&checksegmentation=false&" "Mozilla/5.0 (Windows NT 6.1; Win64; x64; rv:95.0) Gecko/20100101 Firefox/95.0"
46.125.249.52 - - [05/Jan/2022:10:37:31 +0100] "GET /gui/javascript/form_form.js?1641375451 HTTP/1.1" 200 16206 "http://renault-advanced.activities.at/entry.php?id=10714&checksegmentation=false&" "Mozilla/5.0 (Windows NT 6.1; Win64; x64; rv:95.0) Gecko/20100101 Firefox/95.0"
46.125.249.52 - - [05/Jan/2022:10:37:32 +0100] "GET /activities/framework/KoolControls/KoolTreeView/kooltreeview.php?c7cd9180e88ffef8e70f13526bb4f5f7 HTTP/1.1" 200 5055 "http://renault-advanced.activities.at/entry.php?id=10714&checksegmentation=false&" "Mozilla/5.0 (Windows NT 6.1; Win64; x64; rv:95.0) Gecko/20100101 Firefox/95.0"
84.115.216.64 - - [05/Jan/2022:10:37:33 +0100] "GET /entry.php?id=10877&mode=CheckLockFile&obj=false&ser=1641375453275 HTTP/1.1" 200 24 "http://renault-advanced.activities.at/entry.php?id=11536" "Mozilla/5.0 (Windows NT 10.0; WOW64; Trident/7.0; Touch; rv:11.0) like Gecko"
84.115.216.64 - - [05/Jan/2022:10:37:40 +0100] "GET /entry.php?id=10877&mode=CheckLockFile&obj=false&ser=1641375460439 HTTP/1.1" 200 24 "http://renault-advanced.activities.at/entry.php?id=11536" "Mozilla/5.0 (Windows NT 10.0; WOW64; Trident/7.0; Touch; rv:11.0) like Gecko"
84.115.216.64 - - [05/Jan/2022:10:37:47 +0100] "GET /entry.php?id=10877&mode=CheckLockFile&obj=false&ser=1641375467409 HTTP/1.1" 200 24 "http://renault-advanced.activities.at/entry.php?id=11536" "Mozilla/5.0 (Windows NT 10.0; WOW64; Trident/7.0; Touch; rv:11.0) like Gecko"
84.115.216.64 - - [05/Jan/2022:10:37:54 +0100] "GET /entry.php?id=10877&mode=CheckLockFile&obj=false&ser=1641375474394 HTTP/1.1" 200 24 "http://renault-advanced.activities.at/entry.php?id=11536" "Mozilla/5.0 (Windows NT 10.0; WOW64; Trident/7.0; Touch; rv:11.0) like Gecko"
84.115.216.64 - - [05/Jan/2022:10:38:03 +0100] "GET /entry.php?id=10877&mode=CheckLockFile&obj=false&ser=1641375483362 HTTP/1.1" 200 24 "http://renault-advanced.activities.at/entry.php?id=11536" "Mozilla/5.0 (Windows NT 10.0; WOW64; Trident/7.0; Touch; rv:11.0) like Gecko"
84.115.216.64 - - [05/Jan/2022:10:38:10 +0100] "GET /entry.php?id=10877&mode=CheckLockFile&obj=false&ser=1641375490354 HTTP/1.1" 200 24 "http://renault-advanced.activities.at/entry.php?id=11536" "Mozilla/5.0 (Windows NT 10.0; WOW64; Trident/7.0; Touch; rv:11.0) like Gecko"
84.115.216.64 - - [05/Jan/2022:10:38:17 +0100] "GET /entry.php?id=10877&mode=CheckLockFile&obj=false&ser=1641375497247 HTTP/1.1" 200 24 "http://renault-advanced.activities.at/entry.php?id=11536" "Mozilla/5.0 (Windows NT 10.0; WOW64; Trident/7.0; Touch; rv:11.0) like Gecko"
84.115.216.64 - - [05/Jan/2022:10:38:24 +0100] "GET /entry.php?id=10877&mode=CheckLockFile&obj=false&ser=1641375504479 HTTP/1.1" 200 24 "http://renault-advanced.activities.at/entry.php?id=11536" "Mozilla/5.0 (Windows NT 10.0; WOW64; Trident/7.0; Touch; rv:11.0) like Gecko"
46.125.249.52 - - [05/Jan/2022:10:38:29 +0100] "GET /entry.php?id=10271&&ser=375449 HTTP/1.1" 200 986 "http://renault-advanced.activities.at/entry.php?id=10271&&ser=375388" "Mozilla/5.0 (Windows NT 6.1; Win64; x64; rv:95.0) Gecko/20100101 Firefox/95.0"
46.125.249.52 - - [05/Jan/2022:10:38:29 +0100] "GET /gui/javascript/form_form.js?1641375509 HTTP/1.1" 200 16206 "http://renault-advanced.activities.at/entry.php?id=10271&&ser=375449" "Mozilla/5.0 (Windows NT 6.1; Win64; x64; rv:95.0) Gecko/20100101 Firefox/95.0"
84.115.216.64 - - [05/Jan/2022:10:38:27 +0100] "GET /entry.php?id=10271&&ser=375445 HTTP/1.1" 200 986 "http://renault-advanced.activities.at/entry.php?id=10271&&ser=375356" "Mozilla/5.0 (Windows NT 10.0; WOW64; Trident/7.0; Touch; rv:11.0) like Gecko"
84.115.216.64 - - [05/Jan/2022:10:38:34 +0100] "GET /gui/javascript/form_form.js?1641375513 HTTP/1.1" 200 16206 "http://renault-advanced.activities.at/entry.php?id=10271&&ser=375445" "Mozilla/5.0 (Windows NT 10.0; WOW64; Trident/7.0; Touch; rv:11.0) like Gecko"
84.115.216.64 - - [05/Jan/2022:10:38:31 +0100] "GET /entry.php?id=10877&mode=CheckLockFile&obj=false&ser=1641375511482 HTTP/1.1" 200 24 "http://renault-advanced.activities.at/entry.php?id=11536" "Mozilla/5.0 (Windows NT 10.0; WOW64; Trident/7.0; Touch; rv:11.0) like Gecko"
84.115.216.64 - - [05/Jan/2022:10:38:40 +0100] "GET /entry.php?id=10877&mode=CheckLockFile&obj=false&ser=1641375520656 HTTP/1.1" 200 24 "http://renault-advanced.activities.at/entry.php?id=11536" "Mozilla/5.0 (Windows NT 10.0; WOW64; Trident/7.0; Touch; rv:11.0) like Gecko"
84.115.216.64 - - [05/Jan/2022:10:38:47 +0100] "GET /entry.php?id=10877&mode=CheckLockFile&obj=false&ser=1641375527612 HTTP/1.1" 200 24 "http://renault-advanced.activities.at/entry.php?id=11536" "Mozilla/5.0 (Windows NT 10.0; WOW64; Trident/7.0; Touch; rv:11.0) like Gecko"
84.115.216.64 - - [05/Jan/2022:10:38:54 +0100] "GET /entry.php?id=10877&mode=CheckLockFile&obj=false&ser=1641375534632 HTTP/1.1" 200 24 "http://renault-advanced.activities.at/entry.php?id=11536" "Mozilla/5.0 (Windows NT 10.0; WOW64; Trident/7.0; Touch; rv:11.0) like Gecko"
84.115.216.64 - - [05/Jan/2022:10:39:01 +0100] "GET /entry.php?id=10877&mode=CheckLockFile&obj=false&ser=1641375541593 HTTP/1.1" 200 24 "http://renault-advanced.activities.at/entry.php?id=11536" "Mozilla/5.0 (Windows NT 10.0; WOW64; Trident/7.0; Touch; rv:11.0) like Gecko"
84.115.216.64 - - [05/Jan/2022:10:39:08 +0100] "GET /entry.php?id=10877&mode=CheckLockFile&obj=false&ser=1641375548587 HTTP/1.1" 200 24 "http://renault-advanced.activities.at/entry.php?id=11536" "Mozilla/5.0 (Windows NT 10.0; WOW64; Trident/7.0; Touch; rv:11.0) like Gecko"
84.115.216.64 - - [05/Jan/2022:10:39:15 +0100] "GET /entry.php?id=10877&mode=CheckLockFile&obj=false&ser=1641375555546 HTTP/1.1" 200 24 "http://renault-advanced.activities.at/entry.php?id=11536" "Mozilla/5.0 (Windows NT 10.0; WOW64; Trident/7.0; Touch; rv:11.0) like Gecko"
84.115.216.64 - - [05/Jan/2022:10:39:22 +0100] "GET /entry.php?id=10877&mode=CheckLockFile&obj=false&ser=1641375562396 HTTP/1.1" 200 24 "http://renault-advanced.activities.at/entry.php?id=11536" "Mozilla/5.0 (Windows NT 10.0; WOW64; Trident/7.0; Touch; rv:11.0) like Gecko"
46.125.249.52 - - [05/Jan/2022:10:39:29 +0100] "GET /entry.php?id=10271&&ser=375509 HTTP/1.1" 200 986 "http://renault-advanced.activities.at/entry.php?id=10271&&ser=375449" "Mozilla/5.0 (Windows NT 6.1; Win64; x64; rv:95.0) Gecko/20100101 Firefox/95.0"
46.125.249.52 - - [05/Jan/2022:10:39:30 +0100] "GET /gui/javascript/form_form.js?1641375570 HTTP/1.1" 200 16206 "http://renault-advanced.activities.at/entry.php?id=10271&&ser=375509" "Mozilla/5.0 (Windows NT 6.1; Win64; x64; rv:95.0) Gecko/20100101 Firefox/95.0"
84.115.216.64 - - [05/Jan/2022:10:39:29 +0100] "GET /entry.php?id=10877&mode=CheckLockFile&obj=false&ser=1641375569273 HTTP/1.1" 200 24 "http://renault-advanced.activities.at/entry.php?id=11536" "Mozilla/5.0 (Windows NT 10.0; WOW64; Trident/7.0; Touch; rv:11.0) like Gecko"
84.115.216.64 - - [05/Jan/2022:10:39:34 +0100] "GET /entry.php?id=10271&&ser=375513 HTTP/1.1" 200 986 "http://renault-advanced.activities.at/entry.php?id=10271&&ser=375445" "Mozilla/5.0 (Windows NT 10.0; WOW64; Trident/7.0; Touch; rv:11.0) like Gecko"
84.115.216.64 - - [05/Jan/2022:10:39:39 +0100] "GET /gui/javascript/form_form.js?1641375578 HTTP/1.1" 200 16206 "http://renault-advanced.activities.at/entry.php?id=10271&&ser=375513" "Mozilla/5.0 (Windows NT 10.0; WOW64; Trident/7.0; Touch; rv:11.0) like Gecko"
84.115.216.64 - - [05/Jan/2022:10:39:36 +0100] "GET /entry.php?id=10877&mode=CheckLockFile&obj=false&ser=1641375576118 HTTP/1.1" 200 24 "http://renault-advanced.activities.at/entry.php?id=11536" "Mozilla/5.0 (Windows NT 10.0; WOW64; Trident/7.0; Touch; rv:11.0) like Gecko"
84.115.216.64 - - [05/Jan/2022:10:39:45 +0100] "GET /entry.php?id=10877&mode=CheckLockFile&obj=false&ser=1641375585855 HTTP/1.1" 200 24 "http://renault-advanced.activities.at/entry.php?id=11536" "Mozilla/5.0 (Windows NT 10.0; WOW64; Trident/7.0; Touch; rv:11.0) like Gecko"
84.115.216.64 - - [05/Jan/2022:10:39:52 +0100] "GET /entry.php?id=10712 HTTP/1.1" 200 402 "http://renault-advanced.activities.at/entry.php?id=11412" "Mozilla/5.0 (Windows NT 10.0; WOW64; Trident/7.0; Touch; rv:11.0) like Gecko"
84.115.216.64 - - [05/Jan/2022:10:39:52 +0100] "GET /entry.php?id=10877&mode=CheckLockFile&obj=false&ser=1641375592767 HTTP/1.1" 200 24 "http://renault-advanced.activities.at/entry.php?id=11536" "Mozilla/5.0 (Windows NT 10.0; WOW64; Trident/7.0; Touch; rv:11.0) like Gecko"
84.115.216.64 - - [05/Jan/2022:10:39:56 +0100] "GET /entry.php?id=10712 HTTP/1.1" 200 402 "http://renault-advanced.activities.at/entry.php?id=11412" "Mozilla/5.0 (Windows NT 10.0; WOW64; Trident/7.0; Touch; rv:11.0) like Gecko"
84.115.216.64 - - [05/Jan/2022:10:39:58 +0100] "GET /layout.php HTTP/1.1" 200 897 "-" "Mozilla/5.0 (Windows NT 10.0; WOW64; Trident/7.0; Touch; rv:11.0) like Gecko"
84.115.216.64 - - [05/Jan/2022:10:40:04 +0100] "GET /entry.php?id=10877&mode=CheckLockFile&obj=false&ser=1641375604002 HTTP/1.1" 200 24 "http://renault-advanced.activities.at/entry.php?id=11536" "Mozilla/5.0 (Windows NT 10.0; WOW64; Trident/7.0; Touch; rv:11.0) like Gecko"
84.115.216.64 - - [05/Jan/2022:10:40:12 +0100] "GET /entry.php?id=10676&&title=Artikelverwaltung HTTP/1.1" 200 1393 "http://renault-advanced.activities.at/entry.php?id=10712" "Mozilla/5.0 (Windows NT 10.0; WOW64; Trident/7.0; Touch; rv:11.0) like Gecko"
84.115.216.64 - - [05/Jan/2022:10:40:12 +0100] "GET /entry.php?id=10716& HTTP/1.1" 200 4733 "http://renault-advanced.activities.at/entry.php?id=10712" "Mozilla/5.0 (Windows NT 10.0; WOW64; Trident/7.0; Touch; rv:11.0) like Gecko"
84.115.216.64 - - [05/Jan/2022:10:40:13 +0100] "GET /entry.php?id=11412 HTTP/1.1" 200 1763 "http://renault-advanced.activities.at/layout.php" "Mozilla/5.0 (Windows NT 10.0; WOW64; Trident/7.0; Touch; rv:11.0) like Gecko"
46.125.249.52 - - [05/Jan/2022:10:40:30 +0100] "GET /entry.php?id=10271&&ser=375570 HTTP/1.1" 200 986 "http://renault-advanced.activities.at/entry.php?id=10271&&ser=375509" "Mozilla/5.0 (Windows NT 6.1; Win64; x64; rv:95.0) Gecko/20100101 Firefox/95.0"
46.125.249.52 - - [05/Jan/2022:10:40:30 +0100] "GET /gui/javascript/form_form.js?1641375630 HTTP/1.1" 200 16206 "http://renault-advanced.activities.at/entry.php?id=10271&&ser=375570" "Mozilla/5.0 (Windows NT 6.1; Win64; x64; rv:95.0) Gecko/20100101 Firefox/95.0"
84.115.216.64 - - [05/Jan/2022:10:40:12 +0100] "GET /entry.php?id=10715& HTTP/1.1" 200 2533 "http://renault-advanced.activities.at/entry.php?id=10712" "Mozilla/5.0 (Windows NT 10.0; WOW64; Trident/7.0; Touch; rv:11.0) like Gecko"
84.115.216.64 - - [05/Jan/2022:10:40:13 +0100] "GET /entry.php?id=10272 HTTP/1.1" 200 1158 "http://renault-advanced.activities.at/layout.php" "Mozilla/5.0 (Windows NT 10.0; WOW64; Trident/7.0; Touch; rv:11.0) like Gecko"
84.115.216.64 - - [05/Jan/2022:10:40:38 +0100] "GET /layout.php HTTP/1.1" 200 898 "-" "Mozilla/5.0 (Windows NT 10.0; WOW64; Trident/7.0; Touch; rv:11.0) like Gecko"
84.115.216.64 - - [05/Jan/2022:10:40:39 +0100] "GET /entry.php?id=10270 HTTP/1.1" 200 907 "http://renault-advanced.activities.at/layout.php" "Mozilla/5.0 (Windows NT 10.0; WOW64; Trident/7.0; Touch; rv:11.0) like Gecko"
84.115.216.64 - - [05/Jan/2022:10:40:39 +0100] "GET /entry.php?id=10273 HTTP/1.1" 200 1931 "http://renault-advanced.activities.at/layout.php" "Mozilla/5.0 (Windows NT 10.0; WOW64; Trident/7.0; Touch; rv:11.0) like Gecko"
84.115.216.64 - - [05/Jan/2022:10:40:39 +0100] "GET /entry.php?id=10272 HTTP/1.1" 200 1188 "http://renault-advanced.activities.at/layout.php" "Mozilla/5.0 (Windows NT 10.0; WOW64; Trident/7.0; Touch; rv:11.0) like Gecko"
84.115.216.64 - - [05/Jan/2022:10:40:39 +0100] "GET /entry.php?id=11412 HTTP/1.1" 200 1758 "http://renault-advanced.activities.at/layout.php" "Mozilla/5.0 (Windows NT 10.0; WOW64; Trident/7.0; Touch; rv:11.0) like Gecko"
84.115.216.64 - - [05/Jan/2022:10:40:39 +0100] "GET /gui/javascript/form_form.js?1641375639 HTTP/1.1" 200 16206 "http://renault-advanced.activities.at/entry.php?id=10272" "Mozilla/5.0 (Windows NT 10.0; WOW64; Trident/7.0; Touch; rv:11.0) like Gecko"
84.115.216.64 - - [05/Jan/2022:10:40:39 +0100] "GET /entry.php?id=10271&UIN=27fe9e25b7ba02403d6ed7021c9bd126 HTTP/1.1" 200 933 "http://renault-advanced.activities.at/entry.php?id=10272" "Mozilla/5.0 (Windows NT 10.0; WOW64; Trident/7.0; Touch; rv:11.0) like Gecko"
84.115.216.64 - - [05/Jan/2022:10:40:42 +0100] "GET /entry.php?id=10287 HTTP/1.1" 200 2402 "http://renault-advanced.activities.at/entry.php?id=11412" "Mozilla/5.0 (Windows NT 10.0; WOW64; Trident/7.0; Touch; rv:11.0) like Gecko"
84.115.216.64 - - [05/Jan/2022:10:40:42 +0100] "GET /gui/javascript/form_form.js?1641375642 HTTP/1.1" 200 16206 "http://renault-advanced.activities.at/entry.php?id=10287" "Mozilla/5.0 (Windows NT 10.0; WOW64; Trident/7.0; Touch; rv:11.0) like Gecko"
84.115.216.64 - - [05/Jan/2022:10:40:42 +0100] "GET /entry.php?id=10270& HTTP/1.1" 200 907 "http://renault-advanced.activities.at/layout.php" "Mozilla/5.0 (Windows NT 10.0; WOW64; Trident/7.0; Touch; rv:11.0) like Gecko"
84.115.216.64 - - [05/Jan/2022:10:40:42 +0100] "GET /entry.php?id=10273& HTTP/1.1" 200 1900 "http://renault-advanced.activities.at/layout.php" "Mozilla/5.0 (Windows NT 10.0; WOW64; Trident/7.0; Touch; rv:11.0) like Gecko"
84.115.216.64 - - [05/Jan/2022:10:40:13 +0100] "GET /entry.php?id=10273 HTTP/1.1" 200 2021 "http://renault-advanced.activities.at/layout.php" "Mozilla/5.0 (Windows NT 10.0; WOW64; Trident/7.0; Touch; rv:11.0) like Gecko"
84.115.216.64 - - [05/Jan/2022:10:40:13 +0100] "GET /entry.php?id=10441&UIN=d56b6e6eff42d7553e1fd1efdf19c544 HTTP/1.1" 200 1171 "-" "Mozilla/5.0 (Windows NT 10.0; WOW64; Trident/7.0; Touch; rv:11.0) like Gecko"
84.115.216.64 - - [05/Jan/2022:10:40:46 +0100] "POST /entry.php?id=10287& HTTP/1.1" 200 4371 "http://renault-advanced.activities.at/entry.php?id=10287" "Mozilla/5.0 (Windows NT 10.0; WOW64; Trident/7.0; Touch; rv:11.0) like Gecko"
84.115.216.64 - - [05/Jan/2022:10:40:47 +0100] "GET /gui/javascript/form_form.js?1641375646 HTTP/1.1" 200 16206 "http://renault-advanced.activities.at/entry.php?id=10287&" "Mozilla/5.0 (Windows NT 10.0; WOW64; Trident/7.0; Touch; rv:11.0) like Gecko"
84.115.216.64 - - [05/Jan/2022:10:40:47 +0100] "GET /entry.php?id=10273& HTTP/1.1" 200 2021 "http://renault-advanced.activities.at/layout.php" "Mozilla/5.0 (Windows NT 10.0; WOW64; Trident/7.0; Touch; rv:11.0) like Gecko"
84.115.216.64 - - [05/Jan/2022:10:40:47 +0100] "GET /gui/javascript/form_form.js?1641375647 HTTP/1.1" 200 16206 "http://renault-advanced.activities.at/entry.php?id=10273&" "Mozilla/5.0 (Windows NT 10.0; WOW64; Trident/7.0; Touch; rv:11.0) like Gecko"
84.115.216.64 - - [05/Jan/2022:10:40:47 +0100] "GET /framework/webfx/style/toolbar/images/cbback.gif HTTP/1.1" 404 324 "http://renault-advanced.activities.at/entry.php?id=10273&" "Mozilla/5.0 (Windows NT 10.0; WOW64; Trident/7.0; Touch; rv:11.0) like Gecko"
84.115.216.64 - - [05/Jan/2022:10:40:47 +0100] "GET /entry.php?id=10270&__app__=10006038 HTTP/1.1" 200 2249 "http://renault-advanced.activities.at/layout.php" "Mozilla/5.0 (Windows NT 10.0; WOW64; Trident/7.0; Touch; rv:11.0) like Gecko"
84.115.216.64 - - [05/Jan/2022:10:40:47 +0100] "GET /undefined HTTP/1.1" 404 293 "http://renault-advanced.activities.at/entry.php?id=10270&__app__=10006038" "Mozilla/5.0 (Windows NT 10.0; WOW64; Trident/7.0; Touch; rv:11.0) like Gecko"
84.115.216.64 - - [05/Jan/2022:10:40:13 +0100] "GET /entry.php?id=10270 HTTP/1.1" 200 907 "http://renault-advanced.activities.at/layout.php" "Mozilla/5.0 (Windows NT 10.0; WOW64; Trident/7.0; Touch; rv:11.0) like Gecko"
84.115.216.64 - - [05/Jan/2022:10:40:52 +0100] "GET /entry.php?id=10712 HTTP/1.1" 200 402 "http://renault-advanced.activities.at/entry.php?id=11412" "Mozilla/5.0 (Windows NT 10.0; WOW64; Trident/7.0; Touch; rv:11.0) like Gecko"
84.115.216.64 - - [05/Jan/2022:10:40:53 +0100] "GET /entry.php?id=10715& HTTP/1.1" 200 2532 "http://renault-advanced.activities.at/entry.php?id=10712" "Mozilla/5.0 (Windows NT 10.0; WOW64; Trident/7.0; Touch; rv:11.0) like Gecko"
84.115.216.64 - - [05/Jan/2022:10:40:53 +0100] "GET /gui/javascript/form_form.js?1641375653 HTTP/1.1" 200 16206 "http://renault-advanced.activities.at/entry.php?id=10715&" "Mozilla/5.0 (Windows NT 10.0; WOW64; Trident/7.0; Touch; rv:11.0) like Gecko"
84.115.216.64 - - [05/Jan/2022:10:40:53 +0100] "GET /entry.php?id=10676&&title=Artikelverwaltung HTTP/1.1" 200 1392 "http://renault-advanced.activities.at/entry.php?id=10712" "Mozilla/5.0 (Windows NT 10.0; WOW64; Trident/7.0; Touch; rv:11.0) like Gecko"
84.115.216.64 - - [05/Jan/2022:10:40:53 +0100] "GET /entry.php?id=10716& HTTP/1.1" 200 4730 "http://renault-advanced.activities.at/entry.php?id=10712" "Mozilla/5.0 (Windows NT 10.0; WOW64; Trident/7.0; Touch; rv:11.0) like Gecko"
84.115.216.64 - - [05/Jan/2022:10:40:53 +0100] "GET /entry.php?id=10271&UIN=27fe9e25b7ba02403d6ed7021c9bd126 HTTP/1.1" 200 986 "http://renault-advanced.activities.at/entry.php?id=10272" "Mozilla/5.0 (Windows NT 10.0; WOW64; Trident/7.0; Touch; rv:11.0) like Gecko"
84.115.216.64 - - [05/Jan/2022:10:40:53 +0100] "GET /entry.php?id=10778&form=10560&name=list& HTTP/1.1" 200 2691 "http://renault-advanced.activities.at/entry.php?id=10715&" "Mozilla/5.0 (Windows NT 10.0; WOW64; Trident/7.0; Touch; rv:11.0) like Gecko"
84.115.216.64 - - [05/Jan/2022:10:40:54 +0100] "GET /gui/javascript/jquery/css/gui-themes/custom.min.css HTTP/1.1" 304 - "http://renault-advanced.activities.at/entry.php?id=10271&UIN=27fe9e25b7ba02403d6ed7021c9bd126" "Mozilla/5.0 (Windows NT 10.0; WOW64; Trident/7.0; Touch; rv:11.0) like Gecko"
84.115.216.64 - - [05/Jan/2022:10:40:53 +0100] "GET /entry.php?id=10776&form=10560&name=list& HTTP/1.1" 200 2171 "http://renault-advanced.activities.at/entry.php?id=10715&" "Mozilla/5.0 (Windows NT 10.0; WOW64; Trident/7.0; Touch; rv:11.0) like Gecko"
84.115.216.64 - - [05/Jan/2022:10:40:54 +0100] "GET /gui/javascript/jquery/css/gui-themes/ui.spinner.css HTTP/1.1" 304 - "http://renault-advanced.activities.at/entry.php?id=10271&UIN=27fe9e25b7ba02403d6ed7021c9bd126" "Mozilla/5.0 (Windows NT 10.0; WOW64; Trident/7.0; Touch; rv:11.0) like Gecko"
84.115.216.64 - - [05/Jan/2022:10:40:54 +0100] "GET /gui/javascript/jquery/css/gui-themes/jquery.tooltip.css HTTP/1.1" 304 - "http://renault-advanced.activities.at/entry.php?id=10271&UIN=27fe9e25b7ba02403d6ed7021c9bd126" "Mozilla/5.0 (Windows NT 10.0; WOW64; Trident/7.0; Touch; rv:11.0) like Gecko"
84.115.216.64 - - [05/Jan/2022:10:40:54 +0100] "GET /gui/styles/tmplDefault.css HTTP/1.1" 304 - "http://renault-advanced.activities.at/entry.php?id=10271&UIN=27fe9e25b7ba02403d6ed7021c9bd126" "Mozilla/5.0 (Windows NT 10.0; WOW64; Trident/7.0; Touch; rv:11.0) like Gecko"
84.115.216.64 - - [05/Jan/2022:10:40:54 +0100] "GET /gui/javascript/form_form.js?1641375654 HTTP/1.1" 200 16206 "http://renault-advanced.activities.at/entry.php?id=10271&UIN=27fe9e25b7ba02403d6ed7021c9bd126" "Mozilla/5.0 (Windows NT 10.0; WOW64; Trident/7.0; Touch; rv:11.0) like Gecko"
84.115.216.64 - - [05/Jan/2022:10:40:54 +0100] "GET /gui/javascript/jquery/js/jquery-1.8.2.js HTTP/1.1" 304 - "http://renault-advanced.activities.at/entry.php?id=10271&UIN=27fe9e25b7ba02403d6ed7021c9bd126" "Mozilla/5.0 (Windows NT 10.0; WOW64; Trident/7.0; Touch; rv:11.0) like Gecko"
84.115.216.64 - - [05/Jan/2022:10:40:55 +0100] "GET /gui/javascript/jquery/js/jquery-ui-1.9.0.custom.min.js HTTP/1.1" 304 - "http://renault-advanced.activities.at/entry.php?id=10271&UIN=27fe9e25b7ba02403d6ed7021c9bd126" "Mozilla/5.0 (Windows NT 10.0; WOW64; Trident/7.0; Touch; rv:11.0) like Gecko"
84.115.216.64 - - [05/Jan/2022:10:40:54 +0100] "GET /entry.php?id=10714&checksegmentation=false& HTTP/1.1" 200 7623 "http://renault-advanced.activities.at/entry.php?id=10712" "Mozilla/5.0 (Windows NT 10.0; WOW64; Trident/7.0; Touch; rv:11.0) like Gecko"
84.115.216.64 - - [05/Jan/2022:10:40:55 +0100] "GET /gui/javascript/jquery/jquery-tooltip/jquery.tooltip.min.js HTTP/1.1" 304 - "http://renault-advanced.activities.at/entry.php?id=10271&UIN=27fe9e25b7ba02403d6ed7021c9bd126" "Mozilla/5.0 (Windows NT 10.0; WOW64; Trident/7.0; Touch; rv:11.0) like Gecko"
84.115.216.64 - - [05/Jan/2022:10:40:55 +0100] "GET /activities/framework/KoolControls/KoolAjax/koolajax.php?8436e354c842500aba3cbaf0584c0c24 HTTP/1.1" 200 4079 "http://renault-advanced.activities.at/entry.php?id=10714&checksegmentation=false&" "Mozilla/5.0 (Windows NT 10.0; WOW64; Trident/7.0; Touch; rv:11.0) like Gecko"
84.115.216.64 - - [05/Jan/2022:10:40:55 +0100] "GET /gui/javascript/form_form.js?1641375655 HTTP/1.1" 200 16206 "http://renault-advanced.activities.at/entry.php?id=10714&checksegmentation=false&" "Mozilla/5.0 (Windows NT 10.0; WOW64; Trident/7.0; Touch; rv:11.0) like Gecko"
84.115.216.64 - - [05/Jan/2022:10:40:55 +0100] "GET /activities/framework/KoolControls/KoolTreeView/kooltreeview.php?c7cd9180e88ffef8e70f13526bb4f5f7 HTTP/1.1" 200 5055 "http://renault-advanced.activities.at/entry.php?id=10714&checksegmentation=false&" "Mozilla/5.0 (Windows NT 10.0; WOW64; Trident/7.0; Touch; rv:11.0) like Gecko"
84.115.216.64 - - [05/Jan/2022:10:41:00 +0100] "POST /entry.php?id=10715 HTTP/1.1" 200 2607 "http://renault-advanced.activities.at/entry.php?id=10715&" "Mozilla/5.0 (Windows NT 10.0; WOW64; Trident/7.0; Touch; rv:11.0) like Gecko"
84.115.216.64 - - [05/Jan/2022:10:41:01 +0100] "GET /gui/javascript/form_form.js?1641375661 HTTP/1.1" 200 16206 "http://renault-advanced.activities.at/entry.php?id=10715" "Mozilla/5.0 (Windows NT 10.0; WOW64; Trident/7.0; Touch; rv:11.0) like Gecko"
84.115.216.64 - - [05/Jan/2022:10:41:01 +0100] "GET /entry.php?id=10776&form=10560&name=list& HTTP/1.1" 200 2307 "http://renault-advanced.activities.at/entry.php?id=10715" "Mozilla/5.0 (Windows NT 10.0; WOW64; Trident/7.0; Touch; rv:11.0) like Gecko"
84.115.216.64 - - [05/Jan/2022:10:41:01 +0100] "GET /entry.php?id=10778&form=10560&name=list& HTTP/1.1" 200 3025 "http://renault-advanced.activities.at/entry.php?id=10715" "Mozilla/5.0 (Windows NT 10.0; WOW64; Trident/7.0; Touch; rv:11.0) like Gecko"
84.115.216.64 - - [05/Jan/2022:10:41:03 +0100] "POST /entry.php?id=10716 HTTP/1.1" 200 11462 "http://renault-advanced.activities.at/entry.php?id=10716&" "Mozilla/5.0 (Windows NT 10.0; WOW64; Trident/7.0; Touch; rv:11.0) like Gecko"
84.115.216.64 - - [05/Jan/2022:10:41:04 +0100] "GET /gui/javascript/form_form.js?1641375664 HTTP/1.1" 200 16206 "http://renault-advanced.activities.at/entry.php?id=10716" "Mozilla/5.0 (Windows NT 10.0; WOW64; Trident/7.0; Touch; rv:11.0) like Gecko"
84.115.216.64 - - [05/Jan/2022:10:41:04 +0100] "GET /activities/framework/KoolControls/KoolAjax/koolajax.php?8436e354c842500aba3cbaf0584c0c24 HTTP/1.1" 200 4079 "http://renault-advanced.activities.at/entry.php?id=10716" "Mozilla/5.0 (Windows NT 10.0; WOW64; Trident/7.0; Touch; rv:11.0) like Gecko"
84.115.216.64 - - [05/Jan/2022:10:41:04 +0100] "GET /activities/framework/KoolControls/KoolComboBox/koolcombobox.php?32981a13284db7a021131df49e6cd203 HTTP/1.1" 200 4607 "http://renault-advanced.activities.at/entry.php?id=10716" "Mozilla/5.0 (Windows NT 10.0; WOW64; Trident/7.0; Touch; rv:11.0) like Gecko"
84.115.216.64 - - [05/Jan/2022:10:41:04 +0100] "GET /activities/framework/KoolControls/KoolTreeView/kooltreeview.php?c7cd9180e88ffef8e70f13526bb4f5f7 HTTP/1.1" 200 5055 "http://renault-advanced.activities.at/entry.php?id=10716" "Mozilla/5.0 (Windows NT 10.0; WOW64; Trident/7.0; Touch; rv:11.0) like Gecko"
84.115.216.64 - - [05/Jan/2022:10:41:11 +0100] "GET /activities/framework/KoolControls/KoolComboBox/styles/default/arrow_over.gif HTTP/1.1" 200 397 "http://renault-advanced.activities.at/entry.php?id=10716" "Mozilla/5.0 (Windows NT 10.0; WOW64; Trident/7.0; Touch; rv:11.0) like Gecko"
84.115.216.64 - - [05/Jan/2022:10:41:16 +0100] "POST /entry.php?id=10716 HTTP/1.1" 200 2817 "http://renault-advanced.activities.at/entry.php?id=10716" "Mozilla/5.0 (Windows NT 10.0; WOW64; Trident/7.0; Touch; rv:11.0) like Gecko"
84.115.216.64 - - [05/Jan/2022:10:41:17 +0100] "GET /gui/javascript/form_form.js?1641375677 HTTP/1.1" 200 16206 "http://renault-advanced.activities.at/entry.php?id=10716" "Mozilla/5.0 (Windows NT 10.0; WOW64; Trident/7.0; Touch; rv:11.0) like Gecko"
84.115.216.64 - - [05/Jan/2022:10:41:17 +0100] "GET /entry.php?id=10749&hiddetitle=1&object=717572&opener=false HTTP/1.1" 200 3289 "http://renault-advanced.activities.at/entry.php?id=10716" "Mozilla/5.0 (Windows NT 10.0; WOW64; Trident/7.0; Touch; rv:11.0) like Gecko"
84.115.216.64 - - [05/Jan/2022:10:41:18 +0100] "GET /gui/images/icons/disabled_delete.gif HTTP/1.1" 200 86 "http://renault-advanced.activities.at/entry.php?id=10749&hiddetitle=1&object=717572&opener=false" "Mozilla/5.0 (Windows NT 10.0; WOW64; Trident/7.0; Touch; rv:11.0) like Gecko"
84.115.216.64 - - [05/Jan/2022:10:41:18 +0100] "GET /gui/javascript/form_form.js?1641375678 HTTP/1.1" 200 16206 "http://renault-advanced.activities.at/entry.php?id=10749&hiddetitle=1&object=717572&opener=false" "Mozilla/5.0 (Windows NT 10.0; WOW64; Trident/7.0; Touch; rv:11.0) like Gecko"
84.115.216.64 - - [05/Jan/2022:10:41:18 +0100] "GET /entry.php?id=10776&form=10594&name=list& HTTP/1.1" 200 1418 "http://renault-advanced.activities.at/entry.php?id=10749&hiddetitle=1&object=717572&opener=false" "Mozilla/5.0 (Windows NT 10.0; WOW64; Trident/7.0; Touch; rv:11.0) like Gecko"
84.115.216.64 - - [05/Jan/2022:10:41:18 +0100] "GET /entry.php?id=10683 HTTP/1.1" 200 1432 "http://renault-advanced.activities.at/entry.php?id=10749&hiddetitle=1&object=717572&opener=false" "Mozilla/5.0 (Windows NT 10.0; WOW64; Trident/7.0; Touch; rv:11.0) like Gecko"
84.115.216.64 - - [05/Jan/2022:10:41:18 +0100] "GET /entry.php?id=10778&form=10594&name=list& HTTP/1.1" 200 2517 "http://renault-advanced.activities.at/entry.php?id=10749&hiddetitle=1&object=717572&opener=false" "Mozilla/5.0 (Windows NT 10.0; WOW64; Trident/7.0; Touch; rv:11.0) like Gecko"
84.115.216.64 - - [05/Jan/2022:10:41:18 +0100] "GET /gui/javascript/form_remove_relation.js HTTP/1.1" 200 424 "http://renault-advanced.activities.at/entry.php?id=10683" "Mozilla/5.0 (Windows NT 10.0; WOW64; Trident/7.0; Touch; rv:11.0) like Gecko"
84.115.216.64 - - [05/Jan/2022:10:41:19 +0100] "POST /entry.php?id=10716 HTTP/1.1" 200 2823 "http://renault-advanced.activities.at/entry.php?id=10716" "Mozilla/5.0 (Windows NT 10.0; WOW64; Trident/7.0; Touch; rv:11.0) like Gecko"
84.115.216.64 - - [05/Jan/2022:10:41:19 +0100] "GET /gui/javascript/form_form.js?1641375679 HTTP/1.1" 200 16206 "http://renault-advanced.activities.at/entry.php?id=10716" "Mozilla/5.0 (Windows NT 10.0; WOW64; Trident/7.0; Touch; rv:11.0) like Gecko"
84.115.216.64 - - [05/Jan/2022:10:41:19 +0100] "GET /entry.php?id=10745&hiddetitle=1&object=717572&opener=false HTTP/1.1" 200 2468 "http://renault-advanced.activities.at/entry.php?id=10716" "Mozilla/5.0 (Windows NT 10.0; WOW64; Trident/7.0; Touch; rv:11.0) like Gecko"
84.115.216.64 - - [05/Jan/2022:10:41:20 +0100] "GET /gui/javascript/form_form.js?1641375680 HTTP/1.1" 200 16206 "http://renault-advanced.activities.at/entry.php?id=10745&hiddetitle=1&object=717572&opener=false" "Mozilla/5.0 (Windows NT 10.0; WOW64; Trident/7.0; Touch; rv:11.0) like Gecko"
84.115.216.64 - - [05/Jan/2022:10:41:23 +0100] "POST /entry.php?id=10716 HTTP/1.1" 200 2819 "http://renault-advanced.activities.at/entry.php?id=10716" "Mozilla/5.0 (Windows NT 10.0; WOW64; Trident/7.0; Touch; rv:11.0) like Gecko"
84.115.216.64 - - [05/Jan/2022:10:41:24 +0100] "GET /gui/javascript/form_form.js?1641375683 HTTP/1.1" 200 16206 "http://renault-advanced.activities.at/entry.php?id=10716" "Mozilla/5.0 (Windows NT 10.0; WOW64; Trident/7.0; Touch; rv:11.0) like Gecko"
84.115.216.64 - - [05/Jan/2022:10:41:24 +0100] "GET /entry.php?id=10752&&hiddetitle=1&object=717572&opener=false HTTP/1.1" 200 2711 "http://renault-advanced.activities.at/entry.php?id=10716" "Mozilla/5.0 (Windows NT 10.0; WOW64; Trident/7.0; Touch; rv:11.0) like Gecko"
84.115.216.64 - - [05/Jan/2022:10:41:24 +0100] "GET /gui/javascript/form_form.js?1641375684 HTTP/1.1" 200 16206 "http://renault-advanced.activities.at/entry.php?id=10752&&hiddetitle=1&object=717572&opener=false" "Mozilla/5.0 (Windows NT 10.0; WOW64; Trident/7.0; Touch; rv:11.0) like Gecko"
84.115.216.64 - - [05/Jan/2022:10:41:27 +0100] "POST /entry.php?id=10716 HTTP/1.1" 200 2818 "http://renault-advanced.activities.at/entry.php?id=10716" "Mozilla/5.0 (Windows NT 10.0; WOW64; Trident/7.0; Touch; rv:11.0) like Gecko"
84.115.216.64 - - [05/Jan/2022:10:41:27 +0100] "GET /gui/javascript/form_form.js?1641375687 HTTP/1.1" 200 16206 "http://renault-advanced.activities.at/entry.php?id=10716" "Mozilla/5.0 (Windows NT 10.0; WOW64; Trident/7.0; Touch; rv:11.0) like Gecko"
84.115.216.64 - - [05/Jan/2022:10:41:27 +0100] "GET /entry.php?id=10758&&hiddetitle=1&object=717572&opener=false HTTP/1.1" 200 2947 "http://renault-advanced.activities.at/entry.php?id=10716" "Mozilla/5.0 (Windows NT 10.0; WOW64; Trident/7.0; Touch; rv:11.0) like Gecko"
84.115.216.64 - - [05/Jan/2022:10:41:28 +0100] "GET /gui/javascript/form_form.js?1641375688 HTTP/1.1" 200 16206 "http://renault-advanced.activities.at/entry.php?id=10758&&hiddetitle=1&object=717572&opener=false" "Mozilla/5.0 (Windows NT 10.0; WOW64; Trident/7.0; Touch; rv:11.0) like Gecko"
84.115.216.64 - - [05/Jan/2022:10:41:28 +0100] "GET /entry.php?id=10776&form=10603&name=list& HTTP/1.1" 200 1425 "http://renault-advanced.activities.at/entry.php?id=10758&&hiddetitle=1&object=717572&opener=false" "Mozilla/5.0 (Windows NT 10.0; WOW64; Trident/7.0; Touch; rv:11.0) like Gecko"
84.115.216.64 - - [05/Jan/2022:10:41:28 +0100] "GET /entry.php?id=10778&form=10603&name=list& HTTP/1.1" 200 2607 "http://renault-advanced.activities.at/entry.php?id=10758&&hiddetitle=1&object=717572&opener=false" "Mozilla/5.0 (Windows NT 10.0; WOW64; Trident/7.0; Touch; rv:11.0) like Gecko"
84.115.216.64 - - [05/Jan/2022:10:41:29 +0100] "POST /entry.php?id=10716 HTTP/1.1" 200 2806 "http://renault-advanced.activities.at/entry.php?id=10716" "Mozilla/5.0 (Windows NT 10.0; WOW64; Trident/7.0; Touch; rv:11.0) like Gecko"
84.115.216.64 - - [05/Jan/2022:10:41:30 +0100] "GET /gui/javascript/form_form.js?1641375690 HTTP/1.1" 200 16206 "http://renault-advanced.activities.at/entry.php?id=10716" "Mozilla/5.0 (Windows NT 10.0; WOW64; Trident/7.0; Touch; rv:11.0) like Gecko"
84.115.216.64 - - [05/Jan/2022:10:41:30 +0100] "GET /entry.php?id=10802&&hiddetitle=1&object=717572&opener=false HTTP/1.1" 200 2835 "http://renault-advanced.activities.at/entry.php?id=10716" "Mozilla/5.0 (Windows NT 10.0; WOW64; Trident/7.0; Touch; rv:11.0) like Gecko"
46.125.249.52 - - [05/Jan/2022:10:41:30 +0100] "GET /entry.php?id=10271&&ser=375630 HTTP/1.1" 200 986 "http://renault-advanced.activities.at/entry.php?id=10271&&ser=375570" "Mozilla/5.0 (Windows NT 6.1; Win64; x64; rv:95.0) Gecko/20100101 Firefox/95.0"
46.125.249.52 - - [05/Jan/2022:10:41:31 +0100] "GET /gui/javascript/form_form.js?1641375690 HTTP/1.1" 200 16206 "http://renault-advanced.activities.at/entry.php?id=10271&&ser=375630" "Mozilla/5.0 (Windows NT 6.1; Win64; x64; rv:95.0) Gecko/20100101 Firefox/95.0"
84.115.216.64 - - [05/Jan/2022:10:41:32 +0100] "POST /entry.php?id=10716 HTTP/1.1" 200 2809 "http://renault-advanced.activities.at/entry.php?id=10716" "Mozilla/5.0 (Windows NT 10.0; WOW64; Trident/7.0; Touch; rv:11.0) like Gecko"
84.115.216.64 - - [05/Jan/2022:10:41:32 +0100] "GET /gui/javascript/form_form.js?1641375692 HTTP/1.1" 200 16206 "http://renault-advanced.activities.at/entry.php?id=10716" "Mozilla/5.0 (Windows NT 10.0; WOW64; Trident/7.0; Touch; rv:11.0) like Gecko"
84.115.216.64 - - [05/Jan/2022:10:41:33 +0100] "GET /entry.php?id=11621&&hiddetitle=1&object=717572&opener=false HTTP/1.1" 200 2775 "http://renault-advanced.activities.at/entry.php?id=10716" "Mozilla/5.0 (Windows NT 10.0; WOW64; Trident/7.0; Touch; rv:11.0) like Gecko"
84.115.216.64 - - [05/Jan/2022:10:41:33 +0100] "GET /gui/javascript/form_form.js?1641375693 HTTP/1.1" 200 16206 "http://renault-advanced.activities.at/entry.php?id=11621&&hiddetitle=1&object=717572&opener=false" "Mozilla/5.0 (Windows NT 10.0; WOW64; Trident/7.0; Touch; rv:11.0) like Gecko"
84.115.216.64 - - [05/Jan/2022:10:41:33 +0100] "GET /entry.php?id=10776&form=11446&name=list& HTTP/1.1" 200 1546 "http://renault-advanced.activities.at/entry.php?id=11621&&hiddetitle=1&object=717572&opener=false" "Mozilla/5.0 (Windows NT 10.0; WOW64; Trident/7.0; Touch; rv:11.0) like Gecko"
84.115.216.64 - - [05/Jan/2022:10:41:33 +0100] "GET /entry.php?id=10778&form=11446&name=list& HTTP/1.1" 200 2730 "http://renault-advanced.activities.at/entry.php?id=11621&&hiddetitle=1&object=717572&opener=false" "Mozilla/5.0 (Windows NT 10.0; WOW64; Trident/7.0; Touch; rv:11.0) like Gecko"
84.115.216.64 - - [05/Jan/2022:10:41:35 +0100] "POST /entry.php?id=10716 HTTP/1.1" 200 2818 "http://renault-advanced.activities.at/entry.php?id=10716" "Mozilla/5.0 (Windows NT 10.0; WOW64; Trident/7.0; Touch; rv:11.0) like Gecko"
84.115.216.64 - - [05/Jan/2022:10:41:35 +0100] "GET /gui/javascript/form_form.js?1641375695 HTTP/1.1" 200 16206 "http://renault-advanced.activities.at/entry.php?id=10716" "Mozilla/5.0 (Windows NT 10.0; WOW64; Trident/7.0; Touch; rv:11.0) like Gecko"
84.115.216.64 - - [05/Jan/2022:10:41:35 +0100] "GET /entry.php?id=10758&&hiddetitle=1&object=717572&opener=false HTTP/1.1" 200 2947 "http://renault-advanced.activities.at/entry.php?id=10716" "Mozilla/5.0 (Windows NT 10.0; WOW64; Trident/7.0; Touch; rv:11.0) like Gecko"
84.115.216.64 - - [05/Jan/2022:10:41:36 +0100] "GET /gui/javascript/form_form.js?1641375696 HTTP/1.1" 200 16206 "http://renault-advanced.activities.at/entry.php?id=10758&&hiddetitle=1&object=717572&opener=false" "Mozilla/5.0 (Windows NT 10.0; WOW64; Trident/7.0; Touch; rv:11.0) like Gecko"
84.115.216.64 - - [05/Jan/2022:10:41:36 +0100] "GET /entry.php?id=10778&form=10603&name=list& HTTP/1.1" 200 2607 "http://renault-advanced.activities.at/entry.php?id=10758&&hiddetitle=1&object=717572&opener=false" "Mozilla/5.0 (Windows NT 10.0; WOW64; Trident/7.0; Touch; rv:11.0) like Gecko"
84.115.216.64 - - [05/Jan/2022:10:41:36 +0100] "GET /entry.php?id=10776&form=10603&name=list& HTTP/1.1" 200 1425 "http://renault-advanced.activities.at/entry.php?id=10758&&hiddetitle=1&object=717572&opener=false" "Mozilla/5.0 (Windows NT 10.0; WOW64; Trident/7.0; Touch; rv:11.0) like Gecko"
84.115.216.64 - - [05/Jan/2022:10:41:40 +0100] "POST /entry.php?id=10716 HTTP/1.1" 200 2819 "http://renault-advanced.activities.at/entry.php?id=10716" "Mozilla/5.0 (Windows NT 10.0; WOW64; Trident/7.0; Touch; rv:11.0) like Gecko"
84.115.216.64 - - [05/Jan/2022:10:41:40 +0100] "GET /gui/javascript/form_form.js?1641375700 HTTP/1.1" 200 16206 "http://renault-advanced.activities.at/entry.php?id=10716" "Mozilla/5.0 (Windows NT 10.0; WOW64; Trident/7.0; Touch; rv:11.0) like Gecko"
84.115.216.64 - - [05/Jan/2022:10:41:40 +0100] "GET /entry.php?id=11586&object=717572&&hiddetitle=1 HTTP/1.1" 200 3103 "http://renault-advanced.activities.at/entry.php?id=10716" "Mozilla/5.0 (Windows NT 10.0; WOW64; Trident/7.0; Touch; rv:11.0) like Gecko"
84.115.216.64 - - [05/Jan/2022:10:41:41 +0100] "GET /gui/javascript/form_form.js?1641375701 HTTP/1.1" 200 16206 "http://renault-advanced.activities.at/entry.php?id=11586&object=717572&&hiddetitle=1" "Mozilla/5.0 (Windows NT 10.0; WOW64; Trident/7.0; Touch; rv:11.0) like Gecko"
84.115.216.64 - - [05/Jan/2022:10:41:41 +0100] "GET /entry.php?id=10776&form=11411&name=list& HTTP/1.1" 200 1672 "http://renault-advanced.activities.at/entry.php?id=11586&object=717572&&hiddetitle=1" "Mozilla/5.0 (Windows NT 10.0; WOW64; Trident/7.0; Touch; rv:11.0) like Gecko"
84.115.216.64 - - [05/Jan/2022:10:41:41 +0100] "GET /entry.php?id=10778&form=11411&name=list& HTTP/1.1" 200 3073 "http://renault-advanced.activities.at/entry.php?id=11586&object=717572&&hiddetitle=1" "Mozilla/5.0 (Windows NT 10.0; WOW64; Trident/7.0; Touch; rv:11.0) like Gecko"
84.115.216.64 - - [05/Jan/2022:10:41:55 +0100] "GET /entry.php?id=10271&&ser=375654 HTTP/1.1" 200 986 "http://renault-advanced.activities.at/entry.php?id=10271&UIN=27fe9e25b7ba02403d6ed7021c9bd126" "Mozilla/5.0 (Windows NT 10.0; WOW64; Trident/7.0; Touch; rv:11.0) like Gecko"
84.115.216.64 - - [05/Jan/2022:10:41:55 +0100] "GET /gui/javascript/form_form.js?1641375715 HTTP/1.1" 200 16206 "http://renault-advanced.activities.at/entry.php?id=10271&&ser=375654" "Mozilla/5.0 (Windows NT 10.0; WOW64; Trident/7.0; Touch; rv:11.0) like Gecko"
46.125.249.52 - - [05/Jan/2022:10:42:31 +0100] "GET /entry.php?id=10271&&ser=375690 HTTP/1.1" 200 985 "http://renault-advanced.activities.at/entry.php?id=10271&&ser=375630" "Mozilla/5.0 (Windows NT 6.1; Win64; x64; rv:95.0) Gecko/20100101 Firefox/95.0"
46.125.249.52 - - [05/Jan/2022:10:42:31 +0100] "GET /gui/javascript/form_form.js?1641375751 HTTP/1.1" 200 16206 "http://renault-advanced.activities.at/entry.php?id=10271&&ser=375690" "Mozilla/5.0 (Windows NT 6.1; Win64; x64; rv:95.0) Gecko/20100101 Firefox/95.0"
84.115.216.64 - - [05/Jan/2022:10:42:55 +0100] "GET /entry.php?id=10271&&ser=375715 HTTP/1.1" 200 986 "http://renault-advanced.activities.at/entry.php?id=10271&&ser=375654" "Mozilla/5.0 (Windows NT 10.0; WOW64; Trident/7.0; Touch; rv:11.0) like Gecko"
84.115.216.64 - - [05/Jan/2022:10:42:56 +0100] "GET /gui/javascript/form_form.js?1641375776 HTTP/1.1" 200 16206 "http://renault-advanced.activities.at/entry.php?id=10271&&ser=375715" "Mozilla/5.0 (Windows NT 10.0; WOW64; Trident/7.0; Touch; rv:11.0) like Gecko"
46.125.249.52 - - [05/Jan/2022:10:43:31 +0100] "GET /entry.php?id=10271&&ser=375751 HTTP/1.1" 200 985 "http://renault-advanced.activities.at/entry.php?id=10271&&ser=375690" "Mozilla/5.0 (Windows NT 6.1; Win64; x64; rv:95.0) Gecko/20100101 Firefox/95.0"
46.125.249.52 - - [05/Jan/2022:10:43:31 +0100] "GET /gui/javascript/form_form.js?1641375811 HTTP/1.1" 200 16206 "http://renault-advanced.activities.at/entry.php?id=10271&&ser=375751" "Mozilla/5.0 (Windows NT 6.1; Win64; x64; rv:95.0) Gecko/20100101 Firefox/95.0"
84.115.216.64 - - [05/Jan/2022:10:43:56 +0100] "GET /entry.php?id=10271&&ser=375776 HTTP/1.1" 200 986 "http://renault-advanced.activities.at/entry.php?id=10271&&ser=375715" "Mozilla/5.0 (Windows NT 10.0; WOW64; Trident/7.0; Touch; rv:11.0) like Gecko"
84.115.216.64 - - [05/Jan/2022:10:43:56 +0100] "GET /gui/javascript/form_form.js?1641375836 HTTP/1.1" 200 16206 "http://renault-advanced.activities.at/entry.php?id=10271&&ser=375776" "Mozilla/5.0 (Windows NT 10.0; WOW64; Trident/7.0; Touch; rv:11.0) like Gecko"
46.125.249.52 - - [05/Jan/2022:10:44:32 +0100] "GET /entry.php?id=10271&&ser=375811 HTTP/1.1" 200 986 "http://renault-advanced.activities.at/entry.php?id=10271&&ser=375751" "Mozilla/5.0 (Windows NT 6.1; Win64; x64; rv:95.0) Gecko/20100101 Firefox/95.0"
46.125.249.52 - - [05/Jan/2022:10:44:32 +0100] "GET /gui/javascript/form_form.js?1641375872 HTTP/1.1" 200 16206 "http://renault-advanced.activities.at/entry.php?id=10271&&ser=375811" "Mozilla/5.0 (Windows NT 6.1; Win64; x64; rv:95.0) Gecko/20100101 Firefox/95.0"
84.115.216.64 - - [05/Jan/2022:10:44:56 +0100] "GET /entry.php?id=10271&&ser=375836 HTTP/1.1" 200 986 "http://renault-advanced.activities.at/entry.php?id=10271&&ser=375776" "Mozilla/5.0 (Windows NT 10.0; WOW64; Trident/7.0; Touch; rv:11.0) like Gecko"
84.115.216.64 - - [05/Jan/2022:10:44:57 +0100] "GET /gui/javascript/form_form.js?1641375897 HTTP/1.1" 200 16206 "http://renault-advanced.activities.at/entry.php?id=10271&&ser=375836" "Mozilla/5.0 (Windows NT 10.0; WOW64; Trident/7.0; Touch; rv:11.0) like Gecko"
46.125.249.52 - - [05/Jan/2022:10:45:32 +0100] "GET /entry.php?id=10271&&ser=375872 HTTP/1.1" 200 986 "http://renault-advanced.activities.at/entry.php?id=10271&&ser=375811" "Mozilla/5.0 (Windows NT 6.1; Win64; x64; rv:95.0) Gecko/20100101 Firefox/95.0"
46.125.249.52 - - [05/Jan/2022:10:45:32 +0100] "GET /gui/javascript/form_form.js?1641375932 HTTP/1.1" 200 16206 "http://renault-advanced.activities.at/entry.php?id=10271&&ser=375872" "Mozilla/5.0 (Windows NT 6.1; Win64; x64; rv:95.0) Gecko/20100101 Firefox/95.0"
84.115.216.64 - - [05/Jan/2022:10:45:57 +0100] "GET /entry.php?id=10271&&ser=375897 HTTP/1.1" 200 986 "http://renault-advanced.activities.at/entry.php?id=10271&&ser=375836" "Mozilla/5.0 (Windows NT 10.0; WOW64; Trident/7.0; Touch; rv:11.0) like Gecko"
84.115.216.64 - - [05/Jan/2022:10:45:57 +0100] "GET /gui/javascript/form_form.js?1641375957 HTTP/1.1" 200 16206 "http://renault-advanced.activities.at/entry.php?id=10271&&ser=375897" "Mozilla/5.0 (Windows NT 10.0; WOW64; Trident/7.0; Touch; rv:11.0) like Gecko"
46.125.249.52 - - [05/Jan/2022:10:46:33 +0100] "GET /entry.php?id=10271&&ser=375932 HTTP/1.1" 200 986 "http://renault-advanced.activities.at/entry.php?id=10271&&ser=375872" "Mozilla/5.0 (Windows NT 6.1; Win64; x64; rv:95.0) Gecko/20100101 Firefox/95.0"
46.125.249.52 - - [05/Jan/2022:10:46:33 +0100] "GET /gui/javascript/form_form.js?1641375993 HTTP/1.1" 200 16206 "http://renault-advanced.activities.at/entry.php?id=10271&&ser=375932" "Mozilla/5.0 (Windows NT 6.1; Win64; x64; rv:95.0) Gecko/20100101 Firefox/95.0"
84.115.216.64 - - [05/Jan/2022:10:46:57 +0100] "GET /entry.php?id=10271&&ser=375957 HTTP/1.1" 200 986 "http://renault-advanced.activities.at/entry.php?id=10271&&ser=375897" "Mozilla/5.0 (Windows NT 10.0; WOW64; Trident/7.0; Touch; rv:11.0) like Gecko"
84.115.216.64 - - [05/Jan/2022:10:46:58 +0100] "GET /gui/javascript/form_form.js?1641376018 HTTP/1.1" 200 16206 "http://renault-advanced.activities.at/entry.php?id=10271&&ser=375957" "Mozilla/5.0 (Windows NT 10.0; WOW64; Trident/7.0; Touch; rv:11.0) like Gecko"
46.125.249.52 - - [05/Jan/2022:10:47:33 +0100] "GET /entry.php?id=10271&&ser=375993 HTTP/1.1" 200 987 "http://renault-advanced.activities.at/entry.php?id=10271&&ser=375932" "Mozilla/5.0 (Windows NT 6.1; Win64; x64; rv:95.0) Gecko/20100101 Firefox/95.0"
46.125.249.52 - - [05/Jan/2022:10:47:33 +0100] "GET /gui/javascript/form_form.js?1641376053 HTTP/1.1" 200 16206 "http://renault-advanced.activities.at/entry.php?id=10271&&ser=375993" "Mozilla/5.0 (Windows NT 6.1; Win64; x64; rv:95.0) Gecko/20100101 Firefox/95.0"
84.115.216.64 - - [05/Jan/2022:10:47:58 +0100] "GET /entry.php?id=10271&&ser=376018 HTTP/1.1" 200 987 "http://renault-advanced.activities.at/entry.php?id=10271&&ser=375957" "Mozilla/5.0 (Windows NT 10.0; WOW64; Trident/7.0; Touch; rv:11.0) like Gecko"
84.115.216.64 - - [05/Jan/2022:10:47:58 +0100] "GET /gui/javascript/form_form.js?1641376078 HTTP/1.1" 200 16206 "http://renault-advanced.activities.at/entry.php?id=10271&&ser=376018" "Mozilla/5.0 (Windows NT 10.0; WOW64; Trident/7.0; Touch; rv:11.0) like Gecko"
46.125.249.52 - - [05/Jan/2022:10:48:33 +0100] "GET /entry.php?id=10271&&ser=376053 HTTP/1.1" 200 986 "http://renault-advanced.activities.at/entry.php?id=10271&&ser=375993" "Mozilla/5.0 (Windows NT 6.1; Win64; x64; rv:95.0) Gecko/20100101 Firefox/95.0"
46.125.249.52 - - [05/Jan/2022:10:48:34 +0100] "GET /gui/javascript/form_form.js?1641376114 HTTP/1.1" 200 16206 "http://renault-advanced.activities.at/entry.php?id=10271&&ser=376053" "Mozilla/5.0 (Windows NT 6.1; Win64; x64; rv:95.0) Gecko/20100101 Firefox/95.0"
84.115.216.64 - - [05/Jan/2022:10:48:58 +0100] "GET /entry.php?id=10271&&ser=376078 HTTP/1.1" 200 987 "http://renault-advanced.activities.at/entry.php?id=10271&&ser=376018" "Mozilla/5.0 (Windows NT 10.0; WOW64; Trident/7.0; Touch; rv:11.0) like Gecko"
84.115.216.64 - - [05/Jan/2022:10:48:58 +0100] "GET /gui/javascript/form_form.js?1641376138 HTTP/1.1" 200 16206 "http://renault-advanced.activities.at/entry.php?id=10271&&ser=376078" "Mozilla/5.0 (Windows NT 10.0; WOW64; Trident/7.0; Touch; rv:11.0) like Gecko"
46.125.249.52 - - [05/Jan/2022:10:49:34 +0100] "GET /entry.php?id=10271&&ser=376114 HTTP/1.1" 200 987 "http://renault-advanced.activities.at/entry.php?id=10271&&ser=376053" "Mozilla/5.0 (Windows NT 6.1; Win64; x64; rv:95.0) Gecko/20100101 Firefox/95.0"
46.125.249.52 - - [05/Jan/2022:10:49:34 +0100] "GET /gui/javascript/form_form.js?1641376174 HTTP/1.1" 200 16206 "http://renault-advanced.activities.at/entry.php?id=10271&&ser=376114" "Mozilla/5.0 (Windows NT 6.1; Win64; x64; rv:95.0) Gecko/20100101 Firefox/95.0"
84.115.216.64 - - [05/Jan/2022:10:49:59 +0100] "GET /entry.php?id=10271&&ser=376138 HTTP/1.1" 200 987 "http://renault-advanced.activities.at/entry.php?id=10271&&ser=376078" "Mozilla/5.0 (Windows NT 10.0; WOW64; Trident/7.0; Touch; rv:11.0) like Gecko"
84.115.216.64 - - [05/Jan/2022:10:49:59 +0100] "GET /gui/javascript/form_form.js?1641376199 HTTP/1.1" 200 16206 "http://renault-advanced.activities.at/entry.php?id=10271&&ser=376138" "Mozilla/5.0 (Windows NT 10.0; WOW64; Trident/7.0; Touch; rv:11.0) like Gecko"
