213.47.205.115 - - [23/Jul/2017:07:48:28 +0200] "GET /img/mobile/pfeil-rechts-small.png HTTP/1.1" 200 1056 "http://www.easydrivers.at/fuehrerscheine/lkw" "Mozilla/5.0 (iPhone; CPU iPhone OS 10_3_2 like Mac OS X) AppleWebKit/603.2.4 (KHTML, like Gecko) Version/10.0 Mobile/14F89 Safari/602.1"
213.47.205.115 - - [23/Jul/2017:07:48:28 +0200] "GET /img/mobile/pfeil-links-small.png HTTP/1.1" 200 1065 "http://www.easydrivers.at/fuehrerscheine/lkw" "Mozilla/5.0 (iPhone; CPU iPhone OS 10_3_2 like Mac OS X) AppleWebKit/603.2.4 (KHTML, like Gecko) Version/10.0 Mobile/14F89 Safari/602.1"
157.55.39.230 - - [23/Jul/2017:07:48:29 +0200] "GET /cache/emu/images/easy-drivers-portal10244083/schnellkursjpg_160_90_0.jpg HTTP/1.1" 200 4214 "-" "Mozilla/5.0 (compatible; bingbot/2.0; +http://www.bing.com/bingbot.htm)"
157.55.39.252 - - [23/Jul/2017:07:48:35 +0200] "GET /uploads/pdfs/dornbirn/10248216_BBE.pdf HTTP/1.1" 200 31204 "-" "Mozilla/5.0 (compatible; bingbot/2.0; +http://www.bing.com/bingbot.htm)"
194.96.158.155 - - [23/Jul/2017:07:48:52 +0200] "GET / HTTP/1.1" 200 4406 "https://www.google.at/" "Mozilla/5.0 (Windows NT 6.1; Win64; x64) AppleWebKit/537.36 (KHTML, like Gecko) Chrome/59.0.3071.115 Safari/537.36"
194.96.158.155 - - [23/Jul/2017:07:48:54 +0200] "GET /binaries/easy-drivers-portal/widget-icon-apppng.png HTTP/1.1" 304 - "http://www.easydrivers.at/" "Mozilla/5.0 (Windows NT 6.1; Win64; x64) AppleWebKit/537.36 (KHTML, like Gecko) Chrome/59.0.3071.115 Safari/537.36"
213.47.205.115 - - [23/Jul/2017:07:48:55 +0200] "GET /fuehrerscheine/lkw HTTP/1.1" 200 3733 "https://www.google.at/" "Mozilla/5.0 (iPhone; CPU iPhone OS 10_3_2 like Mac OS X) AppleWebKit/603.2.4 (KHTML, like Gecko) Version/10.0 Mobile/14F89 Safari/602.1"
178.189.222.69 - - [23/Jul/2017:07:49:15 +0200] "GET /skarabela.gross-enzersdorf/aktionen HTTP/1.1" 200 2603 "http://www.easydrivers.at/skarabela.gross-enzersdorf/kursauswahl" "Mozilla/5.0 (iPhone; CPU iPhone OS 10_3_2 like Mac OS X) AppleWebKit/603.2.4 (KHTML, like Gecko) Version/10.0 Mobile/14F89 Safari/602.1"
178.189.222.69 - - [23/Jul/2017:07:49:25 +0200] "GET /skarabela.gross-enzersdorf HTTP/1.1" 200 2970 "http://www.easydrivers.at/skarabela.gross-enzersdorf/aktionen" "Mozilla/5.0 (iPhone; CPU iPhone OS 10_3_2 like Mac OS X) AppleWebKit/603.2.4 (KHTML, like Gecko) Version/10.0 Mobile/14F89 Safari/602.1"
178.189.222.69 - - [23/Jul/2017:07:49:36 +0200] "POST /skarabela.gross-enzersdorf/kursauswahl HTTP/1.1" 200 3090 "http://www.easydrivers.at/skarabela.gross-enzersdorf" "Mozilla/5.0 (iPhone; CPU iPhone OS 10_3_2 like Mac OS X) AppleWebKit/603.2.4 (KHTML, like Gecko) Version/10.0 Mobile/14F89 Safari/602.1"
178.189.222.69 - - [23/Jul/2017:07:49:38 +0200] "POST /loadkursliste HTTP/1.1" 200 715 "http://www.easydrivers.at/skarabela.gross-enzersdorf/kursauswahl" "Mozilla/5.0 (iPhone; CPU iPhone OS 10_3_2 like Mac OS X) AppleWebKit/603.2.4 (KHTML, like Gecko) Version/10.0 Mobile/14F89 Safari/602.1"
216.244.66.249 - - [23/Jul/2017:07:49:43 +0200] "GET /fuehrerscheine/auto/B-L HTTP/1.1" 200 12998 "-" "Mozilla/5.0 (compatible; DotBot/1.1; http://www.opensiteexplorer.org/dotbot, help@moz.com)"
213.163.249.231 - - [23/Jul/2017:07:49:52 +0200] "GET /fahrschulen HTTP/1.1" 200 3923 "http://www.easydrivers.at/fuehrerscheine/lkw/C" "Mozilla/5.0 (Windows NT 10.0; WOW64; Trident/7.0; LCJB; rv:11.0) like Gecko"
213.163.249.231 - - [23/Jul/2017:07:49:53 +0200] "GET /javascript/fahrschulen.js HTTP/1.1" 200 470 "http://www.easydrivers.at/fahrschulen" "Mozilla/5.0 (Windows NT 10.0; WOW64; Trident/7.0; LCJB; rv:11.0) like Gecko"
213.163.249.231 - - [23/Jul/2017:07:49:53 +0200] "GET /img/austria-map.jpg HTTP/1.1" 200 57110 "http://www.easydrivers.at/fahrschulen" "Mozilla/5.0 (Windows NT 10.0; WOW64; Trident/7.0; LCJB; rv:11.0) like Gecko"
213.163.249.231 - - [23/Jul/2017:07:49:53 +0200] "GET /img/austria-map-burgenland.png HTTP/1.1" 200 10146 "http://www.easydrivers.at/fahrschulen" "Mozilla/5.0 (Windows NT 10.0; WOW64; Trident/7.0; LCJB; rv:11.0) like Gecko"
213.163.249.231 - - [23/Jul/2017:07:49:53 +0200] "GET /img/austria-map-kaernten.png HTTP/1.1" 200 9968 "http://www.easydrivers.at/fahrschulen" "Mozilla/5.0 (Windows NT 10.0; WOW64; Trident/7.0; LCJB; rv:11.0) like Gecko"
213.163.249.231 - - [23/Jul/2017:07:49:53 +0200] "GET /img/austria-map-noe.png HTTP/1.1" 200 17166 "http://www.easydrivers.at/fahrschulen" "Mozilla/5.0 (Windows NT 10.0; WOW64; Trident/7.0; LCJB; rv:11.0) like Gecko"
213.163.249.231 - - [23/Jul/2017:07:49:53 +0200] "GET /img/austria-map-ooe.png HTTP/1.1" 200 14597 "http://www.easydrivers.at/fahrschulen" "Mozilla/5.0 (Windows NT 10.0; WOW64; Trident/7.0; LCJB; rv:11.0) like Gecko"
213.163.249.231 - - [23/Jul/2017:07:49:54 +0200] "GET /img/austria-map-salzburg.png HTTP/1.1" 200 13786 "http://www.easydrivers.at/fahrschulen" "Mozilla/5.0 (Windows NT 10.0; WOW64; Trident/7.0; LCJB; rv:11.0) like Gecko"
213.163.249.231 - - [23/Jul/2017:07:49:54 +0200] "GET /img/purple-dots-horizontal.png HTTP/1.1" 200 977 "http://www.easydrivers.at/fahrschulen" "Mozilla/5.0 (Windows NT 10.0; WOW64; Trident/7.0; LCJB; rv:11.0) like Gecko"
213.163.249.231 - - [23/Jul/2017:07:49:54 +0200] "GET /img/austria-map-steiermark.png HTTP/1.1" 200 14192 "http://www.easydrivers.at/fahrschulen" "Mozilla/5.0 (Windows NT 10.0; WOW64; Trident/7.0; LCJB; rv:11.0) like Gecko"
213.163.249.231 - - [23/Jul/2017:07:49:54 +0200] "GET /img/austria-map-tirol.png HTTP/1.1" 200 13911 "http://www.easydrivers.at/fahrschulen" "Mozilla/5.0 (Windows NT 10.0; WOW64; Trident/7.0; LCJB; rv:11.0) like Gecko"
213.163.249.231 - - [23/Jul/2017:07:49:54 +0200] "GET /img/austria-map-vorarlberg.png HTTP/1.1" 200 5780 "http://www.easydrivers.at/fahrschulen" "Mozilla/5.0 (Windows NT 10.0; WOW64; Trident/7.0; LCJB; rv:11.0) like Gecko"
213.163.249.231 - - [23/Jul/2017:07:49:54 +0200] "GET /img/austria-map-wien.png HTTP/1.1" 200 2864 "http://www.easydrivers.at/fahrschulen" "Mozilla/5.0 (Windows NT 10.0; WOW64; Trident/7.0; LCJB; rv:11.0) like Gecko"
213.163.249.231 - - [23/Jul/2017:07:49:54 +0200] "GET /img/empty.gif HTTP/1.1" 200 43 "http://www.easydrivers.at/fahrschulen" "Mozilla/5.0 (Windows NT 10.0; WOW64; Trident/7.0; LCJB; rv:11.0) like Gecko"
178.189.222.69 - - [23/Jul/2017:07:49:53 +0200] "POST /loadkursliste HTTP/1.1" 200 767 "http://www.easydrivers.at/skarabela.gross-enzersdorf/kursauswahl" "Mozilla/5.0 (iPhone; CPU iPhone OS 10_3_2 like Mac OS X) AppleWebKit/603.2.4 (KHTML, like Gecko) Version/10.0 Mobile/14F89 Safari/602.1"
213.163.249.231 - - [23/Jul/2017:07:49:57 +0200] "POST /fahrschulen/vorarlberg HTTP/1.1" 200 2993 "http://www.easydrivers.at/fahrschulen" "Mozilla/5.0 (Windows NT 10.0; WOW64; Trident/7.0; LCJB; rv:11.0) like Gecko"
213.163.249.231 - - [23/Jul/2017:07:49:58 +0200] "GET /img/smallicon-address.png HTTP/1.1" 200 1211 "http://www.easydrivers.at/fahrschulen/vorarlberg" "Mozilla/5.0 (Windows NT 10.0; WOW64; Trident/7.0; LCJB; rv:11.0) like Gecko"
213.163.249.231 - - [23/Jul/2017:07:49:58 +0200] "GET /img/locator-icon.png HTTP/1.1" 200 1377 "http://www.easydrivers.at/fahrschulen/vorarlberg" "Mozilla/5.0 (Windows NT 10.0; WOW64; Trident/7.0; LCJB; rv:11.0) like Gecko"
213.163.249.231 - - [23/Jul/2017:07:49:58 +0200] "GET /img/smallicon-phone.png HTTP/1.1" 200 3056 "http://www.easydrivers.at/fahrschulen/vorarlberg" "Mozilla/5.0 (Windows NT 10.0; WOW64; Trident/7.0; LCJB; rv:11.0) like Gecko"
213.163.249.231 - - [23/Jul/2017:07:49:58 +0200] "GET /img/smallicon-time.png HTTP/1.1" 200 1262 "http://www.easydrivers.at/fahrschulen/vorarlberg" "Mozilla/5.0 (Windows NT 10.0; WOW64; Trident/7.0; LCJB; rv:11.0) like Gecko"
213.163.249.231 - - [23/Jul/2017:07:49:58 +0200] "GET /img/smallicon-mail.png HTTP/1.1" 200 1341 "http://www.easydrivers.at/fahrschulen/vorarlberg" "Mozilla/5.0 (Windows NT 10.0; WOW64; Trident/7.0; LCJB; rv:11.0) like Gecko"
178.189.222.69 - - [23/Jul/2017:07:50:04 +0200] "GET /skarabela.gross-enzersdorf/10287044?FS=B-L HTTP/1.1" 200 3301 "http://www.easydrivers.at/skarabela.gross-enzersdorf/kursauswahl" "Mozilla/5.0 (iPhone; CPU iPhone OS 10_3_2 like Mac OS X) AppleWebKit/603.2.4 (KHTML, like Gecko) Version/10.0 Mobile/14F89 Safari/602.1"
178.189.222.69 - - [23/Jul/2017:07:50:07 +0200] "GET /img/mobile/kursicon-share.png HTTP/1.1" 200 2065 "http://www.easydrivers.at/skarabela.gross-enzersdorf/10287044?FS=B-L" "Mozilla/5.0 (iPhone; CPU iPhone OS 10_3_2 like Mac OS X) AppleWebKit/603.2.4 (KHTML, like Gecko) Version/10.0 Mobile/14F89 Safari/602.1"
178.189.222.69 - - [23/Jul/2017:07:50:07 +0200] "GET /img/mobile/smallicon-phone.png HTTP/1.1" 200 1311 "http://www.easydrivers.at/skarabela.gross-enzersdorf/10287044?FS=B-L" "Mozilla/5.0 (iPhone; CPU iPhone OS 10_3_2 like Mac OS X) AppleWebKit/603.2.4 (KHTML, like Gecko) Version/10.0 Mobile/14F89 Safari/602.1"
178.189.222.69 - - [23/Jul/2017:07:50:07 +0200] "GET /img/mobile/kursicon-phone.png HTTP/1.1" 200 1932 "http://www.easydrivers.at/skarabela.gross-enzersdorf/10287044?FS=B-L" "Mozilla/5.0 (iPhone; CPU iPhone OS 10_3_2 like Mac OS X) AppleWebKit/603.2.4 (KHTML, like Gecko) Version/10.0 Mobile/14F89 Safari/602.1"
178.189.222.69 - - [23/Jul/2017:07:50:07 +0200] "GET /img/mobile/smallicon-mail.png HTTP/1.1" 200 1335 "http://www.easydrivers.at/skarabela.gross-enzersdorf/10287044?FS=B-L" "Mozilla/5.0 (iPhone; CPU iPhone OS 10_3_2 like Mac OS X) AppleWebKit/603.2.4 (KHTML, like Gecko) Version/10.0 Mobile/14F89 Safari/602.1"
213.163.249.231 - - [23/Jul/2017:07:50:28 +0200] "GET /fuehrerscheine/mofa HTTP/1.1" 200 2723 "http://www.easydrivers.at/fahrschulen/vorarlberg" "Mozilla/5.0 (Windows NT 10.0; WOW64; Trident/7.0; LCJB; rv:11.0) like Gecko"
213.163.249.231 - - [23/Jul/2017:07:50:30 +0200] "GET /binaries/easy-drivers-portal/moped1jpg.jpg HTTP/1.1" 200 60962 "http://www.easydrivers.at/fuehrerscheine/mofa" "Mozilla/5.0 (Windows NT 10.0; WOW64; Trident/7.0; LCJB; rv:11.0) like Gecko"
178.191.44.179 - - [23/Jul/2017:07:50:37 +0200] "GET /ennstal.schladming/pruefungen HTTP/1.1" 200 2810 "https://www.google.at/" "Mozilla/5.0 (Linux; Android 5.0.1; SAMSUNG GT-I9505 Build/LRX22C) AppleWebKit/537.36 (KHTML, like Gecko) SamsungBrowser/2.1 Chrome/34.0.1847.76 Mobile Safari/537.36"
178.191.44.179 - - [23/Jul/2017:07:50:40 +0200] "GET /css/mobile.css HTTP/1.1" 200 2852 "http://www.easydrivers.at/ennstal.schladming/pruefungen" "Mozilla/5.0 (Linux; Android 5.0.1; SAMSUNG GT-I9505 Build/LRX22C) AppleWebKit/537.36 (KHTML, like Gecko) SamsungBrowser/2.1 Chrome/34.0.1847.76 Mobile Safari/537.36"
178.191.44.179 - - [23/Jul/2017:07:50:40 +0200] "GET /javascript/jquery.cookie.js HTTP/1.1" 200 863 "http://www.easydrivers.at/ennstal.schladming/pruefungen" "Mozilla/5.0 (Linux; Android 5.0.1; SAMSUNG GT-I9505 Build/LRX22C) AppleWebKit/537.36 (KHTML, like Gecko) SamsungBrowser/2.1 Chrome/34.0.1847.76 Mobile Safari/537.36"
178.191.44.179 - - [23/Jul/2017:07:50:40 +0200] "GET /javascript/mobile-menu.js HTTP/1.1" 200 1634 "http://www.easydrivers.at/ennstal.schladming/pruefungen" "Mozilla/5.0 (Linux; Android 5.0.1; SAMSUNG GT-I9505 Build/LRX22C) AppleWebKit/537.36 (KHTML, like Gecko) SamsungBrowser/2.1 Chrome/34.0.1847.76 Mobile Safari/537.36"
178.191.44.179 - - [23/Jul/2017:07:50:40 +0200] "GET /javascript/jquery-1.9.1.min.js HTTP/1.1" 200 32731 "http://www.easydrivers.at/ennstal.schladming/pruefungen" "Mozilla/5.0 (Linux; Android 5.0.1; SAMSUNG GT-I9505 Build/LRX22C) AppleWebKit/537.36 (KHTML, like Gecko) SamsungBrowser/2.1 Chrome/34.0.1847.76 Mobile Safari/537.36"
178.191.44.179 - - [23/Jul/2017:07:50:40 +0200] "GET /javascript/jquery.simplemodal.js HTTP/1.1" 200 3070 "http://www.easydrivers.at/ennstal.schladming/pruefungen" "Mozilla/5.0 (Linux; Android 5.0.1; SAMSUNG GT-I9505 Build/LRX22C) AppleWebKit/537.36 (KHTML, like Gecko) SamsungBrowser/2.1 Chrome/34.0.1847.76 Mobile Safari/537.36"
178.191.44.179 - - [23/Jul/2017:07:50:40 +0200] "GET /javascript/lazyload.js HTTP/1.1" 200 1170 "http://www.easydrivers.at/ennstal.schladming/pruefungen" "Mozilla/5.0 (Linux; Android 5.0.1; SAMSUNG GT-I9505 Build/LRX22C) AppleWebKit/537.36 (KHTML, like Gecko) SamsungBrowser/2.1 Chrome/34.0.1847.76 Mobile Safari/537.36"
178.191.44.179 - - [23/Jul/2017:07:50:40 +0200] "GET /img/mobile/easydrivers-logo-mobile.png HTTP/1.1" 200 10766 "http://www.easydrivers.at/ennstal.schladming/pruefungen" "Mozilla/5.0 (Linux; Android 5.0.1; SAMSUNG GT-I9505 Build/LRX22C) AppleWebKit/537.36 (KHTML, like Gecko) SamsungBrowser/2.1 Chrome/34.0.1847.76 Mobile Safari/537.36"
178.191.44.179 - - [23/Jul/2017:07:50:40 +0200] "GET /javascript/mobile-fahrschule.js HTTP/1.1" 200 328 "http://www.easydrivers.at/ennstal.schladming/pruefungen" "Mozilla/5.0 (Linux; Android 5.0.1; SAMSUNG GT-I9505 Build/LRX22C) AppleWebKit/537.36 (KHTML, like Gecko) SamsungBrowser/2.1 Chrome/34.0.1847.76 Mobile Safari/537.36"
178.191.44.179 - - [23/Jul/2017:07:50:40 +0200] "GET /img/mobile/menu-button.png HTTP/1.1" 200 1746 "http://www.easydrivers.at/ennstal.schladming/pruefungen" "Mozilla/5.0 (Linux; Android 5.0.1; SAMSUNG GT-I9505 Build/LRX22C) AppleWebKit/537.36 (KHTML, like Gecko) SamsungBrowser/2.1 Chrome/34.0.1847.76 Mobile Safari/537.36"
178.191.44.179 - - [23/Jul/2017:07:50:40 +0200] "GET /img/mobile/close-button.png HTTP/1.1" 200 2411 "http://www.easydrivers.at/ennstal.schladming/pruefungen" "Mozilla/5.0 (Linux; Android 5.0.1; SAMSUNG GT-I9505 Build/LRX22C) AppleWebKit/537.36 (KHTML, like Gecko) SamsungBrowser/2.1 Chrome/34.0.1847.76 Mobile Safari/537.36"
178.191.44.179 - - [23/Jul/2017:07:50:40 +0200] "GET /img/mobile/facebook-icon.png HTTP/1.1" 200 1902 "http://www.easydrivers.at/ennstal.schladming/pruefungen" "Mozilla/5.0 (Linux; Android 5.0.1; SAMSUNG GT-I9505 Build/LRX22C) AppleWebKit/537.36 (KHTML, like Gecko) SamsungBrowser/2.1 Chrome/34.0.1847.76 Mobile Safari/537.36"
178.191.44.179 - - [23/Jul/2017:07:50:40 +0200] "GET /img/mobile/info-button.png HTTP/1.1" 200 1549 "http://www.easydrivers.at/ennstal.schladming/pruefungen" "Mozilla/5.0 (Linux; Android 5.0.1; SAMSUNG GT-I9505 Build/LRX22C) AppleWebKit/537.36 (KHTML, like Gecko) SamsungBrowser/2.1 Chrome/34.0.1847.76 Mobile Safari/537.36"
178.191.44.179 - - [23/Jul/2017:07:50:40 +0200] "GET /img/mobile/info-close-button.png HTTP/1.1" 200 1721 "http://www.easydrivers.at/ennstal.schladming/pruefungen" "Mozilla/5.0 (Linux; Android 5.0.1; SAMSUNG GT-I9505 Build/LRX22C) AppleWebKit/537.36 (KHTML, like Gecko) SamsungBrowser/2.1 Chrome/34.0.1847.76 Mobile Safari/537.36"
178.191.44.179 - - [23/Jul/2017:07:50:40 +0200] "GET /img/smallicon-person.png HTTP/1.1" 200 1141 "http://www.easydrivers.at/ennstal.schladming/pruefungen" "Mozilla/5.0 (Linux; Android 5.0.1; SAMSUNG GT-I9505 Build/LRX22C) AppleWebKit/537.36 (KHTML, like Gecko) SamsungBrowser/2.1 Chrome/34.0.1847.76 Mobile Safari/537.36"
178.191.44.179 - - [23/Jul/2017:07:50:40 +0200] "GET /img/smallicon-address.png HTTP/1.1" 200 1211 "http://www.easydrivers.at/ennstal.schladming/pruefungen" "Mozilla/5.0 (Linux; Android 5.0.1; SAMSUNG GT-I9505 Build/LRX22C) AppleWebKit/537.36 (KHTML, like Gecko) SamsungBrowser/2.1 Chrome/34.0.1847.76 Mobile Safari/537.36"
178.191.44.179 - - [23/Jul/2017:07:50:40 +0200] "GET /img/mobile/googlemaps-pin.png HTTP/1.1" 200 1597 "http://www.easydrivers.at/ennstal.schladming/pruefungen" "Mozilla/5.0 (Linux; Android 5.0.1; SAMSUNG GT-I9505 Build/LRX22C) AppleWebKit/537.36 (KHTML, like Gecko) SamsungBrowser/2.1 Chrome/34.0.1847.76 Mobile Safari/537.36"
178.191.44.179 - - [23/Jul/2017:07:50:40 +0200] "GET /img/smallicon-time.png HTTP/1.1" 200 1262 "http://www.easydrivers.at/ennstal.schladming/pruefungen" "Mozilla/5.0 (Linux; Android 5.0.1; SAMSUNG GT-I9505 Build/LRX22C) AppleWebKit/537.36 (KHTML, like Gecko) SamsungBrowser/2.1 Chrome/34.0.1847.76 Mobile Safari/537.36"
178.191.44.179 - - [23/Jul/2017:07:50:40 +0200] "GET /img/smallicon-phone.png HTTP/1.1" 200 3056 "http://www.easydrivers.at/ennstal.schladming/pruefungen" "Mozilla/5.0 (Linux; Android 5.0.1; SAMSUNG GT-I9505 Build/LRX22C) AppleWebKit/537.36 (KHTML, like Gecko) SamsungBrowser/2.1 Chrome/34.0.1847.76 Mobile Safari/537.36"
178.191.44.179 - - [23/Jul/2017:07:50:40 +0200] "GET /img/smallicon-mail.png HTTP/1.1" 200 1341 "http://www.easydrivers.at/ennstal.schladming/pruefungen" "Mozilla/5.0 (Linux; Android 5.0.1; SAMSUNG GT-I9505 Build/LRX22C) AppleWebKit/537.36 (KHTML, like Gecko) SamsungBrowser/2.1 Chrome/34.0.1847.76 Mobile Safari/537.36"
178.191.44.179 - - [23/Jul/2017:07:50:41 +0200] "GET /img/mobile/bg-header.jpg HTTP/1.1" 200 19741 "http://www.easydrivers.at/ennstal.schladming/pruefungen" "Mozilla/5.0 (Linux; Android 5.0.1; SAMSUNG GT-I9505 Build/LRX22C) AppleWebKit/537.36 (KHTML, like Gecko) SamsungBrowser/2.1 Chrome/34.0.1847.76 Mobile Safari/537.36"
178.191.44.179 - - [23/Jul/2017:07:50:41 +0200] "GET /img/mobile/bg-menu.jpg HTTP/1.1" 200 1698 "http://www.easydrivers.at/ennstal.schladming/pruefungen" "Mozilla/5.0 (Linux; Android 5.0.1; SAMSUNG GT-I9505 Build/LRX22C) AppleWebKit/537.36 (KHTML, like Gecko) SamsungBrowser/2.1 Chrome/34.0.1847.76 Mobile Safari/537.36"
178.191.44.179 - - [23/Jul/2017:07:50:41 +0200] "GET /img/mobile/bg-top-section.jpg HTTP/1.1" 200 21711 "http://www.easydrivers.at/ennstal.schladming/pruefungen" "Mozilla/5.0 (Linux; Android 5.0.1; SAMSUNG GT-I9505 Build/LRX22C) AppleWebKit/537.36 (KHTML, like Gecko) SamsungBrowser/2.1 Chrome/34.0.1847.76 Mobile Safari/537.36"
178.191.44.179 - - [23/Jul/2017:07:50:42 +0200] "GET /img/favicon.ico HTTP/1.1" 404 300 "-" "Mozilla/5.0 (Linux; Android 5.0.1; SAMSUNG GT-I9505 Build/LRX22C) AppleWebKit/537.36 (KHTML, like Gecko) SamsungBrowser/2.1 Chrome/34.0.1847.76 Mobile Safari/537.36"
178.189.222.69 - - [23/Jul/2017:07:51:04 +0200] "GET /skarabela.gross-enzersdorf/kurse HTTP/1.1" 200 3257 "http://www.easydrivers.at/skarabela.gross-enzersdorf/10287044?FS=B-L" "Mozilla/5.0 (iPhone; CPU iPhone OS 10_3_2 like Mac OS X) AppleWebKit/603.2.4 (KHTML, like Gecko) Version/10.0 Mobile/14F89 Safari/602.1"
178.189.222.69 - - [23/Jul/2017:07:51:07 +0200] "POST /loadkursliste HTTP/1.1" 200 767 "http://www.easydrivers.at/skarabela.gross-enzersdorf/kurse" "Mozilla/5.0 (iPhone; CPU iPhone OS 10_3_2 like Mac OS X) AppleWebKit/603.2.4 (KHTML, like Gecko) Version/10.0 Mobile/14F89 Safari/602.1"
178.189.222.69 - - [23/Jul/2017:07:51:19 +0200] "POST /loadkursliste HTTP/1.1" 200 715 "http://www.easydrivers.at/skarabela.gross-enzersdorf/kurse" "Mozilla/5.0 (iPhone; CPU iPhone OS 10_3_2 like Mac OS X) AppleWebKit/603.2.4 (KHTML, like Gecko) Version/10.0 Mobile/14F89 Safari/602.1"
216.244.66.249 - - [23/Jul/2017:07:51:21 +0200] "GET /feldkirch/ HTTP/1.1" 301 150 "-" "Mozilla/5.0 (compatible; DotBot/1.1; http://www.opensiteexplorer.org/dotbot, help@moz.com)"
213.163.249.231 - - [23/Jul/2017:07:51:39 +0200] "GET /fuehrerscheine/motorrad HTTP/1.1" 200 2824 "http://www.easydrivers.at/fuehrerscheine/mofa" "Mozilla/5.0 (Windows NT 10.0; WOW64; Trident/7.0; LCJB; rv:11.0) like Gecko"
213.163.249.231 - - [23/Jul/2017:07:51:41 +0200] "GET /binaries/easy-drivers-portal/motorrad4jpg.jpg HTTP/1.1" 200 110277 "http://www.easydrivers.at/fuehrerscheine/motorrad" "Mozilla/5.0 (Windows NT 10.0; WOW64; Trident/7.0; LCJB; rv:11.0) like Gecko"
213.163.249.231 - - [23/Jul/2017:07:52:49 +0200] "GET /fuehrerscheine/motorrad/A1F HTTP/1.1" 200 4490 "http://www.easydrivers.at/fuehrerscheine/motorrad" "Mozilla/5.0 (Windows NT 10.0; WOW64; Trident/7.0; LCJB; rv:11.0) like Gecko"
213.163.249.231 - - [23/Jul/2017:07:52:50 +0200] "GET /binaries/easy-drivers-portal/motorrad6jpg.jpg HTTP/1.1" 200 83216 "http://www.easydrivers.at/fuehrerscheine/motorrad/A1F" "Mozilla/5.0 (Windows NT 10.0; WOW64; Trident/7.0; LCJB; rv:11.0) like Gecko"
66.249.66.72 - - [23/Jul/2017:07:53:56 +0200] "GET /cache/emu/images/easy-drivers-portal10289535/vespa_114_90_0.jpg HTTP/1.1" 304 - "-" "Googlebot-Image/1.0"
178.189.222.69 - - [23/Jul/2017:07:54:08 +0200] "GET /skarabela.gross-enzersdorf/kurse HTTP/1.1" 200 3257 "http://www.easydrivers.at/skarabela.gross-enzersdorf/10287044?FS=B-L" "Mozilla/5.0 (iPhone; CPU iPhone OS 10_3_2 like Mac OS X) AppleWebKit/603.2.4 (KHTML, like Gecko) Version/10.0 Mobile/14F89 Safari/602.1"
178.189.222.69 - - [23/Jul/2017:07:54:11 +0200] "POST /loadkursliste HTTP/1.1" 200 715 "http://www.easydrivers.at/skarabela.gross-enzersdorf/kurse" "Mozilla/5.0 (iPhone; CPU iPhone OS 10_3_2 like Mac OS X) AppleWebKit/603.2.4 (KHTML, like Gecko) Version/10.0 Mobile/14F89 Safari/602.1"
178.189.222.69 - - [23/Jul/2017:07:54:21 +0200] "GET /skarabela.gross-enzersdorf/10287044?FS=B-L17 HTTP/1.1" 200 3298 "http://www.easydrivers.at/skarabela.gross-enzersdorf/kurse" "Mozilla/5.0 (iPhone; CPU iPhone OS 10_3_2 like Mac OS X) AppleWebKit/603.2.4 (KHTML, like Gecko) Version/10.0 Mobile/14F89 Safari/602.1"
213.163.249.231 - - [23/Jul/2017:07:54:54 +0200] "GET /fuehrerscheine/traktor HTTP/1.1" 200 2534 "http://www.easydrivers.at/fuehrerscheine/motorrad/A1F" "Mozilla/5.0 (Windows NT 10.0; WOW64; Trident/7.0; LCJB; rv:11.0) like Gecko"
213.163.249.231 - - [23/Jul/2017:07:54:55 +0200] "GET /binaries/easy-drivers-portal/traktor5jpg.jpg HTTP/1.1" 200 119320 "http://www.easydrivers.at/fuehrerscheine/traktor" "Mozilla/5.0 (Windows NT 10.0; WOW64; Trident/7.0; LCJB; rv:11.0) like Gecko"
80.254.155.43 - - [23/Jul/2017:07:54:59 +0200] "GET /fuehrerscheine/lkw HTTP/1.1" 200 2617 "http://www.google.at/url?sa=t&rct=j&q=&esrc=s&source=web&cd=1&ved=0ahUKEwjijpXl257VAhWGsxQKHQLGCgwQFggwMAA&url=http%3A%2F%2Fwww.easydrivers.at%2Ffuehrerscheine%2Flkw&usg=AFQjCNE6-GR5UGXOxorODzeHXRxf6iLD9g" "Mozilla/5.0 (Windows NT 6.1; WOW64; Trident/7.0; rv:11.0) like Gecko"
80.254.155.43 - - [23/Jul/2017:07:55:00 +0200] "GET /css/style.css HTTP/1.1" 200 5004 "http://www.easydrivers.at/fuehrerscheine/lkw" "Mozilla/5.0 (Windows NT 6.1; WOW64; Trident/7.0; rv:11.0) like Gecko"
80.254.155.43 - - [23/Jul/2017:07:55:01 +0200] "GET /img/close-button.png HTTP/1.1" 200 2237 "http://www.easydrivers.at/fuehrerscheine/lkw" "Mozilla/5.0 (Windows NT 6.1; WOW64; Trident/7.0; rv:11.0) like Gecko"
80.254.155.43 - - [23/Jul/2017:07:55:01 +0200] "GET /javascript/license.js HTTP/1.1" 200 315 "http://www.easydrivers.at/fuehrerscheine/lkw" "Mozilla/5.0 (Windows NT 6.1; WOW64; Trident/7.0; rv:11.0) like Gecko"
80.254.155.43 - - [23/Jul/2017:07:55:01 +0200] "GET /img/schweiz-icon.png HTTP/1.1" 200 1504 "http://www.easydrivers.at/fuehrerscheine/lkw" "Mozilla/5.0 (Windows NT 6.1; WOW64; Trident/7.0; rv:11.0) like Gecko"
80.254.155.43 - - [23/Jul/2017:07:55:01 +0200] "GET /binaries/easy-drivers-portal/lkw4jpg.jpg HTTP/1.1" 200 118819 "http://www.easydrivers.at/fuehrerscheine/lkw" "Mozilla/5.0 (Windows NT 6.1; WOW64; Trident/7.0; rv:11.0) like Gecko"
80.254.155.43 - - [23/Jul/2017:07:55:01 +0200] "GET /javascript/jquery.simplemodal.js HTTP/1.1" 200 3070 "http://www.easydrivers.at/fuehrerscheine/lkw" "Mozilla/5.0 (Windows NT 6.1; WOW64; Trident/7.0; rv:11.0) like Gecko"
80.254.155.43 - - [23/Jul/2017:07:55:01 +0200] "GET /javascript/jquery.cookie.js HTTP/1.1" 200 863 "http://www.easydrivers.at/fuehrerscheine/lkw" "Mozilla/5.0 (Windows NT 6.1; WOW64; Trident/7.0; rv:11.0) like Gecko"
80.254.155.43 - - [23/Jul/2017:07:55:01 +0200] "GET /javascript/portal.js?1221842734 HTTP/1.1" 200 3529 "http://www.easydrivers.at/fuehrerscheine/lkw" "Mozilla/5.0 (Windows NT 6.1; WOW64; Trident/7.0; rv:11.0) like Gecko"
80.254.155.43 - - [23/Jul/2017:07:55:01 +0200] "GET /img/facebook-icon.png HTTP/1.1" 200 1506 "http://www.easydrivers.at/fuehrerscheine/lkw" "Mozilla/5.0 (Windows NT 6.1; WOW64; Trident/7.0; rv:11.0) like Gecko"
80.254.155.43 - - [23/Jul/2017:07:55:01 +0200] "GET /javascript/jquery.customSelect.min.js HTTP/1.1" 200 912 "http://www.easydrivers.at/fuehrerscheine/lkw" "Mozilla/5.0 (Windows NT 6.1; WOW64; Trident/7.0; rv:11.0) like Gecko"
80.254.155.43 - - [23/Jul/2017:07:55:01 +0200] "GET /css/print.css HTTP/1.1" 200 967 "http://www.easydrivers.at/fuehrerscheine/lkw" "Mozilla/5.0 (Windows NT 6.1; WOW64; Trident/7.0; rv:11.0) like Gecko"
80.254.155.43 - - [23/Jul/2017:07:55:01 +0200] "GET /img/kursicon-print-pink.png HTTP/1.1" 200 1125 "http://www.easydrivers.at/fuehrerscheine/lkw" "Mozilla/5.0 (Windows NT 6.1; WOW64; Trident/7.0; rv:11.0) like Gecko"
80.254.155.43 - - [23/Jul/2017:07:55:01 +0200] "GET /img/kursicon-share-pink.png HTTP/1.1" 200 1277 "http://www.easydrivers.at/fuehrerscheine/lkw" "Mozilla/5.0 (Windows NT 6.1; WOW64; Trident/7.0; rv:11.0) like Gecko"
80.254.155.43 - - [23/Jul/2017:07:55:01 +0200] "GET /img/kursicon-phone-pink.png HTTP/1.1" 200 1286 "http://www.easydrivers.at/fuehrerscheine/lkw" "Mozilla/5.0 (Windows NT 6.1; WOW64; Trident/7.0; rv:11.0) like Gecko"
80.254.155.43 - - [23/Jul/2017:07:55:01 +0200] "GET /javascript/lazyload.js HTTP/1.1" 200 1170 "http://www.easydrivers.at/fuehrerscheine/lkw" "Mozilla/5.0 (Windows NT 6.1; WOW64; Trident/7.0; rv:11.0) like Gecko"
80.254.155.43 - - [23/Jul/2017:07:55:01 +0200] "GET /img/kursicon-download-pink.png HTTP/1.1" 200 1213 "http://www.easydrivers.at/fuehrerscheine/lkw" "Mozilla/5.0 (Windows NT 6.1; WOW64; Trident/7.0; rv:11.0) like Gecko"
80.254.155.43 - - [23/Jul/2017:07:55:01 +0200] "GET /img/bg-header.jpg HTTP/1.1" 200 38680 "http://www.easydrivers.at/fuehrerscheine/lkw" "Mozilla/5.0 (Windows NT 6.1; WOW64; Trident/7.0; rv:11.0) like Gecko"
80.254.155.43 - - [23/Jul/2017:07:55:01 +0200] "GET /img/bg-footer.jpg HTTP/1.1" 200 31770 "http://www.easydrivers.at/fuehrerscheine/lkw" "Mozilla/5.0 (Windows NT 6.1; WOW64; Trident/7.0; rv:11.0) like Gecko"
80.254.155.43 - - [23/Jul/2017:07:55:01 +0200] "GET /img/ED_Logo.png HTTP/1.1" 200 3385 "http://www.easydrivers.at/fuehrerscheine/lkw" "Mozilla/5.0 (Windows NT 6.1; WOW64; Trident/7.0; rv:11.0) like Gecko"
80.254.155.43 - - [23/Jul/2017:07:55:01 +0200] "GET /img/bg-yellow.jpg HTTP/1.1" 200 2250 "http://www.easydrivers.at/fuehrerscheine/lkw" "Mozilla/5.0 (Windows NT 6.1; WOW64; Trident/7.0; rv:11.0) like Gecko"
80.254.155.43 - - [23/Jul/2017:07:55:01 +0200] "GET /img/submit-button-small.png HTTP/1.1" 200 1456 "http://www.easydrivers.at/fuehrerscheine/lkw" "Mozilla/5.0 (Windows NT 6.1; WOW64; Trident/7.0; rv:11.0) like Gecko"
80.254.155.43 - - [23/Jul/2017:07:55:02 +0200] "GET /img/new_favicon.ico HTTP/1.1" 200 1150 "-" "Mozilla/5.0 (Windows NT 6.1; WOW64; Trident/7.0; rv:11.0) like Gecko"
213.163.249.231 - - [23/Jul/2017:07:55:30 +0200] "GET /fuehrerscheine/traktor/F-Plus HTTP/1.1" 200 3712 "http://www.easydrivers.at/fuehrerscheine/traktor" "Mozilla/5.0 (Windows NT 10.0; WOW64; Trident/7.0; LCJB; rv:11.0) like Gecko"
213.163.249.231 - - [23/Jul/2017:07:55:31 +0200] "GET /binaries/easy-drivers-portal/traktor4jpg.jpg HTTP/1.1" 200 110863 "http://www.easydrivers.at/fuehrerscheine/traktor/F-Plus" "Mozilla/5.0 (Windows NT 10.0; WOW64; Trident/7.0; LCJB; rv:11.0) like Gecko"
80.254.155.43 - - [23/Jul/2017:07:55:38 +0200] "GET /fuehrerscheine/lkw/C HTTP/1.1" 200 3778 "http://www.easydrivers.at/fuehrerscheine/lkw" "Mozilla/5.0 (Windows NT 6.1; WOW64; Trident/7.0; rv:11.0) like Gecko"
80.254.155.43 - - [23/Jul/2017:07:55:39 +0200] "GET /javascript/product.js HTTP/1.1" 200 139 "http://www.easydrivers.at/fuehrerscheine/lkw/C" "Mozilla/5.0 (Windows NT 6.1; WOW64; Trident/7.0; rv:11.0) like Gecko"
80.254.155.43 - - [23/Jul/2017:07:55:39 +0200] "GET /binaries/easy-drivers-portal/lkw2jpg.jpg HTTP/1.1" 200 96752 "http://www.easydrivers.at/fuehrerscheine/lkw/C" "Mozilla/5.0 (Windows NT 6.1; WOW64; Trident/7.0; rv:11.0) like Gecko"
80.254.155.43 - - [23/Jul/2017:07:55:40 +0200] "GET /img/arrow-left.png HTTP/1.1" 200 1015 "http://www.easydrivers.at/fuehrerscheine/lkw/C" "Mozilla/5.0 (Windows NT 6.1; WOW64; Trident/7.0; rv:11.0) like Gecko"
80.254.155.43 - - [23/Jul/2017:07:55:40 +0200] "GET /img/arrow-up.png HTTP/1.1" 200 1081 "http://www.easydrivers.at/fuehrerscheine/lkw/C" "Mozilla/5.0 (Windows NT 6.1; WOW64; Trident/7.0; rv:11.0) like Gecko"
178.189.222.69 - - [23/Jul/2017:07:55:45 +0200] "POST /loadkursliste HTTP/1.1" 200 767 "http://www.easydrivers.at/skarabela.gross-enzersdorf/kurse" "Mozilla/5.0 (iPhone; CPU iPhone OS 10_3_2 like Mac OS X) AppleWebKit/603.2.4 (KHTML, like Gecko) Version/10.0 Mobile/14F89 Safari/602.1"
178.189.222.69 - - [23/Jul/2017:07:56:16 +0200] "GET /skarabela.gross-enzersdorf/10287044?FS=B-L HTTP/1.1" 200 3295 "http://www.easydrivers.at/skarabela.gross-enzersdorf/kurse" "Mozilla/5.0 (iPhone; CPU iPhone OS 10_3_2 like Mac OS X) AppleWebKit/603.2.4 (KHTML, like Gecko) Version/10.0 Mobile/14F89 Safari/602.1"
178.189.222.69 - - [23/Jul/2017:07:56:35 +0200] "GET /skarabela.gross-enzersdorf/10287044?FS=B-L&channel=fullversion HTTP/1.1" 200 6333 "http://www.easydrivers.at/skarabela.gross-enzersdorf/10287044?FS=B-L" "Mozilla/5.0 (iPhone; CPU iPhone OS 10_3_2 like Mac OS X) AppleWebKit/603.2.4 (KHTML, like Gecko) Version/10.0 Mobile/14F89 Safari/602.1"
178.189.222.69 - - [23/Jul/2017:07:56:36 +0200] "GET /skarabela.gross-enzersdorf/10287044?FS=B-L&channel=fullversion HTTP/1.1" 200 6333 "http://www.easydrivers.at/skarabela.gross-enzersdorf/10287044?FS=B-L" "Mozilla/5.0 (iPhone; CPU iPhone OS 10_3_2 like Mac OS X) AppleWebKit/603.2.4 (KHTML, like Gecko) Version/10.0 Mobile/14F89 Safari/602.1"
178.189.222.69 - - [23/Jul/2017:07:56:39 +0200] "GET /css/style.css HTTP/1.1" 200 5004 "http://www.easydrivers.at/skarabela.gross-enzersdorf/10287044?FS=B-L&channel=fullversion" "Mozilla/5.0 (iPhone; CPU iPhone OS 10_3_2 like Mac OS X) AppleWebKit/603.2.4 (KHTML, like Gecko) Version/10.0 Mobile/14F89 Safari/602.1"
178.189.222.69 - - [23/Jul/2017:07:56:39 +0200] "GET /css/print.css HTTP/1.1" 200 967 "http://www.easydrivers.at/skarabela.gross-enzersdorf/10287044?FS=B-L&channel=fullversion" "Mozilla/5.0 (iPhone; CPU iPhone OS 10_3_2 like Mac OS X) AppleWebKit/603.2.4 (KHTML, like Gecko) Version/10.0 Mobile/14F89 Safari/602.1"
178.189.222.69 - - [23/Jul/2017:07:56:39 +0200] "GET /javascript/jquery.customSelect.min.js HTTP/1.1" 200 912 "http://www.easydrivers.at/skarabela.gross-enzersdorf/10287044?FS=B-L&channel=fullversion" "Mozilla/5.0 (iPhone; CPU iPhone OS 10_3_2 like Mac OS X) AppleWebKit/603.2.4 (KHTML, like Gecko) Version/10.0 Mobile/14F89 Safari/602.1"
178.189.222.69 - - [23/Jul/2017:07:56:39 +0200] "GET /javascript/portal.js?1221842734 HTTP/1.1" 200 3529 "http://www.easydrivers.at/skarabela.gross-enzersdorf/10287044?FS=B-L&channel=fullversion" "Mozilla/5.0 (iPhone; CPU iPhone OS 10_3_2 like Mac OS X) AppleWebKit/603.2.4 (KHTML, like Gecko) Version/10.0 Mobile/14F89 Safari/602.1"
178.189.222.69 - - [23/Jul/2017:07:56:40 +0200] "GET /css/showLoading.css HTTP/1.1" 200 219 "http://www.easydrivers.at/skarabela.gross-enzersdorf/10287044?FS=B-L&channel=fullversion" "Mozilla/5.0 (iPhone; CPU iPhone OS 10_3_2 like Mac OS X) AppleWebKit/603.2.4 (KHTML, like Gecko) Version/10.0 Mobile/14F89 Safari/602.1"
178.189.222.69 - - [23/Jul/2017:07:56:40 +0200] "GET /javascript/jquery.showLoading.min.js HTTP/1.1" 200 1136 "http://www.easydrivers.at/skarabela.gross-enzersdorf/10287044?FS=B-L&channel=fullversion" "Mozilla/5.0 (iPhone; CPU iPhone OS 10_3_2 like Mac OS X) AppleWebKit/603.2.4 (KHTML, like Gecko) Version/10.0 Mobile/14F89 Safari/602.1"
178.189.222.69 - - [23/Jul/2017:07:56:40 +0200] "GET /javascript/fahrschule.js HTTP/1.1" 200 462 "http://www.easydrivers.at/skarabela.gross-enzersdorf/10287044?FS=B-L&channel=fullversion" "Mozilla/5.0 (iPhone; CPU iPhone OS 10_3_2 like Mac OS X) AppleWebKit/603.2.4 (KHTML, like Gecko) Version/10.0 Mobile/14F89 Safari/602.1"
178.189.222.69 - - [23/Jul/2017:07:56:40 +0200] "GET /javascript/suche.js HTTP/1.1" 200 209 "http://www.easydrivers.at/skarabela.gross-enzersdorf/10287044?FS=B-L&channel=fullversion" "Mozilla/5.0 (iPhone; CPU iPhone OS 10_3_2 like Mac OS X) AppleWebKit/603.2.4 (KHTML, like Gecko) Version/10.0 Mobile/14F89 Safari/602.1"
178.189.222.69 - - [23/Jul/2017:07:56:40 +0200] "GET /img/facebook-icon.png HTTP/1.1" 200 1506 "http://www.easydrivers.at/skarabela.gross-enzersdorf/10287044?FS=B-L&channel=fullversion" "Mozilla/5.0 (iPhone; CPU iPhone OS 10_3_2 like Mac OS X) AppleWebKit/603.2.4 (KHTML, like Gecko) Version/10.0 Mobile/14F89 Safari/602.1"
178.189.222.69 - - [23/Jul/2017:07:56:40 +0200] "GET /img/close-button.png HTTP/1.1" 200 2237 "http://www.easydrivers.at/skarabela.gross-enzersdorf/10287044?FS=B-L&channel=fullversion" "Mozilla/5.0 (iPhone; CPU iPhone OS 10_3_2 like Mac OS X) AppleWebKit/603.2.4 (KHTML, like Gecko) Version/10.0 Mobile/14F89 Safari/602.1"
178.189.222.69 - - [23/Jul/2017:07:56:40 +0200] "GET /img/info-button.png HTTP/1.1" 200 738 "http://www.easydrivers.at/skarabela.gross-enzersdorf/10287044?FS=B-L&channel=fullversion" "Mozilla/5.0 (iPhone; CPU iPhone OS 10_3_2 like Mac OS X) AppleWebKit/603.2.4 (KHTML, like Gecko) Version/10.0 Mobile/14F89 Safari/602.1"
178.189.222.69 - - [23/Jul/2017:07:56:40 +0200] "GET /javascript/jquery.base64.min.js HTTP/1.1" 200 37135 "http://www.easydrivers.at/skarabela.gross-enzersdorf/10287044?FS=B-L&channel=fullversion" "Mozilla/5.0 (iPhone; CPU iPhone OS 10_3_2 like Mac OS X) AppleWebKit/603.2.4 (KHTML, like Gecko) Version/10.0 Mobile/14F89 Safari/602.1"
178.189.222.69 - - [23/Jul/2017:07:56:40 +0200] "GET /img/locator-icon.png HTTP/1.1" 200 1377 "http://www.easydrivers.at/skarabela.gross-enzersdorf/10287044?FS=B-L&channel=fullversion" "Mozilla/5.0 (iPhone; CPU iPhone OS 10_3_2 like Mac OS X) AppleWebKit/603.2.4 (KHTML, like Gecko) Version/10.0 Mobile/14F89 Safari/602.1"
178.189.222.69 - - [23/Jul/2017:07:56:40 +0200] "GET /img/close-button-small.png HTTP/1.1" 200 1671 "http://www.easydrivers.at/skarabela.gross-enzersdorf/10287044?FS=B-L&channel=fullversion" "Mozilla/5.0 (iPhone; CPU iPhone OS 10_3_2 like Mac OS X) AppleWebKit/603.2.4 (KHTML, like Gecko) Version/10.0 Mobile/14F89 Safari/602.1"
178.189.222.69 - - [23/Jul/2017:07:56:40 +0200] "GET /img/kursicon-print.png HTTP/1.1" 200 1184 "http://www.easydrivers.at/skarabela.gross-enzersdorf/10287044?FS=B-L&channel=fullversion" "Mozilla/5.0 (iPhone; CPU iPhone OS 10_3_2 like Mac OS X) AppleWebKit/603.2.4 (KHTML, like Gecko) Version/10.0 Mobile/14F89 Safari/602.1"
178.189.222.69 - - [23/Jul/2017:07:56:40 +0200] "GET /img/kursicon-download.png HTTP/1.1" 200 1218 "http://www.easydrivers.at/skarabela.gross-enzersdorf/10287044?FS=B-L&channel=fullversion" "Mozilla/5.0 (iPhone; CPU iPhone OS 10_3_2 like Mac OS X) AppleWebKit/603.2.4 (KHTML, like Gecko) Version/10.0 Mobile/14F89 Safari/602.1"
178.189.222.69 - - [23/Jul/2017:07:56:40 +0200] "GET /binaries/easy-drivers-portal/pkw5jpg.jpg HTTP/1.1" 200 96177 "http://www.easydrivers.at/skarabela.gross-enzersdorf/10287044?FS=B-L&channel=fullversion" "Mozilla/5.0 (iPhone; CPU iPhone OS 10_3_2 like Mac OS X) AppleWebKit/603.2.4 (KHTML, like Gecko) Version/10.0 Mobile/14F89 Safari/602.1"
178.189.222.69 - - [23/Jul/2017:07:56:40 +0200] "GET /img/kursicon-share.png HTTP/1.1" 200 1302 "http://www.easydrivers.at/skarabela.gross-enzersdorf/10287044?FS=B-L&channel=fullversion" "Mozilla/5.0 (iPhone; CPU iPhone OS 10_3_2 like Mac OS X) AppleWebKit/603.2.4 (KHTML, like Gecko) Version/10.0 Mobile/14F89 Safari/602.1"
178.189.222.69 - - [23/Jul/2017:07:56:40 +0200] "GET /img/kursicon-phone.png HTTP/1.1" 200 1287 "http://www.easydrivers.at/skarabela.gross-enzersdorf/10287044?FS=B-L&channel=fullversion" "Mozilla/5.0 (iPhone; CPU iPhone OS 10_3_2 like Mac OS X) AppleWebKit/603.2.4 (KHTML, like Gecko) Version/10.0 Mobile/14F89 Safari/602.1"
178.189.222.69 - - [23/Jul/2017:07:56:40 +0200] "GET /cache/emu/images/10244926/_111_167.jpg HTTP/1.1" 200 4216 "http://www.easydrivers.at/skarabela.gross-enzersdorf/10287044?FS=B-L&channel=fullversion" "Mozilla/5.0 (iPhone; CPU iPhone OS 10_3_2 like Mac OS X) AppleWebKit/603.2.4 (KHTML, like Gecko) Version/10.0 Mobile/14F89 Safari/602.1"
178.189.222.69 - - [23/Jul/2017:07:56:40 +0200] "GET /cache/emu/images/10279635/_125_167.jpg HTTP/1.1" 200 4332 "http://www.easydrivers.at/skarabela.gross-enzersdorf/10287044?FS=B-L&channel=fullversion" "Mozilla/5.0 (iPhone; CPU iPhone OS 10_3_2 like Mac OS X) AppleWebKit/603.2.4 (KHTML, like Gecko) Version/10.0 Mobile/14F89 Safari/602.1"
178.189.222.69 - - [23/Jul/2017:07:56:40 +0200] "GET /cache/emu/images/10244940/_111_167.jpg HTTP/1.1" 200 3809 "http://www.easydrivers.at/skarabela.gross-enzersdorf/10287044?FS=B-L&channel=fullversion" "Mozilla/5.0 (iPhone; CPU iPhone OS 10_3_2 like Mac OS X) AppleWebKit/603.2.4 (KHTML, like Gecko) Version/10.0 Mobile/14F89 Safari/602.1"
178.189.222.69 - - [23/Jul/2017:07:56:40 +0200] "GET /cache/emu/images/10244928/_105_167.jpg HTTP/1.1" 200 4066 "http://www.easydrivers.at/skarabela.gross-enzersdorf/10287044?FS=B-L&channel=fullversion" "Mozilla/5.0 (iPhone; CPU iPhone OS 10_3_2 like Mac OS X) AppleWebKit/603.2.4 (KHTML, like Gecko) Version/10.0 Mobile/14F89 Safari/602.1"
178.189.222.69 - - [23/Jul/2017:07:56:40 +0200] "GET /cache/emu/images/10288799/_125_167.jpg HTTP/1.1" 200 5142 "http://www.easydrivers.at/skarabela.gross-enzersdorf/10287044?FS=B-L&channel=fullversion" "Mozilla/5.0 (iPhone; CPU iPhone OS 10_3_2 like Mac OS X) AppleWebKit/603.2.4 (KHTML, like Gecko) Version/10.0 Mobile/14F89 Safari/602.1"
178.189.222.69 - - [23/Jul/2017:07:56:40 +0200] "GET /cache/emu/images/10244944/_125_167.jpg HTTP/1.1" 200 4766 "http://www.easydrivers.at/skarabela.gross-enzersdorf/10287044?FS=B-L&channel=fullversion" "Mozilla/5.0 (iPhone; CPU iPhone OS 10_3_2 like Mac OS X) AppleWebKit/603.2.4 (KHTML, like Gecko) Version/10.0 Mobile/14F89 Safari/602.1"
178.189.222.69 - - [23/Jul/2017:07:56:40 +0200] "GET /cache/emu/images/10244801/_127_167.jpg HTTP/1.1" 200 4446 "http://www.easydrivers.at/skarabela.gross-enzersdorf/10287044?FS=B-L&channel=fullversion" "Mozilla/5.0 (iPhone; CPU iPhone OS 10_3_2 like Mac OS X) AppleWebKit/603.2.4 (KHTML, like Gecko) Version/10.0 Mobile/14F89 Safari/602.1"
178.189.222.69 - - [23/Jul/2017:07:56:40 +0200] "GET /cache/emu/images/10244946/_111_167.jpg HTTP/1.1" 200 3694 "http://www.easydrivers.at/skarabela.gross-enzersdorf/10287044?FS=B-L&channel=fullversion" "Mozilla/5.0 (iPhone; CPU iPhone OS 10_3_2 like Mac OS X) AppleWebKit/603.2.4 (KHTML, like Gecko) Version/10.0 Mobile/14F89 Safari/602.1"
178.189.222.69 - - [23/Jul/2017:07:56:40 +0200] "GET /img/submit-button.png HTTP/1.1" 200 1958 "http://www.easydrivers.at/skarabela.gross-enzersdorf/10287044?FS=B-L&channel=fullversion" "Mozilla/5.0 (iPhone; CPU iPhone OS 10_3_2 like Mac OS X) AppleWebKit/603.2.4 (KHTML, like Gecko) Version/10.0 Mobile/14F89 Safari/602.1"
178.189.222.69 - - [23/Jul/2017:07:56:40 +0200] "GET /cache/emu/images/10288800/_125_167.jpg HTTP/1.1" 200 4843 "http://www.easydrivers.at/skarabela.gross-enzersdorf/10287044?FS=B-L&channel=fullversion" "Mozilla/5.0 (iPhone; CPU iPhone OS 10_3_2 like Mac OS X) AppleWebKit/603.2.4 (KHTML, like Gecko) Version/10.0 Mobile/14F89 Safari/602.1"
178.189.222.69 - - [23/Jul/2017:07:56:40 +0200] "GET /img/schweiz-icon.png HTTP/1.1" 200 1504 "http://www.easydrivers.at/skarabela.gross-enzersdorf/10287044?FS=B-L&channel=fullversion" "Mozilla/5.0 (iPhone; CPU iPhone OS 10_3_2 like Mac OS X) AppleWebKit/603.2.4 (KHTML, like Gecko) Version/10.0 Mobile/14F89 Safari/602.1"
178.189.222.69 - - [23/Jul/2017:07:56:40 +0200] "GET /img/bg-header.jpg HTTP/1.1" 200 38680 "http://www.easydrivers.at/skarabela.gross-enzersdorf/10287044?FS=B-L&channel=fullversion" "Mozilla/5.0 (iPhone; CPU iPhone OS 10_3_2 like Mac OS X) AppleWebKit/603.2.4 (KHTML, like Gecko) Version/10.0 Mobile/14F89 Safari/602.1"
178.189.222.69 - - [23/Jul/2017:07:56:40 +0200] "GET /img/ED_Logo.png HTTP/1.1" 200 3385 "http://www.easydrivers.at/skarabela.gross-enzersdorf/10287044?FS=B-L&channel=fullversion" "Mozilla/5.0 (iPhone; CPU iPhone OS 10_3_2 like Mac OS X) AppleWebKit/603.2.4 (KHTML, like Gecko) Version/10.0 Mobile/14F89 Safari/602.1"
178.189.222.69 - - [23/Jul/2017:07:56:40 +0200] "GET /img/top-image-overlay.png HTTP/1.1" 200 20650 "http://www.easydrivers.at/skarabela.gross-enzersdorf/10287044?FS=B-L&channel=fullversion" "Mozilla/5.0 (iPhone; CPU iPhone OS 10_3_2 like Mac OS X) AppleWebKit/603.2.4 (KHTML, like Gecko) Version/10.0 Mobile/14F89 Safari/602.1"
178.189.222.69 - - [23/Jul/2017:07:56:40 +0200] "GET /img/purple-dots-horizontal.png HTTP/1.1" 200 977 "http://www.easydrivers.at/skarabela.gross-enzersdorf/10287044?FS=B-L&channel=fullversion" "Mozilla/5.0 (iPhone; CPU iPhone OS 10_3_2 like Mac OS X) AppleWebKit/603.2.4 (KHTML, like Gecko) Version/10.0 Mobile/14F89 Safari/602.1"
178.189.222.69 - - [23/Jul/2017:07:56:40 +0200] "GET /img/bg-top-section.jpg HTTP/1.1" 200 82172 "http://www.easydrivers.at/skarabela.gross-enzersdorf/10287044?FS=B-L&channel=fullversion" "Mozilla/5.0 (iPhone; CPU iPhone OS 10_3_2 like Mac OS X) AppleWebKit/603.2.4 (KHTML, like Gecko) Version/10.0 Mobile/14F89 Safari/602.1"
178.189.222.69 - - [23/Jul/2017:07:56:40 +0200] "GET /img/arrow-left.png HTTP/1.1" 200 1015 "http://www.easydrivers.at/skarabela.gross-enzersdorf/10287044?FS=B-L&channel=fullversion" "Mozilla/5.0 (iPhone; CPU iPhone OS 10_3_2 like Mac OS X) AppleWebKit/603.2.4 (KHTML, like Gecko) Version/10.0 Mobile/14F89 Safari/602.1"
178.189.222.69 - - [23/Jul/2017:07:56:40 +0200] "GET /img/bg-yellow.jpg HTTP/1.1" 200 2250 "http://www.easydrivers.at/skarabela.gross-enzersdorf/10287044?FS=B-L&channel=fullversion" "Mozilla/5.0 (iPhone; CPU iPhone OS 10_3_2 like Mac OS X) AppleWebKit/603.2.4 (KHTML, like Gecko) Version/10.0 Mobile/14F89 Safari/602.1"
178.189.222.69 - - [23/Jul/2017:07:56:40 +0200] "GET /img/arrow-up.png HTTP/1.1" 200 1081 "http://www.easydrivers.at/skarabela.gross-enzersdorf/10287044?FS=B-L&channel=fullversion" "Mozilla/5.0 (iPhone; CPU iPhone OS 10_3_2 like Mac OS X) AppleWebKit/603.2.4 (KHTML, like Gecko) Version/10.0 Mobile/14F89 Safari/602.1"
178.189.222.69 - - [23/Jul/2017:07:56:40 +0200] "GET /img/bg-footer.jpg HTTP/1.1" 200 31770 "http://www.easydrivers.at/skarabela.gross-enzersdorf/10287044?FS=B-L&channel=fullversion" "Mozilla/5.0 (iPhone; CPU iPhone OS 10_3_2 like Mac OS X) AppleWebKit/603.2.4 (KHTML, like Gecko) Version/10.0 Mobile/14F89 Safari/602.1"
178.189.222.69 - - [23/Jul/2017:07:56:40 +0200] "GET /img/kursicon-print-pink.png HTTP/1.1" 200 1125 "http://www.easydrivers.at/skarabela.gross-enzersdorf/10287044?FS=B-L&channel=fullversion" "Mozilla/5.0 (iPhone; CPU iPhone OS 10_3_2 like Mac OS X) AppleWebKit/603.2.4 (KHTML, like Gecko) Version/10.0 Mobile/14F89 Safari/602.1"
178.189.222.69 - - [23/Jul/2017:07:56:40 +0200] "GET /img/kursicon-download-pink.png HTTP/1.1" 200 1213 "http://www.easydrivers.at/skarabela.gross-enzersdorf/10287044?FS=B-L&channel=fullversion" "Mozilla/5.0 (iPhone; CPU iPhone OS 10_3_2 like Mac OS X) AppleWebKit/603.2.4 (KHTML, like Gecko) Version/10.0 Mobile/14F89 Safari/602.1"
178.189.222.69 - - [23/Jul/2017:07:56:40 +0200] "GET /img/kursicon-share-pink.png HTTP/1.1" 200 1277 "http://www.easydrivers.at/skarabela.gross-enzersdorf/10287044?FS=B-L&channel=fullversion" "Mozilla/5.0 (iPhone; CPU iPhone OS 10_3_2 like Mac OS X) AppleWebKit/603.2.4 (KHTML, like Gecko) Version/10.0 Mobile/14F89 Safari/602.1"
178.189.222.69 - - [23/Jul/2017:07:56:40 +0200] "GET /img/kursicon-phone-pink.png HTTP/1.1" 200 1286 "http://www.easydrivers.at/skarabela.gross-enzersdorf/10287044?FS=B-L&channel=fullversion" "Mozilla/5.0 (iPhone; CPU iPhone OS 10_3_2 like Mac OS X) AppleWebKit/603.2.4 (KHTML, like Gecko) Version/10.0 Mobile/14F89 Safari/602.1"
216.244.66.249 - - [23/Jul/2017:07:56:57 +0200] "GET /st.poelten/kurse HTTP/1.1" 200 17008 "-" "Mozilla/5.0 (compatible; DotBot/1.1; http://www.opensiteexplorer.org/dotbot, help@moz.com)"
80.254.155.43 - - [23/Jul/2017:07:57:04 +0200] "GET /fuehrerscheine/lkw/CC95 HTTP/1.1" 200 3904 "http://www.easydrivers.at/fuehrerscheine/lkw" "Mozilla/5.0 (Windows NT 6.1; WOW64; Trident/7.0; rv:11.0) like Gecko"
178.189.222.69 - - [23/Jul/2017:07:57:04 +0200] "GET /skarabela.gross-enzersdorf/10287044?FS=B-L HTTP/1.1" 200 6333 "http://www.easydrivers.at/skarabela.gross-enzersdorf/kurse" "Mozilla/5.0 (iPhone; CPU iPhone OS 10_3_2 like Mac OS X) AppleWebKit/603.2.4 (KHTML, like Gecko) Version/10.0 Mobile/14F89 Safari/602.1"
178.189.222.69 - - [23/Jul/2017:07:57:06 +0200] "GET /binaries/easy-drivers-portal/pkw1jpg.jpg HTTP/1.1" 200 88975 "http://www.easydrivers.at/skarabela.gross-enzersdorf/10287044?FS=B-L" "Mozilla/5.0 (iPhone; CPU iPhone OS 10_3_2 like Mac OS X) AppleWebKit/603.2.4 (KHTML, like Gecko) Version/10.0 Mobile/14F89 Safari/602.1"
213.163.249.231 - - [23/Jul/2017:07:57:09 +0200] "GET /ueberuns HTTP/1.1" 200 3256 "http://www.easydrivers.at/fuehrerscheine/traktor/F-Plus" "Mozilla/5.0 (Windows NT 10.0; WOW64; Trident/7.0; LCJB; rv:11.0) like Gecko"
213.163.249.231 - - [23/Jul/2017:07:57:11 +0200] "GET /css/history.css HTTP/1.1" 200 609 "http://www.easydrivers.at/ueberuns" "Mozilla/5.0 (Windows NT 10.0; WOW64; Trident/7.0; LCJB; rv:11.0) like Gecko"
213.163.249.231 - - [23/Jul/2017:07:57:11 +0200] "GET /javascript/history.js HTTP/1.1" 200 967 "http://www.easydrivers.at/ueberuns" "Mozilla/5.0 (Windows NT 10.0; WOW64; Trident/7.0; LCJB; rv:11.0) like Gecko"
213.163.249.231 - - [23/Jul/2017:07:57:11 +0200] "GET /binaries/easy-drivers-portal/edwebhistoryillu392x3922jpg.jpg HTTP/1.1" 200 32209 "http://www.easydrivers.at/ueberuns" "Mozilla/5.0 (Windows NT 10.0; WOW64; Trident/7.0; LCJB; rv:11.0) like Gecko"
213.163.249.231 - - [23/Jul/2017:07:57:11 +0200] "GET /binaries/easy-drivers-portal/edwebhistoryillu392x3923jpg.jpg HTTP/1.1" 200 54656 "http://www.easydrivers.at/ueberuns" "Mozilla/5.0 (Windows NT 10.0; WOW64; Trident/7.0; LCJB; rv:11.0) like Gecko"
213.163.249.231 - - [23/Jul/2017:07:57:11 +0200] "GET /binaries/easy-drivers-portal/edwebhistoryillu392x3924jpg.jpg HTTP/1.1" 200 35765 "http://www.easydrivers.at/ueberuns" "Mozilla/5.0 (Windows NT 10.0; WOW64; Trident/7.0; LCJB; rv:11.0) like Gecko"
213.163.249.231 - - [23/Jul/2017:07:57:11 +0200] "GET /binaries/easy-drivers-portal/edwebhistoryillu392x3925jpg.jpg HTTP/1.1" 200 31708 "http://www.easydrivers.at/ueberuns" "Mozilla/5.0 (Windows NT 10.0; WOW64; Trident/7.0; LCJB; rv:11.0) like Gecko"
213.163.249.231 - - [23/Jul/2017:07:57:11 +0200] "GET /binaries/easy-drivers-portal/edwebhistoryillu392x3926jpg.jpg HTTP/1.1" 200 41118 "http://www.easydrivers.at/ueberuns" "Mozilla/5.0 (Windows NT 10.0; WOW64; Trident/7.0; LCJB; rv:11.0) like Gecko"
213.163.249.231 - - [23/Jul/2017:07:57:12 +0200] "GET /binaries/easy-drivers-portal/edwebhistoryillu392x3928jpg.jpg HTTP/1.1" 200 38907 "http://www.easydrivers.at/ueberuns" "Mozilla/5.0 (Windows NT 10.0; WOW64; Trident/7.0; LCJB; rv:11.0) like Gecko"
213.163.249.231 - - [23/Jul/2017:07:57:11 +0200] "GET /binaries/easy-drivers-portal/edwebhistoryillu392x392radjpg.jpg HTTP/1.1" 200 124939 "http://www.easydrivers.at/ueberuns" "Mozilla/5.0 (Windows NT 10.0; WOW64; Trident/7.0; LCJB; rv:11.0) like Gecko"
213.163.249.231 - - [23/Jul/2017:07:57:12 +0200] "GET /binaries/easy-drivers-portal/edwebhistoryillu392x3929jpg.jpg HTTP/1.1" 200 31823 "http://www.easydrivers.at/ueberuns" "Mozilla/5.0 (Windows NT 10.0; WOW64; Trident/7.0; LCJB; rv:11.0) like Gecko"
213.163.249.231 - - [23/Jul/2017:07:57:12 +0200] "GET /binaries/easy-drivers-portal/edwebhistoryillu392x39211jpg.jpg HTTP/1.1" 200 36282 "http://www.easydrivers.at/ueberuns" "Mozilla/5.0 (Windows NT 10.0; WOW64; Trident/7.0; LCJB; rv:11.0) like Gecko"
213.163.249.231 - - [23/Jul/2017:07:57:12 +0200] "GET /binaries/easy-drivers-portal/edwebhistoryillu392x3927jpg.jpg HTTP/1.1" 200 71377 "http://www.easydrivers.at/ueberuns" "Mozilla/5.0 (Windows NT 10.0; WOW64; Trident/7.0; LCJB; rv:11.0) like Gecko"
213.163.249.231 - - [23/Jul/2017:07:57:13 +0200] "GET /binaries/easy-drivers-portal/edwebhistoryillu392x39210jpg.jpg HTTP/1.1" 200 19475 "http://www.easydrivers.at/ueberuns" "Mozilla/5.0 (Windows NT 10.0; WOW64; Trident/7.0; LCJB; rv:11.0) like Gecko"
213.163.249.231 - - [23/Jul/2017:07:57:13 +0200] "GET /binaries/easy-drivers-portal/edwebhistoryillu392x39220kpng.png HTTP/1.1" 200 49333 "http://www.easydrivers.at/ueberuns" "Mozilla/5.0 (Windows NT 10.0; WOW64; Trident/7.0; LCJB; rv:11.0) like Gecko"
178.189.222.69 - - [23/Jul/2017:07:57:17 +0200] "GET /skarabela.gross-enzersdorf/10287044?FS=B-L HTTP/1.1" 200 6334 "http://www.easydrivers.at/skarabela.gross-enzersdorf/kursauswahl" "Mozilla/5.0 (iPhone; CPU iPhone OS 10_3_2 like Mac OS X) AppleWebKit/603.2.4 (KHTML, like Gecko) Version/10.0 Mobile/14F89 Safari/602.1"
178.189.222.69 - - [23/Jul/2017:07:57:19 +0200] "GET /binaries/easy-drivers-portal/pkw9jpg-1.jpg HTTP/1.1" 200 68933 "http://www.easydrivers.at/skarabela.gross-enzersdorf/10287044?FS=B-L" "Mozilla/5.0 (iPhone; CPU iPhone OS 10_3_2 like Mac OS X) AppleWebKit/603.2.4 (KHTML, like Gecko) Version/10.0 Mobile/14F89 Safari/602.1"
178.189.222.69 - - [23/Jul/2017:07:57:27 +0200] "POST /skarabela.gross-enzersdorf/kursauswahl HTTP/1.1" 200 4505 "http://www.easydrivers.at/skarabela.gross-enzersdorf" "Mozilla/5.0 (iPhone; CPU iPhone OS 10_3_2 like Mac OS X) AppleWebKit/603.2.4 (KHTML, like Gecko) Version/10.0 Mobile/14F89 Safari/602.1"
178.189.222.69 - - [23/Jul/2017:07:57:30 +0200] "GET /binaries/easy-drivers-portal/motorrad5jpg.jpg HTTP/1.1" 200 84164 "http://www.easydrivers.at/skarabela.gross-enzersdorf/kursauswahl" "Mozilla/5.0 (iPhone; CPU iPhone OS 10_3_2 like Mac OS X) AppleWebKit/603.2.4 (KHTML, like Gecko) Version/10.0 Mobile/14F89 Safari/602.1"
80.254.155.43 - - [23/Jul/2017:07:57:30 +0200] "POST / HTTP/1.1" 200 4412 "http://www.easydrivers.at/fuehrerscheine/lkw/CC95" "Mozilla/5.0 (Windows NT 6.1; WOW64; Trident/7.0; rv:11.0) like Gecko"
80.254.155.43 - - [23/Jul/2017:07:57:31 +0200] "GET /javascript/homesearch.js HTTP/1.1" 200 393 "http://www.easydrivers.at/" "Mozilla/5.0 (Windows NT 6.1; WOW64; Trident/7.0; rv:11.0) like Gecko"
80.254.155.43 - - [23/Jul/2017:07:57:31 +0200] "GET /img/submit-button.png HTTP/1.1" 200 1958 "http://www.easydrivers.at/" "Mozilla/5.0 (Windows NT 6.1; WOW64; Trident/7.0; rv:11.0) like Gecko"
80.254.155.43 - - [23/Jul/2017:07:57:31 +0200] "GET /img/empty.gif HTTP/1.1" 200 43 "http://www.easydrivers.at/" "Mozilla/5.0 (Windows NT 6.1; WOW64; Trident/7.0; rv:11.0) like Gecko"
