178.115.128.204 - - [23/Jul/2017:09:02:47 +0200] "GET /moedling?gclid=Cj0KEQjwktHLBRDsx9OZr_OLocIBEiQAUFJvrB4sR7Y-FBxX8rDOfYwbjb6qOsoLHzSGvok02HgTnCAaAtM38P8HAQ HTTP/1.1" 200 2970 "android-app://com.google.android.googlequicksearchbox" "Mozilla/5.0 (Linux; Android 6.0.1; SM-G900F Build/MMB29M) AppleWebKit/537.36 (KHTML, like Gecko) Chrome/58.0.3029.83 Mobile Safari/537.36"
178.115.128.204 - - [23/Jul/2017:09:02:49 +0200] "GET /css/mobile.css HTTP/1.1" 200 2852 "http://www.easydrivers.at/moedling?gclid=Cj0KEQjwktHLBRDsx9OZr_OLocIBEiQAUFJvrB4sR7Y-FBxX8rDOfYwbjb6qOsoLHzSGvok02HgTnCAaAtM38P8HAQ" "Mozilla/5.0 (Linux; Android 6.0.1; SM-G900F Build/MMB29M) AppleWebKit/537.36 (KHTML, like Gecko) Chrome/58.0.3029.83 Mobile Safari/537.36"
178.115.128.204 - - [23/Jul/2017:09:02:50 +0200] "GET /javascript/jquery.cookie.js HTTP/1.1" 200 863 "http://www.easydrivers.at/moedling?gclid=Cj0KEQjwktHLBRDsx9OZr_OLocIBEiQAUFJvrB4sR7Y-FBxX8rDOfYwbjb6qOsoLHzSGvok02HgTnCAaAtM38P8HAQ" "Mozilla/5.0 (Linux; Android 6.0.1; SM-G900F Build/MMB29M) AppleWebKit/537.36 (KHTML, like Gecko) Chrome/58.0.3029.83 Mobile Safari/537.36"
178.115.128.204 - - [23/Jul/2017:09:02:50 +0200] "GET /javascript/jquery-1.9.1.min.js HTTP/1.1" 200 32731 "http://www.easydrivers.at/moedling?gclid=Cj0KEQjwktHLBRDsx9OZr_OLocIBEiQAUFJvrB4sR7Y-FBxX8rDOfYwbjb6qOsoLHzSGvok02HgTnCAaAtM38P8HAQ" "Mozilla/5.0 (Linux; Android 6.0.1; SM-G900F Build/MMB29M) AppleWebKit/537.36 (KHTML, like Gecko) Chrome/58.0.3029.83 Mobile Safari/537.36"
178.115.128.204 - - [23/Jul/2017:09:02:50 +0200] "GET /javascript/mobile-menu.js HTTP/1.1" 200 1634 "http://www.easydrivers.at/moedling?gclid=Cj0KEQjwktHLBRDsx9OZr_OLocIBEiQAUFJvrB4sR7Y-FBxX8rDOfYwbjb6qOsoLHzSGvok02HgTnCAaAtM38P8HAQ" "Mozilla/5.0 (Linux; Android 6.0.1; SM-G900F Build/MMB29M) AppleWebKit/537.36 (KHTML, like Gecko) Chrome/58.0.3029.83 Mobile Safari/537.36"
178.115.128.204 - - [23/Jul/2017:09:02:50 +0200] "GET /javascript/jquery.simplemodal.js HTTP/1.1" 200 3070 "http://www.easydrivers.at/moedling?gclid=Cj0KEQjwktHLBRDsx9OZr_OLocIBEiQAUFJvrB4sR7Y-FBxX8rDOfYwbjb6qOsoLHzSGvok02HgTnCAaAtM38P8HAQ" "Mozilla/5.0 (Linux; Android 6.0.1; SM-G900F Build/MMB29M) AppleWebKit/537.36 (KHTML, like Gecko) Chrome/58.0.3029.83 Mobile Safari/537.36"
178.115.128.204 - - [23/Jul/2017:09:02:50 +0200] "GET /javascript/mobile-fahrschule.js HTTP/1.1" 200 328 "http://www.easydrivers.at/moedling?gclid=Cj0KEQjwktHLBRDsx9OZr_OLocIBEiQAUFJvrB4sR7Y-FBxX8rDOfYwbjb6qOsoLHzSGvok02HgTnCAaAtM38P8HAQ" "Mozilla/5.0 (Linux; Android 6.0.1; SM-G900F Build/MMB29M) AppleWebKit/537.36 (KHTML, like Gecko) Chrome/58.0.3029.83 Mobile Safari/537.36"
178.115.128.204 - - [23/Jul/2017:09:02:50 +0200] "GET /javascript/lazyload.js HTTP/1.1" 200 1170 "http://www.easydrivers.at/moedling?gclid=Cj0KEQjwktHLBRDsx9OZr_OLocIBEiQAUFJvrB4sR7Y-FBxX8rDOfYwbjb6qOsoLHzSGvok02HgTnCAaAtM38P8HAQ" "Mozilla/5.0 (Linux; Android 6.0.1; SM-G900F Build/MMB29M) AppleWebKit/537.36 (KHTML, like Gecko) Chrome/58.0.3029.83 Mobile Safari/537.36"
178.115.128.204 - - [23/Jul/2017:09:02:50 +0200] "GET /img/mobile/easydrivers-logo-mobile.png HTTP/1.1" 200 10766 "http://www.easydrivers.at/moedling?gclid=Cj0KEQjwktHLBRDsx9OZr_OLocIBEiQAUFJvrB4sR7Y-FBxX8rDOfYwbjb6qOsoLHzSGvok02HgTnCAaAtM38P8HAQ" "Mozilla/5.0 (Linux; Android 6.0.1; SM-G900F Build/MMB29M) AppleWebKit/537.36 (KHTML, like Gecko) Chrome/58.0.3029.83 Mobile Safari/537.36"
178.115.128.204 - - [23/Jul/2017:09:02:50 +0200] "GET /img/mobile/menu-button.png HTTP/1.1" 200 1746 "http://www.easydrivers.at/moedling?gclid=Cj0KEQjwktHLBRDsx9OZr_OLocIBEiQAUFJvrB4sR7Y-FBxX8rDOfYwbjb6qOsoLHzSGvok02HgTnCAaAtM38P8HAQ" "Mozilla/5.0 (Linux; Android 6.0.1; SM-G900F Build/MMB29M) AppleWebKit/537.36 (KHTML, like Gecko) Chrome/58.0.3029.83 Mobile Safari/537.36"
178.115.128.204 - - [23/Jul/2017:09:02:50 +0200] "GET /img/mobile/close-button.png HTTP/1.1" 200 2411 "http://www.easydrivers.at/moedling?gclid=Cj0KEQjwktHLBRDsx9OZr_OLocIBEiQAUFJvrB4sR7Y-FBxX8rDOfYwbjb6qOsoLHzSGvok02HgTnCAaAtM38P8HAQ" "Mozilla/5.0 (Linux; Android 6.0.1; SM-G900F Build/MMB29M) AppleWebKit/537.36 (KHTML, like Gecko) Chrome/58.0.3029.83 Mobile Safari/537.36"
178.115.128.204 - - [23/Jul/2017:09:02:50 +0200] "GET /img/mobile/facebook-icon.png HTTP/1.1" 200 1902 "http://www.easydrivers.at/moedling?gclid=Cj0KEQjwktHLBRDsx9OZr_OLocIBEiQAUFJvrB4sR7Y-FBxX8rDOfYwbjb6qOsoLHzSGvok02HgTnCAaAtM38P8HAQ" "Mozilla/5.0 (Linux; Android 6.0.1; SM-G900F Build/MMB29M) AppleWebKit/537.36 (KHTML, like Gecko) Chrome/58.0.3029.83 Mobile Safari/537.36"
178.115.128.204 - - [23/Jul/2017:09:02:50 +0200] "GET /img/mobile/info-button.png HTTP/1.1" 200 1549 "http://www.easydrivers.at/moedling?gclid=Cj0KEQjwktHLBRDsx9OZr_OLocIBEiQAUFJvrB4sR7Y-FBxX8rDOfYwbjb6qOsoLHzSGvok02HgTnCAaAtM38P8HAQ" "Mozilla/5.0 (Linux; Android 6.0.1; SM-G900F Build/MMB29M) AppleWebKit/537.36 (KHTML, like Gecko) Chrome/58.0.3029.83 Mobile Safari/537.36"
178.115.128.204 - - [23/Jul/2017:09:02:50 +0200] "GET /img/mobile/info-close-button.png HTTP/1.1" 200 1721 "http://www.easydrivers.at/moedling?gclid=Cj0KEQjwktHLBRDsx9OZr_OLocIBEiQAUFJvrB4sR7Y-FBxX8rDOfYwbjb6qOsoLHzSGvok02HgTnCAaAtM38P8HAQ" "Mozilla/5.0 (Linux; Android 6.0.1; SM-G900F Build/MMB29M) AppleWebKit/537.36 (KHTML, like Gecko) Chrome/58.0.3029.83 Mobile Safari/537.36"
178.115.128.204 - - [23/Jul/2017:09:02:50 +0200] "GET /img/mobile/bg-menu.jpg HTTP/1.1" 200 1698 "http://www.easydrivers.at/css/mobile.css" "Mozilla/5.0 (Linux; Android 6.0.1; SM-G900F Build/MMB29M) AppleWebKit/537.36 (KHTML, like Gecko) Chrome/58.0.3029.83 Mobile Safari/537.36"
178.115.128.204 - - [23/Jul/2017:09:02:51 +0200] "GET /img/mobile/bg-top-section.jpg HTTP/1.1" 200 21711 "http://www.easydrivers.at/css/mobile.css" "Mozilla/5.0 (Linux; Android 6.0.1; SM-G900F Build/MMB29M) AppleWebKit/537.36 (KHTML, like Gecko) Chrome/58.0.3029.83 Mobile Safari/537.36"
178.115.128.204 - - [23/Jul/2017:09:02:51 +0200] "GET /img/mobile/widget-icon-app.png HTTP/1.1" 200 3458 "http://www.easydrivers.at/moedling?gclid=Cj0KEQjwktHLBRDsx9OZr_OLocIBEiQAUFJvrB4sR7Y-FBxX8rDOfYwbjb6qOsoLHzSGvok02HgTnCAaAtM38P8HAQ" "Mozilla/5.0 (Linux; Android 6.0.1; SM-G900F Build/MMB29M) AppleWebKit/537.36 (KHTML, like Gecko) Chrome/58.0.3029.83 Mobile Safari/537.36"
178.115.128.204 - - [23/Jul/2017:09:02:51 +0200] "GET /img/mobile/bg-header.jpg HTTP/1.1" 200 19741 "http://www.easydrivers.at/css/mobile.css" "Mozilla/5.0 (Linux; Android 6.0.1; SM-G900F Build/MMB29M) AppleWebKit/537.36 (KHTML, like Gecko) Chrome/58.0.3029.83 Mobile Safari/537.36"
178.115.128.204 - - [23/Jul/2017:09:02:51 +0200] "GET /img/mobile/pfeil-rechts.png HTTP/1.1" 200 1228 "http://www.easydrivers.at/css/mobile.css" "Mozilla/5.0 (Linux; Android 6.0.1; SM-G900F Build/MMB29M) AppleWebKit/537.36 (KHTML, like Gecko) Chrome/58.0.3029.83 Mobile Safari/537.36"
178.115.128.204 - - [23/Jul/2017:09:02:51 +0200] "GET /img/smallicon-person.png HTTP/1.1" 200 1141 "http://www.easydrivers.at/moedling?gclid=Cj0KEQjwktHLBRDsx9OZr_OLocIBEiQAUFJvrB4sR7Y-FBxX8rDOfYwbjb6qOsoLHzSGvok02HgTnCAaAtM38P8HAQ" "Mozilla/5.0 (Linux; Android 6.0.1; SM-G900F Build/MMB29M) AppleWebKit/537.36 (KHTML, like Gecko) Chrome/58.0.3029.83 Mobile Safari/537.36"
178.115.128.204 - - [23/Jul/2017:09:02:51 +0200] "GET /img/smallicon-address.png HTTP/1.1" 200 1211 "http://www.easydrivers.at/moedling?gclid=Cj0KEQjwktHLBRDsx9OZr_OLocIBEiQAUFJvrB4sR7Y-FBxX8rDOfYwbjb6qOsoLHzSGvok02HgTnCAaAtM38P8HAQ" "Mozilla/5.0 (Linux; Android 6.0.1; SM-G900F Build/MMB29M) AppleWebKit/537.36 (KHTML, like Gecko) Chrome/58.0.3029.83 Mobile Safari/537.36"
178.115.128.204 - - [23/Jul/2017:09:02:51 +0200] "GET /img/mobile/googlemaps-pin.png HTTP/1.1" 200 1597 "http://www.easydrivers.at/moedling?gclid=Cj0KEQjwktHLBRDsx9OZr_OLocIBEiQAUFJvrB4sR7Y-FBxX8rDOfYwbjb6qOsoLHzSGvok02HgTnCAaAtM38P8HAQ" "Mozilla/5.0 (Linux; Android 6.0.1; SM-G900F Build/MMB29M) AppleWebKit/537.36 (KHTML, like Gecko) Chrome/58.0.3029.83 Mobile Safari/537.36"
178.115.128.204 - - [23/Jul/2017:09:02:51 +0200] "GET /img/smallicon-time.png HTTP/1.1" 200 1262 "http://www.easydrivers.at/moedling?gclid=Cj0KEQjwktHLBRDsx9OZr_OLocIBEiQAUFJvrB4sR7Y-FBxX8rDOfYwbjb6qOsoLHzSGvok02HgTnCAaAtM38P8HAQ" "Mozilla/5.0 (Linux; Android 6.0.1; SM-G900F Build/MMB29M) AppleWebKit/537.36 (KHTML, like Gecko) Chrome/58.0.3029.83 Mobile Safari/537.36"
178.115.128.204 - - [23/Jul/2017:09:02:51 +0200] "GET /img/smallicon-phone.png HTTP/1.1" 200 3056 "http://www.easydrivers.at/moedling?gclid=Cj0KEQjwktHLBRDsx9OZr_OLocIBEiQAUFJvrB4sR7Y-FBxX8rDOfYwbjb6qOsoLHzSGvok02HgTnCAaAtM38P8HAQ" "Mozilla/5.0 (Linux; Android 6.0.1; SM-G900F Build/MMB29M) AppleWebKit/537.36 (KHTML, like Gecko) Chrome/58.0.3029.83 Mobile Safari/537.36"
178.115.128.204 - - [23/Jul/2017:09:02:51 +0200] "GET /img/smallicon-mail.png HTTP/1.1" 200 1341 "http://www.easydrivers.at/moedling?gclid=Cj0KEQjwktHLBRDsx9OZr_OLocIBEiQAUFJvrB4sR7Y-FBxX8rDOfYwbjb6qOsoLHzSGvok02HgTnCAaAtM38P8HAQ" "Mozilla/5.0 (Linux; Android 6.0.1; SM-G900F Build/MMB29M) AppleWebKit/537.36 (KHTML, like Gecko) Chrome/58.0.3029.83 Mobile Safari/537.36"
178.115.128.204 - - [23/Jul/2017:09:02:51 +0200] "GET /img/favicon.ico HTTP/1.1" 404 300 "http://www.easydrivers.at/moedling?gclid=Cj0KEQjwktHLBRDsx9OZr_OLocIBEiQAUFJvrB4sR7Y-FBxX8rDOfYwbjb6qOsoLHzSGvok02HgTnCAaAtM38P8HAQ" "Mozilla/5.0 (Linux; Android 6.0.1; SM-G900F Build/MMB29M) AppleWebKit/537.36 (KHTML, like Gecko) Chrome/58.0.3029.83 Mobile Safari/537.36"
64.62.252.163 - - [23/Jul/2017:09:03:03 +0200] "GET /linz HTTP/1.1" 200 3379 "-" "BUbiNG (+http://law.di.unimi.it/BUbiNG.html)"
178.115.128.204 - - [23/Jul/2017:09:03:12 +0200] "POST /moedling/kursauswahl HTTP/1.1" 200 2870 "http://www.easydrivers.at/moedling?gclid=Cj0KEQjwktHLBRDsx9OZr_OLocIBEiQAUFJvrB4sR7Y-FBxX8rDOfYwbjb6qOsoLHzSGvok02HgTnCAaAtM38P8HAQ" "Mozilla/5.0 (Linux; Android 6.0.1; SM-G900F Build/MMB29M) AppleWebKit/537.36 (KHTML, like Gecko) Chrome/58.0.3029.83 Mobile Safari/537.36"
178.115.128.204 - - [23/Jul/2017:09:03:15 +0200] "POST /moedling/kursauswahl HTTP/1.1" 200 2870 "http://www.easydrivers.at/moedling?gclid=Cj0KEQjwktHLBRDsx9OZr_OLocIBEiQAUFJvrB4sR7Y-FBxX8rDOfYwbjb6qOsoLHzSGvok02HgTnCAaAtM38P8HAQ" "Mozilla/5.0 (Linux; Android 6.0.1; SM-G900F Build/MMB29M) AppleWebKit/537.36 (KHTML, like Gecko) Chrome/58.0.3029.83 Mobile Safari/537.36"
178.115.128.204 - - [23/Jul/2017:09:03:16 +0200] "POST /moedling/kursauswahl HTTP/1.1" 200 2870 "http://www.easydrivers.at/moedling?gclid=Cj0KEQjwktHLBRDsx9OZr_OLocIBEiQAUFJvrB4sR7Y-FBxX8rDOfYwbjb6qOsoLHzSGvok02HgTnCAaAtM38P8HAQ" "Mozilla/5.0 (Linux; Android 6.0.1; SM-G900F Build/MMB29M) AppleWebKit/537.36 (KHTML, like Gecko) Chrome/58.0.3029.83 Mobile Safari/537.36"
178.115.128.204 - - [23/Jul/2017:09:03:19 +0200] "GET /javascript/mobile-fahrschule-kurs-suchergebnis.js HTTP/1.1" 200 274 "http://www.easydrivers.at/moedling/kursauswahl" "Mozilla/5.0 (Linux; Android 6.0.1; SM-G900F Build/MMB29M) AppleWebKit/537.36 (KHTML, like Gecko) Chrome/58.0.3029.83 Mobile Safari/537.36"
178.115.128.204 - - [23/Jul/2017:09:03:19 +0200] "GET /img/mobile/pfeil-links-small.png HTTP/1.1" 200 1065 "http://www.easydrivers.at/css/mobile.css" "Mozilla/5.0 (Linux; Android 6.0.1; SM-G900F Build/MMB29M) AppleWebKit/537.36 (KHTML, like Gecko) Chrome/58.0.3029.83 Mobile Safari/537.36"
178.115.128.204 - - [23/Jul/2017:09:03:19 +0200] "GET /img/mobile/bg-yellow.jpg HTTP/1.1" 200 1569 "http://www.easydrivers.at/css/mobile.css" "Mozilla/5.0 (Linux; Android 6.0.1; SM-G900F Build/MMB29M) AppleWebKit/537.36 (KHTML, like Gecko) Chrome/58.0.3029.83 Mobile Safari/537.36"
178.115.128.204 - - [23/Jul/2017:09:03:19 +0200] "GET /img/loading-bars.gif HTTP/1.1" 200 3951 "http://www.easydrivers.at/css/mobile.css" "Mozilla/5.0 (Linux; Android 6.0.1; SM-G900F Build/MMB29M) AppleWebKit/537.36 (KHTML, like Gecko) Chrome/58.0.3029.83 Mobile Safari/537.36"
64.62.252.163 - - [23/Jul/2017:09:03:20 +0200] "GET /leonding HTTP/1.1" 200 3479 "-" "BUbiNG (+http://law.di.unimi.it/BUbiNG.html)"
64.62.252.163 - - [23/Jul/2017:09:03:37 +0200] "GET /schwertberg HTTP/1.1" 404 2655 "-" "BUbiNG (+http://law.di.unimi.it/BUbiNG.html)"
178.115.128.204 - - [23/Jul/2017:09:03:39 +0200] "POST /loadkursliste HTTP/1.1" 200 437 "http://www.easydrivers.at/moedling/kursauswahl" "Mozilla/5.0 (Linux; Android 6.0.1; SM-G900F Build/MMB29M) AppleWebKit/537.36 (KHTML, like Gecko) Chrome/58.0.3029.83 Mobile Safari/537.36"
178.115.128.204 - - [23/Jul/2017:09:03:44 +0200] "POST /loadkursliste HTTP/1.1" 200 387 "http://www.easydrivers.at/moedling/kursauswahl" "Mozilla/5.0 (Linux; Android 6.0.1; SM-G900F Build/MMB29M) AppleWebKit/537.36 (KHTML, like Gecko) Chrome/58.0.3029.83 Mobile Safari/537.36"
64.62.252.163 - - [23/Jul/2017:09:03:54 +0200] "GET /enns HTTP/1.1" 200 3576 "-" "BUbiNG (+http://law.di.unimi.it/BUbiNG.html)"
178.115.128.204 - - [23/Jul/2017:09:04:01 +0200] "GET /moedling?gclid=Cj0KEQjwktHLBRDsx9OZr_OLocIBEiQAUFJvrB4sR7Y-FBxX8rDOfYwbjb6qOsoLHzSGvok02HgTnCAaAtM38P8HAQ HTTP/1.1" 200 2970 "android-app://com.google.android.googlequicksearchbox" "Mozilla/5.0 (Linux; Android 6.0.1; SM-G900F Build/MMB29M) AppleWebKit/537.36 (KHTML, like Gecko) Chrome/58.0.3029.83 Mobile Safari/537.36"
178.189.45.108 - - [23/Jul/2017:09:04:09 +0200] "GET /krems?gclid=COzVkZG9ztQCFSMW0wodCnAORw HTTP/1.1" 200 3773 "-" "Mozilla/5.0 (Windows NT 6.3) AppleWebKit/537.36 (KHTML, like Gecko) Chrome/59.0.3071.115 Safari/537.36"
178.189.45.108 - - [23/Jul/2017:09:04:11 +0200] "GET /css/style.css HTTP/1.1" 200 5004 "http://www.easydrivers.at/krems?gclid=COzVkZG9ztQCFSMW0wodCnAORw" "Mozilla/5.0 (Windows NT 6.3) AppleWebKit/537.36 (KHTML, like Gecko) Chrome/59.0.3071.115 Safari/537.36"
178.189.45.108 - - [23/Jul/2017:09:04:11 +0200] "GET /javascript/jquery.customSelect.min.js HTTP/1.1" 200 912 "http://www.easydrivers.at/krems?gclid=COzVkZG9ztQCFSMW0wodCnAORw" "Mozilla/5.0 (Windows NT 6.3) AppleWebKit/537.36 (KHTML, like Gecko) Chrome/59.0.3071.115 Safari/537.36"
178.189.45.108 - - [23/Jul/2017:09:04:11 +0200] "GET /javascript/jquery.simplemodal.js HTTP/1.1" 200 3070 "http://www.easydrivers.at/krems?gclid=COzVkZG9ztQCFSMW0wodCnAORw" "Mozilla/5.0 (Windows NT 6.3) AppleWebKit/537.36 (KHTML, like Gecko) Chrome/59.0.3071.115 Safari/537.36"
178.189.45.108 - - [23/Jul/2017:09:04:11 +0200] "GET /javascript/jquery.cookie.js HTTP/1.1" 200 863 "http://www.easydrivers.at/krems?gclid=COzVkZG9ztQCFSMW0wodCnAORw" "Mozilla/5.0 (Windows NT 6.3) AppleWebKit/537.36 (KHTML, like Gecko) Chrome/59.0.3071.115 Safari/537.36"
178.189.45.108 - - [23/Jul/2017:09:04:11 +0200] "GET /javascript/portal.js?1221842734 HTTP/1.1" 200 3529 "http://www.easydrivers.at/krems?gclid=COzVkZG9ztQCFSMW0wodCnAORw" "Mozilla/5.0 (Windows NT 6.3) AppleWebKit/537.36 (KHTML, like Gecko) Chrome/59.0.3071.115 Safari/537.36"
178.189.45.108 - - [23/Jul/2017:09:04:12 +0200] "GET /javascript/fahrschule.js HTTP/1.1" 200 462 "http://www.easydrivers.at/krems?gclid=COzVkZG9ztQCFSMW0wodCnAORw" "Mozilla/5.0 (Windows NT 6.3) AppleWebKit/537.36 (KHTML, like Gecko) Chrome/59.0.3071.115 Safari/537.36"
178.189.45.108 - - [23/Jul/2017:09:04:12 +0200] "GET /javascript/lazyload.js HTTP/1.1" 200 1170 "http://www.easydrivers.at/krems?gclid=COzVkZG9ztQCFSMW0wodCnAORw" "Mozilla/5.0 (Windows NT 6.3) AppleWebKit/537.36 (KHTML, like Gecko) Chrome/59.0.3071.115 Safari/537.36"
178.189.45.108 - - [23/Jul/2017:09:04:12 +0200] "GET /img/close-button.png HTTP/1.1" 200 2237 "http://www.easydrivers.at/krems?gclid=COzVkZG9ztQCFSMW0wodCnAORw" "Mozilla/5.0 (Windows NT 6.3) AppleWebKit/537.36 (KHTML, like Gecko) Chrome/59.0.3071.115 Safari/537.36"
178.189.45.108 - - [23/Jul/2017:09:04:12 +0200] "GET /img/facebook-icon.png HTTP/1.1" 200 1506 "http://www.easydrivers.at/krems?gclid=COzVkZG9ztQCFSMW0wodCnAORw" "Mozilla/5.0 (Windows NT 6.3) AppleWebKit/537.36 (KHTML, like Gecko) Chrome/59.0.3071.115 Safari/537.36"
178.189.45.108 - - [23/Jul/2017:09:04:12 +0200] "GET /img/info-button.png HTTP/1.1" 200 738 "http://www.easydrivers.at/krems?gclid=COzVkZG9ztQCFSMW0wodCnAORw" "Mozilla/5.0 (Windows NT 6.3) AppleWebKit/537.36 (KHTML, like Gecko) Chrome/59.0.3071.115 Safari/537.36"
178.189.45.108 - - [23/Jul/2017:09:04:12 +0200] "GET /img/locator-icon.png HTTP/1.1" 200 1377 "http://www.easydrivers.at/krems?gclid=COzVkZG9ztQCFSMW0wodCnAORw" "Mozilla/5.0 (Windows NT 6.3) AppleWebKit/537.36 (KHTML, like Gecko) Chrome/59.0.3071.115 Safari/537.36"
178.189.45.108 - - [23/Jul/2017:09:04:12 +0200] "GET /img/close-button-small.png HTTP/1.1" 200 1671 "http://www.easydrivers.at/krems?gclid=COzVkZG9ztQCFSMW0wodCnAORw" "Mozilla/5.0 (Windows NT 6.3) AppleWebKit/537.36 (KHTML, like Gecko) Chrome/59.0.3071.115 Safari/537.36"
178.189.45.108 - - [23/Jul/2017:09:04:12 +0200] "GET /img/purple-dots-horizontal.png HTTP/1.1" 200 977 "http://www.easydrivers.at/css/style.css" "Mozilla/5.0 (Windows NT 6.3) AppleWebKit/537.36 (KHTML, like Gecko) Chrome/59.0.3071.115 Safari/537.36"
178.189.45.108 - - [23/Jul/2017:09:04:12 +0200] "GET /img/submit-button.png HTTP/1.1" 200 1958 "http://www.easydrivers.at/krems?gclid=COzVkZG9ztQCFSMW0wodCnAORw" "Mozilla/5.0 (Windows NT 6.3) AppleWebKit/537.36 (KHTML, like Gecko) Chrome/59.0.3071.115 Safari/537.36"
178.189.45.108 - - [23/Jul/2017:09:04:12 +0200] "GET /img/ED_Logo.png HTTP/1.1" 200 3385 "http://www.easydrivers.at/css/style.css" "Mozilla/5.0 (Windows NT 6.3) AppleWebKit/537.36 (KHTML, like Gecko) Chrome/59.0.3071.115 Safari/537.36"
178.189.45.108 - - [23/Jul/2017:09:04:12 +0200] "GET /img/bg-header.jpg HTTP/1.1" 200 38680 "http://www.easydrivers.at/css/style.css" "Mozilla/5.0 (Windows NT 6.3) AppleWebKit/537.36 (KHTML, like Gecko) Chrome/59.0.3071.115 Safari/537.36"
178.189.45.108 - - [23/Jul/2017:09:04:12 +0200] "GET /img/bg-top-section.jpg HTTP/1.1" 200 82172 "http://www.easydrivers.at/css/style.css" "Mozilla/5.0 (Windows NT 6.3) AppleWebKit/537.36 (KHTML, like Gecko) Chrome/59.0.3071.115 Safari/537.36"
178.189.45.108 - - [23/Jul/2017:09:04:12 +0200] "GET /cache/emu/images/easy-drivers-portal10244077/aktionjpg_160_90_0.jpg HTTP/1.1" 200 3346 "http://www.easydrivers.at/krems?gclid=COzVkZG9ztQCFSMW0wodCnAORw" "Mozilla/5.0 (Windows NT 6.3) AppleWebKit/537.36 (KHTML, like Gecko) Chrome/59.0.3071.115 Safari/537.36"
178.189.45.108 - - [23/Jul/2017:09:04:12 +0200] "GET /img/empty.gif HTTP/1.1" 200 43 "http://www.easydrivers.at/krems?gclid=COzVkZG9ztQCFSMW0wodCnAORw" "Mozilla/5.0 (Windows NT 6.3) AppleWebKit/537.36 (KHTML, like Gecko) Chrome/59.0.3071.115 Safari/537.36"
64.62.252.163 - - [23/Jul/2017:09:04:11 +0200] "GET /steyr HTTP/1.1" 200 3785 "-" "BUbiNG (+http://law.di.unimi.it/BUbiNG.html)"
178.189.45.108 - - [23/Jul/2017:09:04:13 +0200] "GET /img/yellow-dots-vertical.png HTTP/1.1" 200 981 "http://www.easydrivers.at/css/style.css" "Mozilla/5.0 (Windows NT 6.3) AppleWebKit/537.36 (KHTML, like Gecko) Chrome/59.0.3071.115 Safari/537.36"
178.189.45.108 - - [23/Jul/2017:09:04:13 +0200] "GET /binaries/easy-drivers-portal/fuehrerscheina-aktion163png.png HTTP/1.1" 200 7708 "http://www.easydrivers.at/krems?gclid=COzVkZG9ztQCFSMW0wodCnAORw" "Mozilla/5.0 (Windows NT 6.3) AppleWebKit/537.36 (KHTML, like Gecko) Chrome/59.0.3071.115 Safari/537.36"
178.189.45.108 - - [23/Jul/2017:09:04:13 +0200] "GET /binaries/easy-drivers-portal/widget-icon-trainingpng.png HTTP/1.1" 200 2662 "http://www.easydrivers.at/krems?gclid=COzVkZG9ztQCFSMW0wodCnAORw" "Mozilla/5.0 (Windows NT 6.3) AppleWebKit/537.36 (KHTML, like Gecko) Chrome/59.0.3071.115 Safari/537.36"
178.189.45.108 - - [23/Jul/2017:09:04:13 +0200] "GET /binaries/easy-drivers-portal/widgetfrequencypng-1.png HTTP/1.1" 200 34655 "http://www.easydrivers.at/krems?gclid=COzVkZG9ztQCFSMW0wodCnAORw" "Mozilla/5.0 (Windows NT 6.3) AppleWebKit/537.36 (KHTML, like Gecko) Chrome/59.0.3071.115 Safari/537.36"
178.189.45.108 - - [23/Jul/2017:09:04:13 +0200] "GET /img/schweiz-icon.png HTTP/1.1" 200 1504 "http://www.easydrivers.at/krems?gclid=COzVkZG9ztQCFSMW0wodCnAORw" "Mozilla/5.0 (Windows NT 6.3) AppleWebKit/537.36 (KHTML, like Gecko) Chrome/59.0.3071.115 Safari/537.36"
178.189.45.108 - - [23/Jul/2017:09:04:13 +0200] "GET /img/bg-footer.jpg HTTP/1.1" 200 31770 "http://www.easydrivers.at/css/style.css" "Mozilla/5.0 (Windows NT 6.3) AppleWebKit/537.36 (KHTML, like Gecko) Chrome/59.0.3071.115 Safari/537.36"
178.189.45.108 - - [23/Jul/2017:09:04:13 +0200] "GET /css/print.css HTTP/1.1" 200 967 "http://www.easydrivers.at/krems?gclid=COzVkZG9ztQCFSMW0wodCnAORw" "Mozilla/5.0 (Windows NT 6.3) AppleWebKit/537.36 (KHTML, like Gecko) Chrome/59.0.3071.115 Safari/537.36"
178.189.45.108 - - [23/Jul/2017:09:04:13 +0200] "GET /img/kursicon-print-pink.png HTTP/1.1" 200 1125 "http://www.easydrivers.at/krems?gclid=COzVkZG9ztQCFSMW0wodCnAORw" "Mozilla/5.0 (Windows NT 6.3) AppleWebKit/537.36 (KHTML, like Gecko) Chrome/59.0.3071.115 Safari/537.36"
178.189.45.108 - - [23/Jul/2017:09:04:13 +0200] "GET /img/kursicon-download-pink.png HTTP/1.1" 200 1213 "http://www.easydrivers.at/krems?gclid=COzVkZG9ztQCFSMW0wodCnAORw" "Mozilla/5.0 (Windows NT 6.3) AppleWebKit/537.36 (KHTML, like Gecko) Chrome/59.0.3071.115 Safari/537.36"
178.189.45.108 - - [23/Jul/2017:09:04:13 +0200] "GET /img/kursicon-share-pink.png HTTP/1.1" 200 1277 "http://www.easydrivers.at/krems?gclid=COzVkZG9ztQCFSMW0wodCnAORw" "Mozilla/5.0 (Windows NT 6.3) AppleWebKit/537.36 (KHTML, like Gecko) Chrome/59.0.3071.115 Safari/537.36"
178.189.45.108 - - [23/Jul/2017:09:04:13 +0200] "GET /img/kursicon-phone-pink.png HTTP/1.1" 200 1286 "http://www.easydrivers.at/krems?gclid=COzVkZG9ztQCFSMW0wodCnAORw" "Mozilla/5.0 (Windows NT 6.3) AppleWebKit/537.36 (KHTML, like Gecko) Chrome/59.0.3071.115 Safari/537.36"
64.62.252.163 - - [23/Jul/2017:09:04:28 +0200] "GET /mariazell.pankl HTTP/1.1" 404 2655 "-" "BUbiNG (+http://law.di.unimi.it/BUbiNG.html)"
64.62.252.163 - - [23/Jul/2017:09:04:45 +0200] "GET /leoben.pankl HTTP/1.1" 404 2655 "-" "BUbiNG (+http://law.di.unimi.it/BUbiNG.html)"
64.62.252.163 - - [23/Jul/2017:09:05:01 +0200] "GET /kapfenberg.pankl HTTP/1.1" 200 3704 "-" "BUbiNG (+http://law.di.unimi.it/BUbiNG.html)"
178.165.130.100 - - [23/Jul/2017:09:05:15 +0200] "GET /kapfenberg.pankl HTTP/1.1" 200 2994 "http://m.facebook.com/" "Mozilla/5.0 (Linux; Android 7.0; SM-G930F Build/NRD90M; wv) AppleWebKit/537.36 (KHTML, like Gecko) Version/4.0 Chrome/59.0.3071.125 Mobile Safari/537.36 [FB_IAB/FB4A;FBAV/133.0.0.19.83;]"
64.62.252.163 - - [23/Jul/2017:09:05:19 +0200] "GET /friedberg HTTP/1.1" 404 2655 "-" "BUbiNG (+http://law.di.unimi.it/BUbiNG.html)"
64.62.252.163 - - [23/Jul/2017:09:05:35 +0200] "GET /ennstal.bad.aussee HTTP/1.1" 200 3630 "-" "BUbiNG (+http://law.di.unimi.it/BUbiNG.html)"
69.171.225.32 - - [23/Jul/2017:09:05:44 +0200] "GET /neunkirchen/Bilder_Galerie/galerien/nk_frueh_b2011.jpg HTTP/1.1" 404 3508 "-" "facebookexternalhit/1.1 (+http://www.facebook.com/externalhit_uatext.php)"
69.63.188.101 - - [23/Jul/2017:09:05:48 +0200] "GET /neunkirchen/Bilder_Galerie/galerien/nk_frueh_b2011.jpg HTTP/1.1" 404 3508 "-" "facebookexternalhit/1.1 (+http://www.facebook.com/externalhit_uatext.php)"
64.62.252.163 - - [23/Jul/2017:09:05:52 +0200] "GET /ennstal.schladming HTTP/1.1" 200 3622 "-" "BUbiNG (+http://law.di.unimi.it/BUbiNG.html)"
80.110.126.161 - - [23/Jul/2017:09:05:52 +0200] "GET /neunkirchen HTTP/1.1" 200 2963 "http://m.facebook.com/" "Mozilla/5.0 (Linux; Android 6.0.1; SM-N910F Build/MMB29M; wv) AppleWebKit/537.36 (KHTML, like Gecko) Version/4.0 Chrome/59.0.3071.125 Mobile Safari/537.36 [FB_IAB/FB4A;FBAV/133.0.0.19.83;]"
80.89.101.217 - - [23/Jul/2017:09:05:59 +0200] "GET / HTTP/1.1" 200 4406 "-" "Mozilla/5.0 (Windows NT 6.1; Win64; x64) AppleWebKit/537.36 (KHTML, like Gecko) Chrome/59.0.3071.115 Safari/537.36"
64.62.252.163 - - [23/Jul/2017:09:06:10 +0200] "GET /ennstal.liezen HTTP/1.1" 404 2655 "-" "BUbiNG (+http://law.di.unimi.it/BUbiNG.html)"
70.138.201.1 - - [23/Jul/2017:09:06:22 +0200] "GET / HTTP/1.1" 200 15953 "-" "Java/1.8.0_131"
70.138.201.1 - - [23/Jul/2017:09:06:24 +0200] "GET /am.spitz HTTP/1.1" 200 11855 "-" "Java/1.8.0_131"
64.62.252.163 - - [23/Jul/2017:09:06:25 +0200] "GET /hartberg HTTP/1.1" 200 3678 "-" "BUbiNG (+http://law.di.unimi.it/BUbiNG.html)"
70.138.201.1 - - [23/Jul/2017:09:06:28 +0200] "GET /bad.voeslau HTTP/1.1" 200 12333 "-" "Java/1.8.0_131"
194.208.56.109 - - [23/Jul/2017:09:06:32 +0200] "GET / HTTP/1.1" 301 293 "-" "Mozilla/5.0 (Windows NT 10.0; WOW64; rv:54.0) Gecko/20100101 Firefox/54.0"
70.138.201.1 - - [23/Jul/2017:09:06:31 +0200] "GET /bruck.leitha HTTP/1.1" 200 11420 "-" "Java/1.8.0_131"
194.208.56.109 - - [23/Jul/2017:09:06:32 +0200] "GET / HTTP/1.1" 200 4406 "-" "Mozilla/5.0 (Windows NT 10.0; WOW64; rv:54.0) Gecko/20100101 Firefox/54.0"
194.208.56.109 - - [23/Jul/2017:09:06:34 +0200] "GET /css/style.css HTTP/1.1" 200 5004 "http://www.easydrivers.at/" "Mozilla/5.0 (Windows NT 10.0; WOW64; rv:54.0) Gecko/20100101 Firefox/54.0"
194.208.56.109 - - [23/Jul/2017:09:06:34 +0200] "GET /css/print.css HTTP/1.1" 200 967 "http://www.easydrivers.at/" "Mozilla/5.0 (Windows NT 10.0; WOW64; rv:54.0) Gecko/20100101 Firefox/54.0"
194.208.56.109 - - [23/Jul/2017:09:06:34 +0200] "GET /javascript/jquery.customSelect.min.js HTTP/1.1" 200 912 "http://www.easydrivers.at/" "Mozilla/5.0 (Windows NT 10.0; WOW64; rv:54.0) Gecko/20100101 Firefox/54.0"
194.208.56.109 - - [23/Jul/2017:09:06:34 +0200] "GET /javascript/jquery.simplemodal.js HTTP/1.1" 200 3070 "http://www.easydrivers.at/" "Mozilla/5.0 (Windows NT 10.0; WOW64; rv:54.0) Gecko/20100101 Firefox/54.0"
194.208.56.109 - - [23/Jul/2017:09:06:34 +0200] "GET /javascript/jquery.cookie.js HTTP/1.1" 200 863 "http://www.easydrivers.at/" "Mozilla/5.0 (Windows NT 10.0; WOW64; rv:54.0) Gecko/20100101 Firefox/54.0"
194.208.56.109 - - [23/Jul/2017:09:06:34 +0200] "GET /javascript/portal.js?1221842734 HTTP/1.1" 200 3529 "http://www.easydrivers.at/" "Mozilla/5.0 (Windows NT 10.0; WOW64; rv:54.0) Gecko/20100101 Firefox/54.0"
194.208.56.109 - - [23/Jul/2017:09:06:34 +0200] "GET /javascript/lazyload.js HTTP/1.1" 200 1170 "http://www.easydrivers.at/" "Mozilla/5.0 (Windows NT 10.0; WOW64; rv:54.0) Gecko/20100101 Firefox/54.0"
194.208.56.109 - - [23/Jul/2017:09:06:34 +0200] "GET /javascript/homesearch.js HTTP/1.1" 200 393 "http://www.easydrivers.at/" "Mozilla/5.0 (Windows NT 10.0; WOW64; rv:54.0) Gecko/20100101 Firefox/54.0"
194.208.56.109 - - [23/Jul/2017:09:06:34 +0200] "GET /img/new_favicon.ico HTTP/1.1" 200 1150 "-" "Mozilla/5.0 (Windows NT 10.0; WOW64; rv:54.0) Gecko/20100101 Firefox/54.0"
194.208.56.109 - - [23/Jul/2017:09:06:35 +0200] "GET /binaries/easy-drivers-portal/widget-icon-trainingpng.png HTTP/1.1" 200 2662 "http://www.easydrivers.at/" "Mozilla/5.0 (Windows NT 10.0; WOW64; rv:54.0) Gecko/20100101 Firefox/54.0"
194.208.56.109 - - [23/Jul/2017:09:06:35 +0200] "GET /binaries/easy-drivers-portal/widget-icon-apppng.png HTTP/1.1" 200 2432 "http://www.easydrivers.at/" "Mozilla/5.0 (Windows NT 10.0; WOW64; rv:54.0) Gecko/20100101 Firefox/54.0"
194.208.56.109 - - [23/Jul/2017:09:06:35 +0200] "GET /binaries/easy-drivers-portal/widget-icon-expertspng.png HTTP/1.1" 200 2159 "http://www.easydrivers.at/" "Mozilla/5.0 (Windows NT 10.0; WOW64; rv:54.0) Gecko/20100101 Firefox/54.0"
194.208.56.109 - - [23/Jul/2017:09:06:35 +0200] "GET /img/empty.gif HTTP/1.1" 200 43 "http://www.easydrivers.at/" "Mozilla/5.0 (Windows NT 10.0; WOW64; rv:54.0) Gecko/20100101 Firefox/54.0"
194.208.56.109 - - [23/Jul/2017:09:06:35 +0200] "GET /img/close-button.png HTTP/1.1" 200 2237 "http://www.easydrivers.at/" "Mozilla/5.0 (Windows NT 10.0; WOW64; rv:54.0) Gecko/20100101 Firefox/54.0"
194.208.56.109 - - [23/Jul/2017:09:06:35 +0200] "GET /img/facebook-icon.png HTTP/1.1" 200 1506 "http://www.easydrivers.at/" "Mozilla/5.0 (Windows NT 10.0; WOW64; rv:54.0) Gecko/20100101 Firefox/54.0"
194.208.56.109 - - [23/Jul/2017:09:06:35 +0200] "GET /img/schweiz-icon.png HTTP/1.1" 200 1504 "http://www.easydrivers.at/" "Mozilla/5.0 (Windows NT 10.0; WOW64; rv:54.0) Gecko/20100101 Firefox/54.0"
194.208.56.109 - - [23/Jul/2017:09:06:35 +0200] "GET /binaries/easy-drivers-portal/edradfahrschullogowidget160x90pxpng.png HTTP/1.1" 200 23394 "http://www.easydrivers.at/" "Mozilla/5.0 (Windows NT 10.0; WOW64; rv:54.0) Gecko/20100101 Firefox/54.0"
194.208.56.109 - - [23/Jul/2017:09:06:36 +0200] "GET /img/submit-button.png HTTP/1.1" 200 1958 "http://www.easydrivers.at/" "Mozilla/5.0 (Windows NT 10.0; WOW64; rv:54.0) Gecko/20100101 Firefox/54.0"
70.138.201.1 - - [23/Jul/2017:09:06:34 +0200] "GET /easy_drivers_st._peterau HTTP/1.1" 200 12292 "-" "Java/1.8.0_131"
194.208.56.109 - - [23/Jul/2017:09:06:37 +0200] "GET /img/ED_Logo.png HTTP/1.1" 200 3385 "http://www.easydrivers.at/css/style.css" "Mozilla/5.0 (Windows NT 10.0; WOW64; rv:54.0) Gecko/20100101 Firefox/54.0"
194.208.56.109 - - [23/Jul/2017:09:06:37 +0200] "GET /img/purple-dots-horizontal.png HTTP/1.1" 200 977 "http://www.easydrivers.at/css/style.css" "Mozilla/5.0 (Windows NT 10.0; WOW64; rv:54.0) Gecko/20100101 Firefox/54.0"
194.208.56.109 - - [23/Jul/2017:09:06:37 +0200] "GET /img/yellow-dots-vertical.png HTTP/1.1" 200 981 "http://www.easydrivers.at/css/style.css" "Mozilla/5.0 (Windows NT 10.0; WOW64; rv:54.0) Gecko/20100101 Firefox/54.0"
194.208.56.109 - - [23/Jul/2017:09:06:37 +0200] "GET /img/black-dots-vertical.png HTTP/1.1" 200 1165 "http://www.easydrivers.at/css/style.css" "Mozilla/5.0 (Windows NT 10.0; WOW64; rv:54.0) Gecko/20100101 Firefox/54.0"
194.208.56.109 - - [23/Jul/2017:09:06:37 +0200] "GET /img/kursicon-download-pink.png HTTP/1.1" 200 1213 "http://www.easydrivers.at/" "Mozilla/5.0 (Windows NT 10.0; WOW64; rv:54.0) Gecko/20100101 Firefox/54.0"
194.208.56.109 - - [23/Jul/2017:09:06:37 +0200] "GET /img/kursicon-print-pink.png HTTP/1.1" 200 1125 "http://www.easydrivers.at/" "Mozilla/5.0 (Windows NT 10.0; WOW64; rv:54.0) Gecko/20100101 Firefox/54.0"
194.208.56.109 - - [23/Jul/2017:09:06:37 +0200] "GET /img/kursicon-share-pink.png HTTP/1.1" 200 1277 "http://www.easydrivers.at/" "Mozilla/5.0 (Windows NT 10.0; WOW64; rv:54.0) Gecko/20100101 Firefox/54.0"
194.208.56.109 - - [23/Jul/2017:09:06:37 +0200] "GET /img/bg-header.jpg HTTP/1.1" 200 38680 "http://www.easydrivers.at/css/style.css" "Mozilla/5.0 (Windows NT 10.0; WOW64; rv:54.0) Gecko/20100101 Firefox/54.0"
194.208.56.109 - - [23/Jul/2017:09:06:38 +0200] "GET /img/kursicon-phone-pink.png HTTP/1.1" 200 1286 "http://www.easydrivers.at/" "Mozilla/5.0 (Windows NT 10.0; WOW64; rv:54.0) Gecko/20100101 Firefox/54.0"
194.208.56.109 - - [23/Jul/2017:09:06:38 +0200] "GET /img/selection-box-button.png HTTP/1.1" 200 1079 "http://www.easydrivers.at/css/style.css" "Mozilla/5.0 (Windows NT 10.0; WOW64; rv:54.0) Gecko/20100101 Firefox/54.0"
194.208.56.109 - - [23/Jul/2017:09:06:37 +0200] "GET /img/bg-top-section.jpg HTTP/1.1" 200 82172 "http://www.easydrivers.at/css/style.css" "Mozilla/5.0 (Windows NT 10.0; WOW64; rv:54.0) Gecko/20100101 Firefox/54.0"
194.208.56.109 - - [23/Jul/2017:09:06:37 +0200] "GET /img/bg-footer.jpg HTTP/1.1" 200 31770 "http://www.easydrivers.at/css/style.css" "Mozilla/5.0 (Windows NT 10.0; WOW64; rv:54.0) Gecko/20100101 Firefox/54.0"
70.138.201.1 - - [23/Jul/2017:09:06:38 +0200] "GET /eisenerz.pankl HTTP/1.1" 200 9851 "-" "Java/1.8.0_131"
64.62.252.163 - - [23/Jul/2017:09:06:42 +0200] "GET /murau HTTP/1.1" 404 2655 "-" "BUbiNG (+http://law.di.unimi.it/BUbiNG.html)"
70.138.201.1 - - [23/Jul/2017:09:06:42 +0200] "GET /ennstal.schladming HTTP/1.1" 200 12452 "-" "Java/1.8.0_131"
70.138.201.1 - - [23/Jul/2017:09:06:45 +0200] "GET /kapfenberg.pankl HTTP/1.1" 200 12398 "-" "Java/1.8.0_131"
70.138.201.1 - - [23/Jul/2017:09:06:49 +0200] "GET /skarabela.gross-enzersdorf HTTP/1.1" 200 12132 "-" "Java/1.8.0_131"
70.138.201.1 - - [23/Jul/2017:09:06:52 +0200] "GET /st.poelten HTTP/1.1" 200 12134 "-" "Java/1.8.0_131"
70.138.201.1 - - [23/Jul/2017:09:06:56 +0200] "GET /st.valentin HTTP/1.1" 200 12118 "-" "Java/1.8.0_131"
64.62.252.163 - - [23/Jul/2017:09:06:59 +0200] "GET /innsbruck HTTP/1.1" 200 3671 "-" "BUbiNG (+http://law.di.unimi.it/BUbiNG.html)"
70.138.201.1 - - [23/Jul/2017:09:07:00 +0200] "GET /waidhofen.thaya HTTP/1.1" 200 11573 "-" "Java/1.8.0_131"
70.138.201.1 - - [23/Jul/2017:09:07:03 +0200] "GET /waidhofen.ybbs HTTP/1.1" 200 11790 "-" "Java/1.8.0_131"
70.138.201.1 - - [23/Jul/2017:09:07:06 +0200] "GET /wr.neustadt HTTP/1.1" 200 11691 "-" "Java/1.8.0_131"
70.138.201.1 - - [23/Jul/2017:09:07:09 +0200] "GET /about:blank HTTP/1.1" 404 8373 "-" "Java/1.8.0_131"
84.115.10.7 - - [23/Jul/2017:09:07:18 +0200] "GET /fuehrerscheine/bus/DD195-B HTTP/1.1" 200 4143 "https://www.google.at/" "Mozilla/5.0 (Windows NT 10.0; Win64; x64) AppleWebKit/537.36 (KHTML, like Gecko) Chrome/52.0.2743.116 Safari/537.36 Edge/15.15063"
84.115.10.7 - - [23/Jul/2017:09:07:19 +0200] "GET /css/style.css HTTP/1.1" 200 5004 "http://www.easydrivers.at/fuehrerscheine/bus/DD195-B" "Mozilla/5.0 (Windows NT 10.0; Win64; x64) AppleWebKit/537.36 (KHTML, like Gecko) Chrome/52.0.2743.116 Safari/537.36 Edge/15.15063"
84.115.10.7 - - [23/Jul/2017:09:07:19 +0200] "GET /css/print.css HTTP/1.1" 200 967 "http://www.easydrivers.at/fuehrerscheine/bus/DD195-B" "Mozilla/5.0 (Windows NT 10.0; Win64; x64) AppleWebKit/537.36 (KHTML, like Gecko) Chrome/52.0.2743.116 Safari/537.36 Edge/15.15063"
84.115.10.7 - - [23/Jul/2017:09:07:19 +0200] "GET /javascript/jquery.customSelect.min.js HTTP/1.1" 200 912 "http://www.easydrivers.at/fuehrerscheine/bus/DD195-B" "Mozilla/5.0 (Windows NT 10.0; Win64; x64) AppleWebKit/537.36 (KHTML, like Gecko) Chrome/52.0.2743.116 Safari/537.36 Edge/15.15063"
84.115.10.7 - - [23/Jul/2017:09:07:19 +0200] "GET /javascript/jquery.cookie.js HTTP/1.1" 200 863 "http://www.easydrivers.at/fuehrerscheine/bus/DD195-B" "Mozilla/5.0 (Windows NT 10.0; Win64; x64) AppleWebKit/537.36 (KHTML, like Gecko) Chrome/52.0.2743.116 Safari/537.36 Edge/15.15063"
84.115.10.7 - - [23/Jul/2017:09:07:19 +0200] "GET /javascript/jquery.simplemodal.js HTTP/1.1" 200 3070 "http://www.easydrivers.at/fuehrerscheine/bus/DD195-B" "Mozilla/5.0 (Windows NT 10.0; Win64; x64) AppleWebKit/537.36 (KHTML, like Gecko) Chrome/52.0.2743.116 Safari/537.36 Edge/15.15063"
84.115.10.7 - - [23/Jul/2017:09:07:19 +0200] "GET /javascript/portal.js?1221842734 HTTP/1.1" 200 3529 "http://www.easydrivers.at/fuehrerscheine/bus/DD195-B" "Mozilla/5.0 (Windows NT 10.0; Win64; x64) AppleWebKit/537.36 (KHTML, like Gecko) Chrome/52.0.2743.116 Safari/537.36 Edge/15.15063"
84.115.10.7 - - [23/Jul/2017:09:07:19 +0200] "GET /javascript/product.js HTTP/1.1" 200 139 "http://www.easydrivers.at/fuehrerscheine/bus/DD195-B" "Mozilla/5.0 (Windows NT 10.0; Win64; x64) AppleWebKit/537.36 (KHTML, like Gecko) Chrome/52.0.2743.116 Safari/537.36 Edge/15.15063"
84.115.10.7 - - [23/Jul/2017:09:07:19 +0200] "GET /img/close-button.png HTTP/1.1" 200 2237 "http://www.easydrivers.at/fuehrerscheine/bus/DD195-B" "Mozilla/5.0 (Windows NT 10.0; Win64; x64) AppleWebKit/537.36 (KHTML, like Gecko) Chrome/52.0.2743.116 Safari/537.36 Edge/15.15063"
84.115.10.7 - - [23/Jul/2017:09:07:19 +0200] "GET /img/schweiz-icon.png HTTP/1.1" 200 1504 "http://www.easydrivers.at/fuehrerscheine/bus/DD195-B" "Mozilla/5.0 (Windows NT 10.0; Win64; x64) AppleWebKit/537.36 (KHTML, like Gecko) Chrome/52.0.2743.116 Safari/537.36 Edge/15.15063"
84.115.10.7 - - [23/Jul/2017:09:07:19 +0200] "GET /img/facebook-icon.png HTTP/1.1" 200 1506 "http://www.easydrivers.at/fuehrerscheine/bus/DD195-B" "Mozilla/5.0 (Windows NT 10.0; Win64; x64) AppleWebKit/537.36 (KHTML, like Gecko) Chrome/52.0.2743.116 Safari/537.36 Edge/15.15063"
84.115.10.7 - - [23/Jul/2017:09:07:19 +0200] "GET /javascript/lazyload.js HTTP/1.1" 200 1170 "http://www.easydrivers.at/fuehrerscheine/bus/DD195-B" "Mozilla/5.0 (Windows NT 10.0; Win64; x64) AppleWebKit/537.36 (KHTML, like Gecko) Chrome/52.0.2743.116 Safari/537.36 Edge/15.15063"
84.115.10.7 - - [23/Jul/2017:09:07:19 +0200] "GET /binaries/easy-drivers-portal/bus1jpg.jpg HTTP/1.1" 200 127116 "http://www.easydrivers.at/fuehrerscheine/bus/DD195-B" "Mozilla/5.0 (Windows NT 10.0; Win64; x64) AppleWebKit/537.36 (KHTML, like Gecko) Chrome/52.0.2743.116 Safari/537.36 Edge/15.15063"
84.115.10.7 - - [23/Jul/2017:09:07:19 +0200] "GET /img/new_favicon.ico HTTP/1.1" 200 1150 "-" "Mozilla/5.0 (Windows NT 10.0; Win64; x64) AppleWebKit/537.36 (KHTML, like Gecko) Chrome/52.0.2743.116 Safari/537.36 Edge/15.15063"
84.115.10.7 - - [23/Jul/2017:09:07:19 +0200] "GET /img/kursicon-share-pink.png HTTP/1.1" 200 1277 "http://www.easydrivers.at/fuehrerscheine/bus/DD195-B" "Mozilla/5.0 (Windows NT 10.0; Win64; x64) AppleWebKit/537.36 (KHTML, like Gecko) Chrome/52.0.2743.116 Safari/537.36 Edge/15.15063"
84.115.10.7 - - [23/Jul/2017:09:07:19 +0200] "GET /img/kursicon-print-pink.png HTTP/1.1" 200 1125 "http://www.easydrivers.at/fuehrerscheine/bus/DD195-B" "Mozilla/5.0 (Windows NT 10.0; Win64; x64) AppleWebKit/537.36 (KHTML, like Gecko) Chrome/52.0.2743.116 Safari/537.36 Edge/15.15063"
84.115.10.7 - - [23/Jul/2017:09:07:19 +0200] "GET /img/kursicon-download-pink.png HTTP/1.1" 200 1213 "http://www.easydrivers.at/fuehrerscheine/bus/DD195-B" "Mozilla/5.0 (Windows NT 10.0; Win64; x64) AppleWebKit/537.36 (KHTML, like Gecko) Chrome/52.0.2743.116 Safari/537.36 Edge/15.15063"
84.115.10.7 - - [23/Jul/2017:09:07:19 +0200] "GET /img/kursicon-phone-pink.png HTTP/1.1" 200 1286 "http://www.easydrivers.at/fuehrerscheine/bus/DD195-B" "Mozilla/5.0 (Windows NT 10.0; Win64; x64) AppleWebKit/537.36 (KHTML, like Gecko) Chrome/52.0.2743.116 Safari/537.36 Edge/15.15063"
84.115.10.7 - - [23/Jul/2017:09:07:19 +0200] "GET /img/bg-header.jpg HTTP/1.1" 200 38680 "http://www.easydrivers.at/fuehrerscheine/bus/DD195-B" "Mozilla/5.0 (Windows NT 10.0; Win64; x64) AppleWebKit/537.36 (KHTML, like Gecko) Chrome/52.0.2743.116 Safari/537.36 Edge/15.15063"
84.115.10.7 - - [23/Jul/2017:09:07:19 +0200] "GET /img/bg-footer.jpg HTTP/1.1" 200 31770 "http://www.easydrivers.at/fuehrerscheine/bus/DD195-B" "Mozilla/5.0 (Windows NT 10.0; Win64; x64) AppleWebKit/537.36 (KHTML, like Gecko) Chrome/52.0.2743.116 Safari/537.36 Edge/15.15063"
84.115.10.7 - - [23/Jul/2017:09:07:19 +0200] "GET /img/bg-yellow.jpg HTTP/1.1" 200 2250 "http://www.easydrivers.at/fuehrerscheine/bus/DD195-B" "Mozilla/5.0 (Windows NT 10.0; Win64; x64) AppleWebKit/537.36 (KHTML, like Gecko) Chrome/52.0.2743.116 Safari/537.36 Edge/15.15063"
84.115.10.7 - - [23/Jul/2017:09:07:19 +0200] "GET /img/arrow-left.png HTTP/1.1" 200 1015 "http://www.easydrivers.at/fuehrerscheine/bus/DD195-B" "Mozilla/5.0 (Windows NT 10.0; Win64; x64) AppleWebKit/537.36 (KHTML, like Gecko) Chrome/52.0.2743.116 Safari/537.36 Edge/15.15063"
84.115.10.7 - - [23/Jul/2017:09:07:19 +0200] "GET /img/arrow-up.png HTTP/1.1" 200 1081 "http://www.easydrivers.at/fuehrerscheine/bus/DD195-B" "Mozilla/5.0 (Windows NT 10.0; Win64; x64) AppleWebKit/537.36 (KHTML, like Gecko) Chrome/52.0.2743.116 Safari/537.36 Edge/15.15063"
84.115.10.7 - - [23/Jul/2017:09:07:19 +0200] "GET /img/ED_Logo.png HTTP/1.1" 200 3385 "http://www.easydrivers.at/fuehrerscheine/bus/DD195-B" "Mozilla/5.0 (Windows NT 10.0; Win64; x64) AppleWebKit/537.36 (KHTML, like Gecko) Chrome/52.0.2743.116 Safari/537.36 Edge/15.15063"
70.138.201.1 - - [23/Jul/2017:09:07:20 +0200] "GET /amstetten HTTP/1.1" 200 12054 "-" "Java/1.8.0_131"
70.138.201.1 - - [23/Jul/2017:09:07:24 +0200] "GET /app HTTP/1.1" 200 8706 "-" "Java/1.8.0_131"
70.138.201.1 - - [23/Jul/2017:09:07:26 +0200] "GET /berndorf HTTP/1.1" 200 12339 "-" "Java/1.8.0_131"
70.138.201.1 - - [23/Jul/2017:09:07:30 +0200] "GET /bludenz HTTP/1.1" 200 11758 "-" "Java/1.8.0_131"
77.119.129.176 - - [23/Jul/2017:09:07:33 +0200] "GET /am.spitz HTTP/1.1" 301 301 "-" "Mozilla/5.0 (iPhone; CPU iPhone OS 10_3_2 like Mac OS X) AppleWebKit/603.2.4 (KHTML, like Gecko) Version/10.0 Mobile/14F89 Safari/602.1"
77.119.129.176 - - [23/Jul/2017:09:07:33 +0200] "GET /am.spitz HTTP/1.1" 200 2902 "-" "Mozilla/5.0 (iPhone; CPU iPhone OS 10_3_2 like Mac OS X) AppleWebKit/603.2.4 (KHTML, like Gecko) Version/10.0 Mobile/14F89 Safari/602.1"
77.119.129.176 - - [23/Jul/2017:09:07:35 +0200] "GET /javascript/mobile-menu.js HTTP/1.1" 200 1634 "http://www.easydrivers.at/am.spitz" "Mozilla/5.0 (iPhone; CPU iPhone OS 10_3_2 like Mac OS X) AppleWebKit/603.2.4 (KHTML, like Gecko) Version/10.0 Mobile/14F89 Safari/602.1"
77.119.129.176 - - [23/Jul/2017:09:07:35 +0200] "GET /javascript/jquery.cookie.js HTTP/1.1" 200 863 "http://www.easydrivers.at/am.spitz" "Mozilla/5.0 (iPhone; CPU iPhone OS 10_3_2 like Mac OS X) AppleWebKit/603.2.4 (KHTML, like Gecko) Version/10.0 Mobile/14F89 Safari/602.1"
77.119.129.176 - - [23/Jul/2017:09:07:35 +0200] "GET /css/mobile.css HTTP/1.1" 200 2852 "http://www.easydrivers.at/am.spitz" "Mozilla/5.0 (iPhone; CPU iPhone OS 10_3_2 like Mac OS X) AppleWebKit/603.2.4 (KHTML, like Gecko) Version/10.0 Mobile/14F89 Safari/602.1"
77.119.129.176 - - [23/Jul/2017:09:07:35 +0200] "GET /javascript/jquery-1.9.1.min.js HTTP/1.1" 200 32731 "http://www.easydrivers.at/am.spitz" "Mozilla/5.0 (iPhone; CPU iPhone OS 10_3_2 like Mac OS X) AppleWebKit/603.2.4 (KHTML, like Gecko) Version/10.0 Mobile/14F89 Safari/602.1"
70.138.201.1 - - [23/Jul/2017:09:07:33 +0200] "GET /brigittenau HTTP/1.1" 200 12081 "-" "Java/1.8.0_131"
77.119.129.176 - - [23/Jul/2017:09:07:35 +0200] "GET /img/mobile/easydrivers-logo-mobile.png HTTP/1.1" 200 10766 "http://www.easydrivers.at/am.spitz" "Mozilla/5.0 (iPhone; CPU iPhone OS 10_3_2 like Mac OS X) AppleWebKit/603.2.4 (KHTML, like Gecko) Version/10.0 Mobile/14F89 Safari/602.1"
77.119.129.176 - - [23/Jul/2017:09:07:35 +0200] "GET /javascript/jquery.simplemodal.js HTTP/1.1" 200 3070 "http://www.easydrivers.at/am.spitz" "Mozilla/5.0 (iPhone; CPU iPhone OS 10_3_2 like Mac OS X) AppleWebKit/603.2.4 (KHTML, like Gecko) Version/10.0 Mobile/14F89 Safari/602.1"
77.119.129.176 - - [23/Jul/2017:09:07:35 +0200] "GET /javascript/mobile-fahrschule.js HTTP/1.1" 200 328 "http://www.easydrivers.at/am.spitz" "Mozilla/5.0 (iPhone; CPU iPhone OS 10_3_2 like Mac OS X) AppleWebKit/603.2.4 (KHTML, like Gecko) Version/10.0 Mobile/14F89 Safari/602.1"
77.119.129.176 - - [23/Jul/2017:09:07:35 +0200] "GET /javascript/lazyload.js HTTP/1.1" 200 1170 "http://www.easydrivers.at/am.spitz" "Mozilla/5.0 (iPhone; CPU iPhone OS 10_3_2 like Mac OS X) AppleWebKit/603.2.4 (KHTML, like Gecko) Version/10.0 Mobile/14F89 Safari/602.1"
77.119.129.176 - - [23/Jul/2017:09:07:35 +0200] "GET /img/mobile/close-button.png HTTP/1.1" 200 2411 "http://www.easydrivers.at/am.spitz" "Mozilla/5.0 (iPhone; CPU iPhone OS 10_3_2 like Mac OS X) AppleWebKit/603.2.4 (KHTML, like Gecko) Version/10.0 Mobile/14F89 Safari/602.1"
77.119.129.176 - - [23/Jul/2017:09:07:35 +0200] "GET /img/mobile/facebook-icon.png HTTP/1.1" 200 1902 "http://www.easydrivers.at/am.spitz" "Mozilla/5.0 (iPhone; CPU iPhone OS 10_3_2 like Mac OS X) AppleWebKit/603.2.4 (KHTML, like Gecko) Version/10.0 Mobile/14F89 Safari/602.1"
77.119.129.176 - - [23/Jul/2017:09:07:35 +0200] "GET /img/mobile/menu-button.png HTTP/1.1" 200 1746 "http://www.easydrivers.at/am.spitz" "Mozilla/5.0 (iPhone; CPU iPhone OS 10_3_2 like Mac OS X) AppleWebKit/603.2.4 (KHTML, like Gecko) Version/10.0 Mobile/14F89 Safari/602.1"
77.119.129.176 - - [23/Jul/2017:09:07:35 +0200] "GET /img/mobile/info-button.png HTTP/1.1" 200 1549 "http://www.easydrivers.at/am.spitz" "Mozilla/5.0 (iPhone; CPU iPhone OS 10_3_2 like Mac OS X) AppleWebKit/603.2.4 (KHTML, like Gecko) Version/10.0 Mobile/14F89 Safari/602.1"
77.119.129.176 - - [23/Jul/2017:09:07:35 +0200] "GET /img/smallicon-person.png HTTP/1.1" 200 1141 "http://www.easydrivers.at/am.spitz" "Mozilla/5.0 (iPhone; CPU iPhone OS 10_3_2 like Mac OS X) AppleWebKit/603.2.4 (KHTML, like Gecko) Version/10.0 Mobile/14F89 Safari/602.1"
77.119.129.176 - - [23/Jul/2017:09:07:35 +0200] "GET /img/mobile/bg-menu.jpg HTTP/1.1" 200 1698 "http://www.easydrivers.at/am.spitz" "Mozilla/5.0 (iPhone; CPU iPhone OS 10_3_2 like Mac OS X) AppleWebKit/603.2.4 (KHTML, like Gecko) Version/10.0 Mobile/14F89 Safari/602.1"
77.119.129.176 - - [23/Jul/2017:09:07:35 +0200] "GET /img/smallicon-address.png HTTP/1.1" 200 1211 "http://www.easydrivers.at/am.spitz" "Mozilla/5.0 (iPhone; CPU iPhone OS 10_3_2 like Mac OS X) AppleWebKit/603.2.4 (KHTML, like Gecko) Version/10.0 Mobile/14F89 Safari/602.1"
77.119.129.176 - - [23/Jul/2017:09:07:35 +0200] "GET /img/mobile/info-close-button.png HTTP/1.1" 200 1721 "http://www.easydrivers.at/am.spitz" "Mozilla/5.0 (iPhone; CPU iPhone OS 10_3_2 like Mac OS X) AppleWebKit/603.2.4 (KHTML, like Gecko) Version/10.0 Mobile/14F89 Safari/602.1"
77.119.129.176 - - [23/Jul/2017:09:07:35 +0200] "GET /img/mobile/googlemaps-pin.png HTTP/1.1" 200 1597 "http://www.easydrivers.at/am.spitz" "Mozilla/5.0 (iPhone; CPU iPhone OS 10_3_2 like Mac OS X) AppleWebKit/603.2.4 (KHTML, like Gecko) Version/10.0 Mobile/14F89 Safari/602.1"
77.119.129.176 - - [23/Jul/2017:09:07:35 +0200] "GET /img/smallicon-time.png HTTP/1.1" 200 1262 "http://www.easydrivers.at/am.spitz" "Mozilla/5.0 (iPhone; CPU iPhone OS 10_3_2 like Mac OS X) AppleWebKit/603.2.4 (KHTML, like Gecko) Version/10.0 Mobile/14F89 Safari/602.1"
77.119.129.176 - - [23/Jul/2017:09:07:35 +0200] "GET /img/smallicon-mail.png HTTP/1.1" 200 1341 "http://www.easydrivers.at/am.spitz" "Mozilla/5.0 (iPhone; CPU iPhone OS 10_3_2 like Mac OS X) AppleWebKit/603.2.4 (KHTML, like Gecko) Version/10.0 Mobile/14F89 Safari/602.1"
77.119.129.176 - - [23/Jul/2017:09:07:35 +0200] "GET /img/smallicon-phone.png HTTP/1.1" 200 3056 "http://www.easydrivers.at/am.spitz" "Mozilla/5.0 (iPhone; CPU iPhone OS 10_3_2 like Mac OS X) AppleWebKit/603.2.4 (KHTML, like Gecko) Version/10.0 Mobile/14F89 Safari/602.1"
77.119.129.176 - - [23/Jul/2017:09:07:35 +0200] "GET /img/mobile/widget-icon-app.png HTTP/1.1" 200 3458 "http://www.easydrivers.at/am.spitz" "Mozilla/5.0 (iPhone; CPU iPhone OS 10_3_2 like Mac OS X) AppleWebKit/603.2.4 (KHTML, like Gecko) Version/10.0 Mobile/14F89 Safari/602.1"
77.119.129.176 - - [23/Jul/2017:09:07:36 +0200] "GET /img/mobile/bg-top-section.jpg HTTP/1.1" 200 21711 "http://www.easydrivers.at/am.spitz" "Mozilla/5.0 (iPhone; CPU iPhone OS 10_3_2 like Mac OS X) AppleWebKit/603.2.4 (KHTML, like Gecko) Version/10.0 Mobile/14F89 Safari/602.1"
77.119.129.176 - - [23/Jul/2017:09:07:36 +0200] "GET /img/mobile/pfeil-rechts.png HTTP/1.1" 200 1228 "http://www.easydrivers.at/am.spitz" "Mozilla/5.0 (iPhone; CPU iPhone OS 10_3_2 like Mac OS X) AppleWebKit/603.2.4 (KHTML, like Gecko) Version/10.0 Mobile/14F89 Safari/602.1"
77.119.129.176 - - [23/Jul/2017:09:07:36 +0200] "GET /img/mobile/bg-header.jpg HTTP/1.1" 200 19741 "http://www.easydrivers.at/am.spitz" "Mozilla/5.0 (iPhone; CPU iPhone OS 10_3_2 like Mac OS X) AppleWebKit/603.2.4 (KHTML, like Gecko) Version/10.0 Mobile/14F89 Safari/602.1"
70.138.201.1 - - [23/Jul/2017:09:07:37 +0200] "GET /dornbirn HTTP/1.1" 200 12229 "-" "Java/1.8.0_131"
70.138.201.1 - - [23/Jul/2017:09:07:40 +0200] "GET /eisenstadt HTTP/1.1" 200 10700 "-" "Java/1.8.0_131"
70.138.201.1 - - [23/Jul/2017:09:07:43 +0200] "GET /enns HTTP/1.1" 200 11155 "-" "Java/1.8.0_131"
70.138.201.1 - - [23/Jul/2017:09:07:47 +0200] "GET /fahrschulen HTTP/1.1" 200 12396 "-" "Java/1.8.0_131"
46.229.164.99 - - [23/Jul/2017:09:07:48 +0200] "GET /robots.txt HTTP/1.1" 200 101 "-" "Mozilla/5.0 (compatible; SemrushBot/1.2~bl; +http://www.semrush.com/bot.html)"
84.115.10.7 - - [23/Jul/2017:09:07:48 +0200] "GET /fuehrerscheine/bus HTTP/1.1" 200 2564 "http://www.easydrivers.at/fuehrerscheine/bus/DD195-B" "Mozilla/5.0 (Windows NT 10.0; Win64; x64) AppleWebKit/537.36 (KHTML, like Gecko) Chrome/52.0.2743.116 Safari/537.36 Edge/15.15063"
84.115.10.7 - - [23/Jul/2017:09:07:49 +0200] "GET /javascript/license.js HTTP/1.1" 200 315 "http://www.easydrivers.at/fuehrerscheine/bus" "Mozilla/5.0 (Windows NT 10.0; Win64; x64) AppleWebKit/537.36 (KHTML, like Gecko) Chrome/52.0.2743.116 Safari/537.36 Edge/15.15063"
84.115.10.7 - - [23/Jul/2017:09:07:50 +0200] "GET /img/submit-button-small.png HTTP/1.1" 200 1456 "http://www.easydrivers.at/fuehrerscheine/bus" "Mozilla/5.0 (Windows NT 10.0; Win64; x64) AppleWebKit/537.36 (KHTML, like Gecko) Chrome/52.0.2743.116 Safari/537.36 Edge/15.15063"
70.138.201.1 - - [23/Jul/2017:09:07:50 +0200] "GET /feldkirch HTTP/1.1" 200 11498 "-" "Java/1.8.0_131"
77.119.129.176 - - [23/Jul/2017:09:07:53 +0200] "POST /am.spitz/kursauswahl HTTP/1.1" 200 2882 "http://www.easydrivers.at/am.spitz" "Mozilla/5.0 (iPhone; CPU iPhone OS 10_3_2 like Mac OS X) AppleWebKit/603.2.4 (KHTML, like Gecko) Version/10.0 Mobile/14F89 Safari/602.1"
70.138.201.1 - - [23/Jul/2017:09:07:53 +0200] "GET /gmuend HTTP/1.1" 200 11400 "-" "Java/1.8.0_131"
77.119.129.176 - - [23/Jul/2017:09:07:55 +0200] "GET /img/mobile/pfeil-links-small.png HTTP/1.1" 200 1065 "http://www.easydrivers.at/am.spitz/kursauswahl" "Mozilla/5.0 (iPhone; CPU iPhone OS 10_3_2 like Mac OS X) AppleWebKit/603.2.4 (KHTML, like Gecko) Version/10.0 Mobile/14F89 Safari/602.1"
77.119.129.176 - - [23/Jul/2017:09:07:55 +0200] "GET /img/mobile/bg-yellow.jpg HTTP/1.1" 200 1569 "http://www.easydrivers.at/am.spitz/kursauswahl" "Mozilla/5.0 (iPhone; CPU iPhone OS 10_3_2 like Mac OS X) AppleWebKit/603.2.4 (KHTML, like Gecko) Version/10.0 Mobile/14F89 Safari/602.1"
77.119.129.176 - - [23/Jul/2017:09:07:55 +0200] "GET /javascript/mobile-fahrschule-kurs-suchergebnis.js HTTP/1.1" 200 274 "http://www.easydrivers.at/am.spitz/kursauswahl" "Mozilla/5.0 (iPhone; CPU iPhone OS 10_3_2 like Mac OS X) AppleWebKit/603.2.4 (KHTML, like Gecko) Version/10.0 Mobile/14F89 Safari/602.1"
77.119.129.176 - - [23/Jul/2017:09:07:56 +0200] "GET /img/loading-bars.gif HTTP/1.1" 200 3951 "http://www.easydrivers.at/am.spitz/kursauswahl" "Mozilla/5.0 (iPhone; CPU iPhone OS 10_3_2 like Mac OS X) AppleWebKit/603.2.4 (KHTML, like Gecko) Version/10.0 Mobile/14F89 Safari/602.1"
70.138.201.1 - - [23/Jul/2017:09:07:56 +0200] "GET /guessing HTTP/1.1" 200 11602 "-" "Java/1.8.0_131"
70.138.201.1 - - [23/Jul/2017:09:07:59 +0200] "GET /hartberg HTTP/1.1" 200 12190 "-" "Java/1.8.0_131"
