62.47.236.129 - - [23/Jul/2017:08:38:30 +0200] "GET /img/kursicon-share-pink.png HTTP/1.1" 200 1277 "http://www.easydrivers.at/" "Mozilla/5.0 (Windows NT 10.0; Win64; x64) AppleWebKit/537.36 (KHTML, like Gecko) Chrome/59.0.3071.115 Safari/537.36"
62.47.236.129 - - [23/Jul/2017:08:38:30 +0200] "GET /img/bg-top-section.jpg HTTP/1.1" 200 82172 "http://www.easydrivers.at/css/style.css" "Mozilla/5.0 (Windows NT 10.0; Win64; x64) AppleWebKit/537.36 (KHTML, like Gecko) Chrome/59.0.3071.115 Safari/537.36"
62.47.236.129 - - [23/Jul/2017:08:38:30 +0200] "GET /img/kursicon-phone-pink.png HTTP/1.1" 200 1286 "http://www.easydrivers.at/" "Mozilla/5.0 (Windows NT 10.0; Win64; x64) AppleWebKit/537.36 (KHTML, like Gecko) Chrome/59.0.3071.115 Safari/537.36"
62.47.236.129 - - [23/Jul/2017:08:38:30 +0200] "GET /css/print.css HTTP/1.1" 200 967 "http://www.easydrivers.at/" "Mozilla/5.0 (Windows NT 10.0; Win64; x64) AppleWebKit/537.36 (KHTML, like Gecko) Chrome/59.0.3071.115 Safari/537.36"
62.47.236.129 - - [23/Jul/2017:08:38:31 +0200] "GET /img/new_favicon.ico HTTP/1.1" 200 1150 "http://www.easydrivers.at/" "Mozilla/5.0 (Windows NT 10.0; Win64; x64) AppleWebKit/537.36 (KHTML, like Gecko) Chrome/59.0.3071.115 Safari/537.36"
213.162.68.6 - - [23/Jul/2017:08:38:58 +0200] "GET /fuehrerscheine/motorrad HTTP/1.1" 200 4592 "http://www.google.at/" "Mozilla/5.0 (Linux; Android 7.0; VTR-L09 Build/HUAWEIVTR-L09) AppleWebKit/537.36 (KHTML, like Gecko) Chrome/59.0.3071.125 Mobile Safari/537.36"
213.162.68.6 - - [23/Jul/2017:08:39:00 +0200] "GET /javascript/jquery.cookie.js HTTP/1.1" 200 863 "http://www.easydrivers.at/fuehrerscheine/motorrad" "Mozilla/5.0 (Linux; Android 7.0; VTR-L09 Build/HUAWEIVTR-L09) AppleWebKit/537.36 (KHTML, like Gecko) Chrome/59.0.3071.125 Mobile Safari/537.36"
213.162.68.6 - - [23/Jul/2017:08:39:00 +0200] "GET /css/mobile.css HTTP/1.1" 200 2852 "http://www.easydrivers.at/fuehrerscheine/motorrad" "Mozilla/5.0 (Linux; Android 7.0; VTR-L09 Build/HUAWEIVTR-L09) AppleWebKit/537.36 (KHTML, like Gecko) Chrome/59.0.3071.125 Mobile Safari/537.36"
213.162.68.6 - - [23/Jul/2017:08:39:00 +0200] "GET /javascript/jquery-1.9.1.min.js HTTP/1.1" 200 32731 "http://www.easydrivers.at/fuehrerscheine/motorrad" "Mozilla/5.0 (Linux; Android 7.0; VTR-L09 Build/HUAWEIVTR-L09) AppleWebKit/537.36 (KHTML, like Gecko) Chrome/59.0.3071.125 Mobile Safari/537.36"
213.162.68.6 - - [23/Jul/2017:08:39:00 +0200] "GET /javascript/mobile-menu.js HTTP/1.1" 200 1634 "http://www.easydrivers.at/fuehrerscheine/motorrad" "Mozilla/5.0 (Linux; Android 7.0; VTR-L09 Build/HUAWEIVTR-L09) AppleWebKit/537.36 (KHTML, like Gecko) Chrome/59.0.3071.125 Mobile Safari/537.36"
213.162.68.6 - - [23/Jul/2017:08:39:00 +0200] "GET /javascript/jquery.simplemodal.js HTTP/1.1" 200 3070 "http://www.easydrivers.at/fuehrerscheine/motorrad" "Mozilla/5.0 (Linux; Android 7.0; VTR-L09 Build/HUAWEIVTR-L09) AppleWebKit/537.36 (KHTML, like Gecko) Chrome/59.0.3071.125 Mobile Safari/537.36"
213.162.68.6 - - [23/Jul/2017:08:39:00 +0200] "GET /javascript/mobile-license.js HTTP/1.1" 200 216 "http://www.easydrivers.at/fuehrerscheine/motorrad" "Mozilla/5.0 (Linux; Android 7.0; VTR-L09 Build/HUAWEIVTR-L09) AppleWebKit/537.36 (KHTML, like Gecko) Chrome/59.0.3071.125 Mobile Safari/537.36"
213.162.68.6 - - [23/Jul/2017:08:39:00 +0200] "GET /img/mobile/easydrivers-logo-mobile.png HTTP/1.1" 200 10766 "http://www.easydrivers.at/fuehrerscheine/motorrad" "Mozilla/5.0 (Linux; Android 7.0; VTR-L09 Build/HUAWEIVTR-L09) AppleWebKit/537.36 (KHTML, like Gecko) Chrome/59.0.3071.125 Mobile Safari/537.36"
213.162.68.6 - - [23/Jul/2017:08:39:00 +0200] "GET /javascript/lazyload.js HTTP/1.1" 200 1170 "http://www.easydrivers.at/fuehrerscheine/motorrad" "Mozilla/5.0 (Linux; Android 7.0; VTR-L09 Build/HUAWEIVTR-L09) AppleWebKit/537.36 (KHTML, like Gecko) Chrome/59.0.3071.125 Mobile Safari/537.36"
213.162.68.6 - - [23/Jul/2017:08:39:00 +0200] "GET /img/mobile/close-button.png HTTP/1.1" 200 2411 "http://www.easydrivers.at/fuehrerscheine/motorrad" "Mozilla/5.0 (Linux; Android 7.0; VTR-L09 Build/HUAWEIVTR-L09) AppleWebKit/537.36 (KHTML, like Gecko) Chrome/59.0.3071.125 Mobile Safari/537.36"
213.162.68.6 - - [23/Jul/2017:08:39:00 +0200] "GET /img/mobile/menu-button.png HTTP/1.1" 200 1746 "http://www.easydrivers.at/fuehrerscheine/motorrad" "Mozilla/5.0 (Linux; Android 7.0; VTR-L09 Build/HUAWEIVTR-L09) AppleWebKit/537.36 (KHTML, like Gecko) Chrome/59.0.3071.125 Mobile Safari/537.36"
213.162.68.6 - - [23/Jul/2017:08:39:00 +0200] "GET /img/mobile/bg-menu.jpg HTTP/1.1" 200 1698 "http://www.easydrivers.at/css/mobile.css" "Mozilla/5.0 (Linux; Android 7.0; VTR-L09 Build/HUAWEIVTR-L09) AppleWebKit/537.36 (KHTML, like Gecko) Chrome/59.0.3071.125 Mobile Safari/537.36"
213.162.68.6 - - [23/Jul/2017:08:39:00 +0200] "GET /img/mobile/bg-header.jpg HTTP/1.1" 200 19741 "http://www.easydrivers.at/css/mobile.css" "Mozilla/5.0 (Linux; Android 7.0; VTR-L09 Build/HUAWEIVTR-L09) AppleWebKit/537.36 (KHTML, like Gecko) Chrome/59.0.3071.125 Mobile Safari/537.36"
213.162.68.6 - - [23/Jul/2017:08:39:00 +0200] "GET /img/mobile/facebook-icon.png HTTP/1.1" 200 1902 "http://www.easydrivers.at/fuehrerscheine/motorrad" "Mozilla/5.0 (Linux; Android 7.0; VTR-L09 Build/HUAWEIVTR-L09) AppleWebKit/537.36 (KHTML, like Gecko) Chrome/59.0.3071.125 Mobile Safari/537.36"
213.162.68.6 - - [23/Jul/2017:08:39:00 +0200] "GET /img/mobile/bg-yellow.jpg HTTP/1.1" 200 1569 "http://www.easydrivers.at/css/mobile.css" "Mozilla/5.0 (Linux; Android 7.0; VTR-L09 Build/HUAWEIVTR-L09) AppleWebKit/537.36 (KHTML, like Gecko) Chrome/59.0.3071.125 Mobile Safari/537.36"
213.162.68.6 - - [23/Jul/2017:08:39:00 +0200] "GET /img/mobile/weiter-button.png HTTP/1.1" 200 1670 "http://www.easydrivers.at/css/mobile.css" "Mozilla/5.0 (Linux; Android 7.0; VTR-L09 Build/HUAWEIVTR-L09) AppleWebKit/537.36 (KHTML, like Gecko) Chrome/59.0.3071.125 Mobile Safari/537.36"
213.162.68.6 - - [23/Jul/2017:08:39:01 +0200] "GET /img/favicon.ico HTTP/1.1" 404 300 "http://www.easydrivers.at/fuehrerscheine/motorrad" "Mozilla/5.0 (Linux; Android 7.0; VTR-L09 Build/HUAWEIVTR-L09) AppleWebKit/537.36 (KHTML, like Gecko) Chrome/59.0.3071.125 Mobile Safari/537.36"
213.162.68.6 - - [23/Jul/2017:08:39:14 +0200] "GET /img/mobile/pfeil-links-small.png HTTP/1.1" 200 1065 "http://www.easydrivers.at/css/mobile.css" "Mozilla/5.0 (Linux; Android 7.0; VTR-L09 Build/HUAWEIVTR-L09) AppleWebKit/537.36 (KHTML, like Gecko) Chrome/59.0.3071.125 Mobile Safari/537.36"
213.162.68.6 - - [23/Jul/2017:08:39:14 +0200] "GET /img/mobile/pfeil-rechts-small.png HTTP/1.1" 200 1056 "http://www.easydrivers.at/css/mobile.css" "Mozilla/5.0 (Linux; Android 7.0; VTR-L09 Build/HUAWEIVTR-L09) AppleWebKit/537.36 (KHTML, like Gecko) Chrome/59.0.3071.125 Mobile Safari/537.36"
178.165.128.198 - - [23/Jul/2017:08:39:21 +0200] "GET /waidhofen.ybbs HTTP/1.1" 200 2953 "https://www.google.at/" "Mozilla/5.0 (Linux; Android 6.0; ALE-L21 Build/HuaweiALE-L21) AppleWebKit/537.36 (KHTML, like Gecko) Chrome/50.0.2661.89 Mobile Safari/537.36"
178.165.128.198 - - [23/Jul/2017:08:39:24 +0200] "GET /css/mobile.css HTTP/1.1" 200 2852 "http://www.easydrivers.at/waidhofen.ybbs" "Mozilla/5.0 (Linux; Android 6.0; ALE-L21 Build/HuaweiALE-L21) AppleWebKit/537.36 (KHTML, like Gecko) Chrome/50.0.2661.89 Mobile Safari/537.36"
178.165.128.198 - - [23/Jul/2017:08:39:25 +0200] "GET /javascript/jquery.cookie.js HTTP/1.1" 200 863 "http://www.easydrivers.at/waidhofen.ybbs" "Mozilla/5.0 (Linux; Android 6.0; ALE-L21 Build/HuaweiALE-L21) AppleWebKit/537.36 (KHTML, like Gecko) Chrome/50.0.2661.89 Mobile Safari/537.36"
178.165.128.198 - - [23/Jul/2017:08:39:25 +0200] "GET /javascript/mobile-menu.js HTTP/1.1" 200 1634 "http://www.easydrivers.at/waidhofen.ybbs" "Mozilla/5.0 (Linux; Android 6.0; ALE-L21 Build/HuaweiALE-L21) AppleWebKit/537.36 (KHTML, like Gecko) Chrome/50.0.2661.89 Mobile Safari/537.36"
178.165.128.198 - - [23/Jul/2017:08:39:25 +0200] "GET /javascript/jquery.simplemodal.js HTTP/1.1" 200 3070 "http://www.easydrivers.at/waidhofen.ybbs" "Mozilla/5.0 (Linux; Android 6.0; ALE-L21 Build/HuaweiALE-L21) AppleWebKit/537.36 (KHTML, like Gecko) Chrome/50.0.2661.89 Mobile Safari/537.36"
178.165.128.198 - - [23/Jul/2017:08:39:25 +0200] "GET /javascript/jquery-1.9.1.min.js HTTP/1.1" 200 32731 "http://www.easydrivers.at/waidhofen.ybbs" "Mozilla/5.0 (Linux; Android 6.0; ALE-L21 Build/HuaweiALE-L21) AppleWebKit/537.36 (KHTML, like Gecko) Chrome/50.0.2661.89 Mobile Safari/537.36"
178.165.128.198 - - [23/Jul/2017:08:39:29 +0200] "GET /javascript/mobile-fahrschule.js HTTP/1.1" 200 328 "http://www.easydrivers.at/waidhofen.ybbs" "Mozilla/5.0 (Linux; Android 6.0; ALE-L21 Build/HuaweiALE-L21) AppleWebKit/537.36 (KHTML, like Gecko) Chrome/50.0.2661.89 Mobile Safari/537.36"
178.165.128.198 - - [23/Jul/2017:08:39:30 +0200] "GET /img/mobile/bg-header.jpg HTTP/1.1" 200 19741 "http://www.easydrivers.at/css/mobile.css" "Mozilla/5.0 (Linux; Android 6.0; ALE-L21 Build/HuaweiALE-L21) AppleWebKit/537.36 (KHTML, like Gecko) Chrome/50.0.2661.89 Mobile Safari/537.36"
194.96.95.161 - - [23/Jul/2017:08:39:28 +0200] "GET /st.poelten?gclid=EAIaIQobChMI38XFreWe1QIVZ7vtCh0PkQhyEAAYASAAEgI2jfD_BwE HTTP/1.1" 200 3648 "https://www.google.at/" "Mozilla/5.0 (Windows NT 10.0) AppleWebKit/537.36 (KHTML, like Gecko) Chrome/59.0.3071.115 Safari/537.36"
194.96.95.161 - - [23/Jul/2017:08:39:30 +0200] "GET /css/style.css HTTP/1.1" 200 5004 "http://www.easydrivers.at/st.poelten?gclid=EAIaIQobChMI38XFreWe1QIVZ7vtCh0PkQhyEAAYASAAEgI2jfD_BwE" "Mozilla/5.0 (Windows NT 10.0) AppleWebKit/537.36 (KHTML, like Gecko) Chrome/59.0.3071.115 Safari/537.36"
194.96.95.161 - - [23/Jul/2017:08:39:30 +0200] "GET /javascript/jquery.customSelect.min.js HTTP/1.1" 200 912 "http://www.easydrivers.at/st.poelten?gclid=EAIaIQobChMI38XFreWe1QIVZ7vtCh0PkQhyEAAYASAAEgI2jfD_BwE" "Mozilla/5.0 (Windows NT 10.0) AppleWebKit/537.36 (KHTML, like Gecko) Chrome/59.0.3071.115 Safari/537.36"
194.96.95.161 - - [23/Jul/2017:08:39:30 +0200] "GET /javascript/jquery.simplemodal.js HTTP/1.1" 200 3070 "http://www.easydrivers.at/st.poelten?gclid=EAIaIQobChMI38XFreWe1QIVZ7vtCh0PkQhyEAAYASAAEgI2jfD_BwE" "Mozilla/5.0 (Windows NT 10.0) AppleWebKit/537.36 (KHTML, like Gecko) Chrome/59.0.3071.115 Safari/537.36"
194.96.95.161 - - [23/Jul/2017:08:39:30 +0200] "GET /javascript/jquery.cookie.js HTTP/1.1" 200 863 "http://www.easydrivers.at/st.poelten?gclid=EAIaIQobChMI38XFreWe1QIVZ7vtCh0PkQhyEAAYASAAEgI2jfD_BwE" "Mozilla/5.0 (Windows NT 10.0) AppleWebKit/537.36 (KHTML, like Gecko) Chrome/59.0.3071.115 Safari/537.36"
178.165.128.198 - - [23/Jul/2017:08:39:30 +0200] "GET /img/mobile/info-button.png HTTP/1.1" 200 1549 "http://www.easydrivers.at/waidhofen.ybbs" "Mozilla/5.0 (Linux; Android 6.0; ALE-L21 Build/HuaweiALE-L21) AppleWebKit/537.36 (KHTML, like Gecko) Chrome/50.0.2661.89 Mobile Safari/537.36"
194.96.95.161 - - [23/Jul/2017:08:39:30 +0200] "GET /javascript/portal.js?1221842734 HTTP/1.1" 200 3529 "http://www.easydrivers.at/st.poelten?gclid=EAIaIQobChMI38XFreWe1QIVZ7vtCh0PkQhyEAAYASAAEgI2jfD_BwE" "Mozilla/5.0 (Windows NT 10.0) AppleWebKit/537.36 (KHTML, like Gecko) Chrome/59.0.3071.115 Safari/537.36"
194.96.95.161 - - [23/Jul/2017:08:39:30 +0200] "GET /javascript/fahrschule.js HTTP/1.1" 200 462 "http://www.easydrivers.at/st.poelten?gclid=EAIaIQobChMI38XFreWe1QIVZ7vtCh0PkQhyEAAYASAAEgI2jfD_BwE" "Mozilla/5.0 (Windows NT 10.0) AppleWebKit/537.36 (KHTML, like Gecko) Chrome/59.0.3071.115 Safari/537.36"
178.165.128.198 - - [23/Jul/2017:08:39:30 +0200] "GET /img/mobile/pfeil-rechts.png HTTP/1.1" 200 1228 "http://www.easydrivers.at/css/mobile.css" "Mozilla/5.0 (Linux; Android 6.0; ALE-L21 Build/HuaweiALE-L21) AppleWebKit/537.36 (KHTML, like Gecko) Chrome/50.0.2661.89 Mobile Safari/537.36"
194.96.95.161 - - [23/Jul/2017:08:39:30 +0200] "GET /javascript/lazyload.js HTTP/1.1" 200 1170 "http://www.easydrivers.at/st.poelten?gclid=EAIaIQobChMI38XFreWe1QIVZ7vtCh0PkQhyEAAYASAAEgI2jfD_BwE" "Mozilla/5.0 (Windows NT 10.0) AppleWebKit/537.36 (KHTML, like Gecko) Chrome/59.0.3071.115 Safari/537.36"
194.96.95.161 - - [23/Jul/2017:08:39:30 +0200] "GET /img/close-button.png HTTP/1.1" 200 2237 "http://www.easydrivers.at/st.poelten?gclid=EAIaIQobChMI38XFreWe1QIVZ7vtCh0PkQhyEAAYASAAEgI2jfD_BwE" "Mozilla/5.0 (Windows NT 10.0) AppleWebKit/537.36 (KHTML, like Gecko) Chrome/59.0.3071.115 Safari/537.36"
194.96.95.161 - - [23/Jul/2017:08:39:30 +0200] "GET /img/facebook-icon.png HTTP/1.1" 200 1506 "http://www.easydrivers.at/st.poelten?gclid=EAIaIQobChMI38XFreWe1QIVZ7vtCh0PkQhyEAAYASAAEgI2jfD_BwE" "Mozilla/5.0 (Windows NT 10.0) AppleWebKit/537.36 (KHTML, like Gecko) Chrome/59.0.3071.115 Safari/537.36"
194.96.95.161 - - [23/Jul/2017:08:39:30 +0200] "GET /img/info-button.png HTTP/1.1" 200 738 "http://www.easydrivers.at/st.poelten?gclid=EAIaIQobChMI38XFreWe1QIVZ7vtCh0PkQhyEAAYASAAEgI2jfD_BwE" "Mozilla/5.0 (Windows NT 10.0) AppleWebKit/537.36 (KHTML, like Gecko) Chrome/59.0.3071.115 Safari/537.36"
194.96.95.161 - - [23/Jul/2017:08:39:30 +0200] "GET /img/locator-icon.png HTTP/1.1" 200 1377 "http://www.easydrivers.at/st.poelten?gclid=EAIaIQobChMI38XFreWe1QIVZ7vtCh0PkQhyEAAYASAAEgI2jfD_BwE" "Mozilla/5.0 (Windows NT 10.0) AppleWebKit/537.36 (KHTML, like Gecko) Chrome/59.0.3071.115 Safari/537.36"
194.96.95.161 - - [23/Jul/2017:08:39:30 +0200] "GET /img/close-button-small.png HTTP/1.1" 200 1671 "http://www.easydrivers.at/st.poelten?gclid=EAIaIQobChMI38XFreWe1QIVZ7vtCh0PkQhyEAAYASAAEgI2jfD_BwE" "Mozilla/5.0 (Windows NT 10.0) AppleWebKit/537.36 (KHTML, like Gecko) Chrome/59.0.3071.115 Safari/537.36"
194.96.95.161 - - [23/Jul/2017:08:39:30 +0200] "GET /img/submit-button.png HTTP/1.1" 200 1958 "http://www.easydrivers.at/st.poelten?gclid=EAIaIQobChMI38XFreWe1QIVZ7vtCh0PkQhyEAAYASAAEgI2jfD_BwE" "Mozilla/5.0 (Windows NT 10.0) AppleWebKit/537.36 (KHTML, like Gecko) Chrome/59.0.3071.115 Safari/537.36"
194.96.95.161 - - [23/Jul/2017:08:39:31 +0200] "GET /img/purple-dots-horizontal.png HTTP/1.1" 200 977 "http://www.easydrivers.at/css/style.css" "Mozilla/5.0 (Windows NT 10.0) AppleWebKit/537.36 (KHTML, like Gecko) Chrome/59.0.3071.115 Safari/537.36"
194.96.95.161 - - [23/Jul/2017:08:39:31 +0200] "GET /img/yellow-dots-vertical.png HTTP/1.1" 200 981 "http://www.easydrivers.at/css/style.css" "Mozilla/5.0 (Windows NT 10.0) AppleWebKit/537.36 (KHTML, like Gecko) Chrome/59.0.3071.115 Safari/537.36"
194.96.95.161 - - [23/Jul/2017:08:39:31 +0200] "GET /img/ED_Logo.png HTTP/1.1" 200 3385 "http://www.easydrivers.at/css/style.css" "Mozilla/5.0 (Windows NT 10.0) AppleWebKit/537.36 (KHTML, like Gecko) Chrome/59.0.3071.115 Safari/537.36"
194.96.95.161 - - [23/Jul/2017:08:39:31 +0200] "GET /binaries/easy-drivers-zwettl/partnerbonuspng.png HTTP/1.1" 200 8241 "http://www.easydrivers.at/st.poelten?gclid=EAIaIQobChMI38XFreWe1QIVZ7vtCh0PkQhyEAAYASAAEgI2jfD_BwE" "Mozilla/5.0 (Windows NT 10.0) AppleWebKit/537.36 (KHTML, like Gecko) Chrome/59.0.3071.115 Safari/537.36"
194.96.95.161 - - [23/Jul/2017:08:39:31 +0200] "GET /img/empty.gif HTTP/1.1" 200 43 "http://www.easydrivers.at/st.poelten?gclid=EAIaIQobChMI38XFreWe1QIVZ7vtCh0PkQhyEAAYASAAEgI2jfD_BwE" "Mozilla/5.0 (Windows NT 10.0) AppleWebKit/537.36 (KHTML, like Gecko) Chrome/59.0.3071.115 Safari/537.36"
178.165.128.198 - - [23/Jul/2017:08:39:31 +0200] "GET /javascript/lazyload.js HTTP/1.1" 200 1170 "http://www.easydrivers.at/waidhofen.ybbs" "Mozilla/5.0 (Linux; Android 6.0; ALE-L21 Build/HuaweiALE-L21) AppleWebKit/537.36 (KHTML, like Gecko) Chrome/50.0.2661.89 Mobile Safari/537.36"
194.96.95.161 - - [23/Jul/2017:08:39:31 +0200] "GET /binaries/easy-drivers-portal/widget-icon-trainingpng.png HTTP/1.1" 200 2662 "http://www.easydrivers.at/st.poelten?gclid=EAIaIQobChMI38XFreWe1QIVZ7vtCh0PkQhyEAAYASAAEgI2jfD_BwE" "Mozilla/5.0 (Windows NT 10.0) AppleWebKit/537.36 (KHTML, like Gecko) Chrome/59.0.3071.115 Safari/537.36"
194.96.95.161 - - [23/Jul/2017:08:39:31 +0200] "GET /binaries/easy-drivers-st-p/whatsappgrafikpng.png HTTP/1.1" 200 8909 "http://www.easydrivers.at/st.poelten?gclid=EAIaIQobChMI38XFreWe1QIVZ7vtCh0PkQhyEAAYASAAEgI2jfD_BwE" "Mozilla/5.0 (Windows NT 10.0) AppleWebKit/537.36 (KHTML, like Gecko) Chrome/59.0.3071.115 Safari/537.36"
194.96.95.161 - - [23/Jul/2017:08:39:31 +0200] "GET /img/bg-header.jpg HTTP/1.1" 200 38680 "http://www.easydrivers.at/css/style.css" "Mozilla/5.0 (Windows NT 10.0) AppleWebKit/537.36 (KHTML, like Gecko) Chrome/59.0.3071.115 Safari/537.36"
194.96.95.161 - - [23/Jul/2017:08:39:31 +0200] "GET /binaries/easy-drivers-portal/widgetfrequencypng-1.png HTTP/1.1" 200 34655 "http://www.easydrivers.at/st.poelten?gclid=EAIaIQobChMI38XFreWe1QIVZ7vtCh0PkQhyEAAYASAAEgI2jfD_BwE" "Mozilla/5.0 (Windows NT 10.0) AppleWebKit/537.36 (KHTML, like Gecko) Chrome/59.0.3071.115 Safari/537.36"
194.96.95.161 - - [23/Jul/2017:08:39:31 +0200] "GET /img/schweiz-icon.png HTTP/1.1" 200 1504 "http://www.easydrivers.at/st.poelten?gclid=EAIaIQobChMI38XFreWe1QIVZ7vtCh0PkQhyEAAYASAAEgI2jfD_BwE" "Mozilla/5.0 (Windows NT 10.0) AppleWebKit/537.36 (KHTML, like Gecko) Chrome/59.0.3071.115 Safari/537.36"
194.96.95.161 - - [23/Jul/2017:08:39:31 +0200] "GET /img/bg-footer.jpg HTTP/1.1" 200 31770 "http://www.easydrivers.at/css/style.css" "Mozilla/5.0 (Windows NT 10.0) AppleWebKit/537.36 (KHTML, like Gecko) Chrome/59.0.3071.115 Safari/537.36"
194.96.95.161 - - [23/Jul/2017:08:39:31 +0200] "GET /img/bg-top-section.jpg HTTP/1.1" 200 82172 "http://www.easydrivers.at/css/style.css" "Mozilla/5.0 (Windows NT 10.0) AppleWebKit/537.36 (KHTML, like Gecko) Chrome/59.0.3071.115 Safari/537.36"
194.96.95.161 - - [23/Jul/2017:08:39:31 +0200] "GET /img/kursicon-print-pink.png HTTP/1.1" 200 1125 "http://www.easydrivers.at/st.poelten?gclid=EAIaIQobChMI38XFreWe1QIVZ7vtCh0PkQhyEAAYASAAEgI2jfD_BwE" "Mozilla/5.0 (Windows NT 10.0) AppleWebKit/537.36 (KHTML, like Gecko) Chrome/59.0.3071.115 Safari/537.36"
194.96.95.161 - - [23/Jul/2017:08:39:31 +0200] "GET /img/kursicon-download-pink.png HTTP/1.1" 200 1213 "http://www.easydrivers.at/st.poelten?gclid=EAIaIQobChMI38XFreWe1QIVZ7vtCh0PkQhyEAAYASAAEgI2jfD_BwE" "Mozilla/5.0 (Windows NT 10.0) AppleWebKit/537.36 (KHTML, like Gecko) Chrome/59.0.3071.115 Safari/537.36"
194.96.95.161 - - [23/Jul/2017:08:39:31 +0200] "GET /img/kursicon-share-pink.png HTTP/1.1" 200 1277 "http://www.easydrivers.at/st.poelten?gclid=EAIaIQobChMI38XFreWe1QIVZ7vtCh0PkQhyEAAYASAAEgI2jfD_BwE" "Mozilla/5.0 (Windows NT 10.0) AppleWebKit/537.36 (KHTML, like Gecko) Chrome/59.0.3071.115 Safari/537.36"
194.96.95.161 - - [23/Jul/2017:08:39:31 +0200] "GET /img/kursicon-phone-pink.png HTTP/1.1" 200 1286 "http://www.easydrivers.at/st.poelten?gclid=EAIaIQobChMI38XFreWe1QIVZ7vtCh0PkQhyEAAYASAAEgI2jfD_BwE" "Mozilla/5.0 (Windows NT 10.0) AppleWebKit/537.36 (KHTML, like Gecko) Chrome/59.0.3071.115 Safari/537.36"
194.96.95.161 - - [23/Jul/2017:08:39:31 +0200] "GET /css/print.css HTTP/1.1" 200 967 "http://www.easydrivers.at/st.poelten?gclid=EAIaIQobChMI38XFreWe1QIVZ7vtCh0PkQhyEAAYASAAEgI2jfD_BwE" "Mozilla/5.0 (Windows NT 10.0) AppleWebKit/537.36 (KHTML, like Gecko) Chrome/59.0.3071.115 Safari/537.36"
194.96.95.161 - - [23/Jul/2017:08:39:31 +0200] "GET /img/new_favicon.ico HTTP/1.1" 200 1150 "http://www.easydrivers.at/st.poelten?gclid=EAIaIQobChMI38XFreWe1QIVZ7vtCh0PkQhyEAAYASAAEgI2jfD_BwE" "Mozilla/5.0 (Windows NT 10.0) AppleWebKit/537.36 (KHTML, like Gecko) Chrome/59.0.3071.115 Safari/537.36"
178.165.128.198 - - [23/Jul/2017:08:39:31 +0200] "GET /img/mobile/easydrivers-logo-mobile.png HTTP/1.1" 200 10766 "http://www.easydrivers.at/waidhofen.ybbs" "Mozilla/5.0 (Linux; Android 6.0; ALE-L21 Build/HuaweiALE-L21) AppleWebKit/537.36 (KHTML, like Gecko) Chrome/50.0.2661.89 Mobile Safari/537.36"
178.165.128.198 - - [23/Jul/2017:08:39:33 +0200] "GET /img/mobile/menu-button.png HTTP/1.1" 200 1746 "http://www.easydrivers.at/waidhofen.ybbs" "Mozilla/5.0 (Linux; Android 6.0; ALE-L21 Build/HuaweiALE-L21) AppleWebKit/537.36 (KHTML, like Gecko) Chrome/50.0.2661.89 Mobile Safari/537.36"
178.165.128.198 - - [23/Jul/2017:08:39:33 +0200] "GET /img/mobile/close-button.png HTTP/1.1" 200 2411 "http://www.easydrivers.at/waidhofen.ybbs" "Mozilla/5.0 (Linux; Android 6.0; ALE-L21 Build/HuaweiALE-L21) AppleWebKit/537.36 (KHTML, like Gecko) Chrome/50.0.2661.89 Mobile Safari/537.36"
178.165.128.198 - - [23/Jul/2017:08:39:31 +0200] "GET /img/mobile/bg-top-section.jpg HTTP/1.1" 200 21711 "http://www.easydrivers.at/css/mobile.css" "Mozilla/5.0 (Linux; Android 6.0; ALE-L21 Build/HuaweiALE-L21) AppleWebKit/537.36 (KHTML, like Gecko) Chrome/50.0.2661.89 Mobile Safari/537.36"
178.165.128.198 - - [23/Jul/2017:08:39:33 +0200] "GET /img/mobile/facebook-icon.png HTTP/1.1" 200 1902 "http://www.easydrivers.at/waidhofen.ybbs" "Mozilla/5.0 (Linux; Android 6.0; ALE-L21 Build/HuaweiALE-L21) AppleWebKit/537.36 (KHTML, like Gecko) Chrome/50.0.2661.89 Mobile Safari/537.36"
178.165.128.198 - - [23/Jul/2017:08:39:37 +0200] "GET /img/mobile/info-close-button.png HTTP/1.1" 200 1721 "http://www.easydrivers.at/waidhofen.ybbs" "Mozilla/5.0 (Linux; Android 6.0; ALE-L21 Build/HuaweiALE-L21) AppleWebKit/537.36 (KHTML, like Gecko) Chrome/50.0.2661.89 Mobile Safari/537.36"
178.165.128.198 - - [23/Jul/2017:08:39:37 +0200] "GET /img/smallicon-person.png HTTP/1.1" 200 1141 "http://www.easydrivers.at/waidhofen.ybbs" "Mozilla/5.0 (Linux; Android 6.0; ALE-L21 Build/HuaweiALE-L21) AppleWebKit/537.36 (KHTML, like Gecko) Chrome/50.0.2661.89 Mobile Safari/537.36"
178.165.128.198 - - [23/Jul/2017:08:39:37 +0200] "GET /img/smallicon-address.png HTTP/1.1" 200 1211 "http://www.easydrivers.at/waidhofen.ybbs" "Mozilla/5.0 (Linux; Android 6.0; ALE-L21 Build/HuaweiALE-L21) AppleWebKit/537.36 (KHTML, like Gecko) Chrome/50.0.2661.89 Mobile Safari/537.36"
178.165.128.198 - - [23/Jul/2017:08:39:37 +0200] "GET /img/mobile/googlemaps-pin.png HTTP/1.1" 200 1597 "http://www.easydrivers.at/waidhofen.ybbs" "Mozilla/5.0 (Linux; Android 6.0; ALE-L21 Build/HuaweiALE-L21) AppleWebKit/537.36 (KHTML, like Gecko) Chrome/50.0.2661.89 Mobile Safari/537.36"
178.165.128.198 - - [23/Jul/2017:08:39:38 +0200] "GET /img/smallicon-time.png HTTP/1.1" 200 1262 "http://www.easydrivers.at/waidhofen.ybbs" "Mozilla/5.0 (Linux; Android 6.0; ALE-L21 Build/HuaweiALE-L21) AppleWebKit/537.36 (KHTML, like Gecko) Chrome/50.0.2661.89 Mobile Safari/537.36"
178.165.128.198 - - [23/Jul/2017:08:39:38 +0200] "GET /img/smallicon-phone.png HTTP/1.1" 200 3056 "http://www.easydrivers.at/waidhofen.ybbs" "Mozilla/5.0 (Linux; Android 6.0; ALE-L21 Build/HuaweiALE-L21) AppleWebKit/537.36 (KHTML, like Gecko) Chrome/50.0.2661.89 Mobile Safari/537.36"
178.165.128.198 - - [23/Jul/2017:08:39:39 +0200] "GET /img/smallicon-mail.png HTTP/1.1" 200 1341 "http://www.easydrivers.at/waidhofen.ybbs" "Mozilla/5.0 (Linux; Android 6.0; ALE-L21 Build/HuaweiALE-L21) AppleWebKit/537.36 (KHTML, like Gecko) Chrome/50.0.2661.89 Mobile Safari/537.36"
178.165.128.198 - - [23/Jul/2017:08:39:39 +0200] "GET /img/mobile/widget-icon-app.png HTTP/1.1" 200 3458 "http://www.easydrivers.at/waidhofen.ybbs" "Mozilla/5.0 (Linux; Android 6.0; ALE-L21 Build/HuaweiALE-L21) AppleWebKit/537.36 (KHTML, like Gecko) Chrome/50.0.2661.89 Mobile Safari/537.36"
194.96.95.161 - - [23/Jul/2017:08:39:39 +0200] "GET /img/loading-bars.gif HTTP/1.1" 200 3951 "http://www.easydrivers.at/css/style.css" "Mozilla/5.0 (Windows NT 10.0) AppleWebKit/537.36 (KHTML, like Gecko) Chrome/59.0.3071.115 Safari/537.36"
178.165.128.198 - - [23/Jul/2017:08:39:39 +0200] "GET /img/mobile/bg-menu.jpg HTTP/1.1" 200 1698 "http://www.easydrivers.at/css/mobile.css" "Mozilla/5.0 (Linux; Android 6.0; ALE-L21 Build/HuaweiALE-L21) AppleWebKit/537.36 (KHTML, like Gecko) Chrome/50.0.2661.89 Mobile Safari/537.36"
194.96.95.161 - - [23/Jul/2017:08:39:39 +0200] "POST /st.poelten/kursauswahl HTTP/1.1" 200 4091 "http://www.easydrivers.at/st.poelten?gclid=EAIaIQobChMI38XFreWe1QIVZ7vtCh0PkQhyEAAYASAAEgI2jfD_BwE" "Mozilla/5.0 (Windows NT 10.0) AppleWebKit/537.36 (KHTML, like Gecko) Chrome/59.0.3071.115 Safari/537.36"
194.96.95.161 - - [23/Jul/2017:08:39:41 +0200] "GET /css/showLoading.css HTTP/1.1" 200 219 "http://www.easydrivers.at/st.poelten/kursauswahl" "Mozilla/5.0 (Windows NT 10.0) AppleWebKit/537.36 (KHTML, like Gecko) Chrome/59.0.3071.115 Safari/537.36"
194.96.95.161 - - [23/Jul/2017:08:39:41 +0200] "GET /javascript/jquery.showLoading.min.js HTTP/1.1" 200 1136 "http://www.easydrivers.at/st.poelten/kursauswahl" "Mozilla/5.0 (Windows NT 10.0) AppleWebKit/537.36 (KHTML, like Gecko) Chrome/59.0.3071.115 Safari/537.36"
194.96.95.161 - - [23/Jul/2017:08:39:41 +0200] "GET /img/top-image-overlay.png HTTP/1.1" 200 20650 "http://www.easydrivers.at/css/style.css" "Mozilla/5.0 (Windows NT 10.0) AppleWebKit/537.36 (KHTML, like Gecko) Chrome/59.0.3071.115 Safari/537.36"
194.96.95.161 - - [23/Jul/2017:08:39:41 +0200] "GET /img/arrow-left.png HTTP/1.1" 200 1015 "http://www.easydrivers.at/css/style.css" "Mozilla/5.0 (Windows NT 10.0) AppleWebKit/537.36 (KHTML, like Gecko) Chrome/59.0.3071.115 Safari/537.36"
194.96.95.161 - - [23/Jul/2017:08:39:41 +0200] "GET /img/bg-yellow.jpg HTTP/1.1" 200 2250 "http://www.easydrivers.at/css/style.css" "Mozilla/5.0 (Windows NT 10.0) AppleWebKit/537.36 (KHTML, like Gecko) Chrome/59.0.3071.115 Safari/537.36"
194.96.95.161 - - [23/Jul/2017:08:39:41 +0200] "GET /binaries/easy-drivers-portal/moped1jpg.jpg HTTP/1.1" 200 60962 "http://www.easydrivers.at/st.poelten/kursauswahl" "Mozilla/5.0 (Windows NT 10.0) AppleWebKit/537.36 (KHTML, like Gecko) Chrome/59.0.3071.115 Safari/537.36"
194.96.95.161 - - [23/Jul/2017:08:39:41 +0200] "GET /javascript/jquery.base64.min.js HTTP/1.1" 200 37135 "http://www.easydrivers.at/st.poelten/kursauswahl" "Mozilla/5.0 (Windows NT 10.0) AppleWebKit/537.36 (KHTML, like Gecko) Chrome/59.0.3071.115 Safari/537.36"
178.165.128.198 - - [23/Jul/2017:08:39:42 +0200] "GET /img/favicon.ico HTTP/1.1" 404 300 "http://www.easydrivers.at/waidhofen.ybbs" "Mozilla/5.0 (Linux; Android 6.0; ALE-L21 Build/HuaweiALE-L21) AppleWebKit/537.36 (KHTML, like Gecko) Chrome/50.0.2661.89 Mobile Safari/537.36"
178.165.128.198 - - [23/Jul/2017:08:39:42 +0200] "GET /waidhofen.ybbs HTTP/1.1" 200 2953 "http://www.easydrivers.at/waidhofen.ybbs" "Mozilla/5.0 (Linux; Android 6.0; ALE-L21 Build/HuaweiALE-L21) AppleWebKit/537.36 (KHTML, like Gecko) Chrome/50.0.2661.89 Mobile Safari/537.36"
178.165.128.198 - - [23/Jul/2017:08:39:43 +0200] "GET /waidhofen.ybbs HTTP/1.1" 200 2953 "http://www.easydrivers.at/waidhofen.ybbs" "Mozilla/5.0 (Linux; Android 6.0; ALE-L21 Build/HuaweiALE-L21) AppleWebKit/537.36 (KHTML, like Gecko) Chrome/50.0.2661.89 Mobile Safari/537.36"
193.169.135.170 - - [23/Jul/2017:08:39:48 +0200] "GET /vbseocp.php HTTP/1.1" 301 301 "-" "Mozilla/5.0 (Windows NT 6.1; WOW64) AppleWebKit/537.36 (KHTML, like Gecko) Chrome/36.0.1985.143 Safari/537.36"
193.169.135.170 - - [23/Jul/2017:08:39:49 +0200] "GET /vbseocp.php HTTP/1.1" 404 2655 "http://easydrivers.at/vbseocp.php" "Go-http-client/1.1"
178.165.128.198 - - [23/Jul/2017:08:39:59 +0200] "GET / HTTP/1.1" 200 3563 "http://www.easydrivers.at/waidhofen.ybbs" "Mozilla/5.0 (Linux; Android 6.0; ALE-L21 Build/HuaweiALE-L21) AppleWebKit/537.36 (KHTML, like Gecko) Chrome/50.0.2661.89 Mobile Safari/537.36"
178.165.128.198 - - [23/Jul/2017:08:40:01 +0200] "GET /javascript/mobile-homesearch.js HTTP/1.1" 200 340 "http://www.easydrivers.at/" "Mozilla/5.0 (Linux; Android 6.0; ALE-L21 Build/HuaweiALE-L21) AppleWebKit/537.36 (KHTML, like Gecko) Chrome/50.0.2661.89 Mobile Safari/537.36"
194.96.95.161 - - [23/Jul/2017:08:40:01 +0200] "GET /fuehrerscheine/mofa HTTP/1.1" 200 2723 "http://www.easydrivers.at/st.poelten/kursauswahl" "Mozilla/5.0 (Windows NT 10.0) AppleWebKit/537.36 (KHTML, like Gecko) Chrome/59.0.3071.115 Safari/537.36"
194.96.95.161 - - [23/Jul/2017:08:40:02 +0200] "GET /javascript/license.js HTTP/1.1" 200 315 "http://www.easydrivers.at/fuehrerscheine/mofa" "Mozilla/5.0 (Windows NT 10.0) AppleWebKit/537.36 (KHTML, like Gecko) Chrome/59.0.3071.115 Safari/537.36"
194.96.95.161 - - [23/Jul/2017:08:40:02 +0200] "GET /img/submit-button-small.png HTTP/1.1" 200 1456 "http://www.easydrivers.at/css/style.css" "Mozilla/5.0 (Windows NT 10.0) AppleWebKit/537.36 (KHTML, like Gecko) Chrome/59.0.3071.115 Safari/537.36"
178.165.128.198 - - [23/Jul/2017:08:40:11 +0200] "GET /fahrschulen HTTP/1.1" 200 2459 "http://www.easydrivers.at/" "Mozilla/5.0 (Linux; Android 6.0; ALE-L21 Build/HuaweiALE-L21) AppleWebKit/537.36 (KHTML, like Gecko) Chrome/50.0.2661.89 Mobile Safari/537.36"
178.165.128.198 - - [23/Jul/2017:08:40:14 +0200] "GET /javascript/mobile-fahrschulen.js HTTP/1.1" 200 404 "http://www.easydrivers.at/fahrschulen" "Mozilla/5.0 (Linux; Android 6.0; ALE-L21 Build/HuaweiALE-L21) AppleWebKit/537.36 (KHTML, like Gecko) Chrome/50.0.2661.89 Mobile Safari/537.36"
194.96.95.161 - - [23/Jul/2017:08:40:14 +0200] "GET /fuehrerscheine/mofa/AM-M HTTP/1.1" 200 3470 "http://www.easydrivers.at/fuehrerscheine/mofa" "Mozilla/5.0 (Windows NT 10.0) AppleWebKit/537.36 (KHTML, like Gecko) Chrome/59.0.3071.115 Safari/537.36"
194.96.95.161 - - [23/Jul/2017:08:40:15 +0200] "GET /javascript/product.js HTTP/1.1" 200 139 "http://www.easydrivers.at/fuehrerscheine/mofa/AM-M" "Mozilla/5.0 (Windows NT 10.0) AppleWebKit/537.36 (KHTML, like Gecko) Chrome/59.0.3071.115 Safari/537.36"
194.96.95.161 - - [23/Jul/2017:08:40:15 +0200] "GET /img/arrow-up.png HTTP/1.1" 200 1081 "http://www.easydrivers.at/css/style.css" "Mozilla/5.0 (Windows NT 10.0) AppleWebKit/537.36 (KHTML, like Gecko) Chrome/59.0.3071.115 Safari/537.36"
194.96.95.161 - - [23/Jul/2017:08:40:15 +0200] "GET /binaries/easy-drivers-portal/moped4jpg.jpg HTTP/1.1" 200 74241 "http://www.easydrivers.at/fuehrerscheine/mofa/AM-M" "Mozilla/5.0 (Windows NT 10.0) AppleWebKit/537.36 (KHTML, like Gecko) Chrome/59.0.3071.115 Safari/537.36"
178.165.128.198 - - [23/Jul/2017:08:40:16 +0200] "GET /img/mobile/pfeil-rechts-small.png HTTP/1.1" 200 1056 "http://www.easydrivers.at/css/mobile.css" "Mozilla/5.0 (Linux; Android 6.0; ALE-L21 Build/HuaweiALE-L21) AppleWebKit/537.36 (KHTML, like Gecko) Chrome/50.0.2661.89 Mobile Safari/537.36"
213.162.68.6 - - [23/Jul/2017:08:40:24 +0200] "POST / HTTP/1.1" 200 3569 "http://www.easydrivers.at/fuehrerscheine/motorrad" "Mozilla/5.0 (Linux; Android 7.0; VTR-L09 Build/HUAWEIVTR-L09) AppleWebKit/537.36 (KHTML, like Gecko) Chrome/59.0.3071.125 Mobile Safari/537.36"
213.162.68.6 - - [23/Jul/2017:08:40:25 +0200] "GET /javascript/mobile-homesearch.js HTTP/1.1" 200 340 "http://www.easydrivers.at/" "Mozilla/5.0 (Linux; Android 7.0; VTR-L09 Build/HUAWEIVTR-L09) AppleWebKit/537.36 (KHTML, like Gecko) Chrome/59.0.3071.125 Mobile Safari/537.36"
213.162.68.6 - - [23/Jul/2017:08:40:25 +0200] "GET /img/mobile/widget-icon-app.png HTTP/1.1" 200 3458 "http://www.easydrivers.at/" "Mozilla/5.0 (Linux; Android 7.0; VTR-L09 Build/HUAWEIVTR-L09) AppleWebKit/537.36 (KHTML, like Gecko) Chrome/59.0.3071.125 Mobile Safari/537.36"
213.162.68.6 - - [23/Jul/2017:08:40:25 +0200] "GET /img/mobile/bg-top-section.jpg HTTP/1.1" 200 21711 "http://www.easydrivers.at/css/mobile.css" "Mozilla/5.0 (Linux; Android 7.0; VTR-L09 Build/HUAWEIVTR-L09) AppleWebKit/537.36 (KHTML, like Gecko) Chrome/59.0.3071.125 Mobile Safari/537.36"
213.162.68.6 - - [23/Jul/2017:08:40:25 +0200] "GET /img/mobile/pfeil-rechts.png HTTP/1.1" 200 1228 "http://www.easydrivers.at/css/mobile.css" "Mozilla/5.0 (Linux; Android 7.0; VTR-L09 Build/HUAWEIVTR-L09) AppleWebKit/537.36 (KHTML, like Gecko) Chrome/59.0.3071.125 Mobile Safari/537.36"
178.165.128.198 - - [23/Jul/2017:08:40:34 +0200] "GET /img/loading-bars.gif HTTP/1.1" 200 3951 "http://www.easydrivers.at/css/mobile.css" "Mozilla/5.0 (Linux; Android 6.0; ALE-L21 Build/HuaweiALE-L21) AppleWebKit/537.36 (KHTML, like Gecko) Chrome/50.0.2661.89 Mobile Safari/537.36"
178.165.128.198 - - [23/Jul/2017:08:40:34 +0200] "POST /fahrschulen/3340 HTTP/1.1" 200 3095 "http://www.easydrivers.at/fahrschulen" "Mozilla/5.0 (Linux; Android 6.0; ALE-L21 Build/HuaweiALE-L21) AppleWebKit/537.36 (KHTML, like Gecko) Chrome/50.0.2661.89 Mobile Safari/537.36"
178.165.128.198 - - [23/Jul/2017:08:40:36 +0200] "GET /img/mobile/smallicon-address.png HTTP/1.1" 200 1424 "http://www.easydrivers.at/fahrschulen/3340" "Mozilla/5.0 (Linux; Android 6.0; ALE-L21 Build/HuaweiALE-L21) AppleWebKit/537.36 (KHTML, like Gecko) Chrome/50.0.2661.89 Mobile Safari/537.36"
178.165.128.198 - - [23/Jul/2017:08:40:37 +0200] "GET /img/mobile/weiter-button.png HTTP/1.1" 200 1670 "http://www.easydrivers.at/css/mobile.css" "Mozilla/5.0 (Linux; Android 6.0; ALE-L21 Build/HuaweiALE-L21) AppleWebKit/537.36 (KHTML, like Gecko) Chrome/50.0.2661.89 Mobile Safari/537.36"
178.165.128.198 - - [23/Jul/2017:08:40:37 +0200] "GET /img/mobile/smallicon-time.png HTTP/1.1" 200 1328 "http://www.easydrivers.at/fahrschulen/3340" "Mozilla/5.0 (Linux; Android 6.0; ALE-L21 Build/HuaweiALE-L21) AppleWebKit/537.36 (KHTML, like Gecko) Chrome/50.0.2661.89 Mobile Safari/537.36"
178.165.128.198 - - [23/Jul/2017:08:40:37 +0200] "GET /img/mobile/smallicon-phone.png HTTP/1.1" 200 1311 "http://www.easydrivers.at/fahrschulen/3340" "Mozilla/5.0 (Linux; Android 6.0; ALE-L21 Build/HuaweiALE-L21) AppleWebKit/537.36 (KHTML, like Gecko) Chrome/50.0.2661.89 Mobile Safari/537.36"
178.165.128.198 - - [23/Jul/2017:08:40:38 +0200] "GET /img/mobile/smallicon-mail.png HTTP/1.1" 200 1335 "http://www.easydrivers.at/fahrschulen/3340" "Mozilla/5.0 (Linux; Android 6.0; ALE-L21 Build/HuaweiALE-L21) AppleWebKit/537.36 (KHTML, like Gecko) Chrome/50.0.2661.89 Mobile Safari/537.36"
178.165.128.198 - - [23/Jul/2017:08:40:38 +0200] "GET /img/mobile/pfeil-links-small.png HTTP/1.1" 200 1065 "http://www.easydrivers.at/css/mobile.css" "Mozilla/5.0 (Linux; Android 6.0; ALE-L21 Build/HuaweiALE-L21) AppleWebKit/537.36 (KHTML, like Gecko) Chrome/50.0.2661.89 Mobile Safari/537.36"
178.165.128.198 - - [23/Jul/2017:08:40:38 +0200] "GET /img/mobile/bg-yellow.jpg HTTP/1.1" 200 1569 "http://www.easydrivers.at/css/mobile.css" "Mozilla/5.0 (Linux; Android 6.0; ALE-L21 Build/HuaweiALE-L21) AppleWebKit/537.36 (KHTML, like Gecko) Chrome/50.0.2661.89 Mobile Safari/537.36"
213.162.68.6 - - [23/Jul/2017:08:40:38 +0200] "GET /dornbirn HTTP/1.1" 200 3036 "http://www.easydrivers.at/" "Mozilla/5.0 (Linux; Android 7.0; VTR-L09 Build/HUAWEIVTR-L09) AppleWebKit/537.36 (KHTML, like Gecko) Chrome/59.0.3071.125 Mobile Safari/537.36"
213.162.68.6 - - [23/Jul/2017:08:40:40 +0200] "GET /javascript/mobile-fahrschule.js HTTP/1.1" 200 328 "http://www.easydrivers.at/dornbirn" "Mozilla/5.0 (Linux; Android 7.0; VTR-L09 Build/HUAWEIVTR-L09) AppleWebKit/537.36 (KHTML, like Gecko) Chrome/59.0.3071.125 Mobile Safari/537.36"
213.162.68.6 - - [23/Jul/2017:08:40:40 +0200] "GET /img/mobile/info-button.png HTTP/1.1" 200 1549 "http://www.easydrivers.at/dornbirn" "Mozilla/5.0 (Linux; Android 7.0; VTR-L09 Build/HUAWEIVTR-L09) AppleWebKit/537.36 (KHTML, like Gecko) Chrome/59.0.3071.125 Mobile Safari/537.36"
213.162.68.6 - - [23/Jul/2017:08:40:40 +0200] "GET /img/mobile/info-close-button.png HTTP/1.1" 200 1721 "http://www.easydrivers.at/dornbirn" "Mozilla/5.0 (Linux; Android 7.0; VTR-L09 Build/HUAWEIVTR-L09) AppleWebKit/537.36 (KHTML, like Gecko) Chrome/59.0.3071.125 Mobile Safari/537.36"
213.162.68.6 - - [23/Jul/2017:08:40:40 +0200] "GET /img/smallicon-person.png HTTP/1.1" 200 1141 "http://www.easydrivers.at/dornbirn" "Mozilla/5.0 (Linux; Android 7.0; VTR-L09 Build/HUAWEIVTR-L09) AppleWebKit/537.36 (KHTML, like Gecko) Chrome/59.0.3071.125 Mobile Safari/537.36"
213.162.68.6 - - [23/Jul/2017:08:40:40 +0200] "GET /img/smallicon-address.png HTTP/1.1" 200 1211 "http://www.easydrivers.at/dornbirn" "Mozilla/5.0 (Linux; Android 7.0; VTR-L09 Build/HUAWEIVTR-L09) AppleWebKit/537.36 (KHTML, like Gecko) Chrome/59.0.3071.125 Mobile Safari/537.36"
213.162.68.6 - - [23/Jul/2017:08:40:40 +0200] "GET /img/mobile/googlemaps-pin.png HTTP/1.1" 200 1597 "http://www.easydrivers.at/dornbirn" "Mozilla/5.0 (Linux; Android 7.0; VTR-L09 Build/HUAWEIVTR-L09) AppleWebKit/537.36 (KHTML, like Gecko) Chrome/59.0.3071.125 Mobile Safari/537.36"
213.162.68.6 - - [23/Jul/2017:08:40:40 +0200] "GET /img/smallicon-time.png HTTP/1.1" 200 1262 "http://www.easydrivers.at/dornbirn" "Mozilla/5.0 (Linux; Android 7.0; VTR-L09 Build/HUAWEIVTR-L09) AppleWebKit/537.36 (KHTML, like Gecko) Chrome/59.0.3071.125 Mobile Safari/537.36"
213.162.68.6 - - [23/Jul/2017:08:40:40 +0200] "GET /img/smallicon-phone.png HTTP/1.1" 200 3056 "http://www.easydrivers.at/dornbirn" "Mozilla/5.0 (Linux; Android 7.0; VTR-L09 Build/HUAWEIVTR-L09) AppleWebKit/537.36 (KHTML, like Gecko) Chrome/59.0.3071.125 Mobile Safari/537.36"
213.162.68.6 - - [23/Jul/2017:08:40:40 +0200] "GET /img/smallicon-mail.png HTTP/1.1" 200 1341 "http://www.easydrivers.at/dornbirn" "Mozilla/5.0 (Linux; Android 7.0; VTR-L09 Build/HUAWEIVTR-L09) AppleWebKit/537.36 (KHTML, like Gecko) Chrome/59.0.3071.125 Mobile Safari/537.36"
213.162.68.6 - - [23/Jul/2017:08:40:48 +0200] "POST /dornbirn/kursauswahl HTTP/1.1" 200 3011 "http://www.easydrivers.at/dornbirn" "Mozilla/5.0 (Linux; Android 7.0; VTR-L09 Build/HUAWEIVTR-L09) AppleWebKit/537.36 (KHTML, like Gecko) Chrome/59.0.3071.125 Mobile Safari/537.36"
213.162.68.6 - - [23/Jul/2017:08:40:50 +0200] "GET /javascript/mobile-fahrschule-kurs-suchergebnis.js HTTP/1.1" 200 274 "http://www.easydrivers.at/dornbirn/kursauswahl" "Mozilla/5.0 (Linux; Android 7.0; VTR-L09 Build/HUAWEIVTR-L09) AppleWebKit/537.36 (KHTML, like Gecko) Chrome/59.0.3071.125 Mobile Safari/537.36"
213.162.68.6 - - [23/Jul/2017:08:40:50 +0200] "GET /img/loading-bars.gif HTTP/1.1" 200 3951 "http://www.easydrivers.at/css/mobile.css" "Mozilla/5.0 (Linux; Android 7.0; VTR-L09 Build/HUAWEIVTR-L09) AppleWebKit/537.36 (KHTML, like Gecko) Chrome/59.0.3071.125 Mobile Safari/537.36"
213.162.68.6 - - [23/Jul/2017:08:40:54 +0200] "POST /loadkursliste HTTP/1.1" 200 396 "http://www.easydrivers.at/dornbirn/kursauswahl" "Mozilla/5.0 (Linux; Android 7.0; VTR-L09 Build/HUAWEIVTR-L09) AppleWebKit/537.36 (KHTML, like Gecko) Chrome/59.0.3071.125 Mobile Safari/537.36"
178.165.128.198 - - [23/Jul/2017:08:40:57 +0200] "GET /waidhofen.ybbs HTTP/1.1" 200 2953 "http://www.easydrivers.at/fahrschulen/3340" "Mozilla/5.0 (Linux; Android 6.0; ALE-L21 Build/HuaweiALE-L21) AppleWebKit/537.36 (KHTML, like Gecko) Chrome/50.0.2661.89 Mobile Safari/537.36"
213.162.68.6 - - [23/Jul/2017:08:41:06 +0200] "GET /dornbirn/10278888?FS=A HTTP/1.1" 200 3253 "http://www.easydrivers.at/dornbirn/kursauswahl" "Mozilla/5.0 (Linux; Android 7.0; VTR-L09 Build/HUAWEIVTR-L09) AppleWebKit/537.36 (KHTML, like Gecko) Chrome/59.0.3071.125 Mobile Safari/537.36"
213.162.68.6 - - [23/Jul/2017:08:41:08 +0200] "GET /img/mobile/kursicon-share.png HTTP/1.1" 200 2065 "http://www.easydrivers.at/dornbirn/10278888?FS=A" "Mozilla/5.0 (Linux; Android 7.0; VTR-L09 Build/HUAWEIVTR-L09) AppleWebKit/537.36 (KHTML, like Gecko) Chrome/59.0.3071.125 Mobile Safari/537.36"
213.162.68.6 - - [23/Jul/2017:08:41:08 +0200] "GET /img/mobile/smallicon-phone.png HTTP/1.1" 200 1311 "http://www.easydrivers.at/dornbirn/10278888?FS=A" "Mozilla/5.0 (Linux; Android 7.0; VTR-L09 Build/HUAWEIVTR-L09) AppleWebKit/537.36 (KHTML, like Gecko) Chrome/59.0.3071.125 Mobile Safari/537.36"
213.162.68.6 - - [23/Jul/2017:08:41:08 +0200] "GET /img/mobile/kursicon-phone.png HTTP/1.1" 200 1932 "http://www.easydrivers.at/dornbirn/10278888?FS=A" "Mozilla/5.0 (Linux; Android 7.0; VTR-L09 Build/HUAWEIVTR-L09) AppleWebKit/537.36 (KHTML, like Gecko) Chrome/59.0.3071.125 Mobile Safari/537.36"
213.162.68.6 - - [23/Jul/2017:08:41:08 +0200] "GET /img/mobile/smallicon-mail.png HTTP/1.1" 200 1335 "http://www.easydrivers.at/dornbirn/10278888?FS=A" "Mozilla/5.0 (Linux; Android 7.0; VTR-L09 Build/HUAWEIVTR-L09) AppleWebKit/537.36 (KHTML, like Gecko) Chrome/59.0.3071.125 Mobile Safari/537.36"
178.165.128.198 - - [23/Jul/2017:08:41:12 +0200] "GET /waidhofen.ybbs/aktionen HTTP/1.1" 200 2591 "http://www.easydrivers.at/waidhofen.ybbs" "Mozilla/5.0 (Linux; Android 6.0; ALE-L21 Build/HuaweiALE-L21) AppleWebKit/537.36 (KHTML, like Gecko) Chrome/50.0.2661.89 Mobile Safari/537.36"
213.162.68.6 - - [23/Jul/2017:08:41:19 +0200] "GET /dornbirn/10278888?FS=A&channel=fullversion HTTP/1.1" 200 6261 "http://www.easydrivers.at/dornbirn/10278888?FS=A" "Mozilla/5.0 (Linux; Android 7.0; VTR-L09 Build/HUAWEIVTR-L09) AppleWebKit/537.36 (KHTML, like Gecko) Chrome/59.0.3071.125 Mobile Safari/537.36"
213.162.68.6 - - [23/Jul/2017:08:41:21 +0200] "GET /css/style.css HTTP/1.1" 200 5004 "http://www.easydrivers.at/dornbirn/10278888?FS=A&channel=fullversion" "Mozilla/5.0 (Linux; Android 7.0; VTR-L09 Build/HUAWEIVTR-L09) AppleWebKit/537.36 (KHTML, like Gecko) Chrome/59.0.3071.125 Mobile Safari/537.36"
213.162.68.6 - - [23/Jul/2017:08:41:21 +0200] "GET /javascript/jquery.customSelect.min.js HTTP/1.1" 200 912 "http://www.easydrivers.at/dornbirn/10278888?FS=A&channel=fullversion" "Mozilla/5.0 (Linux; Android 7.0; VTR-L09 Build/HUAWEIVTR-L09) AppleWebKit/537.36 (KHTML, like Gecko) Chrome/59.0.3071.125 Mobile Safari/537.36"
213.162.68.6 - - [23/Jul/2017:08:41:21 +0200] "GET /javascript/portal.js?1221842734 HTTP/1.1" 200 3529 "http://www.easydrivers.at/dornbirn/10278888?FS=A&channel=fullversion" "Mozilla/5.0 (Linux; Android 7.0; VTR-L09 Build/HUAWEIVTR-L09) AppleWebKit/537.36 (KHTML, like Gecko) Chrome/59.0.3071.125 Mobile Safari/537.36"
213.162.68.6 - - [23/Jul/2017:08:41:21 +0200] "GET /css/showLoading.css HTTP/1.1" 200 219 "http://www.easydrivers.at/dornbirn/10278888?FS=A&channel=fullversion" "Mozilla/5.0 (Linux; Android 7.0; VTR-L09 Build/HUAWEIVTR-L09) AppleWebKit/537.36 (KHTML, like Gecko) Chrome/59.0.3071.125 Mobile Safari/537.36"
213.162.68.6 - - [23/Jul/2017:08:41:21 +0200] "GET /javascript/fahrschule.js HTTP/1.1" 200 462 "http://www.easydrivers.at/dornbirn/10278888?FS=A&channel=fullversion" "Mozilla/5.0 (Linux; Android 7.0; VTR-L09 Build/HUAWEIVTR-L09) AppleWebKit/537.36 (KHTML, like Gecko) Chrome/59.0.3071.125 Mobile Safari/537.36"
213.162.68.6 - - [23/Jul/2017:08:41:22 +0200] "GET /javascript/suche.js HTTP/1.1" 200 209 "http://www.easydrivers.at/dornbirn/10278888?FS=A&channel=fullversion" "Mozilla/5.0 (Linux; Android 7.0; VTR-L09 Build/HUAWEIVTR-L09) AppleWebKit/537.36 (KHTML, like Gecko) Chrome/59.0.3071.125 Mobile Safari/537.36"
213.162.68.6 - - [23/Jul/2017:08:41:22 +0200] "GET /javascript/jquery.showLoading.min.js HTTP/1.1" 200 1136 "http://www.easydrivers.at/dornbirn/10278888?FS=A&channel=fullversion" "Mozilla/5.0 (Linux; Android 7.0; VTR-L09 Build/HUAWEIVTR-L09) AppleWebKit/537.36 (KHTML, like Gecko) Chrome/59.0.3071.125 Mobile Safari/537.36"
213.162.68.6 - - [23/Jul/2017:08:41:22 +0200] "GET /img/close-button.png HTTP/1.1" 200 2237 "http://www.easydrivers.at/dornbirn/10278888?FS=A&channel=fullversion" "Mozilla/5.0 (Linux; Android 7.0; VTR-L09 Build/HUAWEIVTR-L09) AppleWebKit/537.36 (KHTML, like Gecko) Chrome/59.0.3071.125 Mobile Safari/537.36"
213.162.68.6 - - [23/Jul/2017:08:41:22 +0200] "GET /img/facebook-icon.png HTTP/1.1" 200 1506 "http://www.easydrivers.at/dornbirn/10278888?FS=A&channel=fullversion" "Mozilla/5.0 (Linux; Android 7.0; VTR-L09 Build/HUAWEIVTR-L09) AppleWebKit/537.36 (KHTML, like Gecko) Chrome/59.0.3071.125 Mobile Safari/537.36"
213.162.68.6 - - [23/Jul/2017:08:41:22 +0200] "GET /javascript/jquery.base64.min.js HTTP/1.1" 200 37135 "http://www.easydrivers.at/dornbirn/10278888?FS=A&channel=fullversion" "Mozilla/5.0 (Linux; Android 7.0; VTR-L09 Build/HUAWEIVTR-L09) AppleWebKit/537.36 (KHTML, like Gecko) Chrome/59.0.3071.125 Mobile Safari/537.36"
213.162.68.6 - - [23/Jul/2017:08:41:22 +0200] "GET /img/info-button.png HTTP/1.1" 200 738 "http://www.easydrivers.at/dornbirn/10278888?FS=A&channel=fullversion" "Mozilla/5.0 (Linux; Android 7.0; VTR-L09 Build/HUAWEIVTR-L09) AppleWebKit/537.36 (KHTML, like Gecko) Chrome/59.0.3071.125 Mobile Safari/537.36"
213.162.68.6 - - [23/Jul/2017:08:41:22 +0200] "GET /binaries/easy-drivers-portal/motorrad8jpg-2.jpg HTTP/1.1" 200 78776 "http://www.easydrivers.at/dornbirn/10278888?FS=A&channel=fullversion" "Mozilla/5.0 (Linux; Android 7.0; VTR-L09 Build/HUAWEIVTR-L09) AppleWebKit/537.36 (KHTML, like Gecko) Chrome/59.0.3071.125 Mobile Safari/537.36"
213.162.68.6 - - [23/Jul/2017:08:41:22 +0200] "GET /img/bg-top-section.jpg HTTP/1.1" 200 82172 "http://www.easydrivers.at/css/style.css" "Mozilla/5.0 (Linux; Android 7.0; VTR-L09 Build/HUAWEIVTR-L09) AppleWebKit/537.36 (KHTML, like Gecko) Chrome/59.0.3071.125 Mobile Safari/537.36"
213.162.68.6 - - [23/Jul/2017:08:41:22 +0200] "GET /img/ED_Logo.png HTTP/1.1" 200 3385 "http://www.easydrivers.at/css/style.css" "Mozilla/5.0 (Linux; Android 7.0; VTR-L09 Build/HUAWEIVTR-L09) AppleWebKit/537.36 (KHTML, like Gecko) Chrome/59.0.3071.125 Mobile Safari/537.36"
213.162.68.6 - - [23/Jul/2017:08:41:22 +0200] "GET /img/bg-header.jpg HTTP/1.1" 200 38680 "http://www.easydrivers.at/css/style.css" "Mozilla/5.0 (Linux; Android 7.0; VTR-L09 Build/HUAWEIVTR-L09) AppleWebKit/537.36 (KHTML, like Gecko) Chrome/59.0.3071.125 Mobile Safari/537.36"
213.162.68.6 - - [23/Jul/2017:08:41:22 +0200] "GET /img/purple-dots-horizontal.png HTTP/1.1" 200 977 "http://www.easydrivers.at/css/style.css" "Mozilla/5.0 (Linux; Android 7.0; VTR-L09 Build/HUAWEIVTR-L09) AppleWebKit/537.36 (KHTML, like Gecko) Chrome/59.0.3071.125 Mobile Safari/537.36"
213.162.68.6 - - [23/Jul/2017:08:41:22 +0200] "GET /img/top-image-overlay.png HTTP/1.1" 200 20650 "http://www.easydrivers.at/css/style.css" "Mozilla/5.0 (Linux; Android 7.0; VTR-L09 Build/HUAWEIVTR-L09) AppleWebKit/537.36 (KHTML, like Gecko) Chrome/59.0.3071.125 Mobile Safari/537.36"
213.162.68.6 - - [23/Jul/2017:08:41:22 +0200] "GET /img/locator-icon.png HTTP/1.1" 200 1377 "http://www.easydrivers.at/dornbirn/10278888?FS=A&channel=fullversion" "Mozilla/5.0 (Linux; Android 7.0; VTR-L09 Build/HUAWEIVTR-L09) AppleWebKit/537.36 (KHTML, like Gecko) Chrome/59.0.3071.125 Mobile Safari/537.36"
213.162.68.6 - - [23/Jul/2017:08:41:22 +0200] "GET /img/close-button-small.png HTTP/1.1" 200 1671 "http://www.easydrivers.at/dornbirn/10278888?FS=A&channel=fullversion" "Mozilla/5.0 (Linux; Android 7.0; VTR-L09 Build/HUAWEIVTR-L09) AppleWebKit/537.36 (KHTML, like Gecko) Chrome/59.0.3071.125 Mobile Safari/537.36"
213.162.68.6 - - [23/Jul/2017:08:41:22 +0200] "GET /img/bg-yellow.jpg HTTP/1.1" 200 2250 "http://www.easydrivers.at/css/style.css" "Mozilla/5.0 (Linux; Android 7.0; VTR-L09 Build/HUAWEIVTR-L09) AppleWebKit/537.36 (KHTML, like Gecko) Chrome/59.0.3071.125 Mobile Safari/537.36"
213.162.68.6 - - [23/Jul/2017:08:41:22 +0200] "GET /img/arrow-up.png HTTP/1.1" 200 1081 "http://www.easydrivers.at/css/style.css" "Mozilla/5.0 (Linux; Android 7.0; VTR-L09 Build/HUAWEIVTR-L09) AppleWebKit/537.36 (KHTML, like Gecko) Chrome/59.0.3071.125 Mobile Safari/537.36"
213.162.68.6 - - [23/Jul/2017:08:41:22 +0200] "GET /img/kursicon-print.png HTTP/1.1" 200 1184 "http://www.easydrivers.at/dornbirn/10278888?FS=A&channel=fullversion" "Mozilla/5.0 (Linux; Android 7.0; VTR-L09 Build/HUAWEIVTR-L09) AppleWebKit/537.36 (KHTML, like Gecko) Chrome/59.0.3071.125 Mobile Safari/537.36"
213.162.68.6 - - [23/Jul/2017:08:41:22 +0200] "GET /img/kursicon-phone.png HTTP/1.1" 200 1287 "http://www.easydrivers.at/dornbirn/10278888?FS=A&channel=fullversion" "Mozilla/5.0 (Linux; Android 7.0; VTR-L09 Build/HUAWEIVTR-L09) AppleWebKit/537.36 (KHTML, like Gecko) Chrome/59.0.3071.125 Mobile Safari/537.36"
213.162.68.6 - - [23/Jul/2017:08:41:22 +0200] "GET /img/kursicon-download.png HTTP/1.1" 200 1218 "http://www.easydrivers.at/dornbirn/10278888?FS=A&channel=fullversion" "Mozilla/5.0 (Linux; Android 7.0; VTR-L09 Build/HUAWEIVTR-L09) AppleWebKit/537.36 (KHTML, like Gecko) Chrome/59.0.3071.125 Mobile Safari/537.36"
213.162.68.6 - - [23/Jul/2017:08:41:22 +0200] "GET /img/kursicon-share.png HTTP/1.1" 200 1302 "http://www.easydrivers.at/dornbirn/10278888?FS=A&channel=fullversion" "Mozilla/5.0 (Linux; Android 7.0; VTR-L09 Build/HUAWEIVTR-L09) AppleWebKit/537.36 (KHTML, like Gecko) Chrome/59.0.3071.125 Mobile Safari/537.36"
213.162.68.6 - - [23/Jul/2017:08:41:22 +0200] "GET /cache/emu/images/10267596/_111_167.jpg HTTP/1.1" 200 5378 "http://www.easydrivers.at/dornbirn/10278888?FS=A&channel=fullversion" "Mozilla/5.0 (Linux; Android 7.0; VTR-L09 Build/HUAWEIVTR-L09) AppleWebKit/537.36 (KHTML, like Gecko) Chrome/59.0.3071.125 Mobile Safari/537.36"
213.162.68.6 - - [23/Jul/2017:08:41:22 +0200] "GET /cache/emu/images/10279047/_111_167.jpg HTTP/1.1" 200 5300 "http://www.easydrivers.at/dornbirn/10278888?FS=A&channel=fullversion" "Mozilla/5.0 (Linux; Android 7.0; VTR-L09 Build/HUAWEIVTR-L09) AppleWebKit/537.36 (KHTML, like Gecko) Chrome/59.0.3071.125 Mobile Safari/537.36"
213.162.68.6 - - [23/Jul/2017:08:41:22 +0200] "GET /cache/emu/images/10267594/_111_167.jpg HTTP/1.1" 200 5172 "http://www.easydrivers.at/dornbirn/10278888?FS=A&channel=fullversion" "Mozilla/5.0 (Linux; Android 7.0; VTR-L09 Build/HUAWEIVTR-L09) AppleWebKit/537.36 (KHTML, like Gecko) Chrome/59.0.3071.125 Mobile Safari/537.36"
213.162.68.6 - - [23/Jul/2017:08:41:22 +0200] "GET /cache/emu/images/10267597/_111_167.jpg HTTP/1.1" 200 6056 "http://www.easydrivers.at/dornbirn/10278888?FS=A&channel=fullversion" "Mozilla/5.0 (Linux; Android 7.0; VTR-L09 Build/HUAWEIVTR-L09) AppleWebKit/537.36 (KHTML, like Gecko) Chrome/59.0.3071.125 Mobile Safari/537.36"
213.162.68.6 - - [23/Jul/2017:08:41:22 +0200] "GET /cache/emu/images/10279051/_116_167.jpg HTTP/1.1" 200 3609 "http://www.easydrivers.at/dornbirn/10278888?FS=A&channel=fullversion" "Mozilla/5.0 (Linux; Android 7.0; VTR-L09 Build/HUAWEIVTR-L09) AppleWebKit/537.36 (KHTML, like Gecko) Chrome/59.0.3071.125 Mobile Safari/537.36"
213.162.68.6 - - [23/Jul/2017:08:41:22 +0200] "GET /cache/emu/images/10267600/_111_167.jpg HTTP/1.1" 200 5076 "http://www.easydrivers.at/dornbirn/10278888?FS=A&channel=fullversion" "Mozilla/5.0 (Linux; Android 7.0; VTR-L09 Build/HUAWEIVTR-L09) AppleWebKit/537.36 (KHTML, like Gecko) Chrome/59.0.3071.125 Mobile Safari/537.36"
