77.117.246.131 - - [23/Jul/2017:05:20:31 +0200] "GET /img/purple-dots-horizontal.png HTTP/1.1" 304 - "-" "Mozilla/5.0 (Linux; Android 5.0; SM-G900F Build/LRX21T) AppleWebKit/537.36 (KHTML, like Gecko) Chrome/56.0.2924.87 Mobile Safari/537.36"
77.117.246.131 - - [23/Jul/2017:05:20:31 +0200] "GET /img/info-button.png HTTP/1.1" 304 - "-" "Mozilla/5.0 (Linux; Android 5.0; SM-G900F Build/LRX21T) AppleWebKit/537.36 (KHTML, like Gecko) Chrome/56.0.2924.87 Mobile Safari/537.36"
77.117.246.131 - - [23/Jul/2017:05:20:32 +0200] "GET /img/top-image-overlay.png HTTP/1.1" 304 - "-" "Mozilla/5.0 (Linux; Android 5.0; SM-G900F Build/LRX21T) AppleWebKit/537.36 (KHTML, like Gecko) Chrome/56.0.2924.87 Mobile Safari/537.36"
216.244.66.202 - - [23/Jul/2017:05:21:01 +0200] "GET /berndorf HTTP/1.1" 200 12339 "-" "Mozilla/5.0 (compatible; DotBot/1.1; http://www.opensiteexplorer.org/dotbot, help@moz.com)"
157.55.39.56 - - [23/Jul/2017:05:21:04 +0200] "GET /k-sitemap.xml HTTP/1.1" 200 24387 "-" "Mozilla/5.0 (compatible; bingbot/2.0; +http://www.bing.com/bingbot.htm)"
216.244.66.249 - - [23/Jul/2017:05:21:16 +0200] "GET /murau/ HTTP/1.1" 200 15959 "-" "Mozilla/5.0 (compatible; DotBot/1.1; http://www.opensiteexplorer.org/dotbot, help@moz.com)"
216.244.66.249 - - [23/Jul/2017:05:21:18 +0200] "GET /brigittenau/10242568 HTTP/1.1" 410 11055 "-" "Mozilla/5.0 (compatible; DotBot/1.1; http://www.opensiteexplorer.org/dotbot, help@moz.com)"
216.244.66.249 - - [23/Jul/2017:05:21:28 +0200] "GET /dornbirn/kurse/ HTTP/1.1" 200 15968 "-" "Mozilla/5.0 (compatible; DotBot/1.1; http://www.opensiteexplorer.org/dotbot, help@moz.com)"
216.244.66.249 - - [23/Jul/2017:05:21:33 +0200] "GET /hartberg/10250450 HTTP/1.1" 410 10937 "-" "Mozilla/5.0 (compatible; DotBot/1.1; http://www.opensiteexplorer.org/dotbot, help@moz.com)"
216.244.66.249 - - [23/Jul/2017:05:21:48 +0200] "GET /schwechat/10247139?FS=BF HTTP/1.1" 410 11089 "-" "Mozilla/5.0 (compatible; DotBot/1.1; http://www.opensiteexplorer.org/dotbot, help@moz.com)"
216.244.66.249 - - [23/Jul/2017:05:22:02 +0200] "GET /schwechat/10247638?FS=F-Plus HTTP/1.1" 410 11089 "-" "Mozilla/5.0 (compatible; DotBot/1.1; http://www.opensiteexplorer.org/dotbot, help@moz.com)"
216.244.66.249 - - [23/Jul/2017:05:22:11 +0200] "GET /st.valentin/21_07_2014?FS=DD195-B HTTP/1.1" 410 11164 "-" "Mozilla/5.0 (compatible; DotBot/1.1; http://www.opensiteexplorer.org/dotbot, help@moz.com)"
216.244.66.249 - - [23/Jul/2017:05:22:20 +0200] "GET /horn/10235618 HTTP/1.1" 410 10927 "-" "Mozilla/5.0 (compatible; DotBot/1.1; http://www.opensiteexplorer.org/dotbot, help@moz.com)"
216.244.66.249 - - [23/Jul/2017:05:22:28 +0200] "GET /kapfenberg.pankl/10241923?FS=C HTTP/1.1" 410 11176 "-" "Mozilla/5.0 (compatible; DotBot/1.1; http://www.opensiteexplorer.org/dotbot, help@moz.com)"
207.46.13.112 - - [23/Jul/2017:05:22:34 +0200] "GET /img/bg-top-section.jpg HTTP/1.1" 200 82172 "-" "Mozilla/5.0 (compatible; bingbot/2.0; +http://www.bing.com/bingbot.htm)"
207.46.13.112 - - [23/Jul/2017:05:22:35 +0200] "GET /img/download-arrow.png HTTP/1.1" 200 363 "-" "Mozilla/5.0 (compatible; bingbot/2.0; +http://www.bing.com/bingbot.htm)"
157.55.39.56 - - [23/Jul/2017:05:22:38 +0200] "GET /img/kursicon-print-pink.png HTTP/1.1" 200 1125 "-" "Mozilla/5.0 (compatible; bingbot/2.0; +http://www.bing.com/bingbot.htm)"
216.244.66.249 - - [23/Jul/2017:05:22:38 +0200] "GET /kapfenberg.pankl/10241950?FS=DD195-B HTTP/1.1" 410 11176 "-" "Mozilla/5.0 (compatible; DotBot/1.1; http://www.opensiteexplorer.org/dotbot, help@moz.com)"
157.55.39.252 - - [23/Jul/2017:05:22:43 +0200] "GET /binaries/easy-drivers-portal/pkw1jpg.jpg HTTP/1.1" 200 88975 "-" "Mozilla/5.0 (compatible; bingbot/2.0; +http://www.bing.com/bingbot.htm)"
157.55.39.252 - - [23/Jul/2017:05:22:44 +0200] "GET /img/purple-dots-horizontal.png HTTP/1.1" 200 977 "-" "Mozilla/5.0 (compatible; bingbot/2.0; +http://www.bing.com/bingbot.htm)"
216.244.66.202 - - [23/Jul/2017:05:22:44 +0200] "GET /amstetten/Inhaberdaten HTTP/1.1" 200 11085 "-" "Mozilla/5.0 (compatible; DotBot/1.1; http://www.opensiteexplorer.org/dotbot, help@moz.com)"
195.212.98.190 - - [23/Jul/2017:05:22:47 +0200] "GET /img/info-button.png HTTP/1.1" 304 - "-" "Mozilla/4.0 (compatible;)"
216.244.66.249 - - [23/Jul/2017:05:22:47 +0200] "GET /leonding/10249901?FS=BCE HTTP/1.1" 410 11020 "-" "Mozilla/5.0 (compatible; DotBot/1.1; http://www.opensiteexplorer.org/dotbot, help@moz.com)"
216.244.66.249 - - [23/Jul/2017:05:22:56 +0200] "GET /hartberg/10250504?FS=F HTTP/1.1" 410 10937 "-" "Mozilla/5.0 (compatible; DotBot/1.1; http://www.opensiteexplorer.org/dotbot, help@moz.com)"
216.244.66.249 - - [23/Jul/2017:05:23:05 +0200] "GET /hartberg/10250888?FS=AM-M HTTP/1.1" 410 10937 "-" "Mozilla/5.0 (compatible; DotBot/1.1; http://www.opensiteexplorer.org/dotbot, help@moz.com)"
216.244.66.249 - - [23/Jul/2017:05:23:14 +0200] "GET /perg/Mofa_Day/ HTTP/1.1" 200 15967 "-" "Mozilla/5.0 (compatible; DotBot/1.1; http://www.opensiteexplorer.org/dotbot, help@moz.com)"
216.244.66.249 - - [23/Jul/2017:05:23:18 +0200] "GET /scheibbs/10249665?FS=BL1796 HTTP/1.1" 410 10934 "-" "Mozilla/5.0 (compatible; DotBot/1.1; http://www.opensiteexplorer.org/dotbot, help@moz.com)"
157.55.39.56 - - [23/Jul/2017:05:23:20 +0200] "GET /hartberg/Inhaberdaten HTTP/1.1" 200 3698 "-" "Mozilla/5.0 (compatible; bingbot/2.0; +http://www.bing.com/bingbot.htm)"
216.244.66.249 - - [23/Jul/2017:05:23:21 +0200] "GET /schwechat/10229906?FS=A2B HTTP/1.1" 410 11089 "-" "Mozilla/5.0 (compatible; DotBot/1.1; http://www.opensiteexplorer.org/dotbot, help@moz.com)"
216.244.66.249 - - [23/Jul/2017:05:23:30 +0200] "GET /bludenz/Motorradkurs-A1-A2-A-2014-11-17?FS=A1 HTTP/1.1" 410 11083 "-" "Mozilla/5.0 (compatible; DotBot/1.1; http://www.opensiteexplorer.org/dotbot, help@moz.com)"
216.244.66.249 - - [23/Jul/2017:05:23:39 +0200] "GET /brigittenau/10242508?FS=B-L17 HTTP/1.1" 410 11055 "-" "Mozilla/5.0 (compatible; DotBot/1.1; http://www.opensiteexplorer.org/dotbot, help@moz.com)"
216.244.66.249 - - [23/Jul/2017:05:23:47 +0200] "GET /ennstal.schladming/kk_07.07.2014?FS=C HTTP/1.1" 410 11410 "-" "Mozilla/5.0 (compatible; DotBot/1.1; http://www.opensiteexplorer.org/dotbot, help@moz.com)"
216.244.66.249 - - [23/Jul/2017:05:23:56 +0200] "GET /hartberg/10245695?FS=BCE HTTP/1.1" 410 10937 "-" "Mozilla/5.0 (compatible; DotBot/1.1; http://www.opensiteexplorer.org/dotbot, help@moz.com)"
216.244.66.249 - - [23/Jul/2017:05:24:05 +0200] "GET /hartberg/10245697?FS=A1 HTTP/1.1" 410 10937 "-" "Mozilla/5.0 (compatible; DotBot/1.1; http://www.opensiteexplorer.org/dotbot, help@moz.com)"
216.244.66.249 - - [23/Jul/2017:05:24:13 +0200] "GET /hartberg/10250468?FS=A2BF HTTP/1.1" 410 10937 "-" "Mozilla/5.0 (compatible; DotBot/1.1; http://www.opensiteexplorer.org/dotbot, help@moz.com)"
216.244.66.249 - - [23/Jul/2017:05:24:23 +0200] "GET /bludenz/Schnellkurs-B-2014-08-25?FS=B HTTP/1.1" 410 11076 "-" "Mozilla/5.0 (compatible; DotBot/1.1; http://www.opensiteexplorer.org/dotbot, help@moz.com)"
37.9.113.102 - - [23/Jul/2017:05:24:41 +0200] "GET /robots.txt HTTP/1.1" 200 178 "-" "Mozilla/5.0 (compatible; YandexBot/3.0; +http://yandex.com/bots)"
37.9.113.102 - - [23/Jul/2017:05:24:45 +0200] "GET /linz HTTP/1.1" 200 3379 "-" "Mozilla/5.0 (compatible; YandexBot/3.0; +http://yandex.com/bots)"
66.249.66.75 - - [23/Jul/2017:05:25:05 +0200] "GET /oberwart HTTP/1.1" 200 3641 "-" "Mozilla/5.0 (compatible; Googlebot/2.1; +http://www.google.com/bot.html)"
157.55.39.252 - - [23/Jul/2017:05:25:49 +0200] "GET /st.valentin/bildergalerie_fahrlehrer/Driving_Lessons_Fahrlehrer_Lkw.php HTTP/1.1" 404 3498 "-" "Mozilla/5.0 (compatible; bingbot/2.0; +http://www.bing.com/bingbot.htm)"
157.55.39.56 - - [23/Jul/2017:05:27:42 +0200] "GET /moedling/10264284 HTTP/1.1" 200 3105 "-" "Mozilla/5.0 (compatible; bingbot/2.0; +http://www.bing.com/bingbot.htm)"
66.249.66.75 - - [23/Jul/2017:05:28:34 +0200] "GET /fuehrerscheine/bus/DD195-B HTTP/1.1" 200 4143 "-" "Mozilla/5.0 (compatible; Googlebot/2.1; +http://www.google.com/bot.html)"
162.158.64.48 - - [23/Jul/2017:05:29:04 +0200] "GET /binaries/easy-drivers-portal/edwebhistoryillu392x3925jpg.jpg HTTP/1.1" 200 31708 "http://accessmommy.ga/drivers-easy.html" "Mozilla/5.0 (compatible; CloudFlare-AlwaysOnline/1.0; +http://www.cloudflare.com/always-online) AppleWebKit/534.34"
162.158.64.47 - - [23/Jul/2017:05:29:05 +0200] "GET /binaries/easy-drivers-portal/edwebhistoryillu392x3925jpg.jpg HTTP/1.1" 200 31708 "-" "Mozilla/5.0 (compatible; CloudFlare-AlwaysOnline/1.0; +http://www.cloudflare.com/always-online) AppleWebKit/534.34"
62.46.30.223 - - [23/Jul/2017:05:29:44 +0200] "GET /javascript/jquery.cookie.js HTTP/1.1" 304 - "-" "Mozilla/5.0 (Linux; Android 5.0.1; GT-I9515 Build/LRX22C) AppleWebKit/537.36 (KHTML, like Gecko) Chrome/58.0.3029.83 Mobile Safari/537.36"
62.46.30.223 - - [23/Jul/2017:05:29:44 +0200] "GET /javascript/jquery.simplemodal.js HTTP/1.1" 304 - "-" "Mozilla/5.0 (Linux; Android 5.0.1; GT-I9515 Build/LRX22C) AppleWebKit/537.36 (KHTML, like Gecko) Chrome/58.0.3029.83 Mobile Safari/537.36"
62.46.30.223 - - [23/Jul/2017:05:29:45 +0200] "GET /javascript/lazyload.js HTTP/1.1" 304 - "-" "Mozilla/5.0 (Linux; Android 5.0.1; GT-I9515 Build/LRX22C) AppleWebKit/537.36 (KHTML, like Gecko) Chrome/58.0.3029.83 Mobile Safari/537.36"
62.46.30.223 - - [23/Jul/2017:05:29:49 +0200] "GET /img/mobile/bg-menu.jpg HTTP/1.1" 304 - "-" "Mozilla/5.0 (Linux; Android 5.0.1; GT-I9515 Build/LRX22C) AppleWebKit/537.36 (KHTML, like Gecko) Chrome/58.0.3029.83 Mobile Safari/537.36"
62.46.30.223 - - [23/Jul/2017:05:29:49 +0200] "GET /img/mobile/bg-header.jpg HTTP/1.1" 304 - "-" "Mozilla/5.0 (Linux; Android 5.0.1; GT-I9515 Build/LRX22C) AppleWebKit/537.36 (KHTML, like Gecko) Chrome/58.0.3029.83 Mobile Safari/537.36"
62.46.30.223 - - [23/Jul/2017:05:29:49 +0200] "GET /javascript/mobile-menu.js HTTP/1.1" 304 - "-" "Mozilla/5.0 (Linux; Android 5.0.1; GT-I9515 Build/LRX22C) AppleWebKit/537.36 (KHTML, like Gecko) Chrome/58.0.3029.83 Mobile Safari/537.36"
62.46.30.223 - - [23/Jul/2017:05:29:49 +0200] "GET /img/mobile/menu-button.png HTTP/1.1" 304 - "-" "Mozilla/5.0 (Linux; Android 5.0.1; GT-I9515 Build/LRX22C) AppleWebKit/537.36 (KHTML, like Gecko) Chrome/58.0.3029.83 Mobile Safari/537.36"
62.46.30.223 - - [23/Jul/2017:05:29:49 +0200] "GET /img/mobile/facebook-icon.png HTTP/1.1" 304 - "-" "Mozilla/5.0 (Linux; Android 5.0.1; GT-I9515 Build/LRX22C) AppleWebKit/537.36 (KHTML, like Gecko) Chrome/58.0.3029.83 Mobile Safari/537.36"
62.46.30.223 - - [23/Jul/2017:05:29:50 +0200] "GET /javascript/jquery-1.9.1.min.js HTTP/1.1" 304 - "-" "Mozilla/5.0 (Linux; Android 5.0.1; GT-I9515 Build/LRX22C) AppleWebKit/537.36 (KHTML, like Gecko) Chrome/58.0.3029.83 Mobile Safari/537.36"
62.46.30.223 - - [23/Jul/2017:05:29:50 +0200] "GET /css/mobile.css HTTP/1.1" 304 - "-" "Mozilla/5.0 (Linux; Android 5.0.1; GT-I9515 Build/LRX22C) AppleWebKit/537.36 (KHTML, like Gecko) Chrome/58.0.3029.83 Mobile Safari/537.36"
62.46.30.223 - - [23/Jul/2017:05:29:50 +0200] "GET /img/mobile/close-button.png HTTP/1.1" 304 - "-" "Mozilla/5.0 (Linux; Android 5.0.1; GT-I9515 Build/LRX22C) AppleWebKit/537.36 (KHTML, like Gecko) Chrome/58.0.3029.83 Mobile Safari/537.36"
62.46.30.223 - - [23/Jul/2017:05:29:50 +0200] "GET /img/mobile/easydrivers-logo-mobile.png HTTP/1.1" 304 - "-" "Mozilla/5.0 (Linux; Android 5.0.1; GT-I9515 Build/LRX22C) AppleWebKit/537.36 (KHTML, like Gecko) Chrome/58.0.3029.83 Mobile Safari/537.36"
62.46.30.223 - - [23/Jul/2017:05:29:50 +0200] "GET /img/smallicon-phone.png HTTP/1.1" 304 - "-" "Mozilla/5.0 (Linux; Android 5.0.1; GT-I9515 Build/LRX22C) AppleWebKit/537.36 (KHTML, like Gecko) Chrome/58.0.3029.83 Mobile Safari/537.36"
62.46.30.223 - - [23/Jul/2017:05:29:50 +0200] "GET /img/smallicon-mail.png HTTP/1.1" 304 - "-" "Mozilla/5.0 (Linux; Android 5.0.1; GT-I9515 Build/LRX22C) AppleWebKit/537.36 (KHTML, like Gecko) Chrome/58.0.3029.83 Mobile Safari/537.36"
62.46.30.223 - - [23/Jul/2017:05:29:50 +0200] "GET /img/smallicon-address.png HTTP/1.1" 304 - "-" "Mozilla/5.0 (Linux; Android 5.0.1; GT-I9515 Build/LRX22C) AppleWebKit/537.36 (KHTML, like Gecko) Chrome/58.0.3029.83 Mobile Safari/537.36"
62.46.30.223 - - [23/Jul/2017:05:29:51 +0200] "GET /img/smallicon-time.png HTTP/1.1" 304 - "-" "Mozilla/5.0 (Linux; Android 5.0.1; GT-I9515 Build/LRX22C) AppleWebKit/537.36 (KHTML, like Gecko) Chrome/58.0.3029.83 Mobile Safari/537.36"
62.46.30.223 - - [23/Jul/2017:05:29:51 +0200] "GET /img/mobile/googlemaps-pin.png HTTP/1.1" 304 - "-" "Mozilla/5.0 (Linux; Android 5.0.1; GT-I9515 Build/LRX22C) AppleWebKit/537.36 (KHTML, like Gecko) Chrome/58.0.3029.83 Mobile Safari/537.36"
62.46.30.223 - - [23/Jul/2017:05:29:51 +0200] "GET /img/mobile/bg-top-section.jpg HTTP/1.1" 304 - "-" "Mozilla/5.0 (Linux; Android 5.0.1; GT-I9515 Build/LRX22C) AppleWebKit/537.36 (KHTML, like Gecko) Chrome/58.0.3029.83 Mobile Safari/537.36"
62.46.30.223 - - [23/Jul/2017:05:29:52 +0200] "GET /img/mobile/info-button.png HTTP/1.1" 304 - "-" "Mozilla/5.0 (Linux; Android 5.0.1; GT-I9515 Build/LRX22C) AppleWebKit/537.36 (KHTML, like Gecko) Chrome/58.0.3029.83 Mobile Safari/537.36"
62.46.30.223 - - [23/Jul/2017:05:29:52 +0200] "GET /img/mobile/info-close-button.png HTTP/1.1" 304 - "-" "Mozilla/5.0 (Linux; Android 5.0.1; GT-I9515 Build/LRX22C) AppleWebKit/537.36 (KHTML, like Gecko) Chrome/58.0.3029.83 Mobile Safari/537.36"
62.46.30.223 - - [23/Jul/2017:05:29:52 +0200] "GET /javascript/mobile-fahrschule.js HTTP/1.1" 304 - "-" "Mozilla/5.0 (Linux; Android 5.0.1; GT-I9515 Build/LRX22C) AppleWebKit/537.36 (KHTML, like Gecko) Chrome/58.0.3029.83 Mobile Safari/537.36"
62.46.30.223 - - [23/Jul/2017:05:29:54 +0200] "GET /img/smallicon-person.png HTTP/1.1" 304 - "-" "Mozilla/5.0 (Linux; Android 5.0.1; GT-I9515 Build/LRX22C) AppleWebKit/537.36 (KHTML, like Gecko) Chrome/58.0.3029.83 Mobile Safari/537.36"
62.46.30.223 - - [23/Jul/2017:05:29:57 +0200] "GET /img/facebook-icon.png HTTP/1.1" 304 - "-" "Mozilla/5.0 (Linux; Android 5.0.1; GT-I9515 Build/LRX22C) AppleWebKit/537.36 (KHTML, like Gecko) Chrome/58.0.3029.83 Mobile Safari/537.36"
62.46.30.223 - - [23/Jul/2017:05:29:57 +0200] "GET /css/style.css HTTP/1.1" 304 - "-" "Mozilla/5.0 (Linux; Android 5.0.1; GT-I9515 Build/LRX22C) AppleWebKit/537.36 (KHTML, like Gecko) Chrome/58.0.3029.83 Mobile Safari/537.36"
62.46.30.223 - - [23/Jul/2017:05:29:57 +0200] "GET /img/kursicon-share-pink.png HTTP/1.1" 304 - "-" "Mozilla/5.0 (Linux; Android 5.0.1; GT-I9515 Build/LRX22C) AppleWebKit/537.36 (KHTML, like Gecko) Chrome/58.0.3029.83 Mobile Safari/537.36"
62.46.30.223 - - [23/Jul/2017:05:29:57 +0200] "GET /img/kursicon-phone-pink.png HTTP/1.1" 304 - "-" "Mozilla/5.0 (Linux; Android 5.0.1; GT-I9515 Build/LRX22C) AppleWebKit/537.36 (KHTML, like Gecko) Chrome/58.0.3029.83 Mobile Safari/537.36"
62.46.30.223 - - [23/Jul/2017:05:29:57 +0200] "GET /img/schweiz-icon.png HTTP/1.1" 304 - "-" "Mozilla/5.0 (Linux; Android 5.0.1; GT-I9515 Build/LRX22C) AppleWebKit/537.36 (KHTML, like Gecko) Chrome/58.0.3029.83 Mobile Safari/537.36"
62.46.30.223 - - [23/Jul/2017:05:29:57 +0200] "GET /css/print.css HTTP/1.1" 304 - "-" "Mozilla/5.0 (Linux; Android 5.0.1; GT-I9515 Build/LRX22C) AppleWebKit/537.36 (KHTML, like Gecko) Chrome/58.0.3029.83 Mobile Safari/537.36"
62.46.30.223 - - [23/Jul/2017:05:29:57 +0200] "GET /img/kursicon-download-pink.png HTTP/1.1" 304 - "-" "Mozilla/5.0 (Linux; Android 5.0.1; GT-I9515 Build/LRX22C) AppleWebKit/537.36 (KHTML, like Gecko) Chrome/58.0.3029.83 Mobile Safari/537.36"
62.46.30.223 - - [23/Jul/2017:05:29:57 +0200] "GET /img/close-button.png HTTP/1.1" 304 - "-" "Mozilla/5.0 (Linux; Android 5.0.1; GT-I9515 Build/LRX22C) AppleWebKit/537.36 (KHTML, like Gecko) Chrome/58.0.3029.83 Mobile Safari/537.36"
62.46.30.223 - - [23/Jul/2017:05:29:57 +0200] "GET /javascript/portal.js?1221842734 HTTP/1.1" 304 - "-" "Mozilla/5.0 (Linux; Android 5.0.1; GT-I9515 Build/LRX22C) AppleWebKit/537.36 (KHTML, like Gecko) Chrome/58.0.3029.83 Mobile Safari/537.36"
62.46.30.223 - - [23/Jul/2017:05:29:57 +0200] "GET /javascript/jquery.customSelect.min.js HTTP/1.1" 304 - "-" "Mozilla/5.0 (Linux; Android 5.0.1; GT-I9515 Build/LRX22C) AppleWebKit/537.36 (KHTML, like Gecko) Chrome/58.0.3029.83 Mobile Safari/537.36"
62.46.30.223 - - [23/Jul/2017:05:29:57 +0200] "GET /img/kursicon-print-pink.png HTTP/1.1" 304 - "-" "Mozilla/5.0 (Linux; Android 5.0.1; GT-I9515 Build/LRX22C) AppleWebKit/537.36 (KHTML, like Gecko) Chrome/58.0.3029.83 Mobile Safari/537.36"
62.46.30.223 - - [23/Jul/2017:05:29:57 +0200] "GET /img/bg-footer.jpg HTTP/1.1" 304 - "-" "Mozilla/5.0 (Linux; Android 5.0.1; GT-I9515 Build/LRX22C) AppleWebKit/537.36 (KHTML, like Gecko) Chrome/58.0.3029.83 Mobile Safari/537.36"
62.46.30.223 - - [23/Jul/2017:05:29:57 +0200] "GET /img/bg-header.jpg HTTP/1.1" 304 - "-" "Mozilla/5.0 (Linux; Android 5.0.1; GT-I9515 Build/LRX22C) AppleWebKit/537.36 (KHTML, like Gecko) Chrome/58.0.3029.83 Mobile Safari/537.36"
62.46.30.223 - - [23/Jul/2017:05:29:58 +0200] "GET /img/ED_Logo.png HTTP/1.1" 304 - "-" "Mozilla/5.0 (Linux; Android 5.0.1; GT-I9515 Build/LRX22C) AppleWebKit/537.36 (KHTML, like Gecko) Chrome/58.0.3029.83 Mobile Safari/537.36"
62.46.30.223 - - [23/Jul/2017:05:29:58 +0200] "GET /img/locator-icon.png HTTP/1.1" 304 - "-" "Mozilla/5.0 (Linux; Android 5.0.1; GT-I9515 Build/LRX22C) AppleWebKit/537.36 (KHTML, like Gecko) Chrome/58.0.3029.83 Mobile Safari/537.36"
62.46.30.223 - - [23/Jul/2017:05:29:59 +0200] "GET /img/close-button-small.png HTTP/1.1" 304 - "-" "Mozilla/5.0 (Linux; Android 5.0.1; GT-I9515 Build/LRX22C) AppleWebKit/537.36 (KHTML, like Gecko) Chrome/58.0.3029.83 Mobile Safari/537.36"
62.46.30.223 - - [23/Jul/2017:05:29:59 +0200] "GET /img/bg-top-section.jpg HTTP/1.1" 304 - "-" "Mozilla/5.0 (Linux; Android 5.0.1; GT-I9515 Build/LRX22C) AppleWebKit/537.36 (KHTML, like Gecko) Chrome/58.0.3029.83 Mobile Safari/537.36"
62.46.30.223 - - [23/Jul/2017:05:29:59 +0200] "GET /javascript/fahrschule.js HTTP/1.1" 304 - "-" "Mozilla/5.0 (Linux; Android 5.0.1; GT-I9515 Build/LRX22C) AppleWebKit/537.36 (KHTML, like Gecko) Chrome/58.0.3029.83 Mobile Safari/537.36"
216.244.66.202 - - [23/Jul/2017:05:29:57 +0200] "GET /hartberg/10250564?FS=BBE HTTP/1.1" 410 10937 "-" "Mozilla/5.0 (compatible; DotBot/1.1; http://www.opensiteexplorer.org/dotbot, help@moz.com)"
62.46.30.223 - - [23/Jul/2017:05:30:00 +0200] "GET /img/purple-dots-horizontal.png HTTP/1.1" 304 - "-" "Mozilla/5.0 (Linux; Android 5.0.1; GT-I9515 Build/LRX22C) AppleWebKit/537.36 (KHTML, like Gecko) Chrome/58.0.3029.83 Mobile Safari/537.36"
62.46.30.223 - - [23/Jul/2017:05:30:00 +0200] "GET /img/info-button.png HTTP/1.1" 304 - "-" "Mozilla/5.0 (Linux; Android 5.0.1; GT-I9515 Build/LRX22C) AppleWebKit/537.36 (KHTML, like Gecko) Chrome/58.0.3029.83 Mobile Safari/537.36"
62.46.30.223 - - [23/Jul/2017:05:30:02 +0200] "GET /img/top-image-overlay.png HTTP/1.1" 304 - "-" "Mozilla/5.0 (Linux; Android 5.0.1; GT-I9515 Build/LRX22C) AppleWebKit/537.36 (KHTML, like Gecko) Chrome/58.0.3029.83 Mobile Safari/537.36"
216.244.66.202 - - [23/Jul/2017:05:30:06 +0200] "GET /ennstal.schladming/ostern_2014?FS=CCE95 HTTP/1.1" 410 11408 "-" "Mozilla/5.0 (compatible; DotBot/1.1; http://www.opensiteexplorer.org/dotbot, help@moz.com)"
216.244.66.202 - - [23/Jul/2017:05:30:15 +0200] "GET /enns HTTP/1.1" 200 11155 "-" "Mozilla/5.0 (compatible; DotBot/1.1; http://www.opensiteexplorer.org/dotbot, help@moz.com)"
216.244.66.202 - - [23/Jul/2017:05:30:21 +0200] "GET /brigittenau/10242670?FS=E HTTP/1.1" 410 11055 "-" "Mozilla/5.0 (compatible; DotBot/1.1; http://www.opensiteexplorer.org/dotbot, help@moz.com)"
216.244.66.202 - - [23/Jul/2017:05:30:31 +0200] "GET /brigittenau/10242595?FS=BCE HTTP/1.1" 410 11055 "-" "Mozilla/5.0 (compatible; DotBot/1.1; http://www.opensiteexplorer.org/dotbot, help@moz.com)"
216.244.66.202 - - [23/Jul/2017:05:30:40 +0200] "GET /bludenz/Grundkurs-B-2014-05-13 HTTP/1.1" 410 11074 "-" "Mozilla/5.0 (compatible; DotBot/1.1; http://www.opensiteexplorer.org/dotbot, help@moz.com)"
66.249.66.79 - - [23/Jul/2017:05:30:42 +0200] "GET /binaries/easy-drivers-bad-v/versicherungsschutz-bei-ausbildung-und-.pdf HTTP/1.1" 200 77802 "-" "Mozilla/5.0 (compatible; Googlebot/2.1; +http://www.google.com/bot.html)"
216.244.66.202 - - [23/Jul/2017:05:30:49 +0200] "GET /schwechat/10247147?FS=B HTTP/1.1" 410 11089 "-" "Mozilla/5.0 (compatible; DotBot/1.1; http://www.opensiteexplorer.org/dotbot, help@moz.com)"
216.244.66.202 - - [23/Jul/2017:05:30:58 +0200] "GET /poechlarn HTTP/1.1" 200 12126 "-" "Mozilla/5.0 (compatible; DotBot/1.1; http://www.opensiteexplorer.org/dotbot, help@moz.com)"
216.244.66.202 - - [23/Jul/2017:05:31:05 +0200] "GET /linz/10250919?FS=B HTTP/1.1" 410 11033 "-" "Mozilla/5.0 (compatible; DotBot/1.1; http://www.opensiteexplorer.org/dotbot, help@moz.com)"
216.244.66.202 - - [23/Jul/2017:05:31:14 +0200] "GET /kapfenberg.pankl/10241935?FS=BE HTTP/1.1" 410 11176 "-" "Mozilla/5.0 (compatible; DotBot/1.1; http://www.opensiteexplorer.org/dotbot, help@moz.com)"
216.244.66.202 - - [23/Jul/2017:05:31:22 +0200] "GET /jennersdorf/10243037 HTTP/1.1" 410 10967 "-" "Mozilla/5.0 (compatible; DotBot/1.1; http://www.opensiteexplorer.org/dotbot, help@moz.com)"
216.244.66.202 - - [23/Jul/2017:05:31:31 +0200] "GET /jennersdorf/10243034?FS=AM-M1 HTTP/1.1" 410 10967 "-" "Mozilla/5.0 (compatible; DotBot/1.1; http://www.opensiteexplorer.org/dotbot, help@moz.com)"
216.244.66.202 - - [23/Jul/2017:05:31:40 +0200] "GET /hollabrunn/10252093 HTTP/1.1" 410 11163 "-" "Mozilla/5.0 (compatible; DotBot/1.1; http://www.opensiteexplorer.org/dotbot, help@moz.com)"
216.244.66.202 - - [23/Jul/2017:05:31:49 +0200] "GET /schwechat/10247588?FS=DD195-C HTTP/1.1" 410 11089 "-" "Mozilla/5.0 (compatible; DotBot/1.1; http://www.opensiteexplorer.org/dotbot, help@moz.com)"
37.9.113.102 - - [23/Jul/2017:05:34:53 +0200] "GET /bruck.leitha/kurse HTTP/1.1" 200 4942 "-" "Mozilla/5.0 (compatible; YandexBot/3.0; +http://yandex.com/bots)"
207.46.13.112 - - [23/Jul/2017:05:35:48 +0200] "GET /oberwart/schnellkurs_14.08.2017?FS=B HTTP/1.1" 200 5386 "-" "Mozilla/5.0 (compatible; bingbot/2.0; +http://www.bing.com/bingbot.htm)"
217.253.109.46 - - [23/Jul/2017:05:38:02 +0200] "GET /skarabela.gross-enzersdorf HTTP/1.1" 200 12132 "-" "Mozilla/5.0 (Macintosh; Intel Mac OS X 10_10_3) AppleWebKit/537.36 (KHTML, like Gecko) Chrome/41.0.2272.89 Safari/537.36"
85.25.210.41 - - [23/Jul/2017:05:38:51 +0200] "GET /binaries/easy-drivers-hollabrunn/zustimmungserkl.pdf HTTP/1.1" 200 41431 "-" "Mozilla/5.0 (compatible; seoscanners.net/1; +spider@seoscanners.net)"
194.135.83.53 - - [23/Jul/2017:05:39:18 +0200] "GET /webalizer/ HTTP/1.1" 301 300 "http://medicinarf.ru/forum/user/10580/" "Mozilla/5.0 (Windows NT 6.1) AppleWebKit/537.36 (KHTML, like Gecko) Chrome/28.0.1468.0 Safari/537.36"
194.135.83.53 - - [23/Jul/2017:05:39:18 +0200] "GET /webalizer/ HTTP/1.1" 200 4413 "http://medicinarf.ru/forum/user/10580/" "Mozilla/5.0 (Windows NT 6.1) AppleWebKit/537.36 (KHTML, like Gecko) Chrome/28.0.1468.0 Safari/537.36"
194.135.83.53 - - [23/Jul/2017:05:39:20 +0200] "GET / HTTP/1.1" 301 293 "http://www.x-bicycle.ru/user/91580" "Mozilla/5.0 (compatible; MSIE 9.0; Windows NT 7.1; Trident/5.0)"
194.135.83.53 - - [23/Jul/2017:05:39:20 +0200] "GET / HTTP/1.1" 200 4406 "http://www.x-bicycle.ru/user/91580" "Mozilla/5.0 (compatible; MSIE 9.0; Windows NT 7.1; Trident/5.0)"
157.55.39.230 - - [23/Jul/2017:05:40:23 +0200] "GET /feldkirch HTTP/1.1" 200 3540 "-" "Mozilla/5.0 (compatible; bingbot/2.0; +http://www.bing.com/bingbot.htm)"
207.46.13.112 - - [23/Jul/2017:05:40:41 +0200] "GET /zwettl/kurse/ HTTP/1.1" 200 4413 "-" "Mozilla/5.0 (compatible; bingbot/2.0; +http://www.bing.com/bingbot.htm)"
207.46.13.112 - - [23/Jul/2017:05:41:21 +0200] "GET /hollabrunn/Mopedkurs_Mai_2017?FS=AM-M HTTP/1.1" 301 321 "-" "Mozilla/5.0 (compatible; bingbot/2.0; +http://www.bing.com/bingbot.htm)"
213.225.14.11 - - [23/Jul/2017:05:41:53 +0200] "GET /perg HTTP/1.1" 200 2928 "https://www.google.at/" "Mozilla/5.0 (iPhone; CPU iPhone OS 10_3_2 like Mac OS X) AppleWebKit/603.2.4 (KHTML, like Gecko) Version/10.0 Mobile/14F89 Safari/602.1"
213.225.14.11 - - [23/Jul/2017:05:41:56 +0200] "GET /css/mobile.css HTTP/1.1" 200 2852 "http://www.easydrivers.at/perg" "Mozilla/5.0 (iPhone; CPU iPhone OS 10_3_2 like Mac OS X) AppleWebKit/603.2.4 (KHTML, like Gecko) Version/10.0 Mobile/14F89 Safari/602.1"
213.225.14.11 - - [23/Jul/2017:05:41:56 +0200] "GET /javascript/jquery.cookie.js HTTP/1.1" 200 863 "http://www.easydrivers.at/perg" "Mozilla/5.0 (iPhone; CPU iPhone OS 10_3_2 like Mac OS X) AppleWebKit/603.2.4 (KHTML, like Gecko) Version/10.0 Mobile/14F89 Safari/602.1"
213.225.14.11 - - [23/Jul/2017:05:41:56 +0200] "GET /javascript/mobile-menu.js HTTP/1.1" 200 1634 "http://www.easydrivers.at/perg" "Mozilla/5.0 (iPhone; CPU iPhone OS 10_3_2 like Mac OS X) AppleWebKit/603.2.4 (KHTML, like Gecko) Version/10.0 Mobile/14F89 Safari/602.1"
213.225.14.11 - - [23/Jul/2017:05:41:56 +0200] "GET /javascript/jquery-1.9.1.min.js HTTP/1.1" 200 32731 "http://www.easydrivers.at/perg" "Mozilla/5.0 (iPhone; CPU iPhone OS 10_3_2 like Mac OS X) AppleWebKit/603.2.4 (KHTML, like Gecko) Version/10.0 Mobile/14F89 Safari/602.1"
213.225.14.11 - - [23/Jul/2017:05:41:56 +0200] "GET /javascript/lazyload.js HTTP/1.1" 200 1170 "http://www.easydrivers.at/perg" "Mozilla/5.0 (iPhone; CPU iPhone OS 10_3_2 like Mac OS X) AppleWebKit/603.2.4 (KHTML, like Gecko) Version/10.0 Mobile/14F89 Safari/602.1"
213.225.14.11 - - [23/Jul/2017:05:41:56 +0200] "GET /javascript/jquery.simplemodal.js HTTP/1.1" 200 3070 "http://www.easydrivers.at/perg" "Mozilla/5.0 (iPhone; CPU iPhone OS 10_3_2 like Mac OS X) AppleWebKit/603.2.4 (KHTML, like Gecko) Version/10.0 Mobile/14F89 Safari/602.1"
213.225.14.11 - - [23/Jul/2017:05:41:56 +0200] "GET /javascript/mobile-fahrschule.js HTTP/1.1" 200 328 "http://www.easydrivers.at/perg" "Mozilla/5.0 (iPhone; CPU iPhone OS 10_3_2 like Mac OS X) AppleWebKit/603.2.4 (KHTML, like Gecko) Version/10.0 Mobile/14F89 Safari/602.1"
213.225.14.11 - - [23/Jul/2017:05:41:56 +0200] "GET /img/mobile/easydrivers-logo-mobile.png HTTP/1.1" 200 10766 "http://www.easydrivers.at/perg" "Mozilla/5.0 (iPhone; CPU iPhone OS 10_3_2 like Mac OS X) AppleWebKit/603.2.4 (KHTML, like Gecko) Version/10.0 Mobile/14F89 Safari/602.1"
213.225.14.11 - - [23/Jul/2017:05:41:56 +0200] "GET /img/mobile/menu-button.png HTTP/1.1" 200 1746 "http://www.easydrivers.at/perg" "Mozilla/5.0 (iPhone; CPU iPhone OS 10_3_2 like Mac OS X) AppleWebKit/603.2.4 (KHTML, like Gecko) Version/10.0 Mobile/14F89 Safari/602.1"
213.225.14.11 - - [23/Jul/2017:05:41:56 +0200] "GET /img/mobile/close-button.png HTTP/1.1" 200 2411 "http://www.easydrivers.at/perg" "Mozilla/5.0 (iPhone; CPU iPhone OS 10_3_2 like Mac OS X) AppleWebKit/603.2.4 (KHTML, like Gecko) Version/10.0 Mobile/14F89 Safari/602.1"
213.225.14.11 - - [23/Jul/2017:05:41:56 +0200] "GET /img/mobile/facebook-icon.png HTTP/1.1" 200 1902 "http://www.easydrivers.at/perg" "Mozilla/5.0 (iPhone; CPU iPhone OS 10_3_2 like Mac OS X) AppleWebKit/603.2.4 (KHTML, like Gecko) Version/10.0 Mobile/14F89 Safari/602.1"
213.225.14.11 - - [23/Jul/2017:05:41:56 +0200] "GET /img/mobile/info-button.png HTTP/1.1" 200 1549 "http://www.easydrivers.at/perg" "Mozilla/5.0 (iPhone; CPU iPhone OS 10_3_2 like Mac OS X) AppleWebKit/603.2.4 (KHTML, like Gecko) Version/10.0 Mobile/14F89 Safari/602.1"
213.225.14.11 - - [23/Jul/2017:05:41:56 +0200] "GET /img/mobile/info-close-button.png HTTP/1.1" 200 1721 "http://www.easydrivers.at/perg" "Mozilla/5.0 (iPhone; CPU iPhone OS 10_3_2 like Mac OS X) AppleWebKit/603.2.4 (KHTML, like Gecko) Version/10.0 Mobile/14F89 Safari/602.1"
213.225.14.11 - - [23/Jul/2017:05:41:56 +0200] "GET /img/smallicon-person.png HTTP/1.1" 200 1141 "http://www.easydrivers.at/perg" "Mozilla/5.0 (iPhone; CPU iPhone OS 10_3_2 like Mac OS X) AppleWebKit/603.2.4 (KHTML, like Gecko) Version/10.0 Mobile/14F89 Safari/602.1"
213.225.14.11 - - [23/Jul/2017:05:41:56 +0200] "GET /img/mobile/googlemaps-pin.png HTTP/1.1" 200 1597 "http://www.easydrivers.at/perg" "Mozilla/5.0 (iPhone; CPU iPhone OS 10_3_2 like Mac OS X) AppleWebKit/603.2.4 (KHTML, like Gecko) Version/10.0 Mobile/14F89 Safari/602.1"
213.225.14.11 - - [23/Jul/2017:05:41:56 +0200] "GET /img/smallicon-address.png HTTP/1.1" 200 1211 "http://www.easydrivers.at/perg" "Mozilla/5.0 (iPhone; CPU iPhone OS 10_3_2 like Mac OS X) AppleWebKit/603.2.4 (KHTML, like Gecko) Version/10.0 Mobile/14F89 Safari/602.1"
213.225.14.11 - - [23/Jul/2017:05:41:56 +0200] "GET /img/smallicon-phone.png HTTP/1.1" 200 3056 "http://www.easydrivers.at/perg" "Mozilla/5.0 (iPhone; CPU iPhone OS 10_3_2 like Mac OS X) AppleWebKit/603.2.4 (KHTML, like Gecko) Version/10.0 Mobile/14F89 Safari/602.1"
213.225.14.11 - - [23/Jul/2017:05:41:56 +0200] "GET /img/mobile/widget-icon-app.png HTTP/1.1" 200 3458 "http://www.easydrivers.at/perg" "Mozilla/5.0 (iPhone; CPU iPhone OS 10_3_2 like Mac OS X) AppleWebKit/603.2.4 (KHTML, like Gecko) Version/10.0 Mobile/14F89 Safari/602.1"
213.225.14.11 - - [23/Jul/2017:05:41:56 +0200] "GET /img/smallicon-mail.png HTTP/1.1" 200 1341 "http://www.easydrivers.at/perg" "Mozilla/5.0 (iPhone; CPU iPhone OS 10_3_2 like Mac OS X) AppleWebKit/603.2.4 (KHTML, like Gecko) Version/10.0 Mobile/14F89 Safari/602.1"
213.225.14.11 - - [23/Jul/2017:05:41:56 +0200] "GET /img/smallicon-time.png HTTP/1.1" 200 1262 "http://www.easydrivers.at/perg" "Mozilla/5.0 (iPhone; CPU iPhone OS 10_3_2 like Mac OS X) AppleWebKit/603.2.4 (KHTML, like Gecko) Version/10.0 Mobile/14F89 Safari/602.1"
213.225.14.11 - - [23/Jul/2017:05:41:56 +0200] "GET /img/mobile/bg-header.jpg HTTP/1.1" 200 19741 "http://www.easydrivers.at/perg" "Mozilla/5.0 (iPhone; CPU iPhone OS 10_3_2 like Mac OS X) AppleWebKit/603.2.4 (KHTML, like Gecko) Version/10.0 Mobile/14F89 Safari/602.1"
213.225.14.11 - - [23/Jul/2017:05:41:56 +0200] "GET /img/mobile/bg-top-section.jpg HTTP/1.1" 200 21711 "http://www.easydrivers.at/perg" "Mozilla/5.0 (iPhone; CPU iPhone OS 10_3_2 like Mac OS X) AppleWebKit/603.2.4 (KHTML, like Gecko) Version/10.0 Mobile/14F89 Safari/602.1"
213.225.14.11 - - [23/Jul/2017:05:41:56 +0200] "GET /img/mobile/pfeil-rechts.png HTTP/1.1" 200 1228 "http://www.easydrivers.at/perg" "Mozilla/5.0 (iPhone; CPU iPhone OS 10_3_2 like Mac OS X) AppleWebKit/603.2.4 (KHTML, like Gecko) Version/10.0 Mobile/14F89 Safari/602.1"
213.225.14.11 - - [23/Jul/2017:05:41:56 +0200] "GET /img/mobile/bg-menu.jpg HTTP/1.1" 200 1698 "http://www.easydrivers.at/perg" "Mozilla/5.0 (iPhone; CPU iPhone OS 10_3_2 like Mac OS X) AppleWebKit/603.2.4 (KHTML, like Gecko) Version/10.0 Mobile/14F89 Safari/602.1"
66.249.66.72 - - [23/Jul/2017:05:41:57 +0200] "GET /tulln HTTP/1.1" 200 3599 "-" "Mozilla/5.0 (compatible; Googlebot/2.1; +http://www.google.com/bot.html)"
157.55.39.252 - - [23/Jul/2017:05:43:25 +0200] "GET /am.spitz HTTP/1.1" 200 3684 "-" "Mozilla/5.0 (compatible; bingbot/2.0; +http://www.bing.com/bingbot.htm)"
193.124.179.180 - - [23/Jul/2017:05:43:46 +0200] "HEAD / HTTP/1.1" 501 - "https://www.remgam.ru/otdelka-kvartir" "Mozilla/3.0 (compatible; MSIE3.00; Windows 2003)"
200.162.242.106 - - [23/Jul/2017:05:47:15 +0200] "HEAD / HTTP/1.1" 301 - "-" "Mozilla/5.0 (Linux; U; Android-4.0.3; en-us; Galaxy Nexus Build/IML74K) AppleWebKit/535.7 (KHTML, like Gecko) CrMo/16.0.912.75 Mobile Safari/535.7"
194.67.210.77 - - [23/Jul/2017:05:47:16 +0200] "HEAD / HTTP/1.1" 501 - "http://www.rusplex.ru/shop/vagonka/evrovagonka-c-125x96-88x2m/" "Mozilla/6.0 (compatible; MSIE6.00; Windows 2005)"
185.125.219.134 - - [23/Jul/2017:05:47:16 +0200] "HEAD / HTTP/1.1" 501 - "http://www.natco-russia.ru/product/nublexa-regorafenib-40-mg/" "Mozilla/4.0 (compatible; MSIE4.00; Windows 2002)"
193.124.190.64 - - [23/Jul/2017:05:47:16 +0200] "HEAD / HTTP/1.1" 501 - "https://xn--80aejhvi0at.xn--90ais/pereplanirovka-vannoy.html" "Mozilla/8.0 (compatible; MSIE5.00; Windows 2009)"
185.5.249.185 - - [23/Jul/2017:05:47:16 +0200] "HEAD / HTTP/1.1" 501 - "http://mosbiz-agency.ru/services/42/" "Mozilla/2.0 (compatible; MSIE6.00; Windows 2008)"
200.162.242.106 - - [23/Jul/2017:05:47:17 +0200] "HEAD / HTTP/1.1" 501 - "-" "Mozilla/5.0 (Linux; U; Android-4.0.3; en-us; Galaxy Nexus Build/IML74K) AppleWebKit/535.7 (KHTML, like Gecko) CrMo/16.0.912.75 Mobile Safari/535.7"
66.249.66.75 - - [23/Jul/2017:05:47:35 +0200] "GET /uploads/pdfs/eisenstadt/Weihnachtskurs_B-L17.pdf HTTP/1.1" 200 36818 "-" "Mozilla/5.0 (compatible; Googlebot/2.1; +http://www.google.com/bot.html)"
193.186.45.101 - - [23/Jul/2017:05:48:06 +0200] "GET /binaries/easy-drivers-portal/pkw9jpg-1.jpg HTTP/1.1" 304 - "-" "Mozilla/4.0 (compatible;)"
207.46.13.158 - - [23/Jul/2017:05:48:27 +0200] "GET / HTTP/1.1" 301 295 "-" "Mozilla/5.0 (compatible; bingbot/2.0; +http://www.bing.com/bingbot.htm)"
66.249.66.74 - - [23/Jul/2017:05:48:30 +0200] "GET /binaries/easy-drivers-portal/widget-ed-offlinepng.png HTTP/1.1" 304 - "-" "Googlebot-Image/1.0"
185.154.13.6 - - [23/Jul/2017:05:48:36 +0200] "HEAD / HTTP/1.1" 501 - "https://www.dna-sklad.ru/Katalog/omolozhenie-organizma.htm" "Mozilla/7.0 (compatible; MSIE5.00; Windows 2005)"
77.220.213.173 - - [23/Jul/2017:05:48:38 +0200] "HEAD / HTTP/1.1" 501 - "http://shural.ru/complex_equipment/sistemy-ohlazhdenia/" "Mozilla/8.0 (compatible; MSIE7.00; Windows 2003)"
194.87.236.223 - - [23/Jul/2017:05:52:42 +0200] "HEAD / HTTP/1.1" 501 - "https://www.spokiy.com/poleznaya-informatsiya/91-pominalnyj-obed-gde-i-kak-provodit.html" "Mozilla/3.0 (compatible; MSIE7.00; Windows 2008)"
195.133.145.199 - - [23/Jul/2017:05:52:43 +0200] "HEAD / HTTP/1.1" 501 - "http://www.1-property.ru/croatia/tinjan/" "Mozilla/6.0 (compatible; MSIE7.00; Windows 2009)"
216.244.66.202 - - [23/Jul/2017:05:53:13 +0200] "GET /robots.txt HTTP/1.1" 200 178 "-" "Mozilla/5.0 (compatible; DotBot/1.1; http://www.opensiteexplorer.org/dotbot, help@moz.com)"
216.244.66.202 - - [23/Jul/2017:05:53:14 +0200] "GET /robots.txt HTTP/1.1" 301 392 "-" "Mozilla/5.0 (compatible; DotBot/1.1; http://www.opensiteexplorer.org/dotbot, help@moz.com)"
216.244.66.202 - - [23/Jul/2017:05:53:14 +0200] "GET /robots.txt HTTP/1.1" 200 178 "-" "Mozilla/5.0 (compatible; DotBot/1.1; http://www.opensiteexplorer.org/dotbot, help@moz.com)"
66.249.66.75 - - [23/Jul/2017:05:53:12 +0200] "GET /leonding HTTP/1.1" 200 3479 "-" "Mozilla/5.0 (compatible; Googlebot/2.1; +http://www.google.com/bot.html)"
217.250.181.29 - - [23/Jul/2017:05:55:33 +0200] "GET / HTTP/1.1" 200 4406 "-" "Mozilla/5.0 (Windows; U; Windows NT 6.0; de; rv:1.9.2.3) Gecko/20100401 Firefox/3.6.3 ( .NET CLR 3.5.30729)"
91.114.223.85 - - [23/Jul/2017:05:56:16 +0200] "GET /kapfenberg.pankl HTTP/1.1" 200 3704 "http://m.facebook.com/" "Mozilla/5.0 (Linux; Android 4.4.2; GT-P5210 Build/KOT49H) AppleWebKit/537.36 (KHTML, like Gecko) Version/4.0 Chrome/30.0.0.0 Safari/537.36 [FB_IAB/FB4A;FBAV/132.0.0.20.85;]"
157.55.39.56 - - [23/Jul/2017:05:57:24 +0200] "GET /scheibbs/bildergalerie_fahrlehrer/Driving_Lessons_Fahrlehrer_Motorrad.php HTTP/1.1" 404 3427 "-" "Mozilla/5.0 (compatible; bingbot/2.0; +http://www.bing.com/bingbot.htm)"
157.55.39.56 - - [23/Jul/2017:05:57:30 +0200] "GET /uploads/pdfs/bruck.leitha/10279425_B-L17.pdf HTTP/1.1" 200 35521 "-" "Mozilla/5.0 (iPhone; CPU iPhone OS 7_0 like Mac OS X) AppleWebKit/537.51.1 (KHTML, like Gecko) Version/7.0 Mobile/11A465 Safari/9537.53 (compatible; bingbot/2.0; +http://www.bing.com/bingbot.htm)"
193.124.131.168 - - [23/Jul/2017:05:58:40 +0200] "HEAD / HTTP/1.1" 501 - "http://blog-live.ru/dlya-muzhchin/fitnes/pravilnoe-dyxanie-vo-vremya-bega.html" "Mozilla/6.0 (compatible; MSIE4.00; Windows 2002)"
66.249.66.72 - - [23/Jul/2017:05:58:50 +0200] "GET /wallensteinplatz/10281357?FS=A1L17 HTTP/1.1" 500 625 "-" "Mozilla/5.0 (Linux; Android 6.0.1; Nexus 5X Build/MMB29P) AppleWebKit/537.36 (KHTML, like Gecko) Chrome/41.0.2272.96 Mobile Safari/537.36 (compatible; Googlebot/2.1; +http://www.google.com/bot.html)"
157.55.39.230 - - [23/Jul/2017:05:59:09 +0200] "GET /img/black-dots-vertical.png HTTP/1.1" 200 1165 "-" "Mozilla/5.0 (compatible; bingbot/2.0; +http://www.bing.com/bingbot.htm)"
157.55.39.56 - - [23/Jul/2017:05:59:13 +0200] "GET /img/selection-box-button.png HTTP/1.1" 200 1079 "-" "Mozilla/5.0 (compatible; bingbot/2.0; +http://www.bing.com/bingbot.htm)"
68.180.230.47 - - [23/Jul/2017:06:00:27 +0200] "GET /krumbach/kurse HTTP/1.1" 200 4071 "-" "Mozilla/5.0 (compatible; Yahoo! Slurp; http://help.yahoo.com/help/us/ysearch/slurp)"
207.46.13.112 - - [23/Jul/2017:06:02:44 +0200] "GET /spittelau/kurse HTTP/1.1" 200 4563 "-" "Mozilla/5.0 (compatible; bingbot/2.0; +http://www.bing.com/bingbot.htm)"
178.165.129.146 - - [23/Jul/2017:06:03:59 +0200] "GET /kapfenberg.pankl HTTP/1.1" 200 2994 "http://www.google.at/" "Mozilla/5.0 (Linux; Android 7.0; WAS-LX1 Build/HUAWEIWAS-LX1) AppleWebKit/537.36 (KHTML, like Gecko) Chrome/55.0.2883.91 Mobile Safari/537.36"
66.249.66.85 - - [23/Jul/2017:06:04:15 +0200] "GET /robots.txt HTTP/1.1" 200 101 "-" "Mozilla/5.0 (compatible; Googlebot/2.1; +http://www.google.com/bot.html)"
66.249.66.86 - - [23/Jul/2017:06:04:16 +0200] "GET /apple-app-site-association HTTP/1.1" 400 222 "-" "Mozilla/5.0 (compatible; Googlebot/2.1; +http://www.google.com/bot.html)"
198.148.27.4 - - [23/Jul/2017:06:04:19 +0200] "GET / HTTP/1.1" 301 293 "-" "okhttp/3.4.1"
198.148.27.2 - - [23/Jul/2017:06:04:19 +0200] "GET / HTTP/1.1" 200 4406 "-" "okhttp/3.4.1"
66.249.66.74 - - [23/Jul/2017:06:04:27 +0200] "GET / HTTP/1.1" 200 3563 "-" "Mozilla/5.0 (Linux; Android 6.0.1; Nexus 5X Build/MMB29P) AppleWebKit/537.36 (KHTML, like Gecko) Chrome/41.0.2272.96 Mobile Safari/537.36 (compatible; Googlebot/2.1; +http://www.google.com/bot.html)"
195.133.147.6 - - [23/Jul/2017:06:04:49 +0200] "HEAD / HTTP/1.1" 501 - "http://www.parfumevent.com/parfyumernyj-bar-1" "Mozilla/5.0 (compatible; MSIE5.00; Windows 2006)"
74.117.179.72 - - [23/Jul/2017:06:05:48 +0200] "GET / HTTP/1.1" 301 382 "-" "Mozilla/5.0 (Macintosh; Intel Mac OS X 10.6; rv:9.0) Gecko/20100101 Firefox/9.0"
74.117.179.72 - - [23/Jul/2017:06:05:50 +0200] "GET / HTTP/1.1" 200 15953 "-" "Mozilla/5.0 (Macintosh; Intel Mac OS X 10.6; rv:9.0) Gecko/20100101 Firefox/9.0"
185.209.20.147 - - [23/Jul/2017:06:06:14 +0200] "HEAD / HTTP/1.1" 501 - "http://billiard-s.in.ua/ukraina/kiev/6/53/" "Mozilla/5.0 (compatible; MSIE6.00; Windows 2006)"
157.55.39.242 - - [23/Jul/2017:06:08:08 +0200] "GET /innsbruck HTTP/1.1" 200 3672 "-" "Mozilla/5.0 (compatible; bingbot/2.0; +http://www.bing.com/bingbot.htm)"
66.249.66.72 - - [23/Jul/2017:06:10:05 +0200] "GET /fuehrerscheine/bus/DD195-B HTTP/1.1" 200 4143 "-" "Mozilla/5.0 (compatible; Googlebot/2.1; +http://www.google.com/bot.html)"
207.47.45.161 - - [23/Jul/2017:06:10:30 +0200] "GET / HTTP/1.1" 200 15947 "-" "Mozilla/5.0 (Windows NT 6.3; rv:36.0) Gecko/20100101 Firefox/36.0"
84.114.88.88 - - [23/Jul/2017:06:10:58 +0200] "GET /wallensteinplatz HTTP/1.1" 200 2953 "-" "Mozilla/5.0 (Linux; Android 5.0; de-at; SAMSUNG SM-G900F Build/LRX21T) AppleWebKit/537.36 (KHTML, like Gecko) Version/2.1 Chrome/34.0.1847.76 Mobile Safari/537.36"
84.114.88.88 - - [23/Jul/2017:06:11:01 +0200] "GET /css/mobile.css HTTP/1.1" 200 2852 "http://www.easydrivers.at/wallensteinplatz" "Mozilla/5.0 (Linux; Android 5.0; de-at; SAMSUNG SM-G900F Build/LRX21T) AppleWebKit/537.36 (KHTML, like Gecko) Version/2.1 Chrome/34.0.1847.76 Mobile Safari/537.36"
84.114.88.88 - - [23/Jul/2017:06:11:01 +0200] "GET /img/mobile/easydrivers-logo-mobile.png HTTP/1.1" 200 10766 "http://www.easydrivers.at/wallensteinplatz" "Mozilla/5.0 (Linux; Android 5.0; de-at; SAMSUNG SM-G900F Build/LRX21T) AppleWebKit/537.36 (KHTML, like Gecko) Version/2.1 Chrome/34.0.1847.76 Mobile Safari/537.36"
84.114.88.88 - - [23/Jul/2017:06:11:01 +0200] "GET /javascript/lazyload.js HTTP/1.1" 200 1170 "http://www.easydrivers.at/wallensteinplatz" "Mozilla/5.0 (Linux; Android 5.0; de-at; SAMSUNG SM-G900F Build/LRX21T) AppleWebKit/537.36 (KHTML, like Gecko) Version/2.1 Chrome/34.0.1847.76 Mobile Safari/537.36"
84.114.88.88 - - [23/Jul/2017:06:11:01 +0200] "GET /javascript/mobile-fahrschule.js HTTP/1.1" 200 328 "http://www.easydrivers.at/wallensteinplatz" "Mozilla/5.0 (Linux; Android 5.0; de-at; SAMSUNG SM-G900F Build/LRX21T) AppleWebKit/537.36 (KHTML, like Gecko) Version/2.1 Chrome/34.0.1847.76 Mobile Safari/537.36"
84.114.88.88 - - [23/Jul/2017:06:11:01 +0200] "GET /javascript/jquery.cookie.js HTTP/1.1" 200 863 "http://www.easydrivers.at/wallensteinplatz" "Mozilla/5.0 (Linux; Android 5.0; de-at; SAMSUNG SM-G900F Build/LRX21T) AppleWebKit/537.36 (KHTML, like Gecko) Version/2.1 Chrome/34.0.1847.76 Mobile Safari/537.36"
84.114.88.88 - - [23/Jul/2017:06:11:01 +0200] "GET /javascript/jquery.simplemodal.js HTTP/1.1" 200 3070 "http://www.easydrivers.at/wallensteinplatz" "Mozilla/5.0 (Linux; Android 5.0; de-at; SAMSUNG SM-G900F Build/LRX21T) AppleWebKit/537.36 (KHTML, like Gecko) Version/2.1 Chrome/34.0.1847.76 Mobile Safari/537.36"
84.114.88.88 - - [23/Jul/2017:06:11:01 +0200] "GET /javascript/mobile-menu.js HTTP/1.1" 200 1634 "http://www.easydrivers.at/wallensteinplatz" "Mozilla/5.0 (Linux; Android 5.0; de-at; SAMSUNG SM-G900F Build/LRX21T) AppleWebKit/537.36 (KHTML, like Gecko) Version/2.1 Chrome/34.0.1847.76 Mobile Safari/537.36"
84.114.88.88 - - [23/Jul/2017:06:11:01 +0200] "GET /javascript/jquery-1.9.1.min.js HTTP/1.1" 200 32731 "http://www.easydrivers.at/wallensteinplatz" "Mozilla/5.0 (Linux; Android 5.0; de-at; SAMSUNG SM-G900F Build/LRX21T) AppleWebKit/537.36 (KHTML, like Gecko) Version/2.1 Chrome/34.0.1847.76 Mobile Safari/537.36"
84.114.88.88 - - [23/Jul/2017:06:11:01 +0200] "GET /img/mobile/facebook-icon.png HTTP/1.1" 200 1902 "http://www.easydrivers.at/wallensteinplatz" "Mozilla/5.0 (Linux; Android 5.0; de-at; SAMSUNG SM-G900F Build/LRX21T) AppleWebKit/537.36 (KHTML, like Gecko) Version/2.1 Chrome/34.0.1847.76 Mobile Safari/537.36"
84.114.88.88 - - [23/Jul/2017:06:11:01 +0200] "GET /img/mobile/close-button.png HTTP/1.1" 200 2411 "http://www.easydrivers.at/wallensteinplatz" "Mozilla/5.0 (Linux; Android 5.0; de-at; SAMSUNG SM-G900F Build/LRX21T) AppleWebKit/537.36 (KHTML, like Gecko) Version/2.1 Chrome/34.0.1847.76 Mobile Safari/537.36"
84.114.88.88 - - [23/Jul/2017:06:11:01 +0200] "GET /img/mobile/info-button.png HTTP/1.1" 200 1549 "http://www.easydrivers.at/wallensteinplatz" "Mozilla/5.0 (Linux; Android 5.0; de-at; SAMSUNG SM-G900F Build/LRX21T) AppleWebKit/537.36 (KHTML, like Gecko) Version/2.1 Chrome/34.0.1847.76 Mobile Safari/537.36"
84.114.88.88 - - [23/Jul/2017:06:11:01 +0200] "GET /img/mobile/menu-button.png HTTP/1.1" 200 1746 "http://www.easydrivers.at/wallensteinplatz" "Mozilla/5.0 (Linux; Android 5.0; de-at; SAMSUNG SM-G900F Build/LRX21T) AppleWebKit/537.36 (KHTML, like Gecko) Version/2.1 Chrome/34.0.1847.76 Mobile Safari/537.36"
84.114.88.88 - - [23/Jul/2017:06:11:01 +0200] "GET /img/smallicon-person.png HTTP/1.1" 200 1141 "http://www.easydrivers.at/wallensteinplatz" "Mozilla/5.0 (Linux; Android 5.0; de-at; SAMSUNG SM-G900F Build/LRX21T) AppleWebKit/537.36 (KHTML, like Gecko) Version/2.1 Chrome/34.0.1847.76 Mobile Safari/537.36"
84.114.88.88 - - [23/Jul/2017:06:11:01 +0200] "GET /img/mobile/info-close-button.png HTTP/1.1" 200 1721 "http://www.easydrivers.at/wallensteinplatz" "Mozilla/5.0 (Linux; Android 5.0; de-at; SAMSUNG SM-G900F Build/LRX21T) AppleWebKit/537.36 (KHTML, like Gecko) Version/2.1 Chrome/34.0.1847.76 Mobile Safari/537.36"
84.114.88.88 - - [23/Jul/2017:06:11:01 +0200] "GET /img/smallicon-address.png HTTP/1.1" 200 1211 "http://www.easydrivers.at/wallensteinplatz" "Mozilla/5.0 (Linux; Android 5.0; de-at; SAMSUNG SM-G900F Build/LRX21T) AppleWebKit/537.36 (KHTML, like Gecko) Version/2.1 Chrome/34.0.1847.76 Mobile Safari/537.36"
84.114.88.88 - - [23/Jul/2017:06:11:01 +0200] "GET /img/mobile/googlemaps-pin.png HTTP/1.1" 200 1597 "http://www.easydrivers.at/wallensteinplatz" "Mozilla/5.0 (Linux; Android 5.0; de-at; SAMSUNG SM-G900F Build/LRX21T) AppleWebKit/537.36 (KHTML, like Gecko) Version/2.1 Chrome/34.0.1847.76 Mobile Safari/537.36"
84.114.88.88 - - [23/Jul/2017:06:11:01 +0200] "GET /img/smallicon-time.png HTTP/1.1" 200 1262 "http://www.easydrivers.at/wallensteinplatz" "Mozilla/5.0 (Linux; Android 5.0; de-at; SAMSUNG SM-G900F Build/LRX21T) AppleWebKit/537.36 (KHTML, like Gecko) Version/2.1 Chrome/34.0.1847.76 Mobile Safari/537.36"
84.114.88.88 - - [23/Jul/2017:06:11:01 +0200] "GET /img/mobile/widget-icon-app.png HTTP/1.1" 200 3458 "http://www.easydrivers.at/wallensteinplatz" "Mozilla/5.0 (Linux; Android 5.0; de-at; SAMSUNG SM-G900F Build/LRX21T) AppleWebKit/537.36 (KHTML, like Gecko) Version/2.1 Chrome/34.0.1847.76 Mobile Safari/537.36"
84.114.88.88 - - [23/Jul/2017:06:11:01 +0200] "GET /img/smallicon-phone.png HTTP/1.1" 200 3056 "http://www.easydrivers.at/wallensteinplatz" "Mozilla/5.0 (Linux; Android 5.0; de-at; SAMSUNG SM-G900F Build/LRX21T) AppleWebKit/537.36 (KHTML, like Gecko) Version/2.1 Chrome/34.0.1847.76 Mobile Safari/537.36"
84.114.88.88 - - [23/Jul/2017:06:11:01 +0200] "GET /img/smallicon-mail.png HTTP/1.1" 200 1341 "http://www.easydrivers.at/wallensteinplatz" "Mozilla/5.0 (Linux; Android 5.0; de-at; SAMSUNG SM-G900F Build/LRX21T) AppleWebKit/537.36 (KHTML, like Gecko) Version/2.1 Chrome/34.0.1847.76 Mobile Safari/537.36"
84.114.88.88 - - [23/Jul/2017:06:11:01 +0200] "GET /img/mobile/bg-header.jpg HTTP/1.1" 200 19741 "http://www.easydrivers.at/wallensteinplatz" "Mozilla/5.0 (Linux; Android 5.0; de-at; SAMSUNG SM-G900F Build/LRX21T) AppleWebKit/537.36 (KHTML, like Gecko) Version/2.1 Chrome/34.0.1847.76 Mobile Safari/537.36"
84.114.88.88 - - [23/Jul/2017:06:11:01 +0200] "GET /img/mobile/bg-menu.jpg HTTP/1.1" 200 1698 "http://www.easydrivers.at/wallensteinplatz" "Mozilla/5.0 (Linux; Android 5.0; de-at; SAMSUNG SM-G900F Build/LRX21T) AppleWebKit/537.36 (KHTML, like Gecko) Version/2.1 Chrome/34.0.1847.76 Mobile Safari/537.36"
84.114.88.88 - - [23/Jul/2017:06:11:01 +0200] "GET /img/mobile/bg-top-section.jpg HTTP/1.1" 200 21711 "http://www.easydrivers.at/wallensteinplatz" "Mozilla/5.0 (Linux; Android 5.0; de-at; SAMSUNG SM-G900F Build/LRX21T) AppleWebKit/537.36 (KHTML, like Gecko) Version/2.1 Chrome/34.0.1847.76 Mobile Safari/537.36"
84.114.88.88 - - [23/Jul/2017:06:11:01 +0200] "GET /img/mobile/pfeil-rechts.png HTTP/1.1" 200 1228 "http://www.easydrivers.at/wallensteinplatz" "Mozilla/5.0 (Linux; Android 5.0; de-at; SAMSUNG SM-G900F Build/LRX21T) AppleWebKit/537.36 (KHTML, like Gecko) Version/2.1 Chrome/34.0.1847.76 Mobile Safari/537.36"
84.114.88.88 - - [23/Jul/2017:06:11:07 +0200] "GET /img/favicon.ico HTTP/1.1" 404 300 "-" "Mozilla/5.0 (Linux; Android 5.0; de-at; SAMSUNG SM-G900F Build/LRX21T) AppleWebKit/537.36 (KHTML, like Gecko) Version/2.1 Chrome/34.0.1847.76 Mobile Safari/537.36"
84.114.88.88 - - [23/Jul/2017:06:11:09 +0200] "POST /wallensteinplatz/kursauswahl HTTP/1.1" 200 3043 "http://www.easydrivers.at/wallensteinplatz" "Mozilla/5.0 (Linux; Android 5.0; de-at; SAMSUNG SM-G900F Build/LRX21T) AppleWebKit/537.36 (KHTML, like Gecko) Version/2.1 Chrome/34.0.1847.76 Mobile Safari/537.36"
84.114.88.88 - - [23/Jul/2017:06:11:11 +0200] "GET /javascript/mobile-fahrschule-kurs-suchergebnis.js HTTP/1.1" 200 274 "http://www.easydrivers.at/wallensteinplatz/kursauswahl" "Mozilla/5.0 (Linux; Android 5.0; de-at; SAMSUNG SM-G900F Build/LRX21T) AppleWebKit/537.36 (KHTML, like Gecko) Version/2.1 Chrome/34.0.1847.76 Mobile Safari/537.36"
84.114.88.88 - - [23/Jul/2017:06:11:11 +0200] "GET /img/mobile/pfeil-links-small.png HTTP/1.1" 200 1065 "http://www.easydrivers.at/wallensteinplatz/kursauswahl" "Mozilla/5.0 (Linux; Android 5.0; de-at; SAMSUNG SM-G900F Build/LRX21T) AppleWebKit/537.36 (KHTML, like Gecko) Version/2.1 Chrome/34.0.1847.76 Mobile Safari/537.36"
84.114.88.88 - - [23/Jul/2017:06:11:11 +0200] "GET /img/mobile/bg-yellow.jpg HTTP/1.1" 200 1569 "http://www.easydrivers.at/wallensteinplatz/kursauswahl" "Mozilla/5.0 (Linux; Android 5.0; de-at; SAMSUNG SM-G900F Build/LRX21T) AppleWebKit/537.36 (KHTML, like Gecko) Version/2.1 Chrome/34.0.1847.76 Mobile Safari/537.36"
84.114.88.88 - - [23/Jul/2017:06:11:11 +0200] "GET /img/loading-bars.gif HTTP/1.1" 200 3951 "http://www.easydrivers.at/wallensteinplatz/kursauswahl" "Mozilla/5.0 (Linux; Android 5.0; de-at; SAMSUNG SM-G900F Build/LRX21T) AppleWebKit/537.36 (KHTML, like Gecko) Version/2.1 Chrome/34.0.1847.76 Mobile Safari/537.36"
84.114.88.88 - - [23/Jul/2017:06:11:17 +0200] "POST /loadkursliste HTTP/1.1" 200 963 "http://www.easydrivers.at/wallensteinplatz/kursauswahl" "Mozilla/5.0 (Linux; Android 5.0; de-at; SAMSUNG SM-G900F Build/LRX21T) AppleWebKit/537.36 (KHTML, like Gecko) Version/2.1 Chrome/34.0.1847.76 Mobile Safari/537.36"
84.114.88.88 - - [23/Jul/2017:06:11:26 +0200] "GET /wallensteinplatz/10280930?FS=B HTTP/1.1" 200 3366 "http://www.easydrivers.at/wallensteinplatz/kursauswahl" "Mozilla/5.0 (Linux; Android 5.0; de-at; SAMSUNG SM-G900F Build/LRX21T) AppleWebKit/537.36 (KHTML, like Gecko) Version/2.1 Chrome/34.0.1847.76 Mobile Safari/537.36"
84.114.88.88 - - [23/Jul/2017:06:11:29 +0200] "GET /img/mobile/smallicon-phone.png HTTP/1.1" 200 1311 "http://www.easydrivers.at/wallensteinplatz/10280930?FS=B" "Mozilla/5.0 (Linux; Android 5.0; de-at; SAMSUNG SM-G900F Build/LRX21T) AppleWebKit/537.36 (KHTML, like Gecko) Version/2.1 Chrome/34.0.1847.76 Mobile Safari/537.36"
84.114.88.88 - - [23/Jul/2017:06:11:29 +0200] "GET /img/mobile/kursicon-phone.png HTTP/1.1" 200 1932 "http://www.easydrivers.at/wallensteinplatz/10280930?FS=B" "Mozilla/5.0 (Linux; Android 5.0; de-at; SAMSUNG SM-G900F Build/LRX21T) AppleWebKit/537.36 (KHTML, like Gecko) Version/2.1 Chrome/34.0.1847.76 Mobile Safari/537.36"
84.114.88.88 - - [23/Jul/2017:06:11:29 +0200] "GET /img/mobile/kursicon-share.png HTTP/1.1" 200 2065 "http://www.easydrivers.at/wallensteinplatz/10280930?FS=B" "Mozilla/5.0 (Linux; Android 5.0; de-at; SAMSUNG SM-G900F Build/LRX21T) AppleWebKit/537.36 (KHTML, like Gecko) Version/2.1 Chrome/34.0.1847.76 Mobile Safari/537.36"
