46.125.249.6 - - [23/Jul/2017:08:54:02 +0200] "GET /binaries/easy-drivers-portal/edwebhistoryillu392x3925jpg.jpg HTTP/1.1" 200 31708 "http://www.easydrivers.at/ueberuns" "Mozilla/5.0 (Linux; Android 6.0.1; SM-G903F Build/MMB29K) AppleWebKit/537.36 (KHTML, like Gecko) Chrome/59.0.3071.125 Mobile Safari/537.36"
46.125.249.6 - - [23/Jul/2017:08:54:02 +0200] "GET /binaries/easy-drivers-portal/edwebhistoryillu392x3926jpg.jpg HTTP/1.1" 200 41118 "http://www.easydrivers.at/ueberuns" "Mozilla/5.0 (Linux; Android 6.0.1; SM-G903F Build/MMB29K) AppleWebKit/537.36 (KHTML, like Gecko) Chrome/59.0.3071.125 Mobile Safari/537.36"
46.125.249.6 - - [23/Jul/2017:08:54:01 +0200] "GET /binaries/easy-drivers-portal/edwebhistoryillu392x3923jpg.jpg HTTP/1.1" 200 54656 "http://www.easydrivers.at/ueberuns" "Mozilla/5.0 (Linux; Android 6.0.1; SM-G903F Build/MMB29K) AppleWebKit/537.36 (KHTML, like Gecko) Chrome/59.0.3071.125 Mobile Safari/537.36"
46.125.249.6 - - [23/Jul/2017:08:54:02 +0200] "GET /binaries/easy-drivers-portal/edwebhistoryillu392x3927jpg.jpg HTTP/1.1" 200 71377 "http://www.easydrivers.at/ueberuns" "Mozilla/5.0 (Linux; Android 6.0.1; SM-G903F Build/MMB29K) AppleWebKit/537.36 (KHTML, like Gecko) Chrome/59.0.3071.125 Mobile Safari/537.36"
46.125.249.6 - - [23/Jul/2017:08:54:02 +0200] "GET /binaries/easy-drivers-portal/edwebhistoryillu392x392radjpg.jpg HTTP/1.1" 200 124939 "http://www.easydrivers.at/ueberuns" "Mozilla/5.0 (Linux; Android 6.0.1; SM-G903F Build/MMB29K) AppleWebKit/537.36 (KHTML, like Gecko) Chrome/59.0.3071.125 Mobile Safari/537.36"
46.125.249.6 - - [23/Jul/2017:08:54:02 +0200] "GET /binaries/easy-drivers-portal/edwebhistoryillu392x3928jpg.jpg HTTP/1.1" 200 38907 "http://www.easydrivers.at/ueberuns" "Mozilla/5.0 (Linux; Android 6.0.1; SM-G903F Build/MMB29K) AppleWebKit/537.36 (KHTML, like Gecko) Chrome/59.0.3071.125 Mobile Safari/537.36"
46.125.249.6 - - [23/Jul/2017:08:54:02 +0200] "GET /binaries/easy-drivers-portal/edwebhistoryillu392x3929jpg.jpg HTTP/1.1" 200 31823 "http://www.easydrivers.at/ueberuns" "Mozilla/5.0 (Linux; Android 6.0.1; SM-G903F Build/MMB29K) AppleWebKit/537.36 (KHTML, like Gecko) Chrome/59.0.3071.125 Mobile Safari/537.36"
46.125.249.6 - - [23/Jul/2017:08:54:02 +0200] "GET /binaries/easy-drivers-portal/edwebhistoryillu392x39211jpg.jpg HTTP/1.1" 200 36282 "http://www.easydrivers.at/ueberuns" "Mozilla/5.0 (Linux; Android 6.0.1; SM-G903F Build/MMB29K) AppleWebKit/537.36 (KHTML, like Gecko) Chrome/59.0.3071.125 Mobile Safari/537.36"
46.125.249.6 - - [23/Jul/2017:08:54:02 +0200] "GET /binaries/easy-drivers-portal/edwebhistoryillu392x39210jpg.jpg HTTP/1.1" 200 19475 "http://www.easydrivers.at/ueberuns" "Mozilla/5.0 (Linux; Android 6.0.1; SM-G903F Build/MMB29K) AppleWebKit/537.36 (KHTML, like Gecko) Chrome/59.0.3071.125 Mobile Safari/537.36"
46.125.249.6 - - [23/Jul/2017:08:54:02 +0200] "GET /binaries/easy-drivers-portal/edwebhistoryillu392x39220kpng.png HTTP/1.1" 200 49333 "http://www.easydrivers.at/ueberuns" "Mozilla/5.0 (Linux; Android 6.0.1; SM-G903F Build/MMB29K) AppleWebKit/537.36 (KHTML, like Gecko) Chrome/59.0.3071.125 Mobile Safari/537.36"
54.158.25.146 - - [23/Jul/2017:08:54:01 +0200] "GET /am.spitz/10280853?FS=A1L17 HTTP/1.0" 200 6387 "-" "CCBot/2.0 (http://commoncrawl.org/faq/)"
54.158.25.146 - - [23/Jul/2017:08:54:06 +0200] "GET /am.spitz/10280853?FS=B HTTP/1.0" 200 5561 "-" "CCBot/2.0 (http://commoncrawl.org/faq/)"
54.158.25.146 - - [23/Jul/2017:08:54:11 +0200] "GET /am.spitz/10281093?FS=BBE HTTP/1.0" 200 5670 "-" "CCBot/2.0 (http://commoncrawl.org/faq/)"
64.62.252.163 - - [23/Jul/2017:08:54:13 +0200] "GET /guessing HTTP/1.1" 200 3488 "-" "BUbiNG (+http://law.di.unimi.it/BUbiNG.html)"
54.158.25.146 - - [23/Jul/2017:08:54:17 +0200] "GET /am.spitz/10280976?FS=A1 HTTP/1.0" 410 3380 "-" "CCBot/2.0 (http://commoncrawl.org/faq/)"
46.125.249.6 - - [23/Jul/2017:08:54:20 +0200] "GET /st.poelten HTTP/1.1" 200 2943 "https://m.facebook.com/" "Mozilla/5.0 (Linux; Android 6.0.1; SM-G903F Build/MMB29K) AppleWebKit/537.36 (KHTML, like Gecko) Chrome/59.0.3071.125 Mobile Safari/537.36"
54.158.25.146 - - [23/Jul/2017:08:54:22 +0200] "GET /am.spitz/10280859?FS=AM-M1 HTTP/1.0" 200 5467 "-" "CCBot/2.0 (http://commoncrawl.org/faq/)"
54.158.25.146 - - [23/Jul/2017:08:54:28 +0200] "GET /am.spitz/10280982?FS=AM-M HTTP/1.0" 200 5319 "-" "CCBot/2.0 (http://commoncrawl.org/faq/)"
64.62.252.163 - - [23/Jul/2017:08:54:30 +0200] "GET /jennersdorf HTTP/1.1" 200 3465 "-" "BUbiNG (+http://law.di.unimi.it/BUbiNG.html)"
54.158.25.146 - - [23/Jul/2017:08:54:33 +0200] "GET /am.spitz/10281204?FS=A1L17 HTTP/1.0" 410 3378 "-" "CCBot/2.0 (http://commoncrawl.org/faq/)"
46.125.249.6 - - [23/Jul/2017:08:54:33 +0200] "GET /st.poelten/Inhaberdaten HTTP/1.1" 200 3339 "http://www.easydrivers.at/st.poelten" "Mozilla/5.0 (Linux; Android 6.0.1; SM-G903F Build/MMB29K) AppleWebKit/537.36 (KHTML, like Gecko) Chrome/59.0.3071.125 Mobile Safari/537.36"
54.158.25.146 - - [23/Jul/2017:08:54:38 +0200] "GET /bruck.leitha/10279714?FS=BBE HTTP/1.0" 410 3406 "-" "CCBot/2.0 (http://commoncrawl.org/faq/)"
54.158.25.146 - - [23/Jul/2017:08:54:44 +0200] "GET /bruck.leitha/10280236?FS=AM-M1 HTTP/1.0" 200 5595 "-" "CCBot/2.0 (http://commoncrawl.org/faq/)"
64.62.252.163 - - [23/Jul/2017:08:54:47 +0200] "GET /neusiedl HTTP/1.1" 404 2655 "-" "BUbiNG (+http://law.di.unimi.it/BUbiNG.html)"
54.158.25.146 - - [23/Jul/2017:08:54:49 +0200] "GET /schwechat/10280350?FS=CCE95 HTTP/1.0" 200 6263 "-" "CCBot/2.0 (http://commoncrawl.org/faq/)"
54.158.25.146 - - [23/Jul/2017:08:54:55 +0200] "GET /schwechat/10280434?FS=AM HTTP/1.0" 410 3432 "-" "CCBot/2.0 (http://commoncrawl.org/faq/)"
54.158.25.146 - - [23/Jul/2017:08:55:00 +0200] "GET /schwechat/10280389?FS=A2BF HTTP/1.0" 200 6353 "-" "CCBot/2.0 (http://commoncrawl.org/faq/)"
64.62.252.163 - - [23/Jul/2017:08:55:03 +0200] "GET /villach HTTP/1.1" 404 2655 "-" "BUbiNG (+http://law.di.unimi.it/BUbiNG.html)"
54.158.25.146 - - [23/Jul/2017:08:55:05 +0200] "GET /hollabrunn/Grundkurs_September_2017?FS=BPlus HTTP/1.0" 200 6050 "-" "CCBot/2.0 (http://commoncrawl.org/faq/)"
54.158.25.146 - - [23/Jul/2017:08:55:11 +0200] "GET /schwechat/10280278?FS=BF HTTP/1.0" 410 3434 "-" "CCBot/2.0 (http://commoncrawl.org/faq/)"
54.158.25.146 - - [23/Jul/2017:08:55:16 +0200] "GET /hollabrunn/Grundkurs_September_2017?FS=A2BF HTTP/1.0" 200 6624 "-" "CCBot/2.0 (http://commoncrawl.org/faq/)"
64.62.252.163 - - [23/Jul/2017:08:55:18 +0200] "GET /klagenfurt HTTP/1.1" 200 3666 "-" "BUbiNG (+http://law.di.unimi.it/BUbiNG.html)"
46.125.249.6 - - [23/Jul/2017:08:55:19 +0200] "GET /st.poelten HTTP/1.1" 200 2943 "https://m.facebook.com/" "Mozilla/5.0 (Linux; Android 6.0.1; SM-G903F Build/MMB29K) AppleWebKit/537.36 (KHTML, like Gecko) Chrome/59.0.3071.125 Mobile Safari/537.36"
54.158.25.146 - - [23/Jul/2017:08:55:22 +0200] "GET /schwechat/10280317?FS=BE96 HTTP/1.0" 200 6015 "-" "CCBot/2.0 (http://commoncrawl.org/faq/)"
178.165.131.81 - - [23/Jul/2017:08:55:23 +0200] "GET / HTTP/1.1" 200 3563 "https://www.google.at/" "Mozilla/5.0 (iPhone; CPU iPhone OS 10_3_2 like Mac OS X) AppleWebKit/603.2.4 (KHTML, like Gecko) Version/10.0 Mobile/14F89 Safari/602.1"
178.165.131.81 - - [23/Jul/2017:08:55:25 +0200] "GET /javascript/mobile-menu.js HTTP/1.1" 200 1634 "http://www.easydrivers.at/" "Mozilla/5.0 (iPhone; CPU iPhone OS 10_3_2 like Mac OS X) AppleWebKit/603.2.4 (KHTML, like Gecko) Version/10.0 Mobile/14F89 Safari/602.1"
178.165.131.81 - - [23/Jul/2017:08:55:25 +0200] "GET /css/mobile.css HTTP/1.1" 200 2852 "http://www.easydrivers.at/" "Mozilla/5.0 (iPhone; CPU iPhone OS 10_3_2 like Mac OS X) AppleWebKit/603.2.4 (KHTML, like Gecko) Version/10.0 Mobile/14F89 Safari/602.1"
178.165.131.81 - - [23/Jul/2017:08:55:25 +0200] "GET /javascript/jquery.cookie.js HTTP/1.1" 200 863 "http://www.easydrivers.at/" "Mozilla/5.0 (iPhone; CPU iPhone OS 10_3_2 like Mac OS X) AppleWebKit/603.2.4 (KHTML, like Gecko) Version/10.0 Mobile/14F89 Safari/602.1"
178.165.131.81 - - [23/Jul/2017:08:55:25 +0200] "GET /javascript/jquery-1.9.1.min.js HTTP/1.1" 200 32731 "http://www.easydrivers.at/" "Mozilla/5.0 (iPhone; CPU iPhone OS 10_3_2 like Mac OS X) AppleWebKit/603.2.4 (KHTML, like Gecko) Version/10.0 Mobile/14F89 Safari/602.1"
178.165.131.81 - - [23/Jul/2017:08:55:25 +0200] "GET /javascript/jquery.simplemodal.js HTTP/1.1" 200 3070 "http://www.easydrivers.at/" "Mozilla/5.0 (iPhone; CPU iPhone OS 10_3_2 like Mac OS X) AppleWebKit/603.2.4 (KHTML, like Gecko) Version/10.0 Mobile/14F89 Safari/602.1"
178.165.131.81 - - [23/Jul/2017:08:55:25 +0200] "GET /javascript/mobile-homesearch.js HTTP/1.1" 200 340 "http://www.easydrivers.at/" "Mozilla/5.0 (iPhone; CPU iPhone OS 10_3_2 like Mac OS X) AppleWebKit/603.2.4 (KHTML, like Gecko) Version/10.0 Mobile/14F89 Safari/602.1"
178.165.131.81 - - [23/Jul/2017:08:55:25 +0200] "GET /javascript/lazyload.js HTTP/1.1" 200 1170 "http://www.easydrivers.at/" "Mozilla/5.0 (iPhone; CPU iPhone OS 10_3_2 like Mac OS X) AppleWebKit/603.2.4 (KHTML, like Gecko) Version/10.0 Mobile/14F89 Safari/602.1"
178.165.131.81 - - [23/Jul/2017:08:55:25 +0200] "GET /img/mobile/easydrivers-logo-mobile.png HTTP/1.1" 200 10766 "http://www.easydrivers.at/" "Mozilla/5.0 (iPhone; CPU iPhone OS 10_3_2 like Mac OS X) AppleWebKit/603.2.4 (KHTML, like Gecko) Version/10.0 Mobile/14F89 Safari/602.1"
178.165.131.81 - - [23/Jul/2017:08:55:25 +0200] "GET /img/mobile/menu-button.png HTTP/1.1" 200 1746 "http://www.easydrivers.at/" "Mozilla/5.0 (iPhone; CPU iPhone OS 10_3_2 like Mac OS X) AppleWebKit/603.2.4 (KHTML, like Gecko) Version/10.0 Mobile/14F89 Safari/602.1"
178.165.131.81 - - [23/Jul/2017:08:55:25 +0200] "GET /img/mobile/close-button.png HTTP/1.1" 200 2411 "http://www.easydrivers.at/" "Mozilla/5.0 (iPhone; CPU iPhone OS 10_3_2 like Mac OS X) AppleWebKit/603.2.4 (KHTML, like Gecko) Version/10.0 Mobile/14F89 Safari/602.1"
178.165.131.81 - - [23/Jul/2017:08:55:25 +0200] "GET /img/mobile/facebook-icon.png HTTP/1.1" 200 1902 "http://www.easydrivers.at/" "Mozilla/5.0 (iPhone; CPU iPhone OS 10_3_2 like Mac OS X) AppleWebKit/603.2.4 (KHTML, like Gecko) Version/10.0 Mobile/14F89 Safari/602.1"
178.165.131.81 - - [23/Jul/2017:08:55:25 +0200] "GET /img/mobile/widget-icon-app.png HTTP/1.1" 200 3458 "http://www.easydrivers.at/" "Mozilla/5.0 (iPhone; CPU iPhone OS 10_3_2 like Mac OS X) AppleWebKit/603.2.4 (KHTML, like Gecko) Version/10.0 Mobile/14F89 Safari/602.1"
178.165.131.81 - - [23/Jul/2017:08:55:25 +0200] "GET /img/mobile/bg-menu.jpg HTTP/1.1" 200 1698 "http://www.easydrivers.at/" "Mozilla/5.0 (iPhone; CPU iPhone OS 10_3_2 like Mac OS X) AppleWebKit/603.2.4 (KHTML, like Gecko) Version/10.0 Mobile/14F89 Safari/602.1"
178.165.131.81 - - [23/Jul/2017:08:55:25 +0200] "GET /img/mobile/bg-header.jpg HTTP/1.1" 200 19741 "http://www.easydrivers.at/" "Mozilla/5.0 (iPhone; CPU iPhone OS 10_3_2 like Mac OS X) AppleWebKit/603.2.4 (KHTML, like Gecko) Version/10.0 Mobile/14F89 Safari/602.1"
178.165.131.81 - - [23/Jul/2017:08:55:25 +0200] "GET /img/mobile/bg-top-section.jpg HTTP/1.1" 200 21711 "http://www.easydrivers.at/" "Mozilla/5.0 (iPhone; CPU iPhone OS 10_3_2 like Mac OS X) AppleWebKit/603.2.4 (KHTML, like Gecko) Version/10.0 Mobile/14F89 Safari/602.1"
178.165.131.81 - - [23/Jul/2017:08:55:25 +0200] "GET /img/mobile/pfeil-rechts.png HTTP/1.1" 200 1228 "http://www.easydrivers.at/" "Mozilla/5.0 (iPhone; CPU iPhone OS 10_3_2 like Mac OS X) AppleWebKit/603.2.4 (KHTML, like Gecko) Version/10.0 Mobile/14F89 Safari/602.1"
54.158.25.146 - - [23/Jul/2017:08:55:28 +0200] "GET /bruck.leitha/10279427?FS=B-L HTTP/1.0" 200 6260 "-" "CCBot/2.0 (http://commoncrawl.org/faq/)"
54.158.25.146 - - [23/Jul/2017:08:55:34 +0200] "GET /hollabrunn/Grundkurs_III_Sommer_2017?FS=BF HTTP/1.0" 200 6199 "-" "CCBot/2.0 (http://commoncrawl.org/faq/)"
64.62.252.163 - - [23/Jul/2017:08:55:36 +0200] "GET /schwechat HTTP/1.1" 200 3598 "-" "BUbiNG (+http://law.di.unimi.it/BUbiNG.html)"
54.158.25.146 - - [23/Jul/2017:08:55:39 +0200] "GET /hollabrunn/Grundkurs_Oktober_2017?FS=BPlus HTTP/1.0" 200 6035 "-" "CCBot/2.0 (http://commoncrawl.org/faq/)"
54.158.25.146 - - [23/Jul/2017:08:55:45 +0200] "GET /bruck.leitha/10279415?FS=BPlus HTTP/1.0" 410 3407 "-" "CCBot/2.0 (http://commoncrawl.org/faq/)"
193.187.3.11 - - [23/Jul/2017:08:55:48 +0200] "GET /ennstal.schladming HTTP/1.1" 200 3622 "http://www.google.at/url?sa=t&rct=j&q=&esrc=s&source=web&cd=1&ved=0ahUKEwigvo6X6Z7VAhWKthQKHR_TA9EQFggjMAA&url=http%3A%2F%2Fwww.easydrivers.at%2Fennstal.schladming&usg=AFQjCNEd1lyf_hRiqfOcZjHf3501GWMGMw" "Mozilla/5.0 (Windows NT 6.1; Trident/7.0; rv:11.0) like Gecko"
193.187.3.11 - - [23/Jul/2017:08:55:50 +0200] "GET /css/print.css HTTP/1.1" 200 967 "http://www.easydrivers.at/ennstal.schladming" "Mozilla/5.0 (Windows NT 6.1; Trident/7.0; rv:11.0) like Gecko"
193.187.3.11 - - [23/Jul/2017:08:55:50 +0200] "GET /css/style.css HTTP/1.1" 200 5004 "http://www.easydrivers.at/ennstal.schladming" "Mozilla/5.0 (Windows NT 6.1; Trident/7.0; rv:11.0) like Gecko"
193.187.3.11 - - [23/Jul/2017:08:55:50 +0200] "GET /javascript/jquery.simplemodal.js HTTP/1.1" 200 3070 "http://www.easydrivers.at/ennstal.schladming" "Mozilla/5.0 (Windows NT 6.1; Trident/7.0; rv:11.0) like Gecko"
193.187.3.11 - - [23/Jul/2017:08:55:50 +0200] "GET /javascript/portal.js?1221842734 HTTP/1.1" 200 3529 "http://www.easydrivers.at/ennstal.schladming" "Mozilla/5.0 (Windows NT 6.1; Trident/7.0; rv:11.0) like Gecko"
193.187.3.11 - - [23/Jul/2017:08:55:50 +0200] "GET /javascript/jquery.customSelect.min.js HTTP/1.1" 200 912 "http://www.easydrivers.at/ennstal.schladming" "Mozilla/5.0 (Windows NT 6.1; Trident/7.0; rv:11.0) like Gecko"
193.187.3.11 - - [23/Jul/2017:08:55:50 +0200] "GET /img/close-button.png HTTP/1.1" 200 2237 "http://www.easydrivers.at/ennstal.schladming" "Mozilla/5.0 (Windows NT 6.1; Trident/7.0; rv:11.0) like Gecko"
193.187.3.11 - - [23/Jul/2017:08:55:50 +0200] "GET /img/facebook-icon.png HTTP/1.1" 200 1506 "http://www.easydrivers.at/ennstal.schladming" "Mozilla/5.0 (Windows NT 6.1; Trident/7.0; rv:11.0) like Gecko"
193.187.3.11 - - [23/Jul/2017:08:55:50 +0200] "GET /img/submit-button.png HTTP/1.1" 200 1958 "http://www.easydrivers.at/ennstal.schladming" "Mozilla/5.0 (Windows NT 6.1; Trident/7.0; rv:11.0) like Gecko"
193.187.3.11 - - [23/Jul/2017:08:55:50 +0200] "GET /javascript/fahrschule.js HTTP/1.1" 200 462 "http://www.easydrivers.at/ennstal.schladming" "Mozilla/5.0 (Windows NT 6.1; Trident/7.0; rv:11.0) like Gecko"
193.187.3.11 - - [23/Jul/2017:08:55:50 +0200] "GET /img/locator-icon.png HTTP/1.1" 200 1377 "http://www.easydrivers.at/ennstal.schladming" "Mozilla/5.0 (Windows NT 6.1; Trident/7.0; rv:11.0) like Gecko"
193.187.3.11 - - [23/Jul/2017:08:55:50 +0200] "GET /cache/emu/images/easy-drivers-portal10264989/volvojpg_131_90_0.jpg HTTP/1.1" 200 4570 "http://www.easydrivers.at/ennstal.schladming" "Mozilla/5.0 (Windows NT 6.1; Trident/7.0; rv:11.0) like Gecko"
193.187.3.11 - - [23/Jul/2017:08:55:50 +0200] "GET /binaries/easy-drivers-portal/widget-icon-expertspng.png HTTP/1.1" 200 2159 "http://www.easydrivers.at/ennstal.schladming" "Mozilla/5.0 (Windows NT 6.1; Trident/7.0; rv:11.0) like Gecko"
193.187.3.11 - - [23/Jul/2017:08:55:50 +0200] "GET /binaries/easy-drivers-portal/widget-icon-apppng.png HTTP/1.1" 200 2432 "http://www.easydrivers.at/ennstal.schladming" "Mozilla/5.0 (Windows NT 6.1; Trident/7.0; rv:11.0) like Gecko"
193.187.3.11 - - [23/Jul/2017:08:55:50 +0200] "GET /img/bg-header.jpg HTTP/1.1" 200 38680 "http://www.easydrivers.at/ennstal.schladming" "Mozilla/5.0 (Windows NT 6.1; Trident/7.0; rv:11.0) like Gecko"
193.187.3.11 - - [23/Jul/2017:08:55:50 +0200] "GET /img/kursicon-share-pink.png HTTP/1.1" 200 1277 "http://www.easydrivers.at/ennstal.schladming" "Mozilla/5.0 (Windows NT 6.1; Trident/7.0; rv:11.0) like Gecko"
193.187.3.11 - - [23/Jul/2017:08:55:50 +0200] "GET /img/kursicon-phone-pink.png HTTP/1.1" 200 1286 "http://www.easydrivers.at/ennstal.schladming" "Mozilla/5.0 (Windows NT 6.1; Trident/7.0; rv:11.0) like Gecko"
193.187.3.11 - - [23/Jul/2017:08:55:50 +0200] "GET /img/ED_Logo.png HTTP/1.1" 200 3385 "http://www.easydrivers.at/ennstal.schladming" "Mozilla/5.0 (Windows NT 6.1; Trident/7.0; rv:11.0) like Gecko"
193.187.3.11 - - [23/Jul/2017:08:55:50 +0200] "GET /img/yellow-dots-vertical.png HTTP/1.1" 200 981 "http://www.easydrivers.at/ennstal.schladming" "Mozilla/5.0 (Windows NT 6.1; Trident/7.0; rv:11.0) like Gecko"
193.187.3.11 - - [23/Jul/2017:08:55:50 +0200] "GET /img/bg-footer.jpg HTTP/1.1" 200 31770 "http://www.easydrivers.at/ennstal.schladming" "Mozilla/5.0 (Windows NT 6.1; Trident/7.0; rv:11.0) like Gecko"
193.187.3.11 - - [23/Jul/2017:08:55:50 +0200] "GET /img/bg-top-section.jpg HTTP/1.1" 200 82172 "http://www.easydrivers.at/ennstal.schladming" "Mozilla/5.0 (Windows NT 6.1; Trident/7.0; rv:11.0) like Gecko"
193.187.3.11 - - [23/Jul/2017:08:55:50 +0200] "GET /img/new_favicon.ico HTTP/1.1" 200 1150 "-" "Mozilla/5.0 (Windows NT 6.1; Trident/7.0; rv:11.0) like Gecko"
54.158.25.146 - - [23/Jul/2017:08:55:51 +0200] "GET /hollabrunn/Grundkurs_Junil_2017?FS=BL1796 HTTP/1.0" 410 3464 "-" "CCBot/2.0 (http://commoncrawl.org/faq/)"
64.62.252.163 - - [23/Jul/2017:08:55:53 +0200] "GET /retz HTTP/1.1" 200 3453 "-" "BUbiNG (+http://law.di.unimi.it/BUbiNG.html)"
54.158.25.146 - - [23/Jul/2017:08:55:56 +0200] "GET /dornbirn/10248216?FS=B-L HTTP/1.0" 200 6272 "-" "CCBot/2.0 (http://commoncrawl.org/faq/)"
193.187.3.11 - - [23/Jul/2017:08:55:58 +0200] "GET /ennstal.schladming HTTP/1.1" 200 3622 "http://www.easydrivers.at/ennstal.schladming" "Mozilla/5.0 (Windows NT 6.1; Trident/7.0; rv:11.0) like Gecko"
54.158.25.146 - - [23/Jul/2017:08:56:02 +0200] "GET /schwechat/10280260?FS=A2B HTTP/1.0" 410 3434 "-" "CCBot/2.0 (http://commoncrawl.org/faq/)"
193.187.3.11 - - [23/Jul/2017:08:56:06 +0200] "GET /ennstal.schladming/team HTTP/1.1" 200 3154 "http://www.easydrivers.at/ennstal.schladming" "Mozilla/5.0 (Windows NT 6.1; Trident/7.0; rv:11.0) like Gecko"
193.187.3.11 - - [23/Jul/2017:08:56:09 +0200] "GET /binaries/10251862.jpg HTTP/1.1" 200 32864 "http://www.easydrivers.at/ennstal.schladming/team" "Mozilla/5.0 (Windows NT 6.1; Trident/7.0; rv:11.0) like Gecko"
193.187.3.11 - - [23/Jul/2017:08:56:09 +0200] "GET /binaries/easy-drivers-portal/motorrad3jpg.jpg HTTP/1.1" 200 111280 "http://www.easydrivers.at/ennstal.schladming/team" "Mozilla/5.0 (Windows NT 6.1; Trident/7.0; rv:11.0) like Gecko"
193.187.3.11 - - [23/Jul/2017:08:56:09 +0200] "GET /binaries/10251858.jpg HTTP/1.1" 200 30036 "http://www.easydrivers.at/ennstal.schladming/team" "Mozilla/5.0 (Windows NT 6.1; Trident/7.0; rv:11.0) like Gecko"
193.187.3.11 - - [23/Jul/2017:08:56:09 +0200] "GET /binaries/10251864.jpg HTTP/1.1" 200 27627 "http://www.easydrivers.at/ennstal.schladming/team" "Mozilla/5.0 (Windows NT 6.1; Trident/7.0; rv:11.0) like Gecko"
193.187.3.11 - - [23/Jul/2017:08:56:09 +0200] "GET /binaries/10251859.jpg HTTP/1.1" 200 26717 "http://www.easydrivers.at/ennstal.schladming/team" "Mozilla/5.0 (Windows NT 6.1; Trident/7.0; rv:11.0) like Gecko"
193.187.3.11 - - [23/Jul/2017:08:56:09 +0200] "GET /binaries/10251860.jpg HTTP/1.1" 200 25782 "http://www.easydrivers.at/ennstal.schladming/team" "Mozilla/5.0 (Windows NT 6.1; Trident/7.0; rv:11.0) like Gecko"
193.187.3.11 - - [23/Jul/2017:08:56:09 +0200] "GET /img/top-image-overlay.png HTTP/1.1" 200 20650 "http://www.easydrivers.at/ennstal.schladming/team" "Mozilla/5.0 (Windows NT 6.1; Trident/7.0; rv:11.0) like Gecko"
54.158.25.146 - - [23/Jul/2017:08:56:07 +0200] "GET /schwechat/10280305?FS=BE HTTP/1.0" 410 3434 "-" "CCBot/2.0 (http://commoncrawl.org/faq/)"
64.62.252.163 - - [23/Jul/2017:08:56:11 +0200] "GET /poechlarn HTTP/1.1" 200 3644 "-" "BUbiNG (+http://law.di.unimi.it/BUbiNG.html)"
54.158.25.146 - - [23/Jul/2017:08:56:13 +0200] "GET /schwechat/10280389?FS=BC HTTP/1.0" 200 6348 "-" "CCBot/2.0 (http://commoncrawl.org/faq/)"
54.158.25.146 - - [23/Jul/2017:08:56:18 +0200] "GET /hollabrunn/Grundkurs_III_Sommer_2017?FS=A2BF HTTP/1.0" 200 6591 "-" "CCBot/2.0 (http://commoncrawl.org/faq/)"
66.249.66.72 - - [23/Jul/2017:08:56:26 +0200] "GET /binaries/easy-drivers-rudi-dornbirn/karitnig-heinzjpg.jpg HTTP/1.1" 304 - "-" "Googlebot-Image/1.0"
54.158.25.146 - - [23/Jul/2017:08:56:24 +0200] "GET /schwechat/10280269?FS=A2BF HTTP/1.0" 200 6270 "-" "CCBot/2.0 (http://commoncrawl.org/faq/)"
193.187.3.11 - - [23/Jul/2017:08:56:23 +0200] "GET /ennstal.schladming/links HTTP/1.1" 200 3082 "http://www.easydrivers.at/ennstal.schladming/team" "Mozilla/5.0 (Windows NT 6.1; Trident/7.0; rv:11.0) like Gecko"
193.187.3.11 - - [23/Jul/2017:08:56:26 +0200] "GET /binaries/easy-drivers-portal/motorrad7jpg.jpg HTTP/1.1" 200 102681 "http://www.easydrivers.at/ennstal.schladming/links" "Mozilla/5.0 (Windows NT 6.1; Trident/7.0; rv:11.0) like Gecko"
193.187.3.11 - - [23/Jul/2017:08:56:29 +0200] "GET /ueberuns HTTP/1.1" 200 3256 "http://www.easydrivers.at/ennstal.schladming/links" "Mozilla/5.0 (Windows NT 6.1; Trident/7.0; rv:11.0) like Gecko"
193.187.3.11 - - [23/Jul/2017:08:56:30 +0200] "GET /css/history.css HTTP/1.1" 200 609 "http://www.easydrivers.at/ueberuns" "Mozilla/5.0 (Windows NT 6.1; Trident/7.0; rv:11.0) like Gecko"
193.187.3.11 - - [23/Jul/2017:08:56:30 +0200] "GET /javascript/history.js HTTP/1.1" 200 967 "http://www.easydrivers.at/ueberuns" "Mozilla/5.0 (Windows NT 6.1; Trident/7.0; rv:11.0) like Gecko"
193.187.3.11 - - [23/Jul/2017:08:56:30 +0200] "GET /binaries/easy-drivers-portal/edwebhistoryillu392x3922jpg.jpg HTTP/1.1" 200 32209 "http://www.easydrivers.at/ueberuns" "Mozilla/5.0 (Windows NT 6.1; Trident/7.0; rv:11.0) like Gecko"
193.187.3.11 - - [23/Jul/2017:08:56:30 +0200] "GET /binaries/easy-drivers-portal/edwebhistoryillu392x3923jpg.jpg HTTP/1.1" 200 54656 "http://www.easydrivers.at/ueberuns" "Mozilla/5.0 (Windows NT 6.1; Trident/7.0; rv:11.0) like Gecko"
193.187.3.11 - - [23/Jul/2017:08:56:30 +0200] "GET /binaries/easy-drivers-portal/edwebhistoryillu392x3924jpg.jpg HTTP/1.1" 200 35765 "http://www.easydrivers.at/ueberuns" "Mozilla/5.0 (Windows NT 6.1; Trident/7.0; rv:11.0) like Gecko"
193.187.3.11 - - [23/Jul/2017:08:56:30 +0200] "GET /binaries/easy-drivers-portal/edwebhistoryillu392x3925jpg.jpg HTTP/1.1" 200 31708 "http://www.easydrivers.at/ueberuns" "Mozilla/5.0 (Windows NT 6.1; Trident/7.0; rv:11.0) like Gecko"
193.187.3.11 - - [23/Jul/2017:08:56:30 +0200] "GET /binaries/easy-drivers-portal/edwebhistoryillu392x3926jpg.jpg HTTP/1.1" 200 41118 "http://www.easydrivers.at/ueberuns" "Mozilla/5.0 (Windows NT 6.1; Trident/7.0; rv:11.0) like Gecko"
193.187.3.11 - - [23/Jul/2017:08:56:30 +0200] "GET /binaries/easy-drivers-portal/edwebhistoryillu392x3928jpg.jpg HTTP/1.1" 200 38907 "http://www.easydrivers.at/ueberuns" "Mozilla/5.0 (Windows NT 6.1; Trident/7.0; rv:11.0) like Gecko"
193.187.3.11 - - [23/Jul/2017:08:56:30 +0200] "GET /binaries/easy-drivers-portal/edwebhistoryillu392x3929jpg.jpg HTTP/1.1" 200 31823 "http://www.easydrivers.at/ueberuns" "Mozilla/5.0 (Windows NT 6.1; Trident/7.0; rv:11.0) like Gecko"
193.187.3.11 - - [23/Jul/2017:08:56:30 +0200] "GET /binaries/easy-drivers-portal/edwebhistoryillu392x392radjpg.jpg HTTP/1.1" 200 124939 "http://www.easydrivers.at/ueberuns" "Mozilla/5.0 (Windows NT 6.1; Trident/7.0; rv:11.0) like Gecko"
193.187.3.11 - - [23/Jul/2017:08:56:30 +0200] "GET /binaries/easy-drivers-portal/edwebhistoryillu392x3927jpg.jpg HTTP/1.1" 200 71377 "http://www.easydrivers.at/ueberuns" "Mozilla/5.0 (Windows NT 6.1; Trident/7.0; rv:11.0) like Gecko"
193.187.3.11 - - [23/Jul/2017:08:56:30 +0200] "GET /binaries/easy-drivers-portal/edwebhistoryillu392x39211jpg.jpg HTTP/1.1" 200 36282 "http://www.easydrivers.at/ueberuns" "Mozilla/5.0 (Windows NT 6.1; Trident/7.0; rv:11.0) like Gecko"
193.187.3.11 - - [23/Jul/2017:08:56:30 +0200] "GET /binaries/easy-drivers-portal/edwebhistoryillu392x39210jpg.jpg HTTP/1.1" 200 19475 "http://www.easydrivers.at/ueberuns" "Mozilla/5.0 (Windows NT 6.1; Trident/7.0; rv:11.0) like Gecko"
193.187.3.11 - - [23/Jul/2017:08:56:31 +0200] "GET /binaries/easy-drivers-portal/edwebhistoryillu392x39220kpng.png HTTP/1.1" 200 49333 "http://www.easydrivers.at/ueberuns" "Mozilla/5.0 (Windows NT 6.1; Trident/7.0; rv:11.0) like Gecko"
54.158.25.146 - - [23/Jul/2017:08:56:29 +0200] "GET /bruck.leitha/10265302?FS=AvonA2 HTTP/1.0" 200 4872 "-" "CCBot/2.0 (http://commoncrawl.org/faq/)"
64.62.252.163 - - [23/Jul/2017:08:56:30 +0200] "GET /neunkirchen HTTP/1.1" 200 3838 "-" "BUbiNG (+http://law.di.unimi.it/BUbiNG.html)"
54.158.25.146 - - [23/Jul/2017:08:56:35 +0200] "GET /hollabrunn/Grundkurs_IV_Sommer_2016?FS=A1F HTTP/1.0" 200 6791 "-" "CCBot/2.0 (http://commoncrawl.org/faq/)"
54.158.25.146 - - [23/Jul/2017:08:56:40 +0200] "GET /schwechat/10280392?FS=A2B HTTP/1.0" 200 6257 "-" "CCBot/2.0 (http://commoncrawl.org/faq/)"
54.158.25.146 - - [23/Jul/2017:08:56:45 +0200] "GET /schwechat/10280395?FS=BCE HTTP/1.0" 200 6404 "-" "CCBot/2.0 (http://commoncrawl.org/faq/)"
64.62.252.163 - - [23/Jul/2017:08:56:47 +0200] "GET /horn HTTP/1.1" 200 3453 "-" "BUbiNG (+http://law.di.unimi.it/BUbiNG.html)"
54.158.25.146 - - [23/Jul/2017:08:56:50 +0200] "GET /hollabrunn/Grundkurs_II_Sommer_2017?FS=BCE HTTP/1.0" 200 6753 "-" "CCBot/2.0 (http://commoncrawl.org/faq/)"
54.158.25.146 - - [23/Jul/2017:08:56:56 +0200] "GET /bruck.leitha/10279716?FS=BE96 HTTP/1.0" 200 5945 "-" "CCBot/2.0 (http://commoncrawl.org/faq/)"
64.62.252.163 - - [23/Jul/2017:08:57:04 +0200] "GET /hollabrunn HTTP/1.1" 200 3764 "-" "BUbiNG (+http://law.di.unimi.it/BUbiNG.html)"
64.62.252.163 - - [23/Jul/2017:08:57:22 +0200] "GET /st.valentin HTTP/1.1" 200 3670 "-" "BUbiNG (+http://law.di.unimi.it/BUbiNG.html)"
64.62.252.163 - - [23/Jul/2017:08:57:38 +0200] "GET /st.poelten HTTP/1.1" 200 3648 "-" "BUbiNG (+http://law.di.unimi.it/BUbiNG.html)"
46.125.250.5 - - [23/Jul/2017:08:57:48 +0200] "GET / HTTP/1.1" 301 293 "-" "Mozilla/5.0 (Windows NT 10.0; Win64; x64) AppleWebKit/537.36 (KHTML, like Gecko) Chrome/52.0.2743.116 Safari/537.36 Edge/15.15063"
46.125.250.5 - - [23/Jul/2017:08:57:49 +0200] "GET / HTTP/1.1" 200 4406 "-" "Mozilla/5.0 (Windows NT 10.0; Win64; x64) AppleWebKit/537.36 (KHTML, like Gecko) Chrome/52.0.2743.116 Safari/537.36 Edge/15.15063"
64.62.252.163 - - [23/Jul/2017:08:57:57 +0200] "GET /skarabela.strasshof HTTP/1.1" 404 2655 "-" "BUbiNG (+http://law.di.unimi.it/BUbiNG.html)"
64.62.252.163 - - [23/Jul/2017:08:58:13 +0200] "GET /skarabela.gross-enzersdorf HTTP/1.1" 200 3623 "-" "BUbiNG (+http://law.di.unimi.it/BUbiNG.html)"
91.141.2.92 - - [23/Jul/2017:08:58:30 +0200] "GET / HTTP/1.1" 200 4406 "-" "Mozilla/5.0 (Windows NT 6.1; WOW64; Trident/7.0; rv:11.0) like Gecko"
64.62.252.163 - - [23/Jul/2017:08:58:30 +0200] "GET /bruck.leitha HTTP/1.1" 200 3478 "-" "BUbiNG (+http://law.di.unimi.it/BUbiNG.html)"
64.62.252.163 - - [23/Jul/2017:08:58:47 +0200] "GET /berndorf HTTP/1.1" 200 3746 "-" "BUbiNG (+http://law.di.unimi.it/BUbiNG.html)"
64.62.252.163 - - [23/Jul/2017:08:59:04 +0200] "GET /waidhofen.ybbs HTTP/1.1" 200 3522 "-" "BUbiNG (+http://law.di.unimi.it/BUbiNG.html)"
64.62.252.163 - - [23/Jul/2017:08:59:21 +0200] "GET /waidhofen.thaya HTTP/1.1" 200 3499 "-" "BUbiNG (+http://law.di.unimi.it/BUbiNG.html)"
64.62.252.163 - - [23/Jul/2017:08:59:39 +0200] "GET /vitis HTTP/1.1" 404 2655 "-" "BUbiNG (+http://law.di.unimi.it/BUbiNG.html)"
157.55.39.230 - - [23/Jul/2017:08:59:45 +0200] "GET /perg/05-05-2014?FS=BZ HTTP/1.1" 410 3420 "-" "Mozilla/5.0 (compatible; bingbot/2.0; +http://www.bing.com/bingbot.htm)"
207.46.13.121 - - [23/Jul/2017:08:59:51 +0200] "GET / HTTP/1.1" 301 299 "-" "Mozilla/5.0 (compatible; bingbot/2.0; +http://www.bing.com/bingbot.htm)"
64.62.252.163 - - [23/Jul/2017:08:59:54 +0200] "GET /scheibbs HTTP/1.1" 200 3482 "-" "BUbiNG (+http://law.di.unimi.it/BUbiNG.html)"
64.62.252.163 - - [23/Jul/2017:09:00:13 +0200] "GET /bad.voeslau HTTP/1.1" 200 3756 "-" "BUbiNG (+http://law.di.unimi.it/BUbiNG.html)"
80.110.123.62 - - [23/Jul/2017:09:00:28 +0200] "GET / HTTP/1.1" 200 4406 "https://www.google.at/" "Mozilla/5.0 (Windows NT 10.0; WOW64; rv:54.0) Gecko/20100101 Firefox/54.0"
64.62.252.163 - - [23/Jul/2017:09:00:30 +0200] "GET /haag HTTP/1.1" 404 2655 "-" "BUbiNG (+http://law.di.unimi.it/BUbiNG.html)"
91.113.119.67 - - [23/Jul/2017:09:00:39 +0200] "GET /fuehrerscheine/auto HTTP/1.1" 200 3307 "http://www.google.at/search?client=tablet-android-samsung&hl=de&source=android-browser-type&v=200400000&q=b+f%C3%BChrerschein+%C3%B6sterreich&sa=X&ved=0ahUKEwiCqeK_6J7VAhVFXRQKHTtFBY8Q1QIINCgA&biw=1280&bih=800" "Mozilla/5.0 (Linux; U; Android 4.1.1; de-at; GT-N8000 Build/JRO03C) AppleWebKit/534.30 (KHTML, like Gecko) Version/4.0 Safari/534.30"
91.113.119.67 - - [23/Jul/2017:09:00:41 +0200] "GET /css/style.css HTTP/1.1" 200 5004 "http://www.easydrivers.at/fuehrerscheine/auto" "Mozilla/5.0 (Linux; U; Android 4.1.1; de-at; GT-N8000 Build/JRO03C) AppleWebKit/534.30 (KHTML, like Gecko) Version/4.0 Safari/534.30"
91.113.119.67 - - [23/Jul/2017:09:00:41 +0200] "GET /javascript/jquery.customSelect.min.js HTTP/1.1" 200 912 "http://www.easydrivers.at/fuehrerscheine/auto" "Mozilla/5.0 (Linux; U; Android 4.1.1; de-at; GT-N8000 Build/JRO03C) AppleWebKit/534.30 (KHTML, like Gecko) Version/4.0 Safari/534.30"
91.113.119.67 - - [23/Jul/2017:09:00:41 +0200] "GET /javascript/jquery.simplemodal.js HTTP/1.1" 200 3070 "http://www.easydrivers.at/fuehrerscheine/auto" "Mozilla/5.0 (Linux; U; Android 4.1.1; de-at; GT-N8000 Build/JRO03C) AppleWebKit/534.30 (KHTML, like Gecko) Version/4.0 Safari/534.30"
91.113.119.67 - - [23/Jul/2017:09:00:41 +0200] "GET /javascript/jquery.cookie.js HTTP/1.1" 200 863 "http://www.easydrivers.at/fuehrerscheine/auto" "Mozilla/5.0 (Linux; U; Android 4.1.1; de-at; GT-N8000 Build/JRO03C) AppleWebKit/534.30 (KHTML, like Gecko) Version/4.0 Safari/534.30"
91.113.119.67 - - [23/Jul/2017:09:00:41 +0200] "GET /javascript/portal.js?1221842734 HTTP/1.1" 200 3529 "http://www.easydrivers.at/fuehrerscheine/auto" "Mozilla/5.0 (Linux; U; Android 4.1.1; de-at; GT-N8000 Build/JRO03C) AppleWebKit/534.30 (KHTML, like Gecko) Version/4.0 Safari/534.30"
91.113.119.67 - - [23/Jul/2017:09:00:41 +0200] "GET /javascript/lazyload.js HTTP/1.1" 200 1170 "http://www.easydrivers.at/fuehrerscheine/auto" "Mozilla/5.0 (Linux; U; Android 4.1.1; de-at; GT-N8000 Build/JRO03C) AppleWebKit/534.30 (KHTML, like Gecko) Version/4.0 Safari/534.30"
91.113.119.67 - - [23/Jul/2017:09:00:41 +0200] "GET /javascript/license.js HTTP/1.1" 200 315 "http://www.easydrivers.at/fuehrerscheine/auto" "Mozilla/5.0 (Linux; U; Android 4.1.1; de-at; GT-N8000 Build/JRO03C) AppleWebKit/534.30 (KHTML, like Gecko) Version/4.0 Safari/534.30"
91.113.119.67 - - [23/Jul/2017:09:00:41 +0200] "GET /css/print.css HTTP/1.1" 200 967 "http://www.easydrivers.at/fuehrerscheine/auto" "Mozilla/5.0 (Linux; U; Android 4.1.1; de-at; GT-N8000 Build/JRO03C) AppleWebKit/534.30 (KHTML, like Gecko) Version/4.0 Safari/534.30"
91.113.119.67 - - [23/Jul/2017:09:00:42 +0200] "GET /img/close-button.png HTTP/1.1" 200 2237 "http://www.easydrivers.at/fuehrerscheine/auto" "Mozilla/5.0 (Linux; U; Android 4.1.1; de-at; GT-N8000 Build/JRO03C) AppleWebKit/534.30 (KHTML, like Gecko) Version/4.0 Safari/534.30"
91.113.119.67 - - [23/Jul/2017:09:00:42 +0200] "GET /img/ED_Logo.png HTTP/1.1" 200 3385 "http://www.easydrivers.at/fuehrerscheine/auto" "Mozilla/5.0 (Linux; U; Android 4.1.1; de-at; GT-N8000 Build/JRO03C) AppleWebKit/534.30 (KHTML, like Gecko) Version/4.0 Safari/534.30"
91.113.119.67 - - [23/Jul/2017:09:00:42 +0200] "GET /img/facebook-icon.png HTTP/1.1" 200 1506 "http://www.easydrivers.at/fuehrerscheine/auto" "Mozilla/5.0 (Linux; U; Android 4.1.1; de-at; GT-N8000 Build/JRO03C) AppleWebKit/534.30 (KHTML, like Gecko) Version/4.0 Safari/534.30"
91.113.119.67 - - [23/Jul/2017:09:00:42 +0200] "GET /img/schweiz-icon.png HTTP/1.1" 200 1504 "http://www.easydrivers.at/fuehrerscheine/auto" "Mozilla/5.0 (Linux; U; Android 4.1.1; de-at; GT-N8000 Build/JRO03C) AppleWebKit/534.30 (KHTML, like Gecko) Version/4.0 Safari/534.30"
91.113.119.67 - - [23/Jul/2017:09:00:42 +0200] "GET /img/bg-yellow.jpg HTTP/1.1" 200 2250 "http://www.easydrivers.at/fuehrerscheine/auto" "Mozilla/5.0 (Linux; U; Android 4.1.1; de-at; GT-N8000 Build/JRO03C) AppleWebKit/534.30 (KHTML, like Gecko) Version/4.0 Safari/534.30"
91.113.119.67 - - [23/Jul/2017:09:00:42 +0200] "GET /img/bg-header.jpg HTTP/1.1" 200 38680 "http://www.easydrivers.at/fuehrerscheine/auto" "Mozilla/5.0 (Linux; U; Android 4.1.1; de-at; GT-N8000 Build/JRO03C) AppleWebKit/534.30 (KHTML, like Gecko) Version/4.0 Safari/534.30"
91.113.119.67 - - [23/Jul/2017:09:00:42 +0200] "GET /img/submit-button-small.png HTTP/1.1" 200 1456 "http://www.easydrivers.at/fuehrerscheine/auto" "Mozilla/5.0 (Linux; U; Android 4.1.1; de-at; GT-N8000 Build/JRO03C) AppleWebKit/534.30 (KHTML, like Gecko) Version/4.0 Safari/534.30"
91.113.119.67 - - [23/Jul/2017:09:00:42 +0200] "GET /binaries/easy-drivers-portal/pkw9jpg-1.jpg HTTP/1.1" 200 68933 "http://www.easydrivers.at/fuehrerscheine/auto" "Mozilla/5.0 (Linux; U; Android 4.1.1; de-at; GT-N8000 Build/JRO03C) AppleWebKit/534.30 (KHTML, like Gecko) Version/4.0 Safari/534.30"
91.113.119.67 - - [23/Jul/2017:09:00:42 +0200] "GET /img/kursicon-print-pink.png HTTP/1.1" 200 1125 "http://www.easydrivers.at/fuehrerscheine/auto" "Mozilla/5.0 (Linux; U; Android 4.1.1; de-at; GT-N8000 Build/JRO03C) AppleWebKit/534.30 (KHTML, like Gecko) Version/4.0 Safari/534.30"
91.113.119.67 - - [23/Jul/2017:09:00:42 +0200] "GET /img/kursicon-download-pink.png HTTP/1.1" 200 1213 "http://www.easydrivers.at/fuehrerscheine/auto" "Mozilla/5.0 (Linux; U; Android 4.1.1; de-at; GT-N8000 Build/JRO03C) AppleWebKit/534.30 (KHTML, like Gecko) Version/4.0 Safari/534.30"
91.113.119.67 - - [23/Jul/2017:09:00:42 +0200] "GET /img/bg-footer.jpg HTTP/1.1" 200 31770 "http://www.easydrivers.at/fuehrerscheine/auto" "Mozilla/5.0 (Linux; U; Android 4.1.1; de-at; GT-N8000 Build/JRO03C) AppleWebKit/534.30 (KHTML, like Gecko) Version/4.0 Safari/534.30"
91.113.119.67 - - [23/Jul/2017:09:00:42 +0200] "GET /img/kursicon-share-pink.png HTTP/1.1" 200 1277 "http://www.easydrivers.at/fuehrerscheine/auto" "Mozilla/5.0 (Linux; U; Android 4.1.1; de-at; GT-N8000 Build/JRO03C) AppleWebKit/534.30 (KHTML, like Gecko) Version/4.0 Safari/534.30"
91.113.119.67 - - [23/Jul/2017:09:00:42 +0200] "GET /img/kursicon-phone-pink.png HTTP/1.1" 200 1286 "http://www.easydrivers.at/fuehrerscheine/auto" "Mozilla/5.0 (Linux; U; Android 4.1.1; de-at; GT-N8000 Build/JRO03C) AppleWebKit/534.30 (KHTML, like Gecko) Version/4.0 Safari/534.30"
91.113.119.67 - - [23/Jul/2017:09:00:43 +0200] "GET /img/new_favicon.ico HTTP/1.1" 200 1150 "http://www.easydrivers.at/fuehrerscheine/auto" "Mozilla/5.0 (Linux; U; Android 4.1.1; de-at; GT-N8000 Build/JRO03C) AppleWebKit/534.30 (KHTML, like Gecko) Version/4.0 Safari/534.30"
64.62.252.163 - - [23/Jul/2017:09:00:46 +0200] "GET /st.peter.au HTTP/1.1" 404 2655 "-" "BUbiNG (+http://law.di.unimi.it/BUbiNG.html)"
91.113.119.67 - - [23/Jul/2017:09:00:48 +0200] "GET /fuehrerscheine/auto/B-L HTTP/1.1" 200 4095 "http://www.easydrivers.at/fuehrerscheine/auto" "Mozilla/5.0 (Linux; U; Android 4.1.1; de-at; GT-N8000 Build/JRO03C) AppleWebKit/534.30 (KHTML, like Gecko) Version/4.0 Safari/534.30"
91.113.119.67 - - [23/Jul/2017:09:00:50 +0200] "GET /javascript/product.js HTTP/1.1" 200 139 "http://www.easydrivers.at/fuehrerscheine/auto/B-L" "Mozilla/5.0 (Linux; U; Android 4.1.1; de-at; GT-N8000 Build/JRO03C) AppleWebKit/534.30 (KHTML, like Gecko) Version/4.0 Safari/534.30"
91.113.119.67 - - [23/Jul/2017:09:00:50 +0200] "GET /binaries/easy-drivers-portal/motorrad3jpg.jpg HTTP/1.1" 200 111280 "http://www.easydrivers.at/fuehrerscheine/auto/B-L" "Mozilla/5.0 (Linux; U; Android 4.1.1; de-at; GT-N8000 Build/JRO03C) AppleWebKit/534.30 (KHTML, like Gecko) Version/4.0 Safari/534.30"
91.113.119.67 - - [23/Jul/2017:09:00:50 +0200] "GET /img/arrow-left.png HTTP/1.1" 200 1015 "http://www.easydrivers.at/fuehrerscheine/auto/B-L" "Mozilla/5.0 (Linux; U; Android 4.1.1; de-at; GT-N8000 Build/JRO03C) AppleWebKit/534.30 (KHTML, like Gecko) Version/4.0 Safari/534.30"
91.113.119.67 - - [23/Jul/2017:09:00:50 +0200] "GET /img/arrow-up.png HTTP/1.1" 200 1081 "http://www.easydrivers.at/fuehrerscheine/auto/B-L" "Mozilla/5.0 (Linux; U; Android 4.1.1; de-at; GT-N8000 Build/JRO03C) AppleWebKit/534.30 (KHTML, like Gecko) Version/4.0 Safari/534.30"
64.62.252.163 - - [23/Jul/2017:09:01:02 +0200] "GET /ybbs HTTP/1.1" 200 3608 "-" "BUbiNG (+http://law.di.unimi.it/BUbiNG.html)"
64.62.252.163 - - [23/Jul/2017:09:01:19 +0200] "GET /wieselburg HTTP/1.1" 200 3470 "-" "BUbiNG (+http://law.di.unimi.it/BUbiNG.html)"
188.22.95.81 - - [23/Jul/2017:09:01:27 +0200] "GET / HTTP/1.1" 200 3563 "http://www.easydrivers.at/fuehrerscheine/motorrad/C111" "Mozilla/5.0 (iPhone; CPU iPhone OS 10_3_2 like Mac OS X) AppleWebKit/603.2.4 (KHTML, like Gecko) Version/10.0 Mobile/14F89 Safari/602.1"
64.62.252.163 - - [23/Jul/2017:09:01:38 +0200] "GET /zwettl HTTP/1.1" 200 3635 "-" "BUbiNG (+http://law.di.unimi.it/BUbiNG.html)"
64.62.252.163 - - [23/Jul/2017:09:01:55 +0200] "GET /tulln HTTP/1.1" 200 3599 "-" "BUbiNG (+http://law.di.unimi.it/BUbiNG.html)"
192.164.239.63 - - [23/Jul/2017:09:02:00 +0200] "GET / HTTP/1.1" 200 4406 "-" "Mozilla/5.0 (Windows NT 10.0; WOW64; rv:54.0) Gecko/20100101 Firefox/54.0"
192.164.239.63 - - [23/Jul/2017:09:02:02 +0200] "GET /css/style.css HTTP/1.1" 200 5004 "http://www.easydrivers.at/" "Mozilla/5.0 (Windows NT 10.0; WOW64; rv:54.0) Gecko/20100101 Firefox/54.0"
192.164.239.63 - - [23/Jul/2017:09:02:02 +0200] "GET /css/print.css HTTP/1.1" 200 967 "http://www.easydrivers.at/" "Mozilla/5.0 (Windows NT 10.0; WOW64; rv:54.0) Gecko/20100101 Firefox/54.0"
192.164.239.63 - - [23/Jul/2017:09:02:02 +0200] "GET /javascript/jquery.customSelect.min.js HTTP/1.1" 200 912 "http://www.easydrivers.at/" "Mozilla/5.0 (Windows NT 10.0; WOW64; rv:54.0) Gecko/20100101 Firefox/54.0"
192.164.239.63 - - [23/Jul/2017:09:02:02 +0200] "GET /javascript/jquery.simplemodal.js HTTP/1.1" 200 3070 "http://www.easydrivers.at/" "Mozilla/5.0 (Windows NT 10.0; WOW64; rv:54.0) Gecko/20100101 Firefox/54.0"
192.164.239.63 - - [23/Jul/2017:09:02:02 +0200] "GET /javascript/jquery.cookie.js HTTP/1.1" 200 863 "http://www.easydrivers.at/" "Mozilla/5.0 (Windows NT 10.0; WOW64; rv:54.0) Gecko/20100101 Firefox/54.0"
192.164.239.63 - - [23/Jul/2017:09:02:02 +0200] "GET /javascript/portal.js?1221842734 HTTP/1.1" 200 3529 "http://www.easydrivers.at/" "Mozilla/5.0 (Windows NT 10.0; WOW64; rv:54.0) Gecko/20100101 Firefox/54.0"
192.164.239.63 - - [23/Jul/2017:09:02:02 +0200] "GET /javascript/lazyload.js HTTP/1.1" 200 1170 "http://www.easydrivers.at/" "Mozilla/5.0 (Windows NT 10.0; WOW64; rv:54.0) Gecko/20100101 Firefox/54.0"
192.164.239.63 - - [23/Jul/2017:09:02:02 +0200] "GET /javascript/homesearch.js HTTP/1.1" 200 393 "http://www.easydrivers.at/" "Mozilla/5.0 (Windows NT 10.0; WOW64; rv:54.0) Gecko/20100101 Firefox/54.0"
192.164.239.63 - - [23/Jul/2017:09:02:02 +0200] "GET /img/close-button.png HTTP/1.1" 200 2237 "http://www.easydrivers.at/" "Mozilla/5.0 (Windows NT 10.0; WOW64; rv:54.0) Gecko/20100101 Firefox/54.0"
192.164.239.63 - - [23/Jul/2017:09:02:02 +0200] "GET /binaries/easy-drivers-portal/widget-icon-trainingpng.png HTTP/1.1" 200 2662 "http://www.easydrivers.at/" "Mozilla/5.0 (Windows NT 10.0; WOW64; rv:54.0) Gecko/20100101 Firefox/54.0"
192.164.239.63 - - [23/Jul/2017:09:02:02 +0200] "GET /img/facebook-icon.png HTTP/1.1" 200 1506 "http://www.easydrivers.at/" "Mozilla/5.0 (Windows NT 10.0; WOW64; rv:54.0) Gecko/20100101 Firefox/54.0"
192.164.239.63 - - [23/Jul/2017:09:02:02 +0200] "GET /img/empty.gif HTTP/1.1" 200 43 "http://www.easydrivers.at/" "Mozilla/5.0 (Windows NT 10.0; WOW64; rv:54.0) Gecko/20100101 Firefox/54.0"
192.164.239.63 - - [23/Jul/2017:09:02:02 +0200] "GET /binaries/easy-drivers-portal/widget-icon-expertspng.png HTTP/1.1" 200 2159 "http://www.easydrivers.at/" "Mozilla/5.0 (Windows NT 10.0; WOW64; rv:54.0) Gecko/20100101 Firefox/54.0"
192.164.239.63 - - [23/Jul/2017:09:02:02 +0200] "GET /binaries/easy-drivers-portal/widget-icon-apppng.png HTTP/1.1" 200 2432 "http://www.easydrivers.at/" "Mozilla/5.0 (Windows NT 10.0; WOW64; rv:54.0) Gecko/20100101 Firefox/54.0"
192.164.239.63 - - [23/Jul/2017:09:02:02 +0200] "GET /binaries/easy-drivers-portal/edradfahrschullogowidget160x90pxpng.png HTTP/1.1" 200 23394 "http://www.easydrivers.at/" "Mozilla/5.0 (Windows NT 10.0; WOW64; rv:54.0) Gecko/20100101 Firefox/54.0"
192.164.239.63 - - [23/Jul/2017:09:02:02 +0200] "GET /img/schweiz-icon.png HTTP/1.1" 200 1504 "http://www.easydrivers.at/" "Mozilla/5.0 (Windows NT 10.0; WOW64; rv:54.0) Gecko/20100101 Firefox/54.0"
192.164.239.63 - - [23/Jul/2017:09:02:02 +0200] "GET /img/submit-button.png HTTP/1.1" 200 1958 "http://www.easydrivers.at/" "Mozilla/5.0 (Windows NT 10.0; WOW64; rv:54.0) Gecko/20100101 Firefox/54.0"
192.164.239.63 - - [23/Jul/2017:09:02:02 +0200] "GET /img/ED_Logo.png HTTP/1.1" 200 3385 "http://www.easydrivers.at/css/style.css" "Mozilla/5.0 (Windows NT 10.0; WOW64; rv:54.0) Gecko/20100101 Firefox/54.0"
192.164.239.63 - - [23/Jul/2017:09:02:02 +0200] "GET /img/purple-dots-horizontal.png HTTP/1.1" 200 977 "http://www.easydrivers.at/css/style.css" "Mozilla/5.0 (Windows NT 10.0; WOW64; rv:54.0) Gecko/20100101 Firefox/54.0"
192.164.239.63 - - [23/Jul/2017:09:02:02 +0200] "GET /img/yellow-dots-vertical.png HTTP/1.1" 200 981 "http://www.easydrivers.at/css/style.css" "Mozilla/5.0 (Windows NT 10.0; WOW64; rv:54.0) Gecko/20100101 Firefox/54.0"
192.164.239.63 - - [23/Jul/2017:09:02:02 +0200] "GET /img/black-dots-vertical.png HTTP/1.1" 200 1165 "http://www.easydrivers.at/css/style.css" "Mozilla/5.0 (Windows NT 10.0; WOW64; rv:54.0) Gecko/20100101 Firefox/54.0"
192.164.239.63 - - [23/Jul/2017:09:02:03 +0200] "GET /img/bg-footer.jpg HTTP/1.1" 200 31770 "http://www.easydrivers.at/css/style.css" "Mozilla/5.0 (Windows NT 10.0; WOW64; rv:54.0) Gecko/20100101 Firefox/54.0"
192.164.239.63 - - [23/Jul/2017:09:02:03 +0200] "GET /img/kursicon-print-pink.png HTTP/1.1" 200 1125 "http://www.easydrivers.at/" "Mozilla/5.0 (Windows NT 10.0; WOW64; rv:54.0) Gecko/20100101 Firefox/54.0"
192.164.239.63 - - [23/Jul/2017:09:02:03 +0200] "GET /img/kursicon-download-pink.png HTTP/1.1" 200 1213 "http://www.easydrivers.at/" "Mozilla/5.0 (Windows NT 10.0; WOW64; rv:54.0) Gecko/20100101 Firefox/54.0"
192.164.239.63 - - [23/Jul/2017:09:02:03 +0200] "GET /img/kursicon-share-pink.png HTTP/1.1" 200 1277 "http://www.easydrivers.at/" "Mozilla/5.0 (Windows NT 10.0; WOW64; rv:54.0) Gecko/20100101 Firefox/54.0"
192.164.239.63 - - [23/Jul/2017:09:02:02 +0200] "GET /img/bg-header.jpg HTTP/1.1" 200 38680 "http://www.easydrivers.at/css/style.css" "Mozilla/5.0 (Windows NT 10.0; WOW64; rv:54.0) Gecko/20100101 Firefox/54.0"
192.164.239.63 - - [23/Jul/2017:09:02:03 +0200] "GET /img/kursicon-phone-pink.png HTTP/1.1" 200 1286 "http://www.easydrivers.at/" "Mozilla/5.0 (Windows NT 10.0; WOW64; rv:54.0) Gecko/20100101 Firefox/54.0"
192.164.239.63 - - [23/Jul/2017:09:02:03 +0200] "GET /img/selection-box-button.png HTTP/1.1" 200 1079 "http://www.easydrivers.at/css/style.css" "Mozilla/5.0 (Windows NT 10.0; WOW64; rv:54.0) Gecko/20100101 Firefox/54.0"
192.164.239.63 - - [23/Jul/2017:09:02:02 +0200] "GET /img/bg-top-section.jpg HTTP/1.1" 200 82172 "http://www.easydrivers.at/css/style.css" "Mozilla/5.0 (Windows NT 10.0; WOW64; rv:54.0) Gecko/20100101 Firefox/54.0"
192.164.239.63 - - [23/Jul/2017:09:02:03 +0200] "GET /img/new_favicon.ico HTTP/1.1" 200 1150 "-" "Mozilla/5.0 (Windows NT 10.0; WOW64; rv:54.0) Gecko/20100101 Firefox/54.0"
46.125.250.12 - - [23/Jul/2017:09:02:11 +0200] "GET / HTTP/1.1" 200 4406 "https://www.google.at/" "Mozilla/5.0 (Windows NT 6.1; rv:54.0) Gecko/20100101 Firefox/54.0"
46.125.250.12 - - [23/Jul/2017:09:02:12 +0200] "GET /css/style.css HTTP/1.1" 304 - "http://www.easydrivers.at/" "Mozilla/5.0 (Windows NT 6.1; rv:54.0) Gecko/20100101 Firefox/54.0"
46.125.250.12 - - [23/Jul/2017:09:02:12 +0200] "GET /css/print.css HTTP/1.1" 304 - "http://www.easydrivers.at/" "Mozilla/5.0 (Windows NT 6.1; rv:54.0) Gecko/20100101 Firefox/54.0"
46.125.250.12 - - [23/Jul/2017:09:02:12 +0200] "GET /javascript/jquery.customSelect.min.js HTTP/1.1" 304 - "http://www.easydrivers.at/" "Mozilla/5.0 (Windows NT 6.1; rv:54.0) Gecko/20100101 Firefox/54.0"
46.125.250.12 - - [23/Jul/2017:09:02:12 +0200] "GET /javascript/jquery.simplemodal.js HTTP/1.1" 304 - "http://www.easydrivers.at/" "Mozilla/5.0 (Windows NT 6.1; rv:54.0) Gecko/20100101 Firefox/54.0"
46.125.250.12 - - [23/Jul/2017:09:02:12 +0200] "GET /javascript/jquery.cookie.js HTTP/1.1" 304 - "http://www.easydrivers.at/" "Mozilla/5.0 (Windows NT 6.1; rv:54.0) Gecko/20100101 Firefox/54.0"
46.125.250.12 - - [23/Jul/2017:09:02:12 +0200] "GET /javascript/portal.js?1221842734 HTTP/1.1" 304 - "http://www.easydrivers.at/" "Mozilla/5.0 (Windows NT 6.1; rv:54.0) Gecko/20100101 Firefox/54.0"
46.125.250.12 - - [23/Jul/2017:09:02:13 +0200] "GET /javascript/lazyload.js HTTP/1.1" 304 - "http://www.easydrivers.at/" "Mozilla/5.0 (Windows NT 6.1; rv:54.0) Gecko/20100101 Firefox/54.0"
46.125.250.12 - - [23/Jul/2017:09:02:13 +0200] "GET /javascript/homesearch.js HTTP/1.1" 304 - "http://www.easydrivers.at/" "Mozilla/5.0 (Windows NT 6.1; rv:54.0) Gecko/20100101 Firefox/54.0"
46.125.250.12 - - [23/Jul/2017:09:02:13 +0200] "GET /img/new_favicon.ico HTTP/1.1" 304 - "-" "Mozilla/5.0 (Windows NT 6.1; rv:54.0) Gecko/20100101 Firefox/54.0"
64.62.252.163 - - [23/Jul/2017:09:02:12 +0200] "GET /wr.neustadt HTTP/1.1" 200 3526 "-" "BUbiNG (+http://law.di.unimi.it/BUbiNG.html)"
46.125.250.12 - - [23/Jul/2017:09:02:15 +0200] "GET /img/close-button.png HTTP/1.1" 304 - "http://www.easydrivers.at/" "Mozilla/5.0 (Windows NT 6.1; rv:54.0) Gecko/20100101 Firefox/54.0"
46.125.250.12 - - [23/Jul/2017:09:02:15 +0200] "GET /img/empty.gif HTTP/1.1" 304 - "http://www.easydrivers.at/" "Mozilla/5.0 (Windows NT 6.1; rv:54.0) Gecko/20100101 Firefox/54.0"
46.125.250.12 - - [23/Jul/2017:09:02:15 +0200] "GET /binaries/easy-drivers-portal/widget-icon-trainingpng.png HTTP/1.1" 304 - "http://www.easydrivers.at/" "Mozilla/5.0 (Windows NT 6.1; rv:54.0) Gecko/20100101 Firefox/54.0"
46.125.250.12 - - [23/Jul/2017:09:02:15 +0200] "GET /img/schweiz-icon.png HTTP/1.1" 304 - "http://www.easydrivers.at/" "Mozilla/5.0 (Windows NT 6.1; rv:54.0) Gecko/20100101 Firefox/54.0"
46.125.250.12 - - [23/Jul/2017:09:02:15 +0200] "GET /binaries/easy-drivers-portal/widget-icon-expertspng.png HTTP/1.1" 304 - "http://www.easydrivers.at/" "Mozilla/5.0 (Windows NT 6.1; rv:54.0) Gecko/20100101 Firefox/54.0"
46.125.250.12 - - [23/Jul/2017:09:02:15 +0200] "GET /img/facebook-icon.png HTTP/1.1" 304 - "http://www.easydrivers.at/" "Mozilla/5.0 (Windows NT 6.1; rv:54.0) Gecko/20100101 Firefox/54.0"
46.125.250.12 - - [23/Jul/2017:09:02:15 +0200] "GET /img/submit-button.png HTTP/1.1" 304 - "http://www.easydrivers.at/" "Mozilla/5.0 (Windows NT 6.1; rv:54.0) Gecko/20100101 Firefox/54.0"
46.125.250.12 - - [23/Jul/2017:09:02:15 +0200] "GET /img/bg-header.jpg HTTP/1.1" 304 - "http://www.easydrivers.at/css/style.css" "Mozilla/5.0 (Windows NT 6.1; rv:54.0) Gecko/20100101 Firefox/54.0"
46.125.250.12 - - [23/Jul/2017:09:02:15 +0200] "GET /img/ED_Logo.png HTTP/1.1" 304 - "http://www.easydrivers.at/css/style.css" "Mozilla/5.0 (Windows NT 6.1; rv:54.0) Gecko/20100101 Firefox/54.0"
46.125.250.12 - - [23/Jul/2017:09:02:15 +0200] "GET /img/bg-top-section.jpg HTTP/1.1" 304 - "http://www.easydrivers.at/css/style.css" "Mozilla/5.0 (Windows NT 6.1; rv:54.0) Gecko/20100101 Firefox/54.0"
46.125.250.12 - - [23/Jul/2017:09:02:15 +0200] "GET /img/purple-dots-horizontal.png HTTP/1.1" 304 - "http://www.easydrivers.at/css/style.css" "Mozilla/5.0 (Windows NT 6.1; rv:54.0) Gecko/20100101 Firefox/54.0"
46.125.250.12 - - [23/Jul/2017:09:02:15 +0200] "GET /img/yellow-dots-vertical.png HTTP/1.1" 304 - "http://www.easydrivers.at/css/style.css" "Mozilla/5.0 (Windows NT 6.1; rv:54.0) Gecko/20100101 Firefox/54.0"
46.125.250.12 - - [23/Jul/2017:09:02:15 +0200] "GET /img/black-dots-vertical.png HTTP/1.1" 304 - "http://www.easydrivers.at/css/style.css" "Mozilla/5.0 (Windows NT 6.1; rv:54.0) Gecko/20100101 Firefox/54.0"
46.125.250.12 - - [23/Jul/2017:09:02:15 +0200] "GET /img/bg-footer.jpg HTTP/1.1" 304 - "http://www.easydrivers.at/css/style.css" "Mozilla/5.0 (Windows NT 6.1; rv:54.0) Gecko/20100101 Firefox/54.0"
46.125.250.12 - - [23/Jul/2017:09:02:16 +0200] "GET /img/kursicon-print-pink.png HTTP/1.1" 304 - "http://www.easydrivers.at/" "Mozilla/5.0 (Windows NT 6.1; rv:54.0) Gecko/20100101 Firefox/54.0"
46.125.250.12 - - [23/Jul/2017:09:02:16 +0200] "GET /img/kursicon-download-pink.png HTTP/1.1" 304 - "http://www.easydrivers.at/" "Mozilla/5.0 (Windows NT 6.1; rv:54.0) Gecko/20100101 Firefox/54.0"
46.125.250.12 - - [23/Jul/2017:09:02:16 +0200] "GET /img/kursicon-share-pink.png HTTP/1.1" 304 - "http://www.easydrivers.at/" "Mozilla/5.0 (Windows NT 6.1; rv:54.0) Gecko/20100101 Firefox/54.0"
46.125.250.12 - - [23/Jul/2017:09:02:16 +0200] "GET /img/kursicon-phone-pink.png HTTP/1.1" 304 - "http://www.easydrivers.at/" "Mozilla/5.0 (Windows NT 6.1; rv:54.0) Gecko/20100101 Firefox/54.0"
46.125.250.12 - - [23/Jul/2017:09:02:16 +0200] "GET /img/selection-box-button.png HTTP/1.1" 304 - "http://www.easydrivers.at/css/style.css" "Mozilla/5.0 (Windows NT 6.1; rv:54.0) Gecko/20100101 Firefox/54.0"
64.62.252.163 - - [23/Jul/2017:09:02:29 +0200] "GET /amstetten HTTP/1.1" 200 3655 "-" "BUbiNG (+http://law.di.unimi.it/BUbiNG.html)"
216.244.66.202 - - [23/Jul/2017:09:02:36 +0200] "GET /fuehrerscheine/motorrad/AvonA1 HTTP/1.1" 200 9217 "-" "Mozilla/5.0 (compatible; DotBot/1.1; http://www.opensiteexplorer.org/dotbot, help@moz.com)"
64.62.252.163 - - [23/Jul/2017:09:02:46 +0200] "GET /freistadt HTTP/1.1" 404 2655 "-" "BUbiNG (+http://law.di.unimi.it/BUbiNG.html)"
