194.166.132.214 - - [23/Jul/2017:09:11:56 +0200] "GET /javascript/jquery.simplemodal.js HTTP/1.1" 200 3070 "http://www.easydrivers.at/dornbirn" "Mozilla/5.0 (Windows NT 6.1; Win64; x64) AppleWebKit/537.36 (KHTML, like Gecko) Chrome/59.0.3071.115 Safari/537.36"
194.166.132.214 - - [23/Jul/2017:09:11:56 +0200] "GET /javascript/jquery.cookie.js HTTP/1.1" 200 863 "http://www.easydrivers.at/dornbirn" "Mozilla/5.0 (Windows NT 6.1; Win64; x64) AppleWebKit/537.36 (KHTML, like Gecko) Chrome/59.0.3071.115 Safari/537.36"
194.166.132.214 - - [23/Jul/2017:09:11:56 +0200] "GET /javascript/portal.js?1221842734 HTTP/1.1" 200 3529 "http://www.easydrivers.at/dornbirn" "Mozilla/5.0 (Windows NT 6.1; Win64; x64) AppleWebKit/537.36 (KHTML, like Gecko) Chrome/59.0.3071.115 Safari/537.36"
194.166.132.214 - - [23/Jul/2017:09:11:56 +0200] "GET /javascript/fahrschule.js HTTP/1.1" 200 462 "http://www.easydrivers.at/dornbirn" "Mozilla/5.0 (Windows NT 6.1; Win64; x64) AppleWebKit/537.36 (KHTML, like Gecko) Chrome/59.0.3071.115 Safari/537.36"
194.166.132.214 - - [23/Jul/2017:09:11:56 +0200] "GET /javascript/lazyload.js HTTP/1.1" 200 1170 "http://www.easydrivers.at/dornbirn" "Mozilla/5.0 (Windows NT 6.1; Win64; x64) AppleWebKit/537.36 (KHTML, like Gecko) Chrome/59.0.3071.115 Safari/537.36"
194.166.132.214 - - [23/Jul/2017:09:11:56 +0200] "GET /img/purple-dots-horizontal.png HTTP/1.1" 200 977 "http://www.easydrivers.at/css/style.css" "Mozilla/5.0 (Windows NT 6.1; Win64; x64) AppleWebKit/537.36 (KHTML, like Gecko) Chrome/59.0.3071.115 Safari/537.36"
194.166.132.214 - - [23/Jul/2017:09:11:56 +0200] "GET /img/ED_Logo.png HTTP/1.1" 200 3385 "http://www.easydrivers.at/css/style.css" "Mozilla/5.0 (Windows NT 6.1; Win64; x64) AppleWebKit/537.36 (KHTML, like Gecko) Chrome/59.0.3071.115 Safari/537.36"
194.166.132.214 - - [23/Jul/2017:09:11:56 +0200] "GET /img/close-button.png HTTP/1.1" 200 2237 "http://www.easydrivers.at/dornbirn" "Mozilla/5.0 (Windows NT 6.1; Win64; x64) AppleWebKit/537.36 (KHTML, like Gecko) Chrome/59.0.3071.115 Safari/537.36"
194.166.132.214 - - [23/Jul/2017:09:11:56 +0200] "GET /binaries/easy-drivers-portal/widget-icon-expertspng.png HTTP/1.1" 200 2159 "http://www.easydrivers.at/dornbirn" "Mozilla/5.0 (Windows NT 6.1; Win64; x64) AppleWebKit/537.36 (KHTML, like Gecko) Chrome/59.0.3071.115 Safari/537.36"
194.166.132.214 - - [23/Jul/2017:09:11:56 +0200] "GET /img/empty.gif HTTP/1.1" 200 43 "http://www.easydrivers.at/dornbirn" "Mozilla/5.0 (Windows NT 6.1; Win64; x64) AppleWebKit/537.36 (KHTML, like Gecko) Chrome/59.0.3071.115 Safari/537.36"
194.166.132.214 - - [23/Jul/2017:09:11:56 +0200] "GET /img/yellow-dots-vertical.png HTTP/1.1" 200 981 "http://www.easydrivers.at/css/style.css" "Mozilla/5.0 (Windows NT 6.1; Win64; x64) AppleWebKit/537.36 (KHTML, like Gecko) Chrome/59.0.3071.115 Safari/537.36"
194.166.132.214 - - [23/Jul/2017:09:11:56 +0200] "GET /binaries/easy-drivers-portal/widget-icon-trainingpng.png HTTP/1.1" 200 2662 "http://www.easydrivers.at/dornbirn" "Mozilla/5.0 (Windows NT 6.1; Win64; x64) AppleWebKit/537.36 (KHTML, like Gecko) Chrome/59.0.3071.115 Safari/537.36"
194.166.132.214 - - [23/Jul/2017:09:11:56 +0200] "GET /binaries/easy-drivers-portal/widget-icon-apppng.png HTTP/1.1" 200 2432 "http://www.easydrivers.at/dornbirn" "Mozilla/5.0 (Windows NT 6.1; Win64; x64) AppleWebKit/537.36 (KHTML, like Gecko) Chrome/59.0.3071.115 Safari/537.36"
194.166.132.214 - - [23/Jul/2017:09:11:57 +0200] "GET /img/submit-button.png HTTP/1.1" 200 1958 "http://www.easydrivers.at/dornbirn" "Mozilla/5.0 (Windows NT 6.1; Win64; x64) AppleWebKit/537.36 (KHTML, like Gecko) Chrome/59.0.3071.115 Safari/537.36"
194.166.132.214 - - [23/Jul/2017:09:11:56 +0200] "GET /img/bg-header.jpg HTTP/1.1" 200 38680 "http://www.easydrivers.at/css/style.css" "Mozilla/5.0 (Windows NT 6.1; Win64; x64) AppleWebKit/537.36 (KHTML, like Gecko) Chrome/59.0.3071.115 Safari/537.36"
194.166.132.214 - - [23/Jul/2017:09:11:57 +0200] "GET /img/facebook-icon.png HTTP/1.1" 200 1506 "http://www.easydrivers.at/dornbirn" "Mozilla/5.0 (Windows NT 6.1; Win64; x64) AppleWebKit/537.36 (KHTML, like Gecko) Chrome/59.0.3071.115 Safari/537.36"
194.166.132.214 - - [23/Jul/2017:09:11:57 +0200] "GET /img/info-button.png HTTP/1.1" 200 738 "http://www.easydrivers.at/dornbirn" "Mozilla/5.0 (Windows NT 6.1; Win64; x64) AppleWebKit/537.36 (KHTML, like Gecko) Chrome/59.0.3071.115 Safari/537.36"
194.166.132.214 - - [23/Jul/2017:09:11:57 +0200] "GET /img/locator-icon.png HTTP/1.1" 200 1377 "http://www.easydrivers.at/dornbirn" "Mozilla/5.0 (Windows NT 6.1; Win64; x64) AppleWebKit/537.36 (KHTML, like Gecko) Chrome/59.0.3071.115 Safari/537.36"
194.166.132.214 - - [23/Jul/2017:09:11:56 +0200] "GET /img/bg-top-section.jpg HTTP/1.1" 200 82172 "http://www.easydrivers.at/css/style.css" "Mozilla/5.0 (Windows NT 6.1; Win64; x64) AppleWebKit/537.36 (KHTML, like Gecko) Chrome/59.0.3071.115 Safari/537.36"
194.166.132.214 - - [23/Jul/2017:09:11:57 +0200] "GET /img/close-button-small.png HTTP/1.1" 200 1671 "http://www.easydrivers.at/dornbirn" "Mozilla/5.0 (Windows NT 6.1; Win64; x64) AppleWebKit/537.36 (KHTML, like Gecko) Chrome/59.0.3071.115 Safari/537.36"
194.166.132.214 - - [23/Jul/2017:09:11:57 +0200] "GET /img/schweiz-icon.png HTTP/1.1" 200 1504 "http://www.easydrivers.at/dornbirn" "Mozilla/5.0 (Windows NT 6.1; Win64; x64) AppleWebKit/537.36 (KHTML, like Gecko) Chrome/59.0.3071.115 Safari/537.36"
194.166.132.214 - - [23/Jul/2017:09:11:57 +0200] "GET /img/bg-footer.jpg HTTP/1.1" 200 31770 "http://www.easydrivers.at/css/style.css" "Mozilla/5.0 (Windows NT 6.1; Win64; x64) AppleWebKit/537.36 (KHTML, like Gecko) Chrome/59.0.3071.115 Safari/537.36"
194.166.132.214 - - [23/Jul/2017:09:11:57 +0200] "GET /img/kursicon-print-pink.png HTTP/1.1" 200 1125 "http://www.easydrivers.at/dornbirn" "Mozilla/5.0 (Windows NT 6.1; Win64; x64) AppleWebKit/537.36 (KHTML, like Gecko) Chrome/59.0.3071.115 Safari/537.36"
194.166.132.214 - - [23/Jul/2017:09:11:57 +0200] "GET /img/kursicon-download-pink.png HTTP/1.1" 200 1213 "http://www.easydrivers.at/dornbirn" "Mozilla/5.0 (Windows NT 6.1; Win64; x64) AppleWebKit/537.36 (KHTML, like Gecko) Chrome/59.0.3071.115 Safari/537.36"
194.166.132.214 - - [23/Jul/2017:09:11:57 +0200] "GET /img/kursicon-share-pink.png HTTP/1.1" 200 1277 "http://www.easydrivers.at/dornbirn" "Mozilla/5.0 (Windows NT 6.1; Win64; x64) AppleWebKit/537.36 (KHTML, like Gecko) Chrome/59.0.3071.115 Safari/537.36"
194.166.132.214 - - [23/Jul/2017:09:11:57 +0200] "GET /img/kursicon-phone-pink.png HTTP/1.1" 200 1286 "http://www.easydrivers.at/dornbirn" "Mozilla/5.0 (Windows NT 6.1; Win64; x64) AppleWebKit/537.36 (KHTML, like Gecko) Chrome/59.0.3071.115 Safari/537.36"
194.166.132.214 - - [23/Jul/2017:09:11:57 +0200] "GET /css/print.css HTTP/1.1" 200 967 "http://www.easydrivers.at/dornbirn" "Mozilla/5.0 (Windows NT 6.1; Win64; x64) AppleWebKit/537.36 (KHTML, like Gecko) Chrome/59.0.3071.115 Safari/537.36"
194.166.132.214 - - [23/Jul/2017:09:11:57 +0200] "GET /img/new_favicon.ico HTTP/1.1" 200 1150 "http://www.easydrivers.at/dornbirn" "Mozilla/5.0 (Windows NT 6.1; Win64; x64) AppleWebKit/537.36 (KHTML, like Gecko) Chrome/59.0.3071.115 Safari/537.36"
188.23.139.126 - - [23/Jul/2017:09:11:55 +0200] "GET /leonding/ferienkurs_3?FS=B HTTP/1.1" 200 3284 "http://www.easydrivers.at/leonding/kursauswahl" "Mozilla/5.0 (Mobile; Windows Phone 8.1; Android 4.0; ARM; Trident/7.0; Touch; rv:11.0; IEMobile/11.0; NOKIA; Lumia 530) like iPhone OS 7_0_3 Mac OS X AppleWebKit/537 (KHTML, like Gecko) Mobile Safari/537"
80.110.125.51 - - [23/Jul/2017:09:12:05 +0200] "GET /binaries/easy-drivers-portal/widgetfrequencypng-1.png HTTP/1.1" 304 - "http://www.easydrivers.at/" "Mozilla/5.0 (iPad; CPU OS 10_3_2 like Mac OS X) AppleWebKit/603.2.4 (KHTML, like Gecko) Version/10.0 Mobile/14F89 Safari/602.1"
80.110.125.51 - - [23/Jul/2017:09:12:05 +0200] "GET / HTTP/1.1" 200 4405 "-" "Mozilla/5.0 (iPad; CPU OS 10_3_2 like Mac OS X) AppleWebKit/603.2.4 (KHTML, like Gecko) Version/10.0 Mobile/14F89 Safari/602.1"
80.110.125.51 - - [23/Jul/2017:09:12:07 +0200] "GET /binaries/easy-drivers-portal/widget-icon-apppng.png HTTP/1.1" 200 2432 "http://www.easydrivers.at/" "Mozilla/5.0 (iPad; CPU OS 10_3_2 like Mac OS X) AppleWebKit/603.2.4 (KHTML, like Gecko) Version/10.0 Mobile/14F89 Safari/602.1"
188.23.139.126 - - [23/Jul/2017:09:12:07 +0200] "GET /leonding/septemberkurs?FS=B HTTP/1.1" 200 3285 "http://www.easydrivers.at/leonding/kursauswahl" "Mozilla/5.0 (Mobile; Windows Phone 8.1; Android 4.0; ARM; Trident/7.0; Touch; rv:11.0; IEMobile/11.0; NOKIA; Lumia 530) like iPhone OS 7_0_3 Mac OS X AppleWebKit/537 (KHTML, like Gecko) Mobile Safari/537"
213.47.104.78 - - [23/Jul/2017:09:12:20 +0200] "GET /favicon.ico HTTP/1.1" 200 1150 "http://www.easydrivers.at/binaries/easy-drivers-rudi-dornbirn/infoblatt--2.pdf" "Mozilla/5.0 (Windows NT 10.0; Win64; x64) AppleWebKit/537.36 (KHTML, like Gecko) Chrome/59.0.3071.115 Safari/537.36"
213.47.104.78 - - [23/Jul/2017:09:12:20 +0200] "GET /binaries/easy-drivers-rudi-dornbirn/infoblatt--2.pdf HTTP/1.1" 200 159875 "https://www.google.at/" "Mozilla/5.0 (Windows NT 10.0; Win64; x64) AppleWebKit/537.36 (KHTML, like Gecko) Chrome/59.0.3071.115 Safari/537.36"
188.23.139.126 - - [23/Jul/2017:09:12:19 +0200] "GET /leonding/julikurs?FS=B HTTP/1.1" 200 3280 "http://www.easydrivers.at/leonding/kursauswahl" "Mozilla/5.0 (Mobile; Windows Phone 8.1; Android 4.0; ARM; Trident/7.0; Touch; rv:11.0; IEMobile/11.0; NOKIA; Lumia 530) like iPhone OS 7_0_3 Mac OS X AppleWebKit/537 (KHTML, like Gecko) Mobile Safari/537"
93.82.41.229 - - [23/Jul/2017:09:12:38 +0200] "GET /fuehrerscheine/motorrad HTTP/1.1" 200 2824 "http://www.google.at/url?sa=t&rct=j&q=&esrc=s&source=web&cd=3&ved=0ahUKEwiw0ryT7Z7VAhVKbxQKHah_AAQQFghGMAI&url=http%3A%2F%2Fwww.easydrivers.at%2Ffuehrerscheine%2Fmotorrad&usg=AFQjCNFeOWeypfnamVDVhnNLjoFM5jOIjA" "Mozilla/5.0 (Windows NT 6.3; WOW64; Trident/7.0; MAARJS; rv:11.0) like Gecko"
93.82.41.229 - - [23/Jul/2017:09:12:40 +0200] "GET /css/style.css HTTP/1.1" 200 5004 "http://www.easydrivers.at/fuehrerscheine/motorrad" "Mozilla/5.0 (Windows NT 6.3; WOW64; Trident/7.0; MAARJS; rv:11.0) like Gecko"
93.82.41.229 - - [23/Jul/2017:09:12:40 +0200] "GET /css/print.css HTTP/1.1" 200 967 "http://www.easydrivers.at/fuehrerscheine/motorrad" "Mozilla/5.0 (Windows NT 6.3; WOW64; Trident/7.0; MAARJS; rv:11.0) like Gecko"
93.82.41.229 - - [23/Jul/2017:09:12:40 +0200] "GET /javascript/jquery.simplemodal.js HTTP/1.1" 200 3070 "http://www.easydrivers.at/fuehrerscheine/motorrad" "Mozilla/5.0 (Windows NT 6.3; WOW64; Trident/7.0; MAARJS; rv:11.0) like Gecko"
93.82.41.229 - - [23/Jul/2017:09:12:40 +0200] "GET /javascript/jquery.cookie.js HTTP/1.1" 200 863 "http://www.easydrivers.at/fuehrerscheine/motorrad" "Mozilla/5.0 (Windows NT 6.3; WOW64; Trident/7.0; MAARJS; rv:11.0) like Gecko"
93.82.41.229 - - [23/Jul/2017:09:12:40 +0200] "GET /javascript/jquery.customSelect.min.js HTTP/1.1" 200 912 "http://www.easydrivers.at/fuehrerscheine/motorrad" "Mozilla/5.0 (Windows NT 6.3; WOW64; Trident/7.0; MAARJS; rv:11.0) like Gecko"
93.82.41.229 - - [23/Jul/2017:09:12:40 +0200] "GET /javascript/portal.js?1221842734 HTTP/1.1" 200 3529 "http://www.easydrivers.at/fuehrerscheine/motorrad" "Mozilla/5.0 (Windows NT 6.3; WOW64; Trident/7.0; MAARJS; rv:11.0) like Gecko"
93.82.41.229 - - [23/Jul/2017:09:12:40 +0200] "GET /javascript/license.js HTTP/1.1" 200 315 "http://www.easydrivers.at/fuehrerscheine/motorrad" "Mozilla/5.0 (Windows NT 6.3; WOW64; Trident/7.0; MAARJS; rv:11.0) like Gecko"
93.82.41.229 - - [23/Jul/2017:09:12:40 +0200] "GET /img/close-button.png HTTP/1.1" 200 2237 "http://www.easydrivers.at/fuehrerscheine/motorrad" "Mozilla/5.0 (Windows NT 6.3; WOW64; Trident/7.0; MAARJS; rv:11.0) like Gecko"
93.82.41.229 - - [23/Jul/2017:09:12:40 +0200] "GET /img/facebook-icon.png HTTP/1.1" 200 1506 "http://www.easydrivers.at/fuehrerscheine/motorrad" "Mozilla/5.0 (Windows NT 6.3; WOW64; Trident/7.0; MAARJS; rv:11.0) like Gecko"
93.82.41.229 - - [23/Jul/2017:09:12:40 +0200] "GET /img/schweiz-icon.png HTTP/1.1" 200 1504 "http://www.easydrivers.at/fuehrerscheine/motorrad" "Mozilla/5.0 (Windows NT 6.3; WOW64; Trident/7.0; MAARJS; rv:11.0) like Gecko"
93.82.41.229 - - [23/Jul/2017:09:12:40 +0200] "GET /javascript/lazyload.js HTTP/1.1" 200 1170 "http://www.easydrivers.at/fuehrerscheine/motorrad" "Mozilla/5.0 (Windows NT 6.3; WOW64; Trident/7.0; MAARJS; rv:11.0) like Gecko"
93.82.41.229 - - [23/Jul/2017:09:12:41 +0200] "GET /img/kursicon-print-pink.png HTTP/1.1" 200 1125 "http://www.easydrivers.at/fuehrerscheine/motorrad" "Mozilla/5.0 (Windows NT 6.3; WOW64; Trident/7.0; MAARJS; rv:11.0) like Gecko"
93.82.41.229 - - [23/Jul/2017:09:12:40 +0200] "GET /binaries/easy-drivers-portal/motorrad7jpg.jpg HTTP/1.1" 200 102681 "http://www.easydrivers.at/fuehrerscheine/motorrad" "Mozilla/5.0 (Windows NT 6.3; WOW64; Trident/7.0; MAARJS; rv:11.0) like Gecko"
93.82.41.229 - - [23/Jul/2017:09:12:41 +0200] "GET /img/kursicon-share-pink.png HTTP/1.1" 200 1277 "http://www.easydrivers.at/fuehrerscheine/motorrad" "Mozilla/5.0 (Windows NT 6.3; WOW64; Trident/7.0; MAARJS; rv:11.0) like Gecko"
93.82.41.229 - - [23/Jul/2017:09:12:41 +0200] "GET /img/kursicon-download-pink.png HTTP/1.1" 200 1213 "http://www.easydrivers.at/fuehrerscheine/motorrad" "Mozilla/5.0 (Windows NT 6.3; WOW64; Trident/7.0; MAARJS; rv:11.0) like Gecko"
93.82.41.229 - - [23/Jul/2017:09:12:41 +0200] "GET /img/kursicon-phone-pink.png HTTP/1.1" 200 1286 "http://www.easydrivers.at/fuehrerscheine/motorrad" "Mozilla/5.0 (Windows NT 6.3; WOW64; Trident/7.0; MAARJS; rv:11.0) like Gecko"
93.82.41.229 - - [23/Jul/2017:09:12:41 +0200] "GET /img/bg-header.jpg HTTP/1.1" 200 38680 "http://www.easydrivers.at/fuehrerscheine/motorrad" "Mozilla/5.0 (Windows NT 6.3; WOW64; Trident/7.0; MAARJS; rv:11.0) like Gecko"
93.82.41.229 - - [23/Jul/2017:09:12:41 +0200] "GET /img/ED_Logo.png HTTP/1.1" 200 3385 "http://www.easydrivers.at/fuehrerscheine/motorrad" "Mozilla/5.0 (Windows NT 6.3; WOW64; Trident/7.0; MAARJS; rv:11.0) like Gecko"
93.82.41.229 - - [23/Jul/2017:09:12:41 +0200] "GET /img/bg-yellow.jpg HTTP/1.1" 200 2250 "http://www.easydrivers.at/fuehrerscheine/motorrad" "Mozilla/5.0 (Windows NT 6.3; WOW64; Trident/7.0; MAARJS; rv:11.0) like Gecko"
93.82.41.229 - - [23/Jul/2017:09:12:41 +0200] "GET /img/bg-footer.jpg HTTP/1.1" 200 31770 "http://www.easydrivers.at/fuehrerscheine/motorrad" "Mozilla/5.0 (Windows NT 6.3; WOW64; Trident/7.0; MAARJS; rv:11.0) like Gecko"
93.82.41.229 - - [23/Jul/2017:09:12:41 +0200] "GET /img/submit-button-small.png HTTP/1.1" 200 1456 "http://www.easydrivers.at/fuehrerscheine/motorrad" "Mozilla/5.0 (Windows NT 6.3; WOW64; Trident/7.0; MAARJS; rv:11.0) like Gecko"
93.82.41.229 - - [23/Jul/2017:09:12:41 +0200] "GET /img/new_favicon.ico HTTP/1.1" 200 1150 "-" "Mozilla/5.0 (Windows NT 6.3; Win64; x64; Trident/7.0; MAARJS; rv:11.0) like Gecko"
66.249.66.72 - - [23/Jul/2017:09:12:48 +0200] "GET /leoben.pankl/10272250?FS=B-L HTTP/1.1" 404 2359 "-" "Mozilla/5.0 (Linux; Android 6.0.1; Nexus 5X Build/MMB29P) AppleWebKit/537.36 (KHTML, like Gecko) Chrome/41.0.2272.96 Mobile Safari/537.36 (compatible; Googlebot/2.1; +http://www.google.com/bot.html)"
188.23.139.126 - - [23/Jul/2017:09:12:55 +0200] "GET /leonding/oktoberkurs?FS=B HTTP/1.1" 200 3282 "http://www.easydrivers.at/leonding/kursauswahl" "Mozilla/5.0 (Mobile; Windows Phone 8.1; Android 4.0; ARM; Trident/7.0; Touch; rv:11.0; IEMobile/11.0; NOKIA; Lumia 530) like iPhone OS 7_0_3 Mac OS X AppleWebKit/537 (KHTML, like Gecko) Mobile Safari/537"
93.82.41.229 - - [23/Jul/2017:09:12:57 +0200] "GET /fuehrerscheine/motorrad/A HTTP/1.1" 200 4200 "http://www.easydrivers.at/fuehrerscheine/motorrad" "Mozilla/5.0 (Windows NT 6.3; WOW64; Trident/7.0; MAARJS; rv:11.0) like Gecko"
93.82.41.229 - - [23/Jul/2017:09:12:58 +0200] "GET /javascript/product.js HTTP/1.1" 200 139 "http://www.easydrivers.at/fuehrerscheine/motorrad/A" "Mozilla/5.0 (Windows NT 6.3; WOW64; Trident/7.0; MAARJS; rv:11.0) like Gecko"
93.82.41.229 - - [23/Jul/2017:09:12:58 +0200] "GET /binaries/easy-drivers-portal/motorrad6jpg.jpg HTTP/1.1" 200 83216 "http://www.easydrivers.at/fuehrerscheine/motorrad/A" "Mozilla/5.0 (Windows NT 6.3; WOW64; Trident/7.0; MAARJS; rv:11.0) like Gecko"
93.82.41.229 - - [23/Jul/2017:09:12:58 +0200] "GET /img/arrow-up.png HTTP/1.1" 200 1081 "http://www.easydrivers.at/fuehrerscheine/motorrad/A" "Mozilla/5.0 (Windows NT 6.3; WOW64; Trident/7.0; MAARJS; rv:11.0) like Gecko"
93.82.41.229 - - [23/Jul/2017:09:12:58 +0200] "GET /img/arrow-left.png HTTP/1.1" 200 1015 "http://www.easydrivers.at/fuehrerscheine/motorrad/A" "Mozilla/5.0 (Windows NT 6.3; WOW64; Trident/7.0; MAARJS; rv:11.0) like Gecko"
188.23.139.126 - - [23/Jul/2017:09:13:13 +0200] "GET /leonding/kurse HTTP/1.1" 200 3073 "http://www.easydrivers.at/leonding/kursauswahl" "Mozilla/5.0 (Mobile; Windows Phone 8.1; Android 4.0; ARM; Trident/7.0; Touch; rv:11.0; IEMobile/11.0; NOKIA; Lumia 530) like iPhone OS 7_0_3 Mac OS X AppleWebKit/537 (KHTML, like Gecko) Mobile Safari/537"
188.23.139.126 - - [23/Jul/2017:09:13:16 +0200] "POST /loadkursliste HTTP/1.1" 200 592 "http://www.easydrivers.at/" "Mozilla/5.0 (Mobile; Windows Phone 8.1; Android 4.0; ARM; Trident/7.0; Touch; rv:11.0; IEMobile/11.0; NOKIA; Lumia 530) like iPhone OS 7_0_3 Mac OS X AppleWebKit/537 (KHTML, like Gecko) Mobile Safari/537"
77.119.129.57 - - [23/Jul/2017:09:13:20 +0200] "GET /hartberg HTTP/1.1" 200 2927 "https://www.google.at/" "Mozilla/5.0 (iPhone; CPU iPhone OS 9_1 like Mac OS X) AppleWebKit/601.1.46 (KHTML, like Gecko) Version/9.0 Mobile/13B143 Safari/601.1"
77.119.129.57 - - [23/Jul/2017:09:13:22 +0200] "GET /css/mobile.css HTTP/1.1" 200 2852 "http://www.easydrivers.at/hartberg" "Mozilla/5.0 (iPhone; CPU iPhone OS 9_1 like Mac OS X) AppleWebKit/601.1.46 (KHTML, like Gecko) Version/9.0 Mobile/13B143 Safari/601.1"
77.119.129.57 - - [23/Jul/2017:09:13:22 +0200] "GET /javascript/mobile-menu.js HTTP/1.1" 200 1634 "http://www.easydrivers.at/hartberg" "Mozilla/5.0 (iPhone; CPU iPhone OS 9_1 like Mac OS X) AppleWebKit/601.1.46 (KHTML, like Gecko) Version/9.0 Mobile/13B143 Safari/601.1"
77.119.129.57 - - [23/Jul/2017:09:13:22 +0200] "GET /javascript/jquery.simplemodal.js HTTP/1.1" 200 3070 "http://www.easydrivers.at/hartberg" "Mozilla/5.0 (iPhone; CPU iPhone OS 9_1 like Mac OS X) AppleWebKit/601.1.46 (KHTML, like Gecko) Version/9.0 Mobile/13B143 Safari/601.1"
77.119.129.57 - - [23/Jul/2017:09:13:22 +0200] "GET /javascript/jquery.cookie.js HTTP/1.1" 200 863 "http://www.easydrivers.at/hartberg" "Mozilla/5.0 (iPhone; CPU iPhone OS 9_1 like Mac OS X) AppleWebKit/601.1.46 (KHTML, like Gecko) Version/9.0 Mobile/13B143 Safari/601.1"
77.119.129.57 - - [23/Jul/2017:09:13:22 +0200] "GET /javascript/lazyload.js HTTP/1.1" 200 1170 "http://www.easydrivers.at/hartberg" "Mozilla/5.0 (iPhone; CPU iPhone OS 9_1 like Mac OS X) AppleWebKit/601.1.46 (KHTML, like Gecko) Version/9.0 Mobile/13B143 Safari/601.1"
77.119.129.57 - - [23/Jul/2017:09:13:22 +0200] "GET /javascript/jquery-1.9.1.min.js HTTP/1.1" 200 32731 "http://www.easydrivers.at/hartberg" "Mozilla/5.0 (iPhone; CPU iPhone OS 9_1 like Mac OS X) AppleWebKit/601.1.46 (KHTML, like Gecko) Version/9.0 Mobile/13B143 Safari/601.1"
77.119.129.57 - - [23/Jul/2017:09:13:22 +0200] "GET /javascript/mobile-fahrschule.js HTTP/1.1" 200 328 "http://www.easydrivers.at/hartberg" "Mozilla/5.0 (iPhone; CPU iPhone OS 9_1 like Mac OS X) AppleWebKit/601.1.46 (KHTML, like Gecko) Version/9.0 Mobile/13B143 Safari/601.1"
77.119.129.57 - - [23/Jul/2017:09:13:22 +0200] "GET /img/mobile/facebook-icon.png HTTP/1.1" 200 1902 "http://www.easydrivers.at/hartberg" "Mozilla/5.0 (iPhone; CPU iPhone OS 9_1 like Mac OS X) AppleWebKit/601.1.46 (KHTML, like Gecko) Version/9.0 Mobile/13B143 Safari/601.1"
77.119.129.57 - - [23/Jul/2017:09:13:22 +0200] "GET /img/mobile/menu-button.png HTTP/1.1" 200 1746 "http://www.easydrivers.at/hartberg" "Mozilla/5.0 (iPhone; CPU iPhone OS 9_1 like Mac OS X) AppleWebKit/601.1.46 (KHTML, like Gecko) Version/9.0 Mobile/13B143 Safari/601.1"
77.119.129.57 - - [23/Jul/2017:09:13:22 +0200] "GET /img/mobile/info-close-button.png HTTP/1.1" 200 1721 "http://www.easydrivers.at/hartberg" "Mozilla/5.0 (iPhone; CPU iPhone OS 9_1 like Mac OS X) AppleWebKit/601.1.46 (KHTML, like Gecko) Version/9.0 Mobile/13B143 Safari/601.1"
77.119.129.57 - - [23/Jul/2017:09:13:22 +0200] "GET /img/smallicon-address.png HTTP/1.1" 200 1211 "http://www.easydrivers.at/hartberg" "Mozilla/5.0 (iPhone; CPU iPhone OS 9_1 like Mac OS X) AppleWebKit/601.1.46 (KHTML, like Gecko) Version/9.0 Mobile/13B143 Safari/601.1"
77.119.129.57 - - [23/Jul/2017:09:13:22 +0200] "GET /img/smallicon-time.png HTTP/1.1" 200 1262 "http://www.easydrivers.at/hartberg" "Mozilla/5.0 (iPhone; CPU iPhone OS 9_1 like Mac OS X) AppleWebKit/601.1.46 (KHTML, like Gecko) Version/9.0 Mobile/13B143 Safari/601.1"
77.119.129.57 - - [23/Jul/2017:09:13:22 +0200] "GET /img/smallicon-mail.png HTTP/1.1" 200 1341 "http://www.easydrivers.at/hartberg" "Mozilla/5.0 (iPhone; CPU iPhone OS 9_1 like Mac OS X) AppleWebKit/601.1.46 (KHTML, like Gecko) Version/9.0 Mobile/13B143 Safari/601.1"
77.119.129.57 - - [23/Jul/2017:09:13:22 +0200] "GET /img/mobile/easydrivers-logo-mobile.png HTTP/1.1" 200 10766 "http://www.easydrivers.at/hartberg" "Mozilla/5.0 (iPhone; CPU iPhone OS 9_1 like Mac OS X) AppleWebKit/601.1.46 (KHTML, like Gecko) Version/9.0 Mobile/13B143 Safari/601.1"
77.119.129.57 - - [23/Jul/2017:09:13:22 +0200] "GET /img/mobile/googlemaps-pin.png HTTP/1.1" 200 1597 "http://www.easydrivers.at/hartberg" "Mozilla/5.0 (iPhone; CPU iPhone OS 9_1 like Mac OS X) AppleWebKit/601.1.46 (KHTML, like Gecko) Version/9.0 Mobile/13B143 Safari/601.1"
77.119.129.57 - - [23/Jul/2017:09:13:22 +0200] "GET /img/smallicon-person.png HTTP/1.1" 200 1141 "http://www.easydrivers.at/hartberg" "Mozilla/5.0 (iPhone; CPU iPhone OS 9_1 like Mac OS X) AppleWebKit/601.1.46 (KHTML, like Gecko) Version/9.0 Mobile/13B143 Safari/601.1"
77.119.129.57 - - [23/Jul/2017:09:13:22 +0200] "GET /img/mobile/widget-icon-app.png HTTP/1.1" 200 3458 "http://www.easydrivers.at/hartberg" "Mozilla/5.0 (iPhone; CPU iPhone OS 9_1 like Mac OS X) AppleWebKit/601.1.46 (KHTML, like Gecko) Version/9.0 Mobile/13B143 Safari/601.1"
77.119.129.57 - - [23/Jul/2017:09:13:22 +0200] "GET /img/mobile/info-button.png HTTP/1.1" 200 1549 "http://www.easydrivers.at/hartberg" "Mozilla/5.0 (iPhone; CPU iPhone OS 9_1 like Mac OS X) AppleWebKit/601.1.46 (KHTML, like Gecko) Version/9.0 Mobile/13B143 Safari/601.1"
77.119.129.57 - - [23/Jul/2017:09:13:22 +0200] "GET /img/mobile/close-button.png HTTP/1.1" 200 2411 "http://www.easydrivers.at/hartberg" "Mozilla/5.0 (iPhone; CPU iPhone OS 9_1 like Mac OS X) AppleWebKit/601.1.46 (KHTML, like Gecko) Version/9.0 Mobile/13B143 Safari/601.1"
77.119.129.57 - - [23/Jul/2017:09:13:22 +0200] "GET /img/mobile/bg-top-section.jpg HTTP/1.1" 200 21711 "http://www.easydrivers.at/hartberg" "Mozilla/5.0 (iPhone; CPU iPhone OS 9_1 like Mac OS X) AppleWebKit/601.1.46 (KHTML, like Gecko) Version/9.0 Mobile/13B143 Safari/601.1"
77.119.129.57 - - [23/Jul/2017:09:13:22 +0200] "GET /img/mobile/pfeil-rechts.png HTTP/1.1" 200 1228 "http://www.easydrivers.at/hartberg" "Mozilla/5.0 (iPhone; CPU iPhone OS 9_1 like Mac OS X) AppleWebKit/601.1.46 (KHTML, like Gecko) Version/9.0 Mobile/13B143 Safari/601.1"
77.119.129.57 - - [23/Jul/2017:09:13:22 +0200] "GET /img/smallicon-phone.png HTTP/1.1" 200 3056 "http://www.easydrivers.at/hartberg" "Mozilla/5.0 (iPhone; CPU iPhone OS 9_1 like Mac OS X) AppleWebKit/601.1.46 (KHTML, like Gecko) Version/9.0 Mobile/13B143 Safari/601.1"
77.119.129.57 - - [23/Jul/2017:09:13:22 +0200] "GET /img/mobile/bg-header.jpg HTTP/1.1" 200 19741 "http://www.easydrivers.at/hartberg" "Mozilla/5.0 (iPhone; CPU iPhone OS 9_1 like Mac OS X) AppleWebKit/601.1.46 (KHTML, like Gecko) Version/9.0 Mobile/13B143 Safari/601.1"
77.119.129.57 - - [23/Jul/2017:09:13:22 +0200] "GET /img/mobile/bg-menu.jpg HTTP/1.1" 200 1698 "http://www.easydrivers.at/hartberg" "Mozilla/5.0 (iPhone; CPU iPhone OS 9_1 like Mac OS X) AppleWebKit/601.1.46 (KHTML, like Gecko) Version/9.0 Mobile/13B143 Safari/601.1"
84.112.208.214 - - [23/Jul/2017:09:13:26 +0200] "GET /schwechat?gclid=Cj0KCQjwktHLBRDsARIsAFBSb6xLtX_btmvE95BP1zGrt8fPnmTuBtAFzJbrghqA0alTTX1QcezVC40aAt05EALw_wcB HTTP/1.1" 200 2978 "android-app://com.google.android.googlequicksearchbox" "Mozilla/5.0 (Linux; Android 7.0; RAINBOW 2 Build/NRD90M) AppleWebKit/537.36 (KHTML, like Gecko) Chrome/59.0.3071.125 Mobile Safari/537.36"
178.165.129.177 - - [23/Jul/2017:09:13:31 +0200] "GET /wr.neustadt HTTP/1.1" 200 2986 "https://www.google.at/" "Mozilla/5.0 (iPhone; CPU iPhone OS 10_3_2 like Mac OS X) AppleWebKit/603.2.4 (KHTML, like Gecko) Version/10.0 Mobile/14F89 Safari/602.1"
77.119.129.57 - - [23/Jul/2017:09:13:32 +0200] "GET /fahrschulen HTTP/1.1" 200 2459 "http://www.easydrivers.at/hartberg" "Mozilla/5.0 (iPhone; CPU iPhone OS 9_1 like Mac OS X) AppleWebKit/601.1.46 (KHTML, like Gecko) Version/9.0 Mobile/13B143 Safari/601.1"
178.165.129.177 - - [23/Jul/2017:09:13:34 +0200] "GET /javascript/jquery.cookie.js HTTP/1.1" 200 863 "http://www.easydrivers.at/wr.neustadt" "Mozilla/5.0 (iPhone; CPU iPhone OS 10_3_2 like Mac OS X) AppleWebKit/603.2.4 (KHTML, like Gecko) Version/10.0 Mobile/14F89 Safari/602.1"
178.165.129.177 - - [23/Jul/2017:09:13:34 +0200] "GET /javascript/mobile-menu.js HTTP/1.1" 200 1634 "http://www.easydrivers.at/wr.neustadt" "Mozilla/5.0 (iPhone; CPU iPhone OS 10_3_2 like Mac OS X) AppleWebKit/603.2.4 (KHTML, like Gecko) Version/10.0 Mobile/14F89 Safari/602.1"
178.165.129.177 - - [23/Jul/2017:09:13:34 +0200] "GET /css/mobile.css HTTP/1.1" 200 2852 "http://www.easydrivers.at/wr.neustadt" "Mozilla/5.0 (iPhone; CPU iPhone OS 10_3_2 like Mac OS X) AppleWebKit/603.2.4 (KHTML, like Gecko) Version/10.0 Mobile/14F89 Safari/602.1"
178.165.129.177 - - [23/Jul/2017:09:13:34 +0200] "GET /javascript/jquery-1.9.1.min.js HTTP/1.1" 200 32731 "http://www.easydrivers.at/wr.neustadt" "Mozilla/5.0 (iPhone; CPU iPhone OS 10_3_2 like Mac OS X) AppleWebKit/603.2.4 (KHTML, like Gecko) Version/10.0 Mobile/14F89 Safari/602.1"
178.165.129.177 - - [23/Jul/2017:09:13:34 +0200] "GET /javascript/lazyload.js HTTP/1.1" 200 1170 "http://www.easydrivers.at/wr.neustadt" "Mozilla/5.0 (iPhone; CPU iPhone OS 10_3_2 like Mac OS X) AppleWebKit/603.2.4 (KHTML, like Gecko) Version/10.0 Mobile/14F89 Safari/602.1"
178.165.129.177 - - [23/Jul/2017:09:13:34 +0200] "GET /javascript/mobile-fahrschule.js HTTP/1.1" 200 328 "http://www.easydrivers.at/wr.neustadt" "Mozilla/5.0 (iPhone; CPU iPhone OS 10_3_2 like Mac OS X) AppleWebKit/603.2.4 (KHTML, like Gecko) Version/10.0 Mobile/14F89 Safari/602.1"
178.165.129.177 - - [23/Jul/2017:09:13:34 +0200] "GET /img/mobile/easydrivers-logo-mobile.png HTTP/1.1" 200 10766 "http://www.easydrivers.at/wr.neustadt" "Mozilla/5.0 (iPhone; CPU iPhone OS 10_3_2 like Mac OS X) AppleWebKit/603.2.4 (KHTML, like Gecko) Version/10.0 Mobile/14F89 Safari/602.1"
178.165.129.177 - - [23/Jul/2017:09:13:34 +0200] "GET /javascript/jquery.simplemodal.js HTTP/1.1" 200 3070 "http://www.easydrivers.at/wr.neustadt" "Mozilla/5.0 (iPhone; CPU iPhone OS 10_3_2 like Mac OS X) AppleWebKit/603.2.4 (KHTML, like Gecko) Version/10.0 Mobile/14F89 Safari/602.1"
77.119.129.57 - - [23/Jul/2017:09:13:34 +0200] "GET /javascript/mobile-fahrschulen.js HTTP/1.1" 200 404 "http://www.easydrivers.at/fahrschulen" "Mozilla/5.0 (iPhone; CPU iPhone OS 9_1 like Mac OS X) AppleWebKit/601.1.46 (KHTML, like Gecko) Version/9.0 Mobile/13B143 Safari/601.1"
178.165.129.177 - - [23/Jul/2017:09:13:34 +0200] "GET /img/mobile/menu-button.png HTTP/1.1" 200 1746 "http://www.easydrivers.at/wr.neustadt" "Mozilla/5.0 (iPhone; CPU iPhone OS 10_3_2 like Mac OS X) AppleWebKit/603.2.4 (KHTML, like Gecko) Version/10.0 Mobile/14F89 Safari/602.1"
178.165.129.177 - - [23/Jul/2017:09:13:34 +0200] "GET /img/mobile/facebook-icon.png HTTP/1.1" 200 1902 "http://www.easydrivers.at/wr.neustadt" "Mozilla/5.0 (iPhone; CPU iPhone OS 10_3_2 like Mac OS X) AppleWebKit/603.2.4 (KHTML, like Gecko) Version/10.0 Mobile/14F89 Safari/602.1"
178.165.129.177 - - [23/Jul/2017:09:13:34 +0200] "GET /img/mobile/info-button.png HTTP/1.1" 200 1549 "http://www.easydrivers.at/wr.neustadt" "Mozilla/5.0 (iPhone; CPU iPhone OS 10_3_2 like Mac OS X) AppleWebKit/603.2.4 (KHTML, like Gecko) Version/10.0 Mobile/14F89 Safari/602.1"
178.165.129.177 - - [23/Jul/2017:09:13:34 +0200] "GET /img/mobile/close-button.png HTTP/1.1" 200 2411 "http://www.easydrivers.at/wr.neustadt" "Mozilla/5.0 (iPhone; CPU iPhone OS 10_3_2 like Mac OS X) AppleWebKit/603.2.4 (KHTML, like Gecko) Version/10.0 Mobile/14F89 Safari/602.1"
77.119.129.57 - - [23/Jul/2017:09:13:34 +0200] "GET /img/mobile/pfeil-rechts-small.png HTTP/1.1" 200 1056 "http://www.easydrivers.at/fahrschulen" "Mozilla/5.0 (iPhone; CPU iPhone OS 9_1 like Mac OS X) AppleWebKit/601.1.46 (KHTML, like Gecko) Version/9.0 Mobile/13B143 Safari/601.1"
178.165.129.177 - - [23/Jul/2017:09:13:34 +0200] "GET /img/mobile/info-close-button.png HTTP/1.1" 200 1721 "http://www.easydrivers.at/wr.neustadt" "Mozilla/5.0 (iPhone; CPU iPhone OS 10_3_2 like Mac OS X) AppleWebKit/603.2.4 (KHTML, like Gecko) Version/10.0 Mobile/14F89 Safari/602.1"
178.165.129.177 - - [23/Jul/2017:09:13:34 +0200] "GET /img/mobile/googlemaps-pin.png HTTP/1.1" 200 1597 "http://www.easydrivers.at/wr.neustadt" "Mozilla/5.0 (iPhone; CPU iPhone OS 10_3_2 like Mac OS X) AppleWebKit/603.2.4 (KHTML, like Gecko) Version/10.0 Mobile/14F89 Safari/602.1"
178.165.129.177 - - [23/Jul/2017:09:13:34 +0200] "GET /img/smallicon-address.png HTTP/1.1" 200 1211 "http://www.easydrivers.at/wr.neustadt" "Mozilla/5.0 (iPhone; CPU iPhone OS 10_3_2 like Mac OS X) AppleWebKit/603.2.4 (KHTML, like Gecko) Version/10.0 Mobile/14F89 Safari/602.1"
178.165.129.177 - - [23/Jul/2017:09:13:34 +0200] "GET /img/smallicon-person.png HTTP/1.1" 200 1141 "http://www.easydrivers.at/wr.neustadt" "Mozilla/5.0 (iPhone; CPU iPhone OS 10_3_2 like Mac OS X) AppleWebKit/603.2.4 (KHTML, like Gecko) Version/10.0 Mobile/14F89 Safari/602.1"
178.165.129.177 - - [23/Jul/2017:09:13:34 +0200] "GET /img/smallicon-time.png HTTP/1.1" 200 1262 "http://www.easydrivers.at/wr.neustadt" "Mozilla/5.0 (iPhone; CPU iPhone OS 10_3_2 like Mac OS X) AppleWebKit/603.2.4 (KHTML, like Gecko) Version/10.0 Mobile/14F89 Safari/602.1"
178.165.129.177 - - [23/Jul/2017:09:13:34 +0200] "GET /img/smallicon-phone.png HTTP/1.1" 200 3056 "http://www.easydrivers.at/wr.neustadt" "Mozilla/5.0 (iPhone; CPU iPhone OS 10_3_2 like Mac OS X) AppleWebKit/603.2.4 (KHTML, like Gecko) Version/10.0 Mobile/14F89 Safari/602.1"
178.165.129.177 - - [23/Jul/2017:09:13:34 +0200] "GET /img/mobile/widget-icon-app.png HTTP/1.1" 200 3458 "http://www.easydrivers.at/wr.neustadt" "Mozilla/5.0 (iPhone; CPU iPhone OS 10_3_2 like Mac OS X) AppleWebKit/603.2.4 (KHTML, like Gecko) Version/10.0 Mobile/14F89 Safari/602.1"
178.165.129.177 - - [23/Jul/2017:09:13:34 +0200] "GET /img/smallicon-mail.png HTTP/1.1" 200 1341 "http://www.easydrivers.at/wr.neustadt" "Mozilla/5.0 (iPhone; CPU iPhone OS 10_3_2 like Mac OS X) AppleWebKit/603.2.4 (KHTML, like Gecko) Version/10.0 Mobile/14F89 Safari/602.1"
178.165.129.177 - - [23/Jul/2017:09:13:34 +0200] "GET /img/mobile/bg-header.jpg HTTP/1.1" 200 19741 "http://www.easydrivers.at/wr.neustadt" "Mozilla/5.0 (iPhone; CPU iPhone OS 10_3_2 like Mac OS X) AppleWebKit/603.2.4 (KHTML, like Gecko) Version/10.0 Mobile/14F89 Safari/602.1"
178.165.129.177 - - [23/Jul/2017:09:13:34 +0200] "GET /img/mobile/bg-menu.jpg HTTP/1.1" 200 1698 "http://www.easydrivers.at/wr.neustadt" "Mozilla/5.0 (iPhone; CPU iPhone OS 10_3_2 like Mac OS X) AppleWebKit/603.2.4 (KHTML, like Gecko) Version/10.0 Mobile/14F89 Safari/602.1"
178.165.129.177 - - [23/Jul/2017:09:13:34 +0200] "GET /img/mobile/bg-top-section.jpg HTTP/1.1" 200 21711 "http://www.easydrivers.at/wr.neustadt" "Mozilla/5.0 (iPhone; CPU iPhone OS 10_3_2 like Mac OS X) AppleWebKit/603.2.4 (KHTML, like Gecko) Version/10.0 Mobile/14F89 Safari/602.1"
178.165.129.177 - - [23/Jul/2017:09:13:34 +0200] "GET /img/mobile/pfeil-rechts.png HTTP/1.1" 200 1228 "http://www.easydrivers.at/wr.neustadt" "Mozilla/5.0 (iPhone; CPU iPhone OS 10_3_2 like Mac OS X) AppleWebKit/603.2.4 (KHTML, like Gecko) Version/10.0 Mobile/14F89 Safari/602.1"
84.112.208.214 - - [23/Jul/2017:09:13:38 +0200] "POST /schwechat/kursauswahl HTTP/1.1" 200 2829 "http://www.easydrivers.at/schwechat?gclid=Cj0KCQjwktHLBRDsARIsAFBSb6xLtX_btmvE95BP1zGrt8fPnmTuBtAFzJbrghqA0alTTX1QcezVC40aAt05EALw_wcB" "Mozilla/5.0 (Linux; Android 7.0; RAINBOW 2 Build/NRD90M) AppleWebKit/537.36 (KHTML, like Gecko) Chrome/59.0.3071.125 Mobile Safari/537.36"
84.112.208.214 - - [23/Jul/2017:09:13:41 +0200] "GET /javascript/mobile-fahrschule-kurs-suchergebnis.js HTTP/1.1" 200 274 "http://www.easydrivers.at/schwechat/kursauswahl" "Mozilla/5.0 (Linux; Android 7.0; RAINBOW 2 Build/NRD90M) AppleWebKit/537.36 (KHTML, like Gecko) Chrome/59.0.3071.125 Mobile Safari/537.36"
84.112.208.214 - - [23/Jul/2017:09:13:41 +0200] "GET /img/mobile/pfeil-links-small.png HTTP/1.1" 200 1065 "http://www.easydrivers.at/css/mobile.css" "Mozilla/5.0 (Linux; Android 7.0; RAINBOW 2 Build/NRD90M) AppleWebKit/537.36 (KHTML, like Gecko) Chrome/59.0.3071.125 Mobile Safari/537.36"
84.112.208.214 - - [23/Jul/2017:09:13:41 +0200] "GET /img/mobile/bg-yellow.jpg HTTP/1.1" 200 1569 "http://www.easydrivers.at/css/mobile.css" "Mozilla/5.0 (Linux; Android 7.0; RAINBOW 2 Build/NRD90M) AppleWebKit/537.36 (KHTML, like Gecko) Chrome/59.0.3071.125 Mobile Safari/537.36"
84.112.208.214 - - [23/Jul/2017:09:13:41 +0200] "GET /img/loading-bars.gif HTTP/1.1" 200 3951 "http://www.easydrivers.at/css/mobile.css" "Mozilla/5.0 (Linux; Android 7.0; RAINBOW 2 Build/NRD90M) AppleWebKit/537.36 (KHTML, like Gecko) Chrome/59.0.3071.125 Mobile Safari/537.36"
178.165.129.177 - - [23/Jul/2017:09:13:51 +0200] "POST /wr.neustadt/kursauswahl HTTP/1.1" 200 2833 "http://www.easydrivers.at/wr.neustadt" "Mozilla/5.0 (iPhone; CPU iPhone OS 10_3_2 like Mac OS X) AppleWebKit/603.2.4 (KHTML, like Gecko) Version/10.0 Mobile/14F89 Safari/602.1"
178.165.129.177 - - [23/Jul/2017:09:13:54 +0200] "GET /javascript/mobile-fahrschule-kurs-suchergebnis.js HTTP/1.1" 200 274 "http://www.easydrivers.at/wr.neustadt/kursauswahl" "Mozilla/5.0 (iPhone; CPU iPhone OS 10_3_2 like Mac OS X) AppleWebKit/603.2.4 (KHTML, like Gecko) Version/10.0 Mobile/14F89 Safari/602.1"
178.165.129.177 - - [23/Jul/2017:09:13:54 +0200] "GET /img/mobile/bg-yellow.jpg HTTP/1.1" 200 1569 "http://www.easydrivers.at/wr.neustadt/kursauswahl" "Mozilla/5.0 (iPhone; CPU iPhone OS 10_3_2 like Mac OS X) AppleWebKit/603.2.4 (KHTML, like Gecko) Version/10.0 Mobile/14F89 Safari/602.1"
178.165.129.177 - - [23/Jul/2017:09:13:54 +0200] "GET /img/mobile/pfeil-links-small.png HTTP/1.1" 200 1065 "http://www.easydrivers.at/wr.neustadt/kursauswahl" "Mozilla/5.0 (iPhone; CPU iPhone OS 10_3_2 like Mac OS X) AppleWebKit/603.2.4 (KHTML, like Gecko) Version/10.0 Mobile/14F89 Safari/602.1"
178.165.129.177 - - [23/Jul/2017:09:13:54 +0200] "GET /img/loading-bars.gif HTTP/1.1" 200 3951 "http://www.easydrivers.at/wr.neustadt/kursauswahl" "Mozilla/5.0 (iPhone; CPU iPhone OS 10_3_2 like Mac OS X) AppleWebKit/603.2.4 (KHTML, like Gecko) Version/10.0 Mobile/14F89 Safari/602.1"
84.112.208.214 - - [23/Jul/2017:09:13:57 +0200] "POST /loadkursliste HTTP/1.1" 200 621 "http://www.easydrivers.at/schwechat/kursauswahl" "Mozilla/5.0 (Linux; Android 7.0; RAINBOW 2 Build/NRD90M) AppleWebKit/537.36 (KHTML, like Gecko) Chrome/59.0.3071.125 Mobile Safari/537.36"
178.165.129.177 - - [23/Jul/2017:09:14:00 +0200] "POST /loadkursliste HTTP/1.1" 200 478 "http://www.easydrivers.at/wr.neustadt/kursauswahl" "Mozilla/5.0 (iPhone; CPU iPhone OS 10_3_2 like Mac OS X) AppleWebKit/603.2.4 (KHTML, like Gecko) Version/10.0 Mobile/14F89 Safari/602.1"
84.112.208.214 - - [23/Jul/2017:09:14:12 +0200] "GET /schwechat/10280449?FS=AM-M HTTP/1.1" 200 3185 "http://www.easydrivers.at/schwechat/kursauswahl" "Mozilla/5.0 (Linux; Android 7.0; RAINBOW 2 Build/NRD90M) AppleWebKit/537.36 (KHTML, like Gecko) Chrome/59.0.3071.125 Mobile Safari/537.36"
84.112.208.214 - - [23/Jul/2017:09:14:15 +0200] "GET /img/mobile/kursicon-share.png HTTP/1.1" 200 2065 "http://www.easydrivers.at/schwechat/10280449?FS=AM-M" "Mozilla/5.0 (Linux; Android 7.0; RAINBOW 2 Build/NRD90M) AppleWebKit/537.36 (KHTML, like Gecko) Chrome/59.0.3071.125 Mobile Safari/537.36"
84.112.208.214 - - [23/Jul/2017:09:14:15 +0200] "GET /img/mobile/smallicon-mail.png HTTP/1.1" 200 1335 "http://www.easydrivers.at/schwechat/10280449?FS=AM-M" "Mozilla/5.0 (Linux; Android 7.0; RAINBOW 2 Build/NRD90M) AppleWebKit/537.36 (KHTML, like Gecko) Chrome/59.0.3071.125 Mobile Safari/537.36"
84.112.208.214 - - [23/Jul/2017:09:14:15 +0200] "GET /img/mobile/smallicon-phone.png HTTP/1.1" 200 1311 "http://www.easydrivers.at/schwechat/10280449?FS=AM-M" "Mozilla/5.0 (Linux; Android 7.0; RAINBOW 2 Build/NRD90M) AppleWebKit/537.36 (KHTML, like Gecko) Chrome/59.0.3071.125 Mobile Safari/537.36"
84.112.208.214 - - [23/Jul/2017:09:14:15 +0200] "GET /img/mobile/kursicon-phone.png HTTP/1.1" 200 1932 "http://www.easydrivers.at/schwechat/10280449?FS=AM-M" "Mozilla/5.0 (Linux; Android 7.0; RAINBOW 2 Build/NRD90M) AppleWebKit/537.36 (KHTML, like Gecko) Chrome/59.0.3071.125 Mobile Safari/537.36"
84.112.208.214 - - [23/Jul/2017:09:14:15 +0200] "GET /img/mobile/pfeil-rechts-small.png HTTP/1.1" 200 1056 "http://www.easydrivers.at/css/mobile.css" "Mozilla/5.0 (Linux; Android 7.0; RAINBOW 2 Build/NRD90M) AppleWebKit/537.36 (KHTML, like Gecko) Chrome/59.0.3071.125 Mobile Safari/537.36"
178.165.129.177 - - [23/Jul/2017:09:14:22 +0200] "POST /loadkursliste HTTP/1.1" 200 481 "http://www.easydrivers.at/wr.neustadt/kursauswahl" "Mozilla/5.0 (iPhone; CPU iPhone OS 10_3_2 like Mac OS X) AppleWebKit/603.2.4 (KHTML, like Gecko) Version/10.0 Mobile/14F89 Safari/602.1"
93.82.41.229 - - [23/Jul/2017:09:14:36 +0200] "GET /fuehrerscheine/motorrad HTTP/1.1" 200 2825 "http://www.google.at/url?sa=t&rct=j&q=&esrc=s&source=web&cd=3&ved=0ahUKEwiw0ryT7Z7VAhVKbxQKHah_AAQQFghGMAI&url=http%3A%2F%2Fwww.easydrivers.at%2Ffuehrerscheine%2Fmotorrad&usg=AFQjCNFeOWeypfnamVDVhnNLjoFM5jOIjA" "Mozilla/5.0 (Windows NT 6.3; WOW64; Trident/7.0; MAARJS; rv:11.0) like Gecko"
93.82.41.229 - - [23/Jul/2017:09:14:38 +0200] "GET /binaries/easy-drivers-portal/motorrad8jpg-2.jpg HTTP/1.1" 200 78776 "http://www.easydrivers.at/fuehrerscheine/motorrad" "Mozilla/5.0 (Windows NT 6.3; WOW64; Trident/7.0; MAARJS; rv:11.0) like Gecko"
84.112.208.214 - - [23/Jul/2017:09:14:45 +0200] "GET /schwechat?gclid=Cj0KCQjwktHLBRDsARIsAFBSb6xLtX_btmvE95BP1zGrt8fPnmTuBtAFzJbrghqA0alTTX1QcezVC40aAt05EALw_wcB HTTP/1.1" 200 2978 "android-app://com.google.android.googlequicksearchbox" "Mozilla/5.0 (Linux; Android 7.0; RAINBOW 2 Build/NRD90M) AppleWebKit/537.36 (KHTML, like Gecko) Chrome/59.0.3071.125 Mobile Safari/537.36"
178.165.129.177 - - [23/Jul/2017:09:14:46 +0200] "GET /wr.neustadt/10286849?FS=AM-M HTTP/1.1" 200 3139 "http://www.easydrivers.at/wr.neustadt/kursauswahl" "Mozilla/5.0 (iPhone; CPU iPhone OS 10_3_2 like Mac OS X) AppleWebKit/603.2.4 (KHTML, like Gecko) Version/10.0 Mobile/14F89 Safari/602.1"
178.165.129.177 - - [23/Jul/2017:09:14:49 +0200] "GET /img/mobile/kursicon-share.png HTTP/1.1" 200 2065 "http://www.easydrivers.at/wr.neustadt/10286849?FS=AM-M" "Mozilla/5.0 (iPhone; CPU iPhone OS 10_3_2 like Mac OS X) AppleWebKit/603.2.4 (KHTML, like Gecko) Version/10.0 Mobile/14F89 Safari/602.1"
178.165.129.177 - - [23/Jul/2017:09:14:49 +0200] "GET /img/mobile/kursicon-phone.png HTTP/1.1" 200 1932 "http://www.easydrivers.at/wr.neustadt/10286849?FS=AM-M" "Mozilla/5.0 (iPhone; CPU iPhone OS 10_3_2 like Mac OS X) AppleWebKit/603.2.4 (KHTML, like Gecko) Version/10.0 Mobile/14F89 Safari/602.1"
178.165.129.177 - - [23/Jul/2017:09:14:49 +0200] "GET /img/mobile/smallicon-mail.png HTTP/1.1" 200 1335 "http://www.easydrivers.at/wr.neustadt/10286849?FS=AM-M" "Mozilla/5.0 (iPhone; CPU iPhone OS 10_3_2 like Mac OS X) AppleWebKit/603.2.4 (KHTML, like Gecko) Version/10.0 Mobile/14F89 Safari/602.1"
178.165.129.177 - - [23/Jul/2017:09:14:49 +0200] "GET /img/mobile/smallicon-phone.png HTTP/1.1" 200 1311 "http://www.easydrivers.at/wr.neustadt/10286849?FS=AM-M" "Mozilla/5.0 (iPhone; CPU iPhone OS 10_3_2 like Mac OS X) AppleWebKit/603.2.4 (KHTML, like Gecko) Version/10.0 Mobile/14F89 Safari/602.1"
178.165.129.177 - - [23/Jul/2017:09:14:49 +0200] "GET /img/mobile/pfeil-rechts-small.png HTTP/1.1" 200 1056 "http://www.easydrivers.at/wr.neustadt/10286849?FS=AM-M" "Mozilla/5.0 (iPhone; CPU iPhone OS 10_3_2 like Mac OS X) AppleWebKit/603.2.4 (KHTML, like Gecko) Version/10.0 Mobile/14F89 Safari/602.1"
5.101.78.76 - - [23/Jul/2017:09:15:08 +0200] "HEAD / HTTP/1.1" 501 - "http://spinelli-ru.com/shop/1823/desc/binokl-burris-colorado-8x22-1301" "Mozilla/7.0 (compatible; MSIE6.00; Windows 2003)"
77.119.131.144 - - [23/Jul/2017:09:15:07 +0200] "GET /steyr HTTP/1.1" 200 2943 "https://www.google.at/" "Mozilla/5.0 (Linux; Android 6.0.1; SM-G920F Build/MMB29K) AppleWebKit/537.36 (KHTML, like Gecko) Chrome/58.0.3029.83 Mobile Safari/537.36"
77.119.131.144 - - [23/Jul/2017:09:15:11 +0200] "GET /img/favicon.ico HTTP/1.1" 404 300 "http://www.easydrivers.at/steyr" "Mozilla/5.0 (Linux; Android 6.0.1; SM-G920F Build/MMB29K) AppleWebKit/537.36 (KHTML, like Gecko) Chrome/58.0.3029.83 Mobile Safari/537.36"
213.225.37.177 - - [23/Jul/2017:09:15:13 +0200] "GET /javascript/jquery.cookie.js HTTP/1.1" 200 863 "https://www.google.at/search?client=ms-android-oneplus&ei=90x0Wd2tN4Tsaqjwp6gD&q=f%C3%BChrerschein+c&oq=f%C3%BChrerschein+c&gs_l=mobile-gws-serp.3..0l5.1425.1885.0.2912.2.2.0.0.0.0.163.316.0j2.2.0....0...1.1j4.64.mobile-gws-serp..0.2.313...0i67k1.dZVHl9zEvPw" "Mozilla/5.0 (Linux; Android 6.0.1; ONE A2003 Build/MMB29M) AppleWebKit/537.36 (KHTML, like Gecko) Chrome/59.0.3071.125 Mobile Safari/537.36"
213.225.37.177 - - [23/Jul/2017:09:15:13 +0200] "GET /css/mobile.css HTTP/1.1" 200 2852 "https://www.google.at/search?client=ms-android-oneplus&ei=90x0Wd2tN4Tsaqjwp6gD&q=f%C3%BChrerschein+c&oq=f%C3%BChrerschein+c&gs_l=mobile-gws-serp.3..0l5.1425.1885.0.2912.2.2.0.0.0.0.163.316.0j2.2.0....0...1.1j4.64.mobile-gws-serp..0.2.313...0i67k1.dZVHl9zEvPw" "Mozilla/5.0 (Linux; Android 6.0.1; ONE A2003 Build/MMB29M) AppleWebKit/537.36 (KHTML, like Gecko) Chrome/59.0.3071.125 Mobile Safari/537.36"
213.225.37.177 - - [23/Jul/2017:09:15:13 +0200] "GET /javascript/mobile-menu.js HTTP/1.1" 200 1634 "https://www.google.at/search?client=ms-android-oneplus&ei=90x0Wd2tN4Tsaqjwp6gD&q=f%C3%BChrerschein+c&oq=f%C3%BChrerschein+c&gs_l=mobile-gws-serp.3..0l5.1425.1885.0.2912.2.2.0.0.0.0.163.316.0j2.2.0....0...1.1j4.64.mobile-gws-serp..0.2.313...0i67k1.dZVHl9zEvPw" "Mozilla/5.0 (Linux; Android 6.0.1; ONE A2003 Build/MMB29M) AppleWebKit/537.36 (KHTML, like Gecko) Chrome/59.0.3071.125 Mobile Safari/537.36"
213.225.37.177 - - [23/Jul/2017:09:15:13 +0200] "GET /javascript/jquery.simplemodal.js HTTP/1.1" 200 3070 "https://www.google.at/search?client=ms-android-oneplus&ei=90x0Wd2tN4Tsaqjwp6gD&q=f%C3%BChrerschein+c&oq=f%C3%BChrerschein+c&gs_l=mobile-gws-serp.3..0l5.1425.1885.0.2912.2.2.0.0.0.0.163.316.0j2.2.0....0...1.1j4.64.mobile-gws-serp..0.2.313...0i67k1.dZVHl9zEvPw" "Mozilla/5.0 (Linux; Android 6.0.1; ONE A2003 Build/MMB29M) AppleWebKit/537.36 (KHTML, like Gecko) Chrome/59.0.3071.125 Mobile Safari/537.36"
213.225.37.177 - - [23/Jul/2017:09:15:13 +0200] "GET /javascript/mobile-license.js HTTP/1.1" 200 216 "https://www.google.at/search?client=ms-android-oneplus&ei=90x0Wd2tN4Tsaqjwp6gD&q=f%C3%BChrerschein+c&oq=f%C3%BChrerschein+c&gs_l=mobile-gws-serp.3..0l5.1425.1885.0.2912.2.2.0.0.0.0.163.316.0j2.2.0....0...1.1j4.64.mobile-gws-serp..0.2.313...0i67k1.dZVHl9zEvPw" "Mozilla/5.0 (Linux; Android 6.0.1; ONE A2003 Build/MMB29M) AppleWebKit/537.36 (KHTML, like Gecko) Chrome/59.0.3071.125 Mobile Safari/537.36"
213.225.37.177 - - [23/Jul/2017:09:15:13 +0200] "GET /javascript/jquery-1.9.1.min.js HTTP/1.1" 200 32731 "https://www.google.at/search?client=ms-android-oneplus&ei=90x0Wd2tN4Tsaqjwp6gD&q=f%C3%BChrerschein+c&oq=f%C3%BChrerschein+c&gs_l=mobile-gws-serp.3..0l5.1425.1885.0.2912.2.2.0.0.0.0.163.316.0j2.2.0....0...1.1j4.64.mobile-gws-serp..0.2.313...0i67k1.dZVHl9zEvPw" "Mozilla/5.0 (Linux; Android 6.0.1; ONE A2003 Build/MMB29M) AppleWebKit/537.36 (KHTML, like Gecko) Chrome/59.0.3071.125 Mobile Safari/537.36"
213.225.37.177 - - [23/Jul/2017:09:15:13 +0200] "GET /fuehrerscheine/lkw HTTP/1.1" 200 3733 "https://www.google.at/" "Mozilla/5.0 (Linux; Android 6.0.1; ONE A2003 Build/MMB29M) AppleWebKit/537.36 (KHTML, like Gecko) Chrome/59.0.3071.125 Mobile Safari/537.36"
213.225.37.177 - - [23/Jul/2017:09:15:15 +0200] "GET /javascript/lazyload.js HTTP/1.1" 200 1170 "http://www.easydrivers.at/fuehrerscheine/lkw" "Mozilla/5.0 (Linux; Android 6.0.1; ONE A2003 Build/MMB29M) AppleWebKit/537.36 (KHTML, like Gecko) Chrome/59.0.3071.125 Mobile Safari/537.36"
213.225.37.177 - - [23/Jul/2017:09:15:15 +0200] "GET /img/mobile/weiter-button.png HTTP/1.1" 200 1670 "http://www.easydrivers.at/css/mobile.css" "Mozilla/5.0 (Linux; Android 6.0.1; ONE A2003 Build/MMB29M) AppleWebKit/537.36 (KHTML, like Gecko) Chrome/59.0.3071.125 Mobile Safari/537.36"
213.225.37.177 - - [23/Jul/2017:09:15:15 +0200] "GET /img/mobile/bg-yellow.jpg HTTP/1.1" 200 1569 "http://www.easydrivers.at/css/mobile.css" "Mozilla/5.0 (Linux; Android 6.0.1; ONE A2003 Build/MMB29M) AppleWebKit/537.36 (KHTML, like Gecko) Chrome/59.0.3071.125 Mobile Safari/537.36"
213.225.37.177 - - [23/Jul/2017:09:15:15 +0200] "GET /img/mobile/menu-button.png HTTP/1.1" 200 1746 "http://www.easydrivers.at/fuehrerscheine/lkw" "Mozilla/5.0 (Linux; Android 6.0.1; ONE A2003 Build/MMB29M) AppleWebKit/537.36 (KHTML, like Gecko) Chrome/59.0.3071.125 Mobile Safari/537.36"
213.225.37.177 - - [23/Jul/2017:09:15:15 +0200] "GET /img/mobile/easydrivers-logo-mobile.png HTTP/1.1" 200 10766 "http://www.easydrivers.at/fuehrerscheine/lkw" "Mozilla/5.0 (Linux; Android 6.0.1; ONE A2003 Build/MMB29M) AppleWebKit/537.36 (KHTML, like Gecko) Chrome/59.0.3071.125 Mobile Safari/537.36"
213.225.37.177 - - [23/Jul/2017:09:15:15 +0200] "GET /img/mobile/close-button.png HTTP/1.1" 200 2411 "http://www.easydrivers.at/fuehrerscheine/lkw" "Mozilla/5.0 (Linux; Android 6.0.1; ONE A2003 Build/MMB29M) AppleWebKit/537.36 (KHTML, like Gecko) Chrome/59.0.3071.125 Mobile Safari/537.36"
213.225.37.177 - - [23/Jul/2017:09:15:15 +0200] "GET /img/mobile/facebook-icon.png HTTP/1.1" 200 1902 "http://www.easydrivers.at/fuehrerscheine/lkw" "Mozilla/5.0 (Linux; Android 6.0.1; ONE A2003 Build/MMB29M) AppleWebKit/537.36 (KHTML, like Gecko) Chrome/59.0.3071.125 Mobile Safari/537.36"
213.225.37.177 - - [23/Jul/2017:09:15:15 +0200] "GET /img/mobile/bg-header.jpg HTTP/1.1" 200 19741 "http://www.easydrivers.at/css/mobile.css" "Mozilla/5.0 (Linux; Android 6.0.1; ONE A2003 Build/MMB29M) AppleWebKit/537.36 (KHTML, like Gecko) Chrome/59.0.3071.125 Mobile Safari/537.36"
213.225.37.177 - - [23/Jul/2017:09:15:15 +0200] "GET /img/mobile/bg-menu.jpg HTTP/1.1" 200 1698 "http://www.easydrivers.at/css/mobile.css" "Mozilla/5.0 (Linux; Android 6.0.1; ONE A2003 Build/MMB29M) AppleWebKit/537.36 (KHTML, like Gecko) Chrome/59.0.3071.125 Mobile Safari/537.36"
213.225.37.177 - - [23/Jul/2017:09:15:16 +0200] "GET /img/favicon.ico HTTP/1.1" 404 300 "http://www.easydrivers.at/fuehrerscheine/lkw" "Mozilla/5.0 (Linux; Android 6.0.1; ONE A2003 Build/MMB29M) AppleWebKit/537.36 (KHTML, like Gecko) Chrome/59.0.3071.125 Mobile Safari/537.36"
77.119.131.144 - - [23/Jul/2017:09:15:15 +0200] "GET /steyr/kurse HTTP/1.1" 200 3033 "http://www.easydrivers.at/steyr" "Mozilla/5.0 (Linux; Android 6.0.1; SM-G920F Build/MMB29K) AppleWebKit/537.36 (KHTML, like Gecko) Chrome/58.0.3029.83 Mobile Safari/537.36"
77.119.131.144 - - [23/Jul/2017:09:15:18 +0200] "GET /javascript/mobile-fahrschule-kurs-suchergebnis.js HTTP/1.1" 200 274 "http://www.easydrivers.at/steyr/kurse" "Mozilla/5.0 (Linux; Android 6.0.1; SM-G920F Build/MMB29K) AppleWebKit/537.36 (KHTML, like Gecko) Chrome/58.0.3029.83 Mobile Safari/537.36"
77.119.131.144 - - [23/Jul/2017:09:15:18 +0200] "GET /img/mobile/bg-yellow.jpg HTTP/1.1" 200 1569 "http://www.easydrivers.at/css/mobile.css" "Mozilla/5.0 (Linux; Android 6.0.1; SM-G920F Build/MMB29K) AppleWebKit/537.36 (KHTML, like Gecko) Chrome/58.0.3029.83 Mobile Safari/537.36"
77.119.131.144 - - [23/Jul/2017:09:15:18 +0200] "GET /img/loading-bars.gif HTTP/1.1" 200 3951 "http://www.easydrivers.at/css/mobile.css" "Mozilla/5.0 (Linux; Android 6.0.1; SM-G920F Build/MMB29K) AppleWebKit/537.36 (KHTML, like Gecko) Chrome/58.0.3029.83 Mobile Safari/537.36"
77.119.131.144 - - [23/Jul/2017:09:15:21 +0200] "GET /fuehrerscheine/motorrad HTTP/1.1" 200 4592 "http://www.easydrivers.at/steyr/kurse" "Mozilla/5.0 (Linux; Android 6.0.1; SM-G920F Build/MMB29K) AppleWebKit/537.36 (KHTML, like Gecko) Chrome/58.0.3029.83 Mobile Safari/537.36"
77.119.131.144 - - [23/Jul/2017:09:15:23 +0200] "GET /javascript/mobile-license.js HTTP/1.1" 200 216 "http://www.easydrivers.at/fuehrerscheine/motorrad" "Mozilla/5.0 (Linux; Android 6.0.1; SM-G920F Build/MMB29K) AppleWebKit/537.36 (KHTML, like Gecko) Chrome/58.0.3029.83 Mobile Safari/537.36"
77.119.131.144 - - [23/Jul/2017:09:15:23 +0200] "GET /img/mobile/weiter-button.png HTTP/1.1" 200 1670 "http://www.easydrivers.at/css/mobile.css" "Mozilla/5.0 (Linux; Android 6.0.1; SM-G920F Build/MMB29K) AppleWebKit/537.36 (KHTML, like Gecko) Chrome/58.0.3029.83 Mobile Safari/537.36"
77.119.131.144 - - [23/Jul/2017:09:15:38 +0200] "GET /steyr/kurse HTTP/1.1" 200 3033 "http://www.easydrivers.at/steyr" "Mozilla/5.0 (Linux; Android 6.0.1; SM-G920F Build/MMB29K) AppleWebKit/537.36 (KHTML, like Gecko) Chrome/58.0.3029.83 Mobile Safari/537.36"
