66.249.92.136 - - [23/Jul/2017:02:30:26 +0200] "GET /img/mobile/easydrivers-logo-mobile.png HTTP/1.1" 200 10766 "-" "Mozilla/5.0 (iPhone; CPU iPhone OS 9_1 like Mac OS X) AppleWebKit/601.1.46 (KHTML, like Gecko) Version/9.0 Mobile/13B143 Safari/601.1 (compatible; AdsBot-Google-Mobile; +http://www.google.com/mobile/adsbot.html)"
66.249.92.136 - - [23/Jul/2017:02:30:26 +0200] "GET /javascript/lazyload.js HTTP/1.1" 200 1170 "-" "Mozilla/5.0 (iPhone; CPU iPhone OS 9_1 like Mac OS X) AppleWebKit/601.1.46 (KHTML, like Gecko) Version/9.0 Mobile/13B143 Safari/601.1 (compatible; AdsBot-Google-Mobile; +http://www.google.com/mobile/adsbot.html)"
66.249.92.136 - - [23/Jul/2017:02:30:27 +0200] "GET /css/mobile.css HTTP/1.1" 200 2852 "-" "Mozilla/5.0 (iPhone; CPU iPhone OS 9_1 like Mac OS X) AppleWebKit/601.1.46 (KHTML, like Gecko) Version/9.0 Mobile/13B143 Safari/601.1 (compatible; AdsBot-Google-Mobile; +http://www.google.com/mobile/adsbot.html)"
66.249.92.136 - - [23/Jul/2017:02:30:28 +0200] "GET /img/mobile/info-close-button.png HTTP/1.1" 200 1721 "-" "Mozilla/5.0 (iPhone; CPU iPhone OS 9_1 like Mac OS X) AppleWebKit/601.1.46 (KHTML, like Gecko) Version/9.0 Mobile/13B143 Safari/601.1 (compatible; AdsBot-Google-Mobile; +http://www.google.com/mobile/adsbot.html)"
66.249.92.136 - - [23/Jul/2017:02:30:28 +0200] "GET /javascript/jquery.simplemodal.js HTTP/1.1" 200 3070 "-" "Mozilla/5.0 (iPhone; CPU iPhone OS 9_1 like Mac OS X) AppleWebKit/601.1.46 (KHTML, like Gecko) Version/9.0 Mobile/13B143 Safari/601.1 (compatible; AdsBot-Google-Mobile; +http://www.google.com/mobile/adsbot.html)"
66.249.92.136 - - [23/Jul/2017:02:30:29 +0200] "GET /img/smallicon-person.png HTTP/1.1" 200 1141 "-" "Mozilla/5.0 (iPhone; CPU iPhone OS 9_1 like Mac OS X) AppleWebKit/601.1.46 (KHTML, like Gecko) Version/9.0 Mobile/13B143 Safari/601.1 (compatible; AdsBot-Google-Mobile; +http://www.google.com/mobile/adsbot.html)"
66.249.66.72 - - [23/Jul/2017:02:30:42 +0200] "GET /tulln HTTP/1.1" 200 3599 "-" "Mozilla/5.0 (compatible; Googlebot/2.1; +http://www.google.com/bot.html)"
207.46.13.111 - - [23/Jul/2017:02:31:37 +0200] "GET /kapfenberg.pankl HTTP/1.1" 200 2994 "-" "Mozilla/5.0 (iPhone; CPU iPhone OS 7_0 like Mac OS X) AppleWebKit/537.51.1 (KHTML, like Gecko) Version/7.0 Mobile/11A465 Safari/9537.53 (compatible; bingbot/2.0; +http://www.bing.com/bingbot.htm)"
54.159.180.69 - - [23/Jul/2017:02:32:45 +0200] "GET / HTTP/1.1" 301 295 "-" "Mozilla/5.0 (Macintosh; Intel Mac OS X 10_12_5) AppleWebKit/537.36 (KHTML, like Gecko) Chrome/58.0.3029.110 Safari/537.36"
54.159.180.69 - - [23/Jul/2017:02:32:45 +0200] "GET / HTTP/1.1" 200 4406 "-" "Mozilla/5.0 (Macintosh; Intel Mac OS X 10_12_5) AppleWebKit/537.36 (KHTML, like Gecko) Chrome/58.0.3029.110 Safari/537.36"
180.76.15.8 - - [23/Jul/2017:02:33:24 +0200] "GET /hollabrunn/Links HTTP/1.1" 301 306 "-" "Mozilla/5.0 (compatible; Baiduspider/2.0; +http://www.baidu.com/search/spider.html)"
180.76.15.144 - - [23/Jul/2017:02:33:25 +0200] "GET /hollabrunn/Links HTTP/1.1" 200 3105 "-" "Mozilla/5.0 (compatible; Baiduspider/2.0; +http://www.baidu.com/search/spider.html)"
93.160.60.32 - - [23/Jul/2017:02:35:06 +0200] "GET / HTTP/1.1" 200 16344 "-" "Mozilla/4.0 (compatible; MSIE 7.0; Windows NT 5.0) Match by Siteimprove.com"
213.225.34.78 - - [23/Jul/2017:02:35:11 +0200] "GET /st.poelten HTTP/1.1" 200 2943 "http://m.facebook.com/" "Mozilla/5.0 (Linux; Android 7.0; SM-G930F Build/NRD90M; wv) AppleWebKit/537.36 (KHTML, like Gecko) Version/4.0 Chrome/59.0.3071.125 Mobile Safari/537.36 [FB_IAB/FB4A;FBAV/133.0.0.19.83;]"
68.180.230.47 - - [23/Jul/2017:02:35:31 +0200] "GET /fuehrerscheine/auto/BZ HTTP/1.1" 200 3496 "-" "Mozilla/5.0 (compatible; Yahoo! Slurp; http://help.yahoo.com/help/us/ysearch/slurp)"
66.249.66.131 - - [23/Jul/2017:02:36:20 +0200] "GET /apple-app-site-association HTTP/1.1" 400 221 "-" "Mozilla/5.0 (compatible; Googlebot/2.1; +http://www.google.com/bot.html)"
84.115.212.65 - - [23/Jul/2017:02:39:54 +0200] "GET / HTTP/1.1" 200 3563 "https://www.google.at/" "Mozilla/5.0 (iPhone; CPU iPhone OS 10_3_2 like Mac OS X) AppleWebKit/603.2.4 (KHTML, like Gecko) Version/10.0 Mobile/14F89 Safari/602.1"
84.115.212.65 - - [23/Jul/2017:02:39:55 +0200] "GET /javascript/jquery.cookie.js HTTP/1.1" 200 863 "http://www.easydrivers.at/" "Mozilla/5.0 (iPhone; CPU iPhone OS 10_3_2 like Mac OS X) AppleWebKit/603.2.4 (KHTML, like Gecko) Version/10.0 Mobile/14F89 Safari/602.1"
84.115.212.65 - - [23/Jul/2017:02:39:55 +0200] "GET /javascript/mobile-menu.js HTTP/1.1" 200 1634 "http://www.easydrivers.at/" "Mozilla/5.0 (iPhone; CPU iPhone OS 10_3_2 like Mac OS X) AppleWebKit/603.2.4 (KHTML, like Gecko) Version/10.0 Mobile/14F89 Safari/602.1"
84.115.212.65 - - [23/Jul/2017:02:39:55 +0200] "GET /css/mobile.css HTTP/1.1" 200 2852 "http://www.easydrivers.at/" "Mozilla/5.0 (iPhone; CPU iPhone OS 10_3_2 like Mac OS X) AppleWebKit/603.2.4 (KHTML, like Gecko) Version/10.0 Mobile/14F89 Safari/602.1"
84.115.212.65 - - [23/Jul/2017:02:39:55 +0200] "GET /javascript/jquery-1.9.1.min.js HTTP/1.1" 200 32731 "http://www.easydrivers.at/" "Mozilla/5.0 (iPhone; CPU iPhone OS 10_3_2 like Mac OS X) AppleWebKit/603.2.4 (KHTML, like Gecko) Version/10.0 Mobile/14F89 Safari/602.1"
84.115.212.65 - - [23/Jul/2017:02:39:55 +0200] "GET /javascript/jquery.simplemodal.js HTTP/1.1" 200 3070 "http://www.easydrivers.at/" "Mozilla/5.0 (iPhone; CPU iPhone OS 10_3_2 like Mac OS X) AppleWebKit/603.2.4 (KHTML, like Gecko) Version/10.0 Mobile/14F89 Safari/602.1"
84.115.212.65 - - [23/Jul/2017:02:39:55 +0200] "GET /javascript/lazyload.js HTTP/1.1" 200 1170 "http://www.easydrivers.at/" "Mozilla/5.0 (iPhone; CPU iPhone OS 10_3_2 like Mac OS X) AppleWebKit/603.2.4 (KHTML, like Gecko) Version/10.0 Mobile/14F89 Safari/602.1"
84.115.212.65 - - [23/Jul/2017:02:39:55 +0200] "GET /img/mobile/easydrivers-logo-mobile.png HTTP/1.1" 200 10766 "http://www.easydrivers.at/" "Mozilla/5.0 (iPhone; CPU iPhone OS 10_3_2 like Mac OS X) AppleWebKit/603.2.4 (KHTML, like Gecko) Version/10.0 Mobile/14F89 Safari/602.1"
84.115.212.65 - - [23/Jul/2017:02:39:55 +0200] "GET /javascript/mobile-homesearch.js HTTP/1.1" 200 340 "http://www.easydrivers.at/" "Mozilla/5.0 (iPhone; CPU iPhone OS 10_3_2 like Mac OS X) AppleWebKit/603.2.4 (KHTML, like Gecko) Version/10.0 Mobile/14F89 Safari/602.1"
84.115.212.65 - - [23/Jul/2017:02:39:55 +0200] "GET /img/mobile/menu-button.png HTTP/1.1" 200 1746 "http://www.easydrivers.at/" "Mozilla/5.0 (iPhone; CPU iPhone OS 10_3_2 like Mac OS X) AppleWebKit/603.2.4 (KHTML, like Gecko) Version/10.0 Mobile/14F89 Safari/602.1"
84.115.212.65 - - [23/Jul/2017:02:39:55 +0200] "GET /img/mobile/facebook-icon.png HTTP/1.1" 200 1902 "http://www.easydrivers.at/" "Mozilla/5.0 (iPhone; CPU iPhone OS 10_3_2 like Mac OS X) AppleWebKit/603.2.4 (KHTML, like Gecko) Version/10.0 Mobile/14F89 Safari/602.1"
84.115.212.65 - - [23/Jul/2017:02:39:55 +0200] "GET /img/mobile/close-button.png HTTP/1.1" 200 2411 "http://www.easydrivers.at/" "Mozilla/5.0 (iPhone; CPU iPhone OS 10_3_2 like Mac OS X) AppleWebKit/603.2.4 (KHTML, like Gecko) Version/10.0 Mobile/14F89 Safari/602.1"
84.115.212.65 - - [23/Jul/2017:02:39:55 +0200] "GET /img/mobile/widget-icon-app.png HTTP/1.1" 200 3458 "http://www.easydrivers.at/" "Mozilla/5.0 (iPhone; CPU iPhone OS 10_3_2 like Mac OS X) AppleWebKit/603.2.4 (KHTML, like Gecko) Version/10.0 Mobile/14F89 Safari/602.1"
84.115.212.65 - - [23/Jul/2017:02:39:56 +0200] "GET /img/mobile/bg-menu.jpg HTTP/1.1" 200 1698 "http://www.easydrivers.at/" "Mozilla/5.0 (iPhone; CPU iPhone OS 10_3_2 like Mac OS X) AppleWebKit/603.2.4 (KHTML, like Gecko) Version/10.0 Mobile/14F89 Safari/602.1"
84.115.212.65 - - [23/Jul/2017:02:39:56 +0200] "GET /img/mobile/bg-header.jpg HTTP/1.1" 200 19741 "http://www.easydrivers.at/" "Mozilla/5.0 (iPhone; CPU iPhone OS 10_3_2 like Mac OS X) AppleWebKit/603.2.4 (KHTML, like Gecko) Version/10.0 Mobile/14F89 Safari/602.1"
84.115.212.65 - - [23/Jul/2017:02:39:56 +0200] "GET /img/mobile/pfeil-rechts.png HTTP/1.1" 200 1228 "http://www.easydrivers.at/" "Mozilla/5.0 (iPhone; CPU iPhone OS 10_3_2 like Mac OS X) AppleWebKit/603.2.4 (KHTML, like Gecko) Version/10.0 Mobile/14F89 Safari/602.1"
84.115.212.65 - - [23/Jul/2017:02:39:56 +0200] "GET /img/mobile/bg-top-section.jpg HTTP/1.1" 200 21711 "http://www.easydrivers.at/" "Mozilla/5.0 (iPhone; CPU iPhone OS 10_3_2 like Mac OS X) AppleWebKit/603.2.4 (KHTML, like Gecko) Version/10.0 Mobile/14F89 Safari/602.1"
54.160.122.176 - - [23/Jul/2017:02:40:25 +0200] "GET / HTTP/1.1" 301 293 "-" "Mozilla/5.0 (Windows NT 10.0; WOW64) AppleWebKit/537.36 (KHTML, like Gecko) Chrome/51.0.2704.103 Safari/537.36"
54.160.122.176 - - [23/Jul/2017:02:40:26 +0200] "GET / HTTP/1.1" 200 4406 "-" "Mozilla/5.0 (Windows NT 10.0; WOW64) AppleWebKit/537.36 (KHTML, like Gecko) Chrome/51.0.2704.103 Safari/537.36"
84.115.212.65 - - [23/Jul/2017:02:40:30 +0200] "POST /suche HTTP/1.1" 200 3662 "http://www.easydrivers.at/" "Mozilla/5.0 (iPhone; CPU iPhone OS 10_3_2 like Mac OS X) AppleWebKit/603.2.4 (KHTML, like Gecko) Version/10.0 Mobile/14F89 Safari/602.1"
84.115.212.65 - - [23/Jul/2017:02:40:33 +0200] "GET /img/mobile/googlemaps-pin.png HTTP/1.1" 200 1597 "http://www.easydrivers.at/suche" "Mozilla/5.0 (iPhone; CPU iPhone OS 10_3_2 like Mac OS X) AppleWebKit/603.2.4 (KHTML, like Gecko) Version/10.0 Mobile/14F89 Safari/602.1"
84.115.212.65 - - [23/Jul/2017:02:40:33 +0200] "GET /javascript/mobile-kurs-suchergebnis.js HTTP/1.1" 200 382 "http://www.easydrivers.at/suche" "Mozilla/5.0 (iPhone; CPU iPhone OS 10_3_2 like Mac OS X) AppleWebKit/603.2.4 (KHTML, like Gecko) Version/10.0 Mobile/14F89 Safari/602.1"
84.115.212.65 - - [23/Jul/2017:02:40:33 +0200] "GET /img/mobile/smallicon-address.png HTTP/1.1" 200 1424 "http://www.easydrivers.at/suche" "Mozilla/5.0 (iPhone; CPU iPhone OS 10_3_2 like Mac OS X) AppleWebKit/603.2.4 (KHTML, like Gecko) Version/10.0 Mobile/14F89 Safari/602.1"
84.115.212.65 - - [23/Jul/2017:02:40:33 +0200] "GET /img/mobile/smallicon-time.png HTTP/1.1" 200 1328 "http://www.easydrivers.at/suche" "Mozilla/5.0 (iPhone; CPU iPhone OS 10_3_2 like Mac OS X) AppleWebKit/603.2.4 (KHTML, like Gecko) Version/10.0 Mobile/14F89 Safari/602.1"
84.115.212.65 - - [23/Jul/2017:02:40:33 +0200] "GET /img/mobile/smallicon-phone.png HTTP/1.1" 200 1311 "http://www.easydrivers.at/suche" "Mozilla/5.0 (iPhone; CPU iPhone OS 10_3_2 like Mac OS X) AppleWebKit/603.2.4 (KHTML, like Gecko) Version/10.0 Mobile/14F89 Safari/602.1"
84.115.212.65 - - [23/Jul/2017:02:40:33 +0200] "GET /img/mobile/smallicon-mail.png HTTP/1.1" 200 1335 "http://www.easydrivers.at/suche" "Mozilla/5.0 (iPhone; CPU iPhone OS 10_3_2 like Mac OS X) AppleWebKit/603.2.4 (KHTML, like Gecko) Version/10.0 Mobile/14F89 Safari/602.1"
84.115.212.65 - - [23/Jul/2017:02:40:33 +0200] "GET /img/mobile/pfeil-links-small.png HTTP/1.1" 200 1065 "http://www.easydrivers.at/suche" "Mozilla/5.0 (iPhone; CPU iPhone OS 10_3_2 like Mac OS X) AppleWebKit/603.2.4 (KHTML, like Gecko) Version/10.0 Mobile/14F89 Safari/602.1"
84.115.212.65 - - [23/Jul/2017:02:40:33 +0200] "GET /img/mobile/bg-yellow.jpg HTTP/1.1" 200 1569 "http://www.easydrivers.at/suche" "Mozilla/5.0 (iPhone; CPU iPhone OS 10_3_2 like Mac OS X) AppleWebKit/603.2.4 (KHTML, like Gecko) Version/10.0 Mobile/14F89 Safari/602.1"
84.115.212.65 - - [23/Jul/2017:02:40:33 +0200] "GET /img/mobile/weiter-button.png HTTP/1.1" 200 1670 "http://www.easydrivers.at/suche" "Mozilla/5.0 (iPhone; CPU iPhone OS 10_3_2 like Mac OS X) AppleWebKit/603.2.4 (KHTML, like Gecko) Version/10.0 Mobile/14F89 Safari/602.1"
216.244.66.249 - - [23/Jul/2017:02:40:44 +0200] "GET /krumbach/10282548 HTTP/1.1" 200 9426 "-" "Mozilla/5.0 (compatible; DotBot/1.1; http://www.opensiteexplorer.org/dotbot, help@moz.com)"
84.115.212.65 - - [23/Jul/2017:02:40:52 +0200] "GET /img/loading-bars.gif HTTP/1.1" 200 3951 "http://www.easydrivers.at/suche" "Mozilla/5.0 (iPhone; CPU iPhone OS 10_3_2 like Mac OS X) AppleWebKit/603.2.4 (KHTML, like Gecko) Version/10.0 Mobile/14F89 Safari/602.1"
84.115.212.65 - - [23/Jul/2017:02:40:52 +0200] "POST /loadkursliste HTTP/1.1" 200 505 "http://www.easydrivers.at/suche" "Mozilla/5.0 (iPhone; CPU iPhone OS 10_3_2 like Mac OS X) AppleWebKit/603.2.4 (KHTML, like Gecko) Version/10.0 Mobile/14F89 Safari/602.1"
66.249.66.81 - - [23/Jul/2017:02:41:57 +0200] "GET /download.php?id=10266203 HTTP/1.1" 200 224863 "-" "Mozilla/5.0 (compatible; Googlebot/2.1; +http://www.google.com/bot.html)"
66.249.66.72 - - [23/Jul/2017:02:43:05 +0200] "GET /binaries/easy-drivers-portal/traktor6jpg.jpg HTTP/1.1" 304 - "-" "Googlebot-Image/1.0"
216.244.66.202 - - [23/Jul/2017:02:43:04 +0200] "GET /kitzbuehel HTTP/1.1" 404 8373 "-" "Mozilla/5.0 (compatible; DotBot/1.1; http://www.opensiteexplorer.org/dotbot, help@moz.com)"
84.115.212.65 - - [23/Jul/2017:02:44:19 +0200] "GET / HTTP/1.1" 200 3563 "https://www.google.at/" "Mozilla/5.0 (iPhone; CPU iPhone OS 10_3_2 like Mac OS X) AppleWebKit/603.2.4 (KHTML, like Gecko) Version/10.0 Mobile/14F89 Safari/602.1"
88.99.144.66 - - [23/Jul/2017:02:46:10 +0200] "GET / HTTP/1.1" 301 382 "-" "Mozilla/5.0 (Windows; U; Windows NT 5.1; ru; rv:1.9.0.1) Gecko/2008070208"
88.99.144.66 - - [23/Jul/2017:02:46:10 +0200] "GET / HTTP/1.1" 200 15953 "-" "Mozilla/5.0 (Windows; U; Windows NT 5.1; ru; rv:1.9.0.1) Gecko/2008070208"
216.244.66.202 - - [23/Jul/2017:02:47:15 +0200] "GET /steyr/downloads HTTP/1.1" 200 10971 "-" "Mozilla/5.0 (compatible; DotBot/1.1; http://www.opensiteexplorer.org/dotbot, help@moz.com)"
216.244.66.249 - - [23/Jul/2017:02:47:33 +0200] "GET /fahrschule-fuehrerschein-portal/fahrschulen/fahrschulen-steiermark.php?navanchor= HTTP/1.1" 301 163 "-" "Mozilla/5.0 (compatible; DotBot/1.1; http://www.opensiteexplorer.org/dotbot, help@moz.com)"
157.55.39.56 - - [23/Jul/2017:02:47:36 +0200] "GET /fuehrerscheine/lkw/CCE HTTP/1.1" 200 4161 "-" "Mozilla/5.0 (compatible; bingbot/2.0; +http://www.bing.com/bingbot.htm)"
66.249.66.72 - - [23/Jul/2017:02:47:35 +0200] "GET /leonding HTTP/1.1" 200 3479 "-" "Mozilla/5.0 (compatible; Googlebot/2.1; +http://www.google.com/bot.html)"
216.244.66.249 - - [23/Jul/2017:02:47:37 +0200] "GET /fahrschule-fuehrerschein-portal/fahrschulen/fahrschulen-vorarlberg.php?navanchor= HTTP/1.1" 301 163 "-" "Mozilla/5.0 (compatible; DotBot/1.1; http://www.opensiteexplorer.org/dotbot, help@moz.com)"
216.244.66.249 - - [23/Jul/2017:02:47:36 +0200] "GET /brigittenau/10242595 HTTP/1.1" 410 11055 "-" "Mozilla/5.0 (compatible; DotBot/1.1; http://www.opensiteexplorer.org/dotbot, help@moz.com)"
195.230.178.226 - - [23/Jul/2017:02:50:20 +0200] "GET / HTTP/1.1" 200 3563 "-" "Mozilla/5.0 (Linux; Android 7.0; SAMSUNG SM-G955F Build/NRD90M) AppleWebKit/537.36 (KHTML, like Gecko) SamsungBrowser/5.4 Chrome/51.0.2704.106 Mobile Safari/537.36"
195.230.178.226 - - [23/Jul/2017:02:50:23 +0200] "GET /img/favicon.ico HTTP/1.1" 404 300 "http://www.easydrivers.at/" "Mozilla/5.0 (Linux; Android 7.0; SAMSUNG SM-G955F Build/NRD90M) AppleWebKit/537.36 (KHTML, like Gecko) SamsungBrowser/5.4 Chrome/51.0.2704.106 Mobile Safari/537.36"
188.138.41.206 - - [23/Jul/2017:02:51:38 +0200] "GET /klagenfurt HTTP/1.1" 200 3666 "-" "Mozilla/5.0 (X11; U; Linux Core i7-4980HQ; de; rv:32.0; compatible; JobboerseBot; http://www.jobboerse.com/bot.htm) Gecko/20100101 Firefox/38.0"
188.138.41.206 - - [23/Jul/2017:02:51:40 +0200] "GET /javascript/jquery.customSelect.min.js HTTP/1.1" 200 912 "http://www.easydrivers.at/klagenfurt" "Mozilla/5.0 (X11; U; Linux Core i7-4980HQ; de; rv:32.0; compatible; JobboerseBot; http://www.jobboerse.com/bot.htm) Gecko/20100101 Firefox/38.0"
188.138.41.206 - - [23/Jul/2017:02:51:40 +0200] "GET /javascript/jquery.simplemodal.js HTTP/1.1" 200 3070 "http://www.easydrivers.at/klagenfurt" "Mozilla/5.0 (X11; U; Linux Core i7-4980HQ; de; rv:32.0; compatible; JobboerseBot; http://www.jobboerse.com/bot.htm) Gecko/20100101 Firefox/38.0"
188.138.41.206 - - [23/Jul/2017:02:51:40 +0200] "GET /javascript/jquery.cookie.js HTTP/1.1" 200 863 "http://www.easydrivers.at/klagenfurt" "Mozilla/5.0 (X11; U; Linux Core i7-4980HQ; de; rv:32.0; compatible; JobboerseBot; http://www.jobboerse.com/bot.htm) Gecko/20100101 Firefox/38.0"
188.138.41.206 - - [23/Jul/2017:02:51:40 +0200] "GET /javascript/portal.js?1221842734 HTTP/1.1" 200 3529 "http://www.easydrivers.at/klagenfurt" "Mozilla/5.0 (X11; U; Linux Core i7-4980HQ; de; rv:32.0; compatible; JobboerseBot; http://www.jobboerse.com/bot.htm) Gecko/20100101 Firefox/38.0"
188.138.41.206 - - [23/Jul/2017:02:51:41 +0200] "GET /javascript/fahrschule.js HTTP/1.1" 200 462 "http://www.easydrivers.at/klagenfurt" "Mozilla/5.0 (X11; U; Linux Core i7-4980HQ; de; rv:32.0; compatible; JobboerseBot; http://www.jobboerse.com/bot.htm) Gecko/20100101 Firefox/38.0"
199.58.86.206 - - [23/Jul/2017:02:51:41 +0200] "GET /robots.txt HTTP/1.1" 200 178 "-" "Mozilla/5.0 (compatible; MJ12bot/v1.4.8; http://mj12bot.com/)"
188.138.41.206 - - [23/Jul/2017:02:51:42 +0200] "GET /css/style.css HTTP/1.1" 200 5004 "http://www.easydrivers.at/klagenfurt" "Mozilla/5.0 (X11; U; Linux Core i7-4980HQ; de; rv:32.0; compatible; JobboerseBot; http://www.jobboerse.com/bot.htm) Gecko/20100101 Firefox/38.0"
188.138.41.206 - - [23/Jul/2017:02:51:44 +0200] "GET /css/print.css HTTP/1.1" 200 967 "http://www.easydrivers.at/klagenfurt" "Mozilla/5.0 (X11; U; Linux Core i7-4980HQ; de; rv:32.0; compatible; JobboerseBot; http://www.jobboerse.com/bot.htm) Gecko/20100101 Firefox/38.0"
199.58.86.206 - - [23/Jul/2017:02:51:44 +0200] "GET / HTTP/1.1" 200 15953 "-" "Mozilla/5.0 (compatible; MJ12bot/v1.4.8; http://mj12bot.com/)"
188.138.41.206 - - [23/Jul/2017:02:51:47 +0200] "GET /javascript/lazyload.js HTTP/1.1" 200 1170 "http://www.easydrivers.at/klagenfurt" "Mozilla/5.0 (X11; U; Linux Core i7-4980HQ; de; rv:32.0; compatible; JobboerseBot; http://www.jobboerse.com/bot.htm) Gecko/20100101 Firefox/38.0"
188.138.41.206 - - [23/Jul/2017:02:51:57 +0200] "GET /klagenfurt/Inhaberdaten HTTP/1.1" 200 3719 "-" "Mozilla/5.0 (X11; U; Linux Core i7-4980HQ; de; rv:32.0; compatible; JobboerseBot; http://www.jobboerse.com/bot.htm) Gecko/20100101 Firefox/38.0"
188.138.41.206 - - [23/Jul/2017:02:51:59 +0200] "GET /javascript/jquery.customSelect.min.js HTTP/1.1" 200 912 "http://www.easydrivers.at/klagenfurt/Inhaberdaten" "Mozilla/5.0 (X11; U; Linux Core i7-4980HQ; de; rv:32.0; compatible; JobboerseBot; http://www.jobboerse.com/bot.htm) Gecko/20100101 Firefox/38.0"
188.138.41.206 - - [23/Jul/2017:02:52:00 +0200] "GET /javascript/jquery.simplemodal.js HTTP/1.1" 200 3070 "http://www.easydrivers.at/klagenfurt/Inhaberdaten" "Mozilla/5.0 (X11; U; Linux Core i7-4980HQ; de; rv:32.0; compatible; JobboerseBot; http://www.jobboerse.com/bot.htm) Gecko/20100101 Firefox/38.0"
188.138.41.206 - - [23/Jul/2017:02:52:00 +0200] "GET /javascript/jquery.cookie.js HTTP/1.1" 200 863 "http://www.easydrivers.at/klagenfurt/Inhaberdaten" "Mozilla/5.0 (X11; U; Linux Core i7-4980HQ; de; rv:32.0; compatible; JobboerseBot; http://www.jobboerse.com/bot.htm) Gecko/20100101 Firefox/38.0"
188.138.41.206 - - [23/Jul/2017:02:52:00 +0200] "GET /javascript/portal.js?1221842734 HTTP/1.1" 200 3529 "http://www.easydrivers.at/klagenfurt/Inhaberdaten" "Mozilla/5.0 (X11; U; Linux Core i7-4980HQ; de; rv:32.0; compatible; JobboerseBot; http://www.jobboerse.com/bot.htm) Gecko/20100101 Firefox/38.0"
188.138.41.206 - - [23/Jul/2017:02:52:00 +0200] "GET /javascript/fahrschule.js HTTP/1.1" 200 462 "http://www.easydrivers.at/klagenfurt/Inhaberdaten" "Mozilla/5.0 (X11; U; Linux Core i7-4980HQ; de; rv:32.0; compatible; JobboerseBot; http://www.jobboerse.com/bot.htm) Gecko/20100101 Firefox/38.0"
188.138.41.206 - - [23/Jul/2017:02:52:01 +0200] "GET /css/style.css HTTP/1.1" 200 5004 "http://www.easydrivers.at/klagenfurt/Inhaberdaten" "Mozilla/5.0 (X11; U; Linux Core i7-4980HQ; de; rv:32.0; compatible; JobboerseBot; http://www.jobboerse.com/bot.htm) Gecko/20100101 Firefox/38.0"
188.138.41.206 - - [23/Jul/2017:02:52:02 +0200] "GET /css/print.css HTTP/1.1" 200 967 "http://www.easydrivers.at/klagenfurt/Inhaberdaten" "Mozilla/5.0 (X11; U; Linux Core i7-4980HQ; de; rv:32.0; compatible; JobboerseBot; http://www.jobboerse.com/bot.htm) Gecko/20100101 Firefox/38.0"
188.138.41.206 - - [23/Jul/2017:02:52:03 +0200] "GET /javascript/lazyload.js HTTP/1.1" 200 1170 "http://www.easydrivers.at/klagenfurt/Inhaberdaten" "Mozilla/5.0 (X11; U; Linux Core i7-4980HQ; de; rv:32.0; compatible; JobboerseBot; http://www.jobboerse.com/bot.htm) Gecko/20100101 Firefox/38.0"
188.138.41.206 - - [23/Jul/2017:02:52:27 +0200] "GET /binaries/easy-drivers-edelweiss-klagenfurt/agb-easy-drivers-edelweiss-klagenfurt.pdf HTTP/1.1" 200 91463 "-" "Mozilla/5.0 (X11; U; Linux Core i7-4980HQ; de; rv:32.0; compatible; JobboerseBot; http://www.jobboerse.com/bot.htm) Gecko/20100101 Firefox/38.0"
188.138.41.206 - - [23/Jul/2017:02:52:35 +0200] "GET /klagenfurt/10266476 HTTP/1.1" 200 3029 "-" "Mozilla/5.0 (X11; U; Linux Core i7-4980HQ; de; rv:32.0; compatible; JobboerseBot; http://www.jobboerse.com/bot.htm) Gecko/20100101 Firefox/38.0"
188.138.41.206 - - [23/Jul/2017:02:52:38 +0200] "GET /javascript/jquery.customSelect.min.js HTTP/1.1" 200 912 "http://www.easydrivers.at/klagenfurt/10266476" "Mozilla/5.0 (X11; U; Linux Core i7-4980HQ; de; rv:32.0; compatible; JobboerseBot; http://www.jobboerse.com/bot.htm) Gecko/20100101 Firefox/38.0"
188.138.41.206 - - [23/Jul/2017:02:52:38 +0200] "GET /javascript/jquery.simplemodal.js HTTP/1.1" 200 3070 "http://www.easydrivers.at/klagenfurt/10266476" "Mozilla/5.0 (X11; U; Linux Core i7-4980HQ; de; rv:32.0; compatible; JobboerseBot; http://www.jobboerse.com/bot.htm) Gecko/20100101 Firefox/38.0"
188.138.41.206 - - [23/Jul/2017:02:52:38 +0200] "GET /javascript/jquery.cookie.js HTTP/1.1" 200 863 "http://www.easydrivers.at/klagenfurt/10266476" "Mozilla/5.0 (X11; U; Linux Core i7-4980HQ; de; rv:32.0; compatible; JobboerseBot; http://www.jobboerse.com/bot.htm) Gecko/20100101 Firefox/38.0"
188.138.41.206 - - [23/Jul/2017:02:52:38 +0200] "GET /javascript/portal.js?1221842734 HTTP/1.1" 200 3529 "http://www.easydrivers.at/klagenfurt/10266476" "Mozilla/5.0 (X11; U; Linux Core i7-4980HQ; de; rv:32.0; compatible; JobboerseBot; http://www.jobboerse.com/bot.htm) Gecko/20100101 Firefox/38.0"
188.138.41.206 - - [23/Jul/2017:02:52:39 +0200] "GET /javascript/fahrschule.js HTTP/1.1" 200 462 "http://www.easydrivers.at/klagenfurt/10266476" "Mozilla/5.0 (X11; U; Linux Core i7-4980HQ; de; rv:32.0; compatible; JobboerseBot; http://www.jobboerse.com/bot.htm) Gecko/20100101 Firefox/38.0"
216.244.66.202 - - [23/Jul/2017:02:52:38 +0200] "GET /skarabela.gross-enzersdorf/Bilder_Galerie/ HTTP/1.1" 200 15995 "-" "Mozilla/5.0 (compatible; DotBot/1.1; http://www.opensiteexplorer.org/dotbot, help@moz.com)"
188.138.41.206 - - [23/Jul/2017:02:52:41 +0200] "GET /css/style.css HTTP/1.1" 200 5004 "http://www.easydrivers.at/klagenfurt/10266476" "Mozilla/5.0 (X11; U; Linux Core i7-4980HQ; de; rv:32.0; compatible; JobboerseBot; http://www.jobboerse.com/bot.htm) Gecko/20100101 Firefox/38.0"
188.138.41.206 - - [23/Jul/2017:02:52:42 +0200] "GET /css/print.css HTTP/1.1" 200 967 "http://www.easydrivers.at/klagenfurt/10266476" "Mozilla/5.0 (X11; U; Linux Core i7-4980HQ; de; rv:32.0; compatible; JobboerseBot; http://www.jobboerse.com/bot.htm) Gecko/20100101 Firefox/38.0"
188.138.41.206 - - [23/Jul/2017:02:52:44 +0200] "GET /javascript/lazyload.js HTTP/1.1" 200 1170 "http://www.easydrivers.at/klagenfurt/10266476" "Mozilla/5.0 (X11; U; Linux Core i7-4980HQ; de; rv:32.0; compatible; JobboerseBot; http://www.jobboerse.com/bot.htm) Gecko/20100101 Firefox/38.0"
216.244.66.202 - - [23/Jul/2017:02:52:43 +0200] "GET /schwechat/10247150?FS=BF HTTP/1.1" 410 11089 "-" "Mozilla/5.0 (compatible; DotBot/1.1; http://www.opensiteexplorer.org/dotbot, help@moz.com)"
216.244.66.202 - - [23/Jul/2017:02:52:45 +0200] "GET /schwechat/10229968?FS=AM HTTP/1.1" 410 11089 "-" "Mozilla/5.0 (compatible; DotBot/1.1; http://www.opensiteexplorer.org/dotbot, help@moz.com)"
188.138.41.206 - - [23/Jul/2017:02:52:53 +0200] "GET /klagenfurt/10248829 HTTP/1.1" 200 3055 "-" "Mozilla/5.0 (X11; U; Linux Core i7-4980HQ; de; rv:32.0; compatible; JobboerseBot; http://www.jobboerse.com/bot.htm) Gecko/20100101 Firefox/38.0"
188.138.41.206 - - [23/Jul/2017:02:52:56 +0200] "GET /javascript/jquery.customSelect.min.js HTTP/1.1" 200 912 "http://www.easydrivers.at/klagenfurt/10248829" "Mozilla/5.0 (X11; U; Linux Core i7-4980HQ; de; rv:32.0; compatible; JobboerseBot; http://www.jobboerse.com/bot.htm) Gecko/20100101 Firefox/38.0"
188.138.41.206 - - [23/Jul/2017:02:52:56 +0200] "GET /javascript/jquery.simplemodal.js HTTP/1.1" 200 3070 "http://www.easydrivers.at/klagenfurt/10248829" "Mozilla/5.0 (X11; U; Linux Core i7-4980HQ; de; rv:32.0; compatible; JobboerseBot; http://www.jobboerse.com/bot.htm) Gecko/20100101 Firefox/38.0"
188.138.41.206 - - [23/Jul/2017:02:52:56 +0200] "GET /javascript/jquery.cookie.js HTTP/1.1" 200 863 "http://www.easydrivers.at/klagenfurt/10248829" "Mozilla/5.0 (X11; U; Linux Core i7-4980HQ; de; rv:32.0; compatible; JobboerseBot; http://www.jobboerse.com/bot.htm) Gecko/20100101 Firefox/38.0"
188.138.41.206 - - [23/Jul/2017:02:52:56 +0200] "GET /javascript/portal.js?1221842734 HTTP/1.1" 200 3529 "http://www.easydrivers.at/klagenfurt/10248829" "Mozilla/5.0 (X11; U; Linux Core i7-4980HQ; de; rv:32.0; compatible; JobboerseBot; http://www.jobboerse.com/bot.htm) Gecko/20100101 Firefox/38.0"
216.244.66.202 - - [23/Jul/2017:02:52:54 +0200] "GET /scheibbs/10249668?FS=A1F HTTP/1.1" 410 10934 "-" "Mozilla/5.0 (compatible; DotBot/1.1; http://www.opensiteexplorer.org/dotbot, help@moz.com)"
188.138.41.206 - - [23/Jul/2017:02:52:57 +0200] "GET /javascript/fahrschule.js HTTP/1.1" 200 462 "http://www.easydrivers.at/klagenfurt/10248829" "Mozilla/5.0 (X11; U; Linux Core i7-4980HQ; de; rv:32.0; compatible; JobboerseBot; http://www.jobboerse.com/bot.htm) Gecko/20100101 Firefox/38.0"
188.138.41.206 - - [23/Jul/2017:02:52:59 +0200] "GET /css/style.css HTTP/1.1" 200 5004 "http://www.easydrivers.at/klagenfurt/10248829" "Mozilla/5.0 (X11; U; Linux Core i7-4980HQ; de; rv:32.0; compatible; JobboerseBot; http://www.jobboerse.com/bot.htm) Gecko/20100101 Firefox/38.0"
188.138.41.206 - - [23/Jul/2017:02:53:01 +0200] "GET /css/print.css HTTP/1.1" 200 967 "http://www.easydrivers.at/klagenfurt/10248829" "Mozilla/5.0 (X11; U; Linux Core i7-4980HQ; de; rv:32.0; compatible; JobboerseBot; http://www.jobboerse.com/bot.htm) Gecko/20100101 Firefox/38.0"
188.138.41.206 - - [23/Jul/2017:02:53:02 +0200] "GET /javascript/lazyload.js HTTP/1.1" 200 1170 "http://www.easydrivers.at/klagenfurt/10248829" "Mozilla/5.0 (X11; U; Linux Core i7-4980HQ; de; rv:32.0; compatible; JobboerseBot; http://www.jobboerse.com/bot.htm) Gecko/20100101 Firefox/38.0"
216.244.66.202 - - [23/Jul/2017:02:53:03 +0200] "GET /radfahrschule/10288646 HTTP/1.1" 200 59831 "-" "Mozilla/5.0 (compatible; DotBot/1.1; http://www.opensiteexplorer.org/dotbot, help@moz.com)"
66.249.66.72 - - [23/Jul/2017:02:53:12 +0200] "GET / HTTP/1.1" 200 3563 "-" "Mozilla/5.0 (Linux; Android 6.0.1; Nexus 5X Build/MMB29P) AppleWebKit/537.36 (KHTML, like Gecko) Chrome/41.0.2272.96 Mobile Safari/537.36 (compatible; Googlebot/2.1; +http://www.google.com/bot.html)"
216.244.66.202 - - [23/Jul/2017:02:53:14 +0200] "GET /linz/10250955?FS=AM-M1 HTTP/1.1" 410 11033 "-" "Mozilla/5.0 (compatible; DotBot/1.1; http://www.opensiteexplorer.org/dotbot, help@moz.com)"
188.138.41.206 - - [23/Jul/2017:02:53:20 +0200] "GET /klagenfurt/10248817 HTTP/1.1" 200 2891 "-" "Mozilla/5.0 (X11; U; Linux Core i7-4980HQ; de; rv:32.0; compatible; JobboerseBot; http://www.jobboerse.com/bot.htm) Gecko/20100101 Firefox/38.0"
188.138.41.206 - - [23/Jul/2017:02:53:23 +0200] "GET /javascript/jquery.customSelect.min.js HTTP/1.1" 200 912 "http://www.easydrivers.at/klagenfurt/10248817" "Mozilla/5.0 (X11; U; Linux Core i7-4980HQ; de; rv:32.0; compatible; JobboerseBot; http://www.jobboerse.com/bot.htm) Gecko/20100101 Firefox/38.0"
188.138.41.206 - - [23/Jul/2017:02:53:23 +0200] "GET /javascript/jquery.simplemodal.js HTTP/1.1" 200 3070 "http://www.easydrivers.at/klagenfurt/10248817" "Mozilla/5.0 (X11; U; Linux Core i7-4980HQ; de; rv:32.0; compatible; JobboerseBot; http://www.jobboerse.com/bot.htm) Gecko/20100101 Firefox/38.0"
188.138.41.206 - - [23/Jul/2017:02:53:23 +0200] "GET /javascript/jquery.cookie.js HTTP/1.1" 200 863 "http://www.easydrivers.at/klagenfurt/10248817" "Mozilla/5.0 (X11; U; Linux Core i7-4980HQ; de; rv:32.0; compatible; JobboerseBot; http://www.jobboerse.com/bot.htm) Gecko/20100101 Firefox/38.0"
188.138.41.206 - - [23/Jul/2017:02:53:23 +0200] "GET /javascript/portal.js?1221842734 HTTP/1.1" 200 3529 "http://www.easydrivers.at/klagenfurt/10248817" "Mozilla/5.0 (X11; U; Linux Core i7-4980HQ; de; rv:32.0; compatible; JobboerseBot; http://www.jobboerse.com/bot.htm) Gecko/20100101 Firefox/38.0"
188.138.41.206 - - [23/Jul/2017:02:53:23 +0200] "GET /javascript/fahrschule.js HTTP/1.1" 200 462 "http://www.easydrivers.at/klagenfurt/10248817" "Mozilla/5.0 (X11; U; Linux Core i7-4980HQ; de; rv:32.0; compatible; JobboerseBot; http://www.jobboerse.com/bot.htm) Gecko/20100101 Firefox/38.0"
188.138.41.206 - - [23/Jul/2017:02:53:24 +0200] "GET /css/style.css HTTP/1.1" 200 5004 "http://www.easydrivers.at/klagenfurt/10248817" "Mozilla/5.0 (X11; U; Linux Core i7-4980HQ; de; rv:32.0; compatible; JobboerseBot; http://www.jobboerse.com/bot.htm) Gecko/20100101 Firefox/38.0"
188.138.41.206 - - [23/Jul/2017:02:53:25 +0200] "GET /css/print.css HTTP/1.1" 200 967 "http://www.easydrivers.at/klagenfurt/10248817" "Mozilla/5.0 (X11; U; Linux Core i7-4980HQ; de; rv:32.0; compatible; JobboerseBot; http://www.jobboerse.com/bot.htm) Gecko/20100101 Firefox/38.0"
216.244.66.202 - - [23/Jul/2017:02:53:23 +0200] "GET /leonding/10249913?FS=A HTTP/1.1" 410 11020 "-" "Mozilla/5.0 (compatible; DotBot/1.1; http://www.opensiteexplorer.org/dotbot, help@moz.com)"
188.138.41.206 - - [23/Jul/2017:02:53:28 +0200] "GET /javascript/lazyload.js HTTP/1.1" 200 1170 "http://www.easydrivers.at/klagenfurt/10248817" "Mozilla/5.0 (X11; U; Linux Core i7-4980HQ; de; rv:32.0; compatible; JobboerseBot; http://www.jobboerse.com/bot.htm) Gecko/20100101 Firefox/38.0"
216.244.66.202 - - [23/Jul/2017:02:53:32 +0200] "GET /kapfenberg.pankl/10241935?FS=B-L HTTP/1.1" 410 11176 "-" "Mozilla/5.0 (compatible; DotBot/1.1; http://www.opensiteexplorer.org/dotbot, help@moz.com)"
131.253.25.70 - - [23/Jul/2017:02:53:33 +0200] "GET /innsbruck HTTP/1.1" 200 3671 "-" "Mozilla/5.0 (compatible; MSIE 9.0; Windows NT 6.1; Trident/5.0; Trident/5.0)"
188.138.41.206 - - [23/Jul/2017:02:53:33 +0200] "GET /klagenfurt/10248801 HTTP/1.1" 200 2997 "-" "Mozilla/5.0 (X11; U; Linux Core i7-4980HQ; de; rv:32.0; compatible; JobboerseBot; http://www.jobboerse.com/bot.htm) Gecko/20100101 Firefox/38.0"
188.138.41.206 - - [23/Jul/2017:02:53:37 +0200] "GET /javascript/jquery.customSelect.min.js HTTP/1.1" 200 912 "http://www.easydrivers.at/klagenfurt/10248801" "Mozilla/5.0 (X11; U; Linux Core i7-4980HQ; de; rv:32.0; compatible; JobboerseBot; http://www.jobboerse.com/bot.htm) Gecko/20100101 Firefox/38.0"
188.138.41.206 - - [23/Jul/2017:02:53:37 +0200] "GET /javascript/jquery.simplemodal.js HTTP/1.1" 200 3070 "http://www.easydrivers.at/klagenfurt/10248801" "Mozilla/5.0 (X11; U; Linux Core i7-4980HQ; de; rv:32.0; compatible; JobboerseBot; http://www.jobboerse.com/bot.htm) Gecko/20100101 Firefox/38.0"
188.138.41.206 - - [23/Jul/2017:02:53:37 +0200] "GET /javascript/jquery.cookie.js HTTP/1.1" 200 863 "http://www.easydrivers.at/klagenfurt/10248801" "Mozilla/5.0 (X11; U; Linux Core i7-4980HQ; de; rv:32.0; compatible; JobboerseBot; http://www.jobboerse.com/bot.htm) Gecko/20100101 Firefox/38.0"
131.253.25.86 - - [23/Jul/2017:02:53:37 +0200] "GET /css/print.css HTTP/1.1" 200 967 "http://www.easydrivers.at/innsbruck" "Mozilla/5.0 (compatible; MSIE 9.0; Windows NT 6.1; Trident/5.0; Trident/5.0)"
131.253.25.73 - - [23/Jul/2017:02:53:37 +0200] "GET /css/style.css HTTP/1.1" 200 5004 "http://www.easydrivers.at/innsbruck" "Mozilla/5.0 (compatible; MSIE 9.0; Windows NT 6.1; Trident/5.0; Trident/5.0)"
131.253.25.92 - - [23/Jul/2017:02:53:37 +0200] "GET /javascript/jquery.customSelect.min.js HTTP/1.1" 200 912 "http://www.easydrivers.at/innsbruck" "Mozilla/5.0 (compatible; MSIE 9.0; Windows NT 6.1; Trident/5.0; Trident/5.0)"
131.253.25.92 - - [23/Jul/2017:02:53:37 +0200] "GET /javascript/jquery.simplemodal.js HTTP/1.1" 200 3070 "http://www.easydrivers.at/innsbruck" "Mozilla/5.0 (compatible; MSIE 9.0; Windows NT 6.1; Trident/5.0; Trident/5.0)"
131.253.25.74 - - [23/Jul/2017:02:53:37 +0200] "GET /javascript/jquery.cookie.js HTTP/1.1" 200 863 "http://www.easydrivers.at/innsbruck" "Mozilla/5.0 (compatible; MSIE 9.0; Windows NT 6.1; Trident/5.0; Trident/5.0)"
131.253.25.94 - - [23/Jul/2017:02:53:37 +0200] "GET /javascript/portal.js?1221842734 HTTP/1.1" 200 3529 "http://www.easydrivers.at/innsbruck" "Mozilla/5.0 (compatible; MSIE 9.0; Windows NT 6.1; Trident/5.0; Trident/5.0)"
188.138.41.206 - - [23/Jul/2017:02:53:38 +0200] "GET /javascript/portal.js?1221842734 HTTP/1.1" 200 3529 "http://www.easydrivers.at/klagenfurt/10248801" "Mozilla/5.0 (X11; U; Linux Core i7-4980HQ; de; rv:32.0; compatible; JobboerseBot; http://www.jobboerse.com/bot.htm) Gecko/20100101 Firefox/38.0"
131.253.25.93 - - [23/Jul/2017:02:53:38 +0200] "GET /javascript/fahrschule.js HTTP/1.1" 200 462 "http://www.easydrivers.at/innsbruck" "Mozilla/5.0 (compatible; MSIE 9.0; Windows NT 6.1; Trident/5.0; Trident/5.0)"
131.253.25.69 - - [23/Jul/2017:02:53:38 +0200] "GET /javascript/lazyload.js HTTP/1.1" 200 1170 "http://www.easydrivers.at/innsbruck" "Mozilla/5.0 (compatible; MSIE 9.0; Windows NT 6.1; Trident/5.0; Trident/5.0)"
188.138.41.206 - - [23/Jul/2017:02:53:38 +0200] "GET /javascript/fahrschule.js HTTP/1.1" 200 462 "http://www.easydrivers.at/klagenfurt/10248801" "Mozilla/5.0 (X11; U; Linux Core i7-4980HQ; de; rv:32.0; compatible; JobboerseBot; http://www.jobboerse.com/bot.htm) Gecko/20100101 Firefox/38.0"
188.138.41.206 - - [23/Jul/2017:02:53:39 +0200] "GET /css/style.css HTTP/1.1" 200 5004 "http://www.easydrivers.at/klagenfurt/10248801" "Mozilla/5.0 (X11; U; Linux Core i7-4980HQ; de; rv:32.0; compatible; JobboerseBot; http://www.jobboerse.com/bot.htm) Gecko/20100101 Firefox/38.0"
188.138.41.206 - - [23/Jul/2017:02:53:40 +0200] "GET /css/print.css HTTP/1.1" 200 967 "http://www.easydrivers.at/klagenfurt/10248801" "Mozilla/5.0 (X11; U; Linux Core i7-4980HQ; de; rv:32.0; compatible; JobboerseBot; http://www.jobboerse.com/bot.htm) Gecko/20100101 Firefox/38.0"
188.138.41.206 - - [23/Jul/2017:02:53:42 +0200] "GET /javascript/lazyload.js HTTP/1.1" 200 1170 "http://www.easydrivers.at/klagenfurt/10248801" "Mozilla/5.0 (X11; U; Linux Core i7-4980HQ; de; rv:32.0; compatible; JobboerseBot; http://www.jobboerse.com/bot.htm) Gecko/20100101 Firefox/38.0"
216.244.66.202 - - [23/Jul/2017:02:53:41 +0200] "GET /hollabrunn/10252111?FS=A1F HTTP/1.1" 410 11163 "-" "Mozilla/5.0 (compatible; DotBot/1.1; http://www.opensiteexplorer.org/dotbot, help@moz.com)"
216.244.66.202 - - [23/Jul/2017:02:53:49 +0200] "GET /schwechat/10247153?FS=BF HTTP/1.1" 410 11089 "-" "Mozilla/5.0 (compatible; DotBot/1.1; http://www.opensiteexplorer.org/dotbot, help@moz.com)"
188.138.41.206 - - [23/Jul/2017:02:53:50 +0200] "GET /klagenfurt/10249103 HTTP/1.1" 200 2928 "-" "Mozilla/5.0 (X11; U; Linux Core i7-4980HQ; de; rv:32.0; compatible; JobboerseBot; http://www.jobboerse.com/bot.htm) Gecko/20100101 Firefox/38.0"
188.138.41.206 - - [23/Jul/2017:02:53:53 +0200] "GET /javascript/jquery.customSelect.min.js HTTP/1.1" 200 912 "http://www.easydrivers.at/klagenfurt/10249103" "Mozilla/5.0 (X11; U; Linux Core i7-4980HQ; de; rv:32.0; compatible; JobboerseBot; http://www.jobboerse.com/bot.htm) Gecko/20100101 Firefox/38.0"
188.138.41.206 - - [23/Jul/2017:02:53:54 +0200] "GET /javascript/jquery.simplemodal.js HTTP/1.1" 200 3070 "http://www.easydrivers.at/klagenfurt/10249103" "Mozilla/5.0 (X11; U; Linux Core i7-4980HQ; de; rv:32.0; compatible; JobboerseBot; http://www.jobboerse.com/bot.htm) Gecko/20100101 Firefox/38.0"
188.138.41.206 - - [23/Jul/2017:02:53:54 +0200] "GET /javascript/jquery.cookie.js HTTP/1.1" 200 863 "http://www.easydrivers.at/klagenfurt/10249103" "Mozilla/5.0 (X11; U; Linux Core i7-4980HQ; de; rv:32.0; compatible; JobboerseBot; http://www.jobboerse.com/bot.htm) Gecko/20100101 Firefox/38.0"
188.138.41.206 - - [23/Jul/2017:02:53:54 +0200] "GET /javascript/portal.js?1221842734 HTTP/1.1" 200 3529 "http://www.easydrivers.at/klagenfurt/10249103" "Mozilla/5.0 (X11; U; Linux Core i7-4980HQ; de; rv:32.0; compatible; JobboerseBot; http://www.jobboerse.com/bot.htm) Gecko/20100101 Firefox/38.0"
188.138.41.206 - - [23/Jul/2017:02:53:54 +0200] "GET /javascript/fahrschule.js HTTP/1.1" 200 462 "http://www.easydrivers.at/klagenfurt/10249103" "Mozilla/5.0 (X11; U; Linux Core i7-4980HQ; de; rv:32.0; compatible; JobboerseBot; http://www.jobboerse.com/bot.htm) Gecko/20100101 Firefox/38.0"
188.138.41.206 - - [23/Jul/2017:02:53:57 +0200] "GET /css/style.css HTTP/1.1" 200 5004 "http://www.easydrivers.at/klagenfurt/10249103" "Mozilla/5.0 (X11; U; Linux Core i7-4980HQ; de; rv:32.0; compatible; JobboerseBot; http://www.jobboerse.com/bot.htm) Gecko/20100101 Firefox/38.0"
85.25.210.41 - - [23/Jul/2017:02:53:58 +0200] "GET /robots.txt HTTP/1.1" 200 101 "-" "Mozilla/5.0 (compatible; seoscanners.net/1; +spider@seoscanners.net)"
85.25.210.41 - - [23/Jul/2017:02:53:58 +0200] "GET /wieselburg/ HTTP/1.1" 301 141 "-" "Mozilla/5.0 (compatible; seoscanners.net/1; +spider@seoscanners.net)"
188.138.41.206 - - [23/Jul/2017:02:53:58 +0200] "GET /css/print.css HTTP/1.1" 200 967 "http://www.easydrivers.at/klagenfurt/10249103" "Mozilla/5.0 (X11; U; Linux Core i7-4980HQ; de; rv:32.0; compatible; JobboerseBot; http://www.jobboerse.com/bot.htm) Gecko/20100101 Firefox/38.0"
188.138.41.206 - - [23/Jul/2017:02:54:00 +0200] "GET /javascript/lazyload.js HTTP/1.1" 200 1170 "http://www.easydrivers.at/klagenfurt/10249103" "Mozilla/5.0 (X11; U; Linux Core i7-4980HQ; de; rv:32.0; compatible; JobboerseBot; http://www.jobboerse.com/bot.htm) Gecko/20100101 Firefox/38.0"
85.25.210.41 - - [23/Jul/2017:02:53:58 +0200] "GET /wieselburg HTTP/1.1" 200 3470 "-" "Mozilla/5.0 (compatible; seoscanners.net/1; +spider@seoscanners.net)"
216.244.66.202 - - [23/Jul/2017:02:53:58 +0200] "GET /hartberg/10250480?FS=F HTTP/1.1" 410 10937 "-" "Mozilla/5.0 (compatible; DotBot/1.1; http://www.opensiteexplorer.org/dotbot, help@moz.com)"
216.244.66.202 - - [23/Jul/2017:02:54:07 +0200] "GET /brigittenau/10242607?FS=B-L HTTP/1.1" 410 11055 "-" "Mozilla/5.0 (compatible; DotBot/1.1; http://www.opensiteexplorer.org/dotbot, help@moz.com)"
188.138.41.206 - - [23/Jul/2017:02:54:12 +0200] "GET /klagenfurt/aktionen HTTP/1.1" 200 3065 "-" "Mozilla/5.0 (X11; U; Linux Core i7-4980HQ; de; rv:32.0; compatible; JobboerseBot; http://www.jobboerse.com/bot.htm) Gecko/20100101 Firefox/38.0"
188.138.41.206 - - [23/Jul/2017:02:54:15 +0200] "GET /javascript/jquery.customSelect.min.js HTTP/1.1" 200 912 "http://www.easydrivers.at/klagenfurt/aktionen" "Mozilla/5.0 (X11; U; Linux Core i7-4980HQ; de; rv:32.0; compatible; JobboerseBot; http://www.jobboerse.com/bot.htm) Gecko/20100101 Firefox/38.0"
188.138.41.206 - - [23/Jul/2017:02:54:15 +0200] "GET /javascript/jquery.simplemodal.js HTTP/1.1" 200 3070 "http://www.easydrivers.at/klagenfurt/aktionen" "Mozilla/5.0 (X11; U; Linux Core i7-4980HQ; de; rv:32.0; compatible; JobboerseBot; http://www.jobboerse.com/bot.htm) Gecko/20100101 Firefox/38.0"
188.138.41.206 - - [23/Jul/2017:02:54:15 +0200] "GET /javascript/jquery.cookie.js HTTP/1.1" 200 863 "http://www.easydrivers.at/klagenfurt/aktionen" "Mozilla/5.0 (X11; U; Linux Core i7-4980HQ; de; rv:32.0; compatible; JobboerseBot; http://www.jobboerse.com/bot.htm) Gecko/20100101 Firefox/38.0"
188.138.41.206 - - [23/Jul/2017:02:54:15 +0200] "GET /javascript/portal.js?1221842734 HTTP/1.1" 200 3529 "http://www.easydrivers.at/klagenfurt/aktionen" "Mozilla/5.0 (X11; U; Linux Core i7-4980HQ; de; rv:32.0; compatible; JobboerseBot; http://www.jobboerse.com/bot.htm) Gecko/20100101 Firefox/38.0"
188.138.41.206 - - [23/Jul/2017:02:54:17 +0200] "GET /javascript/fahrschule.js HTTP/1.1" 200 462 "http://www.easydrivers.at/klagenfurt/aktionen" "Mozilla/5.0 (X11; U; Linux Core i7-4980HQ; de; rv:32.0; compatible; JobboerseBot; http://www.jobboerse.com/bot.htm) Gecko/20100101 Firefox/38.0"
188.138.41.206 - - [23/Jul/2017:02:54:18 +0200] "GET /css/style.css HTTP/1.1" 200 5004 "http://www.easydrivers.at/klagenfurt/aktionen" "Mozilla/5.0 (X11; U; Linux Core i7-4980HQ; de; rv:32.0; compatible; JobboerseBot; http://www.jobboerse.com/bot.htm) Gecko/20100101 Firefox/38.0"
216.244.66.202 - - [23/Jul/2017:02:54:16 +0200] "GET /brigittenau/10242583?FS=BE96 HTTP/1.1" 410 11055 "-" "Mozilla/5.0 (compatible; DotBot/1.1; http://www.opensiteexplorer.org/dotbot, help@moz.com)"
188.138.41.206 - - [23/Jul/2017:02:54:21 +0200] "GET /css/print.css HTTP/1.1" 200 967 "http://www.easydrivers.at/klagenfurt/aktionen" "Mozilla/5.0 (X11; U; Linux Core i7-4980HQ; de; rv:32.0; compatible; JobboerseBot; http://www.jobboerse.com/bot.htm) Gecko/20100101 Firefox/38.0"
188.138.41.206 - - [23/Jul/2017:02:54:22 +0200] "GET /javascript/lazyload.js HTTP/1.1" 200 1170 "http://www.easydrivers.at/klagenfurt/aktionen" "Mozilla/5.0 (X11; U; Linux Core i7-4980HQ; de; rv:32.0; compatible; JobboerseBot; http://www.jobboerse.com/bot.htm) Gecko/20100101 Firefox/38.0"
216.244.66.202 - - [23/Jul/2017:02:54:25 +0200] "GET /bludenz/LKW-Anhaengerkurs-CE-2014-06-02?FS=CCE HTTP/1.1" 410 11083 "-" "Mozilla/5.0 (compatible; DotBot/1.1; http://www.opensiteexplorer.org/dotbot, help@moz.com)"
188.138.41.206 - - [23/Jul/2017:02:54:28 +0200] "GET /steyr HTTP/1.1" 200 3785 "-" "Mozilla/5.0 (X11; U; Linux Core i7-4980HQ; de; rv:32.0; compatible; JobboerseBot; http://www.jobboerse.com/bot.htm) Gecko/20100101 Firefox/38.0"
188.138.41.206 - - [23/Jul/2017:02:54:31 +0200] "GET /javascript/jquery.customSelect.min.js HTTP/1.1" 200 912 "http://www.easydrivers.at/steyr" "Mozilla/5.0 (X11; U; Linux Core i7-4980HQ; de; rv:32.0; compatible; JobboerseBot; http://www.jobboerse.com/bot.htm) Gecko/20100101 Firefox/38.0"
188.138.41.206 - - [23/Jul/2017:02:54:31 +0200] "GET /javascript/jquery.simplemodal.js HTTP/1.1" 200 3070 "http://www.easydrivers.at/steyr" "Mozilla/5.0 (X11; U; Linux Core i7-4980HQ; de; rv:32.0; compatible; JobboerseBot; http://www.jobboerse.com/bot.htm) Gecko/20100101 Firefox/38.0"
188.138.41.206 - - [23/Jul/2017:02:54:31 +0200] "GET /javascript/jquery.cookie.js HTTP/1.1" 200 863 "http://www.easydrivers.at/steyr" "Mozilla/5.0 (X11; U; Linux Core i7-4980HQ; de; rv:32.0; compatible; JobboerseBot; http://www.jobboerse.com/bot.htm) Gecko/20100101 Firefox/38.0"
188.138.41.206 - - [23/Jul/2017:02:54:31 +0200] "GET /javascript/portal.js?1221842734 HTTP/1.1" 200 3529 "http://www.easydrivers.at/steyr" "Mozilla/5.0 (X11; U; Linux Core i7-4980HQ; de; rv:32.0; compatible; JobboerseBot; http://www.jobboerse.com/bot.htm) Gecko/20100101 Firefox/38.0"
188.138.41.206 - - [23/Jul/2017:02:54:32 +0200] "GET /javascript/fahrschule.js HTTP/1.1" 200 462 "http://www.easydrivers.at/steyr" "Mozilla/5.0 (X11; U; Linux Core i7-4980HQ; de; rv:32.0; compatible; JobboerseBot; http://www.jobboerse.com/bot.htm) Gecko/20100101 Firefox/38.0"
188.138.41.206 - - [23/Jul/2017:02:54:33 +0200] "GET /css/style.css HTTP/1.1" 200 5004 "http://www.easydrivers.at/steyr" "Mozilla/5.0 (X11; U; Linux Core i7-4980HQ; de; rv:32.0; compatible; JobboerseBot; http://www.jobboerse.com/bot.htm) Gecko/20100101 Firefox/38.0"
216.244.66.202 - - [23/Jul/2017:02:54:34 +0200] "GET /berndorf/A-Kurs-2-Einheiten-Maerz-2014 HTTP/1.1" 410 11150 "-" "Mozilla/5.0 (compatible; DotBot/1.1; http://www.opensiteexplorer.org/dotbot, help@moz.com)"
188.138.41.206 - - [23/Jul/2017:02:54:37 +0200] "GET /css/print.css HTTP/1.1" 200 967 "http://www.easydrivers.at/steyr" "Mozilla/5.0 (X11; U; Linux Core i7-4980HQ; de; rv:32.0; compatible; JobboerseBot; http://www.jobboerse.com/bot.htm) Gecko/20100101 Firefox/38.0"
188.138.41.206 - - [23/Jul/2017:02:54:39 +0200] "GET /javascript/lazyload.js HTTP/1.1" 200 1170 "http://www.easydrivers.at/steyr" "Mozilla/5.0 (X11; U; Linux Core i7-4980HQ; de; rv:32.0; compatible; JobboerseBot; http://www.jobboerse.com/bot.htm) Gecko/20100101 Firefox/38.0"
216.244.66.202 - - [23/Jul/2017:02:54:43 +0200] "GET /amstetten/kurse/ HTTP/1.1" 200 15969 "-" "Mozilla/5.0 (compatible; DotBot/1.1; http://www.opensiteexplorer.org/dotbot, help@moz.com)"
188.138.41.206 - - [23/Jul/2017:02:55:10 +0200] "GET /steyr/Inhaberdaten HTTP/1.1" 200 3754 "-" "Mozilla/5.0 (X11; U; Linux Core i7-4980HQ; de; rv:32.0; compatible; JobboerseBot; http://www.jobboerse.com/bot.htm) Gecko/20100101 Firefox/38.0"
188.138.41.206 - - [23/Jul/2017:02:55:13 +0200] "GET /javascript/jquery.customSelect.min.js HTTP/1.1" 200 912 "http://www.easydrivers.at/steyr/Inhaberdaten" "Mozilla/5.0 (X11; U; Linux Core i7-4980HQ; de; rv:32.0; compatible; JobboerseBot; http://www.jobboerse.com/bot.htm) Gecko/20100101 Firefox/38.0"
188.138.41.206 - - [23/Jul/2017:02:55:13 +0200] "GET /javascript/jquery.simplemodal.js HTTP/1.1" 200 3070 "http://www.easydrivers.at/steyr/Inhaberdaten" "Mozilla/5.0 (X11; U; Linux Core i7-4980HQ; de; rv:32.0; compatible; JobboerseBot; http://www.jobboerse.com/bot.htm) Gecko/20100101 Firefox/38.0"
188.138.41.206 - - [23/Jul/2017:02:55:14 +0200] "GET /javascript/jquery.cookie.js HTTP/1.1" 200 863 "http://www.easydrivers.at/steyr/Inhaberdaten" "Mozilla/5.0 (X11; U; Linux Core i7-4980HQ; de; rv:32.0; compatible; JobboerseBot; http://www.jobboerse.com/bot.htm) Gecko/20100101 Firefox/38.0"
188.138.41.206 - - [23/Jul/2017:02:55:14 +0200] "GET /javascript/portal.js?1221842734 HTTP/1.1" 200 3529 "http://www.easydrivers.at/steyr/Inhaberdaten" "Mozilla/5.0 (X11; U; Linux Core i7-4980HQ; de; rv:32.0; compatible; JobboerseBot; http://www.jobboerse.com/bot.htm) Gecko/20100101 Firefox/38.0"
188.138.41.206 - - [23/Jul/2017:02:55:14 +0200] "GET /javascript/fahrschule.js HTTP/1.1" 200 462 "http://www.easydrivers.at/steyr/Inhaberdaten" "Mozilla/5.0 (X11; U; Linux Core i7-4980HQ; de; rv:32.0; compatible; JobboerseBot; http://www.jobboerse.com/bot.htm) Gecko/20100101 Firefox/38.0"
188.138.41.206 - - [23/Jul/2017:02:55:14 +0200] "GET /css/style.css HTTP/1.1" 200 5004 "http://www.easydrivers.at/steyr/Inhaberdaten" "Mozilla/5.0 (X11; U; Linux Core i7-4980HQ; de; rv:32.0; compatible; JobboerseBot; http://www.jobboerse.com/bot.htm) Gecko/20100101 Firefox/38.0"
188.138.41.206 - - [23/Jul/2017:02:55:16 +0200] "GET /css/print.css HTTP/1.1" 200 967 "http://www.easydrivers.at/steyr/Inhaberdaten" "Mozilla/5.0 (X11; U; Linux Core i7-4980HQ; de; rv:32.0; compatible; JobboerseBot; http://www.jobboerse.com/bot.htm) Gecko/20100101 Firefox/38.0"
188.138.41.206 - - [23/Jul/2017:02:55:18 +0200] "GET /javascript/lazyload.js HTTP/1.1" 200 1170 "http://www.easydrivers.at/steyr/Inhaberdaten" "Mozilla/5.0 (X11; U; Linux Core i7-4980HQ; de; rv:32.0; compatible; JobboerseBot; http://www.jobboerse.com/bot.htm) Gecko/20100101 Firefox/38.0"
188.138.41.206 - - [23/Jul/2017:02:55:26 +0200] "GET /binaries/easy-drivers-steyr/agb-easy-drivers-steyr.pdf HTTP/1.1" 200 92174 "-" "Mozilla/5.0 (X11; U; Linux Core i7-4980HQ; de; rv:32.0; compatible; JobboerseBot; http://www.jobboerse.com/bot.htm) Gecko/20100101 Firefox/38.0"
5.101.78.76 - - [23/Jul/2017:02:55:27 +0200] "HEAD / HTTP/1.1" 501 - "http://spinelli-ru.com/shop/491/desc/kolca-leupold-std-1-in-medium-ext-matte-49911" "Mozilla/7.0 (compatible; MSIE2.00; Windows 2009)"
188.138.41.206 - - [23/Jul/2017:02:55:34 +0200] "GET /steyr/driving HTTP/1.1" 200 3669 "-" "Mozilla/5.0 (X11; U; Linux Core i7-4980HQ; de; rv:32.0; compatible; JobboerseBot; http://www.jobboerse.com/bot.htm) Gecko/20100101 Firefox/38.0"
188.138.41.206 - - [23/Jul/2017:02:55:37 +0200] "GET /javascript/jquery.customSelect.min.js HTTP/1.1" 200 912 "http://www.easydrivers.at/steyr/driving" "Mozilla/5.0 (X11; U; Linux Core i7-4980HQ; de; rv:32.0; compatible; JobboerseBot; http://www.jobboerse.com/bot.htm) Gecko/20100101 Firefox/38.0"
188.138.41.206 - - [23/Jul/2017:02:55:37 +0200] "GET /javascript/jquery.simplemodal.js HTTP/1.1" 200 3070 "http://www.easydrivers.at/steyr/driving" "Mozilla/5.0 (X11; U; Linux Core i7-4980HQ; de; rv:32.0; compatible; JobboerseBot; http://www.jobboerse.com/bot.htm) Gecko/20100101 Firefox/38.0"
188.138.41.206 - - [23/Jul/2017:02:55:37 +0200] "GET /javascript/jquery.cookie.js HTTP/1.1" 200 863 "http://www.easydrivers.at/steyr/driving" "Mozilla/5.0 (X11; U; Linux Core i7-4980HQ; de; rv:32.0; compatible; JobboerseBot; http://www.jobboerse.com/bot.htm) Gecko/20100101 Firefox/38.0"
188.138.41.206 - - [23/Jul/2017:02:55:37 +0200] "GET /javascript/portal.js?1221842734 HTTP/1.1" 200 3529 "http://www.easydrivers.at/steyr/driving" "Mozilla/5.0 (X11; U; Linux Core i7-4980HQ; de; rv:32.0; compatible; JobboerseBot; http://www.jobboerse.com/bot.htm) Gecko/20100101 Firefox/38.0"
188.138.41.206 - - [23/Jul/2017:02:55:37 +0200] "GET /javascript/fahrschule.js HTTP/1.1" 200 462 "http://www.easydrivers.at/steyr/driving" "Mozilla/5.0 (X11; U; Linux Core i7-4980HQ; de; rv:32.0; compatible; JobboerseBot; http://www.jobboerse.com/bot.htm) Gecko/20100101 Firefox/38.0"
188.138.41.206 - - [23/Jul/2017:02:55:38 +0200] "GET /css/style.css HTTP/1.1" 200 5004 "http://www.easydrivers.at/steyr/driving" "Mozilla/5.0 (X11; U; Linux Core i7-4980HQ; de; rv:32.0; compatible; JobboerseBot; http://www.jobboerse.com/bot.htm) Gecko/20100101 Firefox/38.0"
188.138.41.206 - - [23/Jul/2017:02:55:40 +0200] "GET /css/print.css HTTP/1.1" 200 967 "http://www.easydrivers.at/steyr/driving" "Mozilla/5.0 (X11; U; Linux Core i7-4980HQ; de; rv:32.0; compatible; JobboerseBot; http://www.jobboerse.com/bot.htm) Gecko/20100101 Firefox/38.0"
