213.225.3.168 - - [23/Jul/2017:08:16:36 +0200] "GET /img/mobile/bg-menu.jpg HTTP/1.1" 200 1698 "http://www.easydrivers.at/css/mobile.css" "Mozilla/5.0 (Linux; Android 6.0.1; F5121 Build/34.0.A.2.292) AppleWebKit/537.36 (KHTML, like Gecko) Chrome/59.0.3071.125 Mobile Safari/537.36"
213.225.3.168 - - [23/Jul/2017:08:16:36 +0200] "GET /img/favicon.ico HTTP/1.1" 404 300 "http://www.easydrivers.at/perg" "Mozilla/5.0 (Linux; Android 6.0.1; F5121 Build/34.0.A.2.292) AppleWebKit/537.36 (KHTML, like Gecko) Chrome/59.0.3071.125 Mobile Safari/537.36"
213.225.3.168 - - [23/Jul/2017:08:16:47 +0200] "POST /perg/kursauswahl HTTP/1.1" 200 2841 "http://www.easydrivers.at/perg" "Mozilla/5.0 (Linux; Android 6.0.1; F5121 Build/34.0.A.2.292) AppleWebKit/537.36 (KHTML, like Gecko) Chrome/59.0.3071.125 Mobile Safari/537.36"
213.225.3.168 - - [23/Jul/2017:08:16:49 +0200] "GET /javascript/mobile-fahrschule-kurs-suchergebnis.js HTTP/1.1" 200 274 "http://www.easydrivers.at/perg/kursauswahl" "Mozilla/5.0 (Linux; Android 6.0.1; F5121 Build/34.0.A.2.292) AppleWebKit/537.36 (KHTML, like Gecko) Chrome/59.0.3071.125 Mobile Safari/537.36"
213.225.3.168 - - [23/Jul/2017:08:16:49 +0200] "GET /img/mobile/pfeil-links-small.png HTTP/1.1" 200 1065 "http://www.easydrivers.at/css/mobile.css" "Mozilla/5.0 (Linux; Android 6.0.1; F5121 Build/34.0.A.2.292) AppleWebKit/537.36 (KHTML, like Gecko) Chrome/59.0.3071.125 Mobile Safari/537.36"
213.225.3.168 - - [23/Jul/2017:08:16:49 +0200] "GET /img/mobile/bg-yellow.jpg HTTP/1.1" 200 1569 "http://www.easydrivers.at/css/mobile.css" "Mozilla/5.0 (Linux; Android 6.0.1; F5121 Build/34.0.A.2.292) AppleWebKit/537.36 (KHTML, like Gecko) Chrome/59.0.3071.125 Mobile Safari/537.36"
213.225.3.168 - - [23/Jul/2017:08:16:49 +0200] "GET /img/loading-bars.gif HTTP/1.1" 200 3951 "http://www.easydrivers.at/css/mobile.css" "Mozilla/5.0 (Linux; Android 6.0.1; F5121 Build/34.0.A.2.292) AppleWebKit/537.36 (KHTML, like Gecko) Chrome/59.0.3071.125 Mobile Safari/537.36"
174.255.128.128 - - [23/Jul/2017:08:17:03 +0200] "HEAD / HTTP/1.1" 301 - "-" "Mozilla/5.0 (Linux; U; Android-4.0.3; en-us; Xoom Build/IML77) AppleWebKit/535.7 (KHTML, like Gecko) CrMo/16.0.912.75 Safari/535.7"
213.225.3.168 - - [23/Jul/2017:08:17:02 +0200] "POST /loadkursliste HTTP/1.1" 200 362 "http://www.easydrivers.at/perg/kursauswahl" "Mozilla/5.0 (Linux; Android 6.0.1; F5121 Build/34.0.A.2.292) AppleWebKit/537.36 (KHTML, like Gecko) Chrome/59.0.3071.125 Mobile Safari/537.36"
174.255.128.128 - - [23/Jul/2017:08:17:04 +0200] "HEAD / HTTP/1.1" 501 - "-" "Mozilla/5.0 (Linux; U; Android-4.0.3; en-us; Xoom Build/IML77) AppleWebKit/535.7 (KHTML, like Gecko) CrMo/16.0.912.75 Safari/535.7"
213.225.3.168 - - [23/Jul/2017:08:17:42 +0200] "GET /perg/10285512?FS=CCE95 HTTP/1.1" 200 3089 "http://www.easydrivers.at/perg/kursauswahl" "Mozilla/5.0 (Linux; Android 6.0.1; F5121 Build/34.0.A.2.292) AppleWebKit/537.36 (KHTML, like Gecko) Chrome/59.0.3071.125 Mobile Safari/537.36"
213.225.3.168 - - [23/Jul/2017:08:17:45 +0200] "GET /img/mobile/smallicon-phone.png HTTP/1.1" 200 1311 "http://www.easydrivers.at/perg/10285512?FS=CCE95" "Mozilla/5.0 (Linux; Android 6.0.1; F5121 Build/34.0.A.2.292) AppleWebKit/537.36 (KHTML, like Gecko) Chrome/59.0.3071.125 Mobile Safari/537.36"
213.225.3.168 - - [23/Jul/2017:08:17:45 +0200] "GET /img/mobile/kursicon-share.png HTTP/1.1" 200 2065 "http://www.easydrivers.at/perg/10285512?FS=CCE95" "Mozilla/5.0 (Linux; Android 6.0.1; F5121 Build/34.0.A.2.292) AppleWebKit/537.36 (KHTML, like Gecko) Chrome/59.0.3071.125 Mobile Safari/537.36"
213.225.3.168 - - [23/Jul/2017:08:17:45 +0200] "GET /img/mobile/kursicon-phone.png HTTP/1.1" 200 1932 "http://www.easydrivers.at/perg/10285512?FS=CCE95" "Mozilla/5.0 (Linux; Android 6.0.1; F5121 Build/34.0.A.2.292) AppleWebKit/537.36 (KHTML, like Gecko) Chrome/59.0.3071.125 Mobile Safari/537.36"
213.225.3.168 - - [23/Jul/2017:08:17:45 +0200] "GET /img/mobile/smallicon-mail.png HTTP/1.1" 200 1335 "http://www.easydrivers.at/perg/10285512?FS=CCE95" "Mozilla/5.0 (Linux; Android 6.0.1; F5121 Build/34.0.A.2.292) AppleWebKit/537.36 (KHTML, like Gecko) Chrome/59.0.3071.125 Mobile Safari/537.36"
213.225.3.168 - - [23/Jul/2017:08:17:45 +0200] "GET /img/mobile/pfeil-rechts-small.png HTTP/1.1" 200 1056 "http://www.easydrivers.at/css/mobile.css" "Mozilla/5.0 (Linux; Android 6.0.1; F5121 Build/34.0.A.2.292) AppleWebKit/537.36 (KHTML, like Gecko) Chrome/59.0.3071.125 Mobile Safari/537.36"
157.55.39.56 - - [23/Jul/2017:08:17:44 +0200] "GET /linz/10254768 HTTP/1.1" 200 2912 "-" "Mozilla/5.0 (compatible; bingbot/2.0; +http://www.bing.com/bingbot.htm)"
213.225.3.168 - - [23/Jul/2017:08:18:01 +0200] "GET /perg/aktionen HTTP/1.1" 200 2541 "http://www.easydrivers.at/perg/10285512?FS=CCE95" "Mozilla/5.0 (Linux; Android 6.0.1; F5121 Build/34.0.A.2.292) AppleWebKit/537.36 (KHTML, like Gecko) Chrome/59.0.3071.125 Mobile Safari/537.36"
157.55.39.252 - - [23/Jul/2017:08:18:02 +0200] "GET /st.poelten HTTP/1.1" 200 3648 "-" "Mozilla/5.0 (compatible; bingbot/2.0; +http://www.bing.com/bingbot.htm)"
213.225.3.168 - - [23/Jul/2017:08:18:09 +0200] "GET /perg/kurse HTTP/1.1" 200 3227 "http://www.easydrivers.at/perg/aktionen" "Mozilla/5.0 (Linux; Android 6.0.1; F5121 Build/34.0.A.2.292) AppleWebKit/537.36 (KHTML, like Gecko) Chrome/59.0.3071.125 Mobile Safari/537.36"
213.225.3.168 - - [23/Jul/2017:08:18:12 +0200] "POST /loadkursliste HTTP/1.1" 200 362 "http://www.easydrivers.at/perg/kurse" "Mozilla/5.0 (Linux; Android 6.0.1; F5121 Build/34.0.A.2.292) AppleWebKit/537.36 (KHTML, like Gecko) Chrome/59.0.3071.125 Mobile Safari/537.36"
213.225.3.168 - - [23/Jul/2017:08:18:55 +0200] "GET /perg HTTP/1.1" 200 2928 "http://www.easydrivers.at/perg/kurse" "Mozilla/5.0 (Linux; Android 6.0.1; F5121 Build/34.0.A.2.292) AppleWebKit/537.36 (KHTML, like Gecko) Chrome/59.0.3071.125 Mobile Safari/537.36"
213.225.3.168 - - [23/Jul/2017:08:19:17 +0200] "GET /fuehrerscheine/lkw HTTP/1.1" 200 3733 "http://www.easydrivers.at/perg" "Mozilla/5.0 (Linux; Android 6.0.1; F5121 Build/34.0.A.2.292) AppleWebKit/537.36 (KHTML, like Gecko) Chrome/59.0.3071.125 Mobile Safari/537.36"
213.225.3.168 - - [23/Jul/2017:08:19:19 +0200] "GET /javascript/mobile-license.js HTTP/1.1" 200 216 "http://www.easydrivers.at/fuehrerscheine/lkw" "Mozilla/5.0 (Linux; Android 6.0.1; F5121 Build/34.0.A.2.292) AppleWebKit/537.36 (KHTML, like Gecko) Chrome/59.0.3071.125 Mobile Safari/537.36"
213.225.3.168 - - [23/Jul/2017:08:19:19 +0200] "GET /img/mobile/weiter-button.png HTTP/1.1" 200 1670 "http://www.easydrivers.at/css/mobile.css" "Mozilla/5.0 (Linux; Android 6.0.1; F5121 Build/34.0.A.2.292) AppleWebKit/537.36 (KHTML, like Gecko) Chrome/59.0.3071.125 Mobile Safari/537.36"
188.22.250.45 - - [23/Jul/2017:08:19:49 +0200] "GET / HTTP/1.1" 200 4406 "http://www.google.at/url?sa=t&rct=j&q=&esrc=s&source=web&cd=1&sqi=2&ved=0ahUKEwiEy8us4Z7VAhUE6xoKHWhgA0sQFggjMAA&url=http%3A%2F%2Fwww.easydrivers.at%2F&usg=AFQjCNE_iL6XJJtFF7fWfQkUoVbc7TZvBQ" "Mozilla/5.0 (Windows NT 6.1; WOW64; Trident/7.0; NP06; rv:11.0) like Gecko"
188.23.80.69 - - [23/Jul/2017:08:20:15 +0200] "GET /fuehrerscheine/traktor HTTP/1.1" 200 2534 "https://www.google.at" "Mozilla/5.0 (Windows NT 6.1; WOW64; rv:47.0) Gecko/20100101 Firefox/47.0"
188.23.80.69 - - [23/Jul/2017:08:20:16 +0200] "GET /css/print.css HTTP/1.1" 200 967 "http://www.easydrivers.at/fuehrerscheine/traktor" "Mozilla/5.0 (Windows NT 6.1; WOW64; rv:47.0) Gecko/20100101 Firefox/47.0"
188.23.80.69 - - [23/Jul/2017:08:20:16 +0200] "GET /css/style.css HTTP/1.1" 200 5004 "http://www.easydrivers.at/fuehrerscheine/traktor" "Mozilla/5.0 (Windows NT 6.1; WOW64; rv:47.0) Gecko/20100101 Firefox/47.0"
188.23.80.69 - - [23/Jul/2017:08:20:16 +0200] "GET /javascript/jquery.cookie.js HTTP/1.1" 200 863 "http://www.easydrivers.at/fuehrerscheine/traktor" "Mozilla/5.0 (Windows NT 6.1; WOW64; rv:47.0) Gecko/20100101 Firefox/47.0"
188.23.80.69 - - [23/Jul/2017:08:20:16 +0200] "GET /javascript/jquery.customSelect.min.js HTTP/1.1" 200 912 "http://www.easydrivers.at/fuehrerscheine/traktor" "Mozilla/5.0 (Windows NT 6.1; WOW64; rv:47.0) Gecko/20100101 Firefox/47.0"
188.23.80.69 - - [23/Jul/2017:08:20:16 +0200] "GET /javascript/jquery.simplemodal.js HTTP/1.1" 200 3070 "http://www.easydrivers.at/fuehrerscheine/traktor" "Mozilla/5.0 (Windows NT 6.1; WOW64; rv:47.0) Gecko/20100101 Firefox/47.0"
188.23.80.69 - - [23/Jul/2017:08:20:16 +0200] "GET /javascript/portal.js?1221842734 HTTP/1.1" 200 3529 "http://www.easydrivers.at/fuehrerscheine/traktor" "Mozilla/5.0 (Windows NT 6.1; WOW64; rv:47.0) Gecko/20100101 Firefox/47.0"
188.23.80.69 - - [23/Jul/2017:08:20:16 +0200] "GET /javascript/lazyload.js HTTP/1.1" 200 1170 "http://www.easydrivers.at/fuehrerscheine/traktor" "Mozilla/5.0 (Windows NT 6.1; WOW64; rv:47.0) Gecko/20100101 Firefox/47.0"
188.23.80.69 - - [23/Jul/2017:08:20:16 +0200] "GET /img/new_favicon.ico HTTP/1.1" 200 1150 "-" "Mozilla/5.0 (Windows NT 6.1; WOW64; rv:47.0) Gecko/20100101 Firefox/47.0"
188.23.80.69 - - [23/Jul/2017:08:20:16 +0200] "GET /javascript/license.js HTTP/1.1" 200 315 "http://www.easydrivers.at/fuehrerscheine/traktor" "Mozilla/5.0 (Windows NT 6.1; WOW64; rv:47.0) Gecko/20100101 Firefox/47.0"
188.23.80.69 - - [23/Jul/2017:08:20:17 +0200] "GET /img/facebook-icon.png HTTP/1.1" 200 1506 "http://www.easydrivers.at/fuehrerscheine/traktor" "Mozilla/5.0 (Windows NT 6.1; WOW64; rv:47.0) Gecko/20100101 Firefox/47.0"
188.23.80.69 - - [23/Jul/2017:08:20:17 +0200] "GET /img/close-button.png HTTP/1.1" 200 2237 "http://www.easydrivers.at/fuehrerscheine/traktor" "Mozilla/5.0 (Windows NT 6.1; WOW64; rv:47.0) Gecko/20100101 Firefox/47.0"
188.23.80.69 - - [23/Jul/2017:08:20:17 +0200] "GET /img/schweiz-icon.png HTTP/1.1" 200 1504 "http://www.easydrivers.at/fuehrerscheine/traktor" "Mozilla/5.0 (Windows NT 6.1; WOW64; rv:47.0) Gecko/20100101 Firefox/47.0"
188.23.80.69 - - [23/Jul/2017:08:20:17 +0200] "GET /img/ED_Logo.png HTTP/1.1" 200 3385 "http://www.easydrivers.at/css/style.css" "Mozilla/5.0 (Windows NT 6.1; WOW64; rv:47.0) Gecko/20100101 Firefox/47.0"
188.23.80.69 - - [23/Jul/2017:08:20:17 +0200] "GET /img/bg-yellow.jpg HTTP/1.1" 200 2250 "http://www.easydrivers.at/css/style.css" "Mozilla/5.0 (Windows NT 6.1; WOW64; rv:47.0) Gecko/20100101 Firefox/47.0"
188.23.80.69 - - [23/Jul/2017:08:20:17 +0200] "GET /img/submit-button-small.png HTTP/1.1" 200 1456 "http://www.easydrivers.at/css/style.css" "Mozilla/5.0 (Windows NT 6.1; WOW64; rv:47.0) Gecko/20100101 Firefox/47.0"
188.23.80.69 - - [23/Jul/2017:08:20:17 +0200] "GET /img/kursicon-print-pink.png HTTP/1.1" 200 1125 "http://www.easydrivers.at/fuehrerscheine/traktor" "Mozilla/5.0 (Windows NT 6.1; WOW64; rv:47.0) Gecko/20100101 Firefox/47.0"
188.23.80.69 - - [23/Jul/2017:08:20:17 +0200] "GET /img/kursicon-download-pink.png HTTP/1.1" 200 1213 "http://www.easydrivers.at/fuehrerscheine/traktor" "Mozilla/5.0 (Windows NT 6.1; WOW64; rv:47.0) Gecko/20100101 Firefox/47.0"
188.23.80.69 - - [23/Jul/2017:08:20:17 +0200] "GET /img/kursicon-share-pink.png HTTP/1.1" 200 1277 "http://www.easydrivers.at/fuehrerscheine/traktor" "Mozilla/5.0 (Windows NT 6.1; WOW64; rv:47.0) Gecko/20100101 Firefox/47.0"
188.23.80.69 - - [23/Jul/2017:08:20:17 +0200] "GET /img/bg-header.jpg HTTP/1.1" 200 38680 "http://www.easydrivers.at/css/style.css" "Mozilla/5.0 (Windows NT 6.1; WOW64; rv:47.0) Gecko/20100101 Firefox/47.0"
188.23.80.69 - - [23/Jul/2017:08:20:17 +0200] "GET /img/bg-footer.jpg HTTP/1.1" 200 31770 "http://www.easydrivers.at/css/style.css" "Mozilla/5.0 (Windows NT 6.1; WOW64; rv:47.0) Gecko/20100101 Firefox/47.0"
188.23.80.69 - - [23/Jul/2017:08:20:17 +0200] "GET /img/kursicon-phone-pink.png HTTP/1.1" 200 1286 "http://www.easydrivers.at/fuehrerscheine/traktor" "Mozilla/5.0 (Windows NT 6.1; WOW64; rv:47.0) Gecko/20100101 Firefox/47.0"
188.23.80.69 - - [23/Jul/2017:08:20:17 +0200] "GET /binaries/easy-drivers-portal/traktor5jpg.jpg HTTP/1.1" 200 119320 "http://www.easydrivers.at/fuehrerscheine/traktor" "Mozilla/5.0 (Windows NT 6.1; WOW64; rv:47.0) Gecko/20100101 Firefox/47.0"
213.225.3.168 - - [23/Jul/2017:08:20:17 +0200] "POST / HTTP/1.1" 200 3569 "http://www.easydrivers.at/fuehrerscheine/lkw" "Mozilla/5.0 (Linux; Android 6.0.1; F5121 Build/34.0.A.2.292) AppleWebKit/537.36 (KHTML, like Gecko) Chrome/59.0.3071.125 Mobile Safari/537.36"
213.225.3.168 - - [23/Jul/2017:08:20:19 +0200] "GET /javascript/mobile-homesearch.js HTTP/1.1" 200 340 "http://www.easydrivers.at/" "Mozilla/5.0 (Linux; Android 6.0.1; F5121 Build/34.0.A.2.292) AppleWebKit/537.36 (KHTML, like Gecko) Chrome/59.0.3071.125 Mobile Safari/537.36"
188.23.80.69 - - [23/Jul/2017:08:20:29 +0200] "GET /fuehrerscheine/traktor/F HTTP/1.1" 200 3695 "http://www.easydrivers.at/fuehrerscheine/traktor" "Mozilla/5.0 (Windows NT 6.1; WOW64; rv:47.0) Gecko/20100101 Firefox/47.0"
188.23.80.69 - - [23/Jul/2017:08:20:31 +0200] "GET /javascript/product.js HTTP/1.1" 200 139 "http://www.easydrivers.at/fuehrerscheine/traktor/F" "Mozilla/5.0 (Windows NT 6.1; WOW64; rv:47.0) Gecko/20100101 Firefox/47.0"
188.23.80.69 - - [23/Jul/2017:08:20:31 +0200] "GET /img/arrow-up.png HTTP/1.1" 200 1081 "http://www.easydrivers.at/css/style.css" "Mozilla/5.0 (Windows NT 6.1; WOW64; rv:47.0) Gecko/20100101 Firefox/47.0"
188.23.80.69 - - [23/Jul/2017:08:20:31 +0200] "GET /img/arrow-left.png HTTP/1.1" 200 1015 "http://www.easydrivers.at/css/style.css" "Mozilla/5.0 (Windows NT 6.1; WOW64; rv:47.0) Gecko/20100101 Firefox/47.0"
188.23.80.69 - - [23/Jul/2017:08:20:31 +0200] "GET /binaries/easy-drivers-portal/traktor6jpg.jpg HTTP/1.1" 200 98615 "http://www.easydrivers.at/fuehrerscheine/traktor/F" "Mozilla/5.0 (Windows NT 6.1; WOW64; rv:47.0) Gecko/20100101 Firefox/47.0"
213.225.3.168 - - [23/Jul/2017:08:20:46 +0200] "POST /suche HTTP/1.1" 200 3449 "http://www.easydrivers.at/" "Mozilla/5.0 (Linux; Android 6.0.1; F5121 Build/34.0.A.2.292) AppleWebKit/537.36 (KHTML, like Gecko) Chrome/59.0.3071.125 Mobile Safari/537.36"
213.225.3.168 - - [23/Jul/2017:08:20:48 +0200] "GET /img/mobile/smallicon-address.png HTTP/1.1" 200 1424 "http://www.easydrivers.at/suche" "Mozilla/5.0 (Linux; Android 6.0.1; F5121 Build/34.0.A.2.292) AppleWebKit/537.36 (KHTML, like Gecko) Chrome/59.0.3071.125 Mobile Safari/537.36"
213.225.3.168 - - [23/Jul/2017:08:20:48 +0200] "GET /img/mobile/smallicon-time.png HTTP/1.1" 200 1328 "http://www.easydrivers.at/suche" "Mozilla/5.0 (Linux; Android 6.0.1; F5121 Build/34.0.A.2.292) AppleWebKit/537.36 (KHTML, like Gecko) Chrome/59.0.3071.125 Mobile Safari/537.36"
213.225.3.168 - - [23/Jul/2017:08:20:48 +0200] "GET /javascript/mobile-kurs-suchergebnis.js HTTP/1.1" 200 382 "http://www.easydrivers.at/suche" "Mozilla/5.0 (Linux; Android 6.0.1; F5121 Build/34.0.A.2.292) AppleWebKit/537.36 (KHTML, like Gecko) Chrome/59.0.3071.125 Mobile Safari/537.36"
188.23.80.69 - - [23/Jul/2017:08:21:12 +0200] "GET /fuehrerscheine/traktor HTTP/1.1" 200 2534 "https://www.google.at" "Mozilla/5.0 (Windows NT 6.1; WOW64; rv:47.0) Gecko/20100101 Firefox/47.0"
188.23.80.69 - - [23/Jul/2017:08:21:14 +0200] "GET /binaries/easy-drivers-portal/traktor1jpg.jpg HTTP/1.1" 200 121024 "http://www.easydrivers.at/fuehrerscheine/traktor" "Mozilla/5.0 (Windows NT 6.1; WOW64; rv:47.0) Gecko/20100101 Firefox/47.0"
213.225.3.168 - - [23/Jul/2017:08:21:51 +0200] "POST /loadkursliste HTTP/1.1" 200 362 "http://www.easydrivers.at/suche" "Mozilla/5.0 (Linux; Android 6.0.1; F5121 Build/34.0.A.2.292) AppleWebKit/537.36 (KHTML, like Gecko) Chrome/59.0.3071.125 Mobile Safari/537.36"
178.189.230.237 - - [23/Jul/2017:08:22:08 +0200] "GET / HTTP/1.1" 200 3563 "android-app://com.google.android.googlequicksearchbox/https/www.google.com" "Mozilla/5.0 (Linux; Android 5.1.1; LG-K420 Build/LMY47V) AppleWebKit/537.36 (KHTML, like Gecko) Chrome/59.0.3071.125 Mobile Safari/537.36"
178.189.230.237 - - [23/Jul/2017:08:22:09 +0200] "GET /css/mobile.css HTTP/1.1" 200 2852 "http://www.easydrivers.at/" "Mozilla/5.0 (Linux; Android 5.1.1; LG-K420 Build/LMY47V) AppleWebKit/537.36 (KHTML, like Gecko) Chrome/59.0.3071.125 Mobile Safari/537.36"
178.189.230.237 - - [23/Jul/2017:08:22:09 +0200] "GET /javascript/jquery-1.9.1.min.js HTTP/1.1" 200 32731 "http://www.easydrivers.at/" "Mozilla/5.0 (Linux; Android 5.1.1; LG-K420 Build/LMY47V) AppleWebKit/537.36 (KHTML, like Gecko) Chrome/59.0.3071.125 Mobile Safari/537.36"
178.189.230.237 - - [23/Jul/2017:08:22:09 +0200] "GET /javascript/jquery.cookie.js HTTP/1.1" 200 863 "http://www.easydrivers.at/" "Mozilla/5.0 (Linux; Android 5.1.1; LG-K420 Build/LMY47V) AppleWebKit/537.36 (KHTML, like Gecko) Chrome/59.0.3071.125 Mobile Safari/537.36"
178.189.230.237 - - [23/Jul/2017:08:22:09 +0200] "GET /javascript/mobile-menu.js HTTP/1.1" 200 1634 "http://www.easydrivers.at/" "Mozilla/5.0 (Linux; Android 5.1.1; LG-K420 Build/LMY47V) AppleWebKit/537.36 (KHTML, like Gecko) Chrome/59.0.3071.125 Mobile Safari/537.36"
178.189.230.237 - - [23/Jul/2017:08:22:09 +0200] "GET /javascript/jquery.simplemodal.js HTTP/1.1" 200 3070 "http://www.easydrivers.at/" "Mozilla/5.0 (Linux; Android 5.1.1; LG-K420 Build/LMY47V) AppleWebKit/537.36 (KHTML, like Gecko) Chrome/59.0.3071.125 Mobile Safari/537.36"
178.189.230.237 - - [23/Jul/2017:08:22:10 +0200] "GET /javascript/mobile-homesearch.js HTTP/1.1" 200 340 "http://www.easydrivers.at/" "Mozilla/5.0 (Linux; Android 5.1.1; LG-K420 Build/LMY47V) AppleWebKit/537.36 (KHTML, like Gecko) Chrome/59.0.3071.125 Mobile Safari/537.36"
178.189.230.237 - - [23/Jul/2017:08:22:10 +0200] "GET /javascript/lazyload.js HTTP/1.1" 200 1170 "http://www.easydrivers.at/" "Mozilla/5.0 (Linux; Android 5.1.1; LG-K420 Build/LMY47V) AppleWebKit/537.36 (KHTML, like Gecko) Chrome/59.0.3071.125 Mobile Safari/537.36"
178.189.230.237 - - [23/Jul/2017:08:22:10 +0200] "GET /img/mobile/easydrivers-logo-mobile.png HTTP/1.1" 200 10766 "http://www.easydrivers.at/" "Mozilla/5.0 (Linux; Android 5.1.1; LG-K420 Build/LMY47V) AppleWebKit/537.36 (KHTML, like Gecko) Chrome/59.0.3071.125 Mobile Safari/537.36"
178.189.230.237 - - [23/Jul/2017:08:22:10 +0200] "GET /img/mobile/menu-button.png HTTP/1.1" 200 1746 "http://www.easydrivers.at/" "Mozilla/5.0 (Linux; Android 5.1.1; LG-K420 Build/LMY47V) AppleWebKit/537.36 (KHTML, like Gecko) Chrome/59.0.3071.125 Mobile Safari/537.36"
178.189.230.237 - - [23/Jul/2017:08:22:10 +0200] "GET /img/mobile/close-button.png HTTP/1.1" 200 2411 "http://www.easydrivers.at/" "Mozilla/5.0 (Linux; Android 5.1.1; LG-K420 Build/LMY47V) AppleWebKit/537.36 (KHTML, like Gecko) Chrome/59.0.3071.125 Mobile Safari/537.36"
178.189.230.237 - - [23/Jul/2017:08:22:10 +0200] "GET /img/mobile/facebook-icon.png HTTP/1.1" 200 1902 "http://www.easydrivers.at/" "Mozilla/5.0 (Linux; Android 5.1.1; LG-K420 Build/LMY47V) AppleWebKit/537.36 (KHTML, like Gecko) Chrome/59.0.3071.125 Mobile Safari/537.36"
178.189.230.237 - - [23/Jul/2017:08:22:10 +0200] "GET /img/mobile/widget-icon-app.png HTTP/1.1" 200 3458 "http://www.easydrivers.at/" "Mozilla/5.0 (Linux; Android 5.1.1; LG-K420 Build/LMY47V) AppleWebKit/537.36 (KHTML, like Gecko) Chrome/59.0.3071.125 Mobile Safari/537.36"
178.189.230.237 - - [23/Jul/2017:08:22:10 +0200] "GET /img/mobile/bg-header.jpg HTTP/1.1" 200 19741 "http://www.easydrivers.at/css/mobile.css" "Mozilla/5.0 (Linux; Android 5.1.1; LG-K420 Build/LMY47V) AppleWebKit/537.36 (KHTML, like Gecko) Chrome/59.0.3071.125 Mobile Safari/537.36"
178.189.230.237 - - [23/Jul/2017:08:22:10 +0200] "GET /img/mobile/bg-menu.jpg HTTP/1.1" 200 1698 "http://www.easydrivers.at/css/mobile.css" "Mozilla/5.0 (Linux; Android 5.1.1; LG-K420 Build/LMY47V) AppleWebKit/537.36 (KHTML, like Gecko) Chrome/59.0.3071.125 Mobile Safari/537.36"
178.189.230.237 - - [23/Jul/2017:08:22:10 +0200] "GET /img/mobile/bg-top-section.jpg HTTP/1.1" 200 21711 "http://www.easydrivers.at/css/mobile.css" "Mozilla/5.0 (Linux; Android 5.1.1; LG-K420 Build/LMY47V) AppleWebKit/537.36 (KHTML, like Gecko) Chrome/59.0.3071.125 Mobile Safari/537.36"
178.189.230.237 - - [23/Jul/2017:08:22:10 +0200] "GET /img/mobile/pfeil-rechts.png HTTP/1.1" 200 1228 "http://www.easydrivers.at/css/mobile.css" "Mozilla/5.0 (Linux; Android 5.1.1; LG-K420 Build/LMY47V) AppleWebKit/537.36 (KHTML, like Gecko) Chrome/59.0.3071.125 Mobile Safari/537.36"
178.189.230.237 - - [23/Jul/2017:08:22:15 +0200] "GET /img/favicon.ico HTTP/1.1" 404 300 "http://www.easydrivers.at/" "Mozilla/5.0 (Linux; Android 5.1.1; LG-K420 Build/LMY47V) AppleWebKit/537.36 (KHTML, like Gecko) Chrome/59.0.3071.125 Mobile Safari/537.36"
213.225.3.168 - - [23/Jul/2017:08:22:16 +0200] "GET /perg/10285512?FS=CCE95 HTTP/1.1" 200 3087 "http://www.easydrivers.at/suche" "Mozilla/5.0 (Linux; Android 6.0.1; F5121 Build/34.0.A.2.292) AppleWebKit/537.36 (KHTML, like Gecko) Chrome/59.0.3071.125 Mobile Safari/537.36"
213.225.10.90 - - [23/Jul/2017:08:22:47 +0200] "GET / HTTP/1.1" 200 4406 "-" "Mozilla/5.0 (Windows NT 6.1; WOW64; Trident/7.0; rv:11.0) like Gecko"
62.46.222.202 - - [23/Jul/2017:08:22:47 +0200] "GET / HTTP/1.1" 200 4406 "https://www.google.at/" "Mozilla/5.0 (Windows NT 10.0; Win64; x64) AppleWebKit/537.36 (KHTML, like Gecko) Chrome/46.0.2486.0 Safari/537.36 Edge/13.10586"
62.46.222.202 - - [23/Jul/2017:08:22:49 +0200] "GET /css/style.css HTTP/1.1" 200 5004 "http://www.easydrivers.at/" "Mozilla/5.0 (Windows NT 10.0; Win64; x64) AppleWebKit/537.36 (KHTML, like Gecko) Chrome/46.0.2486.0 Safari/537.36 Edge/13.10586"
62.46.222.202 - - [23/Jul/2017:08:22:49 +0200] "GET /javascript/jquery.simplemodal.js HTTP/1.1" 200 3070 "http://www.easydrivers.at/" "Mozilla/5.0 (Windows NT 10.0; Win64; x64) AppleWebKit/537.36 (KHTML, like Gecko) Chrome/46.0.2486.0 Safari/537.36 Edge/13.10586"
62.46.222.202 - - [23/Jul/2017:08:22:49 +0200] "GET /javascript/jquery.cookie.js HTTP/1.1" 200 863 "http://www.easydrivers.at/" "Mozilla/5.0 (Windows NT 10.0; Win64; x64) AppleWebKit/537.36 (KHTML, like Gecko) Chrome/46.0.2486.0 Safari/537.36 Edge/13.10586"
62.46.222.202 - - [23/Jul/2017:08:22:49 +0200] "GET /javascript/jquery.customSelect.min.js HTTP/1.1" 200 912 "http://www.easydrivers.at/" "Mozilla/5.0 (Windows NT 10.0; Win64; x64) AppleWebKit/537.36 (KHTML, like Gecko) Chrome/46.0.2486.0 Safari/537.36 Edge/13.10586"
62.46.222.202 - - [23/Jul/2017:08:22:49 +0200] "GET /css/print.css HTTP/1.1" 200 967 "http://www.easydrivers.at/" "Mozilla/5.0 (Windows NT 10.0; Win64; x64) AppleWebKit/537.36 (KHTML, like Gecko) Chrome/46.0.2486.0 Safari/537.36 Edge/13.10586"
62.46.222.202 - - [23/Jul/2017:08:22:49 +0200] "GET /javascript/portal.js?1221842734 HTTP/1.1" 200 3529 "http://www.easydrivers.at/" "Mozilla/5.0 (Windows NT 10.0; Win64; x64) AppleWebKit/537.36 (KHTML, like Gecko) Chrome/46.0.2486.0 Safari/537.36 Edge/13.10586"
62.46.222.202 - - [23/Jul/2017:08:22:49 +0200] "GET /javascript/homesearch.js HTTP/1.1" 200 393 "http://www.easydrivers.at/" "Mozilla/5.0 (Windows NT 10.0; Win64; x64) AppleWebKit/537.36 (KHTML, like Gecko) Chrome/46.0.2486.0 Safari/537.36 Edge/13.10586"
62.46.222.202 - - [23/Jul/2017:08:22:49 +0200] "GET /img/facebook-icon.png HTTP/1.1" 200 1506 "http://www.easydrivers.at/" "Mozilla/5.0 (Windows NT 10.0; Win64; x64) AppleWebKit/537.36 (KHTML, like Gecko) Chrome/46.0.2486.0 Safari/537.36 Edge/13.10586"
62.46.222.202 - - [23/Jul/2017:08:22:49 +0200] "GET /binaries/easy-drivers-portal/widget-icon-trainingpng.png HTTP/1.1" 200 2662 "http://www.easydrivers.at/" "Mozilla/5.0 (Windows NT 10.0; Win64; x64) AppleWebKit/537.36 (KHTML, like Gecko) Chrome/46.0.2486.0 Safari/537.36 Edge/13.10586"
62.46.222.202 - - [23/Jul/2017:08:22:49 +0200] "GET /img/close-button.png HTTP/1.1" 200 2237 "http://www.easydrivers.at/" "Mozilla/5.0 (Windows NT 10.0; Win64; x64) AppleWebKit/537.36 (KHTML, like Gecko) Chrome/46.0.2486.0 Safari/537.36 Edge/13.10586"
62.46.222.202 - - [23/Jul/2017:08:22:49 +0200] "GET /img/submit-button.png HTTP/1.1" 200 1958 "http://www.easydrivers.at/" "Mozilla/5.0 (Windows NT 10.0; Win64; x64) AppleWebKit/537.36 (KHTML, like Gecko) Chrome/46.0.2486.0 Safari/537.36 Edge/13.10586"
62.46.222.202 - - [23/Jul/2017:08:22:49 +0200] "GET /img/empty.gif HTTP/1.1" 200 43 "http://www.easydrivers.at/" "Mozilla/5.0 (Windows NT 10.0; Win64; x64) AppleWebKit/537.36 (KHTML, like Gecko) Chrome/46.0.2486.0 Safari/537.36 Edge/13.10586"
62.46.222.202 - - [23/Jul/2017:08:22:49 +0200] "GET /binaries/easy-drivers-portal/widget-icon-expertspng.png HTTP/1.1" 200 2159 "http://www.easydrivers.at/" "Mozilla/5.0 (Windows NT 10.0; Win64; x64) AppleWebKit/537.36 (KHTML, like Gecko) Chrome/46.0.2486.0 Safari/537.36 Edge/13.10586"
62.46.222.202 - - [23/Jul/2017:08:22:49 +0200] "GET /binaries/easy-drivers-portal/widget-icon-apppng.png HTTP/1.1" 200 2432 "http://www.easydrivers.at/" "Mozilla/5.0 (Windows NT 10.0; Win64; x64) AppleWebKit/537.36 (KHTML, like Gecko) Chrome/46.0.2486.0 Safari/537.36 Edge/13.10586"
62.46.222.202 - - [23/Jul/2017:08:22:49 +0200] "GET /binaries/easy-drivers-portal/edradfahrschullogowidget160x90pxpng.png HTTP/1.1" 200 23394 "http://www.easydrivers.at/" "Mozilla/5.0 (Windows NT 10.0; Win64; x64) AppleWebKit/537.36 (KHTML, like Gecko) Chrome/46.0.2486.0 Safari/537.36 Edge/13.10586"
62.46.222.202 - - [23/Jul/2017:08:22:49 +0200] "GET /javascript/lazyload.js HTTP/1.1" 200 1170 "http://www.easydrivers.at/" "Mozilla/5.0 (Windows NT 10.0; Win64; x64) AppleWebKit/537.36 (KHTML, like Gecko) Chrome/46.0.2486.0 Safari/537.36 Edge/13.10586"
62.46.222.202 - - [23/Jul/2017:08:22:49 +0200] "GET /img/schweiz-icon.png HTTP/1.1" 200 1504 "http://www.easydrivers.at/" "Mozilla/5.0 (Windows NT 10.0; Win64; x64) AppleWebKit/537.36 (KHTML, like Gecko) Chrome/46.0.2486.0 Safari/537.36 Edge/13.10586"
62.46.222.202 - - [23/Jul/2017:08:22:49 +0200] "GET /img/kursicon-print-pink.png HTTP/1.1" 200 1125 "http://www.easydrivers.at/" "Mozilla/5.0 (Windows NT 10.0; Win64; x64) AppleWebKit/537.36 (KHTML, like Gecko) Chrome/46.0.2486.0 Safari/537.36 Edge/13.10586"
62.46.222.202 - - [23/Jul/2017:08:22:49 +0200] "GET /img/kursicon-phone-pink.png HTTP/1.1" 200 1286 "http://www.easydrivers.at/" "Mozilla/5.0 (Windows NT 10.0; Win64; x64) AppleWebKit/537.36 (KHTML, like Gecko) Chrome/46.0.2486.0 Safari/537.36 Edge/13.10586"
62.46.222.202 - - [23/Jul/2017:08:22:49 +0200] "GET /img/kursicon-share-pink.png HTTP/1.1" 200 1277 "http://www.easydrivers.at/" "Mozilla/5.0 (Windows NT 10.0; Win64; x64) AppleWebKit/537.36 (KHTML, like Gecko) Chrome/46.0.2486.0 Safari/537.36 Edge/13.10586"
62.46.222.202 - - [23/Jul/2017:08:22:49 +0200] "GET /img/kursicon-download-pink.png HTTP/1.1" 200 1213 "http://www.easydrivers.at/" "Mozilla/5.0 (Windows NT 10.0; Win64; x64) AppleWebKit/537.36 (KHTML, like Gecko) Chrome/46.0.2486.0 Safari/537.36 Edge/13.10586"
62.46.222.202 - - [23/Jul/2017:08:22:49 +0200] "GET /img/bg-header.jpg HTTP/1.1" 200 38680 "http://www.easydrivers.at/" "Mozilla/5.0 (Windows NT 10.0; Win64; x64) AppleWebKit/537.36 (KHTML, like Gecko) Chrome/46.0.2486.0 Safari/537.36 Edge/13.10586"
62.46.222.202 - - [23/Jul/2017:08:22:49 +0200] "GET /img/yellow-dots-vertical.png HTTP/1.1" 200 981 "http://www.easydrivers.at/" "Mozilla/5.0 (Windows NT 10.0; Win64; x64) AppleWebKit/537.36 (KHTML, like Gecko) Chrome/46.0.2486.0 Safari/537.36 Edge/13.10586"
62.46.222.202 - - [23/Jul/2017:08:22:49 +0200] "GET /img/black-dots-vertical.png HTTP/1.1" 200 1165 "http://www.easydrivers.at/" "Mozilla/5.0 (Windows NT 10.0; Win64; x64) AppleWebKit/537.36 (KHTML, like Gecko) Chrome/46.0.2486.0 Safari/537.36 Edge/13.10586"
62.46.222.202 - - [23/Jul/2017:08:22:49 +0200] "GET /img/purple-dots-horizontal.png HTTP/1.1" 200 977 "http://www.easydrivers.at/" "Mozilla/5.0 (Windows NT 10.0; Win64; x64) AppleWebKit/537.36 (KHTML, like Gecko) Chrome/46.0.2486.0 Safari/537.36 Edge/13.10586"
62.46.222.202 - - [23/Jul/2017:08:22:49 +0200] "GET /img/ED_Logo.png HTTP/1.1" 200 3385 "http://www.easydrivers.at/" "Mozilla/5.0 (Windows NT 10.0; Win64; x64) AppleWebKit/537.36 (KHTML, like Gecko) Chrome/46.0.2486.0 Safari/537.36 Edge/13.10586"
62.46.222.202 - - [23/Jul/2017:08:22:49 +0200] "GET /img/bg-footer.jpg HTTP/1.1" 200 31770 "http://www.easydrivers.at/" "Mozilla/5.0 (Windows NT 10.0; Win64; x64) AppleWebKit/537.36 (KHTML, like Gecko) Chrome/46.0.2486.0 Safari/537.36 Edge/13.10586"
62.46.222.202 - - [23/Jul/2017:08:22:49 +0200] "GET /img/bg-top-section.jpg HTTP/1.1" 200 82172 "http://www.easydrivers.at/" "Mozilla/5.0 (Windows NT 10.0; Win64; x64) AppleWebKit/537.36 (KHTML, like Gecko) Chrome/46.0.2486.0 Safari/537.36 Edge/13.10586"
62.46.222.202 - - [23/Jul/2017:08:22:49 +0200] "GET /img/selection-box-button.png HTTP/1.1" 200 1079 "http://www.easydrivers.at/" "Mozilla/5.0 (Windows NT 10.0; Win64; x64) AppleWebKit/537.36 (KHTML, like Gecko) Chrome/46.0.2486.0 Safari/537.36 Edge/13.10586"
213.225.3.168 - - [23/Jul/2017:08:23:01 +0200] "GET /suche HTTP/1.1" 200 3449 "http://www.easydrivers.at/perg/10285512?FS=CCE95" "Mozilla/5.0 (Linux; Android 6.0.1; F5121 Build/34.0.A.2.292) AppleWebKit/537.36 (KHTML, like Gecko) Chrome/59.0.3071.125 Mobile Safari/537.36"
213.225.3.168 - - [23/Jul/2017:08:23:03 +0200] "POST /loadkursliste HTTP/1.1" 200 362 "http://www.easydrivers.at/suche" "Mozilla/5.0 (Linux; Android 6.0.1; F5121 Build/34.0.A.2.292) AppleWebKit/537.36 (KHTML, like Gecko) Chrome/59.0.3071.125 Mobile Safari/537.36"
66.249.66.75 - - [23/Jul/2017:08:23:08 +0200] "GET /freistadt HTTP/1.1" 404 2359 "-" "Mozilla/5.0 (Linux; Android 6.0.1; Nexus 5X Build/MMB29P) AppleWebKit/537.36 (KHTML, like Gecko) Chrome/41.0.2272.96 Mobile Safari/537.36 (compatible; Googlebot/2.1; +http://www.google.com/bot.html)"
213.225.3.168 - - [23/Jul/2017:08:23:18 +0200] "POST /loadkursliste HTTP/1.1" 200 380 "http://www.easydrivers.at/suche" "Mozilla/5.0 (Linux; Android 6.0.1; F5121 Build/34.0.A.2.292) AppleWebKit/537.36 (KHTML, like Gecko) Chrome/59.0.3071.125 Mobile Safari/537.36"
193.80.74.125 - - [23/Jul/2017:08:23:21 +0200] "POST /loadkursliste HTTP/1.1" 200 728 "https://www.easydrivers.at/langenlois/kursauswahl" "Mozilla/5.0 (iPhone; CPU iPhone OS 9_2_1 like Mac OS X) AppleWebKit/601.1.46 (KHTML, like Gecko) Version/9.0 Mobile/13D15 Safari/601.1"
213.225.3.168 - - [23/Jul/2017:08:23:31 +0200] "GET /amstetten/kurs_ced?FS=CCE95 HTTP/1.1" 200 3156 "http://www.easydrivers.at/suche" "Mozilla/5.0 (Linux; Android 6.0.1; F5121 Build/34.0.A.2.292) AppleWebKit/537.36 (KHTML, like Gecko) Chrome/59.0.3071.125 Mobile Safari/537.36"
157.55.39.230 - - [23/Jul/2017:08:23:40 +0200] "GET /waidhofen.thaya HTTP/1.1" 200 3499 "-" "Mozilla/5.0 (compatible; bingbot/2.0; +http://www.bing.com/bingbot.htm)"
193.80.74.125 - - [23/Jul/2017:08:23:47 +0200] "GET /langenlois/B-Kurs-August-2017?FS=B HTTP/1.1" 200 3160 "https://www.easydrivers.at/langenlois/kursauswahl" "Mozilla/5.0 (iPhone; CPU iPhone OS 9_2_1 like Mac OS X) AppleWebKit/601.1.46 (KHTML, like Gecko) Version/9.0 Mobile/13D15 Safari/601.1"
51.255.71.133 - - [23/Jul/2017:08:23:54 +0200] "GET /oberwart/herbstaktionen HTTP/1.1" 404 3387 "-" "Mozilla/5.0 (compatible; AhrefsBot/5.2; +http://ahrefs.com/robot/)"
193.80.74.125 - - [23/Jul/2017:08:23:54 +0200] "GET /langenlois/kursauswahl HTTP/1.1" 200 3069 "https://www.easydrivers.at/suche" "Mozilla/5.0 (iPhone; CPU iPhone OS 9_2_1 like Mac OS X) AppleWebKit/601.1.46 (KHTML, like Gecko) Version/9.0 Mobile/13D15 Safari/601.1"
193.80.74.125 - - [23/Jul/2017:08:23:56 +0200] "POST /loadkursliste HTTP/1.1" 200 728 "https://www.easydrivers.at/langenlois/kursauswahl" "Mozilla/5.0 (iPhone; CPU iPhone OS 9_2_1 like Mac OS X) AppleWebKit/601.1.46 (KHTML, like Gecko) Version/9.0 Mobile/13D15 Safari/601.1"
193.80.74.125 - - [23/Jul/2017:08:24:00 +0200] "GET /langenlois/B-Ferienkurs-August-2017?FS=B HTTP/1.1" 200 3178 "https://www.easydrivers.at/langenlois/kursauswahl" "Mozilla/5.0 (iPhone; CPU iPhone OS 9_2_1 like Mac OS X) AppleWebKit/601.1.46 (KHTML, like Gecko) Version/9.0 Mobile/13D15 Safari/601.1"
213.225.3.168 - - [23/Jul/2017:08:24:14 +0200] "GET /suche HTTP/1.1" 200 3449 "http://www.easydrivers.at/perg/10285512?FS=CCE95" "Mozilla/5.0 (Linux; Android 6.0.1; F5121 Build/34.0.A.2.292) AppleWebKit/537.36 (KHTML, like Gecko) Chrome/59.0.3071.125 Mobile Safari/537.36"
213.225.3.168 - - [23/Jul/2017:08:24:15 +0200] "GET /perg/10285512?FS=CCE95 HTTP/1.1" 200 3087 "http://www.easydrivers.at/suche" "Mozilla/5.0 (Linux; Android 6.0.1; F5121 Build/34.0.A.2.292) AppleWebKit/537.36 (KHTML, like Gecko) Chrome/59.0.3071.125 Mobile Safari/537.36"
193.80.74.125 - - [23/Jul/2017:08:24:17 +0200] "GET /langenlois/kursauswahl HTTP/1.1" 200 3069 "https://www.easydrivers.at/suche" "Mozilla/5.0 (iPhone; CPU iPhone OS 9_2_1 like Mac OS X) AppleWebKit/601.1.46 (KHTML, like Gecko) Version/9.0 Mobile/13D15 Safari/601.1"
193.80.74.125 - - [23/Jul/2017:08:24:20 +0200] "POST /loadkursliste HTTP/1.1" 200 728 "https://www.easydrivers.at/langenlois/kursauswahl" "Mozilla/5.0 (iPhone; CPU iPhone OS 9_2_1 like Mac OS X) AppleWebKit/601.1.46 (KHTML, like Gecko) Version/9.0 Mobile/13D15 Safari/601.1"
213.225.3.168 - - [23/Jul/2017:08:24:22 +0200] "GET /fuehrerscheine/lkw HTTP/1.1" 200 3733 "http://www.easydrivers.at/perg" "Mozilla/5.0 (Linux; Android 6.0.1; F5121 Build/34.0.A.2.292) AppleWebKit/537.36 (KHTML, like Gecko) Chrome/59.0.3071.125 Mobile Safari/537.36"
213.225.3.168 - - [23/Jul/2017:08:24:25 +0200] "GET /perg HTTP/1.1" 200 2928 "http://www.easydrivers.at/perg/kurse" "Mozilla/5.0 (Linux; Android 6.0.1; F5121 Build/34.0.A.2.292) AppleWebKit/537.36 (KHTML, like Gecko) Chrome/59.0.3071.125 Mobile Safari/537.36"
213.225.3.168 - - [23/Jul/2017:08:24:28 +0200] "GET /perg/kurse HTTP/1.1" 200 3227 "http://www.easydrivers.at/perg/aktionen" "Mozilla/5.0 (Linux; Android 6.0.1; F5121 Build/34.0.A.2.292) AppleWebKit/537.36 (KHTML, like Gecko) Chrome/59.0.3071.125 Mobile Safari/537.36"
213.225.3.168 - - [23/Jul/2017:08:24:31 +0200] "POST /loadkursliste HTTP/1.1" 200 362 "http://www.easydrivers.at/perg/kurse" "Mozilla/5.0 (Linux; Android 6.0.1; F5121 Build/34.0.A.2.292) AppleWebKit/537.36 (KHTML, like Gecko) Chrome/59.0.3071.125 Mobile Safari/537.36"
213.225.3.168 - - [23/Jul/2017:08:24:32 +0200] "GET /perg/aktionen HTTP/1.1" 200 2541 "http://www.easydrivers.at/perg/10285512?FS=CCE95" "Mozilla/5.0 (Linux; Android 6.0.1; F5121 Build/34.0.A.2.292) AppleWebKit/537.36 (KHTML, like Gecko) Chrome/59.0.3071.125 Mobile Safari/537.36"
213.225.3.168 - - [23/Jul/2017:08:24:38 +0200] "GET /perg/10285512?FS=CCE95 HTTP/1.1" 200 3083 "http://www.easydrivers.at/perg/kursauswahl" "Mozilla/5.0 (Linux; Android 6.0.1; F5121 Build/34.0.A.2.292) AppleWebKit/537.36 (KHTML, like Gecko) Chrome/59.0.3071.125 Mobile Safari/537.36"
157.55.39.252 - - [23/Jul/2017:08:24:46 +0200] "GET /app/ HTTP/1.1" 200 4408 "-" "Mozilla/5.0 (compatible; bingbot/2.0; +http://www.bing.com/bingbot.htm)"
213.225.3.168 - - [23/Jul/2017:08:25:00 +0200] "GET /perg HTTP/1.1" 200 2928 "https://www.google.at/" "Mozilla/5.0 (Linux; Android 6.0.1; F5121 Build/34.0.A.2.292) AppleWebKit/537.36 (KHTML, like Gecko) Chrome/59.0.3071.125 Mobile Safari/537.36"
62.46.164.248 - - [23/Jul/2017:08:25:22 +0200] "GET / HTTP/1.1" 200 4406 "-" "Mozilla/5.0 (Windows NT 6.1) AppleWebKit/537.36 (KHTML, like Gecko) Chrome/59.0.3071.115 Safari/537.36"
62.46.164.248 - - [23/Jul/2017:08:25:23 +0200] "GET /css/style.css HTTP/1.1" 304 - "http://www.easydrivers.at/" "Mozilla/5.0 (Windows NT 6.1) AppleWebKit/537.36 (KHTML, like Gecko) Chrome/59.0.3071.115 Safari/537.36"
62.46.164.248 - - [23/Jul/2017:08:25:23 +0200] "GET /javascript/portal.js?1221842734 HTTP/1.1" 304 - "http://www.easydrivers.at/" "Mozilla/5.0 (Windows NT 6.1) AppleWebKit/537.36 (KHTML, like Gecko) Chrome/59.0.3071.115 Safari/537.36"
66.249.66.75 - - [23/Jul/2017:08:25:26 +0200] "GET /cache/emu/images/easy-drivers-portal10280562/fahrsicherheitstraining-foto-playpng_160_90_0.png HTTP/1.1" 304 - "-" "Googlebot-Image/1.0"
207.46.13.112 - - [23/Jul/2017:08:25:48 +0200] "GET /r-sitemap.xml HTTP/1.1" 200 454 "-" "Mozilla/5.0 (compatible; bingbot/2.0; +http://www.bing.com/bingbot.htm)"
178.115.131.135 - - [23/Jul/2017:08:26:00 +0200] "GET /fuehrerscheine/auto HTTP/1.1" 200 5440 "http://www.google.at/" "Mozilla/5.0 (Linux; Android 6.0.1; SM-G800F Build/MMB29K) AppleWebKit/537.36 (KHTML, like Gecko) Chrome/59.0.3071.125 Mobile Safari/537.36"
178.115.131.135 - - [23/Jul/2017:08:26:02 +0200] "GET /css/mobile.css HTTP/1.1" 200 2852 "http://www.easydrivers.at/fuehrerscheine/auto" "Mozilla/5.0 (Linux; Android 6.0.1; SM-G800F Build/MMB29K) AppleWebKit/537.36 (KHTML, like Gecko) Chrome/59.0.3071.125 Mobile Safari/537.36"
178.115.131.135 - - [23/Jul/2017:08:26:02 +0200] "GET /javascript/mobile-menu.js HTTP/1.1" 200 1634 "http://www.easydrivers.at/fuehrerscheine/auto" "Mozilla/5.0 (Linux; Android 6.0.1; SM-G800F Build/MMB29K) AppleWebKit/537.36 (KHTML, like Gecko) Chrome/59.0.3071.125 Mobile Safari/537.36"
178.115.131.135 - - [23/Jul/2017:08:26:02 +0200] "GET /javascript/jquery.simplemodal.js HTTP/1.1" 200 3070 "http://www.easydrivers.at/fuehrerscheine/auto" "Mozilla/5.0 (Linux; Android 6.0.1; SM-G800F Build/MMB29K) AppleWebKit/537.36 (KHTML, like Gecko) Chrome/59.0.3071.125 Mobile Safari/537.36"
178.115.131.135 - - [23/Jul/2017:08:26:02 +0200] "GET /javascript/jquery.cookie.js HTTP/1.1" 200 863 "http://www.easydrivers.at/fuehrerscheine/auto" "Mozilla/5.0 (Linux; Android 6.0.1; SM-G800F Build/MMB29K) AppleWebKit/537.36 (KHTML, like Gecko) Chrome/59.0.3071.125 Mobile Safari/537.36"
178.115.131.135 - - [23/Jul/2017:08:26:02 +0200] "GET /javascript/jquery-1.9.1.min.js HTTP/1.1" 200 32731 "http://www.easydrivers.at/fuehrerscheine/auto" "Mozilla/5.0 (Linux; Android 6.0.1; SM-G800F Build/MMB29K) AppleWebKit/537.36 (KHTML, like Gecko) Chrome/59.0.3071.125 Mobile Safari/537.36"
178.115.131.135 - - [23/Jul/2017:08:26:03 +0200] "GET /javascript/mobile-license.js HTTP/1.1" 200 216 "http://www.easydrivers.at/fuehrerscheine/auto" "Mozilla/5.0 (Linux; Android 6.0.1; SM-G800F Build/MMB29K) AppleWebKit/537.36 (KHTML, like Gecko) Chrome/59.0.3071.125 Mobile Safari/537.36"
178.115.131.135 - - [23/Jul/2017:08:26:03 +0200] "GET /javascript/lazyload.js HTTP/1.1" 200 1170 "http://www.easydrivers.at/fuehrerscheine/auto" "Mozilla/5.0 (Linux; Android 6.0.1; SM-G800F Build/MMB29K) AppleWebKit/537.36 (KHTML, like Gecko) Chrome/59.0.3071.125 Mobile Safari/537.36"
178.115.131.135 - - [23/Jul/2017:08:26:03 +0200] "GET /img/mobile/easydrivers-logo-mobile.png HTTP/1.1" 200 10766 "http://www.easydrivers.at/fuehrerscheine/auto" "Mozilla/5.0 (Linux; Android 6.0.1; SM-G800F Build/MMB29K) AppleWebKit/537.36 (KHTML, like Gecko) Chrome/59.0.3071.125 Mobile Safari/537.36"
178.115.131.135 - - [23/Jul/2017:08:26:03 +0200] "GET /img/mobile/close-button.png HTTP/1.1" 200 2411 "http://www.easydrivers.at/fuehrerscheine/auto" "Mozilla/5.0 (Linux; Android 6.0.1; SM-G800F Build/MMB29K) AppleWebKit/537.36 (KHTML, like Gecko) Chrome/59.0.3071.125 Mobile Safari/537.36"
178.115.131.135 - - [23/Jul/2017:08:26:03 +0200] "GET /img/mobile/menu-button.png HTTP/1.1" 200 1746 "http://www.easydrivers.at/fuehrerscheine/auto" "Mozilla/5.0 (Linux; Android 6.0.1; SM-G800F Build/MMB29K) AppleWebKit/537.36 (KHTML, like Gecko) Chrome/59.0.3071.125 Mobile Safari/537.36"
178.115.131.135 - - [23/Jul/2017:08:26:03 +0200] "GET /img/mobile/facebook-icon.png HTTP/1.1" 200 1902 "http://www.easydrivers.at/fuehrerscheine/auto" "Mozilla/5.0 (Linux; Android 6.0.1; SM-G800F Build/MMB29K) AppleWebKit/537.36 (KHTML, like Gecko) Chrome/59.0.3071.125 Mobile Safari/537.36"
178.115.131.135 - - [23/Jul/2017:08:26:03 +0200] "GET /img/mobile/bg-header.jpg HTTP/1.1" 200 19741 "http://www.easydrivers.at/css/mobile.css" "Mozilla/5.0 (Linux; Android 6.0.1; SM-G800F Build/MMB29K) AppleWebKit/537.36 (KHTML, like Gecko) Chrome/59.0.3071.125 Mobile Safari/537.36"
178.115.131.135 - - [23/Jul/2017:08:26:03 +0200] "GET /img/mobile/bg-menu.jpg HTTP/1.1" 200 1698 "http://www.easydrivers.at/css/mobile.css" "Mozilla/5.0 (Linux; Android 6.0.1; SM-G800F Build/MMB29K) AppleWebKit/537.36 (KHTML, like Gecko) Chrome/59.0.3071.125 Mobile Safari/537.36"
178.115.131.135 - - [23/Jul/2017:08:26:03 +0200] "GET /img/mobile/bg-yellow.jpg HTTP/1.1" 200 1569 "http://www.easydrivers.at/css/mobile.css" "Mozilla/5.0 (Linux; Android 6.0.1; SM-G800F Build/MMB29K) AppleWebKit/537.36 (KHTML, like Gecko) Chrome/59.0.3071.125 Mobile Safari/537.36"
178.115.131.135 - - [23/Jul/2017:08:26:03 +0200] "GET /img/mobile/weiter-button.png HTTP/1.1" 200 1670 "http://www.easydrivers.at/css/mobile.css" "Mozilla/5.0 (Linux; Android 6.0.1; SM-G800F Build/MMB29K) AppleWebKit/537.36 (KHTML, like Gecko) Chrome/59.0.3071.125 Mobile Safari/537.36"
178.115.131.135 - - [23/Jul/2017:08:26:04 +0200] "GET /img/favicon.ico HTTP/1.1" 404 300 "http://www.easydrivers.at/fuehrerscheine/auto" "Mozilla/5.0 (Linux; Android 6.0.1; SM-G800F Build/MMB29K) AppleWebKit/537.36 (KHTML, like Gecko) Chrome/59.0.3071.125 Mobile Safari/537.36"
178.115.131.135 - - [23/Jul/2017:08:26:13 +0200] "GET /img/mobile/pfeil-links-small.png HTTP/1.1" 200 1065 "http://www.easydrivers.at/css/mobile.css" "Mozilla/5.0 (Linux; Android 6.0.1; SM-G800F Build/MMB29K) AppleWebKit/537.36 (KHTML, like Gecko) Chrome/59.0.3071.125 Mobile Safari/537.36"
178.115.131.135 - - [23/Jul/2017:08:26:13 +0200] "GET /img/mobile/pfeil-rechts-small.png HTTP/1.1" 200 1056 "http://www.easydrivers.at/css/mobile.css" "Mozilla/5.0 (Linux; Android 6.0.1; SM-G800F Build/MMB29K) AppleWebKit/537.36 (KHTML, like Gecko) Chrome/59.0.3071.125 Mobile Safari/537.36"
178.115.131.135 - - [23/Jul/2017:08:26:34 +0200] "GET /fuehrerscheine/auto?channel=fullversion HTTP/1.1" 200 3307 "http://www.easydrivers.at/fuehrerscheine/auto" "Mozilla/5.0 (Linux; Android 6.0.1; SM-G800F Build/MMB29K) AppleWebKit/537.36 (KHTML, like Gecko) Chrome/59.0.3071.125 Mobile Safari/537.36"
178.115.131.135 - - [23/Jul/2017:08:26:36 +0200] "GET /javascript/jquery.customSelect.min.js HTTP/1.1" 200 912 "http://www.easydrivers.at/fuehrerscheine/auto?channel=fullversion" "Mozilla/5.0 (Linux; Android 6.0.1; SM-G800F Build/MMB29K) AppleWebKit/537.36 (KHTML, like Gecko) Chrome/59.0.3071.125 Mobile Safari/537.36"
178.115.131.135 - - [23/Jul/2017:08:26:36 +0200] "GET /css/style.css HTTP/1.1" 200 5004 "http://www.easydrivers.at/fuehrerscheine/auto?channel=fullversion" "Mozilla/5.0 (Linux; Android 6.0.1; SM-G800F Build/MMB29K) AppleWebKit/537.36 (KHTML, like Gecko) Chrome/59.0.3071.125 Mobile Safari/537.36"
178.115.131.135 - - [23/Jul/2017:08:26:36 +0200] "GET /javascript/portal.js?1221842734 HTTP/1.1" 200 3529 "http://www.easydrivers.at/fuehrerscheine/auto?channel=fullversion" "Mozilla/5.0 (Linux; Android 6.0.1; SM-G800F Build/MMB29K) AppleWebKit/537.36 (KHTML, like Gecko) Chrome/59.0.3071.125 Mobile Safari/537.36"
178.115.131.135 - - [23/Jul/2017:08:26:36 +0200] "GET /javascript/license.js HTTP/1.1" 200 315 "http://www.easydrivers.at/fuehrerscheine/auto?channel=fullversion" "Mozilla/5.0 (Linux; Android 6.0.1; SM-G800F Build/MMB29K) AppleWebKit/537.36 (KHTML, like Gecko) Chrome/59.0.3071.125 Mobile Safari/537.36"
178.115.131.135 - - [23/Jul/2017:08:26:36 +0200] "GET /img/close-button.png HTTP/1.1" 200 2237 "http://www.easydrivers.at/fuehrerscheine/auto?channel=fullversion" "Mozilla/5.0 (Linux; Android 6.0.1; SM-G800F Build/MMB29K) AppleWebKit/537.36 (KHTML, like Gecko) Chrome/59.0.3071.125 Mobile Safari/537.36"
178.115.131.135 - - [23/Jul/2017:08:26:36 +0200] "GET /img/facebook-icon.png HTTP/1.1" 200 1506 "http://www.easydrivers.at/fuehrerscheine/auto?channel=fullversion" "Mozilla/5.0 (Linux; Android 6.0.1; SM-G800F Build/MMB29K) AppleWebKit/537.36 (KHTML, like Gecko) Chrome/59.0.3071.125 Mobile Safari/537.36"
178.115.131.135 - - [23/Jul/2017:08:26:36 +0200] "GET /img/bg-header.jpg HTTP/1.1" 200 38680 "http://www.easydrivers.at/css/style.css" "Mozilla/5.0 (Linux; Android 6.0.1; SM-G800F Build/MMB29K) AppleWebKit/537.36 (KHTML, like Gecko) Chrome/59.0.3071.125 Mobile Safari/537.36"
178.115.131.135 - - [23/Jul/2017:08:26:36 +0200] "GET /img/schweiz-icon.png HTTP/1.1" 200 1504 "http://www.easydrivers.at/fuehrerscheine/auto?channel=fullversion" "Mozilla/5.0 (Linux; Android 6.0.1; SM-G800F Build/MMB29K) AppleWebKit/537.36 (KHTML, like Gecko) Chrome/59.0.3071.125 Mobile Safari/537.36"
178.115.131.135 - - [23/Jul/2017:08:26:36 +0200] "GET /img/ED_Logo.png HTTP/1.1" 200 3385 "http://www.easydrivers.at/css/style.css" "Mozilla/5.0 (Linux; Android 6.0.1; SM-G800F Build/MMB29K) AppleWebKit/537.36 (KHTML, like Gecko) Chrome/59.0.3071.125 Mobile Safari/537.36"
178.115.131.135 - - [23/Jul/2017:08:26:36 +0200] "GET /img/bg-yellow.jpg HTTP/1.1" 200 2250 "http://www.easydrivers.at/css/style.css" "Mozilla/5.0 (Linux; Android 6.0.1; SM-G800F Build/MMB29K) AppleWebKit/537.36 (KHTML, like Gecko) Chrome/59.0.3071.125 Mobile Safari/537.36"
178.115.131.135 - - [23/Jul/2017:08:26:36 +0200] "GET /css/print.css HTTP/1.1" 200 967 "http://www.easydrivers.at/fuehrerscheine/auto?channel=fullversion" "Mozilla/5.0 (Linux; Android 6.0.1; SM-G800F Build/MMB29K) AppleWebKit/537.36 (KHTML, like Gecko) Chrome/59.0.3071.125 Mobile Safari/537.36"
178.115.131.135 - - [23/Jul/2017:08:26:36 +0200] "GET /binaries/easy-drivers-portal/pkw8jpg-1.jpg HTTP/1.1" 200 77231 "http://www.easydrivers.at/fuehrerscheine/auto?channel=fullversion" "Mozilla/5.0 (Linux; Android 6.0.1; SM-G800F Build/MMB29K) AppleWebKit/537.36 (KHTML, like Gecko) Chrome/59.0.3071.125 Mobile Safari/537.36"
178.115.131.135 - - [23/Jul/2017:08:26:37 +0200] "GET /img/bg-footer.jpg HTTP/1.1" 200 31770 "http://www.easydrivers.at/css/style.css" "Mozilla/5.0 (Linux; Android 6.0.1; SM-G800F Build/MMB29K) AppleWebKit/537.36 (KHTML, like Gecko) Chrome/59.0.3071.125 Mobile Safari/537.36"
178.115.131.135 - - [23/Jul/2017:08:26:37 +0200] "GET /img/submit-button-small.png HTTP/1.1" 200 1456 "http://www.easydrivers.at/css/style.css" "Mozilla/5.0 (Linux; Android 6.0.1; SM-G800F Build/MMB29K) AppleWebKit/537.36 (KHTML, like Gecko) Chrome/59.0.3071.125 Mobile Safari/537.36"
178.115.131.135 - - [23/Jul/2017:08:26:37 +0200] "GET /img/kursicon-print-pink.png HTTP/1.1" 200 1125 "http://www.easydrivers.at/fuehrerscheine/auto?channel=fullversion" "Mozilla/5.0 (Linux; Android 6.0.1; SM-G800F Build/MMB29K) AppleWebKit/537.36 (KHTML, like Gecko) Chrome/59.0.3071.125 Mobile Safari/537.36"
178.115.131.135 - - [23/Jul/2017:08:26:37 +0200] "GET /img/kursicon-share-pink.png HTTP/1.1" 200 1277 "http://www.easydrivers.at/fuehrerscheine/auto?channel=fullversion" "Mozilla/5.0 (Linux; Android 6.0.1; SM-G800F Build/MMB29K) AppleWebKit/537.36 (KHTML, like Gecko) Chrome/59.0.3071.125 Mobile Safari/537.36"
178.115.131.135 - - [23/Jul/2017:08:26:37 +0200] "GET /img/kursicon-download-pink.png HTTP/1.1" 200 1213 "http://www.easydrivers.at/fuehrerscheine/auto?channel=fullversion" "Mozilla/5.0 (Linux; Android 6.0.1; SM-G800F Build/MMB29K) AppleWebKit/537.36 (KHTML, like Gecko) Chrome/59.0.3071.125 Mobile Safari/537.36"
178.115.131.135 - - [23/Jul/2017:08:26:37 +0200] "GET /img/kursicon-phone-pink.png HTTP/1.1" 200 1286 "http://www.easydrivers.at/fuehrerscheine/auto?channel=fullversion" "Mozilla/5.0 (Linux; Android 6.0.1; SM-G800F Build/MMB29K) AppleWebKit/537.36 (KHTML, like Gecko) Chrome/59.0.3071.125 Mobile Safari/537.36"
178.115.131.135 - - [23/Jul/2017:08:26:37 +0200] "GET /img/new_favicon.ico HTTP/1.1" 200 1150 "http://www.easydrivers.at/fuehrerscheine/auto?channel=fullversion" "Mozilla/5.0 (Linux; Android 6.0.1; SM-G800F Build/MMB29K) AppleWebKit/537.36 (KHTML, like Gecko) Chrome/59.0.3071.125 Mobile Safari/537.36"
178.115.131.135 - - [23/Jul/2017:08:26:44 +0200] "GET /fuehrerscheine/auto/B HTTP/1.1" 200 3733 "http://www.easydrivers.at/fuehrerscheine/auto?channel=fullversion" "Mozilla/5.0 (Linux; Android 6.0.1; SM-G800F Build/MMB29K) AppleWebKit/537.36 (KHTML, like Gecko) Chrome/59.0.3071.125 Mobile Safari/537.36"
178.115.131.135 - - [23/Jul/2017:08:26:45 +0200] "GET /fuehrerscheine/auto/B HTTP/1.1" 200 3732 "http://www.easydrivers.at/fuehrerscheine/auto?channel=fullversion" "Mozilla/5.0 (Linux; Android 6.0.1; SM-G800F Build/MMB29K) AppleWebKit/537.36 (KHTML, like Gecko) Chrome/59.0.3071.125 Mobile Safari/537.36"
178.115.131.135 - - [23/Jul/2017:08:26:47 +0200] "GET /javascript/product.js HTTP/1.1" 200 139 "http://www.easydrivers.at/fuehrerscheine/auto/B" "Mozilla/5.0 (Linux; Android 6.0.1; SM-G800F Build/MMB29K) AppleWebKit/537.36 (KHTML, like Gecko) Chrome/59.0.3071.125 Mobile Safari/537.36"
178.115.131.135 - - [23/Jul/2017:08:26:47 +0200] "GET /img/arrow-up.png HTTP/1.1" 200 1081 "http://www.easydrivers.at/css/style.css" "Mozilla/5.0 (Linux; Android 6.0.1; SM-G800F Build/MMB29K) AppleWebKit/537.36 (KHTML, like Gecko) Chrome/59.0.3071.125 Mobile Safari/537.36"
178.115.131.135 - - [23/Jul/2017:08:26:47 +0200] "GET /img/arrow-left.png HTTP/1.1" 200 1015 "http://www.easydrivers.at/css/style.css" "Mozilla/5.0 (Linux; Android 6.0.1; SM-G800F Build/MMB29K) AppleWebKit/537.36 (KHTML, like Gecko) Chrome/59.0.3071.125 Mobile Safari/537.36"
178.115.131.135 - - [23/Jul/2017:08:26:47 +0200] "GET /binaries/easy-drivers-portal/motorrad3jpg.jpg HTTP/1.1" 200 111280 "http://www.easydrivers.at/fuehrerscheine/auto/B" "Mozilla/5.0 (Linux; Android 6.0.1; SM-G800F Build/MMB29K) AppleWebKit/537.36 (KHTML, like Gecko) Chrome/59.0.3071.125 Mobile Safari/537.36"
35.192.38.33 - - [23/Jul/2017:08:27:17 +0200] "GET /perg/10285512?FS=CCE95 HTTP/1.1" 200 5910 "-" "Mozilla/5.0 (compatible; BomboraBot/1.0; +http://www.bombora.com/bot)"
178.115.131.135 - - [23/Jul/2017:08:27:29 +0200] "GET /fuehrerscheine/auto?channel=fullversion HTTP/1.1" 200 3307 "http://www.easydrivers.at/fuehrerscheine/auto" "Mozilla/5.0 (Linux; Android 6.0.1; SM-G800F Build/MMB29K) AppleWebKit/537.36 (KHTML, like Gecko) Chrome/59.0.3071.125 Mobile Safari/537.36"
178.115.131.135 - - [23/Jul/2017:08:27:31 +0200] "GET /binaries/easy-drivers-portal/pkw7jpg-1.jpg HTTP/1.1" 200 77956 "http://www.easydrivers.at/fuehrerscheine/auto?channel=fullversion" "Mozilla/5.0 (Linux; Android 6.0.1; SM-G800F Build/MMB29K) AppleWebKit/537.36 (KHTML, like Gecko) Chrome/59.0.3071.125 Mobile Safari/537.36"
