204.79.180.3 - - [25/Jul/2017:03:34:26 +0200] "GET /javascript/jquery.simplemodal.js HTTP/1.1" 200 3070 "http://www.easydrivers.at/hartberg" "Mozilla/5.0 (compatible; MSIE 9.0; Windows NT 6.1; Trident/5.0; Trident/5.0)"
204.79.180.15 - - [25/Jul/2017:03:34:27 +0200] "GET /javascript/portal.js?1221842734 HTTP/1.1" 200 3529 "http://www.easydrivers.at/hartberg" "Mozilla/5.0 (compatible; MSIE 9.0; Windows NT 6.1; Trident/5.0; Trident/5.0)"
204.79.180.21 - - [25/Jul/2017:03:34:28 +0200] "GET /javascript/lazyload.js HTTP/1.1" 200 1170 "http://www.easydrivers.at/hartberg" "Mozilla/5.0 (compatible; MSIE 9.0; Windows NT 6.1; Trident/5.0; Trident/5.0)"
204.79.180.2 - - [25/Jul/2017:03:34:29 +0200] "GET /javascript/fahrschule.js HTTP/1.1" 200 462 "http://www.easydrivers.at/hartberg" "Mozilla/5.0 (compatible; MSIE 9.0; Windows NT 6.1; Trident/5.0; Trident/5.0)"
204.79.180.18 - - [25/Jul/2017:03:34:36 +0200] "GET /javascript/jquery.cookie.js HTTP/1.1" 200 863 "http://www.easydrivers.at/hartberg" "Mozilla/5.0 (compatible; MSIE 9.0; Windows NT 6.1; Trident/5.0; Trident/5.0)"
157.55.39.230 - - [25/Jul/2017:03:34:37 +0200] "GET /wallensteinplatz HTTP/1.1" 200 3734 "-" "Mozilla/5.0 (compatible; bingbot/2.0; +http://www.bing.com/bingbot.htm)"
207.46.13.112 - - [25/Jul/2017:03:35:47 +0200] "GET /enns HTTP/1.1" 200 3578 "-" "Mozilla/5.0 (compatible; bingbot/2.0; +http://www.bing.com/bingbot.htm)"
178.255.215.64 - - [25/Jul/2017:03:36:39 +0200] "GET /bludenz/robots.txt HTTP/1.1" 404 304 "-" "Mozilla/5.0 (compatible; Exabot/3.0; +http://www.exabot.com/go/robot)"
178.255.215.64 - - [25/Jul/2017:03:36:54 +0200] "GET /bludenz/ HTTP/1.1" 301 140 "-" "Mozilla/5.0 (compatible; Exabot/3.0; +http://www.exabot.com/go/robot)"
178.255.215.64 - - [25/Jul/2017:03:36:58 +0200] "GET /bludenz HTTP/1.1" 200 3596 "-" "Mozilla/5.0 (compatible; Exabot/3.0; +http://www.exabot.com/go/robot)"
216.244.66.202 - - [25/Jul/2017:03:37:18 +0200] "GET /vitis HTTP/1.1" 404 8373 "-" "Mozilla/5.0 (compatible; DotBot/1.1; http://www.opensiteexplorer.org/dotbot, help@moz.com)"
91.141.2.190 - - [25/Jul/2017:03:37:36 +0200] "GET /fuehrerscheine/bus/DD195-B HTTP/1.1" 200 2845 "android-app://com.google.android.googlequicksearchbox" "Mozilla/5.0 (Linux; Android 7.0; SM-G925F Build/NRD90M) AppleWebKit/537.36 (KHTML, like Gecko) Chrome/59.0.3071.125 Mobile Safari/537.36"
91.141.2.190 - - [25/Jul/2017:03:37:37 +0200] "GET /css/mobile.css HTTP/1.1" 200 2852 "http://www.easydrivers.at/fuehrerscheine/bus/DD195-B" "Mozilla/5.0 (Linux; Android 7.0; SM-G925F Build/NRD90M) AppleWebKit/537.36 (KHTML, like Gecko) Chrome/59.0.3071.125 Mobile Safari/537.36"
91.141.2.190 - - [25/Jul/2017:03:37:38 +0200] "GET /javascript/jquery.cookie.js HTTP/1.1" 200 863 "http://www.easydrivers.at/fuehrerscheine/bus/DD195-B" "Mozilla/5.0 (Linux; Android 7.0; SM-G925F Build/NRD90M) AppleWebKit/537.36 (KHTML, like Gecko) Chrome/59.0.3071.125 Mobile Safari/537.36"
91.141.2.190 - - [25/Jul/2017:03:37:38 +0200] "GET /javascript/mobile-menu.js HTTP/1.1" 200 1634 "http://www.easydrivers.at/fuehrerscheine/bus/DD195-B" "Mozilla/5.0 (Linux; Android 7.0; SM-G925F Build/NRD90M) AppleWebKit/537.36 (KHTML, like Gecko) Chrome/59.0.3071.125 Mobile Safari/537.36"
91.141.2.190 - - [25/Jul/2017:03:37:38 +0200] "GET /javascript/jquery.simplemodal.js HTTP/1.1" 200 3070 "http://www.easydrivers.at/fuehrerscheine/bus/DD195-B" "Mozilla/5.0 (Linux; Android 7.0; SM-G925F Build/NRD90M) AppleWebKit/537.36 (KHTML, like Gecko) Chrome/59.0.3071.125 Mobile Safari/537.36"
91.141.2.190 - - [25/Jul/2017:03:37:38 +0200] "GET /javascript/jquery-1.9.1.min.js HTTP/1.1" 200 32731 "http://www.easydrivers.at/fuehrerscheine/bus/DD195-B" "Mozilla/5.0 (Linux; Android 7.0; SM-G925F Build/NRD90M) AppleWebKit/537.36 (KHTML, like Gecko) Chrome/59.0.3071.125 Mobile Safari/537.36"
91.141.2.190 - - [25/Jul/2017:03:37:38 +0200] "GET /javascript/lazyload.js HTTP/1.1" 200 1170 "http://www.easydrivers.at/fuehrerscheine/bus/DD195-B" "Mozilla/5.0 (Linux; Android 7.0; SM-G925F Build/NRD90M) AppleWebKit/537.36 (KHTML, like Gecko) Chrome/59.0.3071.125 Mobile Safari/537.36"
91.141.2.190 - - [25/Jul/2017:03:37:38 +0200] "GET /img/mobile/easydrivers-logo-mobile.png HTTP/1.1" 200 10766 "http://www.easydrivers.at/fuehrerscheine/bus/DD195-B" "Mozilla/5.0 (Linux; Android 7.0; SM-G925F Build/NRD90M) AppleWebKit/537.36 (KHTML, like Gecko) Chrome/59.0.3071.125 Mobile Safari/537.36"
91.141.2.190 - - [25/Jul/2017:03:37:38 +0200] "GET /img/mobile/close-button.png HTTP/1.1" 200 2411 "http://www.easydrivers.at/fuehrerscheine/bus/DD195-B" "Mozilla/5.0 (Linux; Android 7.0; SM-G925F Build/NRD90M) AppleWebKit/537.36 (KHTML, like Gecko) Chrome/59.0.3071.125 Mobile Safari/537.36"
91.141.2.190 - - [25/Jul/2017:03:37:38 +0200] "GET /img/mobile/menu-button.png HTTP/1.1" 200 1746 "http://www.easydrivers.at/fuehrerscheine/bus/DD195-B" "Mozilla/5.0 (Linux; Android 7.0; SM-G925F Build/NRD90M) AppleWebKit/537.36 (KHTML, like Gecko) Chrome/59.0.3071.125 Mobile Safari/537.36"
91.141.2.190 - - [25/Jul/2017:03:37:38 +0200] "GET /img/mobile/facebook-icon.png HTTP/1.1" 200 1902 "http://www.easydrivers.at/fuehrerscheine/bus/DD195-B" "Mozilla/5.0 (Linux; Android 7.0; SM-G925F Build/NRD90M) AppleWebKit/537.36 (KHTML, like Gecko) Chrome/59.0.3071.125 Mobile Safari/537.36"
91.141.2.190 - - [25/Jul/2017:03:37:38 +0200] "GET /img/mobile/bg-yellow.jpg HTTP/1.1" 200 1569 "http://www.easydrivers.at/css/mobile.css" "Mozilla/5.0 (Linux; Android 7.0; SM-G925F Build/NRD90M) AppleWebKit/537.36 (KHTML, like Gecko) Chrome/59.0.3071.125 Mobile Safari/537.36"
91.141.2.190 - - [25/Jul/2017:03:37:38 +0200] "GET /img/mobile/bg-header.jpg HTTP/1.1" 200 19741 "http://www.easydrivers.at/css/mobile.css" "Mozilla/5.0 (Linux; Android 7.0; SM-G925F Build/NRD90M) AppleWebKit/537.36 (KHTML, like Gecko) Chrome/59.0.3071.125 Mobile Safari/537.36"
91.141.2.190 - - [25/Jul/2017:03:37:38 +0200] "GET /img/mobile/bg-menu.jpg HTTP/1.1" 200 1698 "http://www.easydrivers.at/css/mobile.css" "Mozilla/5.0 (Linux; Android 7.0; SM-G925F Build/NRD90M) AppleWebKit/537.36 (KHTML, like Gecko) Chrome/59.0.3071.125 Mobile Safari/537.36"
91.141.2.190 - - [25/Jul/2017:03:37:38 +0200] "GET /img/mobile/pfeil-links-small.png HTTP/1.1" 200 1065 "http://www.easydrivers.at/css/mobile.css" "Mozilla/5.0 (Linux; Android 7.0; SM-G925F Build/NRD90M) AppleWebKit/537.36 (KHTML, like Gecko) Chrome/59.0.3071.125 Mobile Safari/537.36"
91.141.2.190 - - [25/Jul/2017:03:37:38 +0200] "GET /img/mobile/pfeil-rechts-small.png HTTP/1.1" 200 1056 "http://www.easydrivers.at/css/mobile.css" "Mozilla/5.0 (Linux; Android 7.0; SM-G925F Build/NRD90M) AppleWebKit/537.36 (KHTML, like Gecko) Chrome/59.0.3071.125 Mobile Safari/537.36"
91.141.2.190 - - [25/Jul/2017:03:37:39 +0200] "GET /img/favicon.ico HTTP/1.1" 404 300 "http://www.easydrivers.at/fuehrerscheine/bus/DD195-B" "Mozilla/5.0 (Linux; Android 7.0; SM-G925F Build/NRD90M) AppleWebKit/537.36 (KHTML, like Gecko) Chrome/59.0.3071.125 Mobile Safari/537.36"
40.77.167.37 - - [25/Jul/2017:03:38:09 +0200] "GET /schwechat HTTP/1.1" 200 3630 "-" "Mozilla/5.0 (compatible; bingbot/2.0; +http://www.bing.com/bingbot.htm)"
91.141.2.190 - - [25/Jul/2017:03:38:38 +0200] "GET / HTTP/1.1" 200 3563 "http://www.easydrivers.at/fuehrerscheine/bus/DD195-B" "Mozilla/5.0 (Linux; Android 7.0; SM-G925F Build/NRD90M) AppleWebKit/537.36 (KHTML, like Gecko) Chrome/59.0.3071.125 Mobile Safari/537.36"
91.141.2.190 - - [25/Jul/2017:03:38:40 +0200] "GET /javascript/mobile-homesearch.js HTTP/1.1" 200 340 "http://www.easydrivers.at/" "Mozilla/5.0 (Linux; Android 7.0; SM-G925F Build/NRD90M) AppleWebKit/537.36 (KHTML, like Gecko) Chrome/59.0.3071.125 Mobile Safari/537.36"
91.141.2.190 - - [25/Jul/2017:03:38:40 +0200] "GET /img/mobile/widget-icon-app.png HTTP/1.1" 200 3458 "http://www.easydrivers.at/" "Mozilla/5.0 (Linux; Android 7.0; SM-G925F Build/NRD90M) AppleWebKit/537.36 (KHTML, like Gecko) Chrome/59.0.3071.125 Mobile Safari/537.36"
91.141.2.190 - - [25/Jul/2017:03:38:40 +0200] "GET /img/mobile/pfeil-rechts.png HTTP/1.1" 200 1228 "http://www.easydrivers.at/css/mobile.css" "Mozilla/5.0 (Linux; Android 7.0; SM-G925F Build/NRD90M) AppleWebKit/537.36 (KHTML, like Gecko) Chrome/59.0.3071.125 Mobile Safari/537.36"
91.141.2.190 - - [25/Jul/2017:03:38:40 +0200] "GET /img/mobile/bg-top-section.jpg HTTP/1.1" 200 21711 "http://www.easydrivers.at/css/mobile.css" "Mozilla/5.0 (Linux; Android 7.0; SM-G925F Build/NRD90M) AppleWebKit/537.36 (KHTML, like Gecko) Chrome/59.0.3071.125 Mobile Safari/537.36"
216.244.66.202 - - [25/Jul/2017:03:38:40 +0200] "GET /moedling/10243655?FS=A1 HTTP/1.1" 410 11110 "-" "Mozilla/5.0 (compatible; DotBot/1.1; http://www.opensiteexplorer.org/dotbot, help@moz.com)"
216.244.66.202 - - [25/Jul/2017:03:38:48 +0200] "GET /moedling/10243649?FS=A2B HTTP/1.1" 410 11110 "-" "Mozilla/5.0 (compatible; DotBot/1.1; http://www.opensiteexplorer.org/dotbot, help@moz.com)"
66.249.76.54 - - [25/Jul/2017:03:38:54 +0200] "GET /poechlarn/ HTTP/1.1" 301 140 "-" "Mozilla/5.0 (compatible; Googlebot/2.1; +http://www.google.com/bot.html)"
66.249.66.30 - - [25/Jul/2017:03:38:55 +0200] "GET /poechlarn HTTP/1.1" 200 3644 "-" "Mozilla/5.0 (compatible; Googlebot/2.1; +http://www.google.com/bot.html)"
91.141.2.190 - - [25/Jul/2017:03:38:59 +0200] "GET /img/loading-bars.gif HTTP/1.1" 200 3951 "http://www.easydrivers.at/css/mobile.css" "Mozilla/5.0 (Linux; Android 7.0; SM-G925F Build/NRD90M) AppleWebKit/537.36 (KHTML, like Gecko) Chrome/59.0.3071.125 Mobile Safari/537.36"
216.244.66.202 - - [25/Jul/2017:03:38:57 +0200] "GET /moedling/10243643?FS=A1 HTTP/1.1" 410 11110 "-" "Mozilla/5.0 (compatible; DotBot/1.1; http://www.opensiteexplorer.org/dotbot, help@moz.com)"
91.141.2.190 - - [25/Jul/2017:03:38:59 +0200] "POST /suche HTTP/1.1" 200 2820 "http://www.easydrivers.at/" "Mozilla/5.0 (Linux; Android 7.0; SM-G925F Build/NRD90M) AppleWebKit/537.36 (KHTML, like Gecko) Chrome/59.0.3071.125 Mobile Safari/537.36"
91.141.2.190 - - [25/Jul/2017:03:39:01 +0200] "GET /img/mobile/smallicon-address.png HTTP/1.1" 200 1424 "http://www.easydrivers.at/suche" "Mozilla/5.0 (Linux; Android 7.0; SM-G925F Build/NRD90M) AppleWebKit/537.36 (KHTML, like Gecko) Chrome/59.0.3071.125 Mobile Safari/537.36"
91.141.2.190 - - [25/Jul/2017:03:39:01 +0200] "GET /javascript/mobile-kurs-suchergebnis.js HTTP/1.1" 200 382 "http://www.easydrivers.at/suche" "Mozilla/5.0 (Linux; Android 7.0; SM-G925F Build/NRD90M) AppleWebKit/537.36 (KHTML, like Gecko) Chrome/59.0.3071.125 Mobile Safari/537.36"
91.141.2.190 - - [25/Jul/2017:03:39:01 +0200] "GET /img/mobile/googlemaps-pin.png HTTP/1.1" 200 1597 "http://www.easydrivers.at/suche" "Mozilla/5.0 (Linux; Android 7.0; SM-G925F Build/NRD90M) AppleWebKit/537.36 (KHTML, like Gecko) Chrome/59.0.3071.125 Mobile Safari/537.36"
91.141.2.190 - - [25/Jul/2017:03:39:01 +0200] "GET /img/mobile/smallicon-time.png HTTP/1.1" 200 1328 "http://www.easydrivers.at/suche" "Mozilla/5.0 (Linux; Android 7.0; SM-G925F Build/NRD90M) AppleWebKit/537.36 (KHTML, like Gecko) Chrome/59.0.3071.125 Mobile Safari/537.36"
91.141.2.190 - - [25/Jul/2017:03:39:01 +0200] "GET /img/mobile/smallicon-mail.png HTTP/1.1" 200 1335 "http://www.easydrivers.at/suche" "Mozilla/5.0 (Linux; Android 7.0; SM-G925F Build/NRD90M) AppleWebKit/537.36 (KHTML, like Gecko) Chrome/59.0.3071.125 Mobile Safari/537.36"
91.141.2.190 - - [25/Jul/2017:03:39:01 +0200] "GET /img/mobile/smallicon-phone.png HTTP/1.1" 200 1311 "http://www.easydrivers.at/suche" "Mozilla/5.0 (Linux; Android 7.0; SM-G925F Build/NRD90M) AppleWebKit/537.36 (KHTML, like Gecko) Chrome/59.0.3071.125 Mobile Safari/537.36"
91.141.2.190 - - [25/Jul/2017:03:39:01 +0200] "GET /img/mobile/weiter-button.png HTTP/1.1" 200 1670 "http://www.easydrivers.at/css/mobile.css" "Mozilla/5.0 (Linux; Android 7.0; SM-G925F Build/NRD90M) AppleWebKit/537.36 (KHTML, like Gecko) Chrome/59.0.3071.125 Mobile Safari/537.36"
216.244.66.202 - - [25/Jul/2017:03:39:06 +0200] "GET /leonding/Bilder_Galerie/ HTTP/1.1" 200 15977 "-" "Mozilla/5.0 (compatible; DotBot/1.1; http://www.opensiteexplorer.org/dotbot, help@moz.com)"
216.244.66.202 - - [25/Jul/2017:03:39:11 +0200] "GET /kapfenberg.pankl/10241920?FS=A HTTP/1.1" 410 11176 "-" "Mozilla/5.0 (compatible; DotBot/1.1; http://www.opensiteexplorer.org/dotbot, help@moz.com)"
216.244.66.202 - - [25/Jul/2017:03:39:13 +0200] "GET /kapfenberg.pankl/10241914 HTTP/1.1" 410 11176 "-" "Mozilla/5.0 (compatible; DotBot/1.1; http://www.opensiteexplorer.org/dotbot, help@moz.com)"
216.244.66.202 - - [25/Jul/2017:03:39:22 +0200] "GET /jennersdorf/10243040?FS=A HTTP/1.1" 410 10967 "-" "Mozilla/5.0 (compatible; DotBot/1.1; http://www.opensiteexplorer.org/dotbot, help@moz.com)"
91.141.2.190 - - [25/Jul/2017:03:39:32 +0200] "GET /fuehrerscheine/bus/DD195-B HTTP/1.1" 200 2845 "android-app://com.google.android.googlequicksearchbox" "Mozilla/5.0 (Linux; Android 7.0; SM-G925F Build/NRD90M) AppleWebKit/537.36 (KHTML, like Gecko) Chrome/59.0.3071.125 Mobile Safari/537.36"
216.244.66.202 - - [25/Jul/2017:03:39:31 +0200] "GET /hartberg/Mofa_Day/galerien/2_07_2008_HLW/index.php?navid= HTTP/1.1" 404 10970 "-" "Mozilla/5.0 (compatible; DotBot/1.1; http://www.opensiteexplorer.org/dotbot, help@moz.com)"
216.244.66.202 - - [25/Jul/2017:03:39:43 +0200] "GET /hartberg/10245715?FS=B HTTP/1.1" 410 10937 "-" "Mozilla/5.0 (compatible; DotBot/1.1; http://www.opensiteexplorer.org/dotbot, help@moz.com)"
207.46.13.156 - - [25/Jul/2017:03:39:49 +0200] "GET /moedling/info.php HTTP/1.1" 404 3466 "-" "Mozilla/5.0 (compatible; bingbot/2.0; +http://www.bing.com/bingbot.htm)"
216.244.66.202 - - [25/Jul/2017:03:39:52 +0200] "GET /hartberg/10245697?FS=F HTTP/1.1" 410 10937 "-" "Mozilla/5.0 (compatible; DotBot/1.1; http://www.opensiteexplorer.org/dotbot, help@moz.com)"
157.55.39.230 - - [25/Jul/2017:03:39:55 +0200] "GET /partner_allgemein/partner_flash.swf HTTP/1.1" 404 2655 "-" "Mozilla/5.0 (compatible; bingbot/2.0; +http://www.bing.com/bingbot.htm)"
216.244.66.202 - - [25/Jul/2017:03:40:01 +0200] "GET /ennstal.schladming/kk_21.07.2014?FS=BE96 HTTP/1.1" 410 11410 "-" "Mozilla/5.0 (compatible; DotBot/1.1; http://www.opensiteexplorer.org/dotbot, help@moz.com)"
216.244.66.202 - - [25/Jul/2017:03:40:09 +0200] "GET /hartberg/10245707?FS=BC HTTP/1.1" 410 10937 "-" "Mozilla/5.0 (compatible; DotBot/1.1; http://www.opensiteexplorer.org/dotbot, help@moz.com)"
192.187.97.66 - - [25/Jul/2017:03:40:24 +0200] "GET / HTTP/1.1" 301 381 "http://easydriver.at" "Mozilla/5.0 (Windows NT 6.1; WOW64; rv:53.0) Gecko/20100101 Firefox/53.0"
192.187.97.66 - - [25/Jul/2017:03:40:26 +0200] "GET / HTTP/1.1" 200 15953 "http://easydriver.at" "Mozilla/5.0 (Windows NT 6.1; WOW64; rv:53.0) Gecko/20100101 Firefox/53.0"
192.187.97.66 - - [25/Jul/2017:03:40:27 +0200] "GET /wp-admin HTTP/1.1" 301 389 "http://easydriver.at" "Mozilla/5.0 (Windows NT 6.1; WOW64; rv:53.0) Gecko/20100101 Firefox/53.0"
192.187.97.66 - - [25/Jul/2017:03:40:28 +0200] "GET /wp-admin HTTP/1.1" 404 8373 "http://easydriver.at" "Mozilla/5.0 (Windows NT 6.1; WOW64; rv:53.0) Gecko/20100101 Firefox/53.0"
192.187.97.66 - - [25/Jul/2017:03:40:30 +0200] "GET / HTTP/1.1" 301 381 "http://easydriver.at" "Mozilla/5.0 (Windows NT 6.1; WOW64; rv:53.0) Gecko/20100101 Firefox/53.0"
192.187.97.66 - - [25/Jul/2017:03:40:30 +0200] "GET / HTTP/1.1" 200 15953 "http://easydriver.at" "Mozilla/5.0 (Windows NT 6.1; WOW64; rv:53.0) Gecko/20100101 Firefox/53.0"
62.138.153.196 - - [25/Jul/2017:03:40:45 +0200] "GET /kitzbuehel HTTP/1.0" 404 8373 "-" "-"
62.138.153.196 - - [25/Jul/2017:03:40:46 +0200] "GET /kitzbuehel HTTP/1.1" 404 8373 "-" "-"
207.46.13.112 - - [25/Jul/2017:03:41:52 +0200] "GET /feldkirch HTTP/1.1" 200 3541 "-" "Mozilla/5.0 (compatible; bingbot/2.0; +http://www.bing.com/bingbot.htm)"
199.30.24.220 - - [25/Jul/2017:03:44:57 +0200] "GET /binaries/easy-drivers-portal/widget-icon-trainingpng.png HTTP/1.1" 200 2662 "-" "Mozilla/5.0 (Windows NT 6.1; WOW64) AppleWebKit/534+ (KHTML, like Gecko) BingPreview/1.0b"
199.30.24.220 - - [25/Jul/2017:03:44:57 +0200] "GET /binaries/easy-drivers-portal/widget-icon-expertspng.png HTTP/1.1" 200 2159 "-" "Mozilla/5.0 (Windows NT 6.1; WOW64) AppleWebKit/534+ (KHTML, like Gecko) BingPreview/1.0b"
199.30.24.220 - - [25/Jul/2017:03:44:58 +0200] "GET /binaries/easy-drivers-portal/widget-icon-apppng.png HTTP/1.1" 200 2432 "-" "Mozilla/5.0 (Windows NT 6.1; WOW64) AppleWebKit/534+ (KHTML, like Gecko) BingPreview/1.0b"
199.30.24.220 - - [25/Jul/2017:03:44:58 +0200] "GET /binaries/easy-drivers-portal/edradfahrschullogowidget160x90pxpng.png HTTP/1.1" 200 23394 "-" "Mozilla/5.0 (Windows NT 6.1; WOW64) AppleWebKit/534+ (KHTML, like Gecko) BingPreview/1.0b"
157.55.39.230 - - [25/Jul/2017:03:46:26 +0200] "GET /hartberg HTTP/1.1" 200 3682 "-" "Mozilla/5.0 (compatible; bingbot/2.0; +http://www.bing.com/bingbot.htm)"
213.240.103.244 - - [25/Jul/2017:03:47:29 +0200] "GET /javascript/jquery.cookie.js HTTP/1.1" 304 - "-" "Mozilla/5.0 (Linux; Android 4.4.2; GT-I9301I Build/KOT49H) AppleWebKit/537.36 (KHTML, like Gecko) Chrome/59.0.3071.125 Mobile Safari/537.36"
213.240.103.244 - - [25/Jul/2017:03:47:29 +0200] "GET /javascript/jquery.simplemodal.js HTTP/1.1" 304 - "-" "Mozilla/5.0 (Linux; Android 4.4.2; GT-I9301I Build/KOT49H) AppleWebKit/537.36 (KHTML, like Gecko) Chrome/59.0.3071.125 Mobile Safari/537.36"
213.240.103.244 - - [25/Jul/2017:03:47:29 +0200] "GET /javascript/lazyload.js HTTP/1.1" 304 - "-" "Mozilla/5.0 (Linux; Android 4.4.2; GT-I9301I Build/KOT49H) AppleWebKit/537.36 (KHTML, like Gecko) Chrome/59.0.3071.125 Mobile Safari/537.36"
213.240.103.244 - - [25/Jul/2017:03:47:29 +0200] "GET /img/mobile/bg-menu.jpg HTTP/1.1" 304 - "-" "Mozilla/5.0 (Linux; Android 4.4.2; GT-I9301I Build/KOT49H) AppleWebKit/537.36 (KHTML, like Gecko) Chrome/59.0.3071.125 Mobile Safari/537.36"
213.240.103.244 - - [25/Jul/2017:03:47:29 +0200] "GET /javascript/mobile-menu.js HTTP/1.1" 304 - "-" "Mozilla/5.0 (Linux; Android 4.4.2; GT-I9301I Build/KOT49H) AppleWebKit/537.36 (KHTML, like Gecko) Chrome/59.0.3071.125 Mobile Safari/537.36"
213.240.103.244 - - [25/Jul/2017:03:47:29 +0200] "GET /img/mobile/menu-button.png HTTP/1.1" 304 - "-" "Mozilla/5.0 (Linux; Android 4.4.2; GT-I9301I Build/KOT49H) AppleWebKit/537.36 (KHTML, like Gecko) Chrome/59.0.3071.125 Mobile Safari/537.36"
213.240.103.244 - - [25/Jul/2017:03:47:29 +0200] "GET /img/mobile/bg-header.jpg HTTP/1.1" 304 - "-" "Mozilla/5.0 (Linux; Android 4.4.2; GT-I9301I Build/KOT49H) AppleWebKit/537.36 (KHTML, like Gecko) Chrome/59.0.3071.125 Mobile Safari/537.36"
213.240.103.244 - - [25/Jul/2017:03:47:29 +0200] "GET /img/mobile/facebook-icon.png HTTP/1.1" 304 - "-" "Mozilla/5.0 (Linux; Android 4.4.2; GT-I9301I Build/KOT49H) AppleWebKit/537.36 (KHTML, like Gecko) Chrome/59.0.3071.125 Mobile Safari/537.36"
213.240.103.244 - - [25/Jul/2017:03:47:29 +0200] "GET /css/mobile.css HTTP/1.1" 304 - "-" "Mozilla/5.0 (Linux; Android 4.4.2; GT-I9301I Build/KOT49H) AppleWebKit/537.36 (KHTML, like Gecko) Chrome/59.0.3071.125 Mobile Safari/537.36"
213.240.103.244 - - [25/Jul/2017:03:47:29 +0200] "GET /img/mobile/close-button.png HTTP/1.1" 304 - "-" "Mozilla/5.0 (Linux; Android 4.4.2; GT-I9301I Build/KOT49H) AppleWebKit/537.36 (KHTML, like Gecko) Chrome/59.0.3071.125 Mobile Safari/537.36"
213.240.103.244 - - [25/Jul/2017:03:47:29 +0200] "GET /javascript/jquery-1.9.1.min.js HTTP/1.1" 304 - "-" "Mozilla/5.0 (Linux; Android 4.4.2; GT-I9301I Build/KOT49H) AppleWebKit/537.36 (KHTML, like Gecko) Chrome/59.0.3071.125 Mobile Safari/537.36"
213.240.103.244 - - [25/Jul/2017:03:47:29 +0200] "GET /img/mobile/easydrivers-logo-mobile.png HTTP/1.1" 304 - "-" "Mozilla/5.0 (Linux; Android 4.4.2; GT-I9301I Build/KOT49H) AppleWebKit/537.36 (KHTML, like Gecko) Chrome/59.0.3071.125 Mobile Safari/537.36"
213.240.103.244 - - [25/Jul/2017:03:47:30 +0200] "GET /img/smallicon-phone.png HTTP/1.1" 304 - "-" "Mozilla/5.0 (Linux; Android 4.4.2; GT-I9301I Build/KOT49H) AppleWebKit/537.36 (KHTML, like Gecko) Chrome/59.0.3071.125 Mobile Safari/537.36"
213.240.103.244 - - [25/Jul/2017:03:47:30 +0200] "GET /img/smallicon-mail.png HTTP/1.1" 304 - "-" "Mozilla/5.0 (Linux; Android 4.4.2; GT-I9301I Build/KOT49H) AppleWebKit/537.36 (KHTML, like Gecko) Chrome/59.0.3071.125 Mobile Safari/537.36"
213.240.103.244 - - [25/Jul/2017:03:47:30 +0200] "GET /img/smallicon-address.png HTTP/1.1" 304 - "-" "Mozilla/5.0 (Linux; Android 4.4.2; GT-I9301I Build/KOT49H) AppleWebKit/537.36 (KHTML, like Gecko) Chrome/59.0.3071.125 Mobile Safari/537.36"
213.240.103.244 - - [25/Jul/2017:03:47:30 +0200] "GET /img/mobile/googlemaps-pin.png HTTP/1.1" 304 - "-" "Mozilla/5.0 (Linux; Android 4.4.2; GT-I9301I Build/KOT49H) AppleWebKit/537.36 (KHTML, like Gecko) Chrome/59.0.3071.125 Mobile Safari/537.36"
213.240.103.244 - - [25/Jul/2017:03:47:30 +0200] "GET /img/smallicon-time.png HTTP/1.1" 304 - "-" "Mozilla/5.0 (Linux; Android 4.4.2; GT-I9301I Build/KOT49H) AppleWebKit/537.36 (KHTML, like Gecko) Chrome/59.0.3071.125 Mobile Safari/537.36"
213.240.103.244 - - [25/Jul/2017:03:47:30 +0200] "GET /img/mobile/info-button.png HTTP/1.1" 304 - "-" "Mozilla/5.0 (Linux; Android 4.4.2; GT-I9301I Build/KOT49H) AppleWebKit/537.36 (KHTML, like Gecko) Chrome/59.0.3071.125 Mobile Safari/537.36"
213.240.103.244 - - [25/Jul/2017:03:47:30 +0200] "GET /img/mobile/info-close-button.png HTTP/1.1" 304 - "-" "Mozilla/5.0 (Linux; Android 4.4.2; GT-I9301I Build/KOT49H) AppleWebKit/537.36 (KHTML, like Gecko) Chrome/59.0.3071.125 Mobile Safari/537.36"
213.240.103.244 - - [25/Jul/2017:03:47:30 +0200] "GET /img/mobile/bg-top-section.jpg HTTP/1.1" 304 - "-" "Mozilla/5.0 (Linux; Android 4.4.2; GT-I9301I Build/KOT49H) AppleWebKit/537.36 (KHTML, like Gecko) Chrome/59.0.3071.125 Mobile Safari/537.36"
213.240.103.244 - - [25/Jul/2017:03:47:30 +0200] "GET /img/smallicon-person.png HTTP/1.1" 304 - "-" "Mozilla/5.0 (Linux; Android 4.4.2; GT-I9301I Build/KOT49H) AppleWebKit/537.36 (KHTML, like Gecko) Chrome/59.0.3071.125 Mobile Safari/537.36"
213.240.103.244 - - [25/Jul/2017:03:47:30 +0200] "GET /javascript/mobile-fahrschule.js HTTP/1.1" 304 - "-" "Mozilla/5.0 (Linux; Android 4.4.2; GT-I9301I Build/KOT49H) AppleWebKit/537.36 (KHTML, like Gecko) Chrome/59.0.3071.125 Mobile Safari/537.36"
213.240.103.244 - - [25/Jul/2017:03:47:30 +0200] "GET /img/facebook-icon.png HTTP/1.1" 304 - "-" "Mozilla/5.0 (Linux; Android 4.4.2; GT-I9301I Build/KOT49H) AppleWebKit/537.36 (KHTML, like Gecko) Chrome/59.0.3071.125 Mobile Safari/537.36"
213.240.103.244 - - [25/Jul/2017:03:47:30 +0200] "GET /css/style.css HTTP/1.1" 304 - "-" "Mozilla/5.0 (Linux; Android 4.4.2; GT-I9301I Build/KOT49H) AppleWebKit/537.36 (KHTML, like Gecko) Chrome/59.0.3071.125 Mobile Safari/537.36"
213.240.103.244 - - [25/Jul/2017:03:47:30 +0200] "GET /img/kursicon-share-pink.png HTTP/1.1" 304 - "-" "Mozilla/5.0 (Linux; Android 4.4.2; GT-I9301I Build/KOT49H) AppleWebKit/537.36 (KHTML, like Gecko) Chrome/59.0.3071.125 Mobile Safari/537.36"
213.240.103.244 - - [25/Jul/2017:03:47:30 +0200] "GET /img/kursicon-phone-pink.png HTTP/1.1" 304 - "-" "Mozilla/5.0 (Linux; Android 4.4.2; GT-I9301I Build/KOT49H) AppleWebKit/537.36 (KHTML, like Gecko) Chrome/59.0.3071.125 Mobile Safari/537.36"
213.240.103.244 - - [25/Jul/2017:03:47:30 +0200] "GET /img/schweiz-icon.png HTTP/1.1" 304 - "-" "Mozilla/5.0 (Linux; Android 4.4.2; GT-I9301I Build/KOT49H) AppleWebKit/537.36 (KHTML, like Gecko) Chrome/59.0.3071.125 Mobile Safari/537.36"
213.240.103.244 - - [25/Jul/2017:03:47:30 +0200] "GET /css/print.css HTTP/1.1" 304 - "-" "Mozilla/5.0 (Linux; Android 4.4.2; GT-I9301I Build/KOT49H) AppleWebKit/537.36 (KHTML, like Gecko) Chrome/59.0.3071.125 Mobile Safari/537.36"
213.240.103.244 - - [25/Jul/2017:03:47:30 +0200] "GET /img/bg-footer.jpg HTTP/1.1" 304 - "-" "Mozilla/5.0 (Linux; Android 4.4.2; GT-I9301I Build/KOT49H) AppleWebKit/537.36 (KHTML, like Gecko) Chrome/59.0.3071.125 Mobile Safari/537.36"
213.240.103.244 - - [25/Jul/2017:03:47:30 +0200] "GET /img/kursicon-download-pink.png HTTP/1.1" 304 - "-" "Mozilla/5.0 (Linux; Android 4.4.2; GT-I9301I Build/KOT49H) AppleWebKit/537.36 (KHTML, like Gecko) Chrome/59.0.3071.125 Mobile Safari/537.36"
213.240.103.244 - - [25/Jul/2017:03:47:30 +0200] "GET /img/close-button.png HTTP/1.1" 304 - "-" "Mozilla/5.0 (Linux; Android 4.4.2; GT-I9301I Build/KOT49H) AppleWebKit/537.36 (KHTML, like Gecko) Chrome/59.0.3071.125 Mobile Safari/537.36"
213.240.103.244 - - [25/Jul/2017:03:47:30 +0200] "GET /javascript/portal.js?1221842734 HTTP/1.1" 304 - "-" "Mozilla/5.0 (Linux; Android 4.4.2; GT-I9301I Build/KOT49H) AppleWebKit/537.36 (KHTML, like Gecko) Chrome/59.0.3071.125 Mobile Safari/537.36"
213.240.103.244 - - [25/Jul/2017:03:47:30 +0200] "GET /javascript/jquery.customSelect.min.js HTTP/1.1" 304 - "-" "Mozilla/5.0 (Linux; Android 4.4.2; GT-I9301I Build/KOT49H) AppleWebKit/537.36 (KHTML, like Gecko) Chrome/59.0.3071.125 Mobile Safari/537.36"
213.240.103.244 - - [25/Jul/2017:03:47:30 +0200] "GET /img/kursicon-print-pink.png HTTP/1.1" 304 - "-" "Mozilla/5.0 (Linux; Android 4.4.2; GT-I9301I Build/KOT49H) AppleWebKit/537.36 (KHTML, like Gecko) Chrome/59.0.3071.125 Mobile Safari/537.36"
213.240.103.244 - - [25/Jul/2017:03:47:30 +0200] "GET /img/ED_Logo.png HTTP/1.1" 304 - "-" "Mozilla/5.0 (Linux; Android 4.4.2; GT-I9301I Build/KOT49H) AppleWebKit/537.36 (KHTML, like Gecko) Chrome/59.0.3071.125 Mobile Safari/537.36"
213.240.103.244 - - [25/Jul/2017:03:47:30 +0200] "GET /img/locator-icon.png HTTP/1.1" 304 - "-" "Mozilla/5.0 (Linux; Android 4.4.2; GT-I9301I Build/KOT49H) AppleWebKit/537.36 (KHTML, like Gecko) Chrome/59.0.3071.125 Mobile Safari/537.36"
213.240.103.244 - - [25/Jul/2017:03:47:30 +0200] "GET /img/bg-header.jpg HTTP/1.1" 304 - "-" "Mozilla/5.0 (Linux; Android 4.4.2; GT-I9301I Build/KOT49H) AppleWebKit/537.36 (KHTML, like Gecko) Chrome/59.0.3071.125 Mobile Safari/537.36"
213.240.103.244 - - [25/Jul/2017:03:47:31 +0200] "GET /img/close-button-small.png HTTP/1.1" 304 - "-" "Mozilla/5.0 (Linux; Android 4.4.2; GT-I9301I Build/KOT49H) AppleWebKit/537.36 (KHTML, like Gecko) Chrome/59.0.3071.125 Mobile Safari/537.36"
213.240.103.244 - - [25/Jul/2017:03:47:31 +0200] "GET /javascript/fahrschule.js HTTP/1.1" 304 - "-" "Mozilla/5.0 (Linux; Android 4.4.2; GT-I9301I Build/KOT49H) AppleWebKit/537.36 (KHTML, like Gecko) Chrome/59.0.3071.125 Mobile Safari/537.36"
213.240.103.244 - - [25/Jul/2017:03:47:31 +0200] "GET /img/purple-dots-horizontal.png HTTP/1.1" 304 - "-" "Mozilla/5.0 (Linux; Android 4.4.2; GT-I9301I Build/KOT49H) AppleWebKit/537.36 (KHTML, like Gecko) Chrome/59.0.3071.125 Mobile Safari/537.36"
213.240.103.244 - - [25/Jul/2017:03:47:31 +0200] "GET /img/info-button.png HTTP/1.1" 304 - "-" "Mozilla/5.0 (Linux; Android 4.4.2; GT-I9301I Build/KOT49H) AppleWebKit/537.36 (KHTML, like Gecko) Chrome/59.0.3071.125 Mobile Safari/537.36"
213.240.103.244 - - [25/Jul/2017:03:47:31 +0200] "GET /img/top-image-overlay.png HTTP/1.1" 304 - "-" "Mozilla/5.0 (Linux; Android 4.4.2; GT-I9301I Build/KOT49H) AppleWebKit/537.36 (KHTML, like Gecko) Chrome/59.0.3071.125 Mobile Safari/537.36"
213.240.103.244 - - [25/Jul/2017:03:47:31 +0200] "GET /img/bg-top-section.jpg HTTP/1.1" 304 - "-" "Mozilla/5.0 (Linux; Android 4.4.2; GT-I9301I Build/KOT49H) AppleWebKit/537.36 (KHTML, like Gecko) Chrome/59.0.3071.125 Mobile Safari/537.36"
66.249.76.55 - - [25/Jul/2017:03:47:56 +0200] "GET /cache/emu/images/easy-drivers-portal10280670/fahrsicherheitstraining-foto-playpng_160_90_0.png HTTP/1.1" 304 - "-" "Googlebot-Image/1.0"
207.46.13.112 - - [25/Jul/2017:03:48:09 +0200] "GET /fahrschulen HTTP/1.1" 200 3924 "-" "Mozilla/5.0 (compatible; bingbot/2.0; +http://www.bing.com/bingbot.htm)"
46.125.250.101 - - [25/Jul/2017:03:48:13 +0200] "GET /fuehrerscheine/motorrad HTTP/1.1" 200 4592 "http://www.google.at/" "Mozilla/5.0 (Linux; Android 7.0; VKY-L09 Build/HUAWEIVKY-L09) AppleWebKit/537.36 (KHTML, like Gecko) Chrome/59.0.3071.125 Mobile Safari/537.36"
46.125.250.101 - - [25/Jul/2017:03:48:16 +0200] "GET /javascript/jquery.cookie.js HTTP/1.1" 200 863 "http://www.easydrivers.at/fuehrerscheine/motorrad" "Mozilla/5.0 (Linux; Android 7.0; VKY-L09 Build/HUAWEIVKY-L09) AppleWebKit/537.36 (KHTML, like Gecko) Chrome/59.0.3071.125 Mobile Safari/537.36"
46.125.250.101 - - [25/Jul/2017:03:48:16 +0200] "GET /css/mobile.css HTTP/1.1" 200 2852 "http://www.easydrivers.at/fuehrerscheine/motorrad" "Mozilla/5.0 (Linux; Android 7.0; VKY-L09 Build/HUAWEIVKY-L09) AppleWebKit/537.36 (KHTML, like Gecko) Chrome/59.0.3071.125 Mobile Safari/537.36"
46.125.250.101 - - [25/Jul/2017:03:48:16 +0200] "GET /javascript/mobile-menu.js HTTP/1.1" 200 1634 "http://www.easydrivers.at/fuehrerscheine/motorrad" "Mozilla/5.0 (Linux; Android 7.0; VKY-L09 Build/HUAWEIVKY-L09) AppleWebKit/537.36 (KHTML, like Gecko) Chrome/59.0.3071.125 Mobile Safari/537.36"
46.125.250.101 - - [25/Jul/2017:03:48:16 +0200] "GET /javascript/jquery.simplemodal.js HTTP/1.1" 200 3070 "http://www.easydrivers.at/fuehrerscheine/motorrad" "Mozilla/5.0 (Linux; Android 7.0; VKY-L09 Build/HUAWEIVKY-L09) AppleWebKit/537.36 (KHTML, like Gecko) Chrome/59.0.3071.125 Mobile Safari/537.36"
46.125.250.101 - - [25/Jul/2017:03:48:16 +0200] "GET /javascript/jquery-1.9.1.min.js HTTP/1.1" 200 32731 "http://www.easydrivers.at/fuehrerscheine/motorrad" "Mozilla/5.0 (Linux; Android 7.0; VKY-L09 Build/HUAWEIVKY-L09) AppleWebKit/537.36 (KHTML, like Gecko) Chrome/59.0.3071.125 Mobile Safari/537.36"
46.125.250.101 - - [25/Jul/2017:03:48:16 +0200] "GET /javascript/mobile-license.js HTTP/1.1" 200 216 "http://www.easydrivers.at/fuehrerscheine/motorrad" "Mozilla/5.0 (Linux; Android 7.0; VKY-L09 Build/HUAWEIVKY-L09) AppleWebKit/537.36 (KHTML, like Gecko) Chrome/59.0.3071.125 Mobile Safari/537.36"
46.125.250.101 - - [25/Jul/2017:03:48:16 +0200] "GET /javascript/lazyload.js HTTP/1.1" 200 1170 "http://www.easydrivers.at/fuehrerscheine/motorrad" "Mozilla/5.0 (Linux; Android 7.0; VKY-L09 Build/HUAWEIVKY-L09) AppleWebKit/537.36 (KHTML, like Gecko) Chrome/59.0.3071.125 Mobile Safari/537.36"
46.125.250.101 - - [25/Jul/2017:03:48:16 +0200] "GET /img/mobile/easydrivers-logo-mobile.png HTTP/1.1" 200 10766 "http://www.easydrivers.at/fuehrerscheine/motorrad" "Mozilla/5.0 (Linux; Android 7.0; VKY-L09 Build/HUAWEIVKY-L09) AppleWebKit/537.36 (KHTML, like Gecko) Chrome/59.0.3071.125 Mobile Safari/537.36"
46.125.250.101 - - [25/Jul/2017:03:48:16 +0200] "GET /img/mobile/close-button.png HTTP/1.1" 200 2411 "http://www.easydrivers.at/fuehrerscheine/motorrad" "Mozilla/5.0 (Linux; Android 7.0; VKY-L09 Build/HUAWEIVKY-L09) AppleWebKit/537.36 (KHTML, like Gecko) Chrome/59.0.3071.125 Mobile Safari/537.36"
46.125.250.101 - - [25/Jul/2017:03:48:16 +0200] "GET /img/mobile/menu-button.png HTTP/1.1" 200 1746 "http://www.easydrivers.at/fuehrerscheine/motorrad" "Mozilla/5.0 (Linux; Android 7.0; VKY-L09 Build/HUAWEIVKY-L09) AppleWebKit/537.36 (KHTML, like Gecko) Chrome/59.0.3071.125 Mobile Safari/537.36"
46.125.250.101 - - [25/Jul/2017:03:48:16 +0200] "GET /img/mobile/facebook-icon.png HTTP/1.1" 200 1902 "http://www.easydrivers.at/fuehrerscheine/motorrad" "Mozilla/5.0 (Linux; Android 7.0; VKY-L09 Build/HUAWEIVKY-L09) AppleWebKit/537.36 (KHTML, like Gecko) Chrome/59.0.3071.125 Mobile Safari/537.36"
46.125.250.101 - - [25/Jul/2017:03:48:16 +0200] "GET /img/mobile/bg-header.jpg HTTP/1.1" 200 19741 "http://www.easydrivers.at/css/mobile.css" "Mozilla/5.0 (Linux; Android 7.0; VKY-L09 Build/HUAWEIVKY-L09) AppleWebKit/537.36 (KHTML, like Gecko) Chrome/59.0.3071.125 Mobile Safari/537.36"
46.125.250.101 - - [25/Jul/2017:03:48:16 +0200] "GET /img/mobile/bg-menu.jpg HTTP/1.1" 200 1698 "http://www.easydrivers.at/css/mobile.css" "Mozilla/5.0 (Linux; Android 7.0; VKY-L09 Build/HUAWEIVKY-L09) AppleWebKit/537.36 (KHTML, like Gecko) Chrome/59.0.3071.125 Mobile Safari/537.36"
46.125.250.101 - - [25/Jul/2017:03:48:16 +0200] "GET /img/mobile/bg-yellow.jpg HTTP/1.1" 200 1569 "http://www.easydrivers.at/css/mobile.css" "Mozilla/5.0 (Linux; Android 7.0; VKY-L09 Build/HUAWEIVKY-L09) AppleWebKit/537.36 (KHTML, like Gecko) Chrome/59.0.3071.125 Mobile Safari/537.36"
46.125.250.101 - - [25/Jul/2017:03:48:16 +0200] "GET /img/mobile/weiter-button.png HTTP/1.1" 200 1670 "http://www.easydrivers.at/css/mobile.css" "Mozilla/5.0 (Linux; Android 7.0; VKY-L09 Build/HUAWEIVKY-L09) AppleWebKit/537.36 (KHTML, like Gecko) Chrome/59.0.3071.125 Mobile Safari/537.36"
46.125.250.101 - - [25/Jul/2017:03:48:16 +0200] "GET /img/favicon.ico HTTP/1.1" 404 300 "http://www.easydrivers.at/fuehrerscheine/motorrad" "Mozilla/5.0 (Linux; Android 7.0; VKY-L09 Build/HUAWEIVKY-L09) AppleWebKit/537.36 (KHTML, like Gecko) Chrome/59.0.3071.125 Mobile Safari/537.36"
207.46.13.156 - - [25/Jul/2017:03:48:37 +0200] "GET /am.spitz HTTP/1.1" 200 3682 "-" "Mozilla/5.0 (compatible; bingbot/2.0; +http://www.bing.com/bingbot.htm)"
46.125.250.101 - - [25/Jul/2017:03:48:50 +0200] "GET /img/mobile/pfeil-rechts-small.png HTTP/1.1" 200 1056 "http://www.easydrivers.at/css/mobile.css" "Mozilla/5.0 (Linux; Android 7.0; VKY-L09 Build/HUAWEIVKY-L09) AppleWebKit/537.36 (KHTML, like Gecko) Chrome/59.0.3071.125 Mobile Safari/537.36"
46.125.250.101 - - [25/Jul/2017:03:48:50 +0200] "GET /img/mobile/pfeil-links-small.png HTTP/1.1" 200 1065 "http://www.easydrivers.at/css/mobile.css" "Mozilla/5.0 (Linux; Android 7.0; VKY-L09 Build/HUAWEIVKY-L09) AppleWebKit/537.36 (KHTML, like Gecko) Chrome/59.0.3071.125 Mobile Safari/537.36"
66.249.76.53 - - [25/Jul/2017:03:48:54 +0200] "GET /schwechat/kursauswahl HTTP/1.1" 200 3707 "-" "Mozilla/5.0 (compatible; Googlebot/2.1; +http://www.google.com/bot.html)"
66.249.76.53 - - [25/Jul/2017:03:48:56 +0200] "GET /schwechat/kursauswahl HTTP/1.1" 200 3707 "-" "Mozilla/5.0 (compatible; Googlebot/2.1; +http://www.google.com/bot.html)"
46.125.250.101 - - [25/Jul/2017:03:49:36 +0200] "POST / HTTP/1.1" 200 3569 "http://www.easydrivers.at/fuehrerscheine/motorrad" "Mozilla/5.0 (Linux; Android 7.0; VKY-L09 Build/HUAWEIVKY-L09) AppleWebKit/537.36 (KHTML, like Gecko) Chrome/59.0.3071.125 Mobile Safari/537.36"
46.125.250.101 - - [25/Jul/2017:03:49:37 +0200] "GET /javascript/mobile-homesearch.js HTTP/1.1" 200 340 "http://www.easydrivers.at/" "Mozilla/5.0 (Linux; Android 7.0; VKY-L09 Build/HUAWEIVKY-L09) AppleWebKit/537.36 (KHTML, like Gecko) Chrome/59.0.3071.125 Mobile Safari/537.36"
46.125.250.101 - - [25/Jul/2017:03:49:38 +0200] "GET /img/mobile/widget-icon-app.png HTTP/1.1" 200 3458 "http://www.easydrivers.at/" "Mozilla/5.0 (Linux; Android 7.0; VKY-L09 Build/HUAWEIVKY-L09) AppleWebKit/537.36 (KHTML, like Gecko) Chrome/59.0.3071.125 Mobile Safari/537.36"
46.125.250.101 - - [25/Jul/2017:03:49:38 +0200] "GET /img/mobile/bg-top-section.jpg HTTP/1.1" 200 21711 "http://www.easydrivers.at/css/mobile.css" "Mozilla/5.0 (Linux; Android 7.0; VKY-L09 Build/HUAWEIVKY-L09) AppleWebKit/537.36 (KHTML, like Gecko) Chrome/59.0.3071.125 Mobile Safari/537.36"
46.125.250.101 - - [25/Jul/2017:03:49:38 +0200] "GET /img/mobile/pfeil-rechts.png HTTP/1.1" 200 1228 "http://www.easydrivers.at/css/mobile.css" "Mozilla/5.0 (Linux; Android 7.0; VKY-L09 Build/HUAWEIVKY-L09) AppleWebKit/537.36 (KHTML, like Gecko) Chrome/59.0.3071.125 Mobile Safari/537.36"
46.125.250.101 - - [25/Jul/2017:03:49:48 +0200] "GET /img/loading-bars.gif HTTP/1.1" 200 3951 "http://www.easydrivers.at/css/mobile.css" "Mozilla/5.0 (Linux; Android 7.0; VKY-L09 Build/HUAWEIVKY-L09) AppleWebKit/537.36 (KHTML, like Gecko) Chrome/59.0.3071.125 Mobile Safari/537.36"
46.125.250.101 - - [25/Jul/2017:03:49:48 +0200] "POST /suche HTTP/1.1" 200 3870 "http://www.easydrivers.at/" "Mozilla/5.0 (Linux; Android 7.0; VKY-L09 Build/HUAWEIVKY-L09) AppleWebKit/537.36 (KHTML, like Gecko) Chrome/59.0.3071.125 Mobile Safari/537.36"
46.125.250.101 - - [25/Jul/2017:03:49:51 +0200] "GET /javascript/mobile-kurs-suchergebnis.js HTTP/1.1" 200 382 "http://www.easydrivers.at/suche" "Mozilla/5.0 (Linux; Android 7.0; VKY-L09 Build/HUAWEIVKY-L09) AppleWebKit/537.36 (KHTML, like Gecko) Chrome/59.0.3071.125 Mobile Safari/537.36"
46.125.250.101 - - [25/Jul/2017:03:49:51 +0200] "GET /img/mobile/googlemaps-pin.png HTTP/1.1" 200 1597 "http://www.easydrivers.at/suche" "Mozilla/5.0 (Linux; Android 7.0; VKY-L09 Build/HUAWEIVKY-L09) AppleWebKit/537.36 (KHTML, like Gecko) Chrome/59.0.3071.125 Mobile Safari/537.36"
46.125.250.101 - - [25/Jul/2017:03:49:51 +0200] "GET /img/mobile/smallicon-address.png HTTP/1.1" 200 1424 "http://www.easydrivers.at/suche" "Mozilla/5.0 (Linux; Android 7.0; VKY-L09 Build/HUAWEIVKY-L09) AppleWebKit/537.36 (KHTML, like Gecko) Chrome/59.0.3071.125 Mobile Safari/537.36"
46.125.250.101 - - [25/Jul/2017:03:49:51 +0200] "GET /img/mobile/smallicon-time.png HTTP/1.1" 200 1328 "http://www.easydrivers.at/suche" "Mozilla/5.0 (Linux; Android 7.0; VKY-L09 Build/HUAWEIVKY-L09) AppleWebKit/537.36 (KHTML, like Gecko) Chrome/59.0.3071.125 Mobile Safari/537.36"
46.125.250.101 - - [25/Jul/2017:03:49:51 +0200] "GET /img/mobile/smallicon-mail.png HTTP/1.1" 200 1335 "http://www.easydrivers.at/suche" "Mozilla/5.0 (Linux; Android 7.0; VKY-L09 Build/HUAWEIVKY-L09) AppleWebKit/537.36 (KHTML, like Gecko) Chrome/59.0.3071.125 Mobile Safari/537.36"
46.125.250.101 - - [25/Jul/2017:03:49:51 +0200] "GET /img/mobile/smallicon-phone.png HTTP/1.1" 200 1311 "http://www.easydrivers.at/suche" "Mozilla/5.0 (Linux; Android 7.0; VKY-L09 Build/HUAWEIVKY-L09) AppleWebKit/537.36 (KHTML, like Gecko) Chrome/59.0.3071.125 Mobile Safari/537.36"
216.244.66.249 - - [25/Jul/2017:03:49:50 +0200] "GET /guessing/Inhaberdaten HTTP/1.1" 200 11077 "-" "Mozilla/5.0 (compatible; DotBot/1.1; http://www.opensiteexplorer.org/dotbot, help@moz.com)"
216.244.66.249 - - [25/Jul/2017:03:49:58 +0200] "GET /klagenfurt/10249104 HTTP/1.1" 200 9793 "-" "Mozilla/5.0 (compatible; DotBot/1.1; http://www.opensiteexplorer.org/dotbot, help@moz.com)"
157.55.39.230 - - [25/Jul/2017:03:50:02 +0200] "GET /st.valentin HTTP/1.1" 200 3670 "-" "Mozilla/5.0 (compatible; bingbot/2.0; +http://www.bing.com/bingbot.htm)"
46.125.250.101 - - [25/Jul/2017:03:50:07 +0200] "POST /loadkursliste HTTP/1.1" 200 462 "http://www.easydrivers.at/suche" "Mozilla/5.0 (Linux; Android 7.0; VKY-L09 Build/HUAWEIVKY-L09) AppleWebKit/537.36 (KHTML, like Gecko) Chrome/59.0.3071.125 Mobile Safari/537.36"
207.46.13.156 - - [25/Jul/2017:03:50:14 +0200] "GET /fuehrerscheine/bus HTTP/1.1" 200 2564 "-" "Mozilla/5.0 (compatible; bingbot/2.0; +http://www.bing.com/bingbot.htm)"
66.249.76.53 - - [25/Jul/2017:03:50:19 +0200] "GET /r-sitemap.xml HTTP/1.1" 200 454 "-" "Mozilla/5.0 (compatible; Googlebot/2.1; +http://www.google.com/bot.html)"
40.77.167.37 - - [25/Jul/2017:03:50:20 +0200] "GET / HTTP/1.1" 200 4407 "-" "Mozilla/5.0 (compatible; bingbot/2.0; +http://www.bing.com/bingbot.htm)"
198.148.27.3 - - [25/Jul/2017:03:50:22 +0200] "GET / HTTP/1.1" 301 293 "-" "okhttp/3.4.1"
198.148.27.13 - - [25/Jul/2017:03:50:22 +0200] "GET / HTTP/1.1" 200 4406 "-" "okhttp/3.4.1"
46.125.250.101 - - [25/Jul/2017:03:50:26 +0200] "GET /neunkirchen/10286481?FS=A HTTP/1.1" 200 3103 "http://www.easydrivers.at/suche" "Mozilla/5.0 (Linux; Android 7.0; VKY-L09 Build/HUAWEIVKY-L09) AppleWebKit/537.36 (KHTML, like Gecko) Chrome/59.0.3071.125 Mobile Safari/537.36"
46.125.250.101 - - [25/Jul/2017:03:50:29 +0200] "GET /javascript/mobile-fahrschule.js HTTP/1.1" 200 328 "http://www.easydrivers.at/neunkirchen/10286481?FS=A" "Mozilla/5.0 (Linux; Android 7.0; VKY-L09 Build/HUAWEIVKY-L09) AppleWebKit/537.36 (KHTML, like Gecko) Chrome/59.0.3071.125 Mobile Safari/537.36"
46.125.250.101 - - [25/Jul/2017:03:50:29 +0200] "GET /img/mobile/info-button.png HTTP/1.1" 200 1549 "http://www.easydrivers.at/neunkirchen/10286481?FS=A" "Mozilla/5.0 (Linux; Android 7.0; VKY-L09 Build/HUAWEIVKY-L09) AppleWebKit/537.36 (KHTML, like Gecko) Chrome/59.0.3071.125 Mobile Safari/537.36"
46.125.250.101 - - [25/Jul/2017:03:50:29 +0200] "GET /img/smallicon-address.png HTTP/1.1" 200 1211 "http://www.easydrivers.at/neunkirchen/10286481?FS=A" "Mozilla/5.0 (Linux; Android 7.0; VKY-L09 Build/HUAWEIVKY-L09) AppleWebKit/537.36 (KHTML, like Gecko) Chrome/59.0.3071.125 Mobile Safari/537.36"
46.125.250.101 - - [25/Jul/2017:03:50:29 +0200] "GET /img/mobile/info-close-button.png HTTP/1.1" 200 1721 "http://www.easydrivers.at/neunkirchen/10286481?FS=A" "Mozilla/5.0 (Linux; Android 7.0; VKY-L09 Build/HUAWEIVKY-L09) AppleWebKit/537.36 (KHTML, like Gecko) Chrome/59.0.3071.125 Mobile Safari/537.36"
46.125.250.101 - - [25/Jul/2017:03:50:29 +0200] "GET /img/smallicon-person.png HTTP/1.1" 200 1141 "http://www.easydrivers.at/neunkirchen/10286481?FS=A" "Mozilla/5.0 (Linux; Android 7.0; VKY-L09 Build/HUAWEIVKY-L09) AppleWebKit/537.36 (KHTML, like Gecko) Chrome/59.0.3071.125 Mobile Safari/537.36"
46.125.250.101 - - [25/Jul/2017:03:50:29 +0200] "GET /img/smallicon-time.png HTTP/1.1" 200 1262 "http://www.easydrivers.at/neunkirchen/10286481?FS=A" "Mozilla/5.0 (Linux; Android 7.0; VKY-L09 Build/HUAWEIVKY-L09) AppleWebKit/537.36 (KHTML, like Gecko) Chrome/59.0.3071.125 Mobile Safari/537.36"
46.125.250.101 - - [25/Jul/2017:03:50:29 +0200] "GET /img/mobile/kursicon-share.png HTTP/1.1" 200 2065 "http://www.easydrivers.at/neunkirchen/10286481?FS=A" "Mozilla/5.0 (Linux; Android 7.0; VKY-L09 Build/HUAWEIVKY-L09) AppleWebKit/537.36 (KHTML, like Gecko) Chrome/59.0.3071.125 Mobile Safari/537.36"
46.125.250.101 - - [25/Jul/2017:03:50:29 +0200] "GET /img/mobile/kursicon-phone.png HTTP/1.1" 200 1932 "http://www.easydrivers.at/neunkirchen/10286481?FS=A" "Mozilla/5.0 (Linux; Android 7.0; VKY-L09 Build/HUAWEIVKY-L09) AppleWebKit/537.36 (KHTML, like Gecko) Chrome/59.0.3071.125 Mobile Safari/537.36"
46.125.250.101 - - [25/Jul/2017:03:50:29 +0200] "GET /img/smallicon-phone.png HTTP/1.1" 200 3056 "http://www.easydrivers.at/neunkirchen/10286481?FS=A" "Mozilla/5.0 (Linux; Android 7.0; VKY-L09 Build/HUAWEIVKY-L09) AppleWebKit/537.36 (KHTML, like Gecko) Chrome/59.0.3071.125 Mobile Safari/537.36"
46.125.250.101 - - [25/Jul/2017:03:50:29 +0200] "GET /img/smallicon-mail.png HTTP/1.1" 200 1341 "http://www.easydrivers.at/neunkirchen/10286481?FS=A" "Mozilla/5.0 (Linux; Android 7.0; VKY-L09 Build/HUAWEIVKY-L09) AppleWebKit/537.36 (KHTML, like Gecko) Chrome/59.0.3071.125 Mobile Safari/537.36"
40.77.167.37 - - [25/Jul/2017:03:50:42 +0200] "GET /gmuend HTTP/1.1" 200 3478 "-" "Mozilla/5.0 (compatible; bingbot/2.0; +http://www.bing.com/bingbot.htm)"
46.125.250.101 - - [25/Jul/2017:03:50:43 +0200] "GET /fuehrerscheine/motorrad HTTP/1.1" 200 4592 "http://www.google.at/" "Mozilla/5.0 (Linux; Android 7.0; VKY-L09 Build/HUAWEIVKY-L09) AppleWebKit/537.36 (KHTML, like Gecko) Chrome/59.0.3071.125 Mobile Safari/537.36"
207.46.13.112 - - [25/Jul/2017:03:51:23 +0200] "GET /leonding/kurse/ HTTP/1.1" 200 4415 "-" "Mozilla/5.0 (compatible; bingbot/2.0; +http://www.bing.com/bingbot.htm)"
177.138.72.216 - - [25/Jul/2017:03:52:38 +0200] "HEAD / HTTP/1.1" 301 - "-" "Mozilla/5.0 (Windows; U; Windows NT 5.1; en-US) AppleWebKit/525.19 (KHTML, like Gecko) Chrome/1.0.154.36 Safari/525.19"
177.138.72.216 - - [25/Jul/2017:03:52:40 +0200] "HEAD / HTTP/1.1" 501 - "-" "Mozilla/5.0 (Windows; U; Windows NT 5.1; en-US) AppleWebKit/525.19 (KHTML, like Gecko) Chrome/1.0.154.36 Safari/525.19"
66.249.66.1 - - [25/Jul/2017:03:54:02 +0200] "GET /am.spitz/10281063?FS=BPlus HTTP/1.1" 410 3380 "-" "Mozilla/5.0 (compatible; Googlebot/2.1; +http://www.google.com/bot.html)"
62.40.155.31 - - [25/Jul/2017:03:54:54 +0200] "GET / HTTP/1.1" 200 4405 "-" "Mozilla/5.0 (iPad; CPU OS 9_3_5 like Mac OS X) AppleWebKit/601.1.46 (KHTML, like Gecko) Version/9.0 Mobile/13G36 Safari/601.1"
46.116.125.203 - - [25/Jul/2017:03:55:26 +0200] "GET /wp-login.php HTTP/1.1" 404 8373 "-" "Mozilla/5.0 (Windows NT 6.1; WOW64; rv:40.0) Gecko/20100101 Firefox/40.1"
46.116.125.203 - - [25/Jul/2017:03:55:28 +0200] "GET / HTTP/1.1" 200 15953 "-" "Mozilla/5.0 (Windows NT 6.1; WOW64; rv:40.0) Gecko/20100101 Firefox/40.1"
157.55.39.230 - - [25/Jul/2017:03:56:03 +0200] "GET /horn/aktionen HTTP/1.1" 200 2891 "-" "Mozilla/5.0 (compatible; bingbot/2.0; +http://www.bing.com/bingbot.htm)"
85.25.210.234 - - [25/Jul/2017:03:57:00 +0200] "GET /robots.txt HTTP/1.1" 200 101 "-" "Mozilla/5.0 (compatible; seoscanners.net/1; +spider@seoscanners.net)"
85.25.210.234 - - [25/Jul/2017:03:57:00 +0200] "GET /fahrschulen/8970 HTTP/1.1" 200 2884 "-" "Mozilla/5.0 (compatible; seoscanners.net/1; +spider@seoscanners.net)"
157.55.39.230 - - [25/Jul/2017:03:59:11 +0200] "GET /uploads/pdfs/scheibbs/10249582_AM-M.pdf HTTP/1.1" 200 27280 "-" "Mozilla/5.0 (compatible; bingbot/2.0; +http://www.bing.com/bingbot.htm)"
216.244.66.249 - - [25/Jul/2017:03:59:19 +0200] "GET /ennstal.schladming/kk_18.08.2014?FS=A1L17 HTTP/1.1" 410 11410 "-" "Mozilla/5.0 (compatible; DotBot/1.1; http://www.opensiteexplorer.org/dotbot, help@moz.com)"
216.244.66.249 - - [25/Jul/2017:03:59:28 +0200] "GET /bludenz/LKW-Kurs-CD-2014-10-06?FS=DD195-B HTTP/1.1" 410 11074 "-" "Mozilla/5.0 (compatible; DotBot/1.1; http://www.opensiteexplorer.org/dotbot, help@moz.com)"
157.55.39.230 - - [25/Jul/2017:03:59:29 +0200] "GET /fuehrerscheine/bus HTTP/1.1" 200 2565 "-" "Mozilla/5.0 (compatible; bingbot/2.0; +http://www.bing.com/bingbot.htm)"
66.249.66.30 - - [25/Jul/2017:03:59:29 +0200] "GET /kapfenberg.pankl HTTP/1.1" 200 2994 "-" "Mozilla/5.0 (Linux; Android 6.0.1; Nexus 5X Build/MMB29P) AppleWebKit/537.36 (KHTML, like Gecko) Chrome/41.0.2272.96 Mobile Safari/537.36 (compatible; Googlebot/2.1; +http://www.google.com/bot.html)"
157.55.39.230 - - [25/Jul/2017:03:59:31 +0200] "GET /moedling HTTP/1.1" 200 3745 "-" "Mozilla/5.0 (compatible; bingbot/2.0; +http://www.bing.com/bingbot.htm)"
216.244.66.249 - - [25/Jul/2017:03:59:37 +0200] "GET /ennstal.schladming/kk_22.09.2014?FS=F-Plus HTTP/1.1" 410 11410 "-" "Mozilla/5.0 (compatible; DotBot/1.1; http://www.opensiteexplorer.org/dotbot, help@moz.com)"
216.244.66.249 - - [25/Jul/2017:03:59:45 +0200] "GET /scheibbs/10249644?FS=A1 HTTP/1.1" 200 20922 "-" "Mozilla/5.0 (compatible; DotBot/1.1; http://www.opensiteexplorer.org/dotbot, help@moz.com)"
216.244.66.249 - - [25/Jul/2017:03:59:54 +0200] "GET /leonding/10249899?FS=A1F HTTP/1.1" 410 11020 "-" "Mozilla/5.0 (compatible; DotBot/1.1; http://www.opensiteexplorer.org/dotbot, help@moz.com)"
216.244.66.249 - - [25/Jul/2017:04:00:02 +0200] "GET /leonding/10249896?FS=BC HTTP/1.1" 410 11020 "-" "Mozilla/5.0 (compatible; DotBot/1.1; http://www.opensiteexplorer.org/dotbot, help@moz.com)"
216.244.66.249 - - [25/Jul/2017:04:00:11 +0200] "GET /hartberg/10250462?FS=BL1796 HTTP/1.1" 410 10937 "-" "Mozilla/5.0 (compatible; DotBot/1.1; http://www.opensiteexplorer.org/dotbot, help@moz.com)"
216.244.66.249 - - [25/Jul/2017:04:00:20 +0200] "GET /hartberg/10245697?FS=BBE HTTP/1.1" 410 10937 "-" "Mozilla/5.0 (compatible; DotBot/1.1; http://www.opensiteexplorer.org/dotbot, help@moz.com)"
216.244.66.249 - - [25/Jul/2017:04:00:28 +0200] "GET /hartberg/10245693 HTTP/1.1" 410 10937 "-" "Mozilla/5.0 (compatible; DotBot/1.1; http://www.opensiteexplorer.org/dotbot, help@moz.com)"
40.77.167.37 - - [25/Jul/2017:04:00:37 +0200] "GET /am.spitz HTTP/1.1" 200 3684 "-" "Mozilla/5.0 (compatible; bingbot/2.0; +http://www.bing.com/bingbot.htm)"
216.244.66.249 - - [25/Jul/2017:04:00:38 +0200] "GET /hartberg/10245683?FS=BBE HTTP/1.1" 410 10937 "-" "Mozilla/5.0 (compatible; DotBot/1.1; http://www.opensiteexplorer.org/dotbot, help@moz.com)"
157.55.39.230 - - [25/Jul/2017:04:00:41 +0200] "GET /uploads/pdfs/bruck.leitha/10268519_B-L17.pdf HTTP/1.1" 200 35224 "-" "Mozilla/5.0 (iPhone; CPU iPhone OS 7_0 like Mac OS X) AppleWebKit/537.51.1 (KHTML, like Gecko) Version/7.0 Mobile/11A465 Safari/9537.53 (compatible; bingbot/2.0; +http://www.bing.com/bingbot.htm)"
216.244.66.249 - - [25/Jul/2017:04:00:47 +0200] "GET /guessing/Mofa_Day/ HTTP/1.1" 200 15971 "-" "Mozilla/5.0 (compatible; DotBot/1.1; http://www.opensiteexplorer.org/dotbot, help@moz.com)"
216.244.66.249 - - [25/Jul/2017:04:00:51 +0200] "GET /scheibbs/10249668?FS=BE HTTP/1.1" 410 10934 "-" "Mozilla/5.0 (compatible; DotBot/1.1; http://www.opensiteexplorer.org/dotbot, help@moz.com)"
216.244.66.249 - - [25/Jul/2017:04:00:54 +0200] "GET / HTTP/1.1" 301 382 "-" "Mozilla/5.0 (compatible; DotBot/1.1; http://www.opensiteexplorer.org/dotbot, help@moz.com)"
51.255.65.92 - - [25/Jul/2017:04:02:24 +0200] "GET /horn/10271370?FS=A HTTP/1.1" 410 3391 "-" "Mozilla/5.0 (compatible; AhrefsBot/5.2; +http://ahrefs.com/robot/)"
40.77.167.37 - - [25/Jul/2017:04:02:58 +0200] "GET /links HTTP/1.1" 200 2316 "-" "Mozilla/5.0 (compatible; bingbot/2.0; +http://www.bing.com/bingbot.htm)"
216.244.66.202 - - [25/Jul/2017:04:03:45 +0200] "GET /neunkirchen/10286510 HTTP/1.1" 200 9332 "-" "Mozilla/5.0 (compatible; DotBot/1.1; http://www.opensiteexplorer.org/dotbot, help@moz.com)"
40.77.167.37 - - [25/Jul/2017:04:03:58 +0200] "GET /guessing HTTP/1.1" 200 3489 "-" "Mozilla/5.0 (compatible; bingbot/2.0; +http://www.bing.com/bingbot.htm)"
66.249.76.55 - - [25/Jul/2017:04:04:16 +0200] "GET /hartberg/Mofa_Day/galerien/1_BORG_Hartberg_20_04/detail.php?pageid=83 HTTP/1.1" 301 343 "-" "Mozilla/5.0 (compatible; Googlebot/2.1; +http://www.google.com/bot.html)"
66.249.76.55 - - [25/Jul/2017:04:04:17 +0200] "GET /hartberg/Mofa_Day/galerien/1_BORG_Hartberg_20_04/detail.php?pageid=83 HTTP/1.1" 404 3420 "-" "Mozilla/5.0 (compatible; Googlebot/2.1; +http://www.google.com/bot.html)"
157.55.39.230 - - [25/Jul/2017:04:04:47 +0200] "GET /leonding HTTP/1.1" 200 3480 "-" "Mozilla/5.0 (compatible; bingbot/2.0; +http://www.bing.com/bingbot.htm)"
40.77.167.37 - - [25/Jul/2017:04:04:55 +0200] "GET /gmuend HTTP/1.1" 200 3476 "-" "Mozilla/5.0 (compatible; bingbot/2.0; +http://www.bing.com/bingbot.htm)"
216.244.66.249 - - [25/Jul/2017:04:07:08 +0200] "GET /innsbruck/news/Fahrtenprotokoll.php HTTP/1.1" 301 150 "-" "Mozilla/5.0 (compatible; DotBot/1.1; http://www.opensiteexplorer.org/dotbot, help@moz.com)"
204.79.180.2 - - [25/Jul/2017:04:07:27 +0200] "GET /spittelau HTTP/1.1" 200 3687 "-" "Mozilla/5.0 (compatible; MSIE 9.0; Windows NT 6.0; Trident/5.0; Trident/5.0)"
