213.162.72.252 - - [25/Jul/2017:08:20:37 +0200] "GET /img/mobile/bg-header.jpg HTTP/1.1" 200 19741 "http://www.easydrivers.at/css/mobile.css" "Mozilla/5.0 (Linux; Android 6.0; LG-H440n Build/MRA58K) AppleWebKit/537.36 (KHTML, like Gecko) Chrome/54.0.2840.85 Mobile Safari/537.36"
213.162.72.252 - - [25/Jul/2017:08:20:37 +0200] "GET /img/mobile/bg-menu.jpg HTTP/1.1" 200 1698 "http://www.easydrivers.at/css/mobile.css" "Mozilla/5.0 (Linux; Android 6.0; LG-H440n Build/MRA58K) AppleWebKit/537.36 (KHTML, like Gecko) Chrome/54.0.2840.85 Mobile Safari/537.36"
213.162.72.252 - - [25/Jul/2017:08:20:37 +0200] "GET /img/mobile/bg-yellow.jpg HTTP/1.1" 200 1569 "http://www.easydrivers.at/css/mobile.css" "Mozilla/5.0 (Linux; Android 6.0; LG-H440n Build/MRA58K) AppleWebKit/537.36 (KHTML, like Gecko) Chrome/54.0.2840.85 Mobile Safari/537.36"
213.162.72.252 - - [25/Jul/2017:08:20:37 +0200] "GET /img/mobile/weiter-button.png HTTP/1.1" 200 1670 "http://www.easydrivers.at/css/mobile.css" "Mozilla/5.0 (Linux; Android 6.0; LG-H440n Build/MRA58K) AppleWebKit/537.36 (KHTML, like Gecko) Chrome/54.0.2840.85 Mobile Safari/537.36"
213.162.72.252 - - [25/Jul/2017:08:20:38 +0200] "GET /img/favicon.ico HTTP/1.1" 404 300 "http://www.easydrivers.at/fuehrerscheine/lkw" "Mozilla/5.0 (Linux; Android 6.0; LG-H440n Build/MRA58K) AppleWebKit/537.36 (KHTML, like Gecko) Chrome/54.0.2840.85 Mobile Safari/537.36"
178.115.130.248 - - [25/Jul/2017:08:20:52 +0200] "GET /img/mobile/pfeil-rechts-small.png HTTP/1.1" 200 1056 "http://www.easydrivers.at/css/mobile.css" "Mozilla/5.0 (Linux; Android 6.0; ALE-L21 Build/HuaweiALE-L21) AppleWebKit/537.36 (KHTML, like Gecko) Chrome/59.0.3071.125 Mobile Safari/537.36"
178.115.130.248 - - [25/Jul/2017:08:20:52 +0200] "GET /img/mobile/pfeil-links-small.png HTTP/1.1" 200 1065 "http://www.easydrivers.at/css/mobile.css" "Mozilla/5.0 (Linux; Android 6.0; ALE-L21 Build/HuaweiALE-L21) AppleWebKit/537.36 (KHTML, like Gecko) Chrome/59.0.3071.125 Mobile Safari/537.36"
213.162.72.252 - - [25/Jul/2017:08:20:55 +0200] "GET /img/mobile/pfeil-links-small.png HTTP/1.1" 200 1065 "http://www.easydrivers.at/css/mobile.css" "Mozilla/5.0 (Linux; Android 6.0; LG-H440n Build/MRA58K) AppleWebKit/537.36 (KHTML, like Gecko) Chrome/54.0.2840.85 Mobile Safari/537.36"
213.162.72.252 - - [25/Jul/2017:08:20:55 +0200] "GET /img/mobile/pfeil-rechts-small.png HTTP/1.1" 200 1056 "http://www.easydrivers.at/css/mobile.css" "Mozilla/5.0 (Linux; Android 6.0; LG-H440n Build/MRA58K) AppleWebKit/537.36 (KHTML, like Gecko) Chrome/54.0.2840.85 Mobile Safari/537.36"
176.59.41.190 - - [25/Jul/2017:08:21:04 +0200] "GET /fahrschulen/%22%3E'%3EI%3Ci%3EI%3Csvg/onload=alert(/openbugbounty/)%3E HTTP/1.1" 200 2118 "-" "Mozilla/5.0 (Windows NT 6.1; WOW64; rv:54.0) Gecko/20100101 Firefox/54.0"
176.59.41.190 - - [25/Jul/2017:08:21:06 +0200] "GET /css/style.css HTTP/1.1" 200 5004 "http://www.easydrivers.at/fahrschulen/%22%3E'%3EI%3Ci%3EI%3Csvg/onload=alert(/openbugbounty/)%3E" "Mozilla/5.0 (Windows NT 6.1; WOW64; rv:54.0) Gecko/20100101 Firefox/54.0"
176.59.41.190 - - [25/Jul/2017:08:21:06 +0200] "GET /javascript/jquery.cookie.js HTTP/1.1" 200 863 "http://www.easydrivers.at/fahrschulen/%22%3E'%3EI%3Ci%3EI%3Csvg/onload=alert(/openbugbounty/)%3E" "Mozilla/5.0 (Windows NT 6.1; WOW64; rv:54.0) Gecko/20100101 Firefox/54.0"
176.59.41.190 - - [25/Jul/2017:08:21:06 +0200] "GET /css/print.css HTTP/1.1" 200 967 "http://www.easydrivers.at/fahrschulen/%22%3E'%3EI%3Ci%3EI%3Csvg/onload=alert(/openbugbounty/)%3E" "Mozilla/5.0 (Windows NT 6.1; WOW64; rv:54.0) Gecko/20100101 Firefox/54.0"
176.59.41.190 - - [25/Jul/2017:08:21:06 +0200] "GET /javascript/jquery.customSelect.min.js HTTP/1.1" 200 912 "http://www.easydrivers.at/fahrschulen/%22%3E'%3EI%3Ci%3EI%3Csvg/onload=alert(/openbugbounty/)%3E" "Mozilla/5.0 (Windows NT 6.1; WOW64; rv:54.0) Gecko/20100101 Firefox/54.0"
176.59.41.190 - - [25/Jul/2017:08:21:06 +0200] "GET /javascript/portal.js?1221842734 HTTP/1.1" 200 3529 "http://www.easydrivers.at/fahrschulen/%22%3E'%3EI%3Ci%3EI%3Csvg/onload=alert(/openbugbounty/)%3E" "Mozilla/5.0 (Windows NT 6.1; WOW64; rv:54.0) Gecko/20100101 Firefox/54.0"
176.59.41.190 - - [25/Jul/2017:08:21:06 +0200] "GET /javascript/jquery.simplemodal.js HTTP/1.1" 200 3070 "http://www.easydrivers.at/fahrschulen/%22%3E'%3EI%3Ci%3EI%3Csvg/onload=alert(/openbugbounty/)%3E" "Mozilla/5.0 (Windows NT 6.1; WOW64; rv:54.0) Gecko/20100101 Firefox/54.0"
176.59.41.190 - - [25/Jul/2017:08:21:06 +0200] "GET /javascript/lazyload.js HTTP/1.1" 200 1170 "http://www.easydrivers.at/fahrschulen/%22%3E'%3EI%3Ci%3EI%3Csvg/onload=alert(/openbugbounty/)%3E" "Mozilla/5.0 (Windows NT 6.1; WOW64; rv:54.0) Gecko/20100101 Firefox/54.0"
176.59.41.190 - - [25/Jul/2017:08:21:06 +0200] "GET /img/new_favicon.ico HTTP/1.1" 200 1150 "-" "Mozilla/5.0 (Windows NT 6.1; WOW64; rv:54.0) Gecko/20100101 Firefox/54.0"
176.59.41.190 - - [25/Jul/2017:08:21:06 +0200] "GET /img/facebook-icon.png HTTP/1.1" 200 1506 "http://www.easydrivers.at/fahrschulen/%22%3E'%3EI%3Ci%3EI%3Csvg/onload=alert(/openbugbounty/)%3E" "Mozilla/5.0 (Windows NT 6.1; WOW64; rv:54.0) Gecko/20100101 Firefox/54.0"
176.59.41.190 - - [25/Jul/2017:08:21:06 +0200] "GET /img/schweiz-icon.png HTTP/1.1" 200 1504 "http://www.easydrivers.at/fahrschulen/%22%3E'%3EI%3Ci%3EI%3Csvg/onload=alert(/openbugbounty/)%3E" "Mozilla/5.0 (Windows NT 6.1; WOW64; rv:54.0) Gecko/20100101 Firefox/54.0"
176.59.41.190 - - [25/Jul/2017:08:21:06 +0200] "GET /img/close-button.png HTTP/1.1" 200 2237 "http://www.easydrivers.at/fahrschulen/%22%3E'%3EI%3Ci%3EI%3Csvg/onload=alert(/openbugbounty/)%3E" "Mozilla/5.0 (Windows NT 6.1; WOW64; rv:54.0) Gecko/20100101 Firefox/54.0"
176.59.41.190 - - [25/Jul/2017:08:21:06 +0200] "GET /img/arrow-left.png HTTP/1.1" 200 1015 "http://www.easydrivers.at/css/style.css" "Mozilla/5.0 (Windows NT 6.1; WOW64; rv:54.0) Gecko/20100101 Firefox/54.0"
176.59.41.190 - - [25/Jul/2017:08:21:06 +0200] "GET /img/ED_Logo.png HTTP/1.1" 200 3385 "http://www.easydrivers.at/css/style.css" "Mozilla/5.0 (Windows NT 6.1; WOW64; rv:54.0) Gecko/20100101 Firefox/54.0"
176.59.41.190 - - [25/Jul/2017:08:21:06 +0200] "GET /img/bg-footer.jpg HTTP/1.1" 200 31770 "http://www.easydrivers.at/css/style.css" "Mozilla/5.0 (Windows NT 6.1; WOW64; rv:54.0) Gecko/20100101 Firefox/54.0"
176.59.41.190 - - [25/Jul/2017:08:21:06 +0200] "GET /img/kursicon-print-pink.png HTTP/1.1" 200 1125 "http://www.easydrivers.at/fahrschulen/%22%3E'%3EI%3Ci%3EI%3Csvg/onload=alert(/openbugbounty/)%3E" "Mozilla/5.0 (Windows NT 6.1; WOW64; rv:54.0) Gecko/20100101 Firefox/54.0"
176.59.41.190 - - [25/Jul/2017:08:21:06 +0200] "GET /img/kursicon-download-pink.png HTTP/1.1" 200 1213 "http://www.easydrivers.at/fahrschulen/%22%3E'%3EI%3Ci%3EI%3Csvg/onload=alert(/openbugbounty/)%3E" "Mozilla/5.0 (Windows NT 6.1; WOW64; rv:54.0) Gecko/20100101 Firefox/54.0"
176.59.41.190 - - [25/Jul/2017:08:21:07 +0200] "GET /img/kursicon-share-pink.png HTTP/1.1" 200 1277 "http://www.easydrivers.at/fahrschulen/%22%3E'%3EI%3Ci%3EI%3Csvg/onload=alert(/openbugbounty/)%3E" "Mozilla/5.0 (Windows NT 6.1; WOW64; rv:54.0) Gecko/20100101 Firefox/54.0"
176.59.41.190 - - [25/Jul/2017:08:21:07 +0200] "GET /img/kursicon-phone-pink.png HTTP/1.1" 200 1286 "http://www.easydrivers.at/fahrschulen/%22%3E'%3EI%3Ci%3EI%3Csvg/onload=alert(/openbugbounty/)%3E" "Mozilla/5.0 (Windows NT 6.1; WOW64; rv:54.0) Gecko/20100101 Firefox/54.0"
176.59.41.190 - - [25/Jul/2017:08:21:06 +0200] "GET /img/bg-header.jpg HTTP/1.1" 200 38680 "http://www.easydrivers.at/css/style.css" "Mozilla/5.0 (Windows NT 6.1; WOW64; rv:54.0) Gecko/20100101 Firefox/54.0"
213.162.72.252 - - [25/Jul/2017:08:21:17 +0200] "GET /fuehrerscheine/lkw?channel=fullversion HTTP/1.1" 200 2618 "http://www.easydrivers.at/fuehrerscheine/lkw" "Mozilla/5.0 (Linux; Android 6.0; LG-H440n Build/MRA58K) AppleWebKit/537.36 (KHTML, like Gecko) Chrome/54.0.2840.85 Mobile Safari/537.36"
213.162.72.252 - - [25/Jul/2017:08:21:18 +0200] "GET /css/style.css HTTP/1.1" 200 5004 "http://www.easydrivers.at/fuehrerscheine/lkw?channel=fullversion" "Mozilla/5.0 (Linux; Android 6.0; LG-H440n Build/MRA58K) AppleWebKit/537.36 (KHTML, like Gecko) Chrome/54.0.2840.85 Mobile Safari/537.36"
213.162.72.252 - - [25/Jul/2017:08:21:18 +0200] "GET /javascript/jquery.customSelect.min.js HTTP/1.1" 200 912 "http://www.easydrivers.at/fuehrerscheine/lkw?channel=fullversion" "Mozilla/5.0 (Linux; Android 6.0; LG-H440n Build/MRA58K) AppleWebKit/537.36 (KHTML, like Gecko) Chrome/54.0.2840.85 Mobile Safari/537.36"
213.162.72.252 - - [25/Jul/2017:08:21:18 +0200] "GET /javascript/portal.js?1221842734 HTTP/1.1" 200 3529 "http://www.easydrivers.at/fuehrerscheine/lkw?channel=fullversion" "Mozilla/5.0 (Linux; Android 6.0; LG-H440n Build/MRA58K) AppleWebKit/537.36 (KHTML, like Gecko) Chrome/54.0.2840.85 Mobile Safari/537.36"
213.162.72.252 - - [25/Jul/2017:08:21:19 +0200] "GET /javascript/license.js HTTP/1.1" 200 315 "http://www.easydrivers.at/fuehrerscheine/lkw?channel=fullversion" "Mozilla/5.0 (Linux; Android 6.0; LG-H440n Build/MRA58K) AppleWebKit/537.36 (KHTML, like Gecko) Chrome/54.0.2840.85 Mobile Safari/537.36"
213.162.72.252 - - [25/Jul/2017:08:21:19 +0200] "GET /img/close-button.png HTTP/1.1" 200 2237 "http://www.easydrivers.at/fuehrerscheine/lkw?channel=fullversion" "Mozilla/5.0 (Linux; Android 6.0; LG-H440n Build/MRA58K) AppleWebKit/537.36 (KHTML, like Gecko) Chrome/54.0.2840.85 Mobile Safari/537.36"
213.162.72.252 - - [25/Jul/2017:08:21:19 +0200] "GET /img/facebook-icon.png HTTP/1.1" 200 1506 "http://www.easydrivers.at/fuehrerscheine/lkw?channel=fullversion" "Mozilla/5.0 (Linux; Android 6.0; LG-H440n Build/MRA58K) AppleWebKit/537.36 (KHTML, like Gecko) Chrome/54.0.2840.85 Mobile Safari/537.36"
213.162.72.252 - - [25/Jul/2017:08:21:19 +0200] "GET /img/schweiz-icon.png HTTP/1.1" 200 1504 "http://www.easydrivers.at/fuehrerscheine/lkw?channel=fullversion" "Mozilla/5.0 (Linux; Android 6.0; LG-H440n Build/MRA58K) AppleWebKit/537.36 (KHTML, like Gecko) Chrome/54.0.2840.85 Mobile Safari/537.36"
213.162.72.252 - - [25/Jul/2017:08:21:19 +0200] "GET /img/bg-header.jpg HTTP/1.1" 200 38680 "http://www.easydrivers.at/css/style.css" "Mozilla/5.0 (Linux; Android 6.0; LG-H440n Build/MRA58K) AppleWebKit/537.36 (KHTML, like Gecko) Chrome/54.0.2840.85 Mobile Safari/537.36"
213.162.72.252 - - [25/Jul/2017:08:21:19 +0200] "GET /img/bg-yellow.jpg HTTP/1.1" 200 2250 "http://www.easydrivers.at/css/style.css" "Mozilla/5.0 (Linux; Android 6.0; LG-H440n Build/MRA58K) AppleWebKit/537.36 (KHTML, like Gecko) Chrome/54.0.2840.85 Mobile Safari/537.36"
213.162.72.252 - - [25/Jul/2017:08:21:19 +0200] "GET /img/ED_Logo.png HTTP/1.1" 200 3385 "http://www.easydrivers.at/css/style.css" "Mozilla/5.0 (Linux; Android 6.0; LG-H440n Build/MRA58K) AppleWebKit/537.36 (KHTML, like Gecko) Chrome/54.0.2840.85 Mobile Safari/537.36"
213.162.72.252 - - [25/Jul/2017:08:21:19 +0200] "GET /img/submit-button-small.png HTTP/1.1" 200 1456 "http://www.easydrivers.at/css/style.css" "Mozilla/5.0 (Linux; Android 6.0; LG-H440n Build/MRA58K) AppleWebKit/537.36 (KHTML, like Gecko) Chrome/54.0.2840.85 Mobile Safari/537.36"
213.162.72.252 - - [25/Jul/2017:08:21:19 +0200] "GET /img/bg-footer.jpg HTTP/1.1" 200 31770 "http://www.easydrivers.at/css/style.css" "Mozilla/5.0 (Linux; Android 6.0; LG-H440n Build/MRA58K) AppleWebKit/537.36 (KHTML, like Gecko) Chrome/54.0.2840.85 Mobile Safari/537.36"
213.162.72.252 - - [25/Jul/2017:08:21:19 +0200] "GET /binaries/easy-drivers-portal/lkw3jpg.jpg HTTP/1.1" 200 66609 "http://www.easydrivers.at/fuehrerscheine/lkw?channel=fullversion" "Mozilla/5.0 (Linux; Android 6.0; LG-H440n Build/MRA58K) AppleWebKit/537.36 (KHTML, like Gecko) Chrome/54.0.2840.85 Mobile Safari/537.36"
213.162.72.252 - - [25/Jul/2017:08:21:19 +0200] "GET /img/kursicon-print-pink.png HTTP/1.1" 200 1125 "http://www.easydrivers.at/fuehrerscheine/lkw?channel=fullversion" "Mozilla/5.0 (Linux; Android 6.0; LG-H440n Build/MRA58K) AppleWebKit/537.36 (KHTML, like Gecko) Chrome/54.0.2840.85 Mobile Safari/537.36"
213.162.72.252 - - [25/Jul/2017:08:21:19 +0200] "GET /img/kursicon-download-pink.png HTTP/1.1" 200 1213 "http://www.easydrivers.at/fuehrerscheine/lkw?channel=fullversion" "Mozilla/5.0 (Linux; Android 6.0; LG-H440n Build/MRA58K) AppleWebKit/537.36 (KHTML, like Gecko) Chrome/54.0.2840.85 Mobile Safari/537.36"
213.162.72.252 - - [25/Jul/2017:08:21:19 +0200] "GET /css/print.css HTTP/1.1" 200 967 "http://www.easydrivers.at/fuehrerscheine/lkw?channel=fullversion" "Mozilla/5.0 (Linux; Android 6.0; LG-H440n Build/MRA58K) AppleWebKit/537.36 (KHTML, like Gecko) Chrome/54.0.2840.85 Mobile Safari/537.36"
213.162.72.252 - - [25/Jul/2017:08:21:19 +0200] "GET /img/kursicon-share-pink.png HTTP/1.1" 200 1277 "http://www.easydrivers.at/fuehrerscheine/lkw?channel=fullversion" "Mozilla/5.0 (Linux; Android 6.0; LG-H440n Build/MRA58K) AppleWebKit/537.36 (KHTML, like Gecko) Chrome/54.0.2840.85 Mobile Safari/537.36"
213.162.72.252 - - [25/Jul/2017:08:21:19 +0200] "GET /img/kursicon-phone-pink.png HTTP/1.1" 200 1286 "http://www.easydrivers.at/fuehrerscheine/lkw?channel=fullversion" "Mozilla/5.0 (Linux; Android 6.0; LG-H440n Build/MRA58K) AppleWebKit/537.36 (KHTML, like Gecko) Chrome/54.0.2840.85 Mobile Safari/537.36"
213.162.72.252 - - [25/Jul/2017:08:21:20 +0200] "GET /img/new_favicon.ico HTTP/1.1" 200 1150 "http://www.easydrivers.at/fuehrerscheine/lkw?channel=fullversion" "Mozilla/5.0 (Linux; Android 6.0; LG-H440n Build/MRA58K) AppleWebKit/537.36 (KHTML, like Gecko) Chrome/54.0.2840.85 Mobile Safari/537.36"
212.183.59.166 - - [25/Jul/2017:08:21:29 +0200] "GET /fuehrerscheine/auto HTTP/1.1" 200 5440 "http://www.easydrivers.at/pruefprotokoll" "Mozilla/5.0 (iPhone; CPU iPhone OS 9_3_3 like Mac OS X) AppleWebKit/601.1.46 (KHTML, like Gecko) Version/9.0 Mobile/13G34 Safari/601.1"
212.183.59.166 - - [25/Jul/2017:08:21:31 +0200] "GET /javascript/mobile-license.js HTTP/1.1" 200 216 "http://www.easydrivers.at/fuehrerscheine/auto" "Mozilla/5.0 (iPhone; CPU iPhone OS 9_3_3 like Mac OS X) AppleWebKit/601.1.46 (KHTML, like Gecko) Version/9.0 Mobile/13G34 Safari/601.1"
212.183.59.166 - - [25/Jul/2017:08:21:31 +0200] "GET /img/mobile/bg-yellow.jpg HTTP/1.1" 200 1569 "http://www.easydrivers.at/fuehrerscheine/auto" "Mozilla/5.0 (iPhone; CPU iPhone OS 9_3_3 like Mac OS X) AppleWebKit/601.1.46 (KHTML, like Gecko) Version/9.0 Mobile/13G34 Safari/601.1"
212.183.59.166 - - [25/Jul/2017:08:21:31 +0200] "GET /img/mobile/weiter-button.png HTTP/1.1" 200 1670 "http://www.easydrivers.at/fuehrerscheine/auto" "Mozilla/5.0 (iPhone; CPU iPhone OS 9_3_3 like Mac OS X) AppleWebKit/601.1.46 (KHTML, like Gecko) Version/9.0 Mobile/13G34 Safari/601.1"
213.162.72.252 - - [25/Jul/2017:08:21:30 +0200] "GET /fuehrerscheine/lkw/E HTTP/1.1" 200 3317 "http://www.easydrivers.at/fuehrerscheine/lkw?channel=fullversion" "Mozilla/5.0 (Linux; Android 6.0; LG-H440n Build/MRA58K) AppleWebKit/537.36 (KHTML, like Gecko) Chrome/54.0.2840.85 Mobile Safari/537.36"
213.162.72.252 - - [25/Jul/2017:08:21:31 +0200] "GET /javascript/product.js HTTP/1.1" 200 139 "http://www.easydrivers.at/fuehrerscheine/lkw/E" "Mozilla/5.0 (Linux; Android 6.0; LG-H440n Build/MRA58K) AppleWebKit/537.36 (KHTML, like Gecko) Chrome/54.0.2840.85 Mobile Safari/537.36"
213.162.72.252 - - [25/Jul/2017:08:21:32 +0200] "GET /img/arrow-left.png HTTP/1.1" 200 1015 "http://www.easydrivers.at/css/style.css" "Mozilla/5.0 (Linux; Android 6.0; LG-H440n Build/MRA58K) AppleWebKit/537.36 (KHTML, like Gecko) Chrome/54.0.2840.85 Mobile Safari/537.36"
213.162.72.252 - - [25/Jul/2017:08:21:32 +0200] "GET /img/arrow-up.png HTTP/1.1" 200 1081 "http://www.easydrivers.at/css/style.css" "Mozilla/5.0 (Linux; Android 6.0; LG-H440n Build/MRA58K) AppleWebKit/537.36 (KHTML, like Gecko) Chrome/54.0.2840.85 Mobile Safari/537.36"
213.162.72.252 - - [25/Jul/2017:08:21:32 +0200] "GET /binaries/easy-drivers-portal/lkw1jpg.jpg HTTP/1.1" 200 71423 "http://www.easydrivers.at/fuehrerscheine/lkw/E" "Mozilla/5.0 (Linux; Android 6.0; LG-H440n Build/MRA58K) AppleWebKit/537.36 (KHTML, like Gecko) Chrome/54.0.2840.85 Mobile Safari/537.36"
213.162.68.233 - - [25/Jul/2017:08:21:38 +0200] "GET / HTTP/1.1" 200 3563 "https://www.google.at/" "Mozilla/5.0 (Linux; Android 7.0; HUAWEI CAN-L11 Build/HUAWEICAN-L11) AppleWebKit/537.36 (KHTML, like Gecko) Chrome/59.0.3071.125 Mobile Safari/537.36"
213.162.68.233 - - [25/Jul/2017:08:21:40 +0200] "GET /css/mobile.css HTTP/1.1" 200 2852 "http://www.easydrivers.at/" "Mozilla/5.0 (Linux; Android 7.0; HUAWEI CAN-L11 Build/HUAWEICAN-L11) AppleWebKit/537.36 (KHTML, like Gecko) Chrome/59.0.3071.125 Mobile Safari/537.36"
213.162.68.233 - - [25/Jul/2017:08:21:40 +0200] "GET /javascript/jquery.cookie.js HTTP/1.1" 200 863 "http://www.easydrivers.at/" "Mozilla/5.0 (Linux; Android 7.0; HUAWEI CAN-L11 Build/HUAWEICAN-L11) AppleWebKit/537.36 (KHTML, like Gecko) Chrome/59.0.3071.125 Mobile Safari/537.36"
213.162.68.233 - - [25/Jul/2017:08:21:40 +0200] "GET /javascript/mobile-menu.js HTTP/1.1" 200 1634 "http://www.easydrivers.at/" "Mozilla/5.0 (Linux; Android 7.0; HUAWEI CAN-L11 Build/HUAWEICAN-L11) AppleWebKit/537.36 (KHTML, like Gecko) Chrome/59.0.3071.125 Mobile Safari/537.36"
213.162.68.233 - - [25/Jul/2017:08:21:40 +0200] "GET /javascript/jquery.simplemodal.js HTTP/1.1" 200 3070 "http://www.easydrivers.at/" "Mozilla/5.0 (Linux; Android 7.0; HUAWEI CAN-L11 Build/HUAWEICAN-L11) AppleWebKit/537.36 (KHTML, like Gecko) Chrome/59.0.3071.125 Mobile Safari/537.36"
213.162.68.233 - - [25/Jul/2017:08:21:40 +0200] "GET /javascript/jquery-1.9.1.min.js HTTP/1.1" 200 32731 "http://www.easydrivers.at/" "Mozilla/5.0 (Linux; Android 7.0; HUAWEI CAN-L11 Build/HUAWEICAN-L11) AppleWebKit/537.36 (KHTML, like Gecko) Chrome/59.0.3071.125 Mobile Safari/537.36"
213.162.68.233 - - [25/Jul/2017:08:21:40 +0200] "GET /javascript/mobile-homesearch.js HTTP/1.1" 200 340 "http://www.easydrivers.at/" "Mozilla/5.0 (Linux; Android 7.0; HUAWEI CAN-L11 Build/HUAWEICAN-L11) AppleWebKit/537.36 (KHTML, like Gecko) Chrome/59.0.3071.125 Mobile Safari/537.36"
213.162.68.233 - - [25/Jul/2017:08:21:40 +0200] "GET /javascript/lazyload.js HTTP/1.1" 200 1170 "http://www.easydrivers.at/" "Mozilla/5.0 (Linux; Android 7.0; HUAWEI CAN-L11 Build/HUAWEICAN-L11) AppleWebKit/537.36 (KHTML, like Gecko) Chrome/59.0.3071.125 Mobile Safari/537.36"
213.162.68.233 - - [25/Jul/2017:08:21:40 +0200] "GET /img/mobile/easydrivers-logo-mobile.png HTTP/1.1" 200 10766 "http://www.easydrivers.at/" "Mozilla/5.0 (Linux; Android 7.0; HUAWEI CAN-L11 Build/HUAWEICAN-L11) AppleWebKit/537.36 (KHTML, like Gecko) Chrome/59.0.3071.125 Mobile Safari/537.36"
213.162.68.233 - - [25/Jul/2017:08:21:40 +0200] "GET /img/mobile/menu-button.png HTTP/1.1" 200 1746 "http://www.easydrivers.at/" "Mozilla/5.0 (Linux; Android 7.0; HUAWEI CAN-L11 Build/HUAWEICAN-L11) AppleWebKit/537.36 (KHTML, like Gecko) Chrome/59.0.3071.125 Mobile Safari/537.36"
213.162.68.233 - - [25/Jul/2017:08:21:40 +0200] "GET /img/mobile/close-button.png HTTP/1.1" 200 2411 "http://www.easydrivers.at/" "Mozilla/5.0 (Linux; Android 7.0; HUAWEI CAN-L11 Build/HUAWEICAN-L11) AppleWebKit/537.36 (KHTML, like Gecko) Chrome/59.0.3071.125 Mobile Safari/537.36"
213.162.68.233 - - [25/Jul/2017:08:21:40 +0200] "GET /img/mobile/facebook-icon.png HTTP/1.1" 200 1902 "http://www.easydrivers.at/" "Mozilla/5.0 (Linux; Android 7.0; HUAWEI CAN-L11 Build/HUAWEICAN-L11) AppleWebKit/537.36 (KHTML, like Gecko) Chrome/59.0.3071.125 Mobile Safari/537.36"
213.162.68.233 - - [25/Jul/2017:08:21:40 +0200] "GET /img/mobile/widget-icon-app.png HTTP/1.1" 200 3458 "http://www.easydrivers.at/" "Mozilla/5.0 (Linux; Android 7.0; HUAWEI CAN-L11 Build/HUAWEICAN-L11) AppleWebKit/537.36 (KHTML, like Gecko) Chrome/59.0.3071.125 Mobile Safari/537.36"
213.162.68.233 - - [25/Jul/2017:08:21:40 +0200] "GET /img/mobile/bg-top-section.jpg HTTP/1.1" 200 21711 "http://www.easydrivers.at/css/mobile.css" "Mozilla/5.0 (Linux; Android 7.0; HUAWEI CAN-L11 Build/HUAWEICAN-L11) AppleWebKit/537.36 (KHTML, like Gecko) Chrome/59.0.3071.125 Mobile Safari/537.36"
213.162.68.233 - - [25/Jul/2017:08:21:40 +0200] "GET /img/mobile/pfeil-rechts.png HTTP/1.1" 200 1228 "http://www.easydrivers.at/css/mobile.css" "Mozilla/5.0 (Linux; Android 7.0; HUAWEI CAN-L11 Build/HUAWEICAN-L11) AppleWebKit/537.36 (KHTML, like Gecko) Chrome/59.0.3071.125 Mobile Safari/537.36"
213.162.68.233 - - [25/Jul/2017:08:21:40 +0200] "GET /img/mobile/bg-header.jpg HTTP/1.1" 200 19741 "http://www.easydrivers.at/css/mobile.css" "Mozilla/5.0 (Linux; Android 7.0; HUAWEI CAN-L11 Build/HUAWEICAN-L11) AppleWebKit/537.36 (KHTML, like Gecko) Chrome/59.0.3071.125 Mobile Safari/537.36"
213.162.68.233 - - [25/Jul/2017:08:21:40 +0200] "GET /img/mobile/bg-menu.jpg HTTP/1.1" 200 1698 "http://www.easydrivers.at/css/mobile.css" "Mozilla/5.0 (Linux; Android 7.0; HUAWEI CAN-L11 Build/HUAWEICAN-L11) AppleWebKit/537.36 (KHTML, like Gecko) Chrome/59.0.3071.125 Mobile Safari/537.36"
213.162.68.233 - - [25/Jul/2017:08:21:41 +0200] "GET /img/favicon.ico HTTP/1.1" 404 300 "http://www.easydrivers.at/" "Mozilla/5.0 (Linux; Android 7.0; HUAWEI CAN-L11 Build/HUAWEICAN-L11) AppleWebKit/537.36 (KHTML, like Gecko) Chrome/59.0.3071.125 Mobile Safari/537.36"
212.183.59.166 - - [25/Jul/2017:08:21:42 +0200] "GET /img/mobile/pfeil-rechts-small.png HTTP/1.1" 200 1056 "http://www.easydrivers.at/fuehrerscheine/auto" "Mozilla/5.0 (iPhone; CPU iPhone OS 9_3_3 like Mac OS X) AppleWebKit/601.1.46 (KHTML, like Gecko) Version/9.0 Mobile/13G34 Safari/601.1"
213.225.38.197 - - [25/Jul/2017:08:21:49 +0200] "GET /binaries/easy-drivers-harm-innsbruck/standort-innsbruck1png.png HTTP/1.1" 200 307676 "-" "com.google.GoogleMobile/31.0.0 iPhone/10.3.2 hw/iPhone9_3"
188.23.155.253 - - [25/Jul/2017:08:22:06 +0200] "GET /dornbirn HTTP/1.1" 200 3036 "https://www.google.at/" "Mozilla/5.0 (iPhone; CPU iPhone OS 10_3_2 like Mac OS X) AppleWebKit/603.2.4 (KHTML, like Gecko) Version/10.0 Mobile/14F89 Safari/602.1"
188.23.155.253 - - [25/Jul/2017:08:22:19 +0200] "GET /dornbirn HTTP/1.1" 200 3036 "https://www.google.at/" "Mozilla/5.0 (iPhone; CPU iPhone OS 10_3_2 like Mac OS X) AppleWebKit/603.2.4 (KHTML, like Gecko) Version/10.0 Mobile/14F89 Safari/602.1"
213.162.68.233 - - [25/Jul/2017:08:22:24 +0200] "GET /app HTTP/1.1" 200 2405 "http://www.easydrivers.at/" "Mozilla/5.0 (Linux; Android 7.0; HUAWEI CAN-L11 Build/HUAWEICAN-L11) AppleWebKit/537.36 (KHTML, like Gecko) Chrome/59.0.3071.125 Mobile Safari/537.36"
213.162.68.233 - - [25/Jul/2017:08:22:26 +0200] "GET /binaries/10227599.png HTTP/1.1" 200 4420 "http://www.easydrivers.at/app" "Mozilla/5.0 (Linux; Android 7.0; HUAWEI CAN-L11 Build/HUAWEICAN-L11) AppleWebKit/537.36 (KHTML, like Gecko) Chrome/59.0.3071.125 Mobile Safari/537.36"
213.162.68.233 - - [25/Jul/2017:08:22:26 +0200] "GET /binaries/10227600.png HTTP/1.1" 200 4765 "http://www.easydrivers.at/app" "Mozilla/5.0 (Linux; Android 7.0; HUAWEI CAN-L11 Build/HUAWEICAN-L11) AppleWebKit/537.36 (KHTML, like Gecko) Chrome/59.0.3071.125 Mobile Safari/537.36"
213.162.68.233 - - [25/Jul/2017:08:22:26 +0200] "GET /binaries/10244141_1.jpg HTTP/1.1" 200 7585 "http://www.easydrivers.at/app" "Mozilla/5.0 (Linux; Android 7.0; HUAWEI CAN-L11 Build/HUAWEICAN-L11) AppleWebKit/537.36 (KHTML, like Gecko) Chrome/59.0.3071.125 Mobile Safari/537.36"
188.23.155.253 - - [25/Jul/2017:08:22:24 +0200] "POST /dornbirn/kursauswahl HTTP/1.1" 200 3158 "http://www.easydrivers.at/dornbirn" "Mozilla/5.0 (iPhone; CPU iPhone OS 10_3_2 like Mac OS X) AppleWebKit/603.2.4 (KHTML, like Gecko) Version/10.0 Mobile/14F89 Safari/602.1"
213.162.68.233 - - [25/Jul/2017:08:22:26 +0200] "GET /binaries/10244142_1.jpg HTTP/1.1" 200 7031 "http://www.easydrivers.at/app" "Mozilla/5.0 (Linux; Android 7.0; HUAWEI CAN-L11 Build/HUAWEICAN-L11) AppleWebKit/537.36 (KHTML, like Gecko) Chrome/59.0.3071.125 Mobile Safari/537.36"
188.23.155.253 - - [25/Jul/2017:08:22:26 +0200] "POST /loadkursliste HTTP/1.1" 200 510 "http://www.easydrivers.at/dornbirn/kursauswahl" "Mozilla/5.0 (iPhone; CPU iPhone OS 10_3_2 like Mac OS X) AppleWebKit/603.2.4 (KHTML, like Gecko) Version/10.0 Mobile/14F89 Safari/602.1"
213.162.72.252 - - [25/Jul/2017:08:22:32 +0200] "GET /fuehrerscheine/lkw?channel=fullversion HTTP/1.1" 200 2617 "http://www.easydrivers.at/fuehrerscheine/lkw" "Mozilla/5.0 (Linux; Android 6.0; LG-H440n Build/MRA58K) AppleWebKit/537.36 (KHTML, like Gecko) Chrome/54.0.2840.85 Mobile Safari/537.36"
213.162.72.252 - - [25/Jul/2017:08:22:33 +0200] "GET /binaries/easy-drivers-portal/lkw4jpg.jpg HTTP/1.1" 200 118819 "http://www.easydrivers.at/fuehrerscheine/lkw?channel=fullversion" "Mozilla/5.0 (Linux; Android 6.0; LG-H440n Build/MRA58K) AppleWebKit/537.36 (KHTML, like Gecko) Chrome/54.0.2840.85 Mobile Safari/537.36"
188.23.155.253 - - [25/Jul/2017:08:22:31 +0200] "GET /dornbirn/10248216?FS=B-L HTTP/1.1" 200 3262 "http://www.easydrivers.at/dornbirn/kursauswahl" "Mozilla/5.0 (iPhone; CPU iPhone OS 10_3_2 like Mac OS X) AppleWebKit/603.2.4 (KHTML, like Gecko) Version/10.0 Mobile/14F89 Safari/602.1"
213.162.72.252 - - [25/Jul/2017:08:22:34 +0200] "GET /fuehrerscheine/lkw HTTP/1.1" 200 2618 "http://www.google.at/" "Mozilla/5.0 (Linux; Android 6.0; LG-H440n Build/MRA58K) AppleWebKit/537.36 (KHTML, like Gecko) Chrome/54.0.2840.85 Mobile Safari/537.36"
213.225.38.197 - - [25/Jul/2017:08:22:45 +0200] "GET /binaries/easy-drivers-portal/motorrad6jpg.jpg HTTP/1.1" 200 83216 "-" "com.google.GoogleMobile/31.0.0 iPhone/10.3.2 hw/iPhone9_3"
213.225.38.197 - - [25/Jul/2017:08:22:46 +0200] "GET /binaries/easy-drivers-portal/widget-icon-trainingpng.png HTTP/1.1" 200 2662 "-" "com.google.GoogleMobile/31.0.0 iPhone/10.3.2 hw/iPhone9_3"
213.225.38.197 - - [25/Jul/2017:08:22:50 +0200] "GET /binaries/easy-drivers-portal/edradfahrschullogowidget160x90pxpng.png HTTP/1.1" 200 23394 "-" "com.google.GoogleMobile/31.0.0 iPhone/10.3.2 hw/iPhone9_3"
188.23.155.253 - - [25/Jul/2017:08:22:48 +0200] "GET /dornbirn/10248216?FS=B-L&channel=fullversion HTTP/1.1" 200 6279 "http://www.easydrivers.at/dornbirn/10248216?FS=B-L" "Mozilla/5.0 (iPhone; CPU iPhone OS 10_3_2 like Mac OS X) AppleWebKit/603.2.4 (KHTML, like Gecko) Version/10.0 Mobile/14F89 Safari/602.1"
188.23.155.253 - - [25/Jul/2017:08:22:50 +0200] "GET /css/style.css HTTP/1.1" 200 5004 "http://www.easydrivers.at/dornbirn/10248216?FS=B-L&channel=fullversion" "Mozilla/5.0 (iPhone; CPU iPhone OS 10_3_2 like Mac OS X) AppleWebKit/603.2.4 (KHTML, like Gecko) Version/10.0 Mobile/14F89 Safari/602.1"
188.23.155.253 - - [25/Jul/2017:08:22:50 +0200] "GET /css/print.css HTTP/1.1" 200 967 "http://www.easydrivers.at/dornbirn/10248216?FS=B-L&channel=fullversion" "Mozilla/5.0 (iPhone; CPU iPhone OS 10_3_2 like Mac OS X) AppleWebKit/603.2.4 (KHTML, like Gecko) Version/10.0 Mobile/14F89 Safari/602.1"
188.23.155.253 - - [25/Jul/2017:08:22:50 +0200] "GET /javascript/jquery.customSelect.min.js HTTP/1.1" 200 912 "http://www.easydrivers.at/dornbirn/10248216?FS=B-L&channel=fullversion" "Mozilla/5.0 (iPhone; CPU iPhone OS 10_3_2 like Mac OS X) AppleWebKit/603.2.4 (KHTML, like Gecko) Version/10.0 Mobile/14F89 Safari/602.1"
188.23.155.253 - - [25/Jul/2017:08:22:50 +0200] "GET /javascript/portal.js?1221842734 HTTP/1.1" 200 3529 "http://www.easydrivers.at/dornbirn/10248216?FS=B-L&channel=fullversion" "Mozilla/5.0 (iPhone; CPU iPhone OS 10_3_2 like Mac OS X) AppleWebKit/603.2.4 (KHTML, like Gecko) Version/10.0 Mobile/14F89 Safari/602.1"
188.23.155.253 - - [25/Jul/2017:08:22:50 +0200] "GET /css/showLoading.css HTTP/1.1" 200 219 "http://www.easydrivers.at/dornbirn/10248216?FS=B-L&channel=fullversion" "Mozilla/5.0 (iPhone; CPU iPhone OS 10_3_2 like Mac OS X) AppleWebKit/603.2.4 (KHTML, like Gecko) Version/10.0 Mobile/14F89 Safari/602.1"
188.23.155.253 - - [25/Jul/2017:08:22:50 +0200] "GET /javascript/fahrschule.js HTTP/1.1" 200 462 "http://www.easydrivers.at/dornbirn/10248216?FS=B-L&channel=fullversion" "Mozilla/5.0 (iPhone; CPU iPhone OS 10_3_2 like Mac OS X) AppleWebKit/603.2.4 (KHTML, like Gecko) Version/10.0 Mobile/14F89 Safari/602.1"
188.23.155.253 - - [25/Jul/2017:08:22:50 +0200] "GET /javascript/suche.js HTTP/1.1" 200 209 "http://www.easydrivers.at/dornbirn/10248216?FS=B-L&channel=fullversion" "Mozilla/5.0 (iPhone; CPU iPhone OS 10_3_2 like Mac OS X) AppleWebKit/603.2.4 (KHTML, like Gecko) Version/10.0 Mobile/14F89 Safari/602.1"
188.23.155.253 - - [25/Jul/2017:08:22:50 +0200] "GET /javascript/jquery.showLoading.min.js HTTP/1.1" 200 1136 "http://www.easydrivers.at/dornbirn/10248216?FS=B-L&channel=fullversion" "Mozilla/5.0 (iPhone; CPU iPhone OS 10_3_2 like Mac OS X) AppleWebKit/603.2.4 (KHTML, like Gecko) Version/10.0 Mobile/14F89 Safari/602.1"
188.23.155.253 - - [25/Jul/2017:08:22:50 +0200] "GET /img/close-button.png HTTP/1.1" 200 2237 "http://www.easydrivers.at/dornbirn/10248216?FS=B-L&channel=fullversion" "Mozilla/5.0 (iPhone; CPU iPhone OS 10_3_2 like Mac OS X) AppleWebKit/603.2.4 (KHTML, like Gecko) Version/10.0 Mobile/14F89 Safari/602.1"
188.23.155.253 - - [25/Jul/2017:08:22:50 +0200] "GET /javascript/jquery.base64.min.js HTTP/1.1" 200 37135 "http://www.easydrivers.at/dornbirn/10248216?FS=B-L&channel=fullversion" "Mozilla/5.0 (iPhone; CPU iPhone OS 10_3_2 like Mac OS X) AppleWebKit/603.2.4 (KHTML, like Gecko) Version/10.0 Mobile/14F89 Safari/602.1"
188.23.155.253 - - [25/Jul/2017:08:22:50 +0200] "GET /img/facebook-icon.png HTTP/1.1" 200 1506 "http://www.easydrivers.at/dornbirn/10248216?FS=B-L&channel=fullversion" "Mozilla/5.0 (iPhone; CPU iPhone OS 10_3_2 like Mac OS X) AppleWebKit/603.2.4 (KHTML, like Gecko) Version/10.0 Mobile/14F89 Safari/602.1"
188.23.155.253 - - [25/Jul/2017:08:22:50 +0200] "GET /img/info-button.png HTTP/1.1" 200 738 "http://www.easydrivers.at/dornbirn/10248216?FS=B-L&channel=fullversion" "Mozilla/5.0 (iPhone; CPU iPhone OS 10_3_2 like Mac OS X) AppleWebKit/603.2.4 (KHTML, like Gecko) Version/10.0 Mobile/14F89 Safari/602.1"
188.23.155.253 - - [25/Jul/2017:08:22:50 +0200] "GET /img/locator-icon.png HTTP/1.1" 200 1377 "http://www.easydrivers.at/dornbirn/10248216?FS=B-L&channel=fullversion" "Mozilla/5.0 (iPhone; CPU iPhone OS 10_3_2 like Mac OS X) AppleWebKit/603.2.4 (KHTML, like Gecko) Version/10.0 Mobile/14F89 Safari/602.1"
188.23.155.253 - - [25/Jul/2017:08:22:50 +0200] "GET /img/close-button-small.png HTTP/1.1" 200 1671 "http://www.easydrivers.at/dornbirn/10248216?FS=B-L&channel=fullversion" "Mozilla/5.0 (iPhone; CPU iPhone OS 10_3_2 like Mac OS X) AppleWebKit/603.2.4 (KHTML, like Gecko) Version/10.0 Mobile/14F89 Safari/602.1"
188.23.155.253 - - [25/Jul/2017:08:22:51 +0200] "GET /img/kursicon-print.png HTTP/1.1" 200 1184 "http://www.easydrivers.at/dornbirn/10248216?FS=B-L&channel=fullversion" "Mozilla/5.0 (iPhone; CPU iPhone OS 10_3_2 like Mac OS X) AppleWebKit/603.2.4 (KHTML, like Gecko) Version/10.0 Mobile/14F89 Safari/602.1"
188.23.155.253 - - [25/Jul/2017:08:22:51 +0200] "GET /img/kursicon-download.png HTTP/1.1" 200 1218 "http://www.easydrivers.at/dornbirn/10248216?FS=B-L&channel=fullversion" "Mozilla/5.0 (iPhone; CPU iPhone OS 10_3_2 like Mac OS X) AppleWebKit/603.2.4 (KHTML, like Gecko) Version/10.0 Mobile/14F89 Safari/602.1"
188.23.155.253 - - [25/Jul/2017:08:22:51 +0200] "GET /img/kursicon-share.png HTTP/1.1" 200 1302 "http://www.easydrivers.at/dornbirn/10248216?FS=B-L&channel=fullversion" "Mozilla/5.0 (iPhone; CPU iPhone OS 10_3_2 like Mac OS X) AppleWebKit/603.2.4 (KHTML, like Gecko) Version/10.0 Mobile/14F89 Safari/602.1"
188.23.155.253 - - [25/Jul/2017:08:22:51 +0200] "GET /img/kursicon-phone.png HTTP/1.1" 200 1287 "http://www.easydrivers.at/dornbirn/10248216?FS=B-L&channel=fullversion" "Mozilla/5.0 (iPhone; CPU iPhone OS 10_3_2 like Mac OS X) AppleWebKit/603.2.4 (KHTML, like Gecko) Version/10.0 Mobile/14F89 Safari/602.1"
188.23.155.253 - - [25/Jul/2017:08:22:51 +0200] "GET /cache/emu/images/10267596/_111_167.jpg HTTP/1.1" 200 5378 "http://www.easydrivers.at/dornbirn/10248216?FS=B-L&channel=fullversion" "Mozilla/5.0 (iPhone; CPU iPhone OS 10_3_2 like Mac OS X) AppleWebKit/603.2.4 (KHTML, like Gecko) Version/10.0 Mobile/14F89 Safari/602.1"
188.23.155.253 - - [25/Jul/2017:08:22:51 +0200] "GET /cache/emu/images/10267595/_111_167.jpg HTTP/1.1" 200 5669 "http://www.easydrivers.at/dornbirn/10248216?FS=B-L&channel=fullversion" "Mozilla/5.0 (iPhone; CPU iPhone OS 10_3_2 like Mac OS X) AppleWebKit/603.2.4 (KHTML, like Gecko) Version/10.0 Mobile/14F89 Safari/602.1"
188.23.155.253 - - [25/Jul/2017:08:22:51 +0200] "GET /cache/emu/images/10279047/_111_167.jpg HTTP/1.1" 200 5300 "http://www.easydrivers.at/dornbirn/10248216?FS=B-L&channel=fullversion" "Mozilla/5.0 (iPhone; CPU iPhone OS 10_3_2 like Mac OS X) AppleWebKit/603.2.4 (KHTML, like Gecko) Version/10.0 Mobile/14F89 Safari/602.1"
188.23.155.253 - - [25/Jul/2017:08:22:51 +0200] "GET /cache/emu/images/10267594/_111_167.jpg HTTP/1.1" 200 5172 "http://www.easydrivers.at/dornbirn/10248216?FS=B-L&channel=fullversion" "Mozilla/5.0 (iPhone; CPU iPhone OS 10_3_2 like Mac OS X) AppleWebKit/603.2.4 (KHTML, like Gecko) Version/10.0 Mobile/14F89 Safari/602.1"
188.23.155.253 - - [25/Jul/2017:08:22:50 +0200] "GET /binaries/easy-drivers-portal/pkw8jpg-1.jpg HTTP/1.1" 200 77231 "http://www.easydrivers.at/dornbirn/10248216?FS=B-L&channel=fullversion" "Mozilla/5.0 (iPhone; CPU iPhone OS 10_3_2 like Mac OS X) AppleWebKit/603.2.4 (KHTML, like Gecko) Version/10.0 Mobile/14F89 Safari/602.1"
188.23.155.253 - - [25/Jul/2017:08:22:51 +0200] "GET /cache/emu/images/10279055/_112_167.jpg HTTP/1.1" 200 6269 "http://www.easydrivers.at/dornbirn/10248216?FS=B-L&channel=fullversion" "Mozilla/5.0 (iPhone; CPU iPhone OS 10_3_2 like Mac OS X) AppleWebKit/603.2.4 (KHTML, like Gecko) Version/10.0 Mobile/14F89 Safari/602.1"
188.23.155.253 - - [25/Jul/2017:08:22:51 +0200] "GET /cache/emu/images/10279048/_111_167.jpg HTTP/1.1" 200 5184 "http://www.easydrivers.at/dornbirn/10248216?FS=B-L&channel=fullversion" "Mozilla/5.0 (iPhone; CPU iPhone OS 10_3_2 like Mac OS X) AppleWebKit/603.2.4 (KHTML, like Gecko) Version/10.0 Mobile/14F89 Safari/602.1"
188.23.155.253 - - [25/Jul/2017:08:22:51 +0200] "GET /cache/emu/images/10279056/_108_167.jpg HTTP/1.1" 200 5713 "http://www.easydrivers.at/dornbirn/10248216?FS=B-L&channel=fullversion" "Mozilla/5.0 (iPhone; CPU iPhone OS 10_3_2 like Mac OS X) AppleWebKit/603.2.4 (KHTML, like Gecko) Version/10.0 Mobile/14F89 Safari/602.1"
188.23.155.253 - - [25/Jul/2017:08:22:51 +0200] "GET /cache/emu/images/10267597/_111_167.jpg HTTP/1.1" 200 6056 "http://www.easydrivers.at/dornbirn/10248216?FS=B-L&channel=fullversion" "Mozilla/5.0 (iPhone; CPU iPhone OS 10_3_2 like Mac OS X) AppleWebKit/603.2.4 (KHTML, like Gecko) Version/10.0 Mobile/14F89 Safari/602.1"
188.23.155.253 - - [25/Jul/2017:08:22:51 +0200] "GET /cache/emu/images/10279057/_111_167.jpg HTTP/1.1" 200 5395 "http://www.easydrivers.at/dornbirn/10248216?FS=B-L&channel=fullversion" "Mozilla/5.0 (iPhone; CPU iPhone OS 10_3_2 like Mac OS X) AppleWebKit/603.2.4 (KHTML, like Gecko) Version/10.0 Mobile/14F89 Safari/602.1"
188.23.155.253 - - [25/Jul/2017:08:22:51 +0200] "GET /cache/emu/images/10267598/_111_167.jpg HTTP/1.1" 200 5557 "http://www.easydrivers.at/dornbirn/10248216?FS=B-L&channel=fullversion" "Mozilla/5.0 (iPhone; CPU iPhone OS 10_3_2 like Mac OS X) AppleWebKit/603.2.4 (KHTML, like Gecko) Version/10.0 Mobile/14F89 Safari/602.1"
188.23.155.253 - - [25/Jul/2017:08:22:51 +0200] "GET /cache/emu/images/10279051/_116_167.jpg HTTP/1.1" 200 3609 "http://www.easydrivers.at/dornbirn/10248216?FS=B-L&channel=fullversion" "Mozilla/5.0 (iPhone; CPU iPhone OS 10_3_2 like Mac OS X) AppleWebKit/603.2.4 (KHTML, like Gecko) Version/10.0 Mobile/14F89 Safari/602.1"
188.23.155.253 - - [25/Jul/2017:08:22:51 +0200] "GET /cache/emu/images/10267599/_111_167.jpg HTTP/1.1" 200 5817 "http://www.easydrivers.at/dornbirn/10248216?FS=B-L&channel=fullversion" "Mozilla/5.0 (iPhone; CPU iPhone OS 10_3_2 like Mac OS X) AppleWebKit/603.2.4 (KHTML, like Gecko) Version/10.0 Mobile/14F89 Safari/602.1"
188.23.155.253 - - [25/Jul/2017:08:22:51 +0200] "GET /cache/emu/images/10267600/_111_167.jpg HTTP/1.1" 200 5076 "http://www.easydrivers.at/dornbirn/10248216?FS=B-L&channel=fullversion" "Mozilla/5.0 (iPhone; CPU iPhone OS 10_3_2 like Mac OS X) AppleWebKit/603.2.4 (KHTML, like Gecko) Version/10.0 Mobile/14F89 Safari/602.1"
188.23.155.253 - - [25/Jul/2017:08:22:51 +0200] "GET /cache/emu/images/10279050/_116_167.jpg HTTP/1.1" 200 3609 "http://www.easydrivers.at/dornbirn/10248216?FS=B-L&channel=fullversion" "Mozilla/5.0 (iPhone; CPU iPhone OS 10_3_2 like Mac OS X) AppleWebKit/603.2.4 (KHTML, like Gecko) Version/10.0 Mobile/14F89 Safari/602.1"
188.23.155.253 - - [25/Jul/2017:08:22:51 +0200] "GET /cache/emu/images/10267601/_111_167.jpg HTTP/1.1" 200 5794 "http://www.easydrivers.at/dornbirn/10248216?FS=B-L&channel=fullversion" "Mozilla/5.0 (iPhone; CPU iPhone OS 10_3_2 like Mac OS X) AppleWebKit/603.2.4 (KHTML, like Gecko) Version/10.0 Mobile/14F89 Safari/602.1"
188.23.155.253 - - [25/Jul/2017:08:22:51 +0200] "GET /cache/emu/images/10279049/_111_167.jpg HTTP/1.1" 200 6009 "http://www.easydrivers.at/dornbirn/10248216?FS=B-L&channel=fullversion" "Mozilla/5.0 (iPhone; CPU iPhone OS 10_3_2 like Mac OS X) AppleWebKit/603.2.4 (KHTML, like Gecko) Version/10.0 Mobile/14F89 Safari/602.1"
188.23.155.253 - - [25/Jul/2017:08:22:51 +0200] "GET /img/submit-button.png HTTP/1.1" 200 1958 "http://www.easydrivers.at/dornbirn/10248216?FS=B-L&channel=fullversion" "Mozilla/5.0 (iPhone; CPU iPhone OS 10_3_2 like Mac OS X) AppleWebKit/603.2.4 (KHTML, like Gecko) Version/10.0 Mobile/14F89 Safari/602.1"
188.23.155.253 - - [25/Jul/2017:08:22:51 +0200] "GET /img/schweiz-icon.png HTTP/1.1" 200 1504 "http://www.easydrivers.at/dornbirn/10248216?FS=B-L&channel=fullversion" "Mozilla/5.0 (iPhone; CPU iPhone OS 10_3_2 like Mac OS X) AppleWebKit/603.2.4 (KHTML, like Gecko) Version/10.0 Mobile/14F89 Safari/602.1"
188.23.155.253 - - [25/Jul/2017:08:22:51 +0200] "GET /img/bg-header.jpg HTTP/1.1" 200 38680 "http://www.easydrivers.at/dornbirn/10248216?FS=B-L&channel=fullversion" "Mozilla/5.0 (iPhone; CPU iPhone OS 10_3_2 like Mac OS X) AppleWebKit/603.2.4 (KHTML, like Gecko) Version/10.0 Mobile/14F89 Safari/602.1"
188.23.155.253 - - [25/Jul/2017:08:22:51 +0200] "GET /img/ED_Logo.png HTTP/1.1" 200 3385 "http://www.easydrivers.at/dornbirn/10248216?FS=B-L&channel=fullversion" "Mozilla/5.0 (iPhone; CPU iPhone OS 10_3_2 like Mac OS X) AppleWebKit/603.2.4 (KHTML, like Gecko) Version/10.0 Mobile/14F89 Safari/602.1"
188.23.155.253 - - [25/Jul/2017:08:22:51 +0200] "GET /img/purple-dots-horizontal.png HTTP/1.1" 200 977 "http://www.easydrivers.at/dornbirn/10248216?FS=B-L&channel=fullversion" "Mozilla/5.0 (iPhone; CPU iPhone OS 10_3_2 like Mac OS X) AppleWebKit/603.2.4 (KHTML, like Gecko) Version/10.0 Mobile/14F89 Safari/602.1"
188.23.155.253 - - [25/Jul/2017:08:22:51 +0200] "GET /img/top-image-overlay.png HTTP/1.1" 200 20650 "http://www.easydrivers.at/dornbirn/10248216?FS=B-L&channel=fullversion" "Mozilla/5.0 (iPhone; CPU iPhone OS 10_3_2 like Mac OS X) AppleWebKit/603.2.4 (KHTML, like Gecko) Version/10.0 Mobile/14F89 Safari/602.1"
188.23.155.253 - - [25/Jul/2017:08:22:51 +0200] "GET /img/arrow-left.png HTTP/1.1" 200 1015 "http://www.easydrivers.at/dornbirn/10248216?FS=B-L&channel=fullversion" "Mozilla/5.0 (iPhone; CPU iPhone OS 10_3_2 like Mac OS X) AppleWebKit/603.2.4 (KHTML, like Gecko) Version/10.0 Mobile/14F89 Safari/602.1"
188.23.155.253 - - [25/Jul/2017:08:22:51 +0200] "GET /img/bg-yellow.jpg HTTP/1.1" 200 2250 "http://www.easydrivers.at/dornbirn/10248216?FS=B-L&channel=fullversion" "Mozilla/5.0 (iPhone; CPU iPhone OS 10_3_2 like Mac OS X) AppleWebKit/603.2.4 (KHTML, like Gecko) Version/10.0 Mobile/14F89 Safari/602.1"
188.23.155.253 - - [25/Jul/2017:08:22:51 +0200] "GET /img/arrow-up.png HTTP/1.1" 200 1081 "http://www.easydrivers.at/dornbirn/10248216?FS=B-L&channel=fullversion" "Mozilla/5.0 (iPhone; CPU iPhone OS 10_3_2 like Mac OS X) AppleWebKit/603.2.4 (KHTML, like Gecko) Version/10.0 Mobile/14F89 Safari/602.1"
188.23.155.253 - - [25/Jul/2017:08:22:51 +0200] "GET /img/bg-footer.jpg HTTP/1.1" 200 31770 "http://www.easydrivers.at/dornbirn/10248216?FS=B-L&channel=fullversion" "Mozilla/5.0 (iPhone; CPU iPhone OS 10_3_2 like Mac OS X) AppleWebKit/603.2.4 (KHTML, like Gecko) Version/10.0 Mobile/14F89 Safari/602.1"
188.23.155.253 - - [25/Jul/2017:08:22:51 +0200] "GET /img/kursicon-print-pink.png HTTP/1.1" 200 1125 "http://www.easydrivers.at/dornbirn/10248216?FS=B-L&channel=fullversion" "Mozilla/5.0 (iPhone; CPU iPhone OS 10_3_2 like Mac OS X) AppleWebKit/603.2.4 (KHTML, like Gecko) Version/10.0 Mobile/14F89 Safari/602.1"
188.23.155.253 - - [25/Jul/2017:08:22:51 +0200] "GET /img/bg-top-section.jpg HTTP/1.1" 200 82172 "http://www.easydrivers.at/dornbirn/10248216?FS=B-L&channel=fullversion" "Mozilla/5.0 (iPhone; CPU iPhone OS 10_3_2 like Mac OS X) AppleWebKit/603.2.4 (KHTML, like Gecko) Version/10.0 Mobile/14F89 Safari/602.1"
188.23.155.253 - - [25/Jul/2017:08:22:51 +0200] "GET /img/kursicon-download-pink.png HTTP/1.1" 200 1213 "http://www.easydrivers.at/dornbirn/10248216?FS=B-L&channel=fullversion" "Mozilla/5.0 (iPhone; CPU iPhone OS 10_3_2 like Mac OS X) AppleWebKit/603.2.4 (KHTML, like Gecko) Version/10.0 Mobile/14F89 Safari/602.1"
188.23.155.253 - - [25/Jul/2017:08:22:51 +0200] "GET /img/kursicon-share-pink.png HTTP/1.1" 200 1277 "http://www.easydrivers.at/dornbirn/10248216?FS=B-L&channel=fullversion" "Mozilla/5.0 (iPhone; CPU iPhone OS 10_3_2 like Mac OS X) AppleWebKit/603.2.4 (KHTML, like Gecko) Version/10.0 Mobile/14F89 Safari/602.1"
188.23.155.253 - - [25/Jul/2017:08:22:51 +0200] "GET /img/kursicon-phone-pink.png HTTP/1.1" 200 1286 "http://www.easydrivers.at/dornbirn/10248216?FS=B-L&channel=fullversion" "Mozilla/5.0 (iPhone; CPU iPhone OS 10_3_2 like Mac OS X) AppleWebKit/603.2.4 (KHTML, like Gecko) Version/10.0 Mobile/14F89 Safari/602.1"
213.225.38.197 - - [25/Jul/2017:08:22:52 +0200] "GET /cache/emu/images/easy-drivers-portal10244083/schnellkursjpg_160_90_0.jpg HTTP/1.1" 200 4214 "-" "com.google.GoogleMobile/31.0.0 iPhone/10.3.2 hw/iPhone9_3"
84.112.208.227 - - [25/Jul/2017:08:23:20 +0200] "GET /krumbach HTTP/1.1" 200 2910 "https://www.google.at/" "Mozilla/5.0 (iPhone; CPU iPhone OS 10_3_2 like Mac OS X) AppleWebKit/603.2.4 (KHTML, like Gecko) Version/10.0 Mobile/14F89 Safari/602.1"
66.249.76.55 - - [25/Jul/2017:08:23:23 +0200] "GET /fuehrerscheine/auto/BC HTTP/1.1" 200 4314 "-" "Mozilla/5.0 (compatible; Googlebot/2.1; +http://www.google.com/bot.html)"
66.249.66.30 - - [25/Jul/2017:08:23:24 +0200] "GET /steyr/aktionen HTTP/1.1" 200 3598 "-" "Mozilla/5.0 (compatible; Googlebot/2.1; +http://www.google.com/bot.html)"
80.110.69.64 - - [25/Jul/2017:08:23:52 +0200] "GET / HTTP/1.1" 200 3565 "-" "Mozilla/5.0 (iPhone; CPU iPhone OS 10_3_2 like Mac OS X) AppleWebKit/603.2.4 (KHTML, like Gecko) Version/10.0 Mobile/14F89 Safari/602.1"
188.23.155.253 - - [25/Jul/2017:08:23:53 +0200] "GET /dornbirn/10248216?FS=B-L HTTP/1.1" 200 6278 "http://www.easydrivers.at/dornbirn/kursauswahl" "Mozilla/5.0 (iPhone; CPU iPhone OS 10_3_2 like Mac OS X) AppleWebKit/603.2.4 (KHTML, like Gecko) Version/10.0 Mobile/14F89 Safari/602.1"
188.23.155.253 - - [25/Jul/2017:08:23:56 +0200] "GET /binaries/easy-drivers-portal/pkw7jpg-1.jpg HTTP/1.1" 200 77956 "http://www.easydrivers.at/dornbirn/10248216?FS=B-L" "Mozilla/5.0 (iPhone; CPU iPhone OS 10_3_2 like Mac OS X) AppleWebKit/603.2.4 (KHTML, like Gecko) Version/10.0 Mobile/14F89 Safari/602.1"
80.110.69.64 - - [25/Jul/2017:08:23:56 +0200] "GET / HTTP/1.1" 200 3565 "-" "Mozilla/5.0 (iPhone; CPU iPhone OS 10_3_2 like Mac OS X) AppleWebKit/603.2.4 (KHTML, like Gecko) Version/10.0 Mobile/14F89 Safari/602.1"
188.23.155.253 - - [25/Jul/2017:08:24:01 +0200] "GET / HTTP/1.1" 200 4406 "http://www.easydrivers.at/dornbirn/10248216?FS=B-L" "Mozilla/5.0 (iPhone; CPU iPhone OS 10_3_2 like Mac OS X) AppleWebKit/603.2.4 (KHTML, like Gecko) Version/10.0 Mobile/14F89 Safari/602.1"
188.23.155.253 - - [25/Jul/2017:08:24:02 +0200] "GET /javascript/homesearch.js HTTP/1.1" 200 393 "http://www.easydrivers.at/" "Mozilla/5.0 (iPhone; CPU iPhone OS 10_3_2 like Mac OS X) AppleWebKit/603.2.4 (KHTML, like Gecko) Version/10.0 Mobile/14F89 Safari/602.1"
188.23.155.253 - - [25/Jul/2017:08:24:02 +0200] "GET /binaries/easy-drivers-portal/widget-icon-trainingpng.png HTTP/1.1" 200 2662 "http://www.easydrivers.at/" "Mozilla/5.0 (iPhone; CPU iPhone OS 10_3_2 like Mac OS X) AppleWebKit/603.2.4 (KHTML, like Gecko) Version/10.0 Mobile/14F89 Safari/602.1"
188.23.155.253 - - [25/Jul/2017:08:24:02 +0200] "GET /img/empty.gif HTTP/1.1" 200 43 "http://www.easydrivers.at/" "Mozilla/5.0 (iPhone; CPU iPhone OS 10_3_2 like Mac OS X) AppleWebKit/603.2.4 (KHTML, like Gecko) Version/10.0 Mobile/14F89 Safari/602.1"
188.23.155.253 - - [25/Jul/2017:08:24:02 +0200] "GET /binaries/easy-drivers-portal/widget-icon-expertspng.png HTTP/1.1" 200 2159 "http://www.easydrivers.at/" "Mozilla/5.0 (iPhone; CPU iPhone OS 10_3_2 like Mac OS X) AppleWebKit/603.2.4 (KHTML, like Gecko) Version/10.0 Mobile/14F89 Safari/602.1"
188.23.155.253 - - [25/Jul/2017:08:24:02 +0200] "GET /binaries/easy-drivers-portal/widget-icon-apppng.png HTTP/1.1" 200 2432 "http://www.easydrivers.at/" "Mozilla/5.0 (iPhone; CPU iPhone OS 10_3_2 like Mac OS X) AppleWebKit/603.2.4 (KHTML, like Gecko) Version/10.0 Mobile/14F89 Safari/602.1"
188.23.155.253 - - [25/Jul/2017:08:24:02 +0200] "GET /binaries/easy-drivers-portal/edradfahrschullogowidget160x90pxpng.png HTTP/1.1" 200 23394 "http://www.easydrivers.at/" "Mozilla/5.0 (iPhone; CPU iPhone OS 10_3_2 like Mac OS X) AppleWebKit/603.2.4 (KHTML, like Gecko) Version/10.0 Mobile/14F89 Safari/602.1"
188.23.155.253 - - [25/Jul/2017:08:24:02 +0200] "GET /img/yellow-dots-vertical.png HTTP/1.1" 200 981 "http://www.easydrivers.at/" "Mozilla/5.0 (iPhone; CPU iPhone OS 10_3_2 like Mac OS X) AppleWebKit/603.2.4 (KHTML, like Gecko) Version/10.0 Mobile/14F89 Safari/602.1"
188.23.155.253 - - [25/Jul/2017:08:24:02 +0200] "GET /img/black-dots-vertical.png HTTP/1.1" 200 1165 "http://www.easydrivers.at/" "Mozilla/5.0 (iPhone; CPU iPhone OS 10_3_2 like Mac OS X) AppleWebKit/603.2.4 (KHTML, like Gecko) Version/10.0 Mobile/14F89 Safari/602.1"
188.23.155.253 - - [25/Jul/2017:08:24:02 +0200] "GET /img/selection-box-button.png HTTP/1.1" 200 1079 "http://www.easydrivers.at/" "Mozilla/5.0 (iPhone; CPU iPhone OS 10_3_2 like Mac OS X) AppleWebKit/603.2.4 (KHTML, like Gecko) Version/10.0 Mobile/14F89 Safari/602.1"
188.23.155.253 - - [25/Jul/2017:08:24:04 +0200] "GET /dornbirn/10248216?FS=B-L HTTP/1.1" 200 6278 "http://www.easydrivers.at/dornbirn/kursauswahl" "Mozilla/5.0 (iPhone; CPU iPhone OS 10_3_2 like Mac OS X) AppleWebKit/603.2.4 (KHTML, like Gecko) Version/10.0 Mobile/14F89 Safari/602.1"
188.23.155.253 - - [25/Jul/2017:08:24:06 +0200] "GET /binaries/easy-drivers-portal/pkw1jpg.jpg HTTP/1.1" 200 88975 "http://www.easydrivers.at/dornbirn/10248216?FS=B-L" "Mozilla/5.0 (iPhone; CPU iPhone OS 10_3_2 like Mac OS X) AppleWebKit/603.2.4 (KHTML, like Gecko) Version/10.0 Mobile/14F89 Safari/602.1"
68.180.230.47 - - [25/Jul/2017:08:24:11 +0200] "GET /robots.txt HTTP/1.1" 200 178 "-" "Mozilla/5.0 (compatible; Yahoo! Slurp; http://help.yahoo.com/help/us/ysearch/slurp)"
188.23.155.253 - - [25/Jul/2017:08:24:10 +0200] "GET /dornbirn HTTP/1.1" 200 3635 "http://www.easydrivers.at/dornbirn/10248216?FS=B-L" "Mozilla/5.0 (iPhone; CPU iPhone OS 10_3_2 like Mac OS X) AppleWebKit/603.2.4 (KHTML, like Gecko) Version/10.0 Mobile/14F89 Safari/602.1"
68.180.230.47 - - [25/Jul/2017:08:24:12 +0200] "GET /st.poelten HTTP/1.1" 200 3648 "-" "Mozilla/5.0 (compatible; Yahoo! Slurp; http://help.yahoo.com/help/us/ysearch/slurp)"
188.23.155.253 - - [25/Jul/2017:08:24:19 +0200] "GET /dornbirn/aktionen HTTP/1.1" 200 3036 "http://www.easydrivers.at/dornbirn" "Mozilla/5.0 (iPhone; CPU iPhone OS 10_3_2 like Mac OS X) AppleWebKit/603.2.4 (KHTML, like Gecko) Version/10.0 Mobile/14F89 Safari/602.1"
188.23.155.253 - - [25/Jul/2017:08:24:22 +0200] "GET /binaries/easy-drivers-portal/moped4jpg.jpg HTTP/1.1" 200 74241 "http://www.easydrivers.at/dornbirn/aktionen" "Mozilla/5.0 (iPhone; CPU iPhone OS 10_3_2 like Mac OS X) AppleWebKit/603.2.4 (KHTML, like Gecko) Version/10.0 Mobile/14F89 Safari/602.1"
188.23.155.253 - - [25/Jul/2017:08:24:27 +0200] "GET /dornbirn/10266933 HTTP/1.1" 200 3791 "http://www.easydrivers.at/dornbirn/aktionen" "Mozilla/5.0 (iPhone; CPU iPhone OS 10_3_2 like Mac OS X) AppleWebKit/603.2.4 (KHTML, like Gecko) Version/10.0 Mobile/14F89 Safari/602.1"
151.88.22.11 - - [25/Jul/2017:08:24:28 +0200] "GET /neunkirchen HTTP/1.1" 200 3838 "http://www.google.at/url?sa=t&rct=j&q=&esrc=s&source=web&cd=1&sqi=2&ved=0ahUKEwju65qQ5qPVAhXsIsAKHUwRCT8QFggjMAA&url=http%3A%2F%2Fwww.easydrivers.at%2Fneunkirchen&usg=AFQjCNF88R8f8NgQxV6s_qAu0DFrdtzKkg" "Mozilla/5.0 (Windows NT 6.1; WOW64; Trident/7.0; rv:11.0) like Gecko"
188.23.155.253 - - [25/Jul/2017:08:24:30 +0200] "GET /binaries/easy-drivers-portal/motorrad4jpg.jpg HTTP/1.1" 200 110277 "http://www.easydrivers.at/dornbirn/10266933" "Mozilla/5.0 (iPhone; CPU iPhone OS 10_3_2 like Mac OS X) AppleWebKit/603.2.4 (KHTML, like Gecko) Version/10.0 Mobile/14F89 Safari/602.1"
151.88.22.11 - - [25/Jul/2017:08:24:30 +0200] "GET /img/close-button.png HTTP/1.1" 304 - "http://www.easydrivers.at/neunkirchen" "Mozilla/5.0 (Windows NT 6.1; WOW64; Trident/7.0; rv:11.0) like Gecko"
151.88.22.11 - - [25/Jul/2017:08:24:30 +0200] "GET /img/facebook-icon.png HTTP/1.1" 200 1506 "http://www.easydrivers.at/neunkirchen" "Mozilla/5.0 (Windows NT 6.1; WOW64; Trident/7.0; rv:11.0) like Gecko"
151.88.22.11 - - [25/Jul/2017:08:24:30 +0200] "GET /img/ed_pfeil_down.png HTTP/1.1" 200 3634 "http://www.easydrivers.at/neunkirchen" "Mozilla/5.0 (Windows NT 6.1; WOW64; Trident/7.0; rv:11.0) like Gecko"
151.88.22.11 - - [25/Jul/2017:08:24:30 +0200] "GET /img/locator-icon.png HTTP/1.1" 200 1377 "http://www.easydrivers.at/neunkirchen" "Mozilla/5.0 (Windows NT 6.1; WOW64; Trident/7.0; rv:11.0) like Gecko"
