178.188.17.77 - - [25/Jul/2017:07:49:03 +0200] "GET /img/smallicon-address.png HTTP/1.1" 200 1211 "http://www.easydrivers.at/amstetten/nachmittagskursaug?FS=B-L17" "Mozilla/5.0 (iPhone; CPU iPhone OS 10_3_2 like Mac OS X) AppleWebKit/603.2.4 (KHTML, like Gecko) Version/10.0 Mobile/14F89 Safari/602.1"
178.188.17.77 - - [25/Jul/2017:07:49:03 +0200] "GET /img/smallicon-time.png HTTP/1.1" 200 1262 "http://www.easydrivers.at/amstetten/nachmittagskursaug?FS=B-L17" "Mozilla/5.0 (iPhone; CPU iPhone OS 10_3_2 like Mac OS X) AppleWebKit/603.2.4 (KHTML, like Gecko) Version/10.0 Mobile/14F89 Safari/602.1"
178.188.17.77 - - [25/Jul/2017:07:49:04 +0200] "GET /img/smallicon-mail.png HTTP/1.1" 200 1341 "http://www.easydrivers.at/amstetten/nachmittagskursaug?FS=B-L17" "Mozilla/5.0 (iPhone; CPU iPhone OS 10_3_2 like Mac OS X) AppleWebKit/603.2.4 (KHTML, like Gecko) Version/10.0 Mobile/14F89 Safari/602.1"
178.188.17.77 - - [25/Jul/2017:07:49:04 +0200] "GET /img/smallicon-phone.png HTTP/1.1" 200 3056 "http://www.easydrivers.at/amstetten/nachmittagskursaug?FS=B-L17" "Mozilla/5.0 (iPhone; CPU iPhone OS 10_3_2 like Mac OS X) AppleWebKit/603.2.4 (KHTML, like Gecko) Version/10.0 Mobile/14F89 Safari/602.1"
178.188.17.77 - - [25/Jul/2017:07:49:04 +0200] "GET /img/mobile/kursicon-phone.png HTTP/1.1" 200 1932 "http://www.easydrivers.at/amstetten/nachmittagskursaug?FS=B-L17" "Mozilla/5.0 (iPhone; CPU iPhone OS 10_3_2 like Mac OS X) AppleWebKit/603.2.4 (KHTML, like Gecko) Version/10.0 Mobile/14F89 Safari/602.1"
178.188.17.77 - - [25/Jul/2017:07:49:04 +0200] "GET /img/mobile/kursicon-share.png HTTP/1.1" 200 2065 "http://www.easydrivers.at/amstetten/nachmittagskursaug?FS=B-L17" "Mozilla/5.0 (iPhone; CPU iPhone OS 10_3_2 like Mac OS X) AppleWebKit/603.2.4 (KHTML, like Gecko) Version/10.0 Mobile/14F89 Safari/602.1"
178.188.17.77 - - [25/Jul/2017:07:49:04 +0200] "GET /img/mobile/pfeil-rechts-small.png HTTP/1.1" 200 1056 "http://www.easydrivers.at/amstetten/nachmittagskursaug?FS=B-L17" "Mozilla/5.0 (iPhone; CPU iPhone OS 10_3_2 like Mac OS X) AppleWebKit/603.2.4 (KHTML, like Gecko) Version/10.0 Mobile/14F89 Safari/602.1"
198.148.27.21 - - [25/Jul/2017:07:49:04 +0200] "GET / HTTP/1.1" 301 293 "-" "okhttp/3.4.1"
198.148.27.14 - - [25/Jul/2017:07:49:05 +0200] "GET / HTTP/1.1" 200 4406 "-" "okhttp/3.4.1"
178.188.17.77 - - [25/Jul/2017:07:49:23 +0200] "GET /amstetten/nachmittagskursaug?FS=B-L17 HTTP/1.1" 200 3191 "http://www.easydrivers.at/suche" "Mozilla/5.0 (iPhone; CPU iPhone OS 10_3_2 like Mac OS X) AppleWebKit/603.2.4 (KHTML, like Gecko) Version/10.0 Mobile/14F89 Safari/602.1"
46.125.250.124 - - [25/Jul/2017:07:49:31 +0200] "GET / HTTP/1.1" 200 4406 "https://www.bing.com/" "Mozilla/5.0 (Windows NT 10.0; WOW64; rv:54.0) Gecko/20100101 Firefox/54.0"
178.188.17.77 - - [25/Jul/2017:07:49:44 +0200] "GET /amstetten/abendkursaug?FS=B-L17 HTTP/1.1" 200 3171 "http://www.easydrivers.at/suche" "Mozilla/5.0 (iPhone; CPU iPhone OS 10_3_2 like Mac OS X) AppleWebKit/603.2.4 (KHTML, like Gecko) Version/10.0 Mobile/14F89 Safari/602.1"
84.113.130.202 - - [25/Jul/2017:07:49:48 +0200] "GET /fuehrerscheine/auto/B-L17 HTTP/1.1" 200 4095 "http://www.easydrivers.at/fuehrerscheine/auto" "Mozilla/5.0 (iPad; CPU OS 9_3_5 like Mac OS X) AppleWebKit/601.1.46 (KHTML, like Gecko) Version/9.0 Mobile/13G36 Safari/601.1"
80.89.110.193 - - [25/Jul/2017:07:50:13 +0200] "GET /waidhofen.thaya HTTP/1.1" 200 2939 "android-app://com.google.android.googlequicksearchbox" "Mozilla/5.0 (Linux; Android 5.1.1; HUAWEI SCL-L21 Build/HuaweiSCL-L21) AppleWebKit/537.36 (KHTML, like Gecko) Chrome/59.0.3071.125 Mobile Safari/537.36"
80.89.110.193 - - [25/Jul/2017:07:50:19 +0200] "GET /waidhofen.thaya/kurse HTTP/1.1" 200 3117 "http://www.easydrivers.at/waidhofen.thaya" "Mozilla/5.0 (Linux; Android 5.1.1; HUAWEI SCL-L21 Build/HuaweiSCL-L21) AppleWebKit/537.36 (KHTML, like Gecko) Chrome/59.0.3071.125 Mobile Safari/537.36"
188.23.97.67 - - [25/Jul/2017:07:50:20 +0200] "GET /krems/aktionen HTTP/1.1" 200 3473 "http://www.easydrivers.at/krems" "Mozilla/5.0 (Windows NT 6.1; WOW64; Trident/7.0; rv:11.0) like Gecko"
188.23.97.67 - - [25/Jul/2017:07:50:23 +0200] "GET /binaries/easy-drivers-krems/kremsedwebheader830x3004jpg.jpg HTTP/1.1" 200 50530 "http://www.easydrivers.at/krems/aktionen" "Mozilla/5.0 (Windows NT 6.1; WOW64; Trident/7.0; rv:11.0) like Gecko"
84.113.130.202 - - [25/Jul/2017:07:50:21 +0200] "POST / HTTP/1.1" 200 4414 "http://www.easydrivers.at/fuehrerscheine/auto/B-L17" "Mozilla/5.0 (iPad; CPU OS 9_3_5 like Mac OS X) AppleWebKit/601.1.46 (KHTML, like Gecko) Version/9.0 Mobile/13G36 Safari/601.1"
80.89.110.193 - - [25/Jul/2017:07:50:22 +0200] "POST /loadkursliste HTTP/1.1" 200 490 "http://www.easydrivers.at/waidhofen.thaya/kurse" "Mozilla/5.0 (Linux; Android 5.1.1; HUAWEI SCL-L21 Build/HuaweiSCL-L21) AppleWebKit/537.36 (KHTML, like Gecko) Chrome/59.0.3071.125 Mobile Safari/537.36"
80.123.86.26 - - [25/Jul/2017:07:50:29 +0200] "GET /retz HTTP/1.1" 200 2888 "https://www.google.at/" "Mozilla/5.0 (iPhone; CPU iPhone OS 10_2 like Mac OS X) AppleWebKit/602.3.12 (KHTML, like Gecko) Version/10.0 Mobile/14C92 Safari/602.1"
80.123.86.26 - - [25/Jul/2017:07:50:31 +0200] "GET /css/mobile.css HTTP/1.1" 200 2852 "http://www.easydrivers.at/retz" "Mozilla/5.0 (iPhone; CPU iPhone OS 10_2 like Mac OS X) AppleWebKit/602.3.12 (KHTML, like Gecko) Version/10.0 Mobile/14C92 Safari/602.1"
80.123.86.26 - - [25/Jul/2017:07:50:31 +0200] "GET /javascript/mobile-menu.js HTTP/1.1" 200 1634 "http://www.easydrivers.at/retz" "Mozilla/5.0 (iPhone; CPU iPhone OS 10_2 like Mac OS X) AppleWebKit/602.3.12 (KHTML, like Gecko) Version/10.0 Mobile/14C92 Safari/602.1"
80.123.86.26 - - [25/Jul/2017:07:50:31 +0200] "GET /javascript/jquery-1.9.1.min.js HTTP/1.1" 200 32731 "http://www.easydrivers.at/retz" "Mozilla/5.0 (iPhone; CPU iPhone OS 10_2 like Mac OS X) AppleWebKit/602.3.12 (KHTML, like Gecko) Version/10.0 Mobile/14C92 Safari/602.1"
80.123.86.26 - - [25/Jul/2017:07:50:31 +0200] "GET /javascript/jquery.cookie.js HTTP/1.1" 200 863 "http://www.easydrivers.at/retz" "Mozilla/5.0 (iPhone; CPU iPhone OS 10_2 like Mac OS X) AppleWebKit/602.3.12 (KHTML, like Gecko) Version/10.0 Mobile/14C92 Safari/602.1"
80.123.86.26 - - [25/Jul/2017:07:50:31 +0200] "GET /javascript/jquery.simplemodal.js HTTP/1.1" 200 3070 "http://www.easydrivers.at/retz" "Mozilla/5.0 (iPhone; CPU iPhone OS 10_2 like Mac OS X) AppleWebKit/602.3.12 (KHTML, like Gecko) Version/10.0 Mobile/14C92 Safari/602.1"
80.123.86.26 - - [25/Jul/2017:07:50:31 +0200] "GET /javascript/lazyload.js HTTP/1.1" 200 1170 "http://www.easydrivers.at/retz" "Mozilla/5.0 (iPhone; CPU iPhone OS 10_2 like Mac OS X) AppleWebKit/602.3.12 (KHTML, like Gecko) Version/10.0 Mobile/14C92 Safari/602.1"
80.123.86.26 - - [25/Jul/2017:07:50:31 +0200] "GET /javascript/mobile-fahrschule.js HTTP/1.1" 200 328 "http://www.easydrivers.at/retz" "Mozilla/5.0 (iPhone; CPU iPhone OS 10_2 like Mac OS X) AppleWebKit/602.3.12 (KHTML, like Gecko) Version/10.0 Mobile/14C92 Safari/602.1"
80.123.86.26 - - [25/Jul/2017:07:50:31 +0200] "GET /img/mobile/easydrivers-logo-mobile.png HTTP/1.1" 200 10766 "http://www.easydrivers.at/retz" "Mozilla/5.0 (iPhone; CPU iPhone OS 10_2 like Mac OS X) AppleWebKit/602.3.12 (KHTML, like Gecko) Version/10.0 Mobile/14C92 Safari/602.1"
80.123.86.26 - - [25/Jul/2017:07:50:31 +0200] "GET /img/mobile/menu-button.png HTTP/1.1" 200 1746 "http://www.easydrivers.at/retz" "Mozilla/5.0 (iPhone; CPU iPhone OS 10_2 like Mac OS X) AppleWebKit/602.3.12 (KHTML, like Gecko) Version/10.0 Mobile/14C92 Safari/602.1"
80.123.86.26 - - [25/Jul/2017:07:50:31 +0200] "GET /img/mobile/close-button.png HTTP/1.1" 200 2411 "http://www.easydrivers.at/retz" "Mozilla/5.0 (iPhone; CPU iPhone OS 10_2 like Mac OS X) AppleWebKit/602.3.12 (KHTML, like Gecko) Version/10.0 Mobile/14C92 Safari/602.1"
80.123.86.26 - - [25/Jul/2017:07:50:32 +0200] "GET /img/mobile/facebook-icon.png HTTP/1.1" 200 1902 "http://www.easydrivers.at/retz" "Mozilla/5.0 (iPhone; CPU iPhone OS 10_2 like Mac OS X) AppleWebKit/602.3.12 (KHTML, like Gecko) Version/10.0 Mobile/14C92 Safari/602.1"
80.123.86.26 - - [25/Jul/2017:07:50:32 +0200] "GET /img/mobile/info-button.png HTTP/1.1" 200 1549 "http://www.easydrivers.at/retz" "Mozilla/5.0 (iPhone; CPU iPhone OS 10_2 like Mac OS X) AppleWebKit/602.3.12 (KHTML, like Gecko) Version/10.0 Mobile/14C92 Safari/602.1"
80.123.86.26 - - [25/Jul/2017:07:50:32 +0200] "GET /img/smallicon-person.png HTTP/1.1" 200 1141 "http://www.easydrivers.at/retz" "Mozilla/5.0 (iPhone; CPU iPhone OS 10_2 like Mac OS X) AppleWebKit/602.3.12 (KHTML, like Gecko) Version/10.0 Mobile/14C92 Safari/602.1"
80.123.86.26 - - [25/Jul/2017:07:50:32 +0200] "GET /img/mobile/info-close-button.png HTTP/1.1" 200 1721 "http://www.easydrivers.at/retz" "Mozilla/5.0 (iPhone; CPU iPhone OS 10_2 like Mac OS X) AppleWebKit/602.3.12 (KHTML, like Gecko) Version/10.0 Mobile/14C92 Safari/602.1"
80.123.86.26 - - [25/Jul/2017:07:50:32 +0200] "GET /img/mobile/googlemaps-pin.png HTTP/1.1" 200 1597 "http://www.easydrivers.at/retz" "Mozilla/5.0 (iPhone; CPU iPhone OS 10_2 like Mac OS X) AppleWebKit/602.3.12 (KHTML, like Gecko) Version/10.0 Mobile/14C92 Safari/602.1"
80.123.86.26 - - [25/Jul/2017:07:50:32 +0200] "GET /img/smallicon-time.png HTTP/1.1" 200 1262 "http://www.easydrivers.at/retz" "Mozilla/5.0 (iPhone; CPU iPhone OS 10_2 like Mac OS X) AppleWebKit/602.3.12 (KHTML, like Gecko) Version/10.0 Mobile/14C92 Safari/602.1"
80.123.86.26 - - [25/Jul/2017:07:50:32 +0200] "GET /img/smallicon-phone.png HTTP/1.1" 200 3056 "http://www.easydrivers.at/retz" "Mozilla/5.0 (iPhone; CPU iPhone OS 10_2 like Mac OS X) AppleWebKit/602.3.12 (KHTML, like Gecko) Version/10.0 Mobile/14C92 Safari/602.1"
80.123.86.26 - - [25/Jul/2017:07:50:32 +0200] "GET /img/smallicon-mail.png HTTP/1.1" 200 1341 "http://www.easydrivers.at/retz" "Mozilla/5.0 (iPhone; CPU iPhone OS 10_2 like Mac OS X) AppleWebKit/602.3.12 (KHTML, like Gecko) Version/10.0 Mobile/14C92 Safari/602.1"
80.123.86.26 - - [25/Jul/2017:07:50:32 +0200] "GET /img/smallicon-address.png HTTP/1.1" 200 1211 "http://www.easydrivers.at/retz" "Mozilla/5.0 (iPhone; CPU iPhone OS 10_2 like Mac OS X) AppleWebKit/602.3.12 (KHTML, like Gecko) Version/10.0 Mobile/14C92 Safari/602.1"
80.123.86.26 - - [25/Jul/2017:07:50:32 +0200] "GET /img/mobile/widget-icon-app.png HTTP/1.1" 200 3458 "http://www.easydrivers.at/retz" "Mozilla/5.0 (iPhone; CPU iPhone OS 10_2 like Mac OS X) AppleWebKit/602.3.12 (KHTML, like Gecko) Version/10.0 Mobile/14C92 Safari/602.1"
80.123.86.26 - - [25/Jul/2017:07:50:32 +0200] "GET /img/mobile/bg-header.jpg HTTP/1.1" 200 19741 "http://www.easydrivers.at/retz" "Mozilla/5.0 (iPhone; CPU iPhone OS 10_2 like Mac OS X) AppleWebKit/602.3.12 (KHTML, like Gecko) Version/10.0 Mobile/14C92 Safari/602.1"
80.123.86.26 - - [25/Jul/2017:07:50:32 +0200] "GET /img/mobile/bg-menu.jpg HTTP/1.1" 200 1698 "http://www.easydrivers.at/retz" "Mozilla/5.0 (iPhone; CPU iPhone OS 10_2 like Mac OS X) AppleWebKit/602.3.12 (KHTML, like Gecko) Version/10.0 Mobile/14C92 Safari/602.1"
80.123.86.26 - - [25/Jul/2017:07:50:32 +0200] "GET /img/mobile/bg-top-section.jpg HTTP/1.1" 200 21711 "http://www.easydrivers.at/retz" "Mozilla/5.0 (iPhone; CPU iPhone OS 10_2 like Mac OS X) AppleWebKit/602.3.12 (KHTML, like Gecko) Version/10.0 Mobile/14C92 Safari/602.1"
80.123.86.26 - - [25/Jul/2017:07:50:32 +0200] "GET /img/mobile/pfeil-rechts.png HTTP/1.1" 200 1228 "http://www.easydrivers.at/retz" "Mozilla/5.0 (iPhone; CPU iPhone OS 10_2 like Mac OS X) AppleWebKit/602.3.12 (KHTML, like Gecko) Version/10.0 Mobile/14C92 Safari/602.1"
91.114.188.99 - - [25/Jul/2017:07:50:39 +0200] "GET / HTTP/1.1" 200 3563 "-" "Mozilla/5.0 (iPhone; CPU iPhone OS 10_0_2 like Mac OS X) AppleWebKit/602.1.50 (KHTML, like Gecko) Version/10.0 Mobile/14A456 Safari/602.1"
84.113.130.202 - - [25/Jul/2017:07:50:41 +0200] "POST /suche HTTP/1.1" 200 14499 "http://www.easydrivers.at/" "Mozilla/5.0 (iPad; CPU OS 9_3_5 like Mac OS X) AppleWebKit/601.1.46 (KHTML, like Gecko) Version/9.0 Mobile/13G36 Safari/601.1"
188.23.97.67 - - [25/Jul/2017:07:50:45 +0200] "GET /fahrschulen HTTP/1.1" 200 3923 "http://www.easydrivers.at/krems/aktionen" "Mozilla/5.0 (Windows NT 6.1; WOW64; Trident/7.0; rv:11.0) like Gecko"
188.23.97.67 - - [25/Jul/2017:07:50:46 +0200] "GET /javascript/fahrschulen.js HTTP/1.1" 200 470 "http://www.easydrivers.at/fahrschulen" "Mozilla/5.0 (Windows NT 6.1; WOW64; Trident/7.0; rv:11.0) like Gecko"
188.23.97.67 - - [25/Jul/2017:07:50:46 +0200] "GET /img/austria-map-burgenland.png HTTP/1.1" 200 10146 "http://www.easydrivers.at/fahrschulen" "Mozilla/5.0 (Windows NT 6.1; WOW64; Trident/7.0; rv:11.0) like Gecko"
188.23.97.67 - - [25/Jul/2017:07:50:46 +0200] "GET /img/austria-map-noe.png HTTP/1.1" 200 17166 "http://www.easydrivers.at/fahrschulen" "Mozilla/5.0 (Windows NT 6.1; WOW64; Trident/7.0; rv:11.0) like Gecko"
188.23.97.67 - - [25/Jul/2017:07:50:47 +0200] "GET /img/austria-map-kaernten.png HTTP/1.1" 200 9968 "http://www.easydrivers.at/fahrschulen" "Mozilla/5.0 (Windows NT 6.1; WOW64; Trident/7.0; rv:11.0) like Gecko"
188.23.97.67 - - [25/Jul/2017:07:50:47 +0200] "GET /img/austria-map-ooe.png HTTP/1.1" 200 14597 "http://www.easydrivers.at/fahrschulen" "Mozilla/5.0 (Windows NT 6.1; WOW64; Trident/7.0; rv:11.0) like Gecko"
188.23.97.67 - - [25/Jul/2017:07:50:47 +0200] "GET /img/austria-map-salzburg.png HTTP/1.1" 200 13786 "http://www.easydrivers.at/fahrschulen" "Mozilla/5.0 (Windows NT 6.1; WOW64; Trident/7.0; rv:11.0) like Gecko"
188.23.97.67 - - [25/Jul/2017:07:50:46 +0200] "GET /img/austria-map.jpg HTTP/1.1" 200 57110 "http://www.easydrivers.at/fahrschulen" "Mozilla/5.0 (Windows NT 6.1; WOW64; Trident/7.0; rv:11.0) like Gecko"
157.55.39.230 - - [25/Jul/2017:07:50:45 +0200] "GET /moedling HTTP/1.1" 200 3745 "-" "Mozilla/5.0 (compatible; bingbot/2.0; +http://www.bing.com/bingbot.htm)"
188.23.97.67 - - [25/Jul/2017:07:50:47 +0200] "GET /img/austria-map-steiermark.png HTTP/1.1" 200 14192 "http://www.easydrivers.at/fahrschulen" "Mozilla/5.0 (Windows NT 6.1; WOW64; Trident/7.0; rv:11.0) like Gecko"
188.23.97.67 - - [25/Jul/2017:07:50:47 +0200] "GET /img/austria-map-tirol.png HTTP/1.1" 200 13911 "http://www.easydrivers.at/fahrschulen" "Mozilla/5.0 (Windows NT 6.1; WOW64; Trident/7.0; rv:11.0) like Gecko"
188.23.97.67 - - [25/Jul/2017:07:50:47 +0200] "GET /img/austria-map-vorarlberg.png HTTP/1.1" 200 5780 "http://www.easydrivers.at/fahrschulen" "Mozilla/5.0 (Windows NT 6.1; WOW64; Trident/7.0; rv:11.0) like Gecko"
188.23.97.67 - - [25/Jul/2017:07:50:47 +0200] "GET /img/austria-map-wien.png HTTP/1.1" 200 2864 "http://www.easydrivers.at/fahrschulen" "Mozilla/5.0 (Windows NT 6.1; WOW64; Trident/7.0; rv:11.0) like Gecko"
188.23.97.67 - - [25/Jul/2017:07:50:47 +0200] "GET /img/submit-button-small.png HTTP/1.1" 200 1456 "http://www.easydrivers.at/fahrschulen" "Mozilla/5.0 (Windows NT 6.1; WOW64; Trident/7.0; rv:11.0) like Gecko"
188.23.97.67 - - [25/Jul/2017:07:50:49 +0200] "GET /ueberuns HTTP/1.1" 200 3256 "http://www.easydrivers.at/fahrschulen" "Mozilla/5.0 (Windows NT 6.1; WOW64; Trident/7.0; rv:11.0) like Gecko"
188.23.97.67 - - [25/Jul/2017:07:50:51 +0200] "GET /binaries/easy-drivers-portal/edwebhistoryillu392x392radjpg.jpg HTTP/1.1" 304 - "http://www.easydrivers.at/ueberuns" "Mozilla/5.0 (Windows NT 6.1; WOW64; Trident/7.0; rv:11.0) like Gecko"
188.23.97.67 - - [25/Jul/2017:07:50:51 +0200] "GET /binaries/easy-drivers-portal/edwebhistoryillu392x39220kpng.png HTTP/1.1" 304 - "http://www.easydrivers.at/ueberuns" "Mozilla/5.0 (Windows NT 6.1; WOW64; Trident/7.0; rv:11.0) like Gecko"
80.123.86.26 - - [25/Jul/2017:07:50:50 +0200] "GET /fuehrerscheine/auto HTTP/1.1" 200 5440 "http://www.easydrivers.at/retz" "Mozilla/5.0 (iPhone; CPU iPhone OS 10_2 like Mac OS X) AppleWebKit/602.3.12 (KHTML, like Gecko) Version/10.0 Mobile/14C92 Safari/602.1"
80.123.86.26 - - [25/Jul/2017:07:50:52 +0200] "GET /javascript/mobile-license.js HTTP/1.1" 200 216 "http://www.easydrivers.at/fuehrerscheine/auto" "Mozilla/5.0 (iPhone; CPU iPhone OS 10_2 like Mac OS X) AppleWebKit/602.3.12 (KHTML, like Gecko) Version/10.0 Mobile/14C92 Safari/602.1"
80.123.86.26 - - [25/Jul/2017:07:50:52 +0200] "GET /img/mobile/bg-yellow.jpg HTTP/1.1" 200 1569 "http://www.easydrivers.at/fuehrerscheine/auto" "Mozilla/5.0 (iPhone; CPU iPhone OS 10_2 like Mac OS X) AppleWebKit/602.3.12 (KHTML, like Gecko) Version/10.0 Mobile/14C92 Safari/602.1"
80.123.86.26 - - [25/Jul/2017:07:50:52 +0200] "GET /img/mobile/weiter-button.png HTTP/1.1" 200 1670 "http://www.easydrivers.at/fuehrerscheine/auto" "Mozilla/5.0 (iPhone; CPU iPhone OS 10_2 like Mac OS X) AppleWebKit/602.3.12 (KHTML, like Gecko) Version/10.0 Mobile/14C92 Safari/602.1"
188.23.97.67 - - [25/Jul/2017:07:50:51 +0200] "GET /ueberuns HTTP/1.1" 200 3256 "http://www.easydrivers.at/ueberuns" "Mozilla/5.0 (Windows NT 6.1; WOW64; Trident/7.0; rv:11.0) like Gecko"
80.123.86.26 - - [25/Jul/2017:07:50:58 +0200] "GET /img/mobile/pfeil-links-small.png HTTP/1.1" 200 1065 "http://www.easydrivers.at/fuehrerscheine/auto" "Mozilla/5.0 (iPhone; CPU iPhone OS 10_2 like Mac OS X) AppleWebKit/602.3.12 (KHTML, like Gecko) Version/10.0 Mobile/14C92 Safari/602.1"
80.123.86.26 - - [25/Jul/2017:07:50:58 +0200] "GET /img/mobile/pfeil-rechts-small.png HTTP/1.1" 200 1056 "http://www.easydrivers.at/fuehrerscheine/auto" "Mozilla/5.0 (iPhone; CPU iPhone OS 10_2 like Mac OS X) AppleWebKit/602.3.12 (KHTML, like Gecko) Version/10.0 Mobile/14C92 Safari/602.1"
212.95.7.80 - - [25/Jul/2017:07:51:02 +0200] "GET /fuehrerscheine/auto HTTP/1.1" 200 5440 "http://www.google.at/" "Mozilla/5.0 (Linux; Android 6.0; ALE-L21 Build/HuaweiALE-L21) AppleWebKit/537.36 (KHTML, like Gecko) Chrome/56.0.2924.87 Mobile Safari/537.36"
212.95.7.80 - - [25/Jul/2017:07:51:04 +0200] "GET /css/mobile.css HTTP/1.1" 200 2852 "http://www.easydrivers.at/fuehrerscheine/auto" "Mozilla/5.0 (Linux; Android 6.0; ALE-L21 Build/HuaweiALE-L21) AppleWebKit/537.36 (KHTML, like Gecko) Chrome/56.0.2924.87 Mobile Safari/537.36"
212.95.7.80 - - [25/Jul/2017:07:51:04 +0200] "GET /javascript/mobile-menu.js HTTP/1.1" 200 1634 "http://www.easydrivers.at/fuehrerscheine/auto" "Mozilla/5.0 (Linux; Android 6.0; ALE-L21 Build/HuaweiALE-L21) AppleWebKit/537.36 (KHTML, like Gecko) Chrome/56.0.2924.87 Mobile Safari/537.36"
212.95.7.80 - - [25/Jul/2017:07:51:04 +0200] "GET /javascript/jquery.cookie.js HTTP/1.1" 200 863 "http://www.easydrivers.at/fuehrerscheine/auto" "Mozilla/5.0 (Linux; Android 6.0; ALE-L21 Build/HuaweiALE-L21) AppleWebKit/537.36 (KHTML, like Gecko) Chrome/56.0.2924.87 Mobile Safari/537.36"
212.95.7.80 - - [25/Jul/2017:07:51:04 +0200] "GET /javascript/jquery.simplemodal.js HTTP/1.1" 200 3070 "http://www.easydrivers.at/fuehrerscheine/auto" "Mozilla/5.0 (Linux; Android 6.0; ALE-L21 Build/HuaweiALE-L21) AppleWebKit/537.36 (KHTML, like Gecko) Chrome/56.0.2924.87 Mobile Safari/537.36"
212.95.7.80 - - [25/Jul/2017:07:51:04 +0200] "GET /javascript/jquery-1.9.1.min.js HTTP/1.1" 200 32731 "http://www.easydrivers.at/fuehrerscheine/auto" "Mozilla/5.0 (Linux; Android 6.0; ALE-L21 Build/HuaweiALE-L21) AppleWebKit/537.36 (KHTML, like Gecko) Chrome/56.0.2924.87 Mobile Safari/537.36"
212.95.7.80 - - [25/Jul/2017:07:51:04 +0200] "GET /javascript/mobile-license.js HTTP/1.1" 200 216 "http://www.easydrivers.at/fuehrerscheine/auto" "Mozilla/5.0 (Linux; Android 6.0; ALE-L21 Build/HuaweiALE-L21) AppleWebKit/537.36 (KHTML, like Gecko) Chrome/56.0.2924.87 Mobile Safari/537.36"
212.95.7.80 - - [25/Jul/2017:07:51:04 +0200] "GET /javascript/lazyload.js HTTP/1.1" 200 1170 "http://www.easydrivers.at/fuehrerscheine/auto" "Mozilla/5.0 (Linux; Android 6.0; ALE-L21 Build/HuaweiALE-L21) AppleWebKit/537.36 (KHTML, like Gecko) Chrome/56.0.2924.87 Mobile Safari/537.36"
212.95.7.80 - - [25/Jul/2017:07:51:04 +0200] "GET /img/mobile/easydrivers-logo-mobile.png HTTP/1.1" 200 10766 "http://www.easydrivers.at/fuehrerscheine/auto" "Mozilla/5.0 (Linux; Android 6.0; ALE-L21 Build/HuaweiALE-L21) AppleWebKit/537.36 (KHTML, like Gecko) Chrome/56.0.2924.87 Mobile Safari/537.36"
212.95.7.80 - - [25/Jul/2017:07:51:04 +0200] "GET /img/mobile/menu-button.png HTTP/1.1" 200 1746 "http://www.easydrivers.at/fuehrerscheine/auto" "Mozilla/5.0 (Linux; Android 6.0; ALE-L21 Build/HuaweiALE-L21) AppleWebKit/537.36 (KHTML, like Gecko) Chrome/56.0.2924.87 Mobile Safari/537.36"
212.95.7.80 - - [25/Jul/2017:07:51:04 +0200] "GET /img/mobile/facebook-icon.png HTTP/1.1" 200 1902 "http://www.easydrivers.at/fuehrerscheine/auto" "Mozilla/5.0 (Linux; Android 6.0; ALE-L21 Build/HuaweiALE-L21) AppleWebKit/537.36 (KHTML, like Gecko) Chrome/56.0.2924.87 Mobile Safari/537.36"
212.95.7.80 - - [25/Jul/2017:07:51:04 +0200] "GET /img/mobile/close-button.png HTTP/1.1" 200 2411 "http://www.easydrivers.at/fuehrerscheine/auto" "Mozilla/5.0 (Linux; Android 6.0; ALE-L21 Build/HuaweiALE-L21) AppleWebKit/537.36 (KHTML, like Gecko) Chrome/56.0.2924.87 Mobile Safari/537.36"
212.95.7.80 - - [25/Jul/2017:07:51:04 +0200] "GET /img/mobile/bg-header.jpg HTTP/1.1" 200 19741 "http://www.easydrivers.at/css/mobile.css" "Mozilla/5.0 (Linux; Android 6.0; ALE-L21 Build/HuaweiALE-L21) AppleWebKit/537.36 (KHTML, like Gecko) Chrome/56.0.2924.87 Mobile Safari/537.36"
212.95.7.80 - - [25/Jul/2017:07:51:04 +0200] "GET /img/mobile/bg-menu.jpg HTTP/1.1" 200 1698 "http://www.easydrivers.at/css/mobile.css" "Mozilla/5.0 (Linux; Android 6.0; ALE-L21 Build/HuaweiALE-L21) AppleWebKit/537.36 (KHTML, like Gecko) Chrome/56.0.2924.87 Mobile Safari/537.36"
212.95.7.80 - - [25/Jul/2017:07:51:04 +0200] "GET /img/mobile/bg-yellow.jpg HTTP/1.1" 200 1569 "http://www.easydrivers.at/css/mobile.css" "Mozilla/5.0 (Linux; Android 6.0; ALE-L21 Build/HuaweiALE-L21) AppleWebKit/537.36 (KHTML, like Gecko) Chrome/56.0.2924.87 Mobile Safari/537.36"
212.95.7.80 - - [25/Jul/2017:07:51:04 +0200] "GET /img/mobile/weiter-button.png HTTP/1.1" 200 1670 "http://www.easydrivers.at/css/mobile.css" "Mozilla/5.0 (Linux; Android 6.0; ALE-L21 Build/HuaweiALE-L21) AppleWebKit/537.36 (KHTML, like Gecko) Chrome/56.0.2924.87 Mobile Safari/537.36"
212.95.7.80 - - [25/Jul/2017:07:51:05 +0200] "GET /img/favicon.ico HTTP/1.1" 404 300 "http://www.easydrivers.at/fuehrerscheine/auto" "Mozilla/5.0 (Linux; Android 6.0; ALE-L21 Build/HuaweiALE-L21) AppleWebKit/537.36 (KHTML, like Gecko) Chrome/56.0.2924.87 Mobile Safari/537.36"
217.149.228.162 - - [25/Jul/2017:07:51:05 +0200] "GET /schwechat HTTP/1.1" 200 3628 "https://www.google.at" "Mozilla/5.0 (Windows NT 6.1; rv:45.0) Gecko/20100101 Firefox/45.0"
217.149.228.162 - - [25/Jul/2017:07:51:08 +0200] "GET /javascript/portal.js?1221842734 HTTP/1.1" 304 - "http://www.easydrivers.at/schwechat" "Mozilla/5.0 (Windows NT 6.1; rv:45.0) Gecko/20100101 Firefox/45.0"
217.149.228.162 - - [25/Jul/2017:07:51:08 +0200] "GET /binaries/easy-drivers-portal/widget-icon-apppng.png HTTP/1.1" 200 2432 "http://www.easydrivers.at/schwechat" "Mozilla/5.0 (Windows NT 6.1; rv:45.0) Gecko/20100101 Firefox/45.0"
217.149.228.160 - - [25/Jul/2017:07:51:08 +0200] "GET /cache/emu/images/easy-drivers-portal10244078/edlogoljpg_160_90_0.jpg HTTP/1.1" 200 2492 "http://www.easydrivers.at/schwechat" "Mozilla/5.0 (Windows NT 6.1; rv:45.0) Gecko/20100101 Firefox/45.0"
84.113.130.202 - - [25/Jul/2017:07:51:12 +0200] "POST /loadkursliste HTTP/1.1" 200 734 "http://www.easydrivers.at/suche" "Mozilla/5.0 (iPad; CPU OS 9_3_5 like Mac OS X) AppleWebKit/601.1.46 (KHTML, like Gecko) Version/9.0 Mobile/13G36 Safari/601.1"
217.149.228.160 - - [25/Jul/2017:07:51:14 +0200] "POST /schwechat/kursauswahl HTTP/1.1" 200 4175 "http://www.easydrivers.at/schwechat" "Mozilla/5.0 (Windows NT 6.1; rv:45.0) Gecko/20100101 Firefox/45.0"
217.149.228.160 - - [25/Jul/2017:07:51:16 +0200] "GET /binaries/easy-drivers-portal/moped4jpg.jpg HTTP/1.1" 200 74241 "http://www.easydrivers.at/schwechat/kursauswahl" "Mozilla/5.0 (Windows NT 6.1; rv:45.0) Gecko/20100101 Firefox/45.0"
212.95.7.80 - - [25/Jul/2017:07:51:19 +0200] "GET /img/mobile/pfeil-rechts-small.png HTTP/1.1" 200 1056 "http://www.easydrivers.at/css/mobile.css" "Mozilla/5.0 (Linux; Android 6.0; ALE-L21 Build/HuaweiALE-L21) AppleWebKit/537.36 (KHTML, like Gecko) Chrome/56.0.2924.87 Mobile Safari/537.36"
212.95.7.80 - - [25/Jul/2017:07:51:19 +0200] "GET /img/mobile/pfeil-links-small.png HTTP/1.1" 200 1065 "http://www.easydrivers.at/css/mobile.css" "Mozilla/5.0 (Linux; Android 6.0; ALE-L21 Build/HuaweiALE-L21) AppleWebKit/537.36 (KHTML, like Gecko) Chrome/56.0.2924.87 Mobile Safari/537.36"
217.149.228.160 - - [25/Jul/2017:07:51:19 +0200] "POST /loadkursliste HTTP/1.1" 200 766 "http://www.easydrivers.at/schwechat/kursauswahl" "Mozilla/5.0 (Windows NT 6.1; rv:45.0) Gecko/20100101 Firefox/45.0"
80.89.110.193 - - [25/Jul/2017:07:51:19 +0200] "GET /waidhofen.thaya HTTP/1.1" 200 2939 "android-app://com.google.android.googlequicksearchbox" "Mozilla/5.0 (Linux; Android 5.1.1; HUAWEI SCL-L21 Build/HuaweiSCL-L21) AppleWebKit/537.36 (KHTML, like Gecko) Chrome/59.0.3071.125 Mobile Safari/537.36"
193.81.96.226 - - [25/Jul/2017:07:51:20 +0200] "GET /fuehrerscheine/bus/DD195-B?channel=fullversion HTTP/1.1" 200 4143 "http://www.easydrivers.at/fuehrerscheine/bus/DD195-B" "Mozilla/5.0 (iPhone; CPU iPhone OS 10_3_2 like Mac OS X) AppleWebKit/603.2.4 (KHTML, like Gecko) Version/10.0 Mobile/14F89 Safari/602.1"
193.81.96.226 - - [25/Jul/2017:07:51:21 +0200] "GET /css/style.css HTTP/1.1" 200 5004 "http://www.easydrivers.at/fuehrerscheine/bus/DD195-B?channel=fullversion" "Mozilla/5.0 (iPhone; CPU iPhone OS 10_3_2 like Mac OS X) AppleWebKit/603.2.4 (KHTML, like Gecko) Version/10.0 Mobile/14F89 Safari/602.1"
193.81.96.226 - - [25/Jul/2017:07:51:21 +0200] "GET /css/print.css HTTP/1.1" 200 967 "http://www.easydrivers.at/fuehrerscheine/bus/DD195-B?channel=fullversion" "Mozilla/5.0 (iPhone; CPU iPhone OS 10_3_2 like Mac OS X) AppleWebKit/603.2.4 (KHTML, like Gecko) Version/10.0 Mobile/14F89 Safari/602.1"
193.81.96.226 - - [25/Jul/2017:07:51:21 +0200] "GET /javascript/jquery.customSelect.min.js HTTP/1.1" 200 912 "http://www.easydrivers.at/fuehrerscheine/bus/DD195-B?channel=fullversion" "Mozilla/5.0 (iPhone; CPU iPhone OS 10_3_2 like Mac OS X) AppleWebKit/603.2.4 (KHTML, like Gecko) Version/10.0 Mobile/14F89 Safari/602.1"
193.81.96.226 - - [25/Jul/2017:07:51:21 +0200] "GET /javascript/portal.js?1221842734 HTTP/1.1" 200 3529 "http://www.easydrivers.at/fuehrerscheine/bus/DD195-B?channel=fullversion" "Mozilla/5.0 (iPhone; CPU iPhone OS 10_3_2 like Mac OS X) AppleWebKit/603.2.4 (KHTML, like Gecko) Version/10.0 Mobile/14F89 Safari/602.1"
193.81.96.226 - - [25/Jul/2017:07:51:22 +0200] "GET /javascript/product.js HTTP/1.1" 200 139 "http://www.easydrivers.at/fuehrerscheine/bus/DD195-B?channel=fullversion" "Mozilla/5.0 (iPhone; CPU iPhone OS 10_3_2 like Mac OS X) AppleWebKit/603.2.4 (KHTML, like Gecko) Version/10.0 Mobile/14F89 Safari/602.1"
193.81.96.226 - - [25/Jul/2017:07:51:22 +0200] "GET /img/close-button.png HTTP/1.1" 200 2237 "http://www.easydrivers.at/fuehrerscheine/bus/DD195-B?channel=fullversion" "Mozilla/5.0 (iPhone; CPU iPhone OS 10_3_2 like Mac OS X) AppleWebKit/603.2.4 (KHTML, like Gecko) Version/10.0 Mobile/14F89 Safari/602.1"
193.81.96.226 - - [25/Jul/2017:07:51:22 +0200] "GET /img/facebook-icon.png HTTP/1.1" 200 1506 "http://www.easydrivers.at/fuehrerscheine/bus/DD195-B?channel=fullversion" "Mozilla/5.0 (iPhone; CPU iPhone OS 10_3_2 like Mac OS X) AppleWebKit/603.2.4 (KHTML, like Gecko) Version/10.0 Mobile/14F89 Safari/602.1"
193.81.96.226 - - [25/Jul/2017:07:51:22 +0200] "GET /img/schweiz-icon.png HTTP/1.1" 200 1504 "http://www.easydrivers.at/fuehrerscheine/bus/DD195-B?channel=fullversion" "Mozilla/5.0 (iPhone; CPU iPhone OS 10_3_2 like Mac OS X) AppleWebKit/603.2.4 (KHTML, like Gecko) Version/10.0 Mobile/14F89 Safari/602.1"
193.81.96.226 - - [25/Jul/2017:07:51:22 +0200] "GET /img/bg-header.jpg HTTP/1.1" 200 38680 "http://www.easydrivers.at/fuehrerscheine/bus/DD195-B?channel=fullversion" "Mozilla/5.0 (iPhone; CPU iPhone OS 10_3_2 like Mac OS X) AppleWebKit/603.2.4 (KHTML, like Gecko) Version/10.0 Mobile/14F89 Safari/602.1"
193.81.96.226 - - [25/Jul/2017:07:51:22 +0200] "GET /img/ED_Logo.png HTTP/1.1" 200 3385 "http://www.easydrivers.at/fuehrerscheine/bus/DD195-B?channel=fullversion" "Mozilla/5.0 (iPhone; CPU iPhone OS 10_3_2 like Mac OS X) AppleWebKit/603.2.4 (KHTML, like Gecko) Version/10.0 Mobile/14F89 Safari/602.1"
193.81.96.226 - - [25/Jul/2017:07:51:22 +0200] "GET /img/arrow-left.png HTTP/1.1" 200 1015 "http://www.easydrivers.at/fuehrerscheine/bus/DD195-B?channel=fullversion" "Mozilla/5.0 (iPhone; CPU iPhone OS 10_3_2 like Mac OS X) AppleWebKit/603.2.4 (KHTML, like Gecko) Version/10.0 Mobile/14F89 Safari/602.1"
193.81.96.226 - - [25/Jul/2017:07:51:22 +0200] "GET /img/bg-yellow.jpg HTTP/1.1" 200 2250 "http://www.easydrivers.at/fuehrerscheine/bus/DD195-B?channel=fullversion" "Mozilla/5.0 (iPhone; CPU iPhone OS 10_3_2 like Mac OS X) AppleWebKit/603.2.4 (KHTML, like Gecko) Version/10.0 Mobile/14F89 Safari/602.1"
193.81.96.226 - - [25/Jul/2017:07:51:22 +0200] "GET /img/arrow-up.png HTTP/1.1" 200 1081 "http://www.easydrivers.at/fuehrerscheine/bus/DD195-B?channel=fullversion" "Mozilla/5.0 (iPhone; CPU iPhone OS 10_3_2 like Mac OS X) AppleWebKit/603.2.4 (KHTML, like Gecko) Version/10.0 Mobile/14F89 Safari/602.1"
193.81.96.226 - - [25/Jul/2017:07:51:22 +0200] "GET /img/bg-footer.jpg HTTP/1.1" 200 31770 "http://www.easydrivers.at/fuehrerscheine/bus/DD195-B?channel=fullversion" "Mozilla/5.0 (iPhone; CPU iPhone OS 10_3_2 like Mac OS X) AppleWebKit/603.2.4 (KHTML, like Gecko) Version/10.0 Mobile/14F89 Safari/602.1"
193.81.96.226 - - [25/Jul/2017:07:51:22 +0200] "GET /img/kursicon-print-pink.png HTTP/1.1" 200 1125 "http://www.easydrivers.at/fuehrerscheine/bus/DD195-B?channel=fullversion" "Mozilla/5.0 (iPhone; CPU iPhone OS 10_3_2 like Mac OS X) AppleWebKit/603.2.4 (KHTML, like Gecko) Version/10.0 Mobile/14F89 Safari/602.1"
193.81.96.226 - - [25/Jul/2017:07:51:22 +0200] "GET /img/kursicon-download-pink.png HTTP/1.1" 200 1213 "http://www.easydrivers.at/fuehrerscheine/bus/DD195-B?channel=fullversion" "Mozilla/5.0 (iPhone; CPU iPhone OS 10_3_2 like Mac OS X) AppleWebKit/603.2.4 (KHTML, like Gecko) Version/10.0 Mobile/14F89 Safari/602.1"
193.81.96.226 - - [25/Jul/2017:07:51:22 +0200] "GET /binaries/easy-drivers-portal/bus3jpg.jpg HTTP/1.1" 200 130692 "http://www.easydrivers.at/fuehrerscheine/bus/DD195-B?channel=fullversion" "Mozilla/5.0 (iPhone; CPU iPhone OS 10_3_2 like Mac OS X) AppleWebKit/603.2.4 (KHTML, like Gecko) Version/10.0 Mobile/14F89 Safari/602.1"
193.81.96.226 - - [25/Jul/2017:07:51:22 +0200] "GET /img/kursicon-phone-pink.png HTTP/1.1" 200 1286 "http://www.easydrivers.at/fuehrerscheine/bus/DD195-B?channel=fullversion" "Mozilla/5.0 (iPhone; CPU iPhone OS 10_3_2 like Mac OS X) AppleWebKit/603.2.4 (KHTML, like Gecko) Version/10.0 Mobile/14F89 Safari/602.1"
193.81.96.226 - - [25/Jul/2017:07:51:22 +0200] "GET /img/kursicon-share-pink.png HTTP/1.1" 200 1277 "http://www.easydrivers.at/fuehrerscheine/bus/DD195-B?channel=fullversion" "Mozilla/5.0 (iPhone; CPU iPhone OS 10_3_2 like Mac OS X) AppleWebKit/603.2.4 (KHTML, like Gecko) Version/10.0 Mobile/14F89 Safari/602.1"
84.113.130.202 - - [25/Jul/2017:07:51:21 +0200] "GET /voesendorf/10288810?FS=B-L17 HTTP/1.1" 200 5800 "http://www.easydrivers.at/suche" "Mozilla/5.0 (iPad; CPU OS 9_3_5 like Mac OS X) AppleWebKit/601.1.46 (KHTML, like Gecko) Version/9.0 Mobile/13G36 Safari/601.1"
217.149.228.162 - - [25/Jul/2017:07:51:23 +0200] "GET /schwechat/10280440?FS=AM-M HTTP/1.1" 200 5534 "http://www.easydrivers.at/schwechat/kursauswahl" "Mozilla/5.0 (Windows NT 6.1; rv:45.0) Gecko/20100101 Firefox/45.0"
84.113.130.202 - - [25/Jul/2017:07:51:21 +0200] "GET /voesendorf/10288810?FS=B-L17 HTTP/1.1" 200 5800 "http://www.easydrivers.at/suche" "Mozilla/5.0 (iPad; CPU OS 9_3_5 like Mac OS X) AppleWebKit/601.1.46 (KHTML, like Gecko) Version/9.0 Mobile/13G36 Safari/601.1"
217.149.228.162 - - [25/Jul/2017:07:51:25 +0200] "GET /binaries/easy-drivers-portal/moped2jpg.jpg HTTP/1.1" 200 82133 "http://www.easydrivers.at/schwechat/10280440?FS=AM-M" "Mozilla/5.0 (Windows NT 6.1; rv:45.0) Gecko/20100101 Firefox/45.0"
217.149.228.162 - - [25/Jul/2017:07:51:26 +0200] "GET /cache/emu/images/10288281/_125_167.jpg HTTP/1.1" 304 - "http://www.easydrivers.at/schwechat/10280440?FS=AM-M" "Mozilla/5.0 (Windows NT 6.1; rv:45.0) Gecko/20100101 Firefox/45.0"
84.113.130.202 - - [25/Jul/2017:07:51:30 +0200] "GET /voesendorf/10288807?FS=B-L17 HTTP/1.1" 200 5802 "http://www.easydrivers.at/suche" "Mozilla/5.0 (iPad; CPU OS 9_3_5 like Mac OS X) AppleWebKit/601.1.46 (KHTML, like Gecko) Version/9.0 Mobile/13G36 Safari/601.1"
91.114.188.99 - - [25/Jul/2017:07:51:36 +0200] "GET /eisenstadt/aktionen HTTP/1.1" 200 2846 "https://www.google.at/" "Mozilla/5.0 (iPhone; CPU iPhone OS 10_0_2 like Mac OS X) AppleWebKit/602.1.50 (KHTML, like Gecko) Version/10.0 Mobile/14A456 Safari/602.1"
91.114.188.99 - - [25/Jul/2017:07:51:39 +0200] "GET /javascript/mobile-fahrschule.js HTTP/1.1" 200 328 "http://www.easydrivers.at/eisenstadt/aktionen" "Mozilla/5.0 (iPhone; CPU iPhone OS 10_0_2 like Mac OS X) AppleWebKit/602.1.50 (KHTML, like Gecko) Version/10.0 Mobile/14A456 Safari/602.1"
91.114.188.99 - - [25/Jul/2017:07:51:39 +0200] "GET /img/mobile/info-button.png HTTP/1.1" 200 1549 "http://www.easydrivers.at/eisenstadt/aktionen" "Mozilla/5.0 (iPhone; CPU iPhone OS 10_0_2 like Mac OS X) AppleWebKit/602.1.50 (KHTML, like Gecko) Version/10.0 Mobile/14A456 Safari/602.1"
91.114.188.99 - - [25/Jul/2017:07:51:39 +0200] "GET /img/smallicon-person.png HTTP/1.1" 200 1141 "http://www.easydrivers.at/eisenstadt/aktionen" "Mozilla/5.0 (iPhone; CPU iPhone OS 10_0_2 like Mac OS X) AppleWebKit/602.1.50 (KHTML, like Gecko) Version/10.0 Mobile/14A456 Safari/602.1"
91.114.188.99 - - [25/Jul/2017:07:51:39 +0200] "GET /img/mobile/info-close-button.png HTTP/1.1" 200 1721 "http://www.easydrivers.at/eisenstadt/aktionen" "Mozilla/5.0 (iPhone; CPU iPhone OS 10_0_2 like Mac OS X) AppleWebKit/602.1.50 (KHTML, like Gecko) Version/10.0 Mobile/14A456 Safari/602.1"
91.114.188.99 - - [25/Jul/2017:07:51:39 +0200] "GET /img/smallicon-address.png HTTP/1.1" 200 1211 "http://www.easydrivers.at/eisenstadt/aktionen" "Mozilla/5.0 (iPhone; CPU iPhone OS 10_0_2 like Mac OS X) AppleWebKit/602.1.50 (KHTML, like Gecko) Version/10.0 Mobile/14A456 Safari/602.1"
91.114.188.99 - - [25/Jul/2017:07:51:39 +0200] "GET /img/mobile/googlemaps-pin.png HTTP/1.1" 200 1597 "http://www.easydrivers.at/eisenstadt/aktionen" "Mozilla/5.0 (iPhone; CPU iPhone OS 10_0_2 like Mac OS X) AppleWebKit/602.1.50 (KHTML, like Gecko) Version/10.0 Mobile/14A456 Safari/602.1"
91.114.188.99 - - [25/Jul/2017:07:51:39 +0200] "GET /img/smallicon-time.png HTTP/1.1" 200 1262 "http://www.easydrivers.at/eisenstadt/aktionen" "Mozilla/5.0 (iPhone; CPU iPhone OS 10_0_2 like Mac OS X) AppleWebKit/602.1.50 (KHTML, like Gecko) Version/10.0 Mobile/14A456 Safari/602.1"
91.114.188.99 - - [25/Jul/2017:07:51:39 +0200] "GET /img/smallicon-phone.png HTTP/1.1" 200 3056 "http://www.easydrivers.at/eisenstadt/aktionen" "Mozilla/5.0 (iPhone; CPU iPhone OS 10_0_2 like Mac OS X) AppleWebKit/602.1.50 (KHTML, like Gecko) Version/10.0 Mobile/14A456 Safari/602.1"
91.114.188.99 - - [25/Jul/2017:07:51:39 +0200] "GET /img/smallicon-mail.png HTTP/1.1" 200 1341 "http://www.easydrivers.at/eisenstadt/aktionen" "Mozilla/5.0 (iPhone; CPU iPhone OS 10_0_2 like Mac OS X) AppleWebKit/602.1.50 (KHTML, like Gecko) Version/10.0 Mobile/14A456 Safari/602.1"
213.225.10.11 - - [25/Jul/2017:07:51:49 +0200] "GET /st.valentin/ HTTP/1.1" 301 142 "-" "Mozilla/5.0 (Linux; Android 7.0; SAMSUNG SM-G935F/G935FXXU1DQEI Build/NRD90M) AppleWebKit/537.36 (KHTML, like Gecko) SamsungBrowser/5.4 Chrome/51.0.2704.106 Mobile Safari/537.36"
213.225.10.11 - - [25/Jul/2017:07:51:49 +0200] "GET /st.valentin HTTP/1.1" 200 2946 "-" "Mozilla/5.0 (Linux; Android 7.0; SAMSUNG SM-G935F/G935FXXU1DQEI Build/NRD90M) AppleWebKit/537.36 (KHTML, like Gecko) SamsungBrowser/5.4 Chrome/51.0.2704.106 Mobile Safari/537.36"
213.225.10.11 - - [25/Jul/2017:07:51:52 +0200] "GET /css/mobile.css HTTP/1.1" 200 2852 "http://www.easydrivers.at/st.valentin" "Mozilla/5.0 (Linux; Android 7.0; SAMSUNG SM-G935F/G935FXXU1DQEI Build/NRD90M) AppleWebKit/537.36 (KHTML, like Gecko) SamsungBrowser/5.4 Chrome/51.0.2704.106 Mobile Safari/537.36"
213.225.10.11 - - [25/Jul/2017:07:51:52 +0200] "GET /javascript/mobile-menu.js HTTP/1.1" 200 1634 "http://www.easydrivers.at/st.valentin" "Mozilla/5.0 (Linux; Android 7.0; SAMSUNG SM-G935F/G935FXXU1DQEI Build/NRD90M) AppleWebKit/537.36 (KHTML, like Gecko) SamsungBrowser/5.4 Chrome/51.0.2704.106 Mobile Safari/537.36"
213.225.10.11 - - [25/Jul/2017:07:51:52 +0200] "GET /javascript/jquery.cookie.js HTTP/1.1" 200 863 "http://www.easydrivers.at/st.valentin" "Mozilla/5.0 (Linux; Android 7.0; SAMSUNG SM-G935F/G935FXXU1DQEI Build/NRD90M) AppleWebKit/537.36 (KHTML, like Gecko) SamsungBrowser/5.4 Chrome/51.0.2704.106 Mobile Safari/537.36"
213.225.10.11 - - [25/Jul/2017:07:51:52 +0200] "GET /javascript/jquery.simplemodal.js HTTP/1.1" 200 3070 "http://www.easydrivers.at/st.valentin" "Mozilla/5.0 (Linux; Android 7.0; SAMSUNG SM-G935F/G935FXXU1DQEI Build/NRD90M) AppleWebKit/537.36 (KHTML, like Gecko) SamsungBrowser/5.4 Chrome/51.0.2704.106 Mobile Safari/537.36"
213.225.10.11 - - [25/Jul/2017:07:51:52 +0200] "GET /javascript/mobile-fahrschule.js HTTP/1.1" 200 328 "http://www.easydrivers.at/st.valentin" "Mozilla/5.0 (Linux; Android 7.0; SAMSUNG SM-G935F/G935FXXU1DQEI Build/NRD90M) AppleWebKit/537.36 (KHTML, like Gecko) SamsungBrowser/5.4 Chrome/51.0.2704.106 Mobile Safari/537.36"
213.225.10.11 - - [25/Jul/2017:07:51:52 +0200] "GET /javascript/jquery-1.9.1.min.js HTTP/1.1" 200 32731 "http://www.easydrivers.at/st.valentin" "Mozilla/5.0 (Linux; Android 7.0; SAMSUNG SM-G935F/G935FXXU1DQEI Build/NRD90M) AppleWebKit/537.36 (KHTML, like Gecko) SamsungBrowser/5.4 Chrome/51.0.2704.106 Mobile Safari/537.36"
213.225.10.11 - - [25/Jul/2017:07:51:52 +0200] "GET /javascript/lazyload.js HTTP/1.1" 200 1170 "http://www.easydrivers.at/st.valentin" "Mozilla/5.0 (Linux; Android 7.0; SAMSUNG SM-G935F/G935FXXU1DQEI Build/NRD90M) AppleWebKit/537.36 (KHTML, like Gecko) SamsungBrowser/5.4 Chrome/51.0.2704.106 Mobile Safari/537.36"
213.225.10.11 - - [25/Jul/2017:07:51:52 +0200] "GET /img/mobile/easydrivers-logo-mobile.png HTTP/1.1" 200 10766 "http://www.easydrivers.at/st.valentin" "Mozilla/5.0 (Linux; Android 7.0; SAMSUNG SM-G935F/G935FXXU1DQEI Build/NRD90M) AppleWebKit/537.36 (KHTML, like Gecko) SamsungBrowser/5.4 Chrome/51.0.2704.106 Mobile Safari/537.36"
213.225.10.11 - - [25/Jul/2017:07:51:52 +0200] "GET /img/mobile/menu-button.png HTTP/1.1" 200 1746 "http://www.easydrivers.at/st.valentin" "Mozilla/5.0 (Linux; Android 7.0; SAMSUNG SM-G935F/G935FXXU1DQEI Build/NRD90M) AppleWebKit/537.36 (KHTML, like Gecko) SamsungBrowser/5.4 Chrome/51.0.2704.106 Mobile Safari/537.36"
213.225.10.11 - - [25/Jul/2017:07:51:52 +0200] "GET /img/mobile/close-button.png HTTP/1.1" 200 2411 "http://www.easydrivers.at/st.valentin" "Mozilla/5.0 (Linux; Android 7.0; SAMSUNG SM-G935F/G935FXXU1DQEI Build/NRD90M) AppleWebKit/537.36 (KHTML, like Gecko) SamsungBrowser/5.4 Chrome/51.0.2704.106 Mobile Safari/537.36"
213.225.10.11 - - [25/Jul/2017:07:51:52 +0200] "GET /img/mobile/facebook-icon.png HTTP/1.1" 200 1902 "http://www.easydrivers.at/st.valentin" "Mozilla/5.0 (Linux; Android 7.0; SAMSUNG SM-G935F/G935FXXU1DQEI Build/NRD90M) AppleWebKit/537.36 (KHTML, like Gecko) SamsungBrowser/5.4 Chrome/51.0.2704.106 Mobile Safari/537.36"
213.225.10.11 - - [25/Jul/2017:07:51:52 +0200] "GET /img/mobile/info-button.png HTTP/1.1" 200 1549 "http://www.easydrivers.at/st.valentin" "Mozilla/5.0 (Linux; Android 7.0; SAMSUNG SM-G935F/G935FXXU1DQEI Build/NRD90M) AppleWebKit/537.36 (KHTML, like Gecko) SamsungBrowser/5.4 Chrome/51.0.2704.106 Mobile Safari/537.36"
213.225.10.11 - - [25/Jul/2017:07:51:52 +0200] "GET /img/mobile/info-close-button.png HTTP/1.1" 200 1721 "http://www.easydrivers.at/st.valentin" "Mozilla/5.0 (Linux; Android 7.0; SAMSUNG SM-G935F/G935FXXU1DQEI Build/NRD90M) AppleWebKit/537.36 (KHTML, like Gecko) SamsungBrowser/5.4 Chrome/51.0.2704.106 Mobile Safari/537.36"
213.225.10.11 - - [25/Jul/2017:07:51:52 +0200] "GET /img/smallicon-person.png HTTP/1.1" 200 1141 "http://www.easydrivers.at/st.valentin" "Mozilla/5.0 (Linux; Android 7.0; SAMSUNG SM-G935F/G935FXXU1DQEI Build/NRD90M) AppleWebKit/537.36 (KHTML, like Gecko) SamsungBrowser/5.4 Chrome/51.0.2704.106 Mobile Safari/537.36"
213.225.10.11 - - [25/Jul/2017:07:51:52 +0200] "GET /img/smallicon-address.png HTTP/1.1" 200 1211 "http://www.easydrivers.at/st.valentin" "Mozilla/5.0 (Linux; Android 7.0; SAMSUNG SM-G935F/G935FXXU1DQEI Build/NRD90M) AppleWebKit/537.36 (KHTML, like Gecko) SamsungBrowser/5.4 Chrome/51.0.2704.106 Mobile Safari/537.36"
213.225.10.11 - - [25/Jul/2017:07:51:52 +0200] "GET /img/mobile/googlemaps-pin.png HTTP/1.1" 200 1597 "http://www.easydrivers.at/st.valentin" "Mozilla/5.0 (Linux; Android 7.0; SAMSUNG SM-G935F/G935FXXU1DQEI Build/NRD90M) AppleWebKit/537.36 (KHTML, like Gecko) SamsungBrowser/5.4 Chrome/51.0.2704.106 Mobile Safari/537.36"
213.225.10.11 - - [25/Jul/2017:07:51:52 +0200] "GET /img/smallicon-time.png HTTP/1.1" 200 1262 "http://www.easydrivers.at/st.valentin" "Mozilla/5.0 (Linux; Android 7.0; SAMSUNG SM-G935F/G935FXXU1DQEI Build/NRD90M) AppleWebKit/537.36 (KHTML, like Gecko) SamsungBrowser/5.4 Chrome/51.0.2704.106 Mobile Safari/537.36"
213.225.10.11 - - [25/Jul/2017:07:51:52 +0200] "GET /img/smallicon-phone.png HTTP/1.1" 200 3056 "http://www.easydrivers.at/st.valentin" "Mozilla/5.0 (Linux; Android 7.0; SAMSUNG SM-G935F/G935FXXU1DQEI Build/NRD90M) AppleWebKit/537.36 (KHTML, like Gecko) SamsungBrowser/5.4 Chrome/51.0.2704.106 Mobile Safari/537.36"
213.225.10.11 - - [25/Jul/2017:07:51:52 +0200] "GET /img/smallicon-mail.png HTTP/1.1" 200 1341 "http://www.easydrivers.at/st.valentin" "Mozilla/5.0 (Linux; Android 7.0; SAMSUNG SM-G935F/G935FXXU1DQEI Build/NRD90M) AppleWebKit/537.36 (KHTML, like Gecko) SamsungBrowser/5.4 Chrome/51.0.2704.106 Mobile Safari/537.36"
213.225.10.11 - - [25/Jul/2017:07:51:52 +0200] "GET /img/mobile/widget-icon-app.png HTTP/1.1" 200 3458 "http://www.easydrivers.at/st.valentin" "Mozilla/5.0 (Linux; Android 7.0; SAMSUNG SM-G935F/G935FXXU1DQEI Build/NRD90M) AppleWebKit/537.36 (KHTML, like Gecko) SamsungBrowser/5.4 Chrome/51.0.2704.106 Mobile Safari/537.36"
213.225.10.11 - - [25/Jul/2017:07:51:52 +0200] "GET /img/mobile/bg-header.jpg HTTP/1.1" 200 19741 "http://www.easydrivers.at/css/mobile.css" "Mozilla/5.0 (Linux; Android 7.0; SAMSUNG SM-G935F/G935FXXU1DQEI Build/NRD90M) AppleWebKit/537.36 (KHTML, like Gecko) SamsungBrowser/5.4 Chrome/51.0.2704.106 Mobile Safari/537.36"
213.225.10.11 - - [25/Jul/2017:07:51:52 +0200] "GET /img/mobile/bg-menu.jpg HTTP/1.1" 200 1698 "http://www.easydrivers.at/css/mobile.css" "Mozilla/5.0 (Linux; Android 7.0; SAMSUNG SM-G935F/G935FXXU1DQEI Build/NRD90M) AppleWebKit/537.36 (KHTML, like Gecko) SamsungBrowser/5.4 Chrome/51.0.2704.106 Mobile Safari/537.36"
213.225.10.11 - - [25/Jul/2017:07:51:52 +0200] "GET /img/mobile/bg-top-section.jpg HTTP/1.1" 200 21711 "http://www.easydrivers.at/css/mobile.css" "Mozilla/5.0 (Linux; Android 7.0; SAMSUNG SM-G935F/G935FXXU1DQEI Build/NRD90M) AppleWebKit/537.36 (KHTML, like Gecko) SamsungBrowser/5.4 Chrome/51.0.2704.106 Mobile Safari/537.36"
213.225.10.11 - - [25/Jul/2017:07:51:53 +0200] "GET /img/mobile/pfeil-rechts.png HTTP/1.1" 200 1228 "http://www.easydrivers.at/css/mobile.css" "Mozilla/5.0 (Linux; Android 7.0; SAMSUNG SM-G935F/G935FXXU1DQEI Build/NRD90M) AppleWebKit/537.36 (KHTML, like Gecko) SamsungBrowser/5.4 Chrome/51.0.2704.106 Mobile Safari/537.36"
213.225.10.11 - - [25/Jul/2017:07:51:53 +0200] "GET /img/favicon.ico HTTP/1.1" 404 300 "http://www.easydrivers.at/st.valentin" "Mozilla/5.0 (Linux; Android 7.0; SAMSUNG SM-G935F/G935FXXU1DQEI Build/NRD90M) AppleWebKit/537.36 (KHTML, like Gecko) SamsungBrowser/5.4 Chrome/51.0.2704.106 Mobile Safari/537.36"
213.225.10.11 - - [25/Jul/2017:07:51:59 +0200] "POST /st.valentin/kursauswahl HTTP/1.1" 200 3048 "http://www.easydrivers.at/st.valentin" "Mozilla/5.0 (Linux; Android 7.0; SAMSUNG SM-G935F/G935FXXU1DQEI Build/NRD90M) AppleWebKit/537.36 (KHTML, like Gecko) SamsungBrowser/5.4 Chrome/51.0.2704.106 Mobile Safari/537.36"
213.225.10.11 - - [25/Jul/2017:07:52:01 +0200] "GET /javascript/mobile-fahrschule-kurs-suchergebnis.js HTTP/1.1" 200 274 "http://www.easydrivers.at/st.valentin/kursauswahl" "Mozilla/5.0 (Linux; Android 7.0; SAMSUNG SM-G935F/G935FXXU1DQEI Build/NRD90M) AppleWebKit/537.36 (KHTML, like Gecko) SamsungBrowser/5.4 Chrome/51.0.2704.106 Mobile Safari/537.36"
213.225.10.11 - - [25/Jul/2017:07:52:02 +0200] "GET /img/mobile/pfeil-links-small.png HTTP/1.1" 200 1065 "http://www.easydrivers.at/css/mobile.css" "Mozilla/5.0 (Linux; Android 7.0; SAMSUNG SM-G935F/G935FXXU1DQEI Build/NRD90M) AppleWebKit/537.36 (KHTML, like Gecko) SamsungBrowser/5.4 Chrome/51.0.2704.106 Mobile Safari/537.36"
213.225.10.11 - - [25/Jul/2017:07:52:02 +0200] "GET /img/mobile/bg-yellow.jpg HTTP/1.1" 200 1569 "http://www.easydrivers.at/css/mobile.css" "Mozilla/5.0 (Linux; Android 7.0; SAMSUNG SM-G935F/G935FXXU1DQEI Build/NRD90M) AppleWebKit/537.36 (KHTML, like Gecko) SamsungBrowser/5.4 Chrome/51.0.2704.106 Mobile Safari/537.36"
213.225.10.11 - - [25/Jul/2017:07:52:02 +0200] "GET /img/loading-bars.gif HTTP/1.1" 200 3951 "http://www.easydrivers.at/css/mobile.css" "Mozilla/5.0 (Linux; Android 7.0; SAMSUNG SM-G935F/G935FXXU1DQEI Build/NRD90M) AppleWebKit/537.36 (KHTML, like Gecko) SamsungBrowser/5.4 Chrome/51.0.2704.106 Mobile Safari/537.36"
213.225.10.11 - - [25/Jul/2017:07:52:02 +0200] "POST /loadkursliste HTTP/1.1" 200 633 "http://www.easydrivers.at/st.valentin/kursauswahl" "Mozilla/5.0 (Linux; Android 7.0; SAMSUNG SM-G935F/G935FXXU1DQEI Build/NRD90M) AppleWebKit/537.36 (KHTML, like Gecko) SamsungBrowser/5.4 Chrome/51.0.2704.106 Mobile Safari/537.36"
213.225.10.11 - - [25/Jul/2017:07:52:10 +0200] "POST /loadkursliste HTTP/1.1" 200 625 "http://www.easydrivers.at/st.valentin/kursauswahl" "Mozilla/5.0 (Linux; Android 7.0; SAMSUNG SM-G935F/G935FXXU1DQEI Build/NRD90M) AppleWebKit/537.36 (KHTML, like Gecko) SamsungBrowser/5.4 Chrome/51.0.2704.106 Mobile Safari/537.36"
188.23.97.67 - - [25/Jul/2017:07:52:11 +0200] "GET /links HTTP/1.1" 200 2316 "http://www.easydrivers.at/ueberuns" "Mozilla/5.0 (Windows NT 6.1; WOW64; Trident/7.0; rv:11.0) like Gecko"
188.23.97.67 - - [25/Jul/2017:07:52:12 +0200] "GET /binaries/easy-drivers-portal/motorrad3jpg.jpg HTTP/1.1" 200 111280 "http://www.easydrivers.at/links" "Mozilla/5.0 (Windows NT 6.1; WOW64; Trident/7.0; rv:11.0) like Gecko"
188.23.97.67 - - [25/Jul/2017:07:52:17 +0200] "GET /pruefprotokoll HTTP/1.1" 200 2599 "http://www.easydrivers.at/links" "Mozilla/5.0 (Windows NT 6.1; WOW64; Trident/7.0; rv:11.0) like Gecko"
188.23.97.67 - - [25/Jul/2017:07:52:19 +0200] "GET /binaries/easy-drivers-portal/moped1jpg.jpg HTTP/1.1" 200 60962 "http://www.easydrivers.at/pruefprotokoll" "Mozilla/5.0 (Windows NT 6.1; WOW64; Trident/7.0; rv:11.0) like Gecko"
188.23.97.67 - - [25/Jul/2017:07:52:19 +0200] "GET /img/download-arrow.png HTTP/1.1" 200 363 "http://www.easydrivers.at/pruefprotokoll" "Mozilla/5.0 (Windows NT 6.1; WOW64; Trident/7.0; rv:11.0) like Gecko"
188.23.97.67 - - [25/Jul/2017:07:52:21 +0200] "GET /img/download-arrow-pink.png HTTP/1.1" 200 408 "http://www.easydrivers.at/pruefprotokoll" "Mozilla/5.0 (Windows NT 6.1; WOW64; Trident/7.0; rv:11.0) like Gecko"
188.23.97.67 - - [25/Jul/2017:07:52:24 +0200] "GET /download.php?id=10247292 HTTP/1.1" 200 570230 "http://www.easydrivers.at/pruefprotokoll" "Mozilla/5.0 (Windows NT 6.1; WOW64; Trident/7.0; rv:11.0) like Gecko"
213.225.10.11 - - [25/Jul/2017:07:52:24 +0200] "POST /loadkursliste HTTP/1.1" 200 633 "http://www.easydrivers.at/st.valentin/kursauswahl" "Mozilla/5.0 (Linux; Android 7.0; SAMSUNG SM-G935F/G935FXXU1DQEI Build/NRD90M) AppleWebKit/537.36 (KHTML, like Gecko) SamsungBrowser/5.4 Chrome/51.0.2704.106 Mobile Safari/537.36"
178.191.119.202 - - [25/Jul/2017:07:52:29 +0200] "GET / HTTP/1.1" 200 4406 "-" "Mozilla/5.0 (Windows NT 10.0) AppleWebKit/537.36 (KHTML, like Gecko) Chrome/59.0.3071.115 Safari/537.36"
66.249.76.75 - - [25/Jul/2017:07:52:43 +0200] "GET /wieselburg HTTP/1.1" 200 3471 "-" "Mozilla/5.0 (compatible; Googlebot/2.1; +http://www.google.com/bot.html)"
207.46.13.112 - - [25/Jul/2017:07:53:00 +0200] "GET /oberwart HTTP/1.1" 200 3642 "-" "Mozilla/5.0 (compatible; bingbot/2.0; +http://www.bing.com/bingbot.htm)"
204.79.180.1 - - [25/Jul/2017:07:53:30 +0200] "GET /fuehrerscheine/mofa HTTP/1.1" 200 2723 "-" "Mozilla/5.0 (compatible; MSIE 9.0; Windows NT 6.0; Trident/5.0; Trident/5.0)"
204.79.180.6 - - [25/Jul/2017:07:53:33 +0200] "GET /css/style.css HTTP/1.1" 200 5004 "http://www.easydrivers.at/fuehrerscheine/mofa" "Mozilla/5.0 (compatible; MSIE 9.0; Windows NT 6.0; Trident/5.0; Trident/5.0)"
204.79.180.2 - - [25/Jul/2017:07:53:33 +0200] "GET /javascript/jquery.customSelect.min.js HTTP/1.1" 200 912 "http://www.easydrivers.at/fuehrerscheine/mofa" "Mozilla/5.0 (compatible; MSIE 9.0; Windows NT 6.0; Trident/5.0; Trident/5.0)"
204.79.180.4 - - [25/Jul/2017:07:53:34 +0200] "GET /javascript/jquery.simplemodal.js HTTP/1.1" 200 3070 "http://www.easydrivers.at/fuehrerscheine/mofa" "Mozilla/5.0 (compatible; MSIE 9.0; Windows NT 6.0; Trident/5.0; Trident/5.0)"
204.79.180.9 - - [25/Jul/2017:07:53:34 +0200] "GET /javascript/jquery.cookie.js HTTP/1.1" 200 863 "http://www.easydrivers.at/fuehrerscheine/mofa" "Mozilla/5.0 (compatible; MSIE 9.0; Windows NT 6.0; Trident/5.0; Trident/5.0)"
204.79.180.19 - - [25/Jul/2017:07:53:36 +0200] "GET /javascript/lazyload.js HTTP/1.1" 200 1170 "http://www.easydrivers.at/fuehrerscheine/mofa" "Mozilla/5.0 (compatible; MSIE 9.0; Windows NT 6.0; Trident/5.0; Trident/5.0)"
