80.110.25.90 - - [25/Jul/2017:07:58:41 +0200] "GET /javascript/suche.js HTTP/1.1" 200 209 "http://www.easydrivers.at/dornbirn/10247038?FS=B-L17" "Mozilla/5.0 (Windows NT 6.1; WOW64; Trident/7.0; rv:11.0) like Gecko"
80.110.25.90 - - [25/Jul/2017:07:58:41 +0200] "GET /cache/emu/images/10267596/_111_167.jpg HTTP/1.1" 200 5378 "http://www.easydrivers.at/dornbirn/10247038?FS=B-L17" "Mozilla/5.0 (Windows NT 6.1; WOW64; Trident/7.0; rv:11.0) like Gecko"
80.110.25.90 - - [25/Jul/2017:07:58:41 +0200] "GET /cache/emu/images/10267595/_111_167.jpg HTTP/1.1" 200 5669 "http://www.easydrivers.at/dornbirn/10247038?FS=B-L17" "Mozilla/5.0 (Windows NT 6.1; WOW64; Trident/7.0; rv:11.0) like Gecko"
80.110.25.90 - - [25/Jul/2017:07:58:41 +0200] "GET /cache/emu/images/10279047/_111_167.jpg HTTP/1.1" 200 5300 "http://www.easydrivers.at/dornbirn/10247038?FS=B-L17" "Mozilla/5.0 (Windows NT 6.1; WOW64; Trident/7.0; rv:11.0) like Gecko"
80.110.25.90 - - [25/Jul/2017:07:58:41 +0200] "GET /cache/emu/images/10267594/_111_167.jpg HTTP/1.1" 200 5172 "http://www.easydrivers.at/dornbirn/10247038?FS=B-L17" "Mozilla/5.0 (Windows NT 6.1; WOW64; Trident/7.0; rv:11.0) like Gecko"
80.110.25.90 - - [25/Jul/2017:07:58:41 +0200] "GET /cache/emu/images/10279048/_111_167.jpg HTTP/1.1" 200 5184 "http://www.easydrivers.at/dornbirn/10247038?FS=B-L17" "Mozilla/5.0 (Windows NT 6.1; WOW64; Trident/7.0; rv:11.0) like Gecko"
80.110.25.90 - - [25/Jul/2017:07:58:41 +0200] "GET /img/arrow-left.png HTTP/1.1" 200 1015 "http://www.easydrivers.at/dornbirn/10247038?FS=B-L17" "Mozilla/5.0 (Windows NT 6.1; WOW64; Trident/7.0; rv:11.0) like Gecko"
80.110.25.90 - - [25/Jul/2017:07:58:41 +0200] "GET /img/smallicon-phone.png HTTP/1.1" 200 3056 "http://www.easydrivers.at/dornbirn/10247038?FS=B-L17" "Mozilla/5.0 (Windows NT 6.1; WOW64; Trident/7.0; rv:11.0) like Gecko"
80.110.25.90 - - [25/Jul/2017:07:58:41 +0200] "GET /img/smallicon-mail.png HTTP/1.1" 200 1341 "http://www.easydrivers.at/dornbirn/10247038?FS=B-L17" "Mozilla/5.0 (Windows NT 6.1; WOW64; Trident/7.0; rv:11.0) like Gecko"
80.110.25.90 - - [25/Jul/2017:07:58:41 +0200] "GET /img/arrow-up.png HTTP/1.1" 200 1081 "http://www.easydrivers.at/dornbirn/10247038?FS=B-L17" "Mozilla/5.0 (Windows NT 6.1; WOW64; Trident/7.0; rv:11.0) like Gecko"
80.110.25.90 - - [25/Jul/2017:07:58:41 +0200] "GET /cache/emu/images/10267597/_111_167.jpg HTTP/1.1" 200 6056 "http://www.easydrivers.at/dornbirn/10247038?FS=B-L17" "Mozilla/5.0 (Windows NT 6.1; WOW64; Trident/7.0; rv:11.0) like Gecko"
80.110.25.90 - - [25/Jul/2017:07:58:41 +0200] "GET /cache/emu/images/10267598/_111_167.jpg HTTP/1.1" 200 5557 "http://www.easydrivers.at/dornbirn/10247038?FS=B-L17" "Mozilla/5.0 (Windows NT 6.1; WOW64; Trident/7.0; rv:11.0) like Gecko"
80.110.25.90 - - [25/Jul/2017:07:58:41 +0200] "GET /binaries/easy-drivers-portal/pkw4jpg.jpg HTTP/1.1" 200 125726 "http://www.easydrivers.at/dornbirn/10247038?FS=B-L17" "Mozilla/5.0 (Windows NT 6.1; WOW64; Trident/7.0; rv:11.0) like Gecko"
80.110.25.90 - - [25/Jul/2017:07:58:41 +0200] "GET /cache/emu/images/10267599/_111_167.jpg HTTP/1.1" 200 5817 "http://www.easydrivers.at/dornbirn/10247038?FS=B-L17" "Mozilla/5.0 (Windows NT 6.1; WOW64; Trident/7.0; rv:11.0) like Gecko"
80.110.25.90 - - [25/Jul/2017:07:58:41 +0200] "GET /cache/emu/images/10267600/_111_167.jpg HTTP/1.1" 200 5076 "http://www.easydrivers.at/dornbirn/10247038?FS=B-L17" "Mozilla/5.0 (Windows NT 6.1; WOW64; Trident/7.0; rv:11.0) like Gecko"
80.110.25.90 - - [25/Jul/2017:07:58:41 +0200] "GET /cache/emu/images/10267601/_111_167.jpg HTTP/1.1" 200 5794 "http://www.easydrivers.at/dornbirn/10247038?FS=B-L17" "Mozilla/5.0 (Windows NT 6.1; WOW64; Trident/7.0; rv:11.0) like Gecko"
80.110.25.90 - - [25/Jul/2017:07:58:41 +0200] "GET /cache/emu/images/10279051/_116_167.jpg HTTP/1.1" 200 3609 "http://www.easydrivers.at/dornbirn/10247038?FS=B-L17" "Mozilla/5.0 (Windows NT 6.1; WOW64; Trident/7.0; rv:11.0) like Gecko"
188.23.55.17 - - [25/Jul/2017:07:58:45 +0200] "GET /pruefprotokoll HTTP/1.1" 200 2267 "https://www.google.at/" "Mozilla/5.0 (iPhone; CPU iPhone OS 9_3_3 like Mac OS X) AppleWebKit/601.1.46 (KHTML, like Gecko) Version/9.0 Mobile/13G34 Safari/601.1"
188.23.55.17 - - [25/Jul/2017:07:58:47 +0200] "GET /css/mobile.css HTTP/1.1" 200 2852 "http://www.easydrivers.at/pruefprotokoll" "Mozilla/5.0 (iPhone; CPU iPhone OS 9_3_3 like Mac OS X) AppleWebKit/601.1.46 (KHTML, like Gecko) Version/9.0 Mobile/13G34 Safari/601.1"
188.23.55.17 - - [25/Jul/2017:07:58:47 +0200] "GET /javascript/lazyload.js HTTP/1.1" 200 1170 "http://www.easydrivers.at/pruefprotokoll" "Mozilla/5.0 (iPhone; CPU iPhone OS 9_3_3 like Mac OS X) AppleWebKit/601.1.46 (KHTML, like Gecko) Version/9.0 Mobile/13G34 Safari/601.1"
188.23.55.17 - - [25/Jul/2017:07:58:47 +0200] "GET /javascript/mobile-menu.js HTTP/1.1" 200 1634 "http://www.easydrivers.at/pruefprotokoll" "Mozilla/5.0 (iPhone; CPU iPhone OS 9_3_3 like Mac OS X) AppleWebKit/601.1.46 (KHTML, like Gecko) Version/9.0 Mobile/13G34 Safari/601.1"
188.23.55.17 - - [25/Jul/2017:07:58:47 +0200] "GET /javascript/jquery.cookie.js HTTP/1.1" 200 863 "http://www.easydrivers.at/pruefprotokoll" "Mozilla/5.0 (iPhone; CPU iPhone OS 9_3_3 like Mac OS X) AppleWebKit/601.1.46 (KHTML, like Gecko) Version/9.0 Mobile/13G34 Safari/601.1"
188.23.55.17 - - [25/Jul/2017:07:58:47 +0200] "GET /javascript/jquery.simplemodal.js HTTP/1.1" 200 3070 "http://www.easydrivers.at/pruefprotokoll" "Mozilla/5.0 (iPhone; CPU iPhone OS 9_3_3 like Mac OS X) AppleWebKit/601.1.46 (KHTML, like Gecko) Version/9.0 Mobile/13G34 Safari/601.1"
188.23.55.17 - - [25/Jul/2017:07:58:47 +0200] "GET /javascript/jquery-1.9.1.min.js HTTP/1.1" 200 32731 "http://www.easydrivers.at/pruefprotokoll" "Mozilla/5.0 (iPhone; CPU iPhone OS 9_3_3 like Mac OS X) AppleWebKit/601.1.46 (KHTML, like Gecko) Version/9.0 Mobile/13G34 Safari/601.1"
188.23.55.17 - - [25/Jul/2017:07:58:47 +0200] "GET /img/mobile/close-button.png HTTP/1.1" 200 2411 "http://www.easydrivers.at/pruefprotokoll" "Mozilla/5.0 (iPhone; CPU iPhone OS 9_3_3 like Mac OS X) AppleWebKit/601.1.46 (KHTML, like Gecko) Version/9.0 Mobile/13G34 Safari/601.1"
188.23.55.17 - - [25/Jul/2017:07:58:47 +0200] "GET /img/mobile/easydrivers-logo-mobile.png HTTP/1.1" 200 10766 "http://www.easydrivers.at/pruefprotokoll" "Mozilla/5.0 (iPhone; CPU iPhone OS 9_3_3 like Mac OS X) AppleWebKit/601.1.46 (KHTML, like Gecko) Version/9.0 Mobile/13G34 Safari/601.1"
188.23.55.17 - - [25/Jul/2017:07:58:47 +0200] "GET /img/mobile/facebook-icon.png HTTP/1.1" 200 1902 "http://www.easydrivers.at/pruefprotokoll" "Mozilla/5.0 (iPhone; CPU iPhone OS 9_3_3 like Mac OS X) AppleWebKit/601.1.46 (KHTML, like Gecko) Version/9.0 Mobile/13G34 Safari/601.1"
188.23.55.17 - - [25/Jul/2017:07:58:47 +0200] "GET /img/mobile/menu-button.png HTTP/1.1" 200 1746 "http://www.easydrivers.at/pruefprotokoll" "Mozilla/5.0 (iPhone; CPU iPhone OS 9_3_3 like Mac OS X) AppleWebKit/601.1.46 (KHTML, like Gecko) Version/9.0 Mobile/13G34 Safari/601.1"
188.23.55.17 - - [25/Jul/2017:07:58:47 +0200] "GET /img/mobile/bg-menu.jpg HTTP/1.1" 200 1698 "http://www.easydrivers.at/pruefprotokoll" "Mozilla/5.0 (iPhone; CPU iPhone OS 9_3_3 like Mac OS X) AppleWebKit/601.1.46 (KHTML, like Gecko) Version/9.0 Mobile/13G34 Safari/601.1"
188.23.55.17 - - [25/Jul/2017:07:58:47 +0200] "GET /img/mobile/pfeil-links-small.png HTTP/1.1" 200 1065 "http://www.easydrivers.at/pruefprotokoll" "Mozilla/5.0 (iPhone; CPU iPhone OS 9_3_3 like Mac OS X) AppleWebKit/601.1.46 (KHTML, like Gecko) Version/9.0 Mobile/13G34 Safari/601.1"
188.23.55.17 - - [25/Jul/2017:07:58:47 +0200] "GET /img/mobile/bg-header.jpg HTTP/1.1" 200 19741 "http://www.easydrivers.at/pruefprotokoll" "Mozilla/5.0 (iPhone; CPU iPhone OS 9_3_3 like Mac OS X) AppleWebKit/601.1.46 (KHTML, like Gecko) Version/9.0 Mobile/13G34 Safari/601.1"
188.23.97.67 - - [25/Jul/2017:07:58:52 +0200] "GET /krems HTTP/1.1" 200 3773 "-" "Mozilla/5.0 (Windows NT 6.1; WOW64; Trident/7.0; rv:11.0) like Gecko"
188.23.55.17 - - [25/Jul/2017:07:58:56 +0200] "GET /download.php?id=10247292 HTTP/1.1" 200 570230 "http://www.easydrivers.at/pruefprotokoll" "Mozilla/5.0 (iPhone; CPU iPhone OS 9_3_3 like Mac OS X) AppleWebKit/601.1.46 (KHTML, like Gecko) Version/9.0 Mobile/13G34 Safari/601.1"
77.119.128.152 - - [25/Jul/2017:07:59:06 +0200] "GET /st.poelten HTTP/1.1" 200 2943 "http://m.facebook.com/" "Mozilla/5.0 (Linux; Android 7.0; SM-G930F Build/NRD90M; wv) AppleWebKit/537.36 (KHTML, like Gecko) Version/4.0 Chrome/59.0.3071.125 Mobile Safari/537.36 [FB_IAB/FB4A;FBAV/132.0.0.20.85;]"
77.119.128.152 - - [25/Jul/2017:07:59:08 +0200] "GET /css/mobile.css HTTP/1.1" 200 2852 "http://www.easydrivers.at/st.poelten" "Mozilla/5.0 (Linux; Android 7.0; SM-G930F Build/NRD90M; wv) AppleWebKit/537.36 (KHTML, like Gecko) Version/4.0 Chrome/59.0.3071.125 Mobile Safari/537.36 [FB_IAB/FB4A;FBAV/132.0.0.20.85;]"
77.119.128.152 - - [25/Jul/2017:07:59:08 +0200] "GET /javascript/jquery.cookie.js HTTP/1.1" 200 863 "http://www.easydrivers.at/st.poelten" "Mozilla/5.0 (Linux; Android 7.0; SM-G930F Build/NRD90M; wv) AppleWebKit/537.36 (KHTML, like Gecko) Version/4.0 Chrome/59.0.3071.125 Mobile Safari/537.36 [FB_IAB/FB4A;FBAV/132.0.0.20.85;]"
77.119.128.152 - - [25/Jul/2017:07:59:08 +0200] "GET /javascript/mobile-menu.js HTTP/1.1" 200 1634 "http://www.easydrivers.at/st.poelten" "Mozilla/5.0 (Linux; Android 7.0; SM-G930F Build/NRD90M; wv) AppleWebKit/537.36 (KHTML, like Gecko) Version/4.0 Chrome/59.0.3071.125 Mobile Safari/537.36 [FB_IAB/FB4A;FBAV/132.0.0.20.85;]"
77.119.128.152 - - [25/Jul/2017:07:59:08 +0200] "GET /javascript/jquery.simplemodal.js HTTP/1.1" 200 3070 "http://www.easydrivers.at/st.poelten" "Mozilla/5.0 (Linux; Android 7.0; SM-G930F Build/NRD90M; wv) AppleWebKit/537.36 (KHTML, like Gecko) Version/4.0 Chrome/59.0.3071.125 Mobile Safari/537.36 [FB_IAB/FB4A;FBAV/132.0.0.20.85;]"
77.119.128.152 - - [25/Jul/2017:07:59:08 +0200] "GET /javascript/jquery-1.9.1.min.js HTTP/1.1" 200 32731 "http://www.easydrivers.at/st.poelten" "Mozilla/5.0 (Linux; Android 7.0; SM-G930F Build/NRD90M; wv) AppleWebKit/537.36 (KHTML, like Gecko) Version/4.0 Chrome/59.0.3071.125 Mobile Safari/537.36 [FB_IAB/FB4A;FBAV/132.0.0.20.85;]"
77.119.128.152 - - [25/Jul/2017:07:59:08 +0200] "GET /javascript/mobile-fahrschule.js HTTP/1.1" 200 328 "http://www.easydrivers.at/st.poelten" "Mozilla/5.0 (Linux; Android 7.0; SM-G930F Build/NRD90M; wv) AppleWebKit/537.36 (KHTML, like Gecko) Version/4.0 Chrome/59.0.3071.125 Mobile Safari/537.36 [FB_IAB/FB4A;FBAV/132.0.0.20.85;]"
77.119.128.152 - - [25/Jul/2017:07:59:08 +0200] "GET /javascript/lazyload.js HTTP/1.1" 200 1170 "http://www.easydrivers.at/st.poelten" "Mozilla/5.0 (Linux; Android 7.0; SM-G930F Build/NRD90M; wv) AppleWebKit/537.36 (KHTML, like Gecko) Version/4.0 Chrome/59.0.3071.125 Mobile Safari/537.36 [FB_IAB/FB4A;FBAV/132.0.0.20.85;]"
77.119.128.152 - - [25/Jul/2017:07:59:09 +0200] "GET /img/mobile/easydrivers-logo-mobile.png HTTP/1.1" 200 10766 "http://www.easydrivers.at/st.poelten" "Mozilla/5.0 (Linux; Android 7.0; SM-G930F Build/NRD90M; wv) AppleWebKit/537.36 (KHTML, like Gecko) Version/4.0 Chrome/59.0.3071.125 Mobile Safari/537.36 [FB_IAB/FB4A;FBAV/132.0.0.20.85;]"
77.119.128.152 - - [25/Jul/2017:07:59:09 +0200] "GET /img/mobile/menu-button.png HTTP/1.1" 200 1746 "http://www.easydrivers.at/st.poelten" "Mozilla/5.0 (Linux; Android 7.0; SM-G930F Build/NRD90M; wv) AppleWebKit/537.36 (KHTML, like Gecko) Version/4.0 Chrome/59.0.3071.125 Mobile Safari/537.36 [FB_IAB/FB4A;FBAV/132.0.0.20.85;]"
77.119.128.152 - - [25/Jul/2017:07:59:09 +0200] "GET /img/mobile/close-button.png HTTP/1.1" 200 2411 "http://www.easydrivers.at/st.poelten" "Mozilla/5.0 (Linux; Android 7.0; SM-G930F Build/NRD90M; wv) AppleWebKit/537.36 (KHTML, like Gecko) Version/4.0 Chrome/59.0.3071.125 Mobile Safari/537.36 [FB_IAB/FB4A;FBAV/132.0.0.20.85;]"
77.119.128.152 - - [25/Jul/2017:07:59:09 +0200] "GET /img/mobile/facebook-icon.png HTTP/1.1" 200 1902 "http://www.easydrivers.at/st.poelten" "Mozilla/5.0 (Linux; Android 7.0; SM-G930F Build/NRD90M; wv) AppleWebKit/537.36 (KHTML, like Gecko) Version/4.0 Chrome/59.0.3071.125 Mobile Safari/537.36 [FB_IAB/FB4A;FBAV/132.0.0.20.85;]"
77.119.128.152 - - [25/Jul/2017:07:59:09 +0200] "GET /img/mobile/info-button.png HTTP/1.1" 200 1549 "http://www.easydrivers.at/st.poelten" "Mozilla/5.0 (Linux; Android 7.0; SM-G930F Build/NRD90M; wv) AppleWebKit/537.36 (KHTML, like Gecko) Version/4.0 Chrome/59.0.3071.125 Mobile Safari/537.36 [FB_IAB/FB4A;FBAV/132.0.0.20.85;]"
77.119.128.152 - - [25/Jul/2017:07:59:09 +0200] "GET /img/mobile/info-close-button.png HTTP/1.1" 200 1721 "http://www.easydrivers.at/st.poelten" "Mozilla/5.0 (Linux; Android 7.0; SM-G930F Build/NRD90M; wv) AppleWebKit/537.36 (KHTML, like Gecko) Version/4.0 Chrome/59.0.3071.125 Mobile Safari/537.36 [FB_IAB/FB4A;FBAV/132.0.0.20.85;]"
77.119.128.152 - - [25/Jul/2017:07:59:09 +0200] "GET /img/mobile/bg-menu.jpg HTTP/1.1" 200 1698 "http://www.easydrivers.at/css/mobile.css" "Mozilla/5.0 (Linux; Android 7.0; SM-G930F Build/NRD90M; wv) AppleWebKit/537.36 (KHTML, like Gecko) Version/4.0 Chrome/59.0.3071.125 Mobile Safari/537.36 [FB_IAB/FB4A;FBAV/132.0.0.20.85;]"
77.119.128.152 - - [25/Jul/2017:07:59:09 +0200] "GET /img/mobile/bg-top-section.jpg HTTP/1.1" 200 21711 "http://www.easydrivers.at/css/mobile.css" "Mozilla/5.0 (Linux; Android 7.0; SM-G930F Build/NRD90M; wv) AppleWebKit/537.36 (KHTML, like Gecko) Version/4.0 Chrome/59.0.3071.125 Mobile Safari/537.36 [FB_IAB/FB4A;FBAV/132.0.0.20.85;]"
77.119.128.152 - - [25/Jul/2017:07:59:09 +0200] "GET /img/mobile/widget-icon-app.png HTTP/1.1" 200 3458 "http://www.easydrivers.at/st.poelten" "Mozilla/5.0 (Linux; Android 7.0; SM-G930F Build/NRD90M; wv) AppleWebKit/537.36 (KHTML, like Gecko) Version/4.0 Chrome/59.0.3071.125 Mobile Safari/537.36 [FB_IAB/FB4A;FBAV/132.0.0.20.85;]"
77.119.128.152 - - [25/Jul/2017:07:59:09 +0200] "GET /img/mobile/bg-header.jpg HTTP/1.1" 200 19741 "http://www.easydrivers.at/css/mobile.css" "Mozilla/5.0 (Linux; Android 7.0; SM-G930F Build/NRD90M; wv) AppleWebKit/537.36 (KHTML, like Gecko) Version/4.0 Chrome/59.0.3071.125 Mobile Safari/537.36 [FB_IAB/FB4A;FBAV/132.0.0.20.85;]"
77.119.128.152 - - [25/Jul/2017:07:59:09 +0200] "GET /img/mobile/pfeil-rechts.png HTTP/1.1" 200 1228 "http://www.easydrivers.at/css/mobile.css" "Mozilla/5.0 (Linux; Android 7.0; SM-G930F Build/NRD90M; wv) AppleWebKit/537.36 (KHTML, like Gecko) Version/4.0 Chrome/59.0.3071.125 Mobile Safari/537.36 [FB_IAB/FB4A;FBAV/132.0.0.20.85;]"
77.119.128.152 - - [25/Jul/2017:07:59:09 +0200] "GET /img/smallicon-person.png HTTP/1.1" 200 1141 "http://www.easydrivers.at/st.poelten" "Mozilla/5.0 (Linux; Android 7.0; SM-G930F Build/NRD90M; wv) AppleWebKit/537.36 (KHTML, like Gecko) Version/4.0 Chrome/59.0.3071.125 Mobile Safari/537.36 [FB_IAB/FB4A;FBAV/132.0.0.20.85;]"
77.119.128.152 - - [25/Jul/2017:07:59:09 +0200] "GET /img/smallicon-address.png HTTP/1.1" 200 1211 "http://www.easydrivers.at/st.poelten" "Mozilla/5.0 (Linux; Android 7.0; SM-G930F Build/NRD90M; wv) AppleWebKit/537.36 (KHTML, like Gecko) Version/4.0 Chrome/59.0.3071.125 Mobile Safari/537.36 [FB_IAB/FB4A;FBAV/132.0.0.20.85;]"
77.119.128.152 - - [25/Jul/2017:07:59:09 +0200] "GET /img/smallicon-phone.png HTTP/1.1" 200 3056 "http://www.easydrivers.at/st.poelten" "Mozilla/5.0 (Linux; Android 7.0; SM-G930F Build/NRD90M; wv) AppleWebKit/537.36 (KHTML, like Gecko) Version/4.0 Chrome/59.0.3071.125 Mobile Safari/537.36 [FB_IAB/FB4A;FBAV/132.0.0.20.85;]"
77.119.128.152 - - [25/Jul/2017:07:59:09 +0200] "GET /img/mobile/googlemaps-pin.png HTTP/1.1" 200 1597 "http://www.easydrivers.at/st.poelten" "Mozilla/5.0 (Linux; Android 7.0; SM-G930F Build/NRD90M; wv) AppleWebKit/537.36 (KHTML, like Gecko) Version/4.0 Chrome/59.0.3071.125 Mobile Safari/537.36 [FB_IAB/FB4A;FBAV/132.0.0.20.85;]"
77.119.128.152 - - [25/Jul/2017:07:59:09 +0200] "GET /img/smallicon-time.png HTTP/1.1" 200 1262 "http://www.easydrivers.at/st.poelten" "Mozilla/5.0 (Linux; Android 7.0; SM-G930F Build/NRD90M; wv) AppleWebKit/537.36 (KHTML, like Gecko) Version/4.0 Chrome/59.0.3071.125 Mobile Safari/537.36 [FB_IAB/FB4A;FBAV/132.0.0.20.85;]"
77.119.128.152 - - [25/Jul/2017:07:59:09 +0200] "GET /img/smallicon-mail.png HTTP/1.1" 200 1341 "http://www.easydrivers.at/st.poelten" "Mozilla/5.0 (Linux; Android 7.0; SM-G930F Build/NRD90M; wv) AppleWebKit/537.36 (KHTML, like Gecko) Version/4.0 Chrome/59.0.3071.125 Mobile Safari/537.36 [FB_IAB/FB4A;FBAV/132.0.0.20.85;]"
77.119.128.152 - - [25/Jul/2017:07:59:10 +0200] "GET /img/favicon.ico HTTP/1.1" 404 300 "http://www.easydrivers.at/st.poelten" "Mozilla/5.0 (Linux; Android 7.0; SM-G930F Build/NRD90M; wv) AppleWebKit/537.36 (KHTML, like Gecko) Version/4.0 Chrome/59.0.3071.125 Mobile Safari/537.36 [FB_IAB/FB4A;FBAV/132.0.0.20.85;]"
77.119.128.64 - - [25/Jul/2017:07:59:11 +0200] "GET /fuehrerscheine/motorrad HTTP/1.1" 200 4592 "android-app://com.google.android.googlequicksearchbox" "Mozilla/5.0 (Linux; Android 7.0; SM-G935F Build/NRD90M) AppleWebKit/537.36 (KHTML, like Gecko) Chrome/59.0.3071.125 Mobile Safari/537.36"
77.119.128.64 - - [25/Jul/2017:07:59:13 +0200] "GET /css/mobile.css HTTP/1.1" 200 2852 "http://www.easydrivers.at/fuehrerscheine/motorrad" "Mozilla/5.0 (Linux; Android 7.0; SM-G935F Build/NRD90M) AppleWebKit/537.36 (KHTML, like Gecko) Chrome/59.0.3071.125 Mobile Safari/537.36"
77.119.128.64 - - [25/Jul/2017:07:59:13 +0200] "GET /javascript/jquery.cookie.js HTTP/1.1" 200 863 "http://www.easydrivers.at/fuehrerscheine/motorrad" "Mozilla/5.0 (Linux; Android 7.0; SM-G935F Build/NRD90M) AppleWebKit/537.36 (KHTML, like Gecko) Chrome/59.0.3071.125 Mobile Safari/537.36"
77.119.128.64 - - [25/Jul/2017:07:59:13 +0200] "GET /javascript/mobile-menu.js HTTP/1.1" 200 1634 "http://www.easydrivers.at/fuehrerscheine/motorrad" "Mozilla/5.0 (Linux; Android 7.0; SM-G935F Build/NRD90M) AppleWebKit/537.36 (KHTML, like Gecko) Chrome/59.0.3071.125 Mobile Safari/537.36"
77.119.128.64 - - [25/Jul/2017:07:59:13 +0200] "GET /javascript/jquery-1.9.1.min.js HTTP/1.1" 200 32731 "http://www.easydrivers.at/fuehrerscheine/motorrad" "Mozilla/5.0 (Linux; Android 7.0; SM-G935F Build/NRD90M) AppleWebKit/537.36 (KHTML, like Gecko) Chrome/59.0.3071.125 Mobile Safari/537.36"
77.119.128.64 - - [25/Jul/2017:07:59:13 +0200] "GET /javascript/jquery.simplemodal.js HTTP/1.1" 200 3070 "http://www.easydrivers.at/fuehrerscheine/motorrad" "Mozilla/5.0 (Linux; Android 7.0; SM-G935F Build/NRD90M) AppleWebKit/537.36 (KHTML, like Gecko) Chrome/59.0.3071.125 Mobile Safari/537.36"
77.119.128.64 - - [25/Jul/2017:07:59:13 +0200] "GET /javascript/mobile-license.js HTTP/1.1" 200 216 "http://www.easydrivers.at/fuehrerscheine/motorrad" "Mozilla/5.0 (Linux; Android 7.0; SM-G935F Build/NRD90M) AppleWebKit/537.36 (KHTML, like Gecko) Chrome/59.0.3071.125 Mobile Safari/537.36"
77.119.128.64 - - [25/Jul/2017:07:59:13 +0200] "GET /javascript/lazyload.js HTTP/1.1" 200 1170 "http://www.easydrivers.at/fuehrerscheine/motorrad" "Mozilla/5.0 (Linux; Android 7.0; SM-G935F Build/NRD90M) AppleWebKit/537.36 (KHTML, like Gecko) Chrome/59.0.3071.125 Mobile Safari/537.36"
77.119.128.64 - - [25/Jul/2017:07:59:13 +0200] "GET /img/mobile/easydrivers-logo-mobile.png HTTP/1.1" 200 10766 "http://www.easydrivers.at/fuehrerscheine/motorrad" "Mozilla/5.0 (Linux; Android 7.0; SM-G935F Build/NRD90M) AppleWebKit/537.36 (KHTML, like Gecko) Chrome/59.0.3071.125 Mobile Safari/537.36"
77.119.128.64 - - [25/Jul/2017:07:59:13 +0200] "GET /img/mobile/menu-button.png HTTP/1.1" 200 1746 "http://www.easydrivers.at/fuehrerscheine/motorrad" "Mozilla/5.0 (Linux; Android 7.0; SM-G935F Build/NRD90M) AppleWebKit/537.36 (KHTML, like Gecko) Chrome/59.0.3071.125 Mobile Safari/537.36"
77.119.128.64 - - [25/Jul/2017:07:59:13 +0200] "GET /img/mobile/close-button.png HTTP/1.1" 200 2411 "http://www.easydrivers.at/fuehrerscheine/motorrad" "Mozilla/5.0 (Linux; Android 7.0; SM-G935F Build/NRD90M) AppleWebKit/537.36 (KHTML, like Gecko) Chrome/59.0.3071.125 Mobile Safari/537.36"
77.119.128.64 - - [25/Jul/2017:07:59:13 +0200] "GET /img/mobile/facebook-icon.png HTTP/1.1" 200 1902 "http://www.easydrivers.at/fuehrerscheine/motorrad" "Mozilla/5.0 (Linux; Android 7.0; SM-G935F Build/NRD90M) AppleWebKit/537.36 (KHTML, like Gecko) Chrome/59.0.3071.125 Mobile Safari/537.36"
77.119.128.64 - - [25/Jul/2017:07:59:13 +0200] "GET /img/mobile/bg-header.jpg HTTP/1.1" 200 19741 "http://www.easydrivers.at/css/mobile.css" "Mozilla/5.0 (Linux; Android 7.0; SM-G935F Build/NRD90M) AppleWebKit/537.36 (KHTML, like Gecko) Chrome/59.0.3071.125 Mobile Safari/537.36"
77.119.128.64 - - [25/Jul/2017:07:59:13 +0200] "GET /img/mobile/weiter-button.png HTTP/1.1" 200 1670 "http://www.easydrivers.at/css/mobile.css" "Mozilla/5.0 (Linux; Android 7.0; SM-G935F Build/NRD90M) AppleWebKit/537.36 (KHTML, like Gecko) Chrome/59.0.3071.125 Mobile Safari/537.36"
77.119.128.64 - - [25/Jul/2017:07:59:13 +0200] "GET /img/mobile/bg-yellow.jpg HTTP/1.1" 200 1569 "http://www.easydrivers.at/css/mobile.css" "Mozilla/5.0 (Linux; Android 7.0; SM-G935F Build/NRD90M) AppleWebKit/537.36 (KHTML, like Gecko) Chrome/59.0.3071.125 Mobile Safari/537.36"
77.119.128.64 - - [25/Jul/2017:07:59:13 +0200] "GET /img/mobile/bg-menu.jpg HTTP/1.1" 200 1698 "http://www.easydrivers.at/css/mobile.css" "Mozilla/5.0 (Linux; Android 7.0; SM-G935F Build/NRD90M) AppleWebKit/537.36 (KHTML, like Gecko) Chrome/59.0.3071.125 Mobile Safari/537.36"
77.119.128.64 - - [25/Jul/2017:07:59:14 +0200] "GET /img/favicon.ico HTTP/1.1" 404 300 "http://www.easydrivers.at/fuehrerscheine/motorrad" "Mozilla/5.0 (Linux; Android 7.0; SM-G935F Build/NRD90M) AppleWebKit/537.36 (KHTML, like Gecko) Chrome/59.0.3071.125 Mobile Safari/537.36"
188.23.55.17 - - [25/Jul/2017:07:59:15 +0200] "GET /pruefprotokoll HTTP/1.1" 200 2267 "https://www.google.at/" "Mozilla/5.0 (iPhone; CPU iPhone OS 9_3_3 like Mac OS X) AppleWebKit/601.1.46 (KHTML, like Gecko) Version/9.0 Mobile/13G34 Safari/601.1"
77.119.128.64 - - [25/Jul/2017:07:59:25 +0200] "GET /fuehrerscheine/motorrad HTTP/1.1" 200 4592 "android-app://com.google.android.googlequicksearchbox" "Mozilla/5.0 (Linux; Android 7.0; SM-G935F Build/NRD90M) AppleWebKit/537.36 (KHTML, like Gecko) Chrome/59.0.3071.125 Mobile Safari/537.36"
77.119.128.64 - - [25/Jul/2017:07:59:40 +0200] "GET /img/mobile/pfeil-links-small.png HTTP/1.1" 200 1065 "http://www.easydrivers.at/css/mobile.css" "Mozilla/5.0 (Linux; Android 7.0; SM-G935F Build/NRD90M) AppleWebKit/537.36 (KHTML, like Gecko) Chrome/59.0.3071.125 Mobile Safari/537.36"
77.119.128.64 - - [25/Jul/2017:07:59:40 +0200] "GET /img/mobile/pfeil-rechts-small.png HTTP/1.1" 200 1056 "http://www.easydrivers.at/css/mobile.css" "Mozilla/5.0 (Linux; Android 7.0; SM-G935F Build/NRD90M) AppleWebKit/537.36 (KHTML, like Gecko) Chrome/59.0.3071.125 Mobile Safari/537.36"
80.110.25.90 - - [25/Jul/2017:07:59:46 +0200] "GET /img/smallicon-time.png HTTP/1.1" 200 1262 "http://www.easydrivers.at/dornbirn/10247038?FS=B-L17" "Mozilla/5.0 (Windows NT 6.1; WOW64; Trident/7.0; rv:11.0) like Gecko"
80.110.25.90 - - [25/Jul/2017:07:59:46 +0200] "GET /img/smallicon-fax.png HTTP/1.1" 200 1205 "http://www.easydrivers.at/dornbirn/10247038?FS=B-L17" "Mozilla/5.0 (Windows NT 6.1; WOW64; Trident/7.0; rv:11.0) like Gecko"
80.110.25.90 - - [25/Jul/2017:07:59:46 +0200] "GET /img/smallicon-address.png HTTP/1.1" 200 1211 "http://www.easydrivers.at/dornbirn/10247038?FS=B-L17" "Mozilla/5.0 (Windows NT 6.1; WOW64; Trident/7.0; rv:11.0) like Gecko"
80.110.25.90 - - [25/Jul/2017:07:59:46 +0200] "GET /img/smallicon-person.png HTTP/1.1" 200 1141 "http://www.easydrivers.at/dornbirn/10247038?FS=B-L17" "Mozilla/5.0 (Windows NT 6.1; WOW64; Trident/7.0; rv:11.0) like Gecko"
188.23.97.67 - - [25/Jul/2017:07:59:45 +0200] "GET /krems HTTP/1.1" 200 3773 "-" "Mozilla/5.0 (Windows NT 6.1; WOW64; Trident/7.0; rv:11.0) like Gecko"
80.110.25.90 - - [25/Jul/2017:07:59:54 +0200] "GET /img/smallicon-phone-wbg.png HTTP/1.1" 200 430 "-" "Mozilla/5.0 (Windows NT 6.1; WOW64; Trident/7.0; rv:11.0) like Gecko"
80.110.25.90 - - [25/Jul/2017:07:59:54 +0200] "GET /img/smallicon-mail-wbg.png HTTP/1.1" 200 487 "-" "Mozilla/5.0 (Windows NT 6.1; WOW64; Trident/7.0; rv:11.0) like Gecko"
77.119.128.64 - - [25/Jul/2017:08:00:01 +0200] "POST / HTTP/1.1" 200 3569 "http://www.easydrivers.at/fuehrerscheine/motorrad" "Mozilla/5.0 (Linux; Android 7.0; SM-G935F Build/NRD90M) AppleWebKit/537.36 (KHTML, like Gecko) Chrome/59.0.3071.125 Mobile Safari/537.36"
77.119.128.64 - - [25/Jul/2017:08:00:03 +0200] "GET /javascript/mobile-homesearch.js HTTP/1.1" 200 340 "http://www.easydrivers.at/" "Mozilla/5.0 (Linux; Android 7.0; SM-G935F Build/NRD90M) AppleWebKit/537.36 (KHTML, like Gecko) Chrome/59.0.3071.125 Mobile Safari/537.36"
77.119.128.64 - - [25/Jul/2017:08:00:03 +0200] "GET /img/mobile/widget-icon-app.png HTTP/1.1" 200 3458 "http://www.easydrivers.at/" "Mozilla/5.0 (Linux; Android 7.0; SM-G935F Build/NRD90M) AppleWebKit/537.36 (KHTML, like Gecko) Chrome/59.0.3071.125 Mobile Safari/537.36"
77.119.128.64 - - [25/Jul/2017:08:00:03 +0200] "GET /img/mobile/bg-top-section.jpg HTTP/1.1" 200 21711 "http://www.easydrivers.at/css/mobile.css" "Mozilla/5.0 (Linux; Android 7.0; SM-G935F Build/NRD90M) AppleWebKit/537.36 (KHTML, like Gecko) Chrome/59.0.3071.125 Mobile Safari/537.36"
77.119.128.64 - - [25/Jul/2017:08:00:03 +0200] "GET /img/mobile/pfeil-rechts.png HTTP/1.1" 200 1228 "http://www.easydrivers.at/css/mobile.css" "Mozilla/5.0 (Linux; Android 7.0; SM-G935F Build/NRD90M) AppleWebKit/537.36 (KHTML, like Gecko) Chrome/59.0.3071.125 Mobile Safari/537.36"
77.118.133.149 - - [25/Jul/2017:08:00:03 +0200] "GET /fuehrerscheine/motorrad HTTP/1.1" 200 4592 "https://www.google.at/" "Mozilla/5.0 (iPhone; CPU iPhone OS 10_3_2 like Mac OS X) AppleWebKit/602.1.50 (KHTML, like Gecko) GSA/31.0.161834491 Mobile/14F89 Safari/602.1"
77.118.133.149 - - [25/Jul/2017:08:00:05 +0200] "GET /javascript/mobile-menu.js HTTP/1.1" 200 1634 "http://www.easydrivers.at/fuehrerscheine/motorrad" "Mozilla/5.0 (iPhone; CPU iPhone OS 10_3_2 like Mac OS X) AppleWebKit/602.1.50 (KHTML, like Gecko) GSA/31.0.161834491 Mobile/14F89 Safari/602.1"
77.118.133.149 - - [25/Jul/2017:08:00:05 +0200] "GET /javascript/jquery.cookie.js HTTP/1.1" 200 863 "http://www.easydrivers.at/fuehrerscheine/motorrad" "Mozilla/5.0 (iPhone; CPU iPhone OS 10_3_2 like Mac OS X) AppleWebKit/602.1.50 (KHTML, like Gecko) GSA/31.0.161834491 Mobile/14F89 Safari/602.1"
77.118.133.149 - - [25/Jul/2017:08:00:05 +0200] "GET /css/mobile.css HTTP/1.1" 200 2852 "http://www.easydrivers.at/fuehrerscheine/motorrad" "Mozilla/5.0 (iPhone; CPU iPhone OS 10_3_2 like Mac OS X) AppleWebKit/602.1.50 (KHTML, like Gecko) GSA/31.0.161834491 Mobile/14F89 Safari/602.1"
77.118.133.149 - - [25/Jul/2017:08:00:05 +0200] "GET /javascript/jquery-1.9.1.min.js HTTP/1.1" 200 32731 "http://www.easydrivers.at/fuehrerscheine/motorrad" "Mozilla/5.0 (iPhone; CPU iPhone OS 10_3_2 like Mac OS X) AppleWebKit/602.1.50 (KHTML, like Gecko) GSA/31.0.161834491 Mobile/14F89 Safari/602.1"
77.118.133.149 - - [25/Jul/2017:08:00:05 +0200] "GET /img/mobile/easydrivers-logo-mobile.png HTTP/1.1" 200 10766 "http://www.easydrivers.at/fuehrerscheine/motorrad" "Mozilla/5.0 (iPhone; CPU iPhone OS 10_3_2 like Mac OS X) AppleWebKit/602.1.50 (KHTML, like Gecko) GSA/31.0.161834491 Mobile/14F89 Safari/602.1"
77.118.133.149 - - [25/Jul/2017:08:00:05 +0200] "GET /javascript/lazyload.js HTTP/1.1" 200 1170 "http://www.easydrivers.at/fuehrerscheine/motorrad" "Mozilla/5.0 (iPhone; CPU iPhone OS 10_3_2 like Mac OS X) AppleWebKit/602.1.50 (KHTML, like Gecko) GSA/31.0.161834491 Mobile/14F89 Safari/602.1"
77.118.133.149 - - [25/Jul/2017:08:00:05 +0200] "GET /javascript/jquery.simplemodal.js HTTP/1.1" 200 3070 "http://www.easydrivers.at/fuehrerscheine/motorrad" "Mozilla/5.0 (iPhone; CPU iPhone OS 10_3_2 like Mac OS X) AppleWebKit/602.1.50 (KHTML, like Gecko) GSA/31.0.161834491 Mobile/14F89 Safari/602.1"
77.118.133.149 - - [25/Jul/2017:08:00:05 +0200] "GET /javascript/mobile-license.js HTTP/1.1" 200 216 "http://www.easydrivers.at/fuehrerscheine/motorrad" "Mozilla/5.0 (iPhone; CPU iPhone OS 10_3_2 like Mac OS X) AppleWebKit/602.1.50 (KHTML, like Gecko) GSA/31.0.161834491 Mobile/14F89 Safari/602.1"
77.118.133.149 - - [25/Jul/2017:08:00:05 +0200] "GET /img/mobile/menu-button.png HTTP/1.1" 200 1746 "http://www.easydrivers.at/fuehrerscheine/motorrad" "Mozilla/5.0 (iPhone; CPU iPhone OS 10_3_2 like Mac OS X) AppleWebKit/602.1.50 (KHTML, like Gecko) GSA/31.0.161834491 Mobile/14F89 Safari/602.1"
77.118.133.149 - - [25/Jul/2017:08:00:05 +0200] "GET /img/mobile/close-button.png HTTP/1.1" 200 2411 "http://www.easydrivers.at/fuehrerscheine/motorrad" "Mozilla/5.0 (iPhone; CPU iPhone OS 10_3_2 like Mac OS X) AppleWebKit/602.1.50 (KHTML, like Gecko) GSA/31.0.161834491 Mobile/14F89 Safari/602.1"
77.118.133.149 - - [25/Jul/2017:08:00:05 +0200] "GET /img/mobile/facebook-icon.png HTTP/1.1" 200 1902 "http://www.easydrivers.at/fuehrerscheine/motorrad" "Mozilla/5.0 (iPhone; CPU iPhone OS 10_3_2 like Mac OS X) AppleWebKit/602.1.50 (KHTML, like Gecko) GSA/31.0.161834491 Mobile/14F89 Safari/602.1"
77.118.133.149 - - [25/Jul/2017:08:00:05 +0200] "GET /img/mobile/weiter-button.png HTTP/1.1" 200 1670 "http://www.easydrivers.at/fuehrerscheine/motorrad" "Mozilla/5.0 (iPhone; CPU iPhone OS 10_3_2 like Mac OS X) AppleWebKit/602.1.50 (KHTML, like Gecko) GSA/31.0.161834491 Mobile/14F89 Safari/602.1"
77.118.133.149 - - [25/Jul/2017:08:00:05 +0200] "GET /img/mobile/bg-menu.jpg HTTP/1.1" 200 1698 "http://www.easydrivers.at/fuehrerscheine/motorrad" "Mozilla/5.0 (iPhone; CPU iPhone OS 10_3_2 like Mac OS X) AppleWebKit/602.1.50 (KHTML, like Gecko) GSA/31.0.161834491 Mobile/14F89 Safari/602.1"
77.118.133.149 - - [25/Jul/2017:08:00:05 +0200] "GET /img/mobile/bg-header.jpg HTTP/1.1" 200 19741 "http://www.easydrivers.at/fuehrerscheine/motorrad" "Mozilla/5.0 (iPhone; CPU iPhone OS 10_3_2 like Mac OS X) AppleWebKit/602.1.50 (KHTML, like Gecko) GSA/31.0.161834491 Mobile/14F89 Safari/602.1"
77.118.133.149 - - [25/Jul/2017:08:00:05 +0200] "GET /img/mobile/bg-yellow.jpg HTTP/1.1" 200 1569 "http://www.easydrivers.at/fuehrerscheine/motorrad" "Mozilla/5.0 (iPhone; CPU iPhone OS 10_3_2 like Mac OS X) AppleWebKit/602.1.50 (KHTML, like Gecko) GSA/31.0.161834491 Mobile/14F89 Safari/602.1"
213.150.1.137 - - [25/Jul/2017:08:00:05 +0200] "GET /ybbs HTTP/1.1" 200 3608 "http://www.google.at/url?sa=t&rct=j&q=&esrc=s&source=web&cd=1&ved=0ahUKEwjguPTQ4KPVAhUMD8AKHdfuD5AQFggqMAA&url=http%3A%2F%2Fwww.easydrivers.at%2Fybbs&usg=AFQjCNHkpj4p6OfOew-AzwehsLvnRlYNeg" "Mozilla/5.0 (Windows NT 6.1; WOW64; Trident/7.0; SD; rv:11.0) like Gecko"
213.150.1.137 - - [25/Jul/2017:08:00:07 +0200] "GET /javascript/portal.js?1221842734 HTTP/1.1" 200 3529 "http://www.easydrivers.at/ybbs" "Mozilla/5.0 (Windows NT 6.1; WOW64; Trident/7.0; SD; rv:11.0) like Gecko"
213.150.1.137 - - [25/Jul/2017:08:00:07 +0200] "GET /img/ed_pfeil_down.png HTTP/1.1" 200 3634 "http://www.easydrivers.at/ybbs" "Mozilla/5.0 (Windows NT 6.1; WOW64; Trident/7.0; SD; rv:11.0) like Gecko"
213.150.1.137 - - [25/Jul/2017:08:00:07 +0200] "GET /binaries/easy-drivers-portal/ybbsnachtneujpg-1.jpg HTTP/1.1" 200 446132 "http://www.easydrivers.at/ybbs" "Mozilla/5.0 (Windows NT 6.1; WOW64; Trident/7.0; SD; rv:11.0) like Gecko"
77.119.128.64 - - [25/Jul/2017:08:00:10 +0200] "GET /fuehrerscheine/motorrad HTTP/1.1" 200 4592 "android-app://com.google.android.googlequicksearchbox" "Mozilla/5.0 (Linux; Android 7.0; SM-G935F Build/NRD90M) AppleWebKit/537.36 (KHTML, like Gecko) Chrome/59.0.3071.125 Mobile Safari/537.36"
213.150.1.137 - - [25/Jul/2017:08:00:12 +0200] "GET /ueberuns HTTP/1.1" 200 3256 "http://www.easydrivers.at/ybbs" "Mozilla/5.0 (Windows NT 6.1; WOW64; Trident/7.0; SD; rv:11.0) like Gecko"
77.118.133.149 - - [25/Jul/2017:08:00:14 +0200] "GET /img/mobile/pfeil-rechts-small.png HTTP/1.1" 200 1056 "http://www.easydrivers.at/fuehrerscheine/motorrad" "Mozilla/5.0 (iPhone; CPU iPhone OS 10_3_2 like Mac OS X) AppleWebKit/602.1.50 (KHTML, like Gecko) GSA/31.0.161834491 Mobile/14F89 Safari/602.1"
77.118.133.149 - - [25/Jul/2017:08:00:14 +0200] "GET /img/mobile/pfeil-links-small.png HTTP/1.1" 200 1065 "http://www.easydrivers.at/fuehrerscheine/motorrad" "Mozilla/5.0 (iPhone; CPU iPhone OS 10_3_2 like Mac OS X) AppleWebKit/602.1.50 (KHTML, like Gecko) GSA/31.0.161834491 Mobile/14F89 Safari/602.1"
188.23.97.67 - - [25/Jul/2017:08:00:17 +0200] "GET / HTTP/1.1" 200 4406 "-" "Mozilla/5.0 (Windows NT 6.1; WOW64; Trident/7.0; rv:11.0) like Gecko"
77.119.128.64 - - [25/Jul/2017:08:00:18 +0200] "POST / HTTP/1.1" 200 3569 "http://www.easydrivers.at/fuehrerscheine/motorrad" "Mozilla/5.0 (Linux; Android 7.0; SM-G935F Build/NRD90M) AppleWebKit/537.36 (KHTML, like Gecko) Chrome/59.0.3071.125 Mobile Safari/537.36"
80.110.111.220 - - [25/Jul/2017:08:00:20 +0200] "GET / HTTP/1.1" 200 4407 "-" "Mozilla/5.0 (Macintosh; Intel Mac OS X 10_12_6) AppleWebKit/603.3.8 (KHTML, like Gecko) Version/10.1.2 Safari/603.3.8"
80.110.111.220 - - [25/Jul/2017:08:00:22 +0200] "GET /css/print.css HTTP/1.1" 200 967 "https://www.easydrivers.at/" "Mozilla/5.0 (Macintosh; Intel Mac OS X 10_12_6) AppleWebKit/603.3.8 (KHTML, like Gecko) Version/10.1.2 Safari/603.3.8"
80.110.111.220 - - [25/Jul/2017:08:00:22 +0200] "GET /javascript/jquery.customSelect.min.js HTTP/1.1" 200 912 "https://www.easydrivers.at/" "Mozilla/5.0 (Macintosh; Intel Mac OS X 10_12_6) AppleWebKit/603.3.8 (KHTML, like Gecko) Version/10.1.2 Safari/603.3.8"
80.110.111.220 - - [25/Jul/2017:08:00:22 +0200] "GET /binaries/easy-drivers-portal/widget-icon-trainingpng.png HTTP/1.1" 200 2662 "https://www.easydrivers.at/" "Mozilla/5.0 (Macintosh; Intel Mac OS X 10_12_6) AppleWebKit/603.3.8 (KHTML, like Gecko) Version/10.1.2 Safari/603.3.8"
80.110.111.220 - - [25/Jul/2017:08:00:22 +0200] "GET /img/empty.gif HTTP/1.1" 200 43 "https://www.easydrivers.at/" "Mozilla/5.0 (Macintosh; Intel Mac OS X 10_12_6) AppleWebKit/603.3.8 (KHTML, like Gecko) Version/10.1.2 Safari/603.3.8"
80.110.111.220 - - [25/Jul/2017:08:00:22 +0200] "GET /javascript/homesearch.js HTTP/1.1" 200 393 "https://www.easydrivers.at/" "Mozilla/5.0 (Macintosh; Intel Mac OS X 10_12_6) AppleWebKit/603.3.8 (KHTML, like Gecko) Version/10.1.2 Safari/603.3.8"
80.110.111.220 - - [25/Jul/2017:08:00:22 +0200] "GET /img/submit-button.png HTTP/1.1" 200 1958 "https://www.easydrivers.at/" "Mozilla/5.0 (Macintosh; Intel Mac OS X 10_12_6) AppleWebKit/603.3.8 (KHTML, like Gecko) Version/10.1.2 Safari/603.3.8"
80.110.111.220 - - [25/Jul/2017:08:00:22 +0200] "GET /binaries/easy-drivers-portal/widget-icon-expertspng.png HTTP/1.1" 200 2159 "https://www.easydrivers.at/" "Mozilla/5.0 (Macintosh; Intel Mac OS X 10_12_6) AppleWebKit/603.3.8 (KHTML, like Gecko) Version/10.1.2 Safari/603.3.8"
80.110.111.220 - - [25/Jul/2017:08:00:22 +0200] "GET /binaries/easy-drivers-portal/widget-icon-apppng.png HTTP/1.1" 200 2432 "https://www.easydrivers.at/" "Mozilla/5.0 (Macintosh; Intel Mac OS X 10_12_6) AppleWebKit/603.3.8 (KHTML, like Gecko) Version/10.1.2 Safari/603.3.8"
80.110.111.220 - - [25/Jul/2017:08:00:22 +0200] "GET /binaries/easy-drivers-portal/edradfahrschullogowidget160x90pxpng.png HTTP/1.1" 200 23394 "https://www.easydrivers.at/" "Mozilla/5.0 (Macintosh; Intel Mac OS X 10_12_6) AppleWebKit/603.3.8 (KHTML, like Gecko) Version/10.1.2 Safari/603.3.8"
80.110.111.220 - - [25/Jul/2017:08:00:22 +0200] "GET /img/schweiz-icon.png HTTP/1.1" 200 1504 "https://www.easydrivers.at/" "Mozilla/5.0 (Macintosh; Intel Mac OS X 10_12_6) AppleWebKit/603.3.8 (KHTML, like Gecko) Version/10.1.2 Safari/603.3.8"
80.110.111.220 - - [25/Jul/2017:08:00:22 +0200] "GET /img/black-dots-vertical.png HTTP/1.1" 200 1165 "https://www.easydrivers.at/" "Mozilla/5.0 (Macintosh; Intel Mac OS X 10_12_6) AppleWebKit/603.3.8 (KHTML, like Gecko) Version/10.1.2 Safari/603.3.8"
80.110.111.220 - - [25/Jul/2017:08:00:22 +0200] "GET /img/bg-footer.jpg HTTP/1.1" 200 31770 "https://www.easydrivers.at/" "Mozilla/5.0 (Macintosh; Intel Mac OS X 10_12_6) AppleWebKit/603.3.8 (KHTML, like Gecko) Version/10.1.2 Safari/603.3.8"
80.110.111.220 - - [25/Jul/2017:08:00:22 +0200] "GET /img/kursicon-print-pink.png HTTP/1.1" 200 1125 "https://www.easydrivers.at/" "Mozilla/5.0 (Macintosh; Intel Mac OS X 10_12_6) AppleWebKit/603.3.8 (KHTML, like Gecko) Version/10.1.2 Safari/603.3.8"
80.110.111.220 - - [25/Jul/2017:08:00:22 +0200] "GET /img/kursicon-share-pink.png HTTP/1.1" 200 1277 "https://www.easydrivers.at/" "Mozilla/5.0 (Macintosh; Intel Mac OS X 10_12_6) AppleWebKit/603.3.8 (KHTML, like Gecko) Version/10.1.2 Safari/603.3.8"
80.110.111.220 - - [25/Jul/2017:08:00:22 +0200] "GET /img/selection-box-button.png HTTP/1.1" 200 1079 "https://www.easydrivers.at/" "Mozilla/5.0 (Macintosh; Intel Mac OS X 10_12_6) AppleWebKit/603.3.8 (KHTML, like Gecko) Version/10.1.2 Safari/603.3.8"
80.110.111.220 - - [25/Jul/2017:08:00:22 +0200] "GET /img/bg-top-section.jpg HTTP/1.1" 200 82172 "https://www.easydrivers.at/" "Mozilla/5.0 (Macintosh; Intel Mac OS X 10_12_6) AppleWebKit/603.3.8 (KHTML, like Gecko) Version/10.1.2 Safari/603.3.8"
213.150.1.137 - - [25/Jul/2017:08:00:24 +0200] "GET /ybbs HTTP/1.1" 200 3608 "http://www.google.at/url?sa=t&rct=j&q=&esrc=s&source=web&cd=1&ved=0ahUKEwjguPTQ4KPVAhUMD8AKHdfuD5AQFggqMAA&url=http%3A%2F%2Fwww.easydrivers.at%2Fybbs&usg=AFQjCNHkpj4p6OfOew-AzwehsLvnRlYNeg" "Mozilla/5.0 (Windows NT 6.1; WOW64; Trident/7.0; SD; rv:11.0) like Gecko"
188.23.97.67 - - [25/Jul/2017:08:00:28 +0200] "GET /krems HTTP/1.1" 200 3773 "-" "Mozilla/5.0 (Windows NT 6.1; WOW64; Trident/7.0; rv:11.0) like Gecko"
77.119.128.64 - - [25/Jul/2017:08:00:32 +0200] "GET /img/loading-bars.gif HTTP/1.1" 200 3951 "http://www.easydrivers.at/css/mobile.css" "Mozilla/5.0 (Linux; Android 7.0; SM-G935F Build/NRD90M) AppleWebKit/537.36 (KHTML, like Gecko) Chrome/59.0.3071.125 Mobile Safari/537.36"
77.119.128.64 - - [25/Jul/2017:08:00:32 +0200] "POST /suche HTTP/1.1" 200 4584 "http://www.easydrivers.at/" "Mozilla/5.0 (Linux; Android 7.0; SM-G935F Build/NRD90M) AppleWebKit/537.36 (KHTML, like Gecko) Chrome/59.0.3071.125 Mobile Safari/537.36"
77.119.128.64 - - [25/Jul/2017:08:00:34 +0200] "GET /javascript/mobile-kurs-suchergebnis.js HTTP/1.1" 200 382 "http://www.easydrivers.at/suche" "Mozilla/5.0 (Linux; Android 7.0; SM-G935F Build/NRD90M) AppleWebKit/537.36 (KHTML, like Gecko) Chrome/59.0.3071.125 Mobile Safari/537.36"
77.119.128.64 - - [25/Jul/2017:08:00:34 +0200] "GET /img/mobile/smallicon-address.png HTTP/1.1" 200 1424 "http://www.easydrivers.at/suche" "Mozilla/5.0 (Linux; Android 7.0; SM-G935F Build/NRD90M) AppleWebKit/537.36 (KHTML, like Gecko) Chrome/59.0.3071.125 Mobile Safari/537.36"
77.119.128.64 - - [25/Jul/2017:08:00:34 +0200] "GET /img/mobile/googlemaps-pin.png HTTP/1.1" 200 1597 "http://www.easydrivers.at/suche" "Mozilla/5.0 (Linux; Android 7.0; SM-G935F Build/NRD90M) AppleWebKit/537.36 (KHTML, like Gecko) Chrome/59.0.3071.125 Mobile Safari/537.36"
77.119.128.64 - - [25/Jul/2017:08:00:34 +0200] "GET /img/mobile/smallicon-time.png HTTP/1.1" 200 1328 "http://www.easydrivers.at/suche" "Mozilla/5.0 (Linux; Android 7.0; SM-G935F Build/NRD90M) AppleWebKit/537.36 (KHTML, like Gecko) Chrome/59.0.3071.125 Mobile Safari/537.36"
77.119.128.64 - - [25/Jul/2017:08:00:34 +0200] "GET /img/mobile/smallicon-phone.png HTTP/1.1" 200 1311 "http://www.easydrivers.at/suche" "Mozilla/5.0 (Linux; Android 7.0; SM-G935F Build/NRD90M) AppleWebKit/537.36 (KHTML, like Gecko) Chrome/59.0.3071.125 Mobile Safari/537.36"
77.119.128.64 - - [25/Jul/2017:08:00:34 +0200] "GET /img/mobile/smallicon-mail.png HTTP/1.1" 200 1335 "http://www.easydrivers.at/suche" "Mozilla/5.0 (Linux; Android 7.0; SM-G935F Build/NRD90M) AppleWebKit/537.36 (KHTML, like Gecko) Chrome/59.0.3071.125 Mobile Safari/537.36"
213.150.1.137 - - [25/Jul/2017:08:00:35 +0200] "GET /fahrschulen HTTP/1.1" 200 3923 "http://www.easydrivers.at/ybbs" "Mozilla/5.0 (Windows NT 6.1; WOW64; Trident/7.0; SD; rv:11.0) like Gecko"
213.150.1.137 - - [25/Jul/2017:08:00:40 +0200] "GET /ybbs HTTP/1.1" 200 3608 "http://www.google.at/url?sa=t&rct=j&q=&esrc=s&source=web&cd=1&ved=0ahUKEwjguPTQ4KPVAhUMD8AKHdfuD5AQFggqMAA&url=http%3A%2F%2Fwww.easydrivers.at%2Fybbs&usg=AFQjCNHkpj4p6OfOew-AzwehsLvnRlYNeg" "Mozilla/5.0 (Windows NT 6.1; WOW64; Trident/7.0; SD; rv:11.0) like Gecko"
77.118.133.149 - - [25/Jul/2017:08:00:46 +0200] "POST / HTTP/1.1" 200 3569 "http://www.easydrivers.at/fuehrerscheine/motorrad" "Mozilla/5.0 (iPhone; CPU iPhone OS 10_3_2 like Mac OS X) AppleWebKit/602.1.50 (KHTML, like Gecko) GSA/31.0.161834491 Mobile/14F89 Safari/602.1"
77.118.133.149 - - [25/Jul/2017:08:00:48 +0200] "GET /javascript/mobile-homesearch.js HTTP/1.1" 200 340 "http://www.easydrivers.at/" "Mozilla/5.0 (iPhone; CPU iPhone OS 10_3_2 like Mac OS X) AppleWebKit/602.1.50 (KHTML, like Gecko) GSA/31.0.161834491 Mobile/14F89 Safari/602.1"
77.118.133.149 - - [25/Jul/2017:08:00:48 +0200] "GET /img/mobile/widget-icon-app.png HTTP/1.1" 200 3458 "http://www.easydrivers.at/" "Mozilla/5.0 (iPhone; CPU iPhone OS 10_3_2 like Mac OS X) AppleWebKit/602.1.50 (KHTML, like Gecko) GSA/31.0.161834491 Mobile/14F89 Safari/602.1"
77.118.133.149 - - [25/Jul/2017:08:00:48 +0200] "GET /img/mobile/pfeil-rechts.png HTTP/1.1" 200 1228 "http://www.easydrivers.at/" "Mozilla/5.0 (iPhone; CPU iPhone OS 10_3_2 like Mac OS X) AppleWebKit/602.1.50 (KHTML, like Gecko) GSA/31.0.161834491 Mobile/14F89 Safari/602.1"
77.118.133.149 - - [25/Jul/2017:08:00:48 +0200] "GET /img/mobile/bg-top-section.jpg HTTP/1.1" 200 21711 "http://www.easydrivers.at/" "Mozilla/5.0 (iPhone; CPU iPhone OS 10_3_2 like Mac OS X) AppleWebKit/602.1.50 (KHTML, like Gecko) GSA/31.0.161834491 Mobile/14F89 Safari/602.1"
80.110.111.220 - - [25/Jul/2017:08:00:50 +0200] "GET /impressum HTTP/1.1" 200 5875 "https://www.easydrivers.at/" "Mozilla/5.0 (Macintosh; Intel Mac OS X 10_12_6) AppleWebKit/603.3.8 (KHTML, like Gecko) Version/10.1.2 Safari/603.3.8"
80.110.111.220 - - [25/Jul/2017:08:00:52 +0200] "GET /img/top-image-overlay.png HTTP/1.1" 200 20650 "https://www.easydrivers.at/impressum" "Mozilla/5.0 (Macintosh; Intel Mac OS X 10_12_6) AppleWebKit/603.3.8 (KHTML, like Gecko) Version/10.1.2 Safari/603.3.8"
80.110.111.220 - - [25/Jul/2017:08:00:52 +0200] "GET /binaries/easy-drivers-portal/pkw1jpg.jpg HTTP/1.1" 200 88975 "https://www.easydrivers.at/impressum" "Mozilla/5.0 (Macintosh; Intel Mac OS X 10_12_6) AppleWebKit/603.3.8 (KHTML, like Gecko) Version/10.1.2 Safari/603.3.8"
77.118.133.149 - - [25/Jul/2017:08:00:54 +0200] "GET /krems HTTP/1.1" 200 2934 "http://www.easydrivers.at/" "Mozilla/5.0 (iPhone; CPU iPhone OS 10_3_2 like Mac OS X) AppleWebKit/602.1.50 (KHTML, like Gecko) GSA/31.0.161834491 Mobile/14F89 Safari/602.1"
77.118.133.149 - - [25/Jul/2017:08:00:56 +0200] "GET /javascript/mobile-fahrschule.js HTTP/1.1" 200 328 "http://www.easydrivers.at/krems" "Mozilla/5.0 (iPhone; CPU iPhone OS 10_3_2 like Mac OS X) AppleWebKit/602.1.50 (KHTML, like Gecko) GSA/31.0.161834491 Mobile/14F89 Safari/602.1"
77.118.133.149 - - [25/Jul/2017:08:00:56 +0200] "GET /img/mobile/info-button.png HTTP/1.1" 200 1549 "http://www.easydrivers.at/krems" "Mozilla/5.0 (iPhone; CPU iPhone OS 10_3_2 like Mac OS X) AppleWebKit/602.1.50 (KHTML, like Gecko) GSA/31.0.161834491 Mobile/14F89 Safari/602.1"
77.118.133.149 - - [25/Jul/2017:08:00:56 +0200] "GET /img/mobile/info-close-button.png HTTP/1.1" 200 1721 "http://www.easydrivers.at/krems" "Mozilla/5.0 (iPhone; CPU iPhone OS 10_3_2 like Mac OS X) AppleWebKit/602.1.50 (KHTML, like Gecko) GSA/31.0.161834491 Mobile/14F89 Safari/602.1"
77.118.133.149 - - [25/Jul/2017:08:00:56 +0200] "GET /img/smallicon-person.png HTTP/1.1" 200 1141 "http://www.easydrivers.at/krems" "Mozilla/5.0 (iPhone; CPU iPhone OS 10_3_2 like Mac OS X) AppleWebKit/602.1.50 (KHTML, like Gecko) GSA/31.0.161834491 Mobile/14F89 Safari/602.1"
77.118.133.149 - - [25/Jul/2017:08:00:56 +0200] "GET /img/smallicon-address.png HTTP/1.1" 200 1211 "http://www.easydrivers.at/krems" "Mozilla/5.0 (iPhone; CPU iPhone OS 10_3_2 like Mac OS X) AppleWebKit/602.1.50 (KHTML, like Gecko) GSA/31.0.161834491 Mobile/14F89 Safari/602.1"
77.118.133.149 - - [25/Jul/2017:08:00:56 +0200] "GET /img/mobile/googlemaps-pin.png HTTP/1.1" 200 1597 "http://www.easydrivers.at/krems" "Mozilla/5.0 (iPhone; CPU iPhone OS 10_3_2 like Mac OS X) AppleWebKit/602.1.50 (KHTML, like Gecko) GSA/31.0.161834491 Mobile/14F89 Safari/602.1"
77.118.133.149 - - [25/Jul/2017:08:00:56 +0200] "GET /img/smallicon-time.png HTTP/1.1" 200 1262 "http://www.easydrivers.at/krems" "Mozilla/5.0 (iPhone; CPU iPhone OS 10_3_2 like Mac OS X) AppleWebKit/602.1.50 (KHTML, like Gecko) GSA/31.0.161834491 Mobile/14F89 Safari/602.1"
77.118.133.149 - - [25/Jul/2017:08:00:56 +0200] "GET /img/smallicon-phone.png HTTP/1.1" 200 3056 "http://www.easydrivers.at/krems" "Mozilla/5.0 (iPhone; CPU iPhone OS 10_3_2 like Mac OS X) AppleWebKit/602.1.50 (KHTML, like Gecko) GSA/31.0.161834491 Mobile/14F89 Safari/602.1"
77.118.133.149 - - [25/Jul/2017:08:00:56 +0200] "GET /img/smallicon-mail.png HTTP/1.1" 200 1341 "http://www.easydrivers.at/krems" "Mozilla/5.0 (iPhone; CPU iPhone OS 10_3_2 like Mac OS X) AppleWebKit/602.1.50 (KHTML, like Gecko) GSA/31.0.161834491 Mobile/14F89 Safari/602.1"
77.119.128.64 - - [25/Jul/2017:08:01:01 +0200] "GET /fuehrerscheine/motorrad HTTP/1.1" 200 4592 "android-app://com.google.android.googlequicksearchbox" "Mozilla/5.0 (Linux; Android 7.0; SM-G935F Build/NRD90M) AppleWebKit/537.36 (KHTML, like Gecko) Chrome/59.0.3071.125 Mobile Safari/537.36"
77.118.133.149 - - [25/Jul/2017:08:01:03 +0200] "POST /krems/kursauswahl HTTP/1.1" 200 2980 "http://www.easydrivers.at/krems" "Mozilla/5.0 (iPhone; CPU iPhone OS 10_3_2 like Mac OS X) AppleWebKit/602.1.50 (KHTML, like Gecko) GSA/31.0.161834491 Mobile/14F89 Safari/602.1"
77.118.133.149 - - [25/Jul/2017:08:01:05 +0200] "GET /javascript/mobile-fahrschule-kurs-suchergebnis.js HTTP/1.1" 200 274 "http://www.easydrivers.at/krems/kursauswahl" "Mozilla/5.0 (iPhone; CPU iPhone OS 10_3_2 like Mac OS X) AppleWebKit/602.1.50 (KHTML, like Gecko) GSA/31.0.161834491 Mobile/14F89 Safari/602.1"
77.118.133.149 - - [25/Jul/2017:08:01:05 +0200] "GET /img/loading-bars.gif HTTP/1.1" 200 3951 "http://www.easydrivers.at/krems/kursauswahl" "Mozilla/5.0 (iPhone; CPU iPhone OS 10_3_2 like Mac OS X) AppleWebKit/602.1.50 (KHTML, like Gecko) GSA/31.0.161834491 Mobile/14F89 Safari/602.1"
213.150.1.137 - - [25/Jul/2017:08:01:06 +0200] "GET /ybbs HTTP/1.1" 200 3608 "http://www.google.at/url?sa=t&rct=j&q=&esrc=s&source=web&cd=1&ved=0ahUKEwjguPTQ4KPVAhUMD8AKHdfuD5AQFggqMAA&url=http%3A%2F%2Fwww.easydrivers.at%2Fybbs&usg=AFQjCNHkpj4p6OfOew-AzwehsLvnRlYNeg" "Mozilla/5.0 (Windows NT 6.1; WOW64; Trident/7.0; SD; rv:11.0) like Gecko"
77.119.128.64 - - [25/Jul/2017:08:01:12 +0200] "GET /fuehrerscheine/motorrad HTTP/1.1" 200 4592 "android-app://com.google.android.googlequicksearchbox" "Mozilla/5.0 (Linux; Android 7.0; SM-G935F Build/NRD90M) AppleWebKit/537.36 (KHTML, like Gecko) Chrome/59.0.3071.125 Mobile Safari/537.36"
213.150.1.137 - - [25/Jul/2017:08:01:17 +0200] "GET /impressum HTTP/1.1" 200 6611 "http://www.easydrivers.at/ybbs" "Mozilla/5.0 (Windows NT 6.1; WOW64; Trident/7.0; SD; rv:11.0) like Gecko"
213.150.1.137 - - [25/Jul/2017:08:01:19 +0200] "GET /binaries/easy-drivers-portal/moped1jpg.jpg HTTP/1.1" 200 60962 "http://www.easydrivers.at/impressum" "Mozilla/5.0 (Windows NT 6.1; WOW64; Trident/7.0; SD; rv:11.0) like Gecko"
77.118.133.149 - - [25/Jul/2017:08:01:19 +0200] "POST /loadkursliste HTTP/1.1" 200 567 "http://www.easydrivers.at/krems/kursauswahl" "Mozilla/5.0 (iPhone; CPU iPhone OS 10_3_2 like Mac OS X) AppleWebKit/602.1.50 (KHTML, like Gecko) GSA/31.0.161834491 Mobile/14F89 Safari/602.1"
213.150.1.137 - - [25/Jul/2017:08:01:33 +0200] "GET /ybbs HTTP/1.1" 200 3608 "http://www.google.at/url?sa=t&rct=j&q=&esrc=s&source=web&cd=1&ved=0ahUKEwjguPTQ4KPVAhUMD8AKHdfuD5AQFggqMAA&url=http%3A%2F%2Fwww.easydrivers.at%2Fybbs&usg=AFQjCNHkpj4p6OfOew-AzwehsLvnRlYNeg" "Mozilla/5.0 (Windows NT 6.1; WOW64; Trident/7.0; SD; rv:11.0) like Gecko"
213.150.1.137 - - [25/Jul/2017:08:01:37 +0200] "GET /impressum HTTP/1.1" 200 6610 "http://www.easydrivers.at/ybbs" "Mozilla/5.0 (Windows NT 6.1; WOW64; Trident/7.0; SD; rv:11.0) like Gecko"
213.150.1.137 - - [25/Jul/2017:08:01:38 +0200] "GET /ybbs HTTP/1.1" 200 3608 "http://www.google.at/url?sa=t&rct=j&q=&esrc=s&source=web&cd=1&ved=0ahUKEwjguPTQ4KPVAhUMD8AKHdfuD5AQFggqMAA&url=http%3A%2F%2Fwww.easydrivers.at%2Fybbs&usg=AFQjCNHkpj4p6OfOew-AzwehsLvnRlYNeg" "Mozilla/5.0 (Windows NT 6.1; WOW64; Trident/7.0; SD; rv:11.0) like Gecko"
80.110.111.220 - - [25/Jul/2017:08:01:50 +0200] "GET /impressum HTTP/1.1" 200 5876 "https://www.easydrivers.at/" "Mozilla/5.0 (Macintosh; Intel Mac OS X 10_12_6) AppleWebKit/603.3.8 (KHTML, like Gecko) Version/10.1.2 Safari/603.3.8"
80.110.111.220 - - [25/Jul/2017:08:01:52 +0200] "GET /binaries/easy-drivers-portal/moped4jpg.jpg HTTP/1.1" 200 74241 "https://www.easydrivers.at/impressum" "Mozilla/5.0 (Macintosh; Intel Mac OS X 10_12_6) AppleWebKit/603.3.8 (KHTML, like Gecko) Version/10.1.2 Safari/603.3.8"
80.110.111.220 - - [25/Jul/2017:08:01:56 +0200] "GET /impressum HTTP/1.1" 200 5874 "https://www.easydrivers.at/" "Mozilla/5.0 (Macintosh; Intel Mac OS X 10_12_6) AppleWebKit/603.3.8 (KHTML, like Gecko) Version/10.1.2 Safari/603.3.8"
80.110.111.220 - - [25/Jul/2017:08:01:58 +0200] "GET /binaries/easy-drivers-portal/motorrad4jpg.jpg HTTP/1.1" 200 110277 "https://www.easydrivers.at/impressum" "Mozilla/5.0 (Macintosh; Intel Mac OS X 10_12_6) AppleWebKit/603.3.8 (KHTML, like Gecko) Version/10.1.2 Safari/603.3.8"
77.119.128.64 - - [25/Jul/2017:08:01:59 +0200] "GET /easy_drivers_st._peterau HTTP/1.1" 200 2972 "android-app://com.google.android.googlequicksearchbox" "Mozilla/5.0 (Linux; Android 7.0; SM-G935F Build/NRD90M) AppleWebKit/537.36 (KHTML, like Gecko) Chrome/59.0.3071.125 Mobile Safari/537.36"
