192.164.234.138 - - [25/Jul/2017:08:45:08 +0200] "GET /javascript/homesearch.js HTTP/1.1" 200 393 "http://www.easydrivers.at/" "Mozilla/5.0 (Macintosh; Intel Mac OS X 10_10_5) AppleWebKit/603.2.5 (KHTML, like Gecko) Version/10.1.1 Safari/603.2.5"
192.164.234.138 - - [25/Jul/2017:08:45:08 +0200] "GET /img/facebook-icon.png HTTP/1.1" 200 1506 "http://www.easydrivers.at/" "Mozilla/5.0 (Macintosh; Intel Mac OS X 10_10_5) AppleWebKit/603.2.5 (KHTML, like Gecko) Version/10.1.1 Safari/603.2.5"
192.164.234.138 - - [25/Jul/2017:08:45:08 +0200] "GET /binaries/easy-drivers-portal/widget-icon-trainingpng.png HTTP/1.1" 200 2662 "http://www.easydrivers.at/" "Mozilla/5.0 (Macintosh; Intel Mac OS X 10_10_5) AppleWebKit/603.2.5 (KHTML, like Gecko) Version/10.1.1 Safari/603.2.5"
192.164.234.138 - - [25/Jul/2017:08:45:08 +0200] "GET /binaries/easy-drivers-portal/edradfahrschullogowidget160x90pxpng.png HTTP/1.1" 200 23394 "http://www.easydrivers.at/" "Mozilla/5.0 (Macintosh; Intel Mac OS X 10_10_5) AppleWebKit/603.2.5 (KHTML, like Gecko) Version/10.1.1 Safari/603.2.5"
192.164.234.138 - - [25/Jul/2017:08:45:08 +0200] "GET /binaries/easy-drivers-portal/widget-icon-expertspng.png HTTP/1.1" 200 2159 "http://www.easydrivers.at/" "Mozilla/5.0 (Macintosh; Intel Mac OS X 10_10_5) AppleWebKit/603.2.5 (KHTML, like Gecko) Version/10.1.1 Safari/603.2.5"
192.164.234.138 - - [25/Jul/2017:08:45:08 +0200] "GET /img/empty.gif HTTP/1.1" 200 43 "http://www.easydrivers.at/" "Mozilla/5.0 (Macintosh; Intel Mac OS X 10_10_5) AppleWebKit/603.2.5 (KHTML, like Gecko) Version/10.1.1 Safari/603.2.5"
192.164.234.138 - - [25/Jul/2017:08:45:08 +0200] "GET /binaries/easy-drivers-portal/widget-icon-apppng.png HTTP/1.1" 200 2432 "http://www.easydrivers.at/" "Mozilla/5.0 (Macintosh; Intel Mac OS X 10_10_5) AppleWebKit/603.2.5 (KHTML, like Gecko) Version/10.1.1 Safari/603.2.5"
192.164.234.138 - - [25/Jul/2017:08:45:08 +0200] "GET /img/schweiz-icon.png HTTP/1.1" 200 1504 "http://www.easydrivers.at/" "Mozilla/5.0 (Macintosh; Intel Mac OS X 10_10_5) AppleWebKit/603.2.5 (KHTML, like Gecko) Version/10.1.1 Safari/603.2.5"
192.164.234.138 - - [25/Jul/2017:08:45:08 +0200] "GET /img/close-button.png HTTP/1.1" 200 2237 "http://www.easydrivers.at/" "Mozilla/5.0 (Macintosh; Intel Mac OS X 10_10_5) AppleWebKit/603.2.5 (KHTML, like Gecko) Version/10.1.1 Safari/603.2.5"
192.164.234.138 - - [25/Jul/2017:08:45:08 +0200] "GET /img/submit-button.png HTTP/1.1" 200 1958 "http://www.easydrivers.at/" "Mozilla/5.0 (Macintosh; Intel Mac OS X 10_10_5) AppleWebKit/603.2.5 (KHTML, like Gecko) Version/10.1.1 Safari/603.2.5"
213.162.68.110 - - [25/Jul/2017:08:45:08 +0200] "GET /img/mobile/googlemaps-pin.png HTTP/1.1" 200 1597 "http://www.easydrivers.at/fahrschulen/wien" "Mozilla/5.0 (Linux; Android 5.0.2; SM-G530FZ Build/LRX22G) AppleWebKit/537.36 (KHTML, like Gecko) Chrome/59.0.3071.125 Mobile Safari/537.36"
213.162.68.110 - - [25/Jul/2017:08:45:08 +0200] "GET /img/mobile/smallicon-address.png HTTP/1.1" 200 1424 "http://www.easydrivers.at/fahrschulen/wien" "Mozilla/5.0 (Linux; Android 5.0.2; SM-G530FZ Build/LRX22G) AppleWebKit/537.36 (KHTML, like Gecko) Chrome/59.0.3071.125 Mobile Safari/537.36"
213.162.68.110 - - [25/Jul/2017:08:45:08 +0200] "GET /img/mobile/smallicon-time.png HTTP/1.1" 200 1328 "http://www.easydrivers.at/fahrschulen/wien" "Mozilla/5.0 (Linux; Android 5.0.2; SM-G530FZ Build/LRX22G) AppleWebKit/537.36 (KHTML, like Gecko) Chrome/59.0.3071.125 Mobile Safari/537.36"
213.162.68.110 - - [25/Jul/2017:08:45:08 +0200] "GET /img/mobile/smallicon-phone.png HTTP/1.1" 200 1311 "http://www.easydrivers.at/fahrschulen/wien" "Mozilla/5.0 (Linux; Android 5.0.2; SM-G530FZ Build/LRX22G) AppleWebKit/537.36 (KHTML, like Gecko) Chrome/59.0.3071.125 Mobile Safari/537.36"
213.162.68.110 - - [25/Jul/2017:08:45:08 +0200] "GET /img/mobile/smallicon-mail.png HTTP/1.1" 200 1335 "http://www.easydrivers.at/fahrschulen/wien" "Mozilla/5.0 (Linux; Android 5.0.2; SM-G530FZ Build/LRX22G) AppleWebKit/537.36 (KHTML, like Gecko) Chrome/59.0.3071.125 Mobile Safari/537.36"
213.162.68.110 - - [25/Jul/2017:08:45:08 +0200] "GET /img/mobile/pfeil-links-small.png HTTP/1.1" 200 1065 "http://www.easydrivers.at/css/mobile.css" "Mozilla/5.0 (Linux; Android 5.0.2; SM-G530FZ Build/LRX22G) AppleWebKit/537.36 (KHTML, like Gecko) Chrome/59.0.3071.125 Mobile Safari/537.36"
192.164.234.138 - - [25/Jul/2017:08:45:08 +0200] "GET /img/bg-header.jpg HTTP/1.1" 200 38680 "http://www.easydrivers.at/" "Mozilla/5.0 (Macintosh; Intel Mac OS X 10_10_5) AppleWebKit/603.2.5 (KHTML, like Gecko) Version/10.1.1 Safari/603.2.5"
192.164.234.138 - - [25/Jul/2017:08:45:08 +0200] "GET /img/ED_Logo.png HTTP/1.1" 200 3385 "http://www.easydrivers.at/" "Mozilla/5.0 (Macintosh; Intel Mac OS X 10_10_5) AppleWebKit/603.2.5 (KHTML, like Gecko) Version/10.1.1 Safari/603.2.5"
192.164.234.138 - - [25/Jul/2017:08:45:08 +0200] "GET /img/purple-dots-horizontal.png HTTP/1.1" 200 977 "http://www.easydrivers.at/" "Mozilla/5.0 (Macintosh; Intel Mac OS X 10_10_5) AppleWebKit/603.2.5 (KHTML, like Gecko) Version/10.1.1 Safari/603.2.5"
192.164.234.138 - - [25/Jul/2017:08:45:08 +0200] "GET /img/black-dots-vertical.png HTTP/1.1" 200 1165 "http://www.easydrivers.at/" "Mozilla/5.0 (Macintosh; Intel Mac OS X 10_10_5) AppleWebKit/603.2.5 (KHTML, like Gecko) Version/10.1.1 Safari/603.2.5"
192.164.234.138 - - [25/Jul/2017:08:45:08 +0200] "GET /img/yellow-dots-vertical.png HTTP/1.1" 200 981 "http://www.easydrivers.at/" "Mozilla/5.0 (Macintosh; Intel Mac OS X 10_10_5) AppleWebKit/603.2.5 (KHTML, like Gecko) Version/10.1.1 Safari/603.2.5"
213.162.68.110 - - [25/Jul/2017:08:45:08 +0200] "GET /img/mobile/bg-yellow.jpg HTTP/1.1" 200 1569 "http://www.easydrivers.at/css/mobile.css" "Mozilla/5.0 (Linux; Android 5.0.2; SM-G530FZ Build/LRX22G) AppleWebKit/537.36 (KHTML, like Gecko) Chrome/59.0.3071.125 Mobile Safari/537.36"
213.162.68.110 - - [25/Jul/2017:08:45:08 +0200] "GET /img/mobile/weiter-button.png HTTP/1.1" 200 1670 "http://www.easydrivers.at/css/mobile.css" "Mozilla/5.0 (Linux; Android 5.0.2; SM-G530FZ Build/LRX22G) AppleWebKit/537.36 (KHTML, like Gecko) Chrome/59.0.3071.125 Mobile Safari/537.36"
192.164.234.138 - - [25/Jul/2017:08:45:08 +0200] "GET /img/kursicon-share-pink.png HTTP/1.1" 200 1277 "http://www.easydrivers.at/" "Mozilla/5.0 (Macintosh; Intel Mac OS X 10_10_5) AppleWebKit/603.2.5 (KHTML, like Gecko) Version/10.1.1 Safari/603.2.5"
192.164.234.138 - - [25/Jul/2017:08:45:08 +0200] "GET /img/kursicon-phone-pink.png HTTP/1.1" 200 1286 "http://www.easydrivers.at/" "Mozilla/5.0 (Macintosh; Intel Mac OS X 10_10_5) AppleWebKit/603.2.5 (KHTML, like Gecko) Version/10.1.1 Safari/603.2.5"
192.164.234.138 - - [25/Jul/2017:08:45:08 +0200] "GET /img/selection-box-button.png HTTP/1.1" 200 1079 "http://www.easydrivers.at/" "Mozilla/5.0 (Macintosh; Intel Mac OS X 10_10_5) AppleWebKit/603.2.5 (KHTML, like Gecko) Version/10.1.1 Safari/603.2.5"
192.164.234.138 - - [25/Jul/2017:08:45:09 +0200] "GET /img/kursicon-print-pink.png HTTP/1.1" 200 1125 "http://www.easydrivers.at/" "Mozilla/5.0 (Macintosh; Intel Mac OS X 10_10_5) AppleWebKit/603.2.5 (KHTML, like Gecko) Version/10.1.1 Safari/603.2.5"
192.164.234.138 - - [25/Jul/2017:08:45:09 +0200] "GET /img/kursicon-download-pink.png HTTP/1.1" 200 1213 "http://www.easydrivers.at/" "Mozilla/5.0 (Macintosh; Intel Mac OS X 10_10_5) AppleWebKit/603.2.5 (KHTML, like Gecko) Version/10.1.1 Safari/603.2.5"
192.164.234.138 - - [25/Jul/2017:08:45:09 +0200] "GET /img/bg-footer.jpg HTTP/1.1" 200 31770 "http://www.easydrivers.at/" "Mozilla/5.0 (Macintosh; Intel Mac OS X 10_10_5) AppleWebKit/603.2.5 (KHTML, like Gecko) Version/10.1.1 Safari/603.2.5"
192.164.234.138 - - [25/Jul/2017:08:45:08 +0200] "GET /img/bg-top-section.jpg HTTP/1.1" 200 82172 "http://www.easydrivers.at/" "Mozilla/5.0 (Macintosh; Intel Mac OS X 10_10_5) AppleWebKit/603.2.5 (KHTML, like Gecko) Version/10.1.1 Safari/603.2.5"
192.164.234.138 - - [25/Jul/2017:08:45:09 +0200] "GET /img/new_favicon.ico HTTP/1.1" 200 1150 "http://www.easydrivers.at/" "Mozilla/5.0 (Macintosh; Intel Mac OS X 10_10_5) AppleWebKit/603.2.5 (KHTML, like Gecko) Version/10.1.1 Safari/603.2.5"
91.141.0.190 - - [25/Jul/2017:08:45:08 +0200] "POST /steyr/kursauswahl HTTP/1.1" 200 2811 "http://www.easydrivers.at/steyr" "Mozilla/5.0 (Linux; Android 6.0.1; SAMSUNG SM-G800F Build/MMB29K) AppleWebKit/537.36 (KHTML, like Gecko) SamsungBrowser/4.0 Chrome/44.0.2403.133 Mobile Safari/537.36"
91.141.0.190 - - [25/Jul/2017:08:45:11 +0200] "GET /javascript/mobile-fahrschule-kurs-suchergebnis.js HTTP/1.1" 200 274 "http://www.easydrivers.at/steyr/kursauswahl" "Mozilla/5.0 (Linux; Android 6.0.1; SAMSUNG SM-G800F Build/MMB29K) AppleWebKit/537.36 (KHTML, like Gecko) SamsungBrowser/4.0 Chrome/44.0.2403.133 Mobile Safari/537.36"
91.141.0.190 - - [25/Jul/2017:08:45:11 +0200] "GET /img/mobile/bg-yellow.jpg HTTP/1.1" 200 1569 "http://www.easydrivers.at/css/mobile.css" "Mozilla/5.0 (Linux; Android 6.0.1; SAMSUNG SM-G800F Build/MMB29K) AppleWebKit/537.36 (KHTML, like Gecko) SamsungBrowser/4.0 Chrome/44.0.2403.133 Mobile Safari/537.36"
91.141.0.190 - - [25/Jul/2017:08:45:11 +0200] "GET /img/mobile/pfeil-links-small.png HTTP/1.1" 200 1065 "http://www.easydrivers.at/css/mobile.css" "Mozilla/5.0 (Linux; Android 6.0.1; SAMSUNG SM-G800F Build/MMB29K) AppleWebKit/537.36 (KHTML, like Gecko) SamsungBrowser/4.0 Chrome/44.0.2403.133 Mobile Safari/537.36"
91.141.0.190 - - [25/Jul/2017:08:45:11 +0200] "GET /img/loading-bars.gif HTTP/1.1" 200 3951 "http://www.easydrivers.at/css/mobile.css" "Mozilla/5.0 (Linux; Android 6.0.1; SAMSUNG SM-G800F Build/MMB29K) AppleWebKit/537.36 (KHTML, like Gecko) SamsungBrowser/4.0 Chrome/44.0.2403.133 Mobile Safari/537.36"
77.118.199.236 - - [25/Jul/2017:08:45:09 +0200] "GET /steyr/mopedkurs_august?FS=AM-M HTTP/1.1" 200 3493 "http://www.easydrivers.at/suche" "Mozilla/5.0 (Linux; Android 7.0; MHA-L09 Build/HUAWEIMHA-L09) AppleWebKit/537.36 (KHTML, like Gecko) Chrome/59.0.3071.125 Mobile Safari/537.36"
77.118.199.236 - - [25/Jul/2017:08:45:12 +0200] "GET /img/favicon.ico HTTP/1.1" 404 300 "http://www.easydrivers.at/steyr/mopedkurs_august?FS=AM-M" "Mozilla/5.0 (Linux; Android 7.0; MHA-L09 Build/HUAWEIMHA-L09) AppleWebKit/537.36 (KHTML, like Gecko) Chrome/59.0.3071.125 Mobile Safari/537.36"
91.141.0.190 - - [25/Jul/2017:08:45:14 +0200] "POST /loadkursliste HTTP/1.1" 200 435 "http://www.easydrivers.at/steyr/kursauswahl" "Mozilla/5.0 (Linux; Android 6.0.1; SAMSUNG SM-G800F Build/MMB29K) AppleWebKit/537.36 (KHTML, like Gecko) SamsungBrowser/4.0 Chrome/44.0.2403.133 Mobile Safari/537.36"
82.196.42.196 - - [25/Jul/2017:08:45:17 +0200] "GET /innsbruck/10266788 HTTP/1.1" 200 3435 "http://www.easydrivers.at/innsbruck/10266788" "Mozilla/5.0 (Windows NT 6.1; WOW64; Trident/7.0; rv:11.0) like Gecko"
82.196.42.196 - - [25/Jul/2017:08:45:18 +0200] "GET /ueberuns HTTP/1.1" 200 3256 "http://www.easydrivers.at/innsbruck/10266788" "Mozilla/5.0 (Windows NT 6.1; WOW64; Trident/7.0; rv:11.0) like Gecko"
82.196.42.196 - - [25/Jul/2017:08:45:23 +0200] "GET /ueberuns HTTP/1.1" 200 3256 "http://www.easydrivers.at/innsbruck/10266788" "Mozilla/5.0 (Windows NT 6.1; WOW64; Trident/7.0; rv:11.0) like Gecko"
82.196.42.196 - - [25/Jul/2017:08:45:25 +0200] "GET /javascript/history.js HTTP/1.1" 200 967 "http://www.easydrivers.at/ueberuns" "Mozilla/5.0 (Windows NT 6.1; WOW64; Trident/7.0; rv:11.0) like Gecko"
82.196.42.196 - - [25/Jul/2017:08:45:25 +0200] "GET /binaries/easy-drivers-portal/edwebhistoryillu392x392radjpg.jpg HTTP/1.1" 304 - "http://www.easydrivers.at/ueberuns" "Mozilla/5.0 (Windows NT 6.1; WOW64; Trident/7.0; rv:11.0) like Gecko"
82.196.42.196 - - [25/Jul/2017:08:45:25 +0200] "GET /binaries/easy-drivers-portal/edwebhistoryillu392x3922jpg.jpg HTTP/1.1" 200 32209 "http://www.easydrivers.at/ueberuns" "Mozilla/5.0 (Windows NT 6.1; WOW64; Trident/7.0; rv:11.0) like Gecko"
82.196.42.196 - - [25/Jul/2017:08:45:25 +0200] "GET /binaries/easy-drivers-portal/edwebhistoryillu392x3924jpg.jpg HTTP/1.1" 200 35765 "http://www.easydrivers.at/ueberuns" "Mozilla/5.0 (Windows NT 6.1; WOW64; Trident/7.0; rv:11.0) like Gecko"
82.196.42.196 - - [25/Jul/2017:08:45:25 +0200] "GET /binaries/easy-drivers-portal/edwebhistoryillu392x3923jpg.jpg HTTP/1.1" 200 54656 "http://www.easydrivers.at/ueberuns" "Mozilla/5.0 (Windows NT 6.1; WOW64; Trident/7.0; rv:11.0) like Gecko"
82.196.42.196 - - [25/Jul/2017:08:45:25 +0200] "GET /binaries/easy-drivers-portal/edwebhistoryillu392x3925jpg.jpg HTTP/1.1" 200 31708 "http://www.easydrivers.at/ueberuns" "Mozilla/5.0 (Windows NT 6.1; WOW64; Trident/7.0; rv:11.0) like Gecko"
82.196.42.196 - - [25/Jul/2017:08:45:25 +0200] "GET /binaries/easy-drivers-portal/edwebhistoryillu392x3926jpg.jpg HTTP/1.1" 200 41118 "http://www.easydrivers.at/ueberuns" "Mozilla/5.0 (Windows NT 6.1; WOW64; Trident/7.0; rv:11.0) like Gecko"
82.196.42.196 - - [25/Jul/2017:08:45:25 +0200] "GET /binaries/easy-drivers-portal/edwebhistoryillu392x3929jpg.jpg HTTP/1.1" 200 31823 "http://www.easydrivers.at/ueberuns" "Mozilla/5.0 (Windows NT 6.1; WOW64; Trident/7.0; rv:11.0) like Gecko"
82.196.42.196 - - [25/Jul/2017:08:45:26 +0200] "GET /binaries/easy-drivers-portal/edwebhistoryillu392x39210jpg.jpg HTTP/1.1" 200 19475 "http://www.easydrivers.at/ueberuns" "Mozilla/5.0 (Windows NT 6.1; WOW64; Trident/7.0; rv:11.0) like Gecko"
82.196.42.196 - - [25/Jul/2017:08:45:26 +0200] "GET /binaries/easy-drivers-portal/edwebhistoryillu392x39220kpng.png HTTP/1.1" 200 49333 "http://www.easydrivers.at/ueberuns" "Mozilla/5.0 (Windows NT 6.1; WOW64; Trident/7.0; rv:11.0) like Gecko"
192.164.234.138 - - [25/Jul/2017:08:45:31 +0200] "POST /suche HTTP/1.1" 200 4955 "http://www.easydrivers.at/" "Mozilla/5.0 (Macintosh; Intel Mac OS X 10_10_5) AppleWebKit/603.2.5 (KHTML, like Gecko) Version/10.1.1 Safari/603.2.5"
192.164.234.138 - - [25/Jul/2017:08:45:33 +0200] "GET /binaries/easy-drivers-portal/motorrad2jpg.jpg HTTP/1.1" 200 45802 "http://www.easydrivers.at/suche" "Mozilla/5.0 (Macintosh; Intel Mac OS X 10_10_5) AppleWebKit/603.2.5 (KHTML, like Gecko) Version/10.1.1 Safari/603.2.5"
192.164.234.138 - - [25/Jul/2017:08:45:33 +0200] "GET /javascript/suche.js HTTP/1.1" 200 209 "http://www.easydrivers.at/suche" "Mozilla/5.0 (Macintosh; Intel Mac OS X 10_10_5) AppleWebKit/603.2.5 (KHTML, like Gecko) Version/10.1.1 Safari/603.2.5"
192.164.234.138 - - [25/Jul/2017:08:45:33 +0200] "GET /img/submit-button-small.png HTTP/1.1" 200 1456 "http://www.easydrivers.at/suche" "Mozilla/5.0 (Macintosh; Intel Mac OS X 10_10_5) AppleWebKit/603.2.5 (KHTML, like Gecko) Version/10.1.1 Safari/603.2.5"
192.164.234.138 - - [25/Jul/2017:08:45:33 +0200] "GET /img/smallicon-address.png HTTP/1.1" 200 1211 "http://www.easydrivers.at/suche" "Mozilla/5.0 (Macintosh; Intel Mac OS X 10_10_5) AppleWebKit/603.2.5 (KHTML, like Gecko) Version/10.1.1 Safari/603.2.5"
192.164.234.138 - - [25/Jul/2017:08:45:33 +0200] "GET /img/locator-icon.png HTTP/1.1" 200 1377 "http://www.easydrivers.at/suche" "Mozilla/5.0 (Macintosh; Intel Mac OS X 10_10_5) AppleWebKit/603.2.5 (KHTML, like Gecko) Version/10.1.1 Safari/603.2.5"
192.164.234.138 - - [25/Jul/2017:08:45:33 +0200] "GET /img/smallicon-phone.png HTTP/1.1" 200 3056 "http://www.easydrivers.at/suche" "Mozilla/5.0 (Macintosh; Intel Mac OS X 10_10_5) AppleWebKit/603.2.5 (KHTML, like Gecko) Version/10.1.1 Safari/603.2.5"
192.164.234.138 - - [25/Jul/2017:08:45:33 +0200] "GET /css/showLoading.css HTTP/1.1" 200 219 "http://www.easydrivers.at/suche" "Mozilla/5.0 (Macintosh; Intel Mac OS X 10_10_5) AppleWebKit/603.2.5 (KHTML, like Gecko) Version/10.1.1 Safari/603.2.5"
192.164.234.138 - - [25/Jul/2017:08:45:33 +0200] "GET /javascript/jquery.showLoading.min.js HTTP/1.1" 200 1136 "http://www.easydrivers.at/suche" "Mozilla/5.0 (Macintosh; Intel Mac OS X 10_10_5) AppleWebKit/603.2.5 (KHTML, like Gecko) Version/10.1.1 Safari/603.2.5"
192.164.234.138 - - [25/Jul/2017:08:45:33 +0200] "GET /img/smallicon-mail.png HTTP/1.1" 200 1341 "http://www.easydrivers.at/suche" "Mozilla/5.0 (Macintosh; Intel Mac OS X 10_10_5) AppleWebKit/603.2.5 (KHTML, like Gecko) Version/10.1.1 Safari/603.2.5"
192.164.234.138 - - [25/Jul/2017:08:45:33 +0200] "GET /img/smallicon-time.png HTTP/1.1" 200 1262 "http://www.easydrivers.at/suche" "Mozilla/5.0 (Macintosh; Intel Mac OS X 10_10_5) AppleWebKit/603.2.5 (KHTML, like Gecko) Version/10.1.1 Safari/603.2.5"
192.164.234.138 - - [25/Jul/2017:08:45:33 +0200] "GET /javascript/jquery.base64.min.js HTTP/1.1" 200 37135 "http://www.easydrivers.at/suche" "Mozilla/5.0 (Macintosh; Intel Mac OS X 10_10_5) AppleWebKit/603.2.5 (KHTML, like Gecko) Version/10.1.1 Safari/603.2.5"
192.164.234.138 - - [25/Jul/2017:08:45:33 +0200] "GET /img/arrow-left.png HTTP/1.1" 200 1015 "http://www.easydrivers.at/suche" "Mozilla/5.0 (Macintosh; Intel Mac OS X 10_10_5) AppleWebKit/603.2.5 (KHTML, like Gecko) Version/10.1.1 Safari/603.2.5"
192.164.234.138 - - [25/Jul/2017:08:45:33 +0200] "GET /img/bg-yellow.jpg HTTP/1.1" 200 2250 "http://www.easydrivers.at/suche" "Mozilla/5.0 (Macintosh; Intel Mac OS X 10_10_5) AppleWebKit/603.2.5 (KHTML, like Gecko) Version/10.1.1 Safari/603.2.5"
82.196.42.196 - - [25/Jul/2017:08:45:33 +0200] "GET / HTTP/1.1" 200 4406 "http://www.easydrivers.at/ueberuns" "Mozilla/5.0 (Windows NT 6.1; WOW64; Trident/7.0; rv:11.0) like Gecko"
82.196.42.196 - - [25/Jul/2017:08:45:35 +0200] "GET /binaries/easy-drivers-portal/widget-icon-apppng.png HTTP/1.1" 200 2432 "http://www.easydrivers.at/" "Mozilla/5.0 (Windows NT 6.1; WOW64; Trident/7.0; rv:11.0) like Gecko"
82.196.42.196 - - [25/Jul/2017:08:45:35 +0200] "GET /javascript/homesearch.js HTTP/1.1" 200 393 "http://www.easydrivers.at/" "Mozilla/5.0 (Windows NT 6.1; WOW64; Trident/7.0; rv:11.0) like Gecko"
82.196.42.196 - - [25/Jul/2017:08:45:35 +0200] "GET /img/selection-box-button.png HTTP/1.1" 200 1079 "http://www.easydrivers.at/" "Mozilla/5.0 (Windows NT 6.1; WOW64; Trident/7.0; rv:11.0) like Gecko"
82.196.42.196 - - [25/Jul/2017:08:45:35 +0200] "GET /img/black-dots-vertical.png HTTP/1.1" 200 1165 "http://www.easydrivers.at/" "Mozilla/5.0 (Windows NT 6.1; WOW64; Trident/7.0; rv:11.0) like Gecko"
91.141.0.190 - - [25/Jul/2017:08:45:38 +0200] "GET /steyr HTTP/1.1" 200 2943 "http://www.easydrivers.at/steyr/kursauswahl" "Mozilla/5.0 (Linux; Android 6.0.1; SAMSUNG SM-G800F Build/MMB29K) AppleWebKit/537.36 (KHTML, like Gecko) SamsungBrowser/4.0 Chrome/44.0.2403.133 Mobile Safari/537.36"
91.141.0.190 - - [25/Jul/2017:08:45:41 +0200] "GET /steyr HTTP/1.1" 200 2943 "-" "Mozilla/5.0 (Linux; Android 6.0.1; SAMSUNG SM-G800F Build/MMB29K) AppleWebKit/537.36 (KHTML, like Gecko) SamsungBrowser/4.0 Chrome/44.0.2403.133 Mobile Safari/537.36"
82.196.42.196 - - [25/Jul/2017:08:45:51 +0200] "GET /innsbruck/10266788 HTTP/1.1" 200 3435 "http://www.easydrivers.at/innsbruck/10266788" "Mozilla/5.0 (Windows NT 6.1; WOW64; Trident/7.0; rv:11.0) like Gecko"
82.196.42.196 - - [25/Jul/2017:08:45:51 +0200] "GET /innsbruck HTTP/1.1" 200 3671 "http://www.google.co.uk/url?sa=t&rct=j&q=&esrc=s&source=web&cd=15&sqi=2&ved=0ahUKEwj_vrbQ6qPVAhVkxoMKHW2WCssQ_BcIhAEwDg&url=http%3A%2F%2Fwww.easydrivers.at%2Finnsbruck&usg=AFQjCNF3NekBkfZ0cUdWIdoHWs_pM7yapg" "Mozilla/5.0 (Windows NT 6.1; WOW64; Trident/7.0; rv:11.0) like Gecko"
84.112.208.227 - - [25/Jul/2017:08:45:55 +0200] "GET /wieselburg HTTP/1.1" 200 2902 "https://www.google.at/" "Mozilla/5.0 (iPhone; CPU iPhone OS 10_3_2 like Mac OS X) AppleWebKit/603.2.4 (KHTML, like Gecko) Version/10.0 Mobile/14F89 Safari/602.1"
46.125.249.13 - - [25/Jul/2017:08:45:55 +0200] "POST /tulln/kursauswahl HTTP/1.1" 200 3041 "http://www.easydrivers.at/tulln" "Mozilla/5.0 (Linux; Android 5.0.1; GEM-701L Build/HUAWEIGEM-701L) AppleWebKit/537.36 (KHTML, like Gecko) Chrome/59.0.3071.125 Mobile Safari/537.36"
84.112.208.227 - - [25/Jul/2017:08:45:58 +0200] "GET /javascript/jquery.cookie.js HTTP/1.1" 200 863 "http://www.easydrivers.at/wieselburg" "Mozilla/5.0 (iPhone; CPU iPhone OS 10_3_2 like Mac OS X) AppleWebKit/603.2.4 (KHTML, like Gecko) Version/10.0 Mobile/14F89 Safari/602.1"
84.112.208.227 - - [25/Jul/2017:08:45:58 +0200] "GET /javascript/mobile-menu.js HTTP/1.1" 200 1634 "http://www.easydrivers.at/wieselburg" "Mozilla/5.0 (iPhone; CPU iPhone OS 10_3_2 like Mac OS X) AppleWebKit/603.2.4 (KHTML, like Gecko) Version/10.0 Mobile/14F89 Safari/602.1"
84.112.208.227 - - [25/Jul/2017:08:45:58 +0200] "GET /css/mobile.css HTTP/1.1" 200 2852 "http://www.easydrivers.at/wieselburg" "Mozilla/5.0 (iPhone; CPU iPhone OS 10_3_2 like Mac OS X) AppleWebKit/603.2.4 (KHTML, like Gecko) Version/10.0 Mobile/14F89 Safari/602.1"
84.112.208.227 - - [25/Jul/2017:08:45:58 +0200] "GET /javascript/jquery-1.9.1.min.js HTTP/1.1" 200 32731 "http://www.easydrivers.at/wieselburg" "Mozilla/5.0 (iPhone; CPU iPhone OS 10_3_2 like Mac OS X) AppleWebKit/603.2.4 (KHTML, like Gecko) Version/10.0 Mobile/14F89 Safari/602.1"
84.112.208.227 - - [25/Jul/2017:08:45:58 +0200] "GET /javascript/jquery.simplemodal.js HTTP/1.1" 200 3070 "http://www.easydrivers.at/wieselburg" "Mozilla/5.0 (iPhone; CPU iPhone OS 10_3_2 like Mac OS X) AppleWebKit/603.2.4 (KHTML, like Gecko) Version/10.0 Mobile/14F89 Safari/602.1"
84.112.208.227 - - [25/Jul/2017:08:45:58 +0200] "GET /img/mobile/menu-button.png HTTP/1.1" 200 1746 "http://www.easydrivers.at/wieselburg" "Mozilla/5.0 (iPhone; CPU iPhone OS 10_3_2 like Mac OS X) AppleWebKit/603.2.4 (KHTML, like Gecko) Version/10.0 Mobile/14F89 Safari/602.1"
84.112.208.227 - - [25/Jul/2017:08:45:58 +0200] "GET /javascript/lazyload.js HTTP/1.1" 200 1170 "http://www.easydrivers.at/wieselburg" "Mozilla/5.0 (iPhone; CPU iPhone OS 10_3_2 like Mac OS X) AppleWebKit/603.2.4 (KHTML, like Gecko) Version/10.0 Mobile/14F89 Safari/602.1"
84.112.208.227 - - [25/Jul/2017:08:45:58 +0200] "GET /img/mobile/facebook-icon.png HTTP/1.1" 200 1902 "http://www.easydrivers.at/wieselburg" "Mozilla/5.0 (iPhone; CPU iPhone OS 10_3_2 like Mac OS X) AppleWebKit/603.2.4 (KHTML, like Gecko) Version/10.0 Mobile/14F89 Safari/602.1"
84.112.208.227 - - [25/Jul/2017:08:45:58 +0200] "GET /img/smallicon-person.png HTTP/1.1" 200 1141 "http://www.easydrivers.at/wieselburg" "Mozilla/5.0 (iPhone; CPU iPhone OS 10_3_2 like Mac OS X) AppleWebKit/603.2.4 (KHTML, like Gecko) Version/10.0 Mobile/14F89 Safari/602.1"
84.112.208.227 - - [25/Jul/2017:08:45:58 +0200] "GET /img/smallicon-address.png HTTP/1.1" 200 1211 "http://www.easydrivers.at/wieselburg" "Mozilla/5.0 (iPhone; CPU iPhone OS 10_3_2 like Mac OS X) AppleWebKit/603.2.4 (KHTML, like Gecko) Version/10.0 Mobile/14F89 Safari/602.1"
84.112.208.227 - - [25/Jul/2017:08:45:58 +0200] "GET /img/mobile/widget-icon-app.png HTTP/1.1" 200 3458 "http://www.easydrivers.at/wieselburg" "Mozilla/5.0 (iPhone; CPU iPhone OS 10_3_2 like Mac OS X) AppleWebKit/603.2.4 (KHTML, like Gecko) Version/10.0 Mobile/14F89 Safari/602.1"
84.112.208.227 - - [25/Jul/2017:08:45:58 +0200] "GET /img/mobile/bg-top-section.jpg HTTP/1.1" 200 21711 "http://www.easydrivers.at/wieselburg" "Mozilla/5.0 (iPhone; CPU iPhone OS 10_3_2 like Mac OS X) AppleWebKit/603.2.4 (KHTML, like Gecko) Version/10.0 Mobile/14F89 Safari/602.1"
46.125.249.13 - - [25/Jul/2017:08:46:00 +0200] "GET /img/favicon.ico HTTP/1.1" 404 300 "http://www.easydrivers.at/tulln/kursauswahl" "Mozilla/5.0 (Linux; Android 5.0.1; GEM-701L Build/HUAWEIGEM-701L) AppleWebKit/537.36 (KHTML, like Gecko) Chrome/59.0.3071.125 Mobile Safari/537.36"
84.112.208.227 - - [25/Jul/2017:08:46:02 +0200] "GET /wieselburg/kurse HTTP/1.1" 200 2808 "http://www.easydrivers.at/wieselburg" "Mozilla/5.0 (iPhone; CPU iPhone OS 10_3_2 like Mac OS X) AppleWebKit/603.2.4 (KHTML, like Gecko) Version/10.0 Mobile/14F89 Safari/602.1"
84.112.208.227 - - [25/Jul/2017:08:46:05 +0200] "GET /javascript/mobile-fahrschule-kurs-suchergebnis.js HTTP/1.1" 200 274 "http://www.easydrivers.at/wieselburg/kurse" "Mozilla/5.0 (iPhone; CPU iPhone OS 10_3_2 like Mac OS X) AppleWebKit/603.2.4 (KHTML, like Gecko) Version/10.0 Mobile/14F89 Safari/602.1"
84.112.208.227 - - [25/Jul/2017:08:46:05 +0200] "GET /img/mobile/bg-yellow.jpg HTTP/1.1" 200 1569 "http://www.easydrivers.at/wieselburg/kurse" "Mozilla/5.0 (iPhone; CPU iPhone OS 10_3_2 like Mac OS X) AppleWebKit/603.2.4 (KHTML, like Gecko) Version/10.0 Mobile/14F89 Safari/602.1"
84.112.208.227 - - [25/Jul/2017:08:46:05 +0200] "GET /img/loading-bars.gif HTTP/1.1" 200 3951 "http://www.easydrivers.at/wieselburg/kurse" "Mozilla/5.0 (iPhone; CPU iPhone OS 10_3_2 like Mac OS X) AppleWebKit/603.2.4 (KHTML, like Gecko) Version/10.0 Mobile/14F89 Safari/602.1"
84.112.208.227 - - [25/Jul/2017:08:46:09 +0200] "POST /loadkursliste HTTP/1.1" 200 668 "http://www.easydrivers.at/wieselburg/kurse" "Mozilla/5.0 (iPhone; CPU iPhone OS 10_3_2 like Mac OS X) AppleWebKit/603.2.4 (KHTML, like Gecko) Version/10.0 Mobile/14F89 Safari/602.1"
178.191.119.202 - - [25/Jul/2017:08:46:14 +0200] "GET / HTTP/1.1" 200 4406 "-" "Mozilla/5.0 (Windows NT 10.0) AppleWebKit/537.36 (KHTML, like Gecko) Chrome/59.0.3071.115 Safari/537.36"
80.121.74.101 - - [25/Jul/2017:08:46:21 +0200] "GET /fuehrerscheine/motorrad/C111 HTTP/1.1" 200 2828 "http://www.google.at/" "Mozilla/5.0 (Linux; Android 6.0; ALE-L21 Build/HuaweiALE-L21) AppleWebKit/537.36 (KHTML, like Gecko) Chrome/59.0.3071.125 Mobile Safari/537.36"
77.119.128.161 - - [25/Jul/2017:08:46:20 +0200] "GET /moedling HTTP/1.1" 200 2970 "-" "Mozilla/5.0 (iPhone; CPU iPhone OS 10_3_2 like Mac OS X) AppleWebKit/603.2.4 (KHTML, like Gecko) Version/10.0 Mobile/14F89 Safari/602.1"
80.121.74.101 - - [25/Jul/2017:08:46:23 +0200] "GET /css/mobile.css HTTP/1.1" 200 2852 "http://www.easydrivers.at/fuehrerscheine/motorrad/C111" "Mozilla/5.0 (Linux; Android 6.0; ALE-L21 Build/HuaweiALE-L21) AppleWebKit/537.36 (KHTML, like Gecko) Chrome/59.0.3071.125 Mobile Safari/537.36"
80.121.74.101 - - [25/Jul/2017:08:46:23 +0200] "GET /javascript/jquery.cookie.js HTTP/1.1" 200 863 "http://www.easydrivers.at/fuehrerscheine/motorrad/C111" "Mozilla/5.0 (Linux; Android 6.0; ALE-L21 Build/HuaweiALE-L21) AppleWebKit/537.36 (KHTML, like Gecko) Chrome/59.0.3071.125 Mobile Safari/537.36"
80.121.74.101 - - [25/Jul/2017:08:46:23 +0200] "GET /javascript/jquery-1.9.1.min.js HTTP/1.1" 200 32731 "http://www.easydrivers.at/fuehrerscheine/motorrad/C111" "Mozilla/5.0 (Linux; Android 6.0; ALE-L21 Build/HuaweiALE-L21) AppleWebKit/537.36 (KHTML, like Gecko) Chrome/59.0.3071.125 Mobile Safari/537.36"
80.121.74.101 - - [25/Jul/2017:08:46:23 +0200] "GET /javascript/mobile-menu.js HTTP/1.1" 200 1634 "http://www.easydrivers.at/fuehrerscheine/motorrad/C111" "Mozilla/5.0 (Linux; Android 6.0; ALE-L21 Build/HuaweiALE-L21) AppleWebKit/537.36 (KHTML, like Gecko) Chrome/59.0.3071.125 Mobile Safari/537.36"
80.121.74.101 - - [25/Jul/2017:08:46:23 +0200] "GET /javascript/jquery.simplemodal.js HTTP/1.1" 200 3070 "http://www.easydrivers.at/fuehrerscheine/motorrad/C111" "Mozilla/5.0 (Linux; Android 6.0; ALE-L21 Build/HuaweiALE-L21) AppleWebKit/537.36 (KHTML, like Gecko) Chrome/59.0.3071.125 Mobile Safari/537.36"
80.121.74.101 - - [25/Jul/2017:08:46:23 +0200] "GET /javascript/lazyload.js HTTP/1.1" 200 1170 "http://www.easydrivers.at/fuehrerscheine/motorrad/C111" "Mozilla/5.0 (Linux; Android 6.0; ALE-L21 Build/HuaweiALE-L21) AppleWebKit/537.36 (KHTML, like Gecko) Chrome/59.0.3071.125 Mobile Safari/537.36"
77.119.128.161 - - [25/Jul/2017:08:46:23 +0200] "GET /javascript/mobile-menu.js HTTP/1.1" 200 1634 "http://www.easydrivers.at/moedling" "Mozilla/5.0 (iPhone; CPU iPhone OS 10_3_2 like Mac OS X) AppleWebKit/603.2.4 (KHTML, like Gecko) Version/10.0 Mobile/14F89 Safari/602.1"
77.119.128.161 - - [25/Jul/2017:08:46:23 +0200] "GET /javascript/jquery.cookie.js HTTP/1.1" 200 863 "http://www.easydrivers.at/moedling" "Mozilla/5.0 (iPhone; CPU iPhone OS 10_3_2 like Mac OS X) AppleWebKit/603.2.4 (KHTML, like Gecko) Version/10.0 Mobile/14F89 Safari/602.1"
77.119.128.161 - - [25/Jul/2017:08:46:23 +0200] "GET /css/mobile.css HTTP/1.1" 200 2852 "http://www.easydrivers.at/moedling" "Mozilla/5.0 (iPhone; CPU iPhone OS 10_3_2 like Mac OS X) AppleWebKit/603.2.4 (KHTML, like Gecko) Version/10.0 Mobile/14F89 Safari/602.1"
80.121.74.101 - - [25/Jul/2017:08:46:23 +0200] "GET /img/mobile/easydrivers-logo-mobile.png HTTP/1.1" 200 10766 "http://www.easydrivers.at/fuehrerscheine/motorrad/C111" "Mozilla/5.0 (Linux; Android 6.0; ALE-L21 Build/HuaweiALE-L21) AppleWebKit/537.36 (KHTML, like Gecko) Chrome/59.0.3071.125 Mobile Safari/537.36"
77.119.128.161 - - [25/Jul/2017:08:46:23 +0200] "GET /javascript/jquery-1.9.1.min.js HTTP/1.1" 200 32731 "http://www.easydrivers.at/moedling" "Mozilla/5.0 (iPhone; CPU iPhone OS 10_3_2 like Mac OS X) AppleWebKit/603.2.4 (KHTML, like Gecko) Version/10.0 Mobile/14F89 Safari/602.1"
80.121.74.101 - - [25/Jul/2017:08:46:23 +0200] "GET /img/mobile/menu-button.png HTTP/1.1" 200 1746 "http://www.easydrivers.at/fuehrerscheine/motorrad/C111" "Mozilla/5.0 (Linux; Android 6.0; ALE-L21 Build/HuaweiALE-L21) AppleWebKit/537.36 (KHTML, like Gecko) Chrome/59.0.3071.125 Mobile Safari/537.36"
80.121.74.101 - - [25/Jul/2017:08:46:23 +0200] "GET /img/mobile/close-button.png HTTP/1.1" 200 2411 "http://www.easydrivers.at/fuehrerscheine/motorrad/C111" "Mozilla/5.0 (Linux; Android 6.0; ALE-L21 Build/HuaweiALE-L21) AppleWebKit/537.36 (KHTML, like Gecko) Chrome/59.0.3071.125 Mobile Safari/537.36"
80.121.74.101 - - [25/Jul/2017:08:46:23 +0200] "GET /img/mobile/facebook-icon.png HTTP/1.1" 200 1902 "http://www.easydrivers.at/fuehrerscheine/motorrad/C111" "Mozilla/5.0 (Linux; Android 6.0; ALE-L21 Build/HuaweiALE-L21) AppleWebKit/537.36 (KHTML, like Gecko) Chrome/59.0.3071.125 Mobile Safari/537.36"
80.121.74.101 - - [25/Jul/2017:08:46:23 +0200] "GET /img/mobile/bg-header.jpg HTTP/1.1" 200 19741 "http://www.easydrivers.at/css/mobile.css" "Mozilla/5.0 (Linux; Android 6.0; ALE-L21 Build/HuaweiALE-L21) AppleWebKit/537.36 (KHTML, like Gecko) Chrome/59.0.3071.125 Mobile Safari/537.36"
80.121.74.101 - - [25/Jul/2017:08:46:23 +0200] "GET /img/mobile/bg-menu.jpg HTTP/1.1" 200 1698 "http://www.easydrivers.at/css/mobile.css" "Mozilla/5.0 (Linux; Android 6.0; ALE-L21 Build/HuaweiALE-L21) AppleWebKit/537.36 (KHTML, like Gecko) Chrome/59.0.3071.125 Mobile Safari/537.36"
80.121.74.101 - - [25/Jul/2017:08:46:23 +0200] "GET /img/mobile/pfeil-links-small.png HTTP/1.1" 200 1065 "http://www.easydrivers.at/css/mobile.css" "Mozilla/5.0 (Linux; Android 6.0; ALE-L21 Build/HuaweiALE-L21) AppleWebKit/537.36 (KHTML, like Gecko) Chrome/59.0.3071.125 Mobile Safari/537.36"
77.119.128.161 - - [25/Jul/2017:08:46:23 +0200] "GET /img/mobile/easydrivers-logo-mobile.png HTTP/1.1" 200 10766 "http://www.easydrivers.at/moedling" "Mozilla/5.0 (iPhone; CPU iPhone OS 10_3_2 like Mac OS X) AppleWebKit/603.2.4 (KHTML, like Gecko) Version/10.0 Mobile/14F89 Safari/602.1"
77.119.128.161 - - [25/Jul/2017:08:46:23 +0200] "GET /javascript/lazyload.js HTTP/1.1" 200 1170 "http://www.easydrivers.at/moedling" "Mozilla/5.0 (iPhone; CPU iPhone OS 10_3_2 like Mac OS X) AppleWebKit/603.2.4 (KHTML, like Gecko) Version/10.0 Mobile/14F89 Safari/602.1"
77.119.128.161 - - [25/Jul/2017:08:46:23 +0200] "GET /javascript/jquery.simplemodal.js HTTP/1.1" 200 3070 "http://www.easydrivers.at/moedling" "Mozilla/5.0 (iPhone; CPU iPhone OS 10_3_2 like Mac OS X) AppleWebKit/603.2.4 (KHTML, like Gecko) Version/10.0 Mobile/14F89 Safari/602.1"
80.121.74.101 - - [25/Jul/2017:08:46:23 +0200] "GET /img/mobile/bg-yellow.jpg HTTP/1.1" 200 1569 "http://www.easydrivers.at/css/mobile.css" "Mozilla/5.0 (Linux; Android 6.0; ALE-L21 Build/HuaweiALE-L21) AppleWebKit/537.36 (KHTML, like Gecko) Chrome/59.0.3071.125 Mobile Safari/537.36"
77.119.128.161 - - [25/Jul/2017:08:46:23 +0200] "GET /javascript/mobile-fahrschule.js HTTP/1.1" 200 328 "http://www.easydrivers.at/moedling" "Mozilla/5.0 (iPhone; CPU iPhone OS 10_3_2 like Mac OS X) AppleWebKit/603.2.4 (KHTML, like Gecko) Version/10.0 Mobile/14F89 Safari/602.1"
80.121.74.101 - - [25/Jul/2017:08:46:23 +0200] "GET /img/mobile/pfeil-rechts-small.png HTTP/1.1" 200 1056 "http://www.easydrivers.at/css/mobile.css" "Mozilla/5.0 (Linux; Android 6.0; ALE-L21 Build/HuaweiALE-L21) AppleWebKit/537.36 (KHTML, like Gecko) Chrome/59.0.3071.125 Mobile Safari/537.36"
77.119.128.161 - - [25/Jul/2017:08:46:23 +0200] "GET /img/mobile/menu-button.png HTTP/1.1" 200 1746 "http://www.easydrivers.at/moedling" "Mozilla/5.0 (iPhone; CPU iPhone OS 10_3_2 like Mac OS X) AppleWebKit/603.2.4 (KHTML, like Gecko) Version/10.0 Mobile/14F89 Safari/602.1"
77.119.128.161 - - [25/Jul/2017:08:46:23 +0200] "GET /img/mobile/close-button.png HTTP/1.1" 200 2411 "http://www.easydrivers.at/moedling" "Mozilla/5.0 (iPhone; CPU iPhone OS 10_3_2 like Mac OS X) AppleWebKit/603.2.4 (KHTML, like Gecko) Version/10.0 Mobile/14F89 Safari/602.1"
77.119.128.161 - - [25/Jul/2017:08:46:23 +0200] "GET /img/mobile/facebook-icon.png HTTP/1.1" 200 1902 "http://www.easydrivers.at/moedling" "Mozilla/5.0 (iPhone; CPU iPhone OS 10_3_2 like Mac OS X) AppleWebKit/603.2.4 (KHTML, like Gecko) Version/10.0 Mobile/14F89 Safari/602.1"
77.119.128.161 - - [25/Jul/2017:08:46:23 +0200] "GET /img/mobile/info-button.png HTTP/1.1" 200 1549 "http://www.easydrivers.at/moedling" "Mozilla/5.0 (iPhone; CPU iPhone OS 10_3_2 like Mac OS X) AppleWebKit/603.2.4 (KHTML, like Gecko) Version/10.0 Mobile/14F89 Safari/602.1"
80.121.74.101 - - [25/Jul/2017:08:46:24 +0200] "GET /img/favicon.ico HTTP/1.1" 404 300 "http://www.easydrivers.at/fuehrerscheine/motorrad/C111" "Mozilla/5.0 (Linux; Android 6.0; ALE-L21 Build/HuaweiALE-L21) AppleWebKit/537.36 (KHTML, like Gecko) Chrome/59.0.3071.125 Mobile Safari/537.36"
84.112.208.227 - - [25/Jul/2017:08:46:23 +0200] "POST /loadkursliste HTTP/1.1" 200 673 "http://www.easydrivers.at/wieselburg/kurse" "Mozilla/5.0 (iPhone; CPU iPhone OS 10_3_2 like Mac OS X) AppleWebKit/603.2.4 (KHTML, like Gecko) Version/10.0 Mobile/14F89 Safari/602.1"
84.112.208.227 - - [25/Jul/2017:08:46:28 +0200] "GET /wieselburg/aktionen HTTP/1.1" 200 2528 "http://www.easydrivers.at/wieselburg/kurse" "Mozilla/5.0 (iPhone; CPU iPhone OS 10_3_2 like Mac OS X) AppleWebKit/603.2.4 (KHTML, like Gecko) Version/10.0 Mobile/14F89 Safari/602.1"
193.83.136.183 - - [25/Jul/2017:08:46:29 +0200] "POST /loadkursliste HTTP/1.1" 200 723 "http://www.easydrivers.at/tulln/kursauswahl" "Mozilla/5.0 (Linux; Android 5.0.1; GEM-701L Build/HUAWEIGEM-701L) AppleWebKit/537.36 (KHTML, like Gecko) Chrome/59.0.3071.125 Mobile Safari/537.36"
84.112.208.227 - - [25/Jul/2017:08:46:32 +0200] "GET /wieselburg/kurse HTTP/1.1" 200 2808 "http://www.easydrivers.at/wieselburg/aktionen" "Mozilla/5.0 (iPhone; CPU iPhone OS 10_3_2 like Mac OS X) AppleWebKit/603.2.4 (KHTML, like Gecko) Version/10.0 Mobile/14F89 Safari/602.1"
84.112.208.227 - - [25/Jul/2017:08:46:35 +0200] "POST /loadkursliste HTTP/1.1" 200 673 "http://www.easydrivers.at/wieselburg/kurse" "Mozilla/5.0 (iPhone; CPU iPhone OS 10_3_2 like Mac OS X) AppleWebKit/603.2.4 (KHTML, like Gecko) Version/10.0 Mobile/14F89 Safari/602.1"
178.115.128.17 - - [25/Jul/2017:08:46:43 +0200] "GET /kapfenberg.pankl HTTP/1.1" 200 2994 "http://m.facebook.com/" "Mozilla/5.0 (Linux; Android 6.0; HUAWEI VNS-L21 Build/HUAWEIVNS-L21; wv) AppleWebKit/537.36 (KHTML, like Gecko) Version/4.0 Chrome/51.0.2704.81 Mobile Safari/537.36 [FB_IAB/FB4A;FBAV/131.0.0.32.69;]"
193.83.136.183 - - [25/Jul/2017:08:46:45 +0200] "GET /tulln/Intensivkurs_8Kurstage_Abendkurs_Juli_August_2017?FS=B HTTP/1.1" 200 3287 "http://www.easydrivers.at/tulln/kursauswahl" "Mozilla/5.0 (Linux; Android 5.0.1; GEM-701L Build/HUAWEIGEM-701L) AppleWebKit/537.36 (KHTML, like Gecko) Chrome/59.0.3071.125 Mobile Safari/537.36"
193.83.136.183 - - [25/Jul/2017:08:46:47 +0200] "GET /img/mobile/kursicon-share.png HTTP/1.1" 200 2065 "http://www.easydrivers.at/tulln/Intensivkurs_8Kurstage_Abendkurs_Juli_August_2017?FS=B" "Mozilla/5.0 (Linux; Android 5.0.1; GEM-701L Build/HUAWEIGEM-701L) AppleWebKit/537.36 (KHTML, like Gecko) Chrome/59.0.3071.125 Mobile Safari/537.36"
193.83.136.183 - - [25/Jul/2017:08:46:47 +0200] "GET /img/mobile/kursicon-phone.png HTTP/1.1" 200 1932 "http://www.easydrivers.at/tulln/Intensivkurs_8Kurstage_Abendkurs_Juli_August_2017?FS=B" "Mozilla/5.0 (Linux; Android 5.0.1; GEM-701L Build/HUAWEIGEM-701L) AppleWebKit/537.36 (KHTML, like Gecko) Chrome/59.0.3071.125 Mobile Safari/537.36"
193.83.136.183 - - [25/Jul/2017:08:46:47 +0200] "GET /img/mobile/smallicon-phone.png HTTP/1.1" 200 1311 "http://www.easydrivers.at/tulln/Intensivkurs_8Kurstage_Abendkurs_Juli_August_2017?FS=B" "Mozilla/5.0 (Linux; Android 5.0.1; GEM-701L Build/HUAWEIGEM-701L) AppleWebKit/537.36 (KHTML, like Gecko) Chrome/59.0.3071.125 Mobile Safari/537.36"
193.83.136.183 - - [25/Jul/2017:08:46:47 +0200] "GET /img/mobile/smallicon-mail.png HTTP/1.1" 200 1335 "http://www.easydrivers.at/tulln/Intensivkurs_8Kurstage_Abendkurs_Juli_August_2017?FS=B" "Mozilla/5.0 (Linux; Android 5.0.1; GEM-701L Build/HUAWEIGEM-701L) AppleWebKit/537.36 (KHTML, like Gecko) Chrome/59.0.3071.125 Mobile Safari/537.36"
193.83.136.183 - - [25/Jul/2017:08:46:47 +0200] "GET /img/mobile/pfeil-rechts-small.png HTTP/1.1" 200 1056 "http://www.easydrivers.at/css/mobile.css" "Mozilla/5.0 (Linux; Android 5.0.1; GEM-701L Build/HUAWEIGEM-701L) AppleWebKit/537.36 (KHTML, like Gecko) Chrome/59.0.3071.125 Mobile Safari/537.36"
91.141.0.190 - - [25/Jul/2017:08:46:46 +0200] "GET /steyr HTTP/1.1" 200 2943 "-" "Mozilla/5.0 (Linux; Android 6.0.1; SAMSUNG SM-G800F Build/MMB29K) AppleWebKit/537.36 (KHTML, like Gecko) SamsungBrowser/4.0 Chrome/44.0.2403.133 Mobile Safari/537.36"
216.244.66.202 - - [25/Jul/2017:08:46:52 +0200] "GET /robots.txt HTTP/1.1" 200 178 "-" "Mozilla/5.0 (compatible; DotBot/1.1; http://www.opensiteexplorer.org/dotbot, help@moz.com)"
213.225.6.77 - - [25/Jul/2017:08:46:51 +0200] "GET /schwechat?gclid=EAIaIQobChMIyY6l2Iaj1QIV77ftCh12YgPGEAAYASAAEgLWofD_BwE HTTP/1.1" 200 3054 "https://www.google.at/" "Mozilla/5.0 (Linux; Android 6.0.1; SAMSUNG SM-G903F/G903FXXU1BPI1 Build/MMB29K) AppleWebKit/537.36 (KHTML, like Gecko) SamsungBrowser/5.4 Chrome/51.0.2704.106 Mobile Safari/537.36"
213.225.6.77 - - [25/Jul/2017:08:46:53 +0200] "GET /css/mobile.css HTTP/1.1" 200 2852 "http://www.easydrivers.at/schwechat?gclid=EAIaIQobChMIyY6l2Iaj1QIV77ftCh12YgPGEAAYASAAEgLWofD_BwE" "Mozilla/5.0 (Linux; Android 6.0.1; SAMSUNG SM-G903F/G903FXXU1BPI1 Build/MMB29K) AppleWebKit/537.36 (KHTML, like Gecko) SamsungBrowser/5.4 Chrome/51.0.2704.106 Mobile Safari/537.36"
213.225.6.77 - - [25/Jul/2017:08:46:53 +0200] "GET /javascript/jquery.cookie.js HTTP/1.1" 200 863 "http://www.easydrivers.at/schwechat?gclid=EAIaIQobChMIyY6l2Iaj1QIV77ftCh12YgPGEAAYASAAEgLWofD_BwE" "Mozilla/5.0 (Linux; Android 6.0.1; SAMSUNG SM-G903F/G903FXXU1BPI1 Build/MMB29K) AppleWebKit/537.36 (KHTML, like Gecko) SamsungBrowser/5.4 Chrome/51.0.2704.106 Mobile Safari/537.36"
213.225.6.77 - - [25/Jul/2017:08:46:53 +0200] "GET /javascript/jquery-1.9.1.min.js HTTP/1.1" 200 32731 "http://www.easydrivers.at/schwechat?gclid=EAIaIQobChMIyY6l2Iaj1QIV77ftCh12YgPGEAAYASAAEgLWofD_BwE" "Mozilla/5.0 (Linux; Android 6.0.1; SAMSUNG SM-G903F/G903FXXU1BPI1 Build/MMB29K) AppleWebKit/537.36 (KHTML, like Gecko) SamsungBrowser/5.4 Chrome/51.0.2704.106 Mobile Safari/537.36"
213.225.6.77 - - [25/Jul/2017:08:46:53 +0200] "GET /javascript/mobile-menu.js HTTP/1.1" 200 1634 "http://www.easydrivers.at/schwechat?gclid=EAIaIQobChMIyY6l2Iaj1QIV77ftCh12YgPGEAAYASAAEgLWofD_BwE" "Mozilla/5.0 (Linux; Android 6.0.1; SAMSUNG SM-G903F/G903FXXU1BPI1 Build/MMB29K) AppleWebKit/537.36 (KHTML, like Gecko) SamsungBrowser/5.4 Chrome/51.0.2704.106 Mobile Safari/537.36"
213.225.6.77 - - [25/Jul/2017:08:46:53 +0200] "GET /javascript/mobile-fahrschule.js HTTP/1.1" 200 328 "http://www.easydrivers.at/schwechat?gclid=EAIaIQobChMIyY6l2Iaj1QIV77ftCh12YgPGEAAYASAAEgLWofD_BwE" "Mozilla/5.0 (Linux; Android 6.0.1; SAMSUNG SM-G903F/G903FXXU1BPI1 Build/MMB29K) AppleWebKit/537.36 (KHTML, like Gecko) SamsungBrowser/5.4 Chrome/51.0.2704.106 Mobile Safari/537.36"
213.225.6.77 - - [25/Jul/2017:08:46:53 +0200] "GET /javascript/jquery.simplemodal.js HTTP/1.1" 200 3070 "http://www.easydrivers.at/schwechat?gclid=EAIaIQobChMIyY6l2Iaj1QIV77ftCh12YgPGEAAYASAAEgLWofD_BwE" "Mozilla/5.0 (Linux; Android 6.0.1; SAMSUNG SM-G903F/G903FXXU1BPI1 Build/MMB29K) AppleWebKit/537.36 (KHTML, like Gecko) SamsungBrowser/5.4 Chrome/51.0.2704.106 Mobile Safari/537.36"
213.225.6.77 - - [25/Jul/2017:08:46:53 +0200] "GET /javascript/lazyload.js HTTP/1.1" 200 1170 "http://www.easydrivers.at/schwechat?gclid=EAIaIQobChMIyY6l2Iaj1QIV77ftCh12YgPGEAAYASAAEgLWofD_BwE" "Mozilla/5.0 (Linux; Android 6.0.1; SAMSUNG SM-G903F/G903FXXU1BPI1 Build/MMB29K) AppleWebKit/537.36 (KHTML, like Gecko) SamsungBrowser/5.4 Chrome/51.0.2704.106 Mobile Safari/537.36"
213.225.6.77 - - [25/Jul/2017:08:46:53 +0200] "GET /img/mobile/easydrivers-logo-mobile.png HTTP/1.1" 200 10766 "http://www.easydrivers.at/schwechat?gclid=EAIaIQobChMIyY6l2Iaj1QIV77ftCh12YgPGEAAYASAAEgLWofD_BwE" "Mozilla/5.0 (Linux; Android 6.0.1; SAMSUNG SM-G903F/G903FXXU1BPI1 Build/MMB29K) AppleWebKit/537.36 (KHTML, like Gecko) SamsungBrowser/5.4 Chrome/51.0.2704.106 Mobile Safari/537.36"
213.225.6.77 - - [25/Jul/2017:08:46:53 +0200] "GET /img/mobile/menu-button.png HTTP/1.1" 200 1746 "http://www.easydrivers.at/schwechat?gclid=EAIaIQobChMIyY6l2Iaj1QIV77ftCh12YgPGEAAYASAAEgLWofD_BwE" "Mozilla/5.0 (Linux; Android 6.0.1; SAMSUNG SM-G903F/G903FXXU1BPI1 Build/MMB29K) AppleWebKit/537.36 (KHTML, like Gecko) SamsungBrowser/5.4 Chrome/51.0.2704.106 Mobile Safari/537.36"
213.225.6.77 - - [25/Jul/2017:08:46:53 +0200] "GET /img/mobile/close-button.png HTTP/1.1" 200 2411 "http://www.easydrivers.at/schwechat?gclid=EAIaIQobChMIyY6l2Iaj1QIV77ftCh12YgPGEAAYASAAEgLWofD_BwE" "Mozilla/5.0 (Linux; Android 6.0.1; SAMSUNG SM-G903F/G903FXXU1BPI1 Build/MMB29K) AppleWebKit/537.36 (KHTML, like Gecko) SamsungBrowser/5.4 Chrome/51.0.2704.106 Mobile Safari/537.36"
213.225.6.77 - - [25/Jul/2017:08:46:53 +0200] "GET /img/mobile/facebook-icon.png HTTP/1.1" 200 1902 "http://www.easydrivers.at/schwechat?gclid=EAIaIQobChMIyY6l2Iaj1QIV77ftCh12YgPGEAAYASAAEgLWofD_BwE" "Mozilla/5.0 (Linux; Android 6.0.1; SAMSUNG SM-G903F/G903FXXU1BPI1 Build/MMB29K) AppleWebKit/537.36 (KHTML, like Gecko) SamsungBrowser/5.4 Chrome/51.0.2704.106 Mobile Safari/537.36"
213.225.6.77 - - [25/Jul/2017:08:46:53 +0200] "GET /img/mobile/info-button.png HTTP/1.1" 200 1549 "http://www.easydrivers.at/schwechat?gclid=EAIaIQobChMIyY6l2Iaj1QIV77ftCh12YgPGEAAYASAAEgLWofD_BwE" "Mozilla/5.0 (Linux; Android 6.0.1; SAMSUNG SM-G903F/G903FXXU1BPI1 Build/MMB29K) AppleWebKit/537.36 (KHTML, like Gecko) SamsungBrowser/5.4 Chrome/51.0.2704.106 Mobile Safari/537.36"
213.225.6.77 - - [25/Jul/2017:08:46:53 +0200] "GET /img/mobile/info-close-button.png HTTP/1.1" 200 1721 "http://www.easydrivers.at/schwechat?gclid=EAIaIQobChMIyY6l2Iaj1QIV77ftCh12YgPGEAAYASAAEgLWofD_BwE" "Mozilla/5.0 (Linux; Android 6.0.1; SAMSUNG SM-G903F/G903FXXU1BPI1 Build/MMB29K) AppleWebKit/537.36 (KHTML, like Gecko) SamsungBrowser/5.4 Chrome/51.0.2704.106 Mobile Safari/537.36"
213.225.6.77 - - [25/Jul/2017:08:46:53 +0200] "GET /img/smallicon-address.png HTTP/1.1" 200 1211 "http://www.easydrivers.at/schwechat?gclid=EAIaIQobChMIyY6l2Iaj1QIV77ftCh12YgPGEAAYASAAEgLWofD_BwE" "Mozilla/5.0 (Linux; Android 6.0.1; SAMSUNG SM-G903F/G903FXXU1BPI1 Build/MMB29K) AppleWebKit/537.36 (KHTML, like Gecko) SamsungBrowser/5.4 Chrome/51.0.2704.106 Mobile Safari/537.36"
213.225.6.77 - - [25/Jul/2017:08:46:53 +0200] "GET /img/smallicon-person.png HTTP/1.1" 200 1141 "http://www.easydrivers.at/schwechat?gclid=EAIaIQobChMIyY6l2Iaj1QIV77ftCh12YgPGEAAYASAAEgLWofD_BwE" "Mozilla/5.0 (Linux; Android 6.0.1; SAMSUNG SM-G903F/G903FXXU1BPI1 Build/MMB29K) AppleWebKit/537.36 (KHTML, like Gecko) SamsungBrowser/5.4 Chrome/51.0.2704.106 Mobile Safari/537.36"
213.225.6.77 - - [25/Jul/2017:08:46:53 +0200] "GET /img/smallicon-time.png HTTP/1.1" 200 1262 "http://www.easydrivers.at/schwechat?gclid=EAIaIQobChMIyY6l2Iaj1QIV77ftCh12YgPGEAAYASAAEgLWofD_BwE" "Mozilla/5.0 (Linux; Android 6.0.1; SAMSUNG SM-G903F/G903FXXU1BPI1 Build/MMB29K) AppleWebKit/537.36 (KHTML, like Gecko) SamsungBrowser/5.4 Chrome/51.0.2704.106 Mobile Safari/537.36"
213.225.6.77 - - [25/Jul/2017:08:46:53 +0200] "GET /img/smallicon-mail.png HTTP/1.1" 200 1341 "http://www.easydrivers.at/schwechat?gclid=EAIaIQobChMIyY6l2Iaj1QIV77ftCh12YgPGEAAYASAAEgLWofD_BwE" "Mozilla/5.0 (Linux; Android 6.0.1; SAMSUNG SM-G903F/G903FXXU1BPI1 Build/MMB29K) AppleWebKit/537.36 (KHTML, like Gecko) SamsungBrowser/5.4 Chrome/51.0.2704.106 Mobile Safari/537.36"
213.225.6.77 - - [25/Jul/2017:08:46:53 +0200] "GET /img/smallicon-phone.png HTTP/1.1" 200 3056 "http://www.easydrivers.at/schwechat?gclid=EAIaIQobChMIyY6l2Iaj1QIV77ftCh12YgPGEAAYASAAEgLWofD_BwE" "Mozilla/5.0 (Linux; Android 6.0.1; SAMSUNG SM-G903F/G903FXXU1BPI1 Build/MMB29K) AppleWebKit/537.36 (KHTML, like Gecko) SamsungBrowser/5.4 Chrome/51.0.2704.106 Mobile Safari/537.36"
213.225.6.77 - - [25/Jul/2017:08:46:53 +0200] "GET /img/mobile/googlemaps-pin.png HTTP/1.1" 200 1597 "http://www.easydrivers.at/schwechat?gclid=EAIaIQobChMIyY6l2Iaj1QIV77ftCh12YgPGEAAYASAAEgLWofD_BwE" "Mozilla/5.0 (Linux; Android 6.0.1; SAMSUNG SM-G903F/G903FXXU1BPI1 Build/MMB29K) AppleWebKit/537.36 (KHTML, like Gecko) SamsungBrowser/5.4 Chrome/51.0.2704.106 Mobile Safari/537.36"
213.225.6.77 - - [25/Jul/2017:08:46:53 +0200] "GET /img/mobile/widget-icon-app.png HTTP/1.1" 200 3458 "http://www.easydrivers.at/schwechat?gclid=EAIaIQobChMIyY6l2Iaj1QIV77ftCh12YgPGEAAYASAAEgLWofD_BwE" "Mozilla/5.0 (Linux; Android 6.0.1; SAMSUNG SM-G903F/G903FXXU1BPI1 Build/MMB29K) AppleWebKit/537.36 (KHTML, like Gecko) SamsungBrowser/5.4 Chrome/51.0.2704.106 Mobile Safari/537.36"
213.225.6.77 - - [25/Jul/2017:08:46:53 +0200] "GET /img/mobile/bg-header.jpg HTTP/1.1" 200 19741 "http://www.easydrivers.at/css/mobile.css" "Mozilla/5.0 (Linux; Android 6.0.1; SAMSUNG SM-G903F/G903FXXU1BPI1 Build/MMB29K) AppleWebKit/537.36 (KHTML, like Gecko) SamsungBrowser/5.4 Chrome/51.0.2704.106 Mobile Safari/537.36"
213.225.6.77 - - [25/Jul/2017:08:46:53 +0200] "GET /img/mobile/bg-menu.jpg HTTP/1.1" 200 1698 "http://www.easydrivers.at/css/mobile.css" "Mozilla/5.0 (Linux; Android 6.0.1; SAMSUNG SM-G903F/G903FXXU1BPI1 Build/MMB29K) AppleWebKit/537.36 (KHTML, like Gecko) SamsungBrowser/5.4 Chrome/51.0.2704.106 Mobile Safari/537.36"
213.225.6.77 - - [25/Jul/2017:08:46:53 +0200] "GET /img/mobile/bg-top-section.jpg HTTP/1.1" 200 21711 "http://www.easydrivers.at/css/mobile.css" "Mozilla/5.0 (Linux; Android 6.0.1; SAMSUNG SM-G903F/G903FXXU1BPI1 Build/MMB29K) AppleWebKit/537.36 (KHTML, like Gecko) SamsungBrowser/5.4 Chrome/51.0.2704.106 Mobile Safari/537.36"
213.225.6.77 - - [25/Jul/2017:08:46:53 +0200] "GET /img/mobile/pfeil-rechts.png HTTP/1.1" 200 1228 "http://www.easydrivers.at/css/mobile.css" "Mozilla/5.0 (Linux; Android 6.0.1; SAMSUNG SM-G903F/G903FXXU1BPI1 Build/MMB29K) AppleWebKit/537.36 (KHTML, like Gecko) SamsungBrowser/5.4 Chrome/51.0.2704.106 Mobile Safari/537.36"
213.225.6.77 - - [25/Jul/2017:08:46:54 +0200] "GET /img/favicon.ico HTTP/1.1" 404 300 "http://www.easydrivers.at/schwechat?gclid=EAIaIQobChMIyY6l2Iaj1QIV77ftCh12YgPGEAAYASAAEgLWofD_BwE" "Mozilla/5.0 (Linux; Android 6.0.1; SAMSUNG SM-G903F/G903FXXU1BPI1 Build/MMB29K) AppleWebKit/537.36 (KHTML, like Gecko) SamsungBrowser/5.4 Chrome/51.0.2704.106 Mobile Safari/537.36"
91.141.0.190 - - [25/Jul/2017:08:46:58 +0200] "GET /steyr/aktionen HTTP/1.1" 200 3171 "http://www.easydrivers.at/steyr" "Mozilla/5.0 (Linux; Android 6.0.1; SAMSUNG SM-G800F Build/MMB29K) AppleWebKit/537.36 (KHTML, like Gecko) SamsungBrowser/4.0 Chrome/44.0.2403.133 Mobile Safari/537.36"
213.225.6.77 - - [25/Jul/2017:08:47:10 +0200] "GET /schwechat/kurse HTTP/1.1" 200 3573 "http://www.easydrivers.at/schwechat?gclid=EAIaIQobChMIyY6l2Iaj1QIV77ftCh12YgPGEAAYASAAEgLWofD_BwE" "Mozilla/5.0 (Linux; Android 6.0.1; SAMSUNG SM-G903F/G903FXXU1BPI1 Build/MMB29K) AppleWebKit/537.36 (KHTML, like Gecko) SamsungBrowser/5.4 Chrome/51.0.2704.106 Mobile Safari/537.36"
213.225.6.77 - - [25/Jul/2017:08:47:13 +0200] "GET /javascript/mobile-fahrschule-kurs-suchergebnis.js HTTP/1.1" 200 274 "http://www.easydrivers.at/schwechat/kurse" "Mozilla/5.0 (Linux; Android 6.0.1; SAMSUNG SM-G903F/G903FXXU1BPI1 Build/MMB29K) AppleWebKit/537.36 (KHTML, like Gecko) SamsungBrowser/5.4 Chrome/51.0.2704.106 Mobile Safari/537.36"
213.225.6.77 - - [25/Jul/2017:08:47:13 +0200] "GET /img/mobile/bg-yellow.jpg HTTP/1.1" 200 1569 "http://www.easydrivers.at/css/mobile.css" "Mozilla/5.0 (Linux; Android 6.0.1; SAMSUNG SM-G903F/G903FXXU1BPI1 Build/MMB29K) AppleWebKit/537.36 (KHTML, like Gecko) SamsungBrowser/5.4 Chrome/51.0.2704.106 Mobile Safari/537.36"
213.225.6.77 - - [25/Jul/2017:08:47:13 +0200] "GET /img/loading-bars.gif HTTP/1.1" 200 3951 "http://www.easydrivers.at/css/mobile.css" "Mozilla/5.0 (Linux; Android 6.0.1; SAMSUNG SM-G903F/G903FXXU1BPI1 Build/MMB29K) AppleWebKit/537.36 (KHTML, like Gecko) SamsungBrowser/5.4 Chrome/51.0.2704.106 Mobile Safari/537.36"
84.112.208.227 - - [25/Jul/2017:08:47:24 +0200] "GET /wieselburg/kurse HTTP/1.1" 200 2808 "http://www.easydrivers.at/wieselburg" "Mozilla/5.0 (iPhone; CPU iPhone OS 10_3_2 like Mac OS X) AppleWebKit/603.2.4 (KHTML, like Gecko) Version/10.0 Mobile/14F89 Safari/602.1"
84.112.208.227 - - [25/Jul/2017:08:47:27 +0200] "POST /loadkursliste HTTP/1.1" 200 673 "http://www.easydrivers.at/wieselburg/kurse" "Mozilla/5.0 (iPhone; CPU iPhone OS 10_3_2 like Mac OS X) AppleWebKit/603.2.4 (KHTML, like Gecko) Version/10.0 Mobile/14F89 Safari/602.1"
213.225.6.77 - - [25/Jul/2017:08:47:32 +0200] "POST /loadkursliste HTTP/1.1" 200 725 "http://www.easydrivers.at/schwechat/kurse" "Mozilla/5.0 (Linux; Android 6.0.1; SAMSUNG SM-G903F/G903FXXU1BPI1 Build/MMB29K) AppleWebKit/537.36 (KHTML, like Gecko) SamsungBrowser/5.4 Chrome/51.0.2704.106 Mobile Safari/537.36"
77.119.128.161 - - [25/Jul/2017:08:47:36 +0200] "GET /moedling/Inhaberdaten HTTP/1.1" 200 3386 "https://www.google.at/" "Mozilla/5.0 (iPhone; CPU iPhone OS 10_3_2 like Mac OS X) AppleWebKit/603.2.4 (KHTML, like Gecko) Version/10.0 Mobile/14F89 Safari/602.1"
