193.187.3.11 - - [27/Jul/2017:07:38:14 +0200] "GET /javascript/jquery.cookie.js HTTP/1.1" 200 863 "http://www.easydrivers.at/fuehrerscheine/traktor" "Mozilla/5.0 (Windows NT 6.1; Trident/7.0; rv:11.0) like Gecko"
193.187.3.11 - - [27/Jul/2017:07:38:14 +0200] "GET /javascript/portal.js?1221842734 HTTP/1.1" 304 - "http://www.easydrivers.at/fuehrerscheine/traktor" "Mozilla/5.0 (Windows NT 6.1; Trident/7.0; rv:11.0) like Gecko"
193.187.3.11 - - [27/Jul/2017:07:38:14 +0200] "GET /binaries/easy-drivers-portal/traktor5jpg.jpg HTTP/1.1" 200 119320 "http://www.easydrivers.at/fuehrerscheine/traktor" "Mozilla/5.0 (Windows NT 6.1; Trident/7.0; rv:11.0) like Gecko"
193.187.3.11 - - [27/Jul/2017:07:38:14 +0200] "GET /javascript/lazyload.js HTTP/1.1" 200 1170 "http://www.easydrivers.at/fuehrerscheine/traktor" "Mozilla/5.0 (Windows NT 6.1; Trident/7.0; rv:11.0) like Gecko"
193.187.3.11 - - [27/Jul/2017:07:38:14 +0200] "GET /img/bg-header.jpg HTTP/1.1" 200 38680 "http://www.easydrivers.at/fuehrerscheine/traktor" "Mozilla/5.0 (Windows NT 6.1; Trident/7.0; rv:11.0) like Gecko"
213.225.36.158 - - [27/Jul/2017:07:38:13 +0200] "GET /moedling/10288740?FS=B&channel=fullversion HTTP/1.1" 200 5442 "http://www.easydrivers.at/moedling/10288740?FS=B" "Mozilla/5.0 (iPhone; CPU iPhone OS 10_3_2 like Mac OS X) AppleWebKit/603.2.4 (KHTML, like Gecko) Version/10.0 Mobile/14F89 Safari/602.1"
213.225.36.158 - - [27/Jul/2017:07:38:13 +0200] "GET /moedling/10288740?FS=B HTTP/1.1" 200 5441 "http://www.easydrivers.at/moedling/kursauswahl" "Mozilla/5.0 (iPhone; CPU iPhone OS 10_3_2 like Mac OS X) AppleWebKit/603.2.4 (KHTML, like Gecko) Version/10.0 Mobile/14F89 Safari/602.1"
213.225.36.158 - - [27/Jul/2017:07:38:16 +0200] "GET / HTTP/1.1" 200 4406 "https://www.google.at/" "Mozilla/5.0 (iPhone; CPU iPhone OS 10_3_2 like Mac OS X) AppleWebKit/603.2.4 (KHTML, like Gecko) Version/10.0 Mobile/14F89 Safari/602.1"
217.250.173.222 - - [27/Jul/2017:07:38:54 +0200] "GET /ennstal.schladming HTTP/1.1" 200 3622 "-" "Mozilla/5.0 (Windows; U; Windows NT 6.0; de; rv:1.9.2.3) Gecko/20100401 Firefox/3.6.3 ( .NET CLR 3.5.30729)"
193.154.85.128 - - [27/Jul/2017:07:39:51 +0200] "GET / HTTP/1.1" 200 4406 "-" "Mozilla/5.0 (Windows NT 6.1) AppleWebKit/537.36 (KHTML, like Gecko) Chrome/59.0.3071.115 Safari/537.36"
91.141.3.20 - - [27/Jul/2017:07:39:51 +0200] "GET /fuehrerscheine/mofa HTTP/1.1" 200 2723 "http://www.easydrivers.at/fuehrerscheine/auto/B-L17" "Mozilla/5.0 (Windows NT 10.0; WOW64; rv:54.0) Gecko/20100101 Firefox/54.0"
81.189.12.169 - - [27/Jul/2017:07:39:55 +0200] "GET / HTTP/1.1" 200 15953 "-" "Mozilla/5.0 (Windows NT 10.0; Win64; x64) AppleWebKit/537.36 (KHTML, like Gecko) Chrome/59.0.3071.115 Safari/537.36"
81.189.12.169 - - [27/Jul/2017:07:39:57 +0200] "GET /javascript/homesearch.js HTTP/1.1" 200 639 "http://www.easydrivers.at/" "Mozilla/5.0 (Windows NT 10.0; Win64; x64) AppleWebKit/537.36 (KHTML, like Gecko) Chrome/59.0.3071.115 Safari/537.36"
81.189.12.169 - - [27/Jul/2017:07:39:57 +0200] "GET /binaries/easy-drivers-portal/widget-icon-expertspng.png HTTP/1.1" 200 2159 "http://www.easydrivers.at/" "Mozilla/5.0 (Windows NT 10.0; Win64; x64) AppleWebKit/537.36 (KHTML, like Gecko) Chrome/59.0.3071.115 Safari/537.36"
81.189.12.169 - - [27/Jul/2017:07:39:57 +0200] "GET /binaries/easy-drivers-portal/widget-icon-apppng.png HTTP/1.1" 200 2432 "http://www.easydrivers.at/" "Mozilla/5.0 (Windows NT 10.0; Win64; x64) AppleWebKit/537.36 (KHTML, like Gecko) Chrome/59.0.3071.115 Safari/537.36"
81.189.12.169 - - [27/Jul/2017:07:39:57 +0200] "GET /binaries/easy-drivers-portal/edradfahrschullogowidget160x90pxpng.png HTTP/1.1" 200 23394 "http://www.easydrivers.at/" "Mozilla/5.0 (Windows NT 10.0; Win64; x64) AppleWebKit/537.36 (KHTML, like Gecko) Chrome/59.0.3071.115 Safari/537.36"
81.189.12.169 - - [27/Jul/2017:07:39:57 +0200] "GET /img/black-dots-vertical.png HTTP/1.1" 200 1165 "http://www.easydrivers.at/css/style.css" "Mozilla/5.0 (Windows NT 10.0; Win64; x64) AppleWebKit/537.36 (KHTML, like Gecko) Chrome/59.0.3071.115 Safari/537.36"
81.189.12.169 - - [27/Jul/2017:07:39:57 +0200] "GET /img/selection-box-button.png HTTP/1.1" 200 1079 "http://www.easydrivers.at/css/style.css" "Mozilla/5.0 (Windows NT 10.0; Win64; x64) AppleWebKit/537.36 (KHTML, like Gecko) Chrome/59.0.3071.115 Safari/537.36"
213.147.163.140 - - [27/Jul/2017:07:39:59 +0200] "GET /tulln HTTP/1.1" 200 2877 "http://www.google.at/" "Mozilla/5.0 (Linux; Android 6.0.1; D6603 Build/23.5.A.1.291) AppleWebKit/537.36 (KHTML, like Gecko) Chrome/59.0.3071.125 Mobile Safari/537.36"
213.147.163.140 - - [27/Jul/2017:07:40:02 +0200] "GET /css/mobile.css HTTP/1.1" 200 2852 "http://www.easydrivers.at/tulln" "Mozilla/5.0 (Linux; Android 6.0.1; D6603 Build/23.5.A.1.291) AppleWebKit/537.36 (KHTML, like Gecko) Chrome/59.0.3071.125 Mobile Safari/537.36"
213.147.163.140 - - [27/Jul/2017:07:40:02 +0200] "GET /javascript/jquery.cookie.js HTTP/1.1" 200 863 "http://www.easydrivers.at/tulln" "Mozilla/5.0 (Linux; Android 6.0.1; D6603 Build/23.5.A.1.291) AppleWebKit/537.36 (KHTML, like Gecko) Chrome/59.0.3071.125 Mobile Safari/537.36"
213.147.163.140 - - [27/Jul/2017:07:40:02 +0200] "GET /javascript/mobile-menu.js HTTP/1.1" 200 1634 "http://www.easydrivers.at/tulln" "Mozilla/5.0 (Linux; Android 6.0.1; D6603 Build/23.5.A.1.291) AppleWebKit/537.36 (KHTML, like Gecko) Chrome/59.0.3071.125 Mobile Safari/537.36"
213.147.163.140 - - [27/Jul/2017:07:40:02 +0200] "GET /javascript/jquery-1.9.1.min.js HTTP/1.1" 200 32731 "http://www.easydrivers.at/tulln" "Mozilla/5.0 (Linux; Android 6.0.1; D6603 Build/23.5.A.1.291) AppleWebKit/537.36 (KHTML, like Gecko) Chrome/59.0.3071.125 Mobile Safari/537.36"
213.147.163.140 - - [27/Jul/2017:07:40:02 +0200] "GET /javascript/jquery.simplemodal.js HTTP/1.1" 200 3070 "http://www.easydrivers.at/tulln" "Mozilla/5.0 (Linux; Android 6.0.1; D6603 Build/23.5.A.1.291) AppleWebKit/537.36 (KHTML, like Gecko) Chrome/59.0.3071.125 Mobile Safari/537.36"
213.147.163.140 - - [27/Jul/2017:07:40:02 +0200] "GET /javascript/mobile-fahrschule.js HTTP/1.1" 200 328 "http://www.easydrivers.at/tulln" "Mozilla/5.0 (Linux; Android 6.0.1; D6603 Build/23.5.A.1.291) AppleWebKit/537.36 (KHTML, like Gecko) Chrome/59.0.3071.125 Mobile Safari/537.36"
213.147.163.140 - - [27/Jul/2017:07:40:02 +0200] "GET /javascript/lazyload.js HTTP/1.1" 200 1170 "http://www.easydrivers.at/tulln" "Mozilla/5.0 (Linux; Android 6.0.1; D6603 Build/23.5.A.1.291) AppleWebKit/537.36 (KHTML, like Gecko) Chrome/59.0.3071.125 Mobile Safari/537.36"
213.147.163.140 - - [27/Jul/2017:07:40:02 +0200] "GET /img/mobile/easydrivers-logo-mobile.png HTTP/1.1" 200 10766 "http://www.easydrivers.at/tulln" "Mozilla/5.0 (Linux; Android 6.0.1; D6603 Build/23.5.A.1.291) AppleWebKit/537.36 (KHTML, like Gecko) Chrome/59.0.3071.125 Mobile Safari/537.36"
213.147.163.140 - - [27/Jul/2017:07:40:02 +0200] "GET /img/mobile/menu-button.png HTTP/1.1" 200 1746 "http://www.easydrivers.at/tulln" "Mozilla/5.0 (Linux; Android 6.0.1; D6603 Build/23.5.A.1.291) AppleWebKit/537.36 (KHTML, like Gecko) Chrome/59.0.3071.125 Mobile Safari/537.36"
213.147.163.140 - - [27/Jul/2017:07:40:02 +0200] "GET /img/mobile/info-button.png HTTP/1.1" 200 1549 "http://www.easydrivers.at/tulln" "Mozilla/5.0 (Linux; Android 6.0.1; D6603 Build/23.5.A.1.291) AppleWebKit/537.36 (KHTML, like Gecko) Chrome/59.0.3071.125 Mobile Safari/537.36"
213.147.163.140 - - [27/Jul/2017:07:40:02 +0200] "GET /img/mobile/close-button.png HTTP/1.1" 200 2411 "http://www.easydrivers.at/tulln" "Mozilla/5.0 (Linux; Android 6.0.1; D6603 Build/23.5.A.1.291) AppleWebKit/537.36 (KHTML, like Gecko) Chrome/59.0.3071.125 Mobile Safari/537.36"
213.147.163.140 - - [27/Jul/2017:07:40:02 +0200] "GET /img/mobile/facebook-icon.png HTTP/1.1" 200 1902 "http://www.easydrivers.at/tulln" "Mozilla/5.0 (Linux; Android 6.0.1; D6603 Build/23.5.A.1.291) AppleWebKit/537.36 (KHTML, like Gecko) Chrome/59.0.3071.125 Mobile Safari/537.36"
213.147.163.140 - - [27/Jul/2017:07:40:02 +0200] "GET /img/mobile/info-close-button.png HTTP/1.1" 200 1721 "http://www.easydrivers.at/tulln" "Mozilla/5.0 (Linux; Android 6.0.1; D6603 Build/23.5.A.1.291) AppleWebKit/537.36 (KHTML, like Gecko) Chrome/59.0.3071.125 Mobile Safari/537.36"
213.147.163.140 - - [27/Jul/2017:07:40:02 +0200] "GET /img/smallicon-address.png HTTP/1.1" 200 1211 "http://www.easydrivers.at/tulln" "Mozilla/5.0 (Linux; Android 6.0.1; D6603 Build/23.5.A.1.291) AppleWebKit/537.36 (KHTML, like Gecko) Chrome/59.0.3071.125 Mobile Safari/537.36"
213.147.163.140 - - [27/Jul/2017:07:40:02 +0200] "GET /img/smallicon-person.png HTTP/1.1" 200 1141 "http://www.easydrivers.at/tulln" "Mozilla/5.0 (Linux; Android 6.0.1; D6603 Build/23.5.A.1.291) AppleWebKit/537.36 (KHTML, like Gecko) Chrome/59.0.3071.125 Mobile Safari/537.36"
213.147.163.140 - - [27/Jul/2017:07:40:02 +0200] "GET /img/smallicon-time.png HTTP/1.1" 200 1262 "http://www.easydrivers.at/tulln" "Mozilla/5.0 (Linux; Android 6.0.1; D6603 Build/23.5.A.1.291) AppleWebKit/537.36 (KHTML, like Gecko) Chrome/59.0.3071.125 Mobile Safari/537.36"
213.147.163.140 - - [27/Jul/2017:07:40:02 +0200] "GET /img/mobile/googlemaps-pin.png HTTP/1.1" 200 1597 "http://www.easydrivers.at/tulln" "Mozilla/5.0 (Linux; Android 6.0.1; D6603 Build/23.5.A.1.291) AppleWebKit/537.36 (KHTML, like Gecko) Chrome/59.0.3071.125 Mobile Safari/537.36"
213.147.163.140 - - [27/Jul/2017:07:40:02 +0200] "GET /img/smallicon-phone.png HTTP/1.1" 200 3056 "http://www.easydrivers.at/tulln" "Mozilla/5.0 (Linux; Android 6.0.1; D6603 Build/23.5.A.1.291) AppleWebKit/537.36 (KHTML, like Gecko) Chrome/59.0.3071.125 Mobile Safari/537.36"
213.147.163.140 - - [27/Jul/2017:07:40:02 +0200] "GET /img/smallicon-mail.png HTTP/1.1" 200 1341 "http://www.easydrivers.at/tulln" "Mozilla/5.0 (Linux; Android 6.0.1; D6603 Build/23.5.A.1.291) AppleWebKit/537.36 (KHTML, like Gecko) Chrome/59.0.3071.125 Mobile Safari/537.36"
85.127.179.114 - - [27/Jul/2017:07:40:01 +0200] "GET /fahrschulen/steiermark HTTP/1.1" 200 2923 "https://www.google.at/" "Mozilla/5.0 (Linux; Android 5.1.1; HUAWEI M2-A01L Build/HUAWEIM2-A01L) AppleWebKit/537.36 (KHTML, like Gecko) Chrome/59.0.3071.125 Safari/537.36"
213.147.163.140 - - [27/Jul/2017:07:40:02 +0200] "GET /img/mobile/bg-menu.jpg HTTP/1.1" 200 1698 "http://www.easydrivers.at/css/mobile.css" "Mozilla/5.0 (Linux; Android 6.0.1; D6603 Build/23.5.A.1.291) AppleWebKit/537.36 (KHTML, like Gecko) Chrome/59.0.3071.125 Mobile Safari/537.36"
213.147.163.140 - - [27/Jul/2017:07:40:02 +0200] "GET /img/mobile/bg-top-section.jpg HTTP/1.1" 200 21711 "http://www.easydrivers.at/css/mobile.css" "Mozilla/5.0 (Linux; Android 6.0.1; D6603 Build/23.5.A.1.291) AppleWebKit/537.36 (KHTML, like Gecko) Chrome/59.0.3071.125 Mobile Safari/537.36"
213.147.163.140 - - [27/Jul/2017:07:40:02 +0200] "GET /img/mobile/bg-header.jpg HTTP/1.1" 200 19741 "http://www.easydrivers.at/css/mobile.css" "Mozilla/5.0 (Linux; Android 6.0.1; D6603 Build/23.5.A.1.291) AppleWebKit/537.36 (KHTML, like Gecko) Chrome/59.0.3071.125 Mobile Safari/537.36"
213.147.163.140 - - [27/Jul/2017:07:40:02 +0200] "GET /img/mobile/widget-icon-app.png HTTP/1.1" 200 3458 "http://www.easydrivers.at/tulln" "Mozilla/5.0 (Linux; Android 6.0.1; D6603 Build/23.5.A.1.291) AppleWebKit/537.36 (KHTML, like Gecko) Chrome/59.0.3071.125 Mobile Safari/537.36"
213.147.163.140 - - [27/Jul/2017:07:40:02 +0200] "GET /img/mobile/pfeil-rechts.png HTTP/1.1" 200 1228 "http://www.easydrivers.at/css/mobile.css" "Mozilla/5.0 (Linux; Android 6.0.1; D6603 Build/23.5.A.1.291) AppleWebKit/537.36 (KHTML, like Gecko) Chrome/59.0.3071.125 Mobile Safari/537.36"
85.127.179.114 - - [27/Jul/2017:07:40:03 +0200] "GET /css/mobile.css HTTP/1.1" 200 2852 "http://www.easydrivers.at/fahrschulen/steiermark" "Mozilla/5.0 (Linux; Android 5.1.1; HUAWEI M2-A01L Build/HUAWEIM2-A01L) AppleWebKit/537.36 (KHTML, like Gecko) Chrome/59.0.3071.125 Safari/537.36"
85.127.179.114 - - [27/Jul/2017:07:40:03 +0200] "GET /javascript/jquery.cookie.js HTTP/1.1" 200 863 "http://www.easydrivers.at/fahrschulen/steiermark" "Mozilla/5.0 (Linux; Android 5.1.1; HUAWEI M2-A01L Build/HUAWEIM2-A01L) AppleWebKit/537.36 (KHTML, like Gecko) Chrome/59.0.3071.125 Safari/537.36"
85.127.179.114 - - [27/Jul/2017:07:40:03 +0200] "GET /javascript/jquery-1.9.1.min.js HTTP/1.1" 200 32731 "http://www.easydrivers.at/fahrschulen/steiermark" "Mozilla/5.0 (Linux; Android 5.1.1; HUAWEI M2-A01L Build/HUAWEIM2-A01L) AppleWebKit/537.36 (KHTML, like Gecko) Chrome/59.0.3071.125 Safari/537.36"
85.127.179.114 - - [27/Jul/2017:07:40:03 +0200] "GET /javascript/mobile-menu.js HTTP/1.1" 200 1634 "http://www.easydrivers.at/fahrschulen/steiermark" "Mozilla/5.0 (Linux; Android 5.1.1; HUAWEI M2-A01L Build/HUAWEIM2-A01L) AppleWebKit/537.36 (KHTML, like Gecko) Chrome/59.0.3071.125 Safari/537.36"
85.127.179.114 - - [27/Jul/2017:07:40:03 +0200] "GET /javascript/jquery.simplemodal.js HTTP/1.1" 200 3070 "http://www.easydrivers.at/fahrschulen/steiermark" "Mozilla/5.0 (Linux; Android 5.1.1; HUAWEI M2-A01L Build/HUAWEIM2-A01L) AppleWebKit/537.36 (KHTML, like Gecko) Chrome/59.0.3071.125 Safari/537.36"
85.127.179.114 - - [27/Jul/2017:07:40:03 +0200] "GET /javascript/lazyload.js HTTP/1.1" 200 1170 "http://www.easydrivers.at/fahrschulen/steiermark" "Mozilla/5.0 (Linux; Android 5.1.1; HUAWEI M2-A01L Build/HUAWEIM2-A01L) AppleWebKit/537.36 (KHTML, like Gecko) Chrome/59.0.3071.125 Safari/537.36"
85.127.179.114 - - [27/Jul/2017:07:40:03 +0200] "GET /img/mobile/easydrivers-logo-mobile.png HTTP/1.1" 200 10766 "http://www.easydrivers.at/fahrschulen/steiermark" "Mozilla/5.0 (Linux; Android 5.1.1; HUAWEI M2-A01L Build/HUAWEIM2-A01L) AppleWebKit/537.36 (KHTML, like Gecko) Chrome/59.0.3071.125 Safari/537.36"
85.127.179.114 - - [27/Jul/2017:07:40:03 +0200] "GET /img/mobile/menu-button.png HTTP/1.1" 200 1746 "http://www.easydrivers.at/fahrschulen/steiermark" "Mozilla/5.0 (Linux; Android 5.1.1; HUAWEI M2-A01L Build/HUAWEIM2-A01L) AppleWebKit/537.36 (KHTML, like Gecko) Chrome/59.0.3071.125 Safari/537.36"
85.127.179.114 - - [27/Jul/2017:07:40:03 +0200] "GET /img/mobile/close-button.png HTTP/1.1" 200 2411 "http://www.easydrivers.at/fahrschulen/steiermark" "Mozilla/5.0 (Linux; Android 5.1.1; HUAWEI M2-A01L Build/HUAWEIM2-A01L) AppleWebKit/537.36 (KHTML, like Gecko) Chrome/59.0.3071.125 Safari/537.36"
85.127.179.114 - - [27/Jul/2017:07:40:03 +0200] "GET /img/mobile/facebook-icon.png HTTP/1.1" 200 1902 "http://www.easydrivers.at/fahrschulen/steiermark" "Mozilla/5.0 (Linux; Android 5.1.1; HUAWEI M2-A01L Build/HUAWEIM2-A01L) AppleWebKit/537.36 (KHTML, like Gecko) Chrome/59.0.3071.125 Safari/537.36"
85.127.179.114 - - [27/Jul/2017:07:40:03 +0200] "GET /img/mobile/smallicon-address.png HTTP/1.1" 200 1424 "http://www.easydrivers.at/fahrschulen/steiermark" "Mozilla/5.0 (Linux; Android 5.1.1; HUAWEI M2-A01L Build/HUAWEIM2-A01L) AppleWebKit/537.36 (KHTML, like Gecko) Chrome/59.0.3071.125 Safari/537.36"
85.127.179.114 - - [27/Jul/2017:07:40:03 +0200] "GET /img/mobile/googlemaps-pin.png HTTP/1.1" 200 1597 "http://www.easydrivers.at/fahrschulen/steiermark" "Mozilla/5.0 (Linux; Android 5.1.1; HUAWEI M2-A01L Build/HUAWEIM2-A01L) AppleWebKit/537.36 (KHTML, like Gecko) Chrome/59.0.3071.125 Safari/537.36"
85.127.179.114 - - [27/Jul/2017:07:40:03 +0200] "GET /img/mobile/smallicon-time.png HTTP/1.1" 200 1328 "http://www.easydrivers.at/fahrschulen/steiermark" "Mozilla/5.0 (Linux; Android 5.1.1; HUAWEI M2-A01L Build/HUAWEIM2-A01L) AppleWebKit/537.36 (KHTML, like Gecko) Chrome/59.0.3071.125 Safari/537.36"
85.127.179.114 - - [27/Jul/2017:07:40:03 +0200] "GET /img/mobile/bg-header.jpg HTTP/1.1" 200 19741 "http://www.easydrivers.at/css/mobile.css" "Mozilla/5.0 (Linux; Android 5.1.1; HUAWEI M2-A01L Build/HUAWEIM2-A01L) AppleWebKit/537.36 (KHTML, like Gecko) Chrome/59.0.3071.125 Safari/537.36"
85.127.179.114 - - [27/Jul/2017:07:40:03 +0200] "GET /img/mobile/weiter-button.png HTTP/1.1" 200 1670 "http://www.easydrivers.at/css/mobile.css" "Mozilla/5.0 (Linux; Android 5.1.1; HUAWEI M2-A01L Build/HUAWEIM2-A01L) AppleWebKit/537.36 (KHTML, like Gecko) Chrome/59.0.3071.125 Safari/537.36"
85.127.179.114 - - [27/Jul/2017:07:40:03 +0200] "GET /img/mobile/bg-yellow.jpg HTTP/1.1" 200 1569 "http://www.easydrivers.at/css/mobile.css" "Mozilla/5.0 (Linux; Android 5.1.1; HUAWEI M2-A01L Build/HUAWEIM2-A01L) AppleWebKit/537.36 (KHTML, like Gecko) Chrome/59.0.3071.125 Safari/537.36"
85.127.179.114 - - [27/Jul/2017:07:40:03 +0200] "GET /img/mobile/smallicon-phone.png HTTP/1.1" 200 1311 "http://www.easydrivers.at/fahrschulen/steiermark" "Mozilla/5.0 (Linux; Android 5.1.1; HUAWEI M2-A01L Build/HUAWEIM2-A01L) AppleWebKit/537.36 (KHTML, like Gecko) Chrome/59.0.3071.125 Safari/537.36"
85.127.179.114 - - [27/Jul/2017:07:40:03 +0200] "GET /img/mobile/smallicon-mail.png HTTP/1.1" 200 1335 "http://www.easydrivers.at/fahrschulen/steiermark" "Mozilla/5.0 (Linux; Android 5.1.1; HUAWEI M2-A01L Build/HUAWEIM2-A01L) AppleWebKit/537.36 (KHTML, like Gecko) Chrome/59.0.3071.125 Safari/537.36"
85.127.179.114 - - [27/Jul/2017:07:40:03 +0200] "GET /img/mobile/bg-menu.jpg HTTP/1.1" 200 1698 "http://www.easydrivers.at/css/mobile.css" "Mozilla/5.0 (Linux; Android 5.1.1; HUAWEI M2-A01L Build/HUAWEIM2-A01L) AppleWebKit/537.36 (KHTML, like Gecko) Chrome/59.0.3071.125 Safari/537.36"
85.127.179.114 - - [27/Jul/2017:07:40:03 +0200] "GET /img/mobile/pfeil-links-small.png HTTP/1.1" 200 1065 "http://www.easydrivers.at/css/mobile.css" "Mozilla/5.0 (Linux; Android 5.1.1; HUAWEI M2-A01L Build/HUAWEIM2-A01L) AppleWebKit/537.36 (KHTML, like Gecko) Chrome/59.0.3071.125 Safari/537.36"
213.147.163.140 - - [27/Jul/2017:07:40:03 +0200] "GET /img/favicon.ico HTTP/1.1" 404 300 "http://www.easydrivers.at/tulln" "Mozilla/5.0 (Linux; Android 6.0.1; D6603 Build/23.5.A.1.291) AppleWebKit/537.36 (KHTML, like Gecko) Chrome/59.0.3071.125 Mobile Safari/537.36"
85.127.179.114 - - [27/Jul/2017:07:40:04 +0200] "GET /img/favicon.ico HTTP/1.1" 404 300 "http://www.easydrivers.at/fahrschulen/steiermark" "Mozilla/5.0 (Linux; Android 5.1.1; HUAWEI M2-A01L Build/HUAWEIM2-A01L) AppleWebKit/537.36 (KHTML, like Gecko) Chrome/59.0.3071.125 Safari/537.36"
91.141.3.20 - - [27/Jul/2017:07:40:06 +0200] "GET /fuehrerscheine/motorrad HTTP/1.1" 200 2824 "http://www.easydrivers.at/fuehrerscheine/mofa" "Mozilla/5.0 (Windows NT 10.0; WOW64; rv:54.0) Gecko/20100101 Firefox/54.0"
91.141.3.20 - - [27/Jul/2017:07:40:07 +0200] "GET /binaries/easy-drivers-portal/motorrad4jpg.jpg HTTP/1.1" 200 110277 "http://www.easydrivers.at/fuehrerscheine/motorrad" "Mozilla/5.0 (Windows NT 10.0; WOW64; rv:54.0) Gecko/20100101 Firefox/54.0"
85.127.179.114 - - [27/Jul/2017:07:40:16 +0200] "GET / HTTP/1.1" 200 3563 "http://www.easydrivers.at/fahrschulen/steiermark" "Mozilla/5.0 (Linux; Android 5.1.1; HUAWEI M2-A01L Build/HUAWEIM2-A01L) AppleWebKit/537.36 (KHTML, like Gecko) Chrome/59.0.3071.125 Safari/537.36"
85.127.179.114 - - [27/Jul/2017:07:40:17 +0200] "GET /javascript/mobile-homesearch.js HTTP/1.1" 200 340 "http://www.easydrivers.at/" "Mozilla/5.0 (Linux; Android 5.1.1; HUAWEI M2-A01L Build/HUAWEIM2-A01L) AppleWebKit/537.36 (KHTML, like Gecko) Chrome/59.0.3071.125 Safari/537.36"
85.127.179.114 - - [27/Jul/2017:07:40:17 +0200] "GET /img/mobile/widget-icon-app.png HTTP/1.1" 200 3458 "http://www.easydrivers.at/" "Mozilla/5.0 (Linux; Android 5.1.1; HUAWEI M2-A01L Build/HUAWEIM2-A01L) AppleWebKit/537.36 (KHTML, like Gecko) Chrome/59.0.3071.125 Safari/537.36"
85.127.179.114 - - [27/Jul/2017:07:40:18 +0200] "GET /img/mobile/bg-top-section.jpg HTTP/1.1" 200 21711 "http://www.easydrivers.at/css/mobile.css" "Mozilla/5.0 (Linux; Android 5.1.1; HUAWEI M2-A01L Build/HUAWEIM2-A01L) AppleWebKit/537.36 (KHTML, like Gecko) Chrome/59.0.3071.125 Safari/537.36"
85.127.179.114 - - [27/Jul/2017:07:40:18 +0200] "GET /img/mobile/pfeil-rechts.png HTTP/1.1" 200 1228 "http://www.easydrivers.at/css/mobile.css" "Mozilla/5.0 (Linux; Android 5.1.1; HUAWEI M2-A01L Build/HUAWEIM2-A01L) AppleWebKit/537.36 (KHTML, like Gecko) Chrome/59.0.3071.125 Safari/537.36"
91.141.3.20 - - [27/Jul/2017:07:40:24 +0200] "GET /fuehrerscheine/motorrad/A1 HTTP/1.1" 200 4089 "http://www.easydrivers.at/fuehrerscheine/motorrad" "Mozilla/5.0 (Windows NT 10.0; WOW64; rv:54.0) Gecko/20100101 Firefox/54.0"
91.141.3.20 - - [27/Jul/2017:07:40:26 +0200] "GET /binaries/easy-drivers-portal/motorrad3jpg.jpg HTTP/1.1" 200 111280 "http://www.easydrivers.at/fuehrerscheine/motorrad/A1" "Mozilla/5.0 (Windows NT 10.0; WOW64; rv:54.0) Gecko/20100101 Firefox/54.0"
213.147.163.140 - - [27/Jul/2017:07:40:26 +0200] "GET /impressum HTTP/1.1" 200 6219 "http://www.easydrivers.at/tulln" "Mozilla/5.0 (Linux; Android 6.0.1; D6603 Build/23.5.A.1.291) AppleWebKit/537.36 (KHTML, like Gecko) Chrome/59.0.3071.125 Mobile Safari/537.36"
78.104.71.86 - - [27/Jul/2017:07:40:37 +0200] "GET / HTTP/1.1" 200 4406 "https://www.google.at/" "Mozilla/5.0 (Windows NT 10.0; Win64; x64) AppleWebKit/537.36 (KHTML, like Gecko) Chrome/59.0.3071.115 Safari/537.36"
78.104.71.86 - - [27/Jul/2017:07:40:38 +0200] "GET /img/ED_Logo.png HTTP/1.1" 200 3385 "http://www.easydrivers.at/css/style.css" "Mozilla/5.0 (Windows NT 10.0; Win64; x64) AppleWebKit/537.36 (KHTML, like Gecko) Chrome/59.0.3071.115 Safari/537.36"
78.104.71.86 - - [27/Jul/2017:07:40:38 +0200] "GET /img/bg-footer.jpg HTTP/1.1" 200 31770 "http://www.easydrivers.at/css/style.css" "Mozilla/5.0 (Windows NT 10.0; Win64; x64) AppleWebKit/537.36 (KHTML, like Gecko) Chrome/59.0.3071.115 Safari/537.36"
78.104.71.86 - - [27/Jul/2017:07:40:38 +0200] "GET /img/yellow-dots-vertical.png HTTP/1.1" 200 981 "http://www.easydrivers.at/css/style.css" "Mozilla/5.0 (Windows NT 10.0; Win64; x64) AppleWebKit/537.36 (KHTML, like Gecko) Chrome/59.0.3071.115 Safari/537.36"
78.104.71.86 - - [27/Jul/2017:07:40:39 +0200] "GET /img/purple-dots-horizontal.png HTTP/1.1" 200 977 "http://www.easydrivers.at/css/style.css" "Mozilla/5.0 (Windows NT 10.0; Win64; x64) AppleWebKit/537.36 (KHTML, like Gecko) Chrome/59.0.3071.115 Safari/537.36"
78.104.71.86 - - [27/Jul/2017:07:40:38 +0200] "GET /img/bg-top-section.jpg HTTP/1.1" 200 82172 "http://www.easydrivers.at/css/style.css" "Mozilla/5.0 (Windows NT 10.0; Win64; x64) AppleWebKit/537.36 (KHTML, like Gecko) Chrome/59.0.3071.115 Safari/537.36"
78.104.71.86 - - [27/Jul/2017:07:40:39 +0200] "GET /img/selection-box-button.png HTTP/1.1" 200 1079 "http://www.easydrivers.at/css/style.css" "Mozilla/5.0 (Windows NT 10.0; Win64; x64) AppleWebKit/537.36 (KHTML, like Gecko) Chrome/59.0.3071.115 Safari/537.36"
78.104.71.86 - - [27/Jul/2017:07:40:39 +0200] "GET /img/black-dots-vertical.png HTTP/1.1" 200 1165 "http://www.easydrivers.at/css/style.css" "Mozilla/5.0 (Windows NT 10.0; Win64; x64) AppleWebKit/537.36 (KHTML, like Gecko) Chrome/59.0.3071.115 Safari/537.36"
78.104.71.86 - - [27/Jul/2017:07:40:39 +0200] "GET /img/kursicon-print-pink.png HTTP/1.1" 200 1125 "http://www.easydrivers.at/" "Mozilla/5.0 (Windows NT 10.0; Win64; x64) AppleWebKit/537.36 (KHTML, like Gecko) Chrome/59.0.3071.115 Safari/537.36"
78.104.71.86 - - [27/Jul/2017:07:40:39 +0200] "GET /img/kursicon-download-pink.png HTTP/1.1" 200 1213 "http://www.easydrivers.at/" "Mozilla/5.0 (Windows NT 10.0; Win64; x64) AppleWebKit/537.36 (KHTML, like Gecko) Chrome/59.0.3071.115 Safari/537.36"
78.104.71.86 - - [27/Jul/2017:07:40:39 +0200] "GET /img/kursicon-share-pink.png HTTP/1.1" 200 1277 "http://www.easydrivers.at/" "Mozilla/5.0 (Windows NT 10.0; Win64; x64) AppleWebKit/537.36 (KHTML, like Gecko) Chrome/59.0.3071.115 Safari/537.36"
78.104.71.86 - - [27/Jul/2017:07:40:39 +0200] "GET /img/kursicon-phone-pink.png HTTP/1.1" 200 1286 "http://www.easydrivers.at/" "Mozilla/5.0 (Windows NT 10.0; Win64; x64) AppleWebKit/537.36 (KHTML, like Gecko) Chrome/59.0.3071.115 Safari/537.36"
78.104.71.86 - - [27/Jul/2017:07:40:38 +0200] "GET /img/bg-header.jpg HTTP/1.1" 200 38680 "http://www.easydrivers.at/css/style.css" "Mozilla/5.0 (Windows NT 10.0; Win64; x64) AppleWebKit/537.36 (KHTML, like Gecko) Chrome/59.0.3071.115 Safari/537.36"
85.127.179.114 - - [27/Jul/2017:07:40:44 +0200] "GET /img/loading-bars.gif HTTP/1.1" 200 3951 "http://www.easydrivers.at/css/mobile.css" "Mozilla/5.0 (Linux; Android 5.1.1; HUAWEI M2-A01L Build/HUAWEIM2-A01L) AppleWebKit/537.36 (KHTML, like Gecko) Chrome/59.0.3071.125 Safari/537.36"
85.127.179.114 - - [27/Jul/2017:07:40:44 +0200] "POST /suche HTTP/1.1" 200 1915 "http://www.easydrivers.at/" "Mozilla/5.0 (Linux; Android 5.1.1; HUAWEI M2-A01L Build/HUAWEIM2-A01L) AppleWebKit/537.36 (KHTML, like Gecko) Chrome/59.0.3071.125 Safari/537.36"
85.127.179.114 - - [27/Jul/2017:07:40:50 +0200] "GET / HTTP/1.1" 200 3563 "http://www.easydrivers.at/fahrschulen/steiermark" "Mozilla/5.0 (Linux; Android 5.1.1; HUAWEI M2-A01L Build/HUAWEIM2-A01L) AppleWebKit/537.36 (KHTML, like Gecko) Chrome/59.0.3071.125 Safari/537.36"
193.187.3.11 - - [27/Jul/2017:07:40:53 +0200] "GET /fuehrerscheine/traktor/F-Plus HTTP/1.1" 200 3712 "http://www.easydrivers.at/fuehrerscheine/traktor" "Mozilla/5.0 (Windows NT 6.1; Trident/7.0; rv:11.0) like Gecko"
193.187.3.11 - - [27/Jul/2017:07:40:54 +0200] "GET /javascript/product.js HTTP/1.1" 200 139 "http://www.easydrivers.at/fuehrerscheine/traktor/F-Plus" "Mozilla/5.0 (Windows NT 6.1; Trident/7.0; rv:11.0) like Gecko"
193.187.3.11 - - [27/Jul/2017:07:40:54 +0200] "GET /binaries/easy-drivers-portal/traktor1jpg.jpg HTTP/1.1" 200 121024 "http://www.easydrivers.at/fuehrerscheine/traktor/F-Plus" "Mozilla/5.0 (Windows NT 6.1; Trident/7.0; rv:11.0) like Gecko"
193.187.3.11 - - [27/Jul/2017:07:40:54 +0200] "GET /img/arrow-left.png HTTP/1.1" 200 1015 "http://www.easydrivers.at/fuehrerscheine/traktor/F-Plus" "Mozilla/5.0 (Windows NT 6.1; Trident/7.0; rv:11.0) like Gecko"
85.127.179.114 - - [27/Jul/2017:07:40:56 +0200] "POST /suche HTTP/1.1" 200 4571 "http://www.easydrivers.at/" "Mozilla/5.0 (Linux; Android 5.1.1; HUAWEI M2-A01L Build/HUAWEIM2-A01L) AppleWebKit/537.36 (KHTML, like Gecko) Chrome/59.0.3071.125 Safari/537.36"
85.127.179.114 - - [27/Jul/2017:07:40:58 +0200] "GET /javascript/mobile-kurs-suchergebnis.js HTTP/1.1" 200 382 "http://www.easydrivers.at/suche" "Mozilla/5.0 (Linux; Android 5.1.1; HUAWEI M2-A01L Build/HUAWEIM2-A01L) AppleWebKit/537.36 (KHTML, like Gecko) Chrome/59.0.3071.125 Safari/537.36"
85.127.179.114 - - [27/Jul/2017:07:41:08 +0200] "GET / HTTP/1.1" 200 3563 "http://www.easydrivers.at/fahrschulen/steiermark" "Mozilla/5.0 (Linux; Android 5.1.1; HUAWEI M2-A01L Build/HUAWEIM2-A01L) AppleWebKit/537.36 (KHTML, like Gecko) Chrome/59.0.3071.125 Safari/537.36"
178.191.114.241 - - [27/Jul/2017:07:41:14 +0200] "GET /binaries/easy-drivers-pankl-mariazell/fahrpr.pdf HTTP/1.1" 200 193072 "https://www.google.at/" "Mozilla/5.0 (Linux; Android 7.0; SM-G920F Build/NRD90M) AppleWebKit/537.36 (KHTML, like Gecko) Chrome/59.0.3071.125 Mobile Safari/537.36"
85.127.179.114 - - [27/Jul/2017:07:41:15 +0200] "GET /fahrschulen/steiermark HTTP/1.1" 200 2923 "https://www.google.at/" "Mozilla/5.0 (Linux; Android 5.1.1; HUAWEI M2-A01L Build/HUAWEIM2-A01L) AppleWebKit/537.36 (KHTML, like Gecko) Chrome/59.0.3071.125 Safari/537.36"
91.141.3.20 - - [27/Jul/2017:07:41:22 +0200] "GET /linz HTTP/1.1" 200 3379 "https://www.google.at/" "Mozilla/5.0 (Windows NT 10.0; WOW64; rv:54.0) Gecko/20100101 Firefox/54.0"
91.141.3.20 - - [27/Jul/2017:07:41:45 +0200] "POST /linz/kursauswahl HTTP/1.1" 200 4046 "http://www.easydrivers.at/linz" "Mozilla/5.0 (Windows NT 10.0; WOW64; rv:54.0) Gecko/20100101 Firefox/54.0"
193.187.3.11 - - [27/Jul/2017:07:41:56 +0200] "POST / HTTP/1.1" 200 4412 "http://www.easydrivers.at/fuehrerscheine/traktor/F-Plus" "Mozilla/5.0 (Windows NT 6.1; Trident/7.0; rv:11.0) like Gecko"
193.187.3.11 - - [27/Jul/2017:07:41:57 +0200] "GET /javascript/homesearch.js HTTP/1.1" 200 393 "http://www.easydrivers.at/" "Mozilla/5.0 (Windows NT 6.1; Trident/7.0; rv:11.0) like Gecko"
193.187.3.11 - - [27/Jul/2017:07:41:57 +0200] "GET /img/empty.gif HTTP/1.1" 200 43 "http://www.easydrivers.at/" "Mozilla/5.0 (Windows NT 6.1; Trident/7.0; rv:11.0) like Gecko"
193.187.3.11 - - [27/Jul/2017:07:41:57 +0200] "GET /img/bg-top-section.jpg HTTP/1.1" 200 82172 "http://www.easydrivers.at/" "Mozilla/5.0 (Windows NT 6.1; Trident/7.0; rv:11.0) like Gecko"
193.187.3.11 - - [27/Jul/2017:07:41:57 +0200] "GET /img/purple-dots-horizontal.png HTTP/1.1" 200 977 "http://www.easydrivers.at/" "Mozilla/5.0 (Windows NT 6.1; Trident/7.0; rv:11.0) like Gecko"
193.187.3.11 - - [27/Jul/2017:07:41:57 +0200] "GET /img/selection-box-button.png HTTP/1.1" 200 1079 "http://www.easydrivers.at/" "Mozilla/5.0 (Windows NT 6.1; Trident/7.0; rv:11.0) like Gecko"
91.141.3.20 - - [27/Jul/2017:07:42:00 +0200] "GET /links HTTP/1.1" 200 2318 "http://www.easydrivers.at/linz/kursauswahl" "Mozilla/5.0 (Windows NT 10.0; WOW64; rv:54.0) Gecko/20100101 Firefox/54.0"
91.141.3.20 - - [27/Jul/2017:07:42:02 +0200] "GET /binaries/easy-drivers-portal/moped1jpg.jpg HTTP/1.1" 200 60962 "http://www.easydrivers.at/links" "Mozilla/5.0 (Windows NT 10.0; WOW64; rv:54.0) Gecko/20100101 Firefox/54.0"
66.249.75.204 - - [27/Jul/2017:07:42:01 +0200] "GET /hollabrunn/kurse/Preisliste.php HTTP/1.1" 404 3074 "-" "Mozilla/5.0 (Linux; Android 6.0.1; Nexus 5X Build/MMB29P) AppleWebKit/537.36 (KHTML, like Gecko) Chrome/41.0.2272.96 Mobile Safari/537.36 (compatible; Googlebot/2.1; +http://www.google.com/bot.html)"
193.187.3.11 - - [27/Jul/2017:07:42:04 +0200] "GET /img/loading-bars.gif HTTP/1.1" 200 3951 "http://www.easydrivers.at/" "Mozilla/5.0 (Windows NT 6.1; Trident/7.0; rv:11.0) like Gecko"
193.187.3.11 - - [27/Jul/2017:07:42:04 +0200] "POST /suche HTTP/1.1" 200 3180 "http://www.easydrivers.at/" "Mozilla/5.0 (Windows NT 6.1; Trident/7.0; rv:11.0) like Gecko"
193.187.3.11 - - [27/Jul/2017:07:42:05 +0200] "GET /javascript/suche.js HTTP/1.1" 200 209 "http://www.easydrivers.at/suche" "Mozilla/5.0 (Windows NT 6.1; Trident/7.0; rv:11.0) like Gecko"
193.187.3.11 - - [27/Jul/2017:07:42:05 +0200] "GET /css/showLoading.css HTTP/1.1" 200 219 "http://www.easydrivers.at/suche" "Mozilla/5.0 (Windows NT 6.1; Trident/7.0; rv:11.0) like Gecko"
193.187.3.11 - - [27/Jul/2017:07:42:05 +0200] "GET /binaries/easy-drivers-portal/traktor3jpg.jpg HTTP/1.1" 200 131201 "http://www.easydrivers.at/suche" "Mozilla/5.0 (Windows NT 6.1; Trident/7.0; rv:11.0) like Gecko"
193.187.3.11 - - [27/Jul/2017:07:42:05 +0200] "GET /javascript/jquery.base64.min.js HTTP/1.1" 200 37135 "http://www.easydrivers.at/suche" "Mozilla/5.0 (Windows NT 6.1; Trident/7.0; rv:11.0) like Gecko"
193.187.3.11 - - [27/Jul/2017:07:42:07 +0200] "GET / HTTP/1.1" 200 4406 "http://www.easydrivers.at/suche" "Mozilla/5.0 (Windows NT 6.1; Trident/7.0; rv:11.0) like Gecko"
91.141.3.20 - - [27/Jul/2017:07:42:09 +0200] "GET /fahrschulen HTTP/1.1" 200 3923 "http://www.easydrivers.at/links" "Mozilla/5.0 (Windows NT 10.0; WOW64; rv:54.0) Gecko/20100101 Firefox/54.0"
91.141.3.20 - - [27/Jul/2017:07:42:11 +0200] "GET /javascript/fahrschulen.js HTTP/1.1" 200 470 "http://www.easydrivers.at/fahrschulen" "Mozilla/5.0 (Windows NT 10.0; WOW64; rv:54.0) Gecko/20100101 Firefox/54.0"
91.141.3.20 - - [27/Jul/2017:07:42:11 +0200] "GET /img/austria-map-burgenland.png HTTP/1.1" 200 10146 "http://www.easydrivers.at/fahrschulen" "Mozilla/5.0 (Windows NT 10.0; WOW64; rv:54.0) Gecko/20100101 Firefox/54.0"
91.141.3.20 - - [27/Jul/2017:07:42:11 +0200] "GET /img/austria-map-kaernten.png HTTP/1.1" 200 9968 "http://www.easydrivers.at/fahrschulen" "Mozilla/5.0 (Windows NT 10.0; WOW64; rv:54.0) Gecko/20100101 Firefox/54.0"
91.141.3.20 - - [27/Jul/2017:07:42:11 +0200] "GET /img/austria-map-noe.png HTTP/1.1" 200 17166 "http://www.easydrivers.at/fahrschulen" "Mozilla/5.0 (Windows NT 10.0; WOW64; rv:54.0) Gecko/20100101 Firefox/54.0"
91.141.3.20 - - [27/Jul/2017:07:42:11 +0200] "GET /img/austria-map-ooe.png HTTP/1.1" 200 14597 "http://www.easydrivers.at/fahrschulen" "Mozilla/5.0 (Windows NT 10.0; WOW64; rv:54.0) Gecko/20100101 Firefox/54.0"
91.141.3.20 - - [27/Jul/2017:07:42:11 +0200] "GET /img/austria-map-steiermark.png HTTP/1.1" 200 14192 "http://www.easydrivers.at/fahrschulen" "Mozilla/5.0 (Windows NT 10.0; WOW64; rv:54.0) Gecko/20100101 Firefox/54.0"
91.141.3.20 - - [27/Jul/2017:07:42:11 +0200] "GET /img/austria-map.jpg HTTP/1.1" 200 57110 "http://www.easydrivers.at/fahrschulen" "Mozilla/5.0 (Windows NT 10.0; WOW64; rv:54.0) Gecko/20100101 Firefox/54.0"
91.141.3.20 - - [27/Jul/2017:07:42:11 +0200] "GET /img/austria-map-wien.png HTTP/1.1" 200 2864 "http://www.easydrivers.at/fahrschulen" "Mozilla/5.0 (Windows NT 10.0; WOW64; rv:54.0) Gecko/20100101 Firefox/54.0"
91.141.3.20 - - [27/Jul/2017:07:42:11 +0200] "GET /img/austria-map-salzburg.png HTTP/1.1" 200 13786 "http://www.easydrivers.at/fahrschulen" "Mozilla/5.0 (Windows NT 10.0; WOW64; rv:54.0) Gecko/20100101 Firefox/54.0"
91.141.3.20 - - [27/Jul/2017:07:42:11 +0200] "GET /img/austria-map-tirol.png HTTP/1.1" 200 13911 "http://www.easydrivers.at/fahrschulen" "Mozilla/5.0 (Windows NT 10.0; WOW64; rv:54.0) Gecko/20100101 Firefox/54.0"
91.141.3.20 - - [27/Jul/2017:07:42:12 +0200] "GET /img/austria-map-vorarlberg.png HTTP/1.1" 200 5780 "http://www.easydrivers.at/fahrschulen" "Mozilla/5.0 (Windows NT 10.0; WOW64; rv:54.0) Gecko/20100101 Firefox/54.0"
193.187.3.11 - - [27/Jul/2017:07:42:12 +0200] "POST /fahrschulen/3874 HTTP/1.1" 200 2772 "http://www.easydrivers.at/" "Mozilla/5.0 (Windows NT 6.1; Trident/7.0; rv:11.0) like Gecko"
193.187.3.11 - - [27/Jul/2017:07:42:14 +0200] "GET /img/smallicon-mail.png HTTP/1.1" 200 1341 "http://www.easydrivers.at/fahrschulen/3874" "Mozilla/5.0 (Windows NT 6.1; Trident/7.0; rv:11.0) like Gecko"
91.141.3.20 - - [27/Jul/2017:07:42:15 +0200] "GET /fahrschulen/oberoesterreich HTTP/1.1" 200 3103 "http://www.easydrivers.at/fahrschulen" "Mozilla/5.0 (Windows NT 10.0; WOW64; rv:54.0) Gecko/20100101 Firefox/54.0"
91.141.3.20 - - [27/Jul/2017:07:42:17 +0200] "GET /img/smallicon-address.png HTTP/1.1" 200 1211 "http://www.easydrivers.at/fahrschulen/oberoesterreich" "Mozilla/5.0 (Windows NT 10.0; WOW64; rv:54.0) Gecko/20100101 Firefox/54.0"
91.141.3.20 - - [27/Jul/2017:07:42:17 +0200] "GET /img/smallicon-time.png HTTP/1.1" 200 1262 "http://www.easydrivers.at/fahrschulen/oberoesterreich" "Mozilla/5.0 (Windows NT 10.0; WOW64; rv:54.0) Gecko/20100101 Firefox/54.0"
91.141.3.20 - - [27/Jul/2017:07:42:17 +0200] "GET /img/smallicon-phone.png HTTP/1.1" 200 3056 "http://www.easydrivers.at/fahrschulen/oberoesterreich" "Mozilla/5.0 (Windows NT 10.0; WOW64; rv:54.0) Gecko/20100101 Firefox/54.0"
91.141.3.20 - - [27/Jul/2017:07:42:17 +0200] "GET /img/smallicon-mail.png HTTP/1.1" 200 1341 "http://www.easydrivers.at/fahrschulen/oberoesterreich" "Mozilla/5.0 (Windows NT 10.0; WOW64; rv:54.0) Gecko/20100101 Firefox/54.0"
46.207.141.160 - - [27/Jul/2017:07:42:24 +0200] "GET /zwettl HTTP/1.1" 200 2910 "https://www.google.at/" "Mozilla/5.0 (Linux; Android 6.0.1; SM-G800F Build/MMB29K) AppleWebKit/537.36 (KHTML, like Gecko) Chrome/59.0.3071.125 Mobile Safari/537.36"
46.207.141.160 - - [27/Jul/2017:07:42:27 +0200] "GET /css/mobile.css HTTP/1.1" 200 2852 "http://www.easydrivers.at/zwettl" "Mozilla/5.0 (Linux; Android 6.0.1; SM-G800F Build/MMB29K) AppleWebKit/537.36 (KHTML, like Gecko) Chrome/59.0.3071.125 Mobile Safari/537.36"
46.207.141.160 - - [27/Jul/2017:07:42:27 +0200] "GET /javascript/jquery.cookie.js HTTP/1.1" 200 863 "http://www.easydrivers.at/zwettl" "Mozilla/5.0 (Linux; Android 6.0.1; SM-G800F Build/MMB29K) AppleWebKit/537.36 (KHTML, like Gecko) Chrome/59.0.3071.125 Mobile Safari/537.36"
46.207.141.160 - - [27/Jul/2017:07:42:27 +0200] "GET /javascript/mobile-menu.js HTTP/1.1" 200 1634 "http://www.easydrivers.at/zwettl" "Mozilla/5.0 (Linux; Android 6.0.1; SM-G800F Build/MMB29K) AppleWebKit/537.36 (KHTML, like Gecko) Chrome/59.0.3071.125 Mobile Safari/537.36"
46.207.141.160 - - [27/Jul/2017:07:42:27 +0200] "GET /javascript/jquery.simplemodal.js HTTP/1.1" 200 3070 "http://www.easydrivers.at/zwettl" "Mozilla/5.0 (Linux; Android 6.0.1; SM-G800F Build/MMB29K) AppleWebKit/537.36 (KHTML, like Gecko) Chrome/59.0.3071.125 Mobile Safari/537.36"
46.207.141.160 - - [27/Jul/2017:07:42:27 +0200] "GET /javascript/jquery-1.9.1.min.js HTTP/1.1" 200 32731 "http://www.easydrivers.at/zwettl" "Mozilla/5.0 (Linux; Android 6.0.1; SM-G800F Build/MMB29K) AppleWebKit/537.36 (KHTML, like Gecko) Chrome/59.0.3071.125 Mobile Safari/537.36"
46.207.141.160 - - [27/Jul/2017:07:42:27 +0200] "GET /javascript/mobile-fahrschule.js HTTP/1.1" 200 328 "http://www.easydrivers.at/zwettl" "Mozilla/5.0 (Linux; Android 6.0.1; SM-G800F Build/MMB29K) AppleWebKit/537.36 (KHTML, like Gecko) Chrome/59.0.3071.125 Mobile Safari/537.36"
46.207.141.160 - - [27/Jul/2017:07:42:27 +0200] "GET /javascript/lazyload.js HTTP/1.1" 200 1170 "http://www.easydrivers.at/zwettl" "Mozilla/5.0 (Linux; Android 6.0.1; SM-G800F Build/MMB29K) AppleWebKit/537.36 (KHTML, like Gecko) Chrome/59.0.3071.125 Mobile Safari/537.36"
46.207.141.160 - - [27/Jul/2017:07:42:27 +0200] "GET /img/mobile/easydrivers-logo-mobile.png HTTP/1.1" 200 10766 "http://www.easydrivers.at/zwettl" "Mozilla/5.0 (Linux; Android 6.0.1; SM-G800F Build/MMB29K) AppleWebKit/537.36 (KHTML, like Gecko) Chrome/59.0.3071.125 Mobile Safari/537.36"
46.207.141.160 - - [27/Jul/2017:07:42:27 +0200] "GET /img/mobile/menu-button.png HTTP/1.1" 200 1746 "http://www.easydrivers.at/zwettl" "Mozilla/5.0 (Linux; Android 6.0.1; SM-G800F Build/MMB29K) AppleWebKit/537.36 (KHTML, like Gecko) Chrome/59.0.3071.125 Mobile Safari/537.36"
46.207.141.160 - - [27/Jul/2017:07:42:27 +0200] "GET /img/mobile/close-button.png HTTP/1.1" 200 2411 "http://www.easydrivers.at/zwettl" "Mozilla/5.0 (Linux; Android 6.0.1; SM-G800F Build/MMB29K) AppleWebKit/537.36 (KHTML, like Gecko) Chrome/59.0.3071.125 Mobile Safari/537.36"
46.207.141.160 - - [27/Jul/2017:07:42:27 +0200] "GET /img/mobile/facebook-icon.png HTTP/1.1" 200 1902 "http://www.easydrivers.at/zwettl" "Mozilla/5.0 (Linux; Android 6.0.1; SM-G800F Build/MMB29K) AppleWebKit/537.36 (KHTML, like Gecko) Chrome/59.0.3071.125 Mobile Safari/537.36"
46.207.141.160 - - [27/Jul/2017:07:42:27 +0200] "GET /img/mobile/info-button.png HTTP/1.1" 200 1549 "http://www.easydrivers.at/zwettl" "Mozilla/5.0 (Linux; Android 6.0.1; SM-G800F Build/MMB29K) AppleWebKit/537.36 (KHTML, like Gecko) Chrome/59.0.3071.125 Mobile Safari/537.36"
46.207.141.160 - - [27/Jul/2017:07:42:27 +0200] "GET /img/mobile/info-close-button.png HTTP/1.1" 200 1721 "http://www.easydrivers.at/zwettl" "Mozilla/5.0 (Linux; Android 6.0.1; SM-G800F Build/MMB29K) AppleWebKit/537.36 (KHTML, like Gecko) Chrome/59.0.3071.125 Mobile Safari/537.36"
46.207.141.160 - - [27/Jul/2017:07:42:27 +0200] "GET /img/smallicon-person.png HTTP/1.1" 200 1141 "http://www.easydrivers.at/zwettl" "Mozilla/5.0 (Linux; Android 6.0.1; SM-G800F Build/MMB29K) AppleWebKit/537.36 (KHTML, like Gecko) Chrome/59.0.3071.125 Mobile Safari/537.36"
46.207.141.160 - - [27/Jul/2017:07:42:27 +0200] "GET /img/smallicon-address.png HTTP/1.1" 200 1211 "http://www.easydrivers.at/zwettl" "Mozilla/5.0 (Linux; Android 6.0.1; SM-G800F Build/MMB29K) AppleWebKit/537.36 (KHTML, like Gecko) Chrome/59.0.3071.125 Mobile Safari/537.36"
46.207.141.160 - - [27/Jul/2017:07:42:27 +0200] "GET /img/mobile/googlemaps-pin.png HTTP/1.1" 200 1597 "http://www.easydrivers.at/zwettl" "Mozilla/5.0 (Linux; Android 6.0.1; SM-G800F Build/MMB29K) AppleWebKit/537.36 (KHTML, like Gecko) Chrome/59.0.3071.125 Mobile Safari/537.36"
46.207.141.160 - - [27/Jul/2017:07:42:27 +0200] "GET /img/mobile/widget-icon-app.png HTTP/1.1" 200 3458 "http://www.easydrivers.at/zwettl" "Mozilla/5.0 (Linux; Android 6.0.1; SM-G800F Build/MMB29K) AppleWebKit/537.36 (KHTML, like Gecko) Chrome/59.0.3071.125 Mobile Safari/537.36"
46.207.141.160 - - [27/Jul/2017:07:42:27 +0200] "GET /img/mobile/bg-top-section.jpg HTTP/1.1" 200 21711 "http://www.easydrivers.at/css/mobile.css" "Mozilla/5.0 (Linux; Android 6.0.1; SM-G800F Build/MMB29K) AppleWebKit/537.36 (KHTML, like Gecko) Chrome/59.0.3071.125 Mobile Safari/537.36"
46.207.141.160 - - [27/Jul/2017:07:42:27 +0200] "GET /img/smallicon-time.png HTTP/1.1" 200 1262 "http://www.easydrivers.at/zwettl" "Mozilla/5.0 (Linux; Android 6.0.1; SM-G800F Build/MMB29K) AppleWebKit/537.36 (KHTML, like Gecko) Chrome/59.0.3071.125 Mobile Safari/537.36"
46.207.141.160 - - [27/Jul/2017:07:42:27 +0200] "GET /img/mobile/bg-header.jpg HTTP/1.1" 200 19741 "http://www.easydrivers.at/css/mobile.css" "Mozilla/5.0 (Linux; Android 6.0.1; SM-G800F Build/MMB29K) AppleWebKit/537.36 (KHTML, like Gecko) Chrome/59.0.3071.125 Mobile Safari/537.36"
46.207.141.160 - - [27/Jul/2017:07:42:27 +0200] "GET /img/mobile/pfeil-rechts.png HTTP/1.1" 200 1228 "http://www.easydrivers.at/css/mobile.css" "Mozilla/5.0 (Linux; Android 6.0.1; SM-G800F Build/MMB29K) AppleWebKit/537.36 (KHTML, like Gecko) Chrome/59.0.3071.125 Mobile Safari/537.36"
46.207.141.160 - - [27/Jul/2017:07:42:27 +0200] "GET /img/smallicon-phone.png HTTP/1.1" 200 3056 "http://www.easydrivers.at/zwettl" "Mozilla/5.0 (Linux; Android 6.0.1; SM-G800F Build/MMB29K) AppleWebKit/537.36 (KHTML, like Gecko) Chrome/59.0.3071.125 Mobile Safari/537.36"
46.207.141.160 - - [27/Jul/2017:07:42:27 +0200] "GET /img/smallicon-mail.png HTTP/1.1" 200 1341 "http://www.easydrivers.at/zwettl" "Mozilla/5.0 (Linux; Android 6.0.1; SM-G800F Build/MMB29K) AppleWebKit/537.36 (KHTML, like Gecko) Chrome/59.0.3071.125 Mobile Safari/537.36"
46.207.141.160 - - [27/Jul/2017:07:42:27 +0200] "GET /img/mobile/bg-menu.jpg HTTP/1.1" 200 1698 "http://www.easydrivers.at/css/mobile.css" "Mozilla/5.0 (Linux; Android 6.0.1; SM-G800F Build/MMB29K) AppleWebKit/537.36 (KHTML, like Gecko) Chrome/59.0.3071.125 Mobile Safari/537.36"
46.207.141.160 - - [27/Jul/2017:07:42:28 +0200] "GET /img/favicon.ico HTTP/1.1" 404 300 "http://www.easydrivers.at/zwettl" "Mozilla/5.0 (Linux; Android 6.0.1; SM-G800F Build/MMB29K) AppleWebKit/537.36 (KHTML, like Gecko) Chrome/59.0.3071.125 Mobile Safari/537.36"
188.21.188.38 - - [27/Jul/2017:07:42:29 +0200] "GET / HTTP/1.1" 200 4406 "https://www.bing.com/" "Mozilla/5.0 (Windows NT 6.1; WOW64; Trident/7.0; rv:11.0) like Gecko"
193.187.3.11 - - [27/Jul/2017:07:42:33 +0200] "GET /favicon.ico HTTP/1.1" 200 1150 "-" "Mozilla/5.0 (Windows NT 6.1; Trident/7.0; rv:11.0) like Gecko"
46.207.141.160 - - [27/Jul/2017:07:42:32 +0200] "GET /zwettl HTTP/1.1" 200 2910 "http://www.easydrivers.at/zwettl" "Mozilla/5.0 (Linux; Android 6.0.1; SM-G800F Build/MMB29K) AppleWebKit/537.36 (KHTML, like Gecko) Chrome/59.0.3071.125 Mobile Safari/537.36"
204.79.180.7 - - [27/Jul/2017:07:42:56 +0200] "GET /steyr/service HTTP/1.1" 200 4027 "-" "Mozilla/5.0 (compatible; MSIE 9.0; Windows NT 6.0; Trident/5.0; Trident/5.0)"
204.79.180.11 - - [27/Jul/2017:07:43:02 +0200] "GET /css/style.css HTTP/1.1" 200 5004 "http://www.easydrivers.at/steyr/service" "Mozilla/5.0 (compatible; MSIE 9.0; Windows NT 6.0; Trident/5.0; Trident/5.0)"
204.79.180.0 - - [27/Jul/2017:07:43:02 +0200] "GET /css/print.css HTTP/1.1" 200 967 "http://www.easydrivers.at/steyr/service" "Mozilla/5.0 (compatible; MSIE 9.0; Windows NT 6.0; Trident/5.0; Trident/5.0)"
204.79.180.2 - - [27/Jul/2017:07:43:03 +0200] "GET /javascript/jquery.simplemodal.js HTTP/1.1" 200 3070 "http://www.easydrivers.at/steyr/service" "Mozilla/5.0 (compatible; MSIE 9.0; Windows NT 6.0; Trident/5.0; Trident/5.0)"
204.79.180.21 - - [27/Jul/2017:07:43:05 +0200] "GET /javascript/portal.js?1221842734 HTTP/1.1" 200 3529 "http://www.easydrivers.at/steyr/service" "Mozilla/5.0 (compatible; MSIE 9.0; Windows NT 6.0; Trident/5.0; Trident/5.0)"
204.79.180.7 - - [27/Jul/2017:07:43:05 +0200] "GET /javascript/jquery.cookie.js HTTP/1.1" 200 863 "http://www.easydrivers.at/steyr/service" "Mozilla/5.0 (compatible; MSIE 9.0; Windows NT 6.0; Trident/5.0; Trident/5.0)"
204.79.180.22 - - [27/Jul/2017:07:43:05 +0200] "GET /javascript/lazyload.js HTTP/1.1" 200 1170 "http://www.easydrivers.at/steyr/service" "Mozilla/5.0 (compatible; MSIE 9.0; Windows NT 6.0; Trident/5.0; Trident/5.0)"
204.79.180.20 - - [27/Jul/2017:07:43:06 +0200] "GET /javascript/fahrschule.js HTTP/1.1" 200 462 "http://www.easydrivers.at/steyr/service" "Mozilla/5.0 (compatible; MSIE 9.0; Windows NT 6.0; Trident/5.0; Trident/5.0)"
204.79.180.20 - - [27/Jul/2017:07:43:11 +0200] "GET /javascript/jquery.customSelect.min.js HTTP/1.1" 200 912 "http://www.easydrivers.at/steyr/service" "Mozilla/5.0 (compatible; MSIE 9.0; Windows NT 6.0; Trident/5.0; Trident/5.0)"
217.250.173.222 - - [27/Jul/2017:07:43:16 +0200] "GET /wieselburg HTTP/1.1" 200 3472 "-" "Mozilla/5.0 (Windows; U; Windows NT 6.0; de; rv:1.9.2.3) Gecko/20100401 Firefox/3.6.3 ( .NET CLR 3.5.30729)"
195.245.92.81 - - [27/Jul/2017:07:43:17 +0200] "GET / HTTP/1.1" 200 4406 "-" "Mozilla/5.0 (Windows NT 6.1; WOW64; rv:52.0) Gecko/20100101 Firefox/52.0"
195.245.92.81 - - [27/Jul/2017:07:43:18 +0200] "GET /css/style.css HTTP/1.1" 200 5004 "http://www.easydrivers.at/" "Mozilla/5.0 (Windows NT 6.1; WOW64; rv:52.0) Gecko/20100101 Firefox/52.0"
195.245.92.81 - - [27/Jul/2017:07:43:18 +0200] "GET /css/print.css HTTP/1.1" 200 967 "http://www.easydrivers.at/" "Mozilla/5.0 (Windows NT 6.1; WOW64; rv:52.0) Gecko/20100101 Firefox/52.0"
195.245.92.81 - - [27/Jul/2017:07:43:18 +0200] "GET /javascript/jquery.customSelect.min.js HTTP/1.1" 200 912 "http://www.easydrivers.at/" "Mozilla/5.0 (Windows NT 6.1; WOW64; rv:52.0) Gecko/20100101 Firefox/52.0"
195.245.92.81 - - [27/Jul/2017:07:43:18 +0200] "GET /javascript/portal.js?1221842734 HTTP/1.1" 200 3529 "http://www.easydrivers.at/" "Mozilla/5.0 (Windows NT 6.1; WOW64; rv:52.0) Gecko/20100101 Firefox/52.0"
195.245.92.81 - - [27/Jul/2017:07:43:18 +0200] "GET /javascript/jquery.simplemodal.js HTTP/1.1" 200 3070 "http://www.easydrivers.at/" "Mozilla/5.0 (Windows NT 6.1; WOW64; rv:52.0) Gecko/20100101 Firefox/52.0"
195.245.92.81 - - [27/Jul/2017:07:43:18 +0200] "GET /javascript/jquery.cookie.js HTTP/1.1" 200 863 "http://www.easydrivers.at/" "Mozilla/5.0 (Windows NT 6.1; WOW64; rv:52.0) Gecko/20100101 Firefox/52.0"
195.245.92.81 - - [27/Jul/2017:07:43:18 +0200] "GET /javascript/lazyload.js HTTP/1.1" 200 1170 "http://www.easydrivers.at/" "Mozilla/5.0 (Windows NT 6.1; WOW64; rv:52.0) Gecko/20100101 Firefox/52.0"
195.245.92.81 - - [27/Jul/2017:07:43:18 +0200] "GET /javascript/homesearch.js HTTP/1.1" 200 393 "http://www.easydrivers.at/" "Mozilla/5.0 (Windows NT 6.1; WOW64; rv:52.0) Gecko/20100101 Firefox/52.0"
195.245.92.81 - - [27/Jul/2017:07:43:18 +0200] "GET /img/empty.gif HTTP/1.1" 200 43 "http://www.easydrivers.at/" "Mozilla/5.0 (Windows NT 6.1; WOW64; rv:52.0) Gecko/20100101 Firefox/52.0"
195.245.92.81 - - [27/Jul/2017:07:43:18 +0200] "GET /img/facebook-icon.png HTTP/1.1" 200 1506 "http://www.easydrivers.at/" "Mozilla/5.0 (Windows NT 6.1; WOW64; rv:52.0) Gecko/20100101 Firefox/52.0"
195.245.92.81 - - [27/Jul/2017:07:43:18 +0200] "GET /binaries/easy-drivers-portal/widget-icon-apppng.png HTTP/1.1" 200 2432 "http://www.easydrivers.at/" "Mozilla/5.0 (Windows NT 6.1; WOW64; rv:52.0) Gecko/20100101 Firefox/52.0"
195.245.92.81 - - [27/Jul/2017:07:43:18 +0200] "GET /binaries/easy-drivers-portal/widget-icon-expertspng.png HTTP/1.1" 200 2159 "http://www.easydrivers.at/" "Mozilla/5.0 (Windows NT 6.1; WOW64; rv:52.0) Gecko/20100101 Firefox/52.0"
195.245.92.81 - - [27/Jul/2017:07:43:18 +0200] "GET /img/schweiz-icon.png HTTP/1.1" 200 1504 "http://www.easydrivers.at/" "Mozilla/5.0 (Windows NT 6.1; WOW64; rv:52.0) Gecko/20100101 Firefox/52.0"
195.245.92.81 - - [27/Jul/2017:07:43:18 +0200] "GET /binaries/easy-drivers-portal/widget-icon-trainingpng.png HTTP/1.1" 200 2662 "http://www.easydrivers.at/" "Mozilla/5.0 (Windows NT 6.1; WOW64; rv:52.0) Gecko/20100101 Firefox/52.0"
195.245.92.81 - - [27/Jul/2017:07:43:18 +0200] "GET /img/submit-button.png HTTP/1.1" 200 1958 "http://www.easydrivers.at/" "Mozilla/5.0 (Windows NT 6.1; WOW64; rv:52.0) Gecko/20100101 Firefox/52.0"
195.245.92.81 - - [27/Jul/2017:07:43:19 +0200] "GET /img/close-button.png HTTP/1.1" 200 2237 "http://www.easydrivers.at/" "Mozilla/5.0 (Windows NT 6.1; WOW64; rv:52.0) Gecko/20100101 Firefox/52.0"
195.245.92.81 - - [27/Jul/2017:07:43:19 +0200] "GET /img/purple-dots-horizontal.png HTTP/1.1" 200 977 "http://www.easydrivers.at/css/style.css" "Mozilla/5.0 (Windows NT 6.1; WOW64; rv:52.0) Gecko/20100101 Firefox/52.0"
195.245.92.81 - - [27/Jul/2017:07:43:19 +0200] "GET /binaries/easy-drivers-portal/edradfahrschullogowidget160x90pxpng.png HTTP/1.1" 200 23394 "http://www.easydrivers.at/" "Mozilla/5.0 (Windows NT 6.1; WOW64; rv:52.0) Gecko/20100101 Firefox/52.0"
195.245.92.81 - - [27/Jul/2017:07:43:19 +0200] "GET /img/bg-header.jpg HTTP/1.1" 200 38680 "http://www.easydrivers.at/css/style.css" "Mozilla/5.0 (Windows NT 6.1; WOW64; rv:52.0) Gecko/20100101 Firefox/52.0"
195.245.92.81 - - [27/Jul/2017:07:43:19 +0200] "GET /img/ED_Logo.png HTTP/1.1" 200 3385 "http://www.easydrivers.at/css/style.css" "Mozilla/5.0 (Windows NT 6.1; WOW64; rv:52.0) Gecko/20100101 Firefox/52.0"
195.245.92.81 - - [27/Jul/2017:07:43:19 +0200] "GET /img/yellow-dots-vertical.png HTTP/1.1" 200 981 "http://www.easydrivers.at/css/style.css" "Mozilla/5.0 (Windows NT 6.1; WOW64; rv:52.0) Gecko/20100101 Firefox/52.0"
195.245.92.81 - - [27/Jul/2017:07:43:19 +0200] "GET /img/bg-top-section.jpg HTTP/1.1" 200 82172 "http://www.easydrivers.at/css/style.css" "Mozilla/5.0 (Windows NT 6.1; WOW64; rv:52.0) Gecko/20100101 Firefox/52.0"
195.245.92.81 - - [27/Jul/2017:07:43:19 +0200] "GET /img/black-dots-vertical.png HTTP/1.1" 200 1165 "http://www.easydrivers.at/css/style.css" "Mozilla/5.0 (Windows NT 6.1; WOW64; rv:52.0) Gecko/20100101 Firefox/52.0"
195.245.92.81 - - [27/Jul/2017:07:43:19 +0200] "GET /img/bg-footer.jpg HTTP/1.1" 200 31770 "http://www.easydrivers.at/css/style.css" "Mozilla/5.0 (Windows NT 6.1; WOW64; rv:52.0) Gecko/20100101 Firefox/52.0"
195.245.92.81 - - [27/Jul/2017:07:43:19 +0200] "GET /img/kursicon-print-pink.png HTTP/1.1" 200 1125 "http://www.easydrivers.at/" "Mozilla/5.0 (Windows NT 6.1; WOW64; rv:52.0) Gecko/20100101 Firefox/52.0"
