216.244.66.202 - - [27/Jul/2017:02:01:05 +0200] "GET /ennstal.schladming/kurse HTTP/1.1" 200 14471 "-" "Mozilla/5.0 (compatible; DotBot/1.1; http://www.opensiteexplorer.org/dotbot, help@moz.com)"
34.201.128.91 - - [27/Jul/2017:02:01:13 +0200] "GET / HTTP/1.1" 301 293 "-" "Mozilla/5.0 (Windows NT 6.1; Win64; x64) AppleWebKit/537.36 (KHTML, like Gecko) Chrome/59.0.3071.115 Safari/537.36"
34.201.128.91 - - [27/Jul/2017:02:01:26 +0200] "GET / HTTP/1.1" 200 4406 "-" "Mozilla/5.0 (Windows NT 6.1; Win64; x64) AppleWebKit/537.36 (KHTML, like Gecko) Chrome/59.0.3071.115 Safari/537.36"
66.249.75.210 - - [27/Jul/2017:02:01:44 +0200] "GET /binaries/easy-drivers-portal/lkwreihejpg-3.jpg HTTP/1.1" 304 - "-" "Googlebot-Image/1.0"
66.249.75.206 - - [27/Jul/2017:02:02:23 +0200] "GET /tulln/Aktionen HTTP/1.1" 200 2869 "-" "Mozilla/5.0 (compatible; Googlebot/2.1; +http://www.google.com/bot.html)"
216.244.66.202 - - [27/Jul/2017:02:02:54 +0200] "GET /langenlois/10286390 HTTP/1.1" 200 10137 "-" "Mozilla/5.0 (compatible; DotBot/1.1; http://www.opensiteexplorer.org/dotbot, help@moz.com)"
68.180.230.47 - - [27/Jul/2017:02:03:21 +0200] "GET /download.php?id=10247286 HTTP/1.1" 200 238201 "-" "Mozilla/5.0 (compatible; Yahoo! Slurp; http://help.yahoo.com/help/us/ysearch/slurp)"
37.9.113.102 - - [27/Jul/2017:02:03:49 +0200] "GET /cache/emu/images/easy-drivers-portal10279121/anfahrtsplan-easy-drivers-v_137_90_0.png HTTP/1.1" 304 - "-" "Mozilla/5.0 (compatible; YandexImages/3.0; +http://yandex.com/bots)"
193.154.40.159 - - [27/Jul/2017:02:04:14 +0200] "GET / HTTP/1.1" 200 3563 "http://www.google.at/" "Mozilla/5.0 (Linux; Android 6.0.1; SM-G903F Build/MMB29K) AppleWebKit/537.36 (KHTML, like Gecko) Chrome/59.0.3071.125 Mobile Safari/537.36"
193.154.40.159 - - [27/Jul/2017:02:04:16 +0200] "GET /css/mobile.css HTTP/1.1" 200 2852 "http://www.easydrivers.at/" "Mozilla/5.0 (Linux; Android 6.0.1; SM-G903F Build/MMB29K) AppleWebKit/537.36 (KHTML, like Gecko) Chrome/59.0.3071.125 Mobile Safari/537.36"
193.154.40.159 - - [27/Jul/2017:02:04:16 +0200] "GET /javascript/jquery.cookie.js HTTP/1.1" 200 863 "http://www.easydrivers.at/" "Mozilla/5.0 (Linux; Android 6.0.1; SM-G903F Build/MMB29K) AppleWebKit/537.36 (KHTML, like Gecko) Chrome/59.0.3071.125 Mobile Safari/537.36"
193.154.40.159 - - [27/Jul/2017:02:04:16 +0200] "GET /javascript/jquery-1.9.1.min.js HTTP/1.1" 200 32731 "http://www.easydrivers.at/" "Mozilla/5.0 (Linux; Android 6.0.1; SM-G903F Build/MMB29K) AppleWebKit/537.36 (KHTML, like Gecko) Chrome/59.0.3071.125 Mobile Safari/537.36"
193.154.40.159 - - [27/Jul/2017:02:04:16 +0200] "GET /javascript/mobile-menu.js HTTP/1.1" 200 1634 "http://www.easydrivers.at/" "Mozilla/5.0 (Linux; Android 6.0.1; SM-G903F Build/MMB29K) AppleWebKit/537.36 (KHTML, like Gecko) Chrome/59.0.3071.125 Mobile Safari/537.36"
193.154.40.159 - - [27/Jul/2017:02:04:16 +0200] "GET /javascript/jquery.simplemodal.js HTTP/1.1" 200 3070 "http://www.easydrivers.at/" "Mozilla/5.0 (Linux; Android 6.0.1; SM-G903F Build/MMB29K) AppleWebKit/537.36 (KHTML, like Gecko) Chrome/59.0.3071.125 Mobile Safari/537.36"
193.154.40.159 - - [27/Jul/2017:02:04:16 +0200] "GET /javascript/mobile-homesearch.js HTTP/1.1" 200 340 "http://www.easydrivers.at/" "Mozilla/5.0 (Linux; Android 6.0.1; SM-G903F Build/MMB29K) AppleWebKit/537.36 (KHTML, like Gecko) Chrome/59.0.3071.125 Mobile Safari/537.36"
193.154.40.159 - - [27/Jul/2017:02:04:16 +0200] "GET /javascript/lazyload.js HTTP/1.1" 200 1170 "http://www.easydrivers.at/" "Mozilla/5.0 (Linux; Android 6.0.1; SM-G903F Build/MMB29K) AppleWebKit/537.36 (KHTML, like Gecko) Chrome/59.0.3071.125 Mobile Safari/537.36"
193.154.40.159 - - [27/Jul/2017:02:04:16 +0200] "GET /img/mobile/easydrivers-logo-mobile.png HTTP/1.1" 200 10766 "http://www.easydrivers.at/" "Mozilla/5.0 (Linux; Android 6.0.1; SM-G903F Build/MMB29K) AppleWebKit/537.36 (KHTML, like Gecko) Chrome/59.0.3071.125 Mobile Safari/537.36"
193.154.40.159 - - [27/Jul/2017:02:04:16 +0200] "GET /img/mobile/menu-button.png HTTP/1.1" 200 1746 "http://www.easydrivers.at/" "Mozilla/5.0 (Linux; Android 6.0.1; SM-G903F Build/MMB29K) AppleWebKit/537.36 (KHTML, like Gecko) Chrome/59.0.3071.125 Mobile Safari/537.36"
193.154.40.159 - - [27/Jul/2017:02:04:16 +0200] "GET /img/mobile/close-button.png HTTP/1.1" 200 2411 "http://www.easydrivers.at/" "Mozilla/5.0 (Linux; Android 6.0.1; SM-G903F Build/MMB29K) AppleWebKit/537.36 (KHTML, like Gecko) Chrome/59.0.3071.125 Mobile Safari/537.36"
193.154.40.159 - - [27/Jul/2017:02:04:17 +0200] "GET /img/mobile/facebook-icon.png HTTP/1.1" 200 1902 "http://www.easydrivers.at/" "Mozilla/5.0 (Linux; Android 6.0.1; SM-G903F Build/MMB29K) AppleWebKit/537.36 (KHTML, like Gecko) Chrome/59.0.3071.125 Mobile Safari/537.36"
193.154.40.159 - - [27/Jul/2017:02:04:17 +0200] "GET /img/mobile/widget-icon-app.png HTTP/1.1" 200 3458 "http://www.easydrivers.at/" "Mozilla/5.0 (Linux; Android 6.0.1; SM-G903F Build/MMB29K) AppleWebKit/537.36 (KHTML, like Gecko) Chrome/59.0.3071.125 Mobile Safari/537.36"
193.154.40.159 - - [27/Jul/2017:02:04:17 +0200] "GET /img/mobile/bg-header.jpg HTTP/1.1" 200 19741 "http://www.easydrivers.at/css/mobile.css" "Mozilla/5.0 (Linux; Android 6.0.1; SM-G903F Build/MMB29K) AppleWebKit/537.36 (KHTML, like Gecko) Chrome/59.0.3071.125 Mobile Safari/537.36"
193.154.40.159 - - [27/Jul/2017:02:04:17 +0200] "GET /img/mobile/bg-menu.jpg HTTP/1.1" 200 1698 "http://www.easydrivers.at/css/mobile.css" "Mozilla/5.0 (Linux; Android 6.0.1; SM-G903F Build/MMB29K) AppleWebKit/537.36 (KHTML, like Gecko) Chrome/59.0.3071.125 Mobile Safari/537.36"
193.154.40.159 - - [27/Jul/2017:02:04:17 +0200] "GET /img/mobile/bg-top-section.jpg HTTP/1.1" 200 21711 "http://www.easydrivers.at/css/mobile.css" "Mozilla/5.0 (Linux; Android 6.0.1; SM-G903F Build/MMB29K) AppleWebKit/537.36 (KHTML, like Gecko) Chrome/59.0.3071.125 Mobile Safari/537.36"
193.154.40.159 - - [27/Jul/2017:02:04:17 +0200] "GET /img/mobile/pfeil-rechts.png HTTP/1.1" 200 1228 "http://www.easydrivers.at/css/mobile.css" "Mozilla/5.0 (Linux; Android 6.0.1; SM-G903F Build/MMB29K) AppleWebKit/537.36 (KHTML, like Gecko) Chrome/59.0.3071.125 Mobile Safari/537.36"
193.154.40.159 - - [27/Jul/2017:02:04:18 +0200] "GET /img/favicon.ico HTTP/1.1" 404 300 "http://www.easydrivers.at/" "Mozilla/5.0 (Linux; Android 6.0.1; SM-G903F Build/MMB29K) AppleWebKit/537.36 (KHTML, like Gecko) Chrome/59.0.3071.125 Mobile Safari/537.36"
193.154.40.159 - - [27/Jul/2017:02:04:32 +0200] "GET /img/loading-bars.gif HTTP/1.1" 200 3951 "http://www.easydrivers.at/css/mobile.css" "Mozilla/5.0 (Linux; Android 6.0.1; SM-G903F Build/MMB29K) AppleWebKit/537.36 (KHTML, like Gecko) Chrome/59.0.3071.125 Mobile Safari/537.36"
193.154.40.159 - - [27/Jul/2017:02:04:32 +0200] "POST /suche HTTP/1.1" 200 3157 "http://www.easydrivers.at/" "Mozilla/5.0 (Linux; Android 6.0.1; SM-G903F Build/MMB29K) AppleWebKit/537.36 (KHTML, like Gecko) Chrome/59.0.3071.125 Mobile Safari/537.36"
193.154.40.159 - - [27/Jul/2017:02:04:34 +0200] "GET /javascript/mobile-kurs-suchergebnis.js HTTP/1.1" 200 382 "http://www.easydrivers.at/suche" "Mozilla/5.0 (Linux; Android 6.0.1; SM-G903F Build/MMB29K) AppleWebKit/537.36 (KHTML, like Gecko) Chrome/59.0.3071.125 Mobile Safari/537.36"
193.154.40.159 - - [27/Jul/2017:02:04:34 +0200] "GET /img/mobile/smallicon-address.png HTTP/1.1" 200 1424 "http://www.easydrivers.at/suche" "Mozilla/5.0 (Linux; Android 6.0.1; SM-G903F Build/MMB29K) AppleWebKit/537.36 (KHTML, like Gecko) Chrome/59.0.3071.125 Mobile Safari/537.36"
193.154.40.159 - - [27/Jul/2017:02:04:34 +0200] "GET /img/mobile/googlemaps-pin.png HTTP/1.1" 200 1597 "http://www.easydrivers.at/suche" "Mozilla/5.0 (Linux; Android 6.0.1; SM-G903F Build/MMB29K) AppleWebKit/537.36 (KHTML, like Gecko) Chrome/59.0.3071.125 Mobile Safari/537.36"
193.154.40.159 - - [27/Jul/2017:02:04:34 +0200] "GET /img/mobile/smallicon-time.png HTTP/1.1" 200 1328 "http://www.easydrivers.at/suche" "Mozilla/5.0 (Linux; Android 6.0.1; SM-G903F Build/MMB29K) AppleWebKit/537.36 (KHTML, like Gecko) Chrome/59.0.3071.125 Mobile Safari/537.36"
193.154.40.159 - - [27/Jul/2017:02:04:34 +0200] "GET /img/mobile/smallicon-phone.png HTTP/1.1" 200 1311 "http://www.easydrivers.at/suche" "Mozilla/5.0 (Linux; Android 6.0.1; SM-G903F Build/MMB29K) AppleWebKit/537.36 (KHTML, like Gecko) Chrome/59.0.3071.125 Mobile Safari/537.36"
193.154.40.159 - - [27/Jul/2017:02:04:34 +0200] "GET /img/mobile/smallicon-mail.png HTTP/1.1" 200 1335 "http://www.easydrivers.at/suche" "Mozilla/5.0 (Linux; Android 6.0.1; SM-G903F Build/MMB29K) AppleWebKit/537.36 (KHTML, like Gecko) Chrome/59.0.3071.125 Mobile Safari/537.36"
193.154.40.159 - - [27/Jul/2017:02:04:34 +0200] "GET /img/mobile/pfeil-links-small.png HTTP/1.1" 200 1065 "http://www.easydrivers.at/css/mobile.css" "Mozilla/5.0 (Linux; Android 6.0.1; SM-G903F Build/MMB29K) AppleWebKit/537.36 (KHTML, like Gecko) Chrome/59.0.3071.125 Mobile Safari/537.36"
193.154.40.159 - - [27/Jul/2017:02:04:34 +0200] "GET /img/mobile/bg-yellow.jpg HTTP/1.1" 200 1569 "http://www.easydrivers.at/css/mobile.css" "Mozilla/5.0 (Linux; Android 6.0.1; SM-G903F Build/MMB29K) AppleWebKit/537.36 (KHTML, like Gecko) Chrome/59.0.3071.125 Mobile Safari/537.36"
193.154.40.159 - - [27/Jul/2017:02:04:34 +0200] "GET /img/mobile/weiter-button.png HTTP/1.1" 200 1670 "http://www.easydrivers.at/css/mobile.css" "Mozilla/5.0 (Linux; Android 6.0.1; SM-G903F Build/MMB29K) AppleWebKit/537.36 (KHTML, like Gecko) Chrome/59.0.3071.125 Mobile Safari/537.36"
193.154.40.159 - - [27/Jul/2017:02:04:41 +0200] "POST /loadkursliste HTTP/1.1" 200 640 "http://www.easydrivers.at/suche" "Mozilla/5.0 (Linux; Android 6.0.1; SM-G903F Build/MMB29K) AppleWebKit/537.36 (KHTML, like Gecko) Chrome/59.0.3071.125 Mobile Safari/537.36"
193.154.40.159 - - [27/Jul/2017:02:04:45 +0200] "GET /am.spitz/10280853?FS=AM-M1 HTTP/1.1" 200 3333 "http://www.easydrivers.at/suche" "Mozilla/5.0 (Linux; Android 6.0.1; SM-G903F Build/MMB29K) AppleWebKit/537.36 (KHTML, like Gecko) Chrome/59.0.3071.125 Mobile Safari/537.36"
193.154.40.159 - - [27/Jul/2017:02:04:47 +0200] "GET /javascript/mobile-fahrschule.js HTTP/1.1" 200 328 "http://www.easydrivers.at/am.spitz/10280853?FS=AM-M1" "Mozilla/5.0 (Linux; Android 6.0.1; SM-G903F Build/MMB29K) AppleWebKit/537.36 (KHTML, like Gecko) Chrome/59.0.3071.125 Mobile Safari/537.36"
193.154.40.159 - - [27/Jul/2017:02:04:47 +0200] "GET /img/mobile/info-button.png HTTP/1.1" 200 1549 "http://www.easydrivers.at/am.spitz/10280853?FS=AM-M1" "Mozilla/5.0 (Linux; Android 6.0.1; SM-G903F Build/MMB29K) AppleWebKit/537.36 (KHTML, like Gecko) Chrome/59.0.3071.125 Mobile Safari/537.36"
193.154.40.159 - - [27/Jul/2017:02:04:47 +0200] "GET /img/mobile/info-close-button.png HTTP/1.1" 200 1721 "http://www.easydrivers.at/am.spitz/10280853?FS=AM-M1" "Mozilla/5.0 (Linux; Android 6.0.1; SM-G903F Build/MMB29K) AppleWebKit/537.36 (KHTML, like Gecko) Chrome/59.0.3071.125 Mobile Safari/537.36"
193.154.40.159 - - [27/Jul/2017:02:04:47 +0200] "GET /img/smallicon-person.png HTTP/1.1" 200 1141 "http://www.easydrivers.at/am.spitz/10280853?FS=AM-M1" "Mozilla/5.0 (Linux; Android 6.0.1; SM-G903F Build/MMB29K) AppleWebKit/537.36 (KHTML, like Gecko) Chrome/59.0.3071.125 Mobile Safari/537.36"
193.154.40.159 - - [27/Jul/2017:02:04:47 +0200] "GET /img/smallicon-address.png HTTP/1.1" 200 1211 "http://www.easydrivers.at/am.spitz/10280853?FS=AM-M1" "Mozilla/5.0 (Linux; Android 6.0.1; SM-G903F Build/MMB29K) AppleWebKit/537.36 (KHTML, like Gecko) Chrome/59.0.3071.125 Mobile Safari/537.36"
193.154.40.159 - - [27/Jul/2017:02:04:47 +0200] "GET /img/smallicon-time.png HTTP/1.1" 200 1262 "http://www.easydrivers.at/am.spitz/10280853?FS=AM-M1" "Mozilla/5.0 (Linux; Android 6.0.1; SM-G903F Build/MMB29K) AppleWebKit/537.36 (KHTML, like Gecko) Chrome/59.0.3071.125 Mobile Safari/537.36"
193.154.40.159 - - [27/Jul/2017:02:04:47 +0200] "GET /img/smallicon-phone.png HTTP/1.1" 200 3056 "http://www.easydrivers.at/am.spitz/10280853?FS=AM-M1" "Mozilla/5.0 (Linux; Android 6.0.1; SM-G903F Build/MMB29K) AppleWebKit/537.36 (KHTML, like Gecko) Chrome/59.0.3071.125 Mobile Safari/537.36"
193.154.40.159 - - [27/Jul/2017:02:04:47 +0200] "GET /img/smallicon-mail.png HTTP/1.1" 200 1341 "http://www.easydrivers.at/am.spitz/10280853?FS=AM-M1" "Mozilla/5.0 (Linux; Android 6.0.1; SM-G903F Build/MMB29K) AppleWebKit/537.36 (KHTML, like Gecko) Chrome/59.0.3071.125 Mobile Safari/537.36"
193.154.40.159 - - [27/Jul/2017:02:04:47 +0200] "GET /img/mobile/pfeil-rechts-small.png HTTP/1.1" 200 1056 "http://www.easydrivers.at/css/mobile.css" "Mozilla/5.0 (Linux; Android 6.0.1; SM-G903F Build/MMB29K) AppleWebKit/537.36 (KHTML, like Gecko) Chrome/59.0.3071.125 Mobile Safari/537.36"
193.154.40.159 - - [27/Jul/2017:02:04:47 +0200] "GET /img/mobile/kursicon-share.png HTTP/1.1" 200 2065 "http://www.easydrivers.at/am.spitz/10280853?FS=AM-M1" "Mozilla/5.0 (Linux; Android 6.0.1; SM-G903F Build/MMB29K) AppleWebKit/537.36 (KHTML, like Gecko) Chrome/59.0.3071.125 Mobile Safari/537.36"
193.154.40.159 - - [27/Jul/2017:02:04:47 +0200] "GET /img/mobile/kursicon-phone.png HTTP/1.1" 200 1932 "http://www.easydrivers.at/am.spitz/10280853?FS=AM-M1" "Mozilla/5.0 (Linux; Android 6.0.1; SM-G903F Build/MMB29K) AppleWebKit/537.36 (KHTML, like Gecko) Chrome/59.0.3071.125 Mobile Safari/537.36"
193.154.40.159 - - [27/Jul/2017:02:05:20 +0200] "GET /horn HTTP/1.1" 200 2891 "http://www.google.at/" "Mozilla/5.0 (Linux; Android 6.0.1; SM-G903F Build/MMB29K) AppleWebKit/537.36 (KHTML, like Gecko) Chrome/59.0.3071.125 Mobile Safari/537.36"
193.154.40.159 - - [27/Jul/2017:02:05:29 +0200] "GET /fahrschulen HTTP/1.1" 200 2459 "http://www.easydrivers.at/horn" "Mozilla/5.0 (Linux; Android 6.0.1; SM-G903F Build/MMB29K) AppleWebKit/537.36 (KHTML, like Gecko) Chrome/59.0.3071.125 Mobile Safari/537.36"
193.154.40.159 - - [27/Jul/2017:02:05:30 +0200] "GET /javascript/mobile-fahrschulen.js HTTP/1.1" 200 404 "http://www.easydrivers.at/fahrschulen" "Mozilla/5.0 (Linux; Android 6.0.1; SM-G903F Build/MMB29K) AppleWebKit/537.36 (KHTML, like Gecko) Chrome/59.0.3071.125 Mobile Safari/537.36"
193.154.40.159 - - [27/Jul/2017:02:05:32 +0200] "POST /fahrschulen/wien HTTP/1.1" 200 2729 "http://www.easydrivers.at/fahrschulen" "Mozilla/5.0 (Linux; Android 6.0.1; SM-G903F Build/MMB29K) AppleWebKit/537.36 (KHTML, like Gecko) Chrome/59.0.3071.125 Mobile Safari/537.36"
41.141.151.35 - - [27/Jul/2017:02:05:36 +0200] "GET /wp-login.php HTTP/1.1" 404 8373 "-" "Mozilla/5.0 (Windows NT 6.1; WOW64; rv:40.0) Gecko/20100101 Firefox/40.1"
193.154.40.159 - - [27/Jul/2017:02:05:38 +0200] "GET /brigittenau HTTP/1.1" 200 2958 "http://www.easydrivers.at/fahrschulen/wien" "Mozilla/5.0 (Linux; Android 6.0.1; SM-G903F Build/MMB29K) AppleWebKit/537.36 (KHTML, like Gecko) Chrome/59.0.3071.125 Mobile Safari/537.36"
41.141.151.35 - - [27/Jul/2017:02:05:41 +0200] "GET / HTTP/1.1" 200 15953 "-" "Mozilla/5.0 (Windows NT 6.1; WOW64; rv:40.0) Gecko/20100101 Firefox/40.1"
193.154.40.159 - - [27/Jul/2017:02:05:43 +0200] "POST /brigittenau/kursauswahl HTTP/1.1" 200 2812 "http://www.easydrivers.at/brigittenau" "Mozilla/5.0 (Linux; Android 6.0.1; SM-G903F Build/MMB29K) AppleWebKit/537.36 (KHTML, like Gecko) Chrome/59.0.3071.125 Mobile Safari/537.36"
193.154.40.159 - - [27/Jul/2017:02:05:45 +0200] "GET /javascript/mobile-fahrschule-kurs-suchergebnis.js HTTP/1.1" 200 274 "http://www.easydrivers.at/brigittenau/kursauswahl" "Mozilla/5.0 (Linux; Android 6.0.1; SM-G903F Build/MMB29K) AppleWebKit/537.36 (KHTML, like Gecko) Chrome/59.0.3071.125 Mobile Safari/537.36"
193.154.40.159 - - [27/Jul/2017:02:05:47 +0200] "POST /loadkursliste HTTP/1.1" 200 637 "http://www.easydrivers.at/brigittenau/kursauswahl" "Mozilla/5.0 (Linux; Android 6.0.1; SM-G903F Build/MMB29K) AppleWebKit/537.36 (KHTML, like Gecko) Chrome/59.0.3071.125 Mobile Safari/537.36"
193.154.40.159 - - [27/Jul/2017:02:05:54 +0200] "GET /brigittenau/10281000?FS=AM-M1 HTTP/1.1" 200 3432 "http://www.easydrivers.at/brigittenau/kursauswahl" "Mozilla/5.0 (Linux; Android 6.0.1; SM-G903F Build/MMB29K) AppleWebKit/537.36 (KHTML, like Gecko) Chrome/59.0.3071.125 Mobile Safari/537.36"
52.90.132.138 - - [27/Jul/2017:02:06:01 +0200] "GET / HTTP/1.1" 301 293 "-" "Mozilla/5.0 (Macintosh; Intel Mac OS X 10_12_5) AppleWebKit/537.36 (KHTML, like Gecko) Chrome/58.0.3029.110 Safari/537.36"
52.90.132.138 - - [27/Jul/2017:02:06:03 +0200] "GET / HTTP/1.1" 200 4406 "-" "Mozilla/5.0 (Macintosh; Intel Mac OS X 10_12_5) AppleWebKit/537.36 (KHTML, like Gecko) Chrome/58.0.3029.110 Safari/537.36"
193.154.40.159 - - [27/Jul/2017:02:06:12 +0200] "GET /horn HTTP/1.1" 200 2891 "http://www.google.at/" "Mozilla/5.0 (Linux; Android 6.0.1; SM-G903F Build/MMB29K) AppleWebKit/537.36 (KHTML, like Gecko) Chrome/59.0.3071.125 Mobile Safari/537.36"
193.154.40.159 - - [27/Jul/2017:02:06:18 +0200] "GET /fahrschulen HTTP/1.1" 200 2459 "http://www.easydrivers.at/horn" "Mozilla/5.0 (Linux; Android 6.0.1; SM-G903F Build/MMB29K) AppleWebKit/537.36 (KHTML, like Gecko) Chrome/59.0.3071.125 Mobile Safari/537.36"
193.154.40.159 - - [27/Jul/2017:02:06:23 +0200] "POST /fahrschulen/wien HTTP/1.1" 200 2729 "http://www.easydrivers.at/fahrschulen" "Mozilla/5.0 (Linux; Android 6.0.1; SM-G903F Build/MMB29K) AppleWebKit/537.36 (KHTML, like Gecko) Chrome/59.0.3071.125 Mobile Safari/537.36"
193.154.40.159 - - [27/Jul/2017:02:06:32 +0200] "GET /reumannplatz HTTP/1.1" 200 2817 "http://www.easydrivers.at/fahrschulen/wien" "Mozilla/5.0 (Linux; Android 6.0.1; SM-G903F Build/MMB29K) AppleWebKit/537.36 (KHTML, like Gecko) Chrome/59.0.3071.125 Mobile Safari/537.36"
193.154.40.159 - - [27/Jul/2017:02:06:42 +0200] "GET / HTTP/1.1" 200 3563 "http://www.easydrivers.at/reumannplatz" "Mozilla/5.0 (Linux; Android 6.0.1; SM-G903F Build/MMB29K) AppleWebKit/537.36 (KHTML, like Gecko) Chrome/59.0.3071.125 Mobile Safari/537.36"
193.154.40.159 - - [27/Jul/2017:02:06:54 +0200] "POST /suche HTTP/1.1" 200 3157 "http://www.easydrivers.at/" "Mozilla/5.0 (Linux; Android 6.0.1; SM-G903F Build/MMB29K) AppleWebKit/537.36 (KHTML, like Gecko) Chrome/59.0.3071.125 Mobile Safari/537.36"
193.154.40.159 - - [27/Jul/2017:02:06:56 +0200] "POST /loadkursliste HTTP/1.1" 200 640 "http://www.easydrivers.at/suche" "Mozilla/5.0 (Linux; Android 6.0.1; SM-G903F Build/MMB29K) AppleWebKit/537.36 (KHTML, like Gecko) Chrome/59.0.3071.125 Mobile Safari/537.36"
54.84.160.134 - - [27/Jul/2017:02:07:04 +0200] "GET /bludenz/ HTTP/1.1" 301 140 "-" "Mozilla/5.0 (Macintosh; Intel Mac OS X 10_12_5) AppleWebKit/537.36 (KHTML, like Gecko) Chrome/58.0.3029.110 Safari/537.36"
54.84.160.134 - - [27/Jul/2017:02:07:04 +0200] "GET /bludenz HTTP/1.1" 200 3596 "-" "Mozilla/5.0 (Macintosh; Intel Mac OS X 10_12_5) AppleWebKit/537.36 (KHTML, like Gecko) Chrome/58.0.3029.110 Safari/537.36"
193.154.40.159 - - [27/Jul/2017:02:07:10 +0200] "POST /loadkursliste HTTP/1.1" 200 659 "http://www.easydrivers.at/suche" "Mozilla/5.0 (Linux; Android 6.0.1; SM-G903F Build/MMB29K) AppleWebKit/537.36 (KHTML, like Gecko) Chrome/59.0.3071.125 Mobile Safari/537.36"
216.244.66.202 - - [27/Jul/2017:02:07:10 +0200] "GET /eisenstadt/aktionen HTTP/1.1" 200 10607 "-" "Mozilla/5.0 (compatible; DotBot/1.1; http://www.opensiteexplorer.org/dotbot, help@moz.com)"
193.154.40.159 - - [27/Jul/2017:02:07:13 +0200] "GET /wallensteinplatz/10281018?FS=AM-M1 HTTP/1.1" 200 3431 "http://www.easydrivers.at/suche" "Mozilla/5.0 (Linux; Android 6.0.1; SM-G903F Build/MMB29K) AppleWebKit/537.36 (KHTML, like Gecko) Chrome/59.0.3071.125 Mobile Safari/537.36"
193.154.40.159 - - [27/Jul/2017:02:07:44 +0200] "GET / HTTP/1.1" 200 3563 "http://www.google.at/" "Mozilla/5.0 (Linux; Android 6.0.1; SM-G903F Build/MMB29K) AppleWebKit/537.36 (KHTML, like Gecko) Chrome/59.0.3071.125 Mobile Safari/537.36"
193.154.40.159 - - [27/Jul/2017:02:07:53 +0200] "POST /suche HTTP/1.1" 200 7888 "http://www.easydrivers.at/" "Mozilla/5.0 (Linux; Android 6.0.1; SM-G903F Build/MMB29K) AppleWebKit/537.36 (KHTML, like Gecko) Chrome/59.0.3071.125 Mobile Safari/537.36"
207.46.13.198 - - [27/Jul/2017:02:07:56 +0200] "GET /skarabela.gross-enzersdorf/robots.txt HTTP/1.1" 404 317 "-" "Mozilla/5.0 (compatible; bingbot/2.0; +http://www.bing.com/bingbot.htm)"
193.154.40.159 - - [27/Jul/2017:02:08:04 +0200] "POST /loadkursliste HTTP/1.1" 200 564 "http://www.easydrivers.at/suche" "Mozilla/5.0 (Linux; Android 6.0.1; SM-G903F Build/MMB29K) AppleWebKit/537.36 (KHTML, like Gecko) Chrome/59.0.3071.125 Mobile Safari/537.36"
193.154.40.159 - - [27/Jul/2017:02:08:11 +0200] "GET /amstetten/mopedkurs_august17?FS=AM-M1 HTTP/1.1" 200 3121 "http://www.easydrivers.at/suche" "Mozilla/5.0 (Linux; Android 6.0.1; SM-G903F Build/MMB29K) AppleWebKit/537.36 (KHTML, like Gecko) Chrome/59.0.3071.125 Mobile Safari/537.36"
193.154.40.159 - - [27/Jul/2017:02:08:25 +0200] "GET / HTTP/1.1" 200 3563 "http://www.google.at/" "Mozilla/5.0 (Linux; Android 6.0.1; SM-G903F Build/MMB29K) AppleWebKit/537.36 (KHTML, like Gecko) Chrome/59.0.3071.125 Mobile Safari/537.36"
193.154.40.159 - - [27/Jul/2017:02:08:34 +0200] "POST /suche HTTP/1.1" 200 7888 "http://www.easydrivers.at/" "Mozilla/5.0 (Linux; Android 6.0.1; SM-G903F Build/MMB29K) AppleWebKit/537.36 (KHTML, like Gecko) Chrome/59.0.3071.125 Mobile Safari/537.36"
193.154.40.159 - - [27/Jul/2017:02:08:37 +0200] "POST /loadkursliste HTTP/1.1" 200 564 "http://www.easydrivers.at/suche" "Mozilla/5.0 (Linux; Android 6.0.1; SM-G903F Build/MMB29K) AppleWebKit/537.36 (KHTML, like Gecko) Chrome/59.0.3071.125 Mobile Safari/537.36"
193.81.30.47 - - [27/Jul/2017:02:08:47 +0200] "GET /css/mobile.css HTTP/1.1" 200 2852 "https://www.google.at/search?q=easy+drivers+parkour&oq=easy+drivers+parkour&aqs=chrome..69i57.5686j0j4&client=ms-android-h3g-at&sourceid=chrome-mobile&ie=UTF-8" "Mozilla/5.0 (Linux; Android 7.0; SM-G920F Build/NRD90M) AppleWebKit/537.36 (KHTML, like Gecko) Chrome/59.0.3071.125 Mobile Safari/537.36"
193.81.30.47 - - [27/Jul/2017:02:08:47 +0200] "GET /javascript/jquery-1.9.1.min.js HTTP/1.1" 200 32731 "https://www.google.at/search?q=easy+drivers+parkour&oq=easy+drivers+parkour&aqs=chrome..69i57.5686j0j4&client=ms-android-h3g-at&sourceid=chrome-mobile&ie=UTF-8" "Mozilla/5.0 (Linux; Android 7.0; SM-G920F Build/NRD90M) AppleWebKit/537.36 (KHTML, like Gecko) Chrome/59.0.3071.125 Mobile Safari/537.36"
193.81.30.47 - - [27/Jul/2017:02:08:47 +0200] "GET /javascript/jquery.cookie.js HTTP/1.1" 200 863 "https://www.google.at/search?q=easy+drivers+parkour&oq=easy+drivers+parkour&aqs=chrome..69i57.5686j0j4&client=ms-android-h3g-at&sourceid=chrome-mobile&ie=UTF-8" "Mozilla/5.0 (Linux; Android 7.0; SM-G920F Build/NRD90M) AppleWebKit/537.36 (KHTML, like Gecko) Chrome/59.0.3071.125 Mobile Safari/537.36"
193.81.30.47 - - [27/Jul/2017:02:08:47 +0200] "GET /javascript/mobile-menu.js HTTP/1.1" 200 1634 "https://www.google.at/search?q=easy+drivers+parkour&oq=easy+drivers+parkour&aqs=chrome..69i57.5686j0j4&client=ms-android-h3g-at&sourceid=chrome-mobile&ie=UTF-8" "Mozilla/5.0 (Linux; Android 7.0; SM-G920F Build/NRD90M) AppleWebKit/537.36 (KHTML, like Gecko) Chrome/59.0.3071.125 Mobile Safari/537.36"
193.81.30.47 - - [27/Jul/2017:02:08:47 +0200] "GET /javascript/jquery.simplemodal.js HTTP/1.1" 200 3070 "https://www.google.at/search?q=easy+drivers+parkour&oq=easy+drivers+parkour&aqs=chrome..69i57.5686j0j4&client=ms-android-h3g-at&sourceid=chrome-mobile&ie=UTF-8" "Mozilla/5.0 (Linux; Android 7.0; SM-G920F Build/NRD90M) AppleWebKit/537.36 (KHTML, like Gecko) Chrome/59.0.3071.125 Mobile Safari/537.36"
193.81.30.47 - - [27/Jul/2017:02:08:47 +0200] "GET /javascript/mobile-fahrschule.js HTTP/1.1" 200 328 "https://www.google.at/search?q=easy+drivers+parkour&oq=easy+drivers+parkour&aqs=chrome..69i57.5686j0j4&client=ms-android-h3g-at&sourceid=chrome-mobile&ie=UTF-8" "Mozilla/5.0 (Linux; Android 7.0; SM-G920F Build/NRD90M) AppleWebKit/537.36 (KHTML, like Gecko) Chrome/59.0.3071.125 Mobile Safari/537.36"
193.154.40.159 - - [27/Jul/2017:02:08:48 +0200] "POST /loadkursliste HTTP/1.1" 200 561 "http://www.easydrivers.at/suche" "Mozilla/5.0 (Linux; Android 6.0.1; SM-G903F Build/MMB29K) AppleWebKit/537.36 (KHTML, like Gecko) Chrome/59.0.3071.125 Mobile Safari/537.36"
193.81.30.47 - - [27/Jul/2017:02:08:47 +0200] "GET /neunkirchen/10249730 HTTP/1.1" 200 2596 "https://www.google.at/" "Mozilla/5.0 (Linux; Android 7.0; SM-G920F Build/NRD90M) AppleWebKit/537.36 (KHTML, like Gecko) Chrome/59.0.3071.125 Mobile Safari/537.36"
193.81.30.47 - - [27/Jul/2017:02:08:51 +0200] "GET /javascript/lazyload.js HTTP/1.1" 200 1170 "http://www.easydrivers.at/neunkirchen/10249730" "Mozilla/5.0 (Linux; Android 7.0; SM-G920F Build/NRD90M) AppleWebKit/537.36 (KHTML, like Gecko) Chrome/59.0.3071.125 Mobile Safari/537.36"
193.81.30.47 - - [27/Jul/2017:02:08:51 +0200] "GET /img/mobile/easydrivers-logo-mobile.png HTTP/1.1" 200 10766 "http://www.easydrivers.at/neunkirchen/10249730" "Mozilla/5.0 (Linux; Android 7.0; SM-G920F Build/NRD90M) AppleWebKit/537.36 (KHTML, like Gecko) Chrome/59.0.3071.125 Mobile Safari/537.36"
193.81.30.47 - - [27/Jul/2017:02:08:51 +0200] "GET /img/mobile/menu-button.png HTTP/1.1" 200 1746 "http://www.easydrivers.at/neunkirchen/10249730" "Mozilla/5.0 (Linux; Android 7.0; SM-G920F Build/NRD90M) AppleWebKit/537.36 (KHTML, like Gecko) Chrome/59.0.3071.125 Mobile Safari/537.36"
193.81.30.47 - - [27/Jul/2017:02:08:51 +0200] "GET /img/mobile/close-button.png HTTP/1.1" 200 2411 "http://www.easydrivers.at/neunkirchen/10249730" "Mozilla/5.0 (Linux; Android 7.0; SM-G920F Build/NRD90M) AppleWebKit/537.36 (KHTML, like Gecko) Chrome/59.0.3071.125 Mobile Safari/537.36"
193.81.30.47 - - [27/Jul/2017:02:08:51 +0200] "GET /img/mobile/facebook-icon.png HTTP/1.1" 200 1902 "http://www.easydrivers.at/neunkirchen/10249730" "Mozilla/5.0 (Linux; Android 7.0; SM-G920F Build/NRD90M) AppleWebKit/537.36 (KHTML, like Gecko) Chrome/59.0.3071.125 Mobile Safari/537.36"
193.81.30.47 - - [27/Jul/2017:02:08:51 +0200] "GET /img/mobile/info-button.png HTTP/1.1" 200 1549 "http://www.easydrivers.at/neunkirchen/10249730" "Mozilla/5.0 (Linux; Android 7.0; SM-G920F Build/NRD90M) AppleWebKit/537.36 (KHTML, like Gecko) Chrome/59.0.3071.125 Mobile Safari/537.36"
193.81.30.47 - - [27/Jul/2017:02:08:51 +0200] "GET /img/mobile/info-close-button.png HTTP/1.1" 200 1721 "http://www.easydrivers.at/neunkirchen/10249730" "Mozilla/5.0 (Linux; Android 7.0; SM-G920F Build/NRD90M) AppleWebKit/537.36 (KHTML, like Gecko) Chrome/59.0.3071.125 Mobile Safari/537.36"
193.81.30.47 - - [27/Jul/2017:02:08:51 +0200] "GET /img/smallicon-person.png HTTP/1.1" 200 1141 "http://www.easydrivers.at/neunkirchen/10249730" "Mozilla/5.0 (Linux; Android 7.0; SM-G920F Build/NRD90M) AppleWebKit/537.36 (KHTML, like Gecko) Chrome/59.0.3071.125 Mobile Safari/537.36"
193.81.30.47 - - [27/Jul/2017:02:08:51 +0200] "GET /img/smallicon-address.png HTTP/1.1" 200 1211 "http://www.easydrivers.at/neunkirchen/10249730" "Mozilla/5.0 (Linux; Android 7.0; SM-G920F Build/NRD90M) AppleWebKit/537.36 (KHTML, like Gecko) Chrome/59.0.3071.125 Mobile Safari/537.36"
193.81.30.47 - - [27/Jul/2017:02:08:51 +0200] "GET /img/mobile/googlemaps-pin.png HTTP/1.1" 200 1597 "http://www.easydrivers.at/neunkirchen/10249730" "Mozilla/5.0 (Linux; Android 7.0; SM-G920F Build/NRD90M) AppleWebKit/537.36 (KHTML, like Gecko) Chrome/59.0.3071.125 Mobile Safari/537.36"
193.81.30.47 - - [27/Jul/2017:02:08:51 +0200] "GET /img/mobile/bg-top-section.jpg HTTP/1.1" 200 21711 "http://www.easydrivers.at/css/mobile.css" "Mozilla/5.0 (Linux; Android 7.0; SM-G920F Build/NRD90M) AppleWebKit/537.36 (KHTML, like Gecko) Chrome/59.0.3071.125 Mobile Safari/537.36"
193.81.30.47 - - [27/Jul/2017:02:08:51 +0200] "GET /img/mobile/bg-header.jpg HTTP/1.1" 200 19741 "http://www.easydrivers.at/css/mobile.css" "Mozilla/5.0 (Linux; Android 7.0; SM-G920F Build/NRD90M) AppleWebKit/537.36 (KHTML, like Gecko) Chrome/59.0.3071.125 Mobile Safari/537.36"
193.81.30.47 - - [27/Jul/2017:02:08:51 +0200] "GET /img/smallicon-time.png HTTP/1.1" 200 1262 "http://www.easydrivers.at/neunkirchen/10249730" "Mozilla/5.0 (Linux; Android 7.0; SM-G920F Build/NRD90M) AppleWebKit/537.36 (KHTML, like Gecko) Chrome/59.0.3071.125 Mobile Safari/537.36"
193.81.30.47 - - [27/Jul/2017:02:08:51 +0200] "GET /img/smallicon-phone.png HTTP/1.1" 200 3056 "http://www.easydrivers.at/neunkirchen/10249730" "Mozilla/5.0 (Linux; Android 7.0; SM-G920F Build/NRD90M) AppleWebKit/537.36 (KHTML, like Gecko) Chrome/59.0.3071.125 Mobile Safari/537.36"
193.81.30.47 - - [27/Jul/2017:02:08:51 +0200] "GET /img/smallicon-mail.png HTTP/1.1" 200 1341 "http://www.easydrivers.at/neunkirchen/10249730" "Mozilla/5.0 (Linux; Android 7.0; SM-G920F Build/NRD90M) AppleWebKit/537.36 (KHTML, like Gecko) Chrome/59.0.3071.125 Mobile Safari/537.36"
193.81.30.47 - - [27/Jul/2017:02:08:51 +0200] "GET /img/mobile/bg-menu.jpg HTTP/1.1" 200 1698 "http://www.easydrivers.at/css/mobile.css" "Mozilla/5.0 (Linux; Android 7.0; SM-G920F Build/NRD90M) AppleWebKit/537.36 (KHTML, like Gecko) Chrome/59.0.3071.125 Mobile Safari/537.36"
193.81.30.47 - - [27/Jul/2017:02:08:51 +0200] "GET /img/favicon.ico HTTP/1.1" 404 300 "http://www.easydrivers.at/neunkirchen/10249730" "Mozilla/5.0 (Linux; Android 7.0; SM-G920F Build/NRD90M) AppleWebKit/537.36 (KHTML, like Gecko) Chrome/59.0.3071.125 Mobile Safari/537.36"
193.154.40.159 - - [27/Jul/2017:02:08:51 +0200] "GET /amstetten/mopedkurs_august17?FS=AM HTTP/1.1" 200 3124 "http://www.easydrivers.at/suche" "Mozilla/5.0 (Linux; Android 6.0.1; SM-G903F Build/MMB29K) AppleWebKit/537.36 (KHTML, like Gecko) Chrome/59.0.3071.125 Mobile Safari/537.36"
193.154.40.159 - - [27/Jul/2017:02:09:01 +0200] "GET /suche HTTP/1.1" 200 7888 "http://www.easydrivers.at/amstetten/mopedkurs_august17?FS=AM" "Mozilla/5.0 (Linux; Android 6.0.1; SM-G903F Build/MMB29K) AppleWebKit/537.36 (KHTML, like Gecko) Chrome/59.0.3071.125 Mobile Safari/537.36"
193.154.40.159 - - [27/Jul/2017:02:09:04 +0200] "POST /loadkursliste HTTP/1.1" 200 561 "http://www.easydrivers.at/suche" "Mozilla/5.0 (Linux; Android 6.0.1; SM-G903F Build/MMB29K) AppleWebKit/537.36 (KHTML, like Gecko) Chrome/59.0.3071.125 Mobile Safari/537.36"
195.29.234.178 - - [27/Jul/2017:02:09:10 +0200] "GET /wr.neustadt HTTP/1.1" 200 2986 "http://www.google.hr/" "Mozilla/5.0 (Linux; Android 4.4.4; SM-T560 Build/KTU84P) AppleWebKit/537.36 (KHTML, like Gecko) Chrome/59.0.3071.125 Safari/537.36"
195.29.234.178 - - [27/Jul/2017:02:09:13 +0200] "GET /css/mobile.css HTTP/1.1" 200 2852 "http://www.easydrivers.at/wr.neustadt" "Mozilla/5.0 (Linux; Android 4.4.4; SM-T560 Build/KTU84P) AppleWebKit/537.36 (KHTML, like Gecko) Chrome/59.0.3071.125 Safari/537.36"
195.29.234.178 - - [27/Jul/2017:02:09:13 +0200] "GET /javascript/jquery.cookie.js HTTP/1.1" 200 863 "http://www.easydrivers.at/wr.neustadt" "Mozilla/5.0 (Linux; Android 4.4.4; SM-T560 Build/KTU84P) AppleWebKit/537.36 (KHTML, like Gecko) Chrome/59.0.3071.125 Safari/537.36"
195.29.234.178 - - [27/Jul/2017:02:09:13 +0200] "GET /javascript/mobile-menu.js HTTP/1.1" 200 1634 "http://www.easydrivers.at/wr.neustadt" "Mozilla/5.0 (Linux; Android 4.4.4; SM-T560 Build/KTU84P) AppleWebKit/537.36 (KHTML, like Gecko) Chrome/59.0.3071.125 Safari/537.36"
66.249.75.206 - - [27/Jul/2017:02:09:11 +0200] "GET /spittelau/10280817?FS=A2B HTTP/1.1" 200 3343 "-" "Mozilla/5.0 (Linux; Android 6.0.1; Nexus 5X Build/MMB29P) AppleWebKit/537.36 (KHTML, like Gecko) Chrome/41.0.2272.96 Mobile Safari/537.36 (compatible; Googlebot/2.1; +http://www.google.com/bot.html)"
195.29.234.178 - - [27/Jul/2017:02:09:13 +0200] "GET /javascript/jquery-1.9.1.min.js HTTP/1.1" 200 32731 "http://www.easydrivers.at/wr.neustadt" "Mozilla/5.0 (Linux; Android 4.4.4; SM-T560 Build/KTU84P) AppleWebKit/537.36 (KHTML, like Gecko) Chrome/59.0.3071.125 Safari/537.36"
195.29.234.178 - - [27/Jul/2017:02:09:14 +0200] "GET /javascript/jquery.simplemodal.js HTTP/1.1" 200 3070 "http://www.easydrivers.at/wr.neustadt" "Mozilla/5.0 (Linux; Android 4.4.4; SM-T560 Build/KTU84P) AppleWebKit/537.36 (KHTML, like Gecko) Chrome/59.0.3071.125 Safari/537.36"
195.29.234.178 - - [27/Jul/2017:02:09:17 +0200] "GET /javascript/mobile-fahrschule.js HTTP/1.1" 200 328 "http://www.easydrivers.at/wr.neustadt" "Mozilla/5.0 (Linux; Android 4.4.4; SM-T560 Build/KTU84P) AppleWebKit/537.36 (KHTML, like Gecko) Chrome/59.0.3071.125 Safari/537.36"
195.29.234.178 - - [27/Jul/2017:02:09:18 +0200] "GET /javascript/lazyload.js HTTP/1.1" 200 1170 "http://www.easydrivers.at/wr.neustadt" "Mozilla/5.0 (Linux; Android 4.4.4; SM-T560 Build/KTU84P) AppleWebKit/537.36 (KHTML, like Gecko) Chrome/59.0.3071.125 Safari/537.36"
195.29.234.178 - - [27/Jul/2017:02:09:18 +0200] "GET /img/mobile/easydrivers-logo-mobile.png HTTP/1.1" 200 10766 "http://www.easydrivers.at/wr.neustadt" "Mozilla/5.0 (Linux; Android 4.4.4; SM-T560 Build/KTU84P) AppleWebKit/537.36 (KHTML, like Gecko) Chrome/59.0.3071.125 Safari/537.36"
195.29.234.178 - - [27/Jul/2017:02:09:18 +0200] "GET /img/mobile/menu-button.png HTTP/1.1" 200 1746 "http://www.easydrivers.at/wr.neustadt" "Mozilla/5.0 (Linux; Android 4.4.4; SM-T560 Build/KTU84P) AppleWebKit/537.36 (KHTML, like Gecko) Chrome/59.0.3071.125 Safari/537.36"
195.29.234.178 - - [27/Jul/2017:02:09:18 +0200] "GET /img/mobile/close-button.png HTTP/1.1" 200 2411 "http://www.easydrivers.at/wr.neustadt" "Mozilla/5.0 (Linux; Android 4.4.4; SM-T560 Build/KTU84P) AppleWebKit/537.36 (KHTML, like Gecko) Chrome/59.0.3071.125 Safari/537.36"
195.29.234.178 - - [27/Jul/2017:02:09:18 +0200] "GET /img/mobile/facebook-icon.png HTTP/1.1" 200 1902 "http://www.easydrivers.at/wr.neustadt" "Mozilla/5.0 (Linux; Android 4.4.4; SM-T560 Build/KTU84P) AppleWebKit/537.36 (KHTML, like Gecko) Chrome/59.0.3071.125 Safari/537.36"
195.29.234.178 - - [27/Jul/2017:02:09:18 +0200] "GET /img/mobile/info-button.png HTTP/1.1" 200 1549 "http://www.easydrivers.at/wr.neustadt" "Mozilla/5.0 (Linux; Android 4.4.4; SM-T560 Build/KTU84P) AppleWebKit/537.36 (KHTML, like Gecko) Chrome/59.0.3071.125 Safari/537.36"
195.29.234.178 - - [27/Jul/2017:02:09:18 +0200] "GET /img/mobile/bg-menu.jpg HTTP/1.1" 200 1698 "http://www.easydrivers.at/css/mobile.css" "Mozilla/5.0 (Linux; Android 4.4.4; SM-T560 Build/KTU84P) AppleWebKit/537.36 (KHTML, like Gecko) Chrome/59.0.3071.125 Safari/537.36"
195.29.234.178 - - [27/Jul/2017:02:09:18 +0200] "GET /img/mobile/widget-icon-app.png HTTP/1.1" 200 3458 "http://www.easydrivers.at/wr.neustadt" "Mozilla/5.0 (Linux; Android 4.4.4; SM-T560 Build/KTU84P) AppleWebKit/537.36 (KHTML, like Gecko) Chrome/59.0.3071.125 Safari/537.36"
195.29.234.178 - - [27/Jul/2017:02:09:18 +0200] "GET /img/mobile/pfeil-rechts.png HTTP/1.1" 200 1228 "http://www.easydrivers.at/css/mobile.css" "Mozilla/5.0 (Linux; Android 4.4.4; SM-T560 Build/KTU84P) AppleWebKit/537.36 (KHTML, like Gecko) Chrome/59.0.3071.125 Safari/537.36"
195.29.234.178 - - [27/Jul/2017:02:09:18 +0200] "GET /img/mobile/info-close-button.png HTTP/1.1" 200 1721 "http://www.easydrivers.at/wr.neustadt" "Mozilla/5.0 (Linux; Android 4.4.4; SM-T560 Build/KTU84P) AppleWebKit/537.36 (KHTML, like Gecko) Chrome/59.0.3071.125 Safari/537.36"
195.29.234.178 - - [27/Jul/2017:02:09:18 +0200] "GET /img/smallicon-person.png HTTP/1.1" 200 1141 "http://www.easydrivers.at/wr.neustadt" "Mozilla/5.0 (Linux; Android 4.4.4; SM-T560 Build/KTU84P) AppleWebKit/537.36 (KHTML, like Gecko) Chrome/59.0.3071.125 Safari/537.36"
195.29.234.178 - - [27/Jul/2017:02:09:18 +0200] "GET /img/mobile/bg-top-section.jpg HTTP/1.1" 200 21711 "http://www.easydrivers.at/css/mobile.css" "Mozilla/5.0 (Linux; Android 4.4.4; SM-T560 Build/KTU84P) AppleWebKit/537.36 (KHTML, like Gecko) Chrome/59.0.3071.125 Safari/537.36"
195.29.234.178 - - [27/Jul/2017:02:09:18 +0200] "GET /img/smallicon-address.png HTTP/1.1" 200 1211 "http://www.easydrivers.at/wr.neustadt" "Mozilla/5.0 (Linux; Android 4.4.4; SM-T560 Build/KTU84P) AppleWebKit/537.36 (KHTML, like Gecko) Chrome/59.0.3071.125 Safari/537.36"
195.29.234.178 - - [27/Jul/2017:02:09:18 +0200] "GET /img/mobile/bg-header.jpg HTTP/1.1" 200 19741 "http://www.easydrivers.at/css/mobile.css" "Mozilla/5.0 (Linux; Android 4.4.4; SM-T560 Build/KTU84P) AppleWebKit/537.36 (KHTML, like Gecko) Chrome/59.0.3071.125 Safari/537.36"
195.29.234.178 - - [27/Jul/2017:02:09:18 +0200] "GET /img/mobile/googlemaps-pin.png HTTP/1.1" 200 1597 "http://www.easydrivers.at/wr.neustadt" "Mozilla/5.0 (Linux; Android 4.4.4; SM-T560 Build/KTU84P) AppleWebKit/537.36 (KHTML, like Gecko) Chrome/59.0.3071.125 Safari/537.36"
195.29.234.178 - - [27/Jul/2017:02:09:18 +0200] "GET /img/smallicon-time.png HTTP/1.1" 200 1262 "http://www.easydrivers.at/wr.neustadt" "Mozilla/5.0 (Linux; Android 4.4.4; SM-T560 Build/KTU84P) AppleWebKit/537.36 (KHTML, like Gecko) Chrome/59.0.3071.125 Safari/537.36"
195.29.234.178 - - [27/Jul/2017:02:09:18 +0200] "GET /img/smallicon-phone.png HTTP/1.1" 200 3056 "http://www.easydrivers.at/wr.neustadt" "Mozilla/5.0 (Linux; Android 4.4.4; SM-T560 Build/KTU84P) AppleWebKit/537.36 (KHTML, like Gecko) Chrome/59.0.3071.125 Safari/537.36"
195.29.234.178 - - [27/Jul/2017:02:09:19 +0200] "GET /img/smallicon-mail.png HTTP/1.1" 200 1341 "http://www.easydrivers.at/wr.neustadt" "Mozilla/5.0 (Linux; Android 4.4.4; SM-T560 Build/KTU84P) AppleWebKit/537.36 (KHTML, like Gecko) Chrome/59.0.3071.125 Safari/537.36"
195.29.234.178 - - [27/Jul/2017:02:09:19 +0200] "GET /img/favicon.ico HTTP/1.1" 404 300 "http://www.easydrivers.at/wr.neustadt" "Mozilla/5.0 (Linux; Android 4.4.4; SM-T560 Build/KTU84P) AppleWebKit/537.36 (KHTML, like Gecko) Chrome/59.0.3071.125 Safari/537.36"
193.154.40.159 - - [27/Jul/2017:02:09:26 +0200] "POST /loadkursliste HTTP/1.1" 200 550 "http://www.easydrivers.at/suche" "Mozilla/5.0 (Linux; Android 6.0.1; SM-G903F Build/MMB29K) AppleWebKit/537.36 (KHTML, like Gecko) Chrome/59.0.3071.125 Mobile Safari/537.36"
193.154.40.159 - - [27/Jul/2017:02:09:32 +0200] "GET /bruck.leitha/10280227?FS=AM-M1 HTTP/1.1" 200 3135 "http://www.easydrivers.at/suche" "Mozilla/5.0 (Linux; Android 6.0.1; SM-G903F Build/MMB29K) AppleWebKit/537.36 (KHTML, like Gecko) Chrome/59.0.3071.125 Mobile Safari/537.36"
193.154.40.159 - - [27/Jul/2017:02:09:48 +0200] "GET /suche HTTP/1.1" 200 7888 "http://www.easydrivers.at/bruck.leitha/10280227?FS=AM-M1" "Mozilla/5.0 (Linux; Android 6.0.1; SM-G903F Build/MMB29K) AppleWebKit/537.36 (KHTML, like Gecko) Chrome/59.0.3071.125 Mobile Safari/537.36"
193.154.40.159 - - [27/Jul/2017:02:09:51 +0200] "POST /loadkursliste HTTP/1.1" 200 550 "http://www.easydrivers.at/suche" "Mozilla/5.0 (Linux; Android 6.0.1; SM-G903F Build/MMB29K) AppleWebKit/537.36 (KHTML, like Gecko) Chrome/59.0.3071.125 Mobile Safari/537.36"
193.154.40.159 - - [27/Jul/2017:02:09:56 +0200] "POST /loadkursliste HTTP/1.1" 200 454 "http://www.easydrivers.at/suche" "Mozilla/5.0 (Linux; Android 6.0.1; SM-G903F Build/MMB29K) AppleWebKit/537.36 (KHTML, like Gecko) Chrome/59.0.3071.125 Mobile Safari/537.36"
193.154.40.159 - - [27/Jul/2017:02:09:59 +0200] "GET /gmuend/10285081?FS=AM-M1 HTTP/1.1" 200 3126 "http://www.easydrivers.at/suche" "Mozilla/5.0 (Linux; Android 6.0.1; SM-G903F Build/MMB29K) AppleWebKit/537.36 (KHTML, like Gecko) Chrome/59.0.3071.125 Mobile Safari/537.36"
193.154.40.159 - - [27/Jul/2017:02:10:06 +0200] "GET /suche HTTP/1.1" 200 7888 "http://www.easydrivers.at/gmuend/10285081?FS=AM-M1" "Mozilla/5.0 (Linux; Android 6.0.1; SM-G903F Build/MMB29K) AppleWebKit/537.36 (KHTML, like Gecko) Chrome/59.0.3071.125 Mobile Safari/537.36"
193.154.40.159 - - [27/Jul/2017:02:10:09 +0200] "POST /loadkursliste HTTP/1.1" 200 454 "http://www.easydrivers.at/suche" "Mozilla/5.0 (Linux; Android 6.0.1; SM-G903F Build/MMB29K) AppleWebKit/537.36 (KHTML, like Gecko) Chrome/59.0.3071.125 Mobile Safari/537.36"
193.154.40.159 - - [27/Jul/2017:02:10:13 +0200] "POST /loadkursliste HTTP/1.1" 200 547 "http://www.easydrivers.at/suche" "Mozilla/5.0 (Linux; Android 6.0.1; SM-G903F Build/MMB29K) AppleWebKit/537.36 (KHTML, like Gecko) Chrome/59.0.3071.125 Mobile Safari/537.36"
193.154.40.159 - - [27/Jul/2017:02:10:15 +0200] "GET /hollabrunn/Mopedkurs_I_August_2016?FS=AM-M1 HTTP/1.1" 200 3314 "http://www.easydrivers.at/suche" "Mozilla/5.0 (Linux; Android 6.0.1; SM-G903F Build/MMB29K) AppleWebKit/537.36 (KHTML, like Gecko) Chrome/59.0.3071.125 Mobile Safari/537.36"
62.149.1.74 - - [27/Jul/2017:02:10:38 +0200] "GET / HTTP/1.1" 301 293 "-" "Mozilla/5.0 (Windows NT 6.1; WOW64; rv:23.0) Gecko/20100101 Firefox/23.0"
62.149.1.74 - - [27/Jul/2017:02:10:38 +0200] "GET / HTTP/1.1" 200 4406 "-" "Mozilla/5.0 (Windows NT 6.1; WOW64; rv:23.0) Gecko/20100101 Firefox/23.0"
193.154.40.159 - - [27/Jul/2017:02:10:37 +0200] "GET /suche HTTP/1.1" 200 7888 "http://www.easydrivers.at/hollabrunn/Mopedkurs_I_August_2016?FS=AM-M1" "Mozilla/5.0 (Linux; Android 6.0.1; SM-G903F Build/MMB29K) AppleWebKit/537.36 (KHTML, like Gecko) Chrome/59.0.3071.125 Mobile Safari/537.36"
193.154.40.159 - - [27/Jul/2017:02:10:40 +0200] "POST /loadkursliste HTTP/1.1" 200 547 "http://www.easydrivers.at/suche" "Mozilla/5.0 (Linux; Android 6.0.1; SM-G903F Build/MMB29K) AppleWebKit/537.36 (KHTML, like Gecko) Chrome/59.0.3071.125 Mobile Safari/537.36"
193.154.40.159 - - [27/Jul/2017:02:10:45 +0200] "POST /loadkursliste HTTP/1.1" 200 451 "http://www.easydrivers.at/suche" "Mozilla/5.0 (Linux; Android 6.0.1; SM-G903F Build/MMB29K) AppleWebKit/537.36 (KHTML, like Gecko) Chrome/59.0.3071.125 Mobile Safari/537.36"
193.154.40.159 - - [27/Jul/2017:02:10:50 +0200] "GET /horn/10284730?FS=AM-M1 HTTP/1.1" 200 3104 "http://www.easydrivers.at/suche" "Mozilla/5.0 (Linux; Android 6.0.1; SM-G903F Build/MMB29K) AppleWebKit/537.36 (KHTML, like Gecko) Chrome/59.0.3071.125 Mobile Safari/537.36"
80.121.170.3 - - [27/Jul/2017:02:10:59 +0200] "GET /binaries/10248820.jpg HTTP/1.1" 200 106475 "https://www.google.at/" "Mozilla/5.0 (Windows NT 10.0; Win64; x64) AppleWebKit/537.36 (KHTML, like Gecko) Chrome/51.0.2704.79 Safari/537.36 Edge/14.14393"
193.154.40.159 - - [27/Jul/2017:02:10:58 +0200] "GET /suche HTTP/1.1" 200 7888 "http://www.easydrivers.at/hollabrunn/Mopedkurs_I_August_2016?FS=AM-M1" "Mozilla/5.0 (Linux; Android 6.0.1; SM-G903F Build/MMB29K) AppleWebKit/537.36 (KHTML, like Gecko) Chrome/59.0.3071.125 Mobile Safari/537.36"
193.154.40.159 - - [27/Jul/2017:02:11:01 +0200] "POST /loadkursliste HTTP/1.1" 200 451 "http://www.easydrivers.at/suche" "Mozilla/5.0 (Linux; Android 6.0.1; SM-G903F Build/MMB29K) AppleWebKit/537.36 (KHTML, like Gecko) Chrome/59.0.3071.125 Mobile Safari/537.36"
193.154.40.159 - - [27/Jul/2017:02:11:07 +0200] "POST /loadkursliste HTTP/1.1" 200 547 "http://www.easydrivers.at/suche" "Mozilla/5.0 (Linux; Android 6.0.1; SM-G903F Build/MMB29K) AppleWebKit/537.36 (KHTML, like Gecko) Chrome/59.0.3071.125 Mobile Safari/537.36"
193.154.40.159 - - [27/Jul/2017:02:11:11 +0200] "GET /hollabrunn/Mopedkurs_I_August_2016?FS=AM-M1 HTTP/1.1" 200 3314 "http://www.easydrivers.at/suche" "Mozilla/5.0 (Linux; Android 6.0.1; SM-G903F Build/MMB29K) AppleWebKit/537.36 (KHTML, like Gecko) Chrome/59.0.3071.125 Mobile Safari/537.36"
193.154.40.159 - - [27/Jul/2017:02:11:18 +0200] "GET /suche HTTP/1.1" 200 7888 "http://www.easydrivers.at/hollabrunn/Mopedkurs_I_August_2016?FS=AM-M1" "Mozilla/5.0 (Linux; Android 6.0.1; SM-G903F Build/MMB29K) AppleWebKit/537.36 (KHTML, like Gecko) Chrome/59.0.3071.125 Mobile Safari/537.36"
193.154.40.159 - - [27/Jul/2017:02:11:21 +0200] "POST /loadkursliste HTTP/1.1" 200 547 "http://www.easydrivers.at/suche" "Mozilla/5.0 (Linux; Android 6.0.1; SM-G903F Build/MMB29K) AppleWebKit/537.36 (KHTML, like Gecko) Chrome/59.0.3071.125 Mobile Safari/537.36"
80.121.170.3 - - [27/Jul/2017:02:11:22 +0200] "GET /klagenfurt/10248829 HTTP/1.1" 200 3056 "https://www.google.at/" "Mozilla/5.0 (Windows NT 10.0; Win64; x64) AppleWebKit/537.36 (KHTML, like Gecko) Chrome/51.0.2704.79 Safari/537.36 Edge/14.14393"
80.121.170.3 - - [27/Jul/2017:02:11:25 +0200] "GET /css/style.css HTTP/1.1" 200 5004 "http://www.easydrivers.at/klagenfurt/10248829" "Mozilla/5.0 (Windows NT 10.0; Win64; x64) AppleWebKit/537.36 (KHTML, like Gecko) Chrome/51.0.2704.79 Safari/537.36 Edge/14.14393"
80.121.170.3 - - [27/Jul/2017:02:11:25 +0200] "GET /css/print.css HTTP/1.1" 200 967 "http://www.easydrivers.at/klagenfurt/10248829" "Mozilla/5.0 (Windows NT 10.0; Win64; x64) AppleWebKit/537.36 (KHTML, like Gecko) Chrome/51.0.2704.79 Safari/537.36 Edge/14.14393"
80.121.170.3 - - [27/Jul/2017:02:11:25 +0200] "GET /javascript/portal.js?1221842734 HTTP/1.1" 200 3529 "http://www.easydrivers.at/klagenfurt/10248829" "Mozilla/5.0 (Windows NT 10.0; Win64; x64) AppleWebKit/537.36 (KHTML, like Gecko) Chrome/51.0.2704.79 Safari/537.36 Edge/14.14393"
80.121.170.3 - - [27/Jul/2017:02:11:25 +0200] "GET /javascript/jquery.simplemodal.js HTTP/1.1" 200 3070 "http://www.easydrivers.at/klagenfurt/10248829" "Mozilla/5.0 (Windows NT 10.0; Win64; x64) AppleWebKit/537.36 (KHTML, like Gecko) Chrome/51.0.2704.79 Safari/537.36 Edge/14.14393"
80.121.170.3 - - [27/Jul/2017:02:11:25 +0200] "GET /javascript/jquery.cookie.js HTTP/1.1" 200 863 "http://www.easydrivers.at/klagenfurt/10248829" "Mozilla/5.0 (Windows NT 10.0; Win64; x64) AppleWebKit/537.36 (KHTML, like Gecko) Chrome/51.0.2704.79 Safari/537.36 Edge/14.14393"
80.121.170.3 - - [27/Jul/2017:02:11:25 +0200] "GET /javascript/jquery.customSelect.min.js HTTP/1.1" 200 912 "http://www.easydrivers.at/klagenfurt/10248829" "Mozilla/5.0 (Windows NT 10.0; Win64; x64) AppleWebKit/537.36 (KHTML, like Gecko) Chrome/51.0.2704.79 Safari/537.36 Edge/14.14393"
80.121.170.3 - - [27/Jul/2017:02:11:25 +0200] "GET /binaries/10248822.jpg HTTP/1.1" 200 42344 "http://www.easydrivers.at/klagenfurt/10248829" "Mozilla/5.0 (Windows NT 10.0; Win64; x64) AppleWebKit/537.36 (KHTML, like Gecko) Chrome/51.0.2704.79 Safari/537.36 Edge/14.14393"
80.121.170.3 - - [27/Jul/2017:02:11:25 +0200] "GET /binaries/10248823.jpg HTTP/1.1" 200 54488 "http://www.easydrivers.at/klagenfurt/10248829" "Mozilla/5.0 (Windows NT 10.0; Win64; x64) AppleWebKit/537.36 (KHTML, like Gecko) Chrome/51.0.2704.79 Safari/537.36 Edge/14.14393"
80.121.170.3 - - [27/Jul/2017:02:11:25 +0200] "GET /img/schweiz-icon.png HTTP/1.1" 200 1504 "http://www.easydrivers.at/klagenfurt/10248829" "Mozilla/5.0 (Windows NT 10.0; Win64; x64) AppleWebKit/537.36 (KHTML, like Gecko) Chrome/51.0.2704.79 Safari/537.36 Edge/14.14393"
80.121.170.3 - - [27/Jul/2017:02:11:25 +0200] "GET /javascript/fahrschule.js HTTP/1.1" 200 462 "http://www.easydrivers.at/klagenfurt/10248829" "Mozilla/5.0 (Windows NT 10.0; Win64; x64) AppleWebKit/537.36 (KHTML, like Gecko) Chrome/51.0.2704.79 Safari/537.36 Edge/14.14393"
80.121.170.3 - - [27/Jul/2017:02:11:25 +0200] "GET /img/close-button.png HTTP/1.1" 200 2237 "http://www.easydrivers.at/klagenfurt/10248829" "Mozilla/5.0 (Windows NT 10.0; Win64; x64) AppleWebKit/537.36 (KHTML, like Gecko) Chrome/51.0.2704.79 Safari/537.36 Edge/14.14393"
80.121.170.3 - - [27/Jul/2017:02:11:25 +0200] "GET /img/facebook-icon.png HTTP/1.1" 200 1506 "http://www.easydrivers.at/klagenfurt/10248829" "Mozilla/5.0 (Windows NT 10.0; Win64; x64) AppleWebKit/537.36 (KHTML, like Gecko) Chrome/51.0.2704.79 Safari/537.36 Edge/14.14393"
80.121.170.3 - - [27/Jul/2017:02:11:25 +0200] "GET /img/info-button.png HTTP/1.1" 200 738 "http://www.easydrivers.at/klagenfurt/10248829" "Mozilla/5.0 (Windows NT 10.0; Win64; x64) AppleWebKit/537.36 (KHTML, like Gecko) Chrome/51.0.2704.79 Safari/537.36 Edge/14.14393"
80.121.170.3 - - [27/Jul/2017:02:11:25 +0200] "GET /img/locator-icon.png HTTP/1.1" 200 1377 "http://www.easydrivers.at/klagenfurt/10248829" "Mozilla/5.0 (Windows NT 10.0; Win64; x64) AppleWebKit/537.36 (KHTML, like Gecko) Chrome/51.0.2704.79 Safari/537.36 Edge/14.14393"
80.121.170.3 - - [27/Jul/2017:02:11:25 +0200] "GET /img/close-button-small.png HTTP/1.1" 200 1671 "http://www.easydrivers.at/klagenfurt/10248829" "Mozilla/5.0 (Windows NT 10.0; Win64; x64) AppleWebKit/537.36 (KHTML, like Gecko) Chrome/51.0.2704.79 Safari/537.36 Edge/14.14393"
80.121.170.3 - - [27/Jul/2017:02:11:25 +0200] "GET /img/new_favicon.ico HTTP/1.1" 200 1150 "-" "Mozilla/5.0 (Windows NT 10.0; Win64; x64) AppleWebKit/537.36 (KHTML, like Gecko) Chrome/51.0.2704.79 Safari/537.36 Edge/14.14393"
80.121.170.3 - - [27/Jul/2017:02:11:25 +0200] "GET /binaries/easy-drivers-edelweiss-klagenfurt/mt0702jpg.jpg HTTP/1.1" 200 105015 "http://www.easydrivers.at/klagenfurt/10248829" "Mozilla/5.0 (Windows NT 10.0; Win64; x64) AppleWebKit/537.36 (KHTML, like Gecko) Chrome/51.0.2704.79 Safari/537.36 Edge/14.14393"
80.121.170.3 - - [27/Jul/2017:02:11:25 +0200] "GET /img/kursicon-print-pink.png HTTP/1.1" 200 1125 "http://www.easydrivers.at/klagenfurt/10248829" "Mozilla/5.0 (Windows NT 10.0; Win64; x64) AppleWebKit/537.36 (KHTML, like Gecko) Chrome/51.0.2704.79 Safari/537.36 Edge/14.14393"
80.121.170.3 - - [27/Jul/2017:02:11:25 +0200] "GET /img/kursicon-download-pink.png HTTP/1.1" 200 1213 "http://www.easydrivers.at/klagenfurt/10248829" "Mozilla/5.0 (Windows NT 10.0; Win64; x64) AppleWebKit/537.36 (KHTML, like Gecko) Chrome/51.0.2704.79 Safari/537.36 Edge/14.14393"
80.121.170.3 - - [27/Jul/2017:02:11:25 +0200] "GET /img/kursicon-share-pink.png HTTP/1.1" 200 1277 "http://www.easydrivers.at/klagenfurt/10248829" "Mozilla/5.0 (Windows NT 10.0; Win64; x64) AppleWebKit/537.36 (KHTML, like Gecko) Chrome/51.0.2704.79 Safari/537.36 Edge/14.14393"
80.121.170.3 - - [27/Jul/2017:02:11:25 +0200] "GET /img/kursicon-phone-pink.png HTTP/1.1" 200 1286 "http://www.easydrivers.at/klagenfurt/10248829" "Mozilla/5.0 (Windows NT 10.0; Win64; x64) AppleWebKit/537.36 (KHTML, like Gecko) Chrome/51.0.2704.79 Safari/537.36 Edge/14.14393"
80.121.170.3 - - [27/Jul/2017:02:11:25 +0200] "GET /img/bg-header.jpg HTTP/1.1" 200 38680 "http://www.easydrivers.at/klagenfurt/10248829" "Mozilla/5.0 (Windows NT 10.0; Win64; x64) AppleWebKit/537.36 (KHTML, like Gecko) Chrome/51.0.2704.79 Safari/537.36 Edge/14.14393"
80.121.170.3 - - [27/Jul/2017:02:11:25 +0200] "GET /img/ED_Logo.png HTTP/1.1" 200 3385 "http://www.easydrivers.at/klagenfurt/10248829" "Mozilla/5.0 (Windows NT 10.0; Win64; x64) AppleWebKit/537.36 (KHTML, like Gecko) Chrome/51.0.2704.79 Safari/537.36 Edge/14.14393"
