195.69.193.50 - - [27/Jul/2017:08:17:25 +0200] "GET /img/arrow-left.png HTTP/1.1" 200 1015 "https://www.easydrivers.at/jennersdorf/kursauswahl" "Mozilla/5.0 (Windows NT 6.1; WOW64; Trident/7.0; rv:11.0) like Gecko"
195.69.193.50 - - [27/Jul/2017:08:17:25 +0200] "GET /img/top-image-overlay.png HTTP/1.1" 200 20650 "https://www.easydrivers.at/jennersdorf/kursauswahl" "Mozilla/5.0 (Windows NT 6.1; WOW64; Trident/7.0; rv:11.0) like Gecko"
133.130.58.99 - - [27/Jul/2017:08:17:28 +0200] "GET /klagenfurt/10248817 HTTP/1.1" 200 2888 "-" "Mozilla/5.0 (Macintosh; Intel Mac OS X 10_10_3) AppleWebKit/537.36 (KHTML, like Gecko) Chrome/42.0.2311.90 Safari/537.36"
83.175.120.98 - - [27/Jul/2017:08:17:36 +0200] "GET /fuehrerscheine/traktor/F HTTP/1.1" 200 3695 "http://www.easydrivers.at/fuehrerscheine/traktor" "Mozilla/5.0 (Windows NT 6.3; Win64; x64) AppleWebKit/537.36 (KHTML, like Gecko) Chrome/58.0.3029.110 Safari/537.36"
83.175.120.98 - - [27/Jul/2017:08:17:37 +0200] "GET /javascript/product.js HTTP/1.1" 200 139 "http://www.easydrivers.at/fuehrerscheine/traktor/F" "Mozilla/5.0 (Windows NT 6.3; Win64; x64) AppleWebKit/537.36 (KHTML, like Gecko) Chrome/58.0.3029.110 Safari/537.36"
83.175.120.98 - - [27/Jul/2017:08:17:37 +0200] "GET /binaries/easy-drivers-portal/traktor6jpg.jpg HTTP/1.1" 200 98615 "http://www.easydrivers.at/fuehrerscheine/traktor/F" "Mozilla/5.0 (Windows NT 6.3; Win64; x64) AppleWebKit/537.36 (KHTML, like Gecko) Chrome/58.0.3029.110 Safari/537.36"
83.175.120.98 - - [27/Jul/2017:08:17:37 +0200] "GET /img/arrow-up.png HTTP/1.1" 200 1081 "http://www.easydrivers.at/css/style.css" "Mozilla/5.0 (Windows NT 6.3; Win64; x64) AppleWebKit/537.36 (KHTML, like Gecko) Chrome/58.0.3029.110 Safari/537.36"
83.175.120.98 - - [27/Jul/2017:08:17:37 +0200] "GET /img/arrow-left.png HTTP/1.1" 200 1015 "http://www.easydrivers.at/css/style.css" "Mozilla/5.0 (Windows NT 6.3; Win64; x64) AppleWebKit/537.36 (KHTML, like Gecko) Chrome/58.0.3029.110 Safari/537.36"
193.187.3.11 - - [27/Jul/2017:08:17:41 +0200] "GET / HTTP/1.1" 200 4406 "http://www.google.at/url?sa=t&rct=j&q=&esrc=s&source=web&cd=1&ved=0ahUKEwjX_8Sr6KjVAhXGchQKHUBHB6gQFggsMAA&url=http%3A%2F%2Fwww.easydrivers.at%2F&usg=AFQjCNE_iL6XJJtFF7fWfQkUoVbc7TZvBQ" "Mozilla/5.0 (Windows NT 6.1; Trident/7.0; rv:11.0) like Gecko"
193.187.3.11 - - [27/Jul/2017:08:17:42 +0200] "GET /img/schweiz-icon.png HTTP/1.1" 200 1504 "http://www.easydrivers.at/" "Mozilla/5.0 (Windows NT 6.1; Trident/7.0; rv:11.0) like Gecko"
193.187.3.11 - - [27/Jul/2017:08:17:42 +0200] "GET /binaries/easy-drivers-portal/edradfahrschullogowidget160x90pxpng.png HTTP/1.1" 200 23394 "http://www.easydrivers.at/" "Mozilla/5.0 (Windows NT 6.1; Trident/7.0; rv:11.0) like Gecko"
193.187.3.11 - - [27/Jul/2017:08:17:42 +0200] "GET /binaries/easy-drivers-portal/widget-icon-apppng.png HTTP/1.1" 200 2432 "http://www.easydrivers.at/" "Mozilla/5.0 (Windows NT 6.1; Trident/7.0; rv:11.0) like Gecko"
193.187.3.11 - - [27/Jul/2017:08:17:42 +0200] "GET /img/submit-button.png HTTP/1.1" 200 1958 "http://www.easydrivers.at/" "Mozilla/5.0 (Windows NT 6.1; Trident/7.0; rv:11.0) like Gecko"
193.187.3.11 - - [27/Jul/2017:08:17:42 +0200] "GET /img/bg-top-section.jpg HTTP/1.1" 200 82172 "http://www.easydrivers.at/" "Mozilla/5.0 (Windows NT 6.1; Trident/7.0; rv:11.0) like Gecko"
193.187.3.11 - - [27/Jul/2017:08:17:42 +0200] "GET /img/kursicon-phone-pink.png HTTP/1.1" 200 1286 "http://www.easydrivers.at/" "Mozilla/5.0 (Windows NT 6.1; Trident/7.0; rv:11.0) like Gecko"
193.187.3.11 - - [27/Jul/2017:08:17:42 +0200] "GET /img/purple-dots-horizontal.png HTTP/1.1" 200 977 "http://www.easydrivers.at/" "Mozilla/5.0 (Windows NT 6.1; Trident/7.0; rv:11.0) like Gecko"
193.187.3.11 - - [27/Jul/2017:08:17:42 +0200] "GET /img/selection-box-button.png HTTP/1.1" 200 1079 "http://www.easydrivers.at/" "Mozilla/5.0 (Windows NT 6.1; Trident/7.0; rv:11.0) like Gecko"
193.187.3.11 - - [27/Jul/2017:08:17:42 +0200] "GET /img/bg-header.jpg HTTP/1.1" 200 38680 "http://www.easydrivers.at/" "Mozilla/5.0 (Windows NT 6.1; Trident/7.0; rv:11.0) like Gecko"
193.187.3.11 - - [27/Jul/2017:08:17:42 +0200] "GET /img/bg-footer.jpg HTTP/1.1" 200 31770 "http://www.easydrivers.at/" "Mozilla/5.0 (Windows NT 6.1; Trident/7.0; rv:11.0) like Gecko"
133.130.58.99 - - [27/Jul/2017:08:17:43 +0200] "GET /fuehrerscheine/traktor HTTP/1.1" 200 2534 "-" "Mozilla/5.0 (Macintosh; Intel Mac OS X 10_10_3) AppleWebKit/537.36 (KHTML, like Gecko) Chrome/42.0.2311.90 Safari/537.36"
195.69.193.50 - - [27/Jul/2017:08:17:50 +0200] "GET /jennersdorf HTTP/1.1" 200 3466 "https://www.easydrivers.at/jennersdorf/kursauswahl" "Mozilla/5.0 (Windows NT 6.1; WOW64; Trident/7.0; rv:11.0) like Gecko"
195.69.193.50 - - [27/Jul/2017:08:17:58 +0200] "GET /ueberuns HTTP/1.1" 200 3257 "https://www.easydrivers.at/jennersdorf" "Mozilla/5.0 (Windows NT 6.1; WOW64; Trident/7.0; rv:11.0) like Gecko"
195.69.193.50 - - [27/Jul/2017:08:18:00 +0200] "GET /css/history.css HTTP/1.1" 200 609 "https://www.easydrivers.at/ueberuns" "Mozilla/5.0 (Windows NT 6.1; WOW64; Trident/7.0; rv:11.0) like Gecko"
133.130.58.99 - - [27/Jul/2017:08:17:58 +0200] "GET /fahrschulen/niederoesterreich HTTP/1.1" 200 6033 "-" "Mozilla/5.0 (Macintosh; Intel Mac OS X 10_10_3) AppleWebKit/537.36 (KHTML, like Gecko) Chrome/42.0.2311.90 Safari/537.36"
195.69.193.50 - - [27/Jul/2017:08:18:00 +0200] "GET /binaries/easy-drivers-portal/edwebhistoryillu392x39210jpg.jpg HTTP/1.1" 200 19475 "https://www.easydrivers.at/ueberuns" "Mozilla/5.0 (Windows NT 6.1; WOW64; Trident/7.0; rv:11.0) like Gecko"
195.69.193.50 - - [27/Jul/2017:08:18:00 +0200] "GET /binaries/easy-drivers-portal/edwebhistoryillu392x3922jpg.jpg HTTP/1.1" 200 32209 "https://www.easydrivers.at/ueberuns" "Mozilla/5.0 (Windows NT 6.1; WOW64; Trident/7.0; rv:11.0) like Gecko"
195.69.193.50 - - [27/Jul/2017:08:18:00 +0200] "GET /javascript/history.js HTTP/1.1" 200 967 "https://www.easydrivers.at/ueberuns" "Mozilla/5.0 (Windows NT 6.1; WOW64; Trident/7.0; rv:11.0) like Gecko"
195.69.193.50 - - [27/Jul/2017:08:18:00 +0200] "GET /binaries/easy-drivers-portal/edwebhistoryillu392x39211jpg.jpg HTTP/1.1" 200 36282 "https://www.easydrivers.at/ueberuns" "Mozilla/5.0 (Windows NT 6.1; WOW64; Trident/7.0; rv:11.0) like Gecko"
195.69.193.50 - - [27/Jul/2017:08:18:00 +0200] "GET /binaries/easy-drivers-portal/edwebhistoryillu392x3928jpg.jpg HTTP/1.1" 200 38907 "https://www.easydrivers.at/ueberuns" "Mozilla/5.0 (Windows NT 6.1; WOW64; Trident/7.0; rv:11.0) like Gecko"
195.69.193.50 - - [27/Jul/2017:08:18:00 +0200] "GET /binaries/easy-drivers-portal/edwebhistoryillu392x3924jpg.jpg HTTP/1.1" 200 35765 "https://www.easydrivers.at/ueberuns" "Mozilla/5.0 (Windows NT 6.1; WOW64; Trident/7.0; rv:11.0) like Gecko"
195.69.193.50 - - [27/Jul/2017:08:18:00 +0200] "GET /binaries/easy-drivers-portal/edwebhistoryillu392x3923jpg.jpg HTTP/1.1" 200 54656 "https://www.easydrivers.at/ueberuns" "Mozilla/5.0 (Windows NT 6.1; WOW64; Trident/7.0; rv:11.0) like Gecko"
195.69.193.50 - - [27/Jul/2017:08:18:00 +0200] "GET /binaries/easy-drivers-portal/edwebhistoryillu392x3926jpg.jpg HTTP/1.1" 200 41118 "https://www.easydrivers.at/ueberuns" "Mozilla/5.0 (Windows NT 6.1; WOW64; Trident/7.0; rv:11.0) like Gecko"
195.69.193.50 - - [27/Jul/2017:08:18:00 +0200] "GET /binaries/easy-drivers-portal/edwebhistoryillu392x3929jpg.jpg HTTP/1.1" 200 31823 "https://www.easydrivers.at/ueberuns" "Mozilla/5.0 (Windows NT 6.1; WOW64; Trident/7.0; rv:11.0) like Gecko"
195.69.193.50 - - [27/Jul/2017:08:18:00 +0200] "GET /binaries/easy-drivers-portal/edwebhistoryillu392x392radjpg.jpg HTTP/1.1" 200 124939 "https://www.easydrivers.at/ueberuns" "Mozilla/5.0 (Windows NT 6.1; WOW64; Trident/7.0; rv:11.0) like Gecko"
195.69.193.50 - - [27/Jul/2017:08:18:00 +0200] "GET /binaries/easy-drivers-portal/edwebhistoryillu392x39220kpng.png HTTP/1.1" 200 49333 "https://www.easydrivers.at/ueberuns" "Mozilla/5.0 (Windows NT 6.1; WOW64; Trident/7.0; rv:11.0) like Gecko"
195.69.193.50 - - [27/Jul/2017:08:18:00 +0200] "GET /binaries/easy-drivers-portal/edwebhistoryillu392x3927jpg.jpg HTTP/1.1" 200 71377 "https://www.easydrivers.at/ueberuns" "Mozilla/5.0 (Windows NT 6.1; WOW64; Trident/7.0; rv:11.0) like Gecko"
195.69.193.50 - - [27/Jul/2017:08:18:00 +0200] "GET /binaries/easy-drivers-portal/edwebhistoryillu392x3925jpg.jpg HTTP/1.1" 200 31708 "https://www.easydrivers.at/ueberuns" "Mozilla/5.0 (Windows NT 6.1; WOW64; Trident/7.0; rv:11.0) like Gecko"
46.127.158.145 - - [27/Jul/2017:08:18:02 +0200] "GET /linz HTTP/1.1" 200 2882 "https://www.google.ch/" "Mozilla/5.0 (Linux; Android 4.4.4; C6903 Build/14.4.A.0.108) AppleWebKit/537.36 (KHTML, like Gecko) Chrome/59.0.3071.125 Mobile Safari/537.36"
46.127.158.145 - - [27/Jul/2017:08:18:05 +0200] "GET /css/mobile.css HTTP/1.1" 200 2852 "http://www.easydrivers.at/linz" "Mozilla/5.0 (Linux; Android 4.4.4; C6903 Build/14.4.A.0.108) AppleWebKit/537.36 (KHTML, like Gecko) Chrome/59.0.3071.125 Mobile Safari/537.36"
46.127.158.145 - - [27/Jul/2017:08:18:05 +0200] "GET /javascript/jquery.cookie.js HTTP/1.1" 200 863 "http://www.easydrivers.at/linz" "Mozilla/5.0 (Linux; Android 4.4.4; C6903 Build/14.4.A.0.108) AppleWebKit/537.36 (KHTML, like Gecko) Chrome/59.0.3071.125 Mobile Safari/537.36"
46.127.158.145 - - [27/Jul/2017:08:18:05 +0200] "GET /javascript/mobile-menu.js HTTP/1.1" 200 1634 "http://www.easydrivers.at/linz" "Mozilla/5.0 (Linux; Android 4.4.4; C6903 Build/14.4.A.0.108) AppleWebKit/537.36 (KHTML, like Gecko) Chrome/59.0.3071.125 Mobile Safari/537.36"
46.127.158.145 - - [27/Jul/2017:08:18:05 +0200] "GET /javascript/jquery.simplemodal.js HTTP/1.1" 200 3070 "http://www.easydrivers.at/linz" "Mozilla/5.0 (Linux; Android 4.4.4; C6903 Build/14.4.A.0.108) AppleWebKit/537.36 (KHTML, like Gecko) Chrome/59.0.3071.125 Mobile Safari/537.36"
46.127.158.145 - - [27/Jul/2017:08:18:05 +0200] "GET /javascript/jquery-1.9.1.min.js HTTP/1.1" 200 32731 "http://www.easydrivers.at/linz" "Mozilla/5.0 (Linux; Android 4.4.4; C6903 Build/14.4.A.0.108) AppleWebKit/537.36 (KHTML, like Gecko) Chrome/59.0.3071.125 Mobile Safari/537.36"
46.127.158.145 - - [27/Jul/2017:08:18:05 +0200] "GET /javascript/mobile-fahrschule.js HTTP/1.1" 200 328 "http://www.easydrivers.at/linz" "Mozilla/5.0 (Linux; Android 4.4.4; C6903 Build/14.4.A.0.108) AppleWebKit/537.36 (KHTML, like Gecko) Chrome/59.0.3071.125 Mobile Safari/537.36"
46.127.158.145 - - [27/Jul/2017:08:18:05 +0200] "GET /javascript/lazyload.js HTTP/1.1" 200 1170 "http://www.easydrivers.at/linz" "Mozilla/5.0 (Linux; Android 4.4.4; C6903 Build/14.4.A.0.108) AppleWebKit/537.36 (KHTML, like Gecko) Chrome/59.0.3071.125 Mobile Safari/537.36"
46.127.158.145 - - [27/Jul/2017:08:18:05 +0200] "GET /img/mobile/menu-button.png HTTP/1.1" 200 1746 "http://www.easydrivers.at/linz" "Mozilla/5.0 (Linux; Android 4.4.4; C6903 Build/14.4.A.0.108) AppleWebKit/537.36 (KHTML, like Gecko) Chrome/59.0.3071.125 Mobile Safari/537.36"
46.127.158.145 - - [27/Jul/2017:08:18:05 +0200] "GET /img/mobile/easydrivers-logo-mobile.png HTTP/1.1" 200 10766 "http://www.easydrivers.at/linz" "Mozilla/5.0 (Linux; Android 4.4.4; C6903 Build/14.4.A.0.108) AppleWebKit/537.36 (KHTML, like Gecko) Chrome/59.0.3071.125 Mobile Safari/537.36"
46.127.158.145 - - [27/Jul/2017:08:18:05 +0200] "GET /img/mobile/close-button.png HTTP/1.1" 200 2411 "http://www.easydrivers.at/linz" "Mozilla/5.0 (Linux; Android 4.4.4; C6903 Build/14.4.A.0.108) AppleWebKit/537.36 (KHTML, like Gecko) Chrome/59.0.3071.125 Mobile Safari/537.36"
46.127.158.145 - - [27/Jul/2017:08:18:05 +0200] "GET /img/mobile/facebook-icon.png HTTP/1.1" 200 1902 "http://www.easydrivers.at/linz" "Mozilla/5.0 (Linux; Android 4.4.4; C6903 Build/14.4.A.0.108) AppleWebKit/537.36 (KHTML, like Gecko) Chrome/59.0.3071.125 Mobile Safari/537.36"
46.127.158.145 - - [27/Jul/2017:08:18:05 +0200] "GET /img/mobile/info-button.png HTTP/1.1" 200 1549 "http://www.easydrivers.at/linz" "Mozilla/5.0 (Linux; Android 4.4.4; C6903 Build/14.4.A.0.108) AppleWebKit/537.36 (KHTML, like Gecko) Chrome/59.0.3071.125 Mobile Safari/537.36"
46.127.158.145 - - [27/Jul/2017:08:18:05 +0200] "GET /img/mobile/info-close-button.png HTTP/1.1" 200 1721 "http://www.easydrivers.at/linz" "Mozilla/5.0 (Linux; Android 4.4.4; C6903 Build/14.4.A.0.108) AppleWebKit/537.36 (KHTML, like Gecko) Chrome/59.0.3071.125 Mobile Safari/537.36"
46.127.158.145 - - [27/Jul/2017:08:18:05 +0200] "GET /img/mobile/pfeil-rechts.png HTTP/1.1" 200 1228 "http://www.easydrivers.at/css/mobile.css" "Mozilla/5.0 (Linux; Android 4.4.4; C6903 Build/14.4.A.0.108) AppleWebKit/537.36 (KHTML, like Gecko) Chrome/59.0.3071.125 Mobile Safari/537.36"
46.127.158.145 - - [27/Jul/2017:08:18:05 +0200] "GET /img/mobile/widget-icon-app.png HTTP/1.1" 200 3458 "http://www.easydrivers.at/linz" "Mozilla/5.0 (Linux; Android 4.4.4; C6903 Build/14.4.A.0.108) AppleWebKit/537.36 (KHTML, like Gecko) Chrome/59.0.3071.125 Mobile Safari/537.36"
46.127.158.145 - - [27/Jul/2017:08:18:05 +0200] "GET /img/smallicon-person.png HTTP/1.1" 200 1141 "http://www.easydrivers.at/linz" "Mozilla/5.0 (Linux; Android 4.4.4; C6903 Build/14.4.A.0.108) AppleWebKit/537.36 (KHTML, like Gecko) Chrome/59.0.3071.125 Mobile Safari/537.36"
46.127.158.145 - - [27/Jul/2017:08:18:05 +0200] "GET /img/smallicon-address.png HTTP/1.1" 200 1211 "http://www.easydrivers.at/linz" "Mozilla/5.0 (Linux; Android 4.4.4; C6903 Build/14.4.A.0.108) AppleWebKit/537.36 (KHTML, like Gecko) Chrome/59.0.3071.125 Mobile Safari/537.36"
46.127.158.145 - - [27/Jul/2017:08:18:05 +0200] "GET /img/mobile/bg-top-section.jpg HTTP/1.1" 200 21711 "http://www.easydrivers.at/css/mobile.css" "Mozilla/5.0 (Linux; Android 4.4.4; C6903 Build/14.4.A.0.108) AppleWebKit/537.36 (KHTML, like Gecko) Chrome/59.0.3071.125 Mobile Safari/537.36"
46.127.158.145 - - [27/Jul/2017:08:18:05 +0200] "GET /img/mobile/bg-header.jpg HTTP/1.1" 200 19741 "http://www.easydrivers.at/css/mobile.css" "Mozilla/5.0 (Linux; Android 4.4.4; C6903 Build/14.4.A.0.108) AppleWebKit/537.36 (KHTML, like Gecko) Chrome/59.0.3071.125 Mobile Safari/537.36"
46.127.158.145 - - [27/Jul/2017:08:18:05 +0200] "GET /img/mobile/googlemaps-pin.png HTTP/1.1" 200 1597 "http://www.easydrivers.at/linz" "Mozilla/5.0 (Linux; Android 4.4.4; C6903 Build/14.4.A.0.108) AppleWebKit/537.36 (KHTML, like Gecko) Chrome/59.0.3071.125 Mobile Safari/537.36"
46.127.158.145 - - [27/Jul/2017:08:18:05 +0200] "GET /img/smallicon-phone.png HTTP/1.1" 200 3056 "http://www.easydrivers.at/linz" "Mozilla/5.0 (Linux; Android 4.4.4; C6903 Build/14.4.A.0.108) AppleWebKit/537.36 (KHTML, like Gecko) Chrome/59.0.3071.125 Mobile Safari/537.36"
46.127.158.145 - - [27/Jul/2017:08:18:05 +0200] "GET /img/smallicon-time.png HTTP/1.1" 200 1262 "http://www.easydrivers.at/linz" "Mozilla/5.0 (Linux; Android 4.4.4; C6903 Build/14.4.A.0.108) AppleWebKit/537.36 (KHTML, like Gecko) Chrome/59.0.3071.125 Mobile Safari/537.36"
46.127.158.145 - - [27/Jul/2017:08:18:05 +0200] "GET /img/smallicon-mail.png HTTP/1.1" 200 1341 "http://www.easydrivers.at/linz" "Mozilla/5.0 (Linux; Android 4.4.4; C6903 Build/14.4.A.0.108) AppleWebKit/537.36 (KHTML, like Gecko) Chrome/59.0.3071.125 Mobile Safari/537.36"
46.127.158.145 - - [27/Jul/2017:08:18:05 +0200] "GET /img/mobile/bg-menu.jpg HTTP/1.1" 200 1698 "http://www.easydrivers.at/css/mobile.css" "Mozilla/5.0 (Linux; Android 4.4.4; C6903 Build/14.4.A.0.108) AppleWebKit/537.36 (KHTML, like Gecko) Chrome/59.0.3071.125 Mobile Safari/537.36"
46.127.158.145 - - [27/Jul/2017:08:18:05 +0200] "GET /img/favicon.ico HTTP/1.1" 404 300 "http://www.easydrivers.at/linz" "Mozilla/5.0 (Linux; Android 4.4.4; C6903 Build/14.4.A.0.108) AppleWebKit/537.36 (KHTML, like Gecko) Chrome/59.0.3071.125 Mobile Safari/537.36"
46.127.158.145 - - [27/Jul/2017:08:18:08 +0200] "GET /linz HTTP/1.1" 200 2882 "-" "Dalvik/1.6.0 (Linux; U; Android 4.4.4; C6903 Build/14.4.A.0.108)"
204.79.180.16 - - [27/Jul/2017:08:18:09 +0200] "GET /ennstal.bad.aussee/pruefungen HTTP/1.1" 200 3231 "-" "Mozilla/5.0 (compatible; MSIE 9.0; Windows NT 6.0; Trident/5.0; Trident/5.0)"
195.69.193.50 - - [27/Jul/2017:08:18:11 +0200] "GET /fahrschulen HTTP/1.1" 200 3924 "https://www.easydrivers.at/ueberuns" "Mozilla/5.0 (Windows NT 6.1; WOW64; Trident/7.0; rv:11.0) like Gecko"
204.79.180.21 - - [27/Jul/2017:08:18:13 +0200] "GET /css/style.css HTTP/1.1" 200 5004 "http://www.easydrivers.at/ennstal.bad.aussee/pruefungen" "Mozilla/5.0 (compatible; MSIE 9.0; Windows NT 6.0; Trident/5.0; Trident/5.0)"
195.69.193.50 - - [27/Jul/2017:08:18:13 +0200] "GET /javascript/fahrschulen.js HTTP/1.1" 200 470 "https://www.easydrivers.at/fahrschulen" "Mozilla/5.0 (Windows NT 6.1; WOW64; Trident/7.0; rv:11.0) like Gecko"
195.69.193.50 - - [27/Jul/2017:08:18:13 +0200] "GET /img/austria-map-kaernten.png HTTP/1.1" 200 9968 "https://www.easydrivers.at/fahrschulen" "Mozilla/5.0 (Windows NT 6.1; WOW64; Trident/7.0; rv:11.0) like Gecko"
195.69.193.50 - - [27/Jul/2017:08:18:13 +0200] "GET /img/austria-map-burgenland.png HTTP/1.1" 200 10146 "https://www.easydrivers.at/fahrschulen" "Mozilla/5.0 (Windows NT 6.1; WOW64; Trident/7.0; rv:11.0) like Gecko"
195.69.193.50 - - [27/Jul/2017:08:18:13 +0200] "GET /img/austria-map-ooe.png HTTP/1.1" 200 14597 "https://www.easydrivers.at/fahrschulen" "Mozilla/5.0 (Windows NT 6.1; WOW64; Trident/7.0; rv:11.0) like Gecko"
195.69.193.50 - - [27/Jul/2017:08:18:13 +0200] "GET /img/austria-map-noe.png HTTP/1.1" 200 17166 "https://www.easydrivers.at/fahrschulen" "Mozilla/5.0 (Windows NT 6.1; WOW64; Trident/7.0; rv:11.0) like Gecko"
195.69.193.50 - - [27/Jul/2017:08:18:13 +0200] "GET /img/austria-map-salzburg.png HTTP/1.1" 200 13786 "https://www.easydrivers.at/fahrschulen" "Mozilla/5.0 (Windows NT 6.1; WOW64; Trident/7.0; rv:11.0) like Gecko"
195.69.193.50 - - [27/Jul/2017:08:18:13 +0200] "GET /img/austria-map-steiermark.png HTTP/1.1" 200 14192 "https://www.easydrivers.at/fahrschulen" "Mozilla/5.0 (Windows NT 6.1; WOW64; Trident/7.0; rv:11.0) like Gecko"
195.69.193.50 - - [27/Jul/2017:08:18:13 +0200] "GET /img/austria-map-tirol.png HTTP/1.1" 200 13911 "https://www.easydrivers.at/fahrschulen" "Mozilla/5.0 (Windows NT 6.1; WOW64; Trident/7.0; rv:11.0) like Gecko"
195.69.193.50 - - [27/Jul/2017:08:18:13 +0200] "GET /img/austria-map-vorarlberg.png HTTP/1.1" 200 5780 "https://www.easydrivers.at/fahrschulen" "Mozilla/5.0 (Windows NT 6.1; WOW64; Trident/7.0; rv:11.0) like Gecko"
195.69.193.50 - - [27/Jul/2017:08:18:13 +0200] "GET /img/austria-map.jpg HTTP/1.1" 200 57110 "https://www.easydrivers.at/fahrschulen" "Mozilla/5.0 (Windows NT 6.1; WOW64; Trident/7.0; rv:11.0) like Gecko"
195.69.193.50 - - [27/Jul/2017:08:18:13 +0200] "GET /img/submit-button-small.png HTTP/1.1" 200 1456 "https://www.easydrivers.at/fahrschulen" "Mozilla/5.0 (Windows NT 6.1; WOW64; Trident/7.0; rv:11.0) like Gecko"
195.69.193.50 - - [27/Jul/2017:08:18:13 +0200] "GET /img/austria-map-wien.png HTTP/1.1" 200 2864 "https://www.easydrivers.at/fahrschulen" "Mozilla/5.0 (Windows NT 6.1; WOW64; Trident/7.0; rv:11.0) like Gecko"
204.79.180.16 - - [27/Jul/2017:08:18:13 +0200] "GET /javascript/jquery.simplemodal.js HTTP/1.1" 200 3070 "http://www.easydrivers.at/ennstal.bad.aussee/pruefungen" "Mozilla/5.0 (compatible; MSIE 9.0; Windows NT 6.0; Trident/5.0; Trident/5.0)"
204.79.180.13 - - [27/Jul/2017:08:18:14 +0200] "GET /javascript/jquery.cookie.js HTTP/1.1" 200 863 "http://www.easydrivers.at/ennstal.bad.aussee/pruefungen" "Mozilla/5.0 (compatible; MSIE 9.0; Windows NT 6.0; Trident/5.0; Trident/5.0)"
204.79.180.18 - - [27/Jul/2017:08:18:15 +0200] "GET /javascript/portal.js?1221842734 HTTP/1.1" 200 3529 "http://www.easydrivers.at/ennstal.bad.aussee/pruefungen" "Mozilla/5.0 (compatible; MSIE 9.0; Windows NT 6.0; Trident/5.0; Trident/5.0)"
204.79.180.5 - - [27/Jul/2017:08:18:15 +0200] "GET /css/print.css HTTP/1.1" 200 967 "http://www.easydrivers.at/ennstal.bad.aussee/pruefungen" "Mozilla/5.0 (compatible; MSIE 9.0; Windows NT 6.0; Trident/5.0; Trident/5.0)"
204.79.180.9 - - [27/Jul/2017:08:18:15 +0200] "GET /javascript/lazyload.js HTTP/1.1" 200 1170 "http://www.easydrivers.at/ennstal.bad.aussee/pruefungen" "Mozilla/5.0 (compatible; MSIE 9.0; Windows NT 6.0; Trident/5.0; Trident/5.0)"
133.130.58.99 - - [27/Jul/2017:08:18:13 +0200] "GET /ennstal.schladming/pruefungen HTTP/1.1" 200 3236 "-" "Mozilla/5.0 (Macintosh; Intel Mac OS X 10_10_3) AppleWebKit/537.36 (KHTML, like Gecko) Chrome/42.0.2311.90 Safari/537.36"
204.79.180.11 - - [27/Jul/2017:08:18:16 +0200] "GET /javascript/fahrschule.js HTTP/1.1" 200 462 "http://www.easydrivers.at/ennstal.bad.aussee/pruefungen" "Mozilla/5.0 (compatible; MSIE 9.0; Windows NT 6.0; Trident/5.0; Trident/5.0)"
46.127.158.145 - - [27/Jul/2017:08:18:15 +0200] "GET /linz HTTP/1.1" 200 2882 "https://www.google.ch/" "Mozilla/5.0 (Linux; Android 4.4.4; C6903 Build/14.4.A.0.108) AppleWebKit/537.36 (KHTML, like Gecko) Chrome/59.0.3071.125 Mobile Safari/537.36"
195.69.193.50 - - [27/Jul/2017:08:18:16 +0200] "GET /ueberuns HTTP/1.1" 200 3257 "https://www.easydrivers.at/jennersdorf" "Mozilla/5.0 (Windows NT 6.1; WOW64; Trident/7.0; rv:11.0) like Gecko"
204.79.180.19 - - [27/Jul/2017:08:18:21 +0200] "GET /javascript/jquery.customSelect.min.js HTTP/1.1" 200 912 "http://www.easydrivers.at/ennstal.bad.aussee/pruefungen" "Mozilla/5.0 (compatible; MSIE 9.0; Windows NT 6.0; Trident/5.0; Trident/5.0)"
195.69.193.50 - - [27/Jul/2017:08:18:20 +0200] "GET /jennersdorf HTTP/1.1" 200 3466 "https://www.easydrivers.at/jennersdorf/kursauswahl" "Mozilla/5.0 (Windows NT 6.1; WOW64; Trident/7.0; rv:11.0) like Gecko"
194.29.99.50 - - [27/Jul/2017:08:18:22 +0200] "GET /binaries/easy-drivers-portal/widgetfrequencypng-1.png HTTP/1.1" 304 - "-" "Mozilla/4.0 (compatible;)"
178.115.128.39 - - [27/Jul/2017:08:18:21 +0200] "GET /schwechat/aktionen HTTP/1.1" 200 2683 "https://www.google.at/" "Mozilla/5.0 (iPhone; CPU iPhone OS 7_0_4 like Mac OS X) AppleWebKit/537.51.1 (KHTML, like Gecko) Version/7.0 Mobile/11B554a Safari/9537.53"
46.127.158.145 - - [27/Jul/2017:08:18:21 +0200] "GET /linz HTTP/1.1" 200 2882 "-" "Dalvik/1.6.0 (Linux; U; Android 4.4.4; C6903 Build/14.4.A.0.108)"
178.115.128.39 - - [27/Jul/2017:08:18:23 +0200] "GET /css/mobile.css HTTP/1.1" 200 2852 "http://www.easydrivers.at/schwechat/aktionen" "Mozilla/5.0 (iPhone; CPU iPhone OS 7_0_4 like Mac OS X) AppleWebKit/537.51.1 (KHTML, like Gecko) Version/7.0 Mobile/11B554a Safari/9537.53"
178.115.128.39 - - [27/Jul/2017:08:18:23 +0200] "GET /javascript/jquery.cookie.js HTTP/1.1" 200 863 "http://www.easydrivers.at/schwechat/aktionen" "Mozilla/5.0 (iPhone; CPU iPhone OS 7_0_4 like Mac OS X) AppleWebKit/537.51.1 (KHTML, like Gecko) Version/7.0 Mobile/11B554a Safari/9537.53"
178.115.128.39 - - [27/Jul/2017:08:18:23 +0200] "GET /javascript/mobile-menu.js HTTP/1.1" 200 1634 "http://www.easydrivers.at/schwechat/aktionen" "Mozilla/5.0 (iPhone; CPU iPhone OS 7_0_4 like Mac OS X) AppleWebKit/537.51.1 (KHTML, like Gecko) Version/7.0 Mobile/11B554a Safari/9537.53"
178.115.128.39 - - [27/Jul/2017:08:18:23 +0200] "GET /javascript/jquery.simplemodal.js HTTP/1.1" 200 3070 "http://www.easydrivers.at/schwechat/aktionen" "Mozilla/5.0 (iPhone; CPU iPhone OS 7_0_4 like Mac OS X) AppleWebKit/537.51.1 (KHTML, like Gecko) Version/7.0 Mobile/11B554a Safari/9537.53"
178.115.128.39 - - [27/Jul/2017:08:18:23 +0200] "GET /javascript/mobile-fahrschule.js HTTP/1.1" 200 328 "http://www.easydrivers.at/schwechat/aktionen" "Mozilla/5.0 (iPhone; CPU iPhone OS 7_0_4 like Mac OS X) AppleWebKit/537.51.1 (KHTML, like Gecko) Version/7.0 Mobile/11B554a Safari/9537.53"
178.115.128.39 - - [27/Jul/2017:08:18:23 +0200] "GET /javascript/lazyload.js HTTP/1.1" 200 1170 "http://www.easydrivers.at/schwechat/aktionen" "Mozilla/5.0 (iPhone; CPU iPhone OS 7_0_4 like Mac OS X) AppleWebKit/537.51.1 (KHTML, like Gecko) Version/7.0 Mobile/11B554a Safari/9537.53"
178.115.128.39 - - [27/Jul/2017:08:18:23 +0200] "GET /javascript/jquery-1.9.1.min.js HTTP/1.1" 200 32731 "http://www.easydrivers.at/schwechat/aktionen" "Mozilla/5.0 (iPhone; CPU iPhone OS 7_0_4 like Mac OS X) AppleWebKit/537.51.1 (KHTML, like Gecko) Version/7.0 Mobile/11B554a Safari/9537.53"
178.115.128.39 - - [27/Jul/2017:08:18:23 +0200] "GET /img/mobile/easydrivers-logo-mobile.png HTTP/1.1" 200 10766 "http://www.easydrivers.at/schwechat/aktionen" "Mozilla/5.0 (iPhone; CPU iPhone OS 7_0_4 like Mac OS X) AppleWebKit/537.51.1 (KHTML, like Gecko) Version/7.0 Mobile/11B554a Safari/9537.53"
178.115.128.39 - - [27/Jul/2017:08:18:23 +0200] "GET /img/mobile/facebook-icon.png HTTP/1.1" 200 1902 "http://www.easydrivers.at/schwechat/aktionen" "Mozilla/5.0 (iPhone; CPU iPhone OS 7_0_4 like Mac OS X) AppleWebKit/537.51.1 (KHTML, like Gecko) Version/7.0 Mobile/11B554a Safari/9537.53"
178.115.128.39 - - [27/Jul/2017:08:18:23 +0200] "GET /img/mobile/close-button.png HTTP/1.1" 200 2411 "http://www.easydrivers.at/schwechat/aktionen" "Mozilla/5.0 (iPhone; CPU iPhone OS 7_0_4 like Mac OS X) AppleWebKit/537.51.1 (KHTML, like Gecko) Version/7.0 Mobile/11B554a Safari/9537.53"
178.115.128.39 - - [27/Jul/2017:08:18:23 +0200] "GET /img/mobile/info-button.png HTTP/1.1" 200 1549 "http://www.easydrivers.at/schwechat/aktionen" "Mozilla/5.0 (iPhone; CPU iPhone OS 7_0_4 like Mac OS X) AppleWebKit/537.51.1 (KHTML, like Gecko) Version/7.0 Mobile/11B554a Safari/9537.53"
178.115.128.39 - - [27/Jul/2017:08:18:23 +0200] "GET /img/mobile/menu-button.png HTTP/1.1" 200 1746 "http://www.easydrivers.at/schwechat/aktionen" "Mozilla/5.0 (iPhone; CPU iPhone OS 7_0_4 like Mac OS X) AppleWebKit/537.51.1 (KHTML, like Gecko) Version/7.0 Mobile/11B554a Safari/9537.53"
178.115.128.39 - - [27/Jul/2017:08:18:24 +0200] "GET /img/mobile/googlemaps-pin.png HTTP/1.1" 200 1597 "http://www.easydrivers.at/schwechat/aktionen" "Mozilla/5.0 (iPhone; CPU iPhone OS 7_0_4 like Mac OS X) AppleWebKit/537.51.1 (KHTML, like Gecko) Version/7.0 Mobile/11B554a Safari/9537.53"
178.115.128.39 - - [27/Jul/2017:08:18:24 +0200] "GET /img/smallicon-phone.png HTTP/1.1" 200 3056 "http://www.easydrivers.at/schwechat/aktionen" "Mozilla/5.0 (iPhone; CPU iPhone OS 7_0_4 like Mac OS X) AppleWebKit/537.51.1 (KHTML, like Gecko) Version/7.0 Mobile/11B554a Safari/9537.53"
178.115.128.39 - - [27/Jul/2017:08:18:24 +0200] "GET /img/smallicon-address.png HTTP/1.1" 200 1211 "http://www.easydrivers.at/schwechat/aktionen" "Mozilla/5.0 (iPhone; CPU iPhone OS 7_0_4 like Mac OS X) AppleWebKit/537.51.1 (KHTML, like Gecko) Version/7.0 Mobile/11B554a Safari/9537.53"
178.115.128.39 - - [27/Jul/2017:08:18:24 +0200] "GET /img/smallicon-person.png HTTP/1.1" 200 1141 "http://www.easydrivers.at/schwechat/aktionen" "Mozilla/5.0 (iPhone; CPU iPhone OS 7_0_4 like Mac OS X) AppleWebKit/537.51.1 (KHTML, like Gecko) Version/7.0 Mobile/11B554a Safari/9537.53"
178.115.128.39 - - [27/Jul/2017:08:18:24 +0200] "GET /img/mobile/info-close-button.png HTTP/1.1" 200 1721 "http://www.easydrivers.at/schwechat/aktionen" "Mozilla/5.0 (iPhone; CPU iPhone OS 7_0_4 like Mac OS X) AppleWebKit/537.51.1 (KHTML, like Gecko) Version/7.0 Mobile/11B554a Safari/9537.53"
178.115.128.39 - - [27/Jul/2017:08:18:24 +0200] "GET /img/smallicon-mail.png HTTP/1.1" 200 1341 "http://www.easydrivers.at/schwechat/aktionen" "Mozilla/5.0 (iPhone; CPU iPhone OS 7_0_4 like Mac OS X) AppleWebKit/537.51.1 (KHTML, like Gecko) Version/7.0 Mobile/11B554a Safari/9537.53"
178.115.128.39 - - [27/Jul/2017:08:18:24 +0200] "GET /img/mobile/bg-header.jpg HTTP/1.1" 200 19741 "http://www.easydrivers.at/schwechat/aktionen" "Mozilla/5.0 (iPhone; CPU iPhone OS 7_0_4 like Mac OS X) AppleWebKit/537.51.1 (KHTML, like Gecko) Version/7.0 Mobile/11B554a Safari/9537.53"
178.115.128.39 - - [27/Jul/2017:08:18:24 +0200] "GET /img/smallicon-time.png HTTP/1.1" 200 1262 "http://www.easydrivers.at/schwechat/aktionen" "Mozilla/5.0 (iPhone; CPU iPhone OS 7_0_4 like Mac OS X) AppleWebKit/537.51.1 (KHTML, like Gecko) Version/7.0 Mobile/11B554a Safari/9537.53"
178.115.128.39 - - [27/Jul/2017:08:18:24 +0200] "GET /img/mobile/bg-menu.jpg HTTP/1.1" 200 1698 "http://www.easydrivers.at/schwechat/aktionen" "Mozilla/5.0 (iPhone; CPU iPhone OS 7_0_4 like Mac OS X) AppleWebKit/537.51.1 (KHTML, like Gecko) Version/7.0 Mobile/11B554a Safari/9537.53"
178.115.128.39 - - [27/Jul/2017:08:18:24 +0200] "GET /img/mobile/bg-top-section.jpg HTTP/1.1" 200 21711 "http://www.easydrivers.at/schwechat/aktionen" "Mozilla/5.0 (iPhone; CPU iPhone OS 7_0_4 like Mac OS X) AppleWebKit/537.51.1 (KHTML, like Gecko) Version/7.0 Mobile/11B554a Safari/9537.53"
195.69.193.50 - - [27/Jul/2017:08:18:27 +0200] "GET /favicon.ico HTTP/1.1" 200 1150 "-" "Mozilla/5.0 (Windows NT 6.1; Win64; x64; Trident/7.0; rv:11.0) like Gecko"
46.127.158.145 - - [27/Jul/2017:08:18:27 +0200] "GET /ueberuns HTTP/1.1" 200 3286 "http://www.easydrivers.at/linz" "Mozilla/5.0 (Linux; Android 4.4.4; C6903 Build/14.4.A.0.108) AppleWebKit/537.36 (KHTML, like Gecko) Chrome/59.0.3071.125 Mobile Safari/537.36"
46.127.158.145 - - [27/Jul/2017:08:18:29 +0200] "GET /binaries/easy-drivers-portal/edwebhistoryillu392x3922jpg.jpg HTTP/1.1" 200 32209 "http://www.easydrivers.at/ueberuns" "Mozilla/5.0 (Linux; Android 4.4.4; C6903 Build/14.4.A.0.108) AppleWebKit/537.36 (KHTML, like Gecko) Chrome/59.0.3071.125 Mobile Safari/537.36"
46.127.158.145 - - [27/Jul/2017:08:18:29 +0200] "GET /binaries/easy-drivers-portal/edwebhistoryillu392x3924jpg.jpg HTTP/1.1" 200 35765 "http://www.easydrivers.at/ueberuns" "Mozilla/5.0 (Linux; Android 4.4.4; C6903 Build/14.4.A.0.108) AppleWebKit/537.36 (KHTML, like Gecko) Chrome/59.0.3071.125 Mobile Safari/537.36"
46.127.158.145 - - [27/Jul/2017:08:18:29 +0200] "GET /binaries/easy-drivers-portal/edwebhistoryillu392x3925jpg.jpg HTTP/1.1" 200 31708 "http://www.easydrivers.at/ueberuns" "Mozilla/5.0 (Linux; Android 4.4.4; C6903 Build/14.4.A.0.108) AppleWebKit/537.36 (KHTML, like Gecko) Chrome/59.0.3071.125 Mobile Safari/537.36"
46.127.158.145 - - [27/Jul/2017:08:18:29 +0200] "GET /binaries/easy-drivers-portal/edwebhistoryillu392x3923jpg.jpg HTTP/1.1" 200 54656 "http://www.easydrivers.at/ueberuns" "Mozilla/5.0 (Linux; Android 4.4.4; C6903 Build/14.4.A.0.108) AppleWebKit/537.36 (KHTML, like Gecko) Chrome/59.0.3071.125 Mobile Safari/537.36"
46.127.158.145 - - [27/Jul/2017:08:18:29 +0200] "GET /binaries/easy-drivers-portal/edwebhistoryillu392x3926jpg.jpg HTTP/1.1" 200 41118 "http://www.easydrivers.at/ueberuns" "Mozilla/5.0 (Linux; Android 4.4.4; C6903 Build/14.4.A.0.108) AppleWebKit/537.36 (KHTML, like Gecko) Chrome/59.0.3071.125 Mobile Safari/537.36"
46.127.158.145 - - [27/Jul/2017:08:18:29 +0200] "GET /binaries/easy-drivers-portal/edwebhistoryillu392x392radjpg.jpg HTTP/1.1" 200 124939 "http://www.easydrivers.at/ueberuns" "Mozilla/5.0 (Linux; Android 4.4.4; C6903 Build/14.4.A.0.108) AppleWebKit/537.36 (KHTML, like Gecko) Chrome/59.0.3071.125 Mobile Safari/537.36"
46.127.158.145 - - [27/Jul/2017:08:18:29 +0200] "GET /binaries/easy-drivers-portal/edwebhistoryillu392x3928jpg.jpg HTTP/1.1" 200 38907 "http://www.easydrivers.at/ueberuns" "Mozilla/5.0 (Linux; Android 4.4.4; C6903 Build/14.4.A.0.108) AppleWebKit/537.36 (KHTML, like Gecko) Chrome/59.0.3071.125 Mobile Safari/537.36"
46.127.158.145 - - [27/Jul/2017:08:18:29 +0200] "GET /binaries/easy-drivers-portal/edwebhistoryillu392x3927jpg.jpg HTTP/1.1" 200 71377 "http://www.easydrivers.at/ueberuns" "Mozilla/5.0 (Linux; Android 4.4.4; C6903 Build/14.4.A.0.108) AppleWebKit/537.36 (KHTML, like Gecko) Chrome/59.0.3071.125 Mobile Safari/537.36"
46.127.158.145 - - [27/Jul/2017:08:18:29 +0200] "GET /binaries/easy-drivers-portal/edwebhistoryillu392x39211jpg.jpg HTTP/1.1" 200 36282 "http://www.easydrivers.at/ueberuns" "Mozilla/5.0 (Linux; Android 4.4.4; C6903 Build/14.4.A.0.108) AppleWebKit/537.36 (KHTML, like Gecko) Chrome/59.0.3071.125 Mobile Safari/537.36"
46.127.158.145 - - [27/Jul/2017:08:18:29 +0200] "GET /binaries/easy-drivers-portal/edwebhistoryillu392x39210jpg.jpg HTTP/1.1" 200 19475 "http://www.easydrivers.at/ueberuns" "Mozilla/5.0 (Linux; Android 4.4.4; C6903 Build/14.4.A.0.108) AppleWebKit/537.36 (KHTML, like Gecko) Chrome/59.0.3071.125 Mobile Safari/537.36"
46.127.158.145 - - [27/Jul/2017:08:18:29 +0200] "GET /binaries/easy-drivers-portal/edwebhistoryillu392x3929jpg.jpg HTTP/1.1" 200 31823 "http://www.easydrivers.at/ueberuns" "Mozilla/5.0 (Linux; Android 4.4.4; C6903 Build/14.4.A.0.108) AppleWebKit/537.36 (KHTML, like Gecko) Chrome/59.0.3071.125 Mobile Safari/537.36"
46.127.158.145 - - [27/Jul/2017:08:18:29 +0200] "GET /binaries/easy-drivers-portal/edwebhistoryillu392x39220kpng.png HTTP/1.1" 200 49333 "http://www.easydrivers.at/ueberuns" "Mozilla/5.0 (Linux; Android 4.4.4; C6903 Build/14.4.A.0.108) AppleWebKit/537.36 (KHTML, like Gecko) Chrome/59.0.3071.125 Mobile Safari/537.36"
133.130.58.99 - - [27/Jul/2017:08:18:28 +0200] "GET /fuehrerscheine/lkw HTTP/1.1" 200 2618 "-" "Mozilla/5.0 (Macintosh; Intel Mac OS X 10_10_3) AppleWebKit/537.36 (KHTML, like Gecko) Chrome/42.0.2311.90 Safari/537.36"
195.69.193.50 - - [27/Jul/2017:08:18:29 +0200] "GET /jennersdorf HTTP/1.1" 200 3466 "https://www.easydrivers.at/jennersdorf/kursauswahl" "Mozilla/5.0 (Windows NT 6.1; WOW64; Trident/7.0; rv:11.0) like Gecko"
195.69.193.50 - - [27/Jul/2017:08:18:30 +0200] "GET /ueberuns HTTP/1.1" 200 3257 "https://www.easydrivers.at/jennersdorf" "Mozilla/5.0 (Windows NT 6.1; WOW64; Trident/7.0; rv:11.0) like Gecko"
46.127.158.145 - - [27/Jul/2017:08:18:33 +0200] "GET /ueberuns HTTP/1.1" 200 3286 "-" "Dalvik/1.6.0 (Linux; U; Android 4.4.4; C6903 Build/14.4.A.0.108)"
178.115.128.39 - - [27/Jul/2017:08:18:35 +0200] "GET /fahrschulen HTTP/1.1" 200 2459 "http://www.easydrivers.at/schwechat/aktionen" "Mozilla/5.0 (iPhone; CPU iPhone OS 7_0_4 like Mac OS X) AppleWebKit/537.51.1 (KHTML, like Gecko) Version/7.0 Mobile/11B554a Safari/9537.53"
178.115.128.39 - - [27/Jul/2017:08:18:36 +0200] "GET /javascript/mobile-fahrschulen.js HTTP/1.1" 200 404 "http://www.easydrivers.at/fahrschulen" "Mozilla/5.0 (iPhone; CPU iPhone OS 7_0_4 like Mac OS X) AppleWebKit/537.51.1 (KHTML, like Gecko) Version/7.0 Mobile/11B554a Safari/9537.53"
178.115.128.39 - - [27/Jul/2017:08:18:37 +0200] "GET /img/mobile/pfeil-rechts-small.png HTTP/1.1" 200 1056 "http://www.easydrivers.at/fahrschulen" "Mozilla/5.0 (iPhone; CPU iPhone OS 7_0_4 like Mac OS X) AppleWebKit/537.51.1 (KHTML, like Gecko) Version/7.0 Mobile/11B554a Safari/9537.53"
195.69.193.50 - - [27/Jul/2017:08:18:38 +0200] "GET /fahrschulen HTTP/1.1" 200 3924 "https://www.easydrivers.at/ueberuns" "Mozilla/5.0 (Windows NT 6.1; WOW64; Trident/7.0; rv:11.0) like Gecko"
46.127.158.145 - - [27/Jul/2017:08:18:39 +0200] "GET /linz HTTP/1.1" 200 2882 "https://www.google.ch/" "Mozilla/5.0 (Linux; Android 4.4.4; C6903 Build/14.4.A.0.108) AppleWebKit/537.36 (KHTML, like Gecko) Chrome/59.0.3071.125 Mobile Safari/537.36"
195.69.193.50 - - [27/Jul/2017:08:18:43 +0200] "POST /fahrschulen/burgenland HTTP/1.1" 200 2999 "-" "Mozilla/5.0 (Windows NT 6.1; WOW64; Trident/7.0; rv:11.0) like Gecko"
195.69.193.50 - - [27/Jul/2017:08:18:44 +0200] "GET /img/submit-button-small.png HTTP/1.1" 304 - "http://www.easydrivers.at/fahrschulen/burgenland" "Mozilla/5.0 (Windows NT 6.1; WOW64; Trident/7.0; rv:11.0) like Gecko"
195.69.193.50 - - [27/Jul/2017:08:18:44 +0200] "GET /css/print.css HTTP/1.1" 304 - "http://www.easydrivers.at/fahrschulen/burgenland" "Mozilla/5.0 (Windows NT 6.1; WOW64; Trident/7.0; rv:11.0) like Gecko"
195.69.193.50 - - [27/Jul/2017:08:18:44 +0200] "GET /css/style.css HTTP/1.1" 304 - "http://www.easydrivers.at/fahrschulen/burgenland" "Mozilla/5.0 (Windows NT 6.1; WOW64; Trident/7.0; rv:11.0) like Gecko"
195.69.193.50 - - [27/Jul/2017:08:18:44 +0200] "GET /javascript/lazyload.js HTTP/1.1" 200 1170 "http://www.easydrivers.at/fahrschulen/burgenland" "Mozilla/5.0 (Windows NT 6.1; WOW64; Trident/7.0; rv:11.0) like Gecko"
195.69.193.50 - - [27/Jul/2017:08:18:44 +0200] "GET /javascript/portal.js?1221842734 HTTP/1.1" 200 3529 "http://www.easydrivers.at/fahrschulen/burgenland" "Mozilla/5.0 (Windows NT 6.1; WOW64; Trident/7.0; rv:11.0) like Gecko"
195.69.193.50 - - [27/Jul/2017:08:18:44 +0200] "GET /javascript/jquery.simplemodal.js HTTP/1.1" 304 - "http://www.easydrivers.at/fahrschulen/burgenland" "Mozilla/5.0 (Windows NT 6.1; WOW64; Trident/7.0; rv:11.0) like Gecko"
195.69.193.50 - - [27/Jul/2017:08:18:44 +0200] "GET /javascript/jquery.cookie.js HTTP/1.1" 304 - "http://www.easydrivers.at/fahrschulen/burgenland" "Mozilla/5.0 (Windows NT 6.1; WOW64; Trident/7.0; rv:11.0) like Gecko"
195.69.193.50 - - [27/Jul/2017:08:18:44 +0200] "GET /img/facebook-icon.png HTTP/1.1" 304 - "http://www.easydrivers.at/fahrschulen/burgenland" "Mozilla/5.0 (Windows NT 6.1; WOW64; Trident/7.0; rv:11.0) like Gecko"
195.69.193.50 - - [27/Jul/2017:08:18:44 +0200] "GET /javascript/jquery.customSelect.min.js HTTP/1.1" 304 - "http://www.easydrivers.at/fahrschulen/burgenland" "Mozilla/5.0 (Windows NT 6.1; WOW64; Trident/7.0; rv:11.0) like Gecko"
195.69.193.50 - - [27/Jul/2017:08:18:44 +0200] "GET /img/close-button.png HTTP/1.1" 304 - "http://www.easydrivers.at/fahrschulen/burgenland" "Mozilla/5.0 (Windows NT 6.1; WOW64; Trident/7.0; rv:11.0) like Gecko"
195.69.193.50 - - [27/Jul/2017:08:18:44 +0200] "GET /img/locator-icon.png HTTP/1.1" 304 - "http://www.easydrivers.at/fahrschulen/burgenland" "Mozilla/5.0 (Windows NT 6.1; WOW64; Trident/7.0; rv:11.0) like Gecko"
195.69.193.50 - - [27/Jul/2017:08:18:44 +0200] "GET /img/smallicon-address.png HTTP/1.1" 304 - "http://www.easydrivers.at/fahrschulen/burgenland" "Mozilla/5.0 (Windows NT 6.1; WOW64; Trident/7.0; rv:11.0) like Gecko"
195.69.193.50 - - [27/Jul/2017:08:18:44 +0200] "GET /img/smallicon-phone.png HTTP/1.1" 304 - "http://www.easydrivers.at/fahrschulen/burgenland" "Mozilla/5.0 (Windows NT 6.1; WOW64; Trident/7.0; rv:11.0) like Gecko"
195.69.193.50 - - [27/Jul/2017:08:18:44 +0200] "GET /img/smallicon-time.png HTTP/1.1" 304 - "http://www.easydrivers.at/fahrschulen/burgenland" "Mozilla/5.0 (Windows NT 6.1; WOW64; Trident/7.0; rv:11.0) like Gecko"
195.69.193.50 - - [27/Jul/2017:08:18:44 +0200] "GET /img/schweiz-icon.png HTTP/1.1" 304 - "http://www.easydrivers.at/fahrschulen/burgenland" "Mozilla/5.0 (Windows NT 6.1; WOW64; Trident/7.0; rv:11.0) like Gecko"
195.69.193.50 - - [27/Jul/2017:08:18:44 +0200] "GET /img/smallicon-mail.png HTTP/1.1" 304 - "http://www.easydrivers.at/fahrschulen/burgenland" "Mozilla/5.0 (Windows NT 6.1; WOW64; Trident/7.0; rv:11.0) like Gecko"
195.69.193.50 - - [27/Jul/2017:08:18:44 +0200] "GET /img/kursicon-phone-pink.png HTTP/1.1" 200 1286 "http://www.easydrivers.at/fahrschulen/burgenland" "Mozilla/5.0 (Windows NT 6.1; WOW64; Trident/7.0; rv:11.0) like Gecko"
195.69.193.50 - - [27/Jul/2017:08:18:44 +0200] "GET /img/kursicon-download-pink.png HTTP/1.1" 304 - "http://www.easydrivers.at/fahrschulen/burgenland" "Mozilla/5.0 (Windows NT 6.1; WOW64; Trident/7.0; rv:11.0) like Gecko"
195.69.193.50 - - [27/Jul/2017:08:18:44 +0200] "GET /img/kursicon-share-pink.png HTTP/1.1" 304 - "http://www.easydrivers.at/fahrschulen/burgenland" "Mozilla/5.0 (Windows NT 6.1; WOW64; Trident/7.0; rv:11.0) like Gecko"
195.69.193.50 - - [27/Jul/2017:08:18:44 +0200] "GET /img/bg-header.jpg HTTP/1.1" 304 - "http://www.easydrivers.at/fahrschulen/burgenland" "Mozilla/5.0 (Windows NT 6.1; WOW64; Trident/7.0; rv:11.0) like Gecko"
195.69.193.50 - - [27/Jul/2017:08:18:44 +0200] "GET /img/kursicon-print-pink.png HTTP/1.1" 304 - "http://www.easydrivers.at/fahrschulen/burgenland" "Mozilla/5.0 (Windows NT 6.1; WOW64; Trident/7.0; rv:11.0) like Gecko"
195.69.193.50 - - [27/Jul/2017:08:18:44 +0200] "GET /img/bg-yellow.jpg HTTP/1.1" 304 - "http://www.easydrivers.at/fahrschulen/burgenland" "Mozilla/5.0 (Windows NT 6.1; WOW64; Trident/7.0; rv:11.0) like Gecko"
195.69.193.50 - - [27/Jul/2017:08:18:44 +0200] "GET /img/arrow-left.png HTTP/1.1" 304 - "http://www.easydrivers.at/fahrschulen/burgenland" "Mozilla/5.0 (Windows NT 6.1; WOW64; Trident/7.0; rv:11.0) like Gecko"
195.69.193.50 - - [27/Jul/2017:08:18:44 +0200] "GET /img/ED_Logo.png HTTP/1.1" 304 - "http://www.easydrivers.at/fahrschulen/burgenland" "Mozilla/5.0 (Windows NT 6.1; WOW64; Trident/7.0; rv:11.0) like Gecko"
195.69.193.50 - - [27/Jul/2017:08:18:44 +0200] "GET /img/bg-footer.jpg HTTP/1.1" 304 - "http://www.easydrivers.at/fahrschulen/burgenland" "Mozilla/5.0 (Windows NT 6.1; WOW64; Trident/7.0; rv:11.0) like Gecko"
133.130.58.99 - - [27/Jul/2017:08:18:43 +0200] "GET /klagenfurt/10248801 HTTP/1.1" 200 2997 "-" "Mozilla/5.0 (Macintosh; Intel Mac OS X 10_10_3) AppleWebKit/537.36 (KHTML, like Gecko) Chrome/42.0.2311.90 Safari/537.36"
46.127.158.145 - - [27/Jul/2017:08:18:44 +0200] "GET /linz HTTP/1.1" 200 2882 "-" "Dalvik/1.6.0 (Linux; U; Android 4.4.4; C6903 Build/14.4.A.0.108)"
178.115.128.39 - - [27/Jul/2017:08:18:45 +0200] "GET /schwechat/kursauswahl HTTP/1.1" 200 2770 "https://www.google.at/" "Mozilla/5.0 (iPhone; CPU iPhone OS 7_0_4 like Mac OS X) AppleWebKit/537.51.1 (KHTML, like Gecko) Version/7.0 Mobile/11B554a Safari/9537.53"
178.115.128.39 - - [27/Jul/2017:08:18:47 +0200] "GET /img/mobile/pfeil-links-small.png HTTP/1.1" 200 1065 "http://www.easydrivers.at/schwechat/kursauswahl" "Mozilla/5.0 (iPhone; CPU iPhone OS 7_0_4 like Mac OS X) AppleWebKit/537.51.1 (KHTML, like Gecko) Version/7.0 Mobile/11B554a Safari/9537.53"
195.69.193.50 - - [27/Jul/2017:08:18:50 +0200] "GET /jennersdorf HTTP/1.1" 200 3465 "http://www.easydrivers.at/fahrschulen/burgenland" "Mozilla/5.0 (Windows NT 6.1; WOW64; Trident/7.0; rv:11.0) like Gecko"
195.69.193.50 - - [27/Jul/2017:08:18:52 +0200] "GET /img/info-button.png HTTP/1.1" 304 - "http://www.easydrivers.at/jennersdorf" "Mozilla/5.0 (Windows NT 6.1; WOW64; Trident/7.0; rv:11.0) like Gecko"
195.69.193.50 - - [27/Jul/2017:08:18:52 +0200] "GET /img/close-button-small.png HTTP/1.1" 304 - "http://www.easydrivers.at/jennersdorf" "Mozilla/5.0 (Windows NT 6.1; WOW64; Trident/7.0; rv:11.0) like Gecko"
195.69.193.50 - - [27/Jul/2017:08:18:52 +0200] "GET /img/empty.gif HTTP/1.1" 304 - "http://www.easydrivers.at/jennersdorf" "Mozilla/5.0 (Windows NT 6.1; WOW64; Trident/7.0; rv:11.0) like Gecko"
195.69.193.50 - - [27/Jul/2017:08:18:52 +0200] "GET /img/submit-button.png HTTP/1.1" 304 - "http://www.easydrivers.at/jennersdorf" "Mozilla/5.0 (Windows NT 6.1; WOW64; Trident/7.0; rv:11.0) like Gecko"
195.69.193.50 - - [27/Jul/2017:08:18:52 +0200] "GET /javascript/fahrschule.js HTTP/1.1" 304 - "http://www.easydrivers.at/jennersdorf" "Mozilla/5.0 (Windows NT 6.1; WOW64; Trident/7.0; rv:11.0) like Gecko"
195.69.193.50 - - [27/Jul/2017:08:18:52 +0200] "GET /binaries/easy-drivers-portal/widget-icon-expertspng.png HTTP/1.1" 304 - "http://www.easydrivers.at/jennersdorf" "Mozilla/5.0 (Windows NT 6.1; WOW64; Trident/7.0; rv:11.0) like Gecko"
195.69.193.50 - - [27/Jul/2017:08:18:52 +0200] "GET /binaries/easy-drivers-portal/widget-icon-apppng.png HTTP/1.1" 304 - "http://www.easydrivers.at/jennersdorf" "Mozilla/5.0 (Windows NT 6.1; WOW64; Trident/7.0; rv:11.0) like Gecko"
195.69.193.50 - - [27/Jul/2017:08:18:52 +0200] "GET /binaries/easy-drivers-portal/widget-icon-trainingpng.png HTTP/1.1" 304 - "http://www.easydrivers.at/jennersdorf" "Mozilla/5.0 (Windows NT 6.1; WOW64; Trident/7.0; rv:11.0) like Gecko"
195.69.193.50 - - [27/Jul/2017:08:18:53 +0200] "GET /img/purple-dots-horizontal.png HTTP/1.1" 304 - "http://www.easydrivers.at/jennersdorf" "Mozilla/5.0 (Windows NT 6.1; WOW64; Trident/7.0; rv:11.0) like Gecko"
195.69.193.50 - - [27/Jul/2017:08:18:53 +0200] "GET /img/bg-top-section.jpg HTTP/1.1" 304 - "http://www.easydrivers.at/jennersdorf" "Mozilla/5.0 (Windows NT 6.1; WOW64; Trident/7.0; rv:11.0) like Gecko"
195.69.193.50 - - [27/Jul/2017:08:18:53 +0200] "GET /img/yellow-dots-vertical.png HTTP/1.1" 304 - "http://www.easydrivers.at/jennersdorf" "Mozilla/5.0 (Windows NT 6.1; WOW64; Trident/7.0; rv:11.0) like Gecko"
178.115.128.39 - - [27/Jul/2017:08:18:54 +0200] "GET /schwechat HTTP/1.1" 200 3054 "https://www.google.at/" "Mozilla/5.0 (iPhone; CPU iPhone OS 7_0_4 like Mac OS X) AppleWebKit/537.51.1 (KHTML, like Gecko) Version/7.0 Mobile/11B554a Safari/9537.53"
46.127.158.145 - - [27/Jul/2017:08:18:54 +0200] "GET /impressum HTTP/1.1" 200 6245 "http://www.easydrivers.at/linz" "Mozilla/5.0 (Linux; Android 4.4.4; C6903 Build/14.4.A.0.108) AppleWebKit/537.36 (KHTML, like Gecko) Chrome/59.0.3071.125 Mobile Safari/537.36"
178.115.128.39 - - [27/Jul/2017:08:18:57 +0200] "GET /img/mobile/widget-icon-app.png HTTP/1.1" 200 3458 "http://www.easydrivers.at/schwechat" "Mozilla/5.0 (iPhone; CPU iPhone OS 7_0_4 like Mac OS X) AppleWebKit/537.51.1 (KHTML, like Gecko) Version/7.0 Mobile/11B554a Safari/9537.53"
178.115.128.39 - - [27/Jul/2017:08:18:57 +0200] "GET /img/mobile/pfeil-rechts.png HTTP/1.1" 200 1228 "http://www.easydrivers.at/schwechat" "Mozilla/5.0 (iPhone; CPU iPhone OS 7_0_4 like Mac OS X) AppleWebKit/537.51.1 (KHTML, like Gecko) Version/7.0 Mobile/11B554a Safari/9537.53"
195.69.193.50 - - [27/Jul/2017:08:18:56 +0200] "GET /jennersdorf/kurse HTTP/1.1" 200 4807 "http://www.easydrivers.at/jennersdorf" "Mozilla/5.0 (Windows NT 6.1; WOW64; Trident/7.0; rv:11.0) like Gecko"
195.69.193.50 - - [27/Jul/2017:08:18:59 +0200] "GET /javascript/jquery.base64.min.js HTTP/1.1" 304 - "http://www.easydrivers.at/jennersdorf/kurse" "Mozilla/5.0 (Windows NT 6.1; WOW64; Trident/7.0; rv:11.0) like Gecko"
195.69.193.50 - - [27/Jul/2017:08:18:59 +0200] "GET /css/showLoading.css HTTP/1.1" 304 - "http://www.easydrivers.at/jennersdorf/kurse" "Mozilla/5.0 (Windows NT 6.1; WOW64; Trident/7.0; rv:11.0) like Gecko"
195.69.193.50 - - [27/Jul/2017:08:18:59 +0200] "GET /binaries/easy-drivers-portal/pkw5jpg.jpg HTTP/1.1" 200 96177 "http://www.easydrivers.at/jennersdorf/kurse" "Mozilla/5.0 (Windows NT 6.1; WOW64; Trident/7.0; rv:11.0) like Gecko"
195.69.193.50 - - [27/Jul/2017:08:18:59 +0200] "GET /javascript/jquery.showLoading.min.js HTTP/1.1" 304 - "http://www.easydrivers.at/jennersdorf/kurse" "Mozilla/5.0 (Windows NT 6.1; WOW64; Trident/7.0; rv:11.0) like Gecko"
133.130.58.99 - - [27/Jul/2017:08:18:58 +0200] "GET /binaries/easy-drivers-edelweiss-klagenfurt/agb-easy-drivers-edelweiss-klagenfurt.pdf HTTP/1.1" 200 91463 "-" "Mozilla/5.0 (Macintosh; Intel Mac OS X 10_10_3) AppleWebKit/537.36 (KHTML, like Gecko) Chrome/42.0.2311.90 Safari/537.36"
195.69.193.50 - - [27/Jul/2017:08:18:59 +0200] "GET /img/top-image-overlay.png HTTP/1.1" 304 - "http://www.easydrivers.at/jennersdorf/kurse" "Mozilla/5.0 (Windows NT 6.1; WOW64; Trident/7.0; rv:11.0) like Gecko"
46.127.158.145 - - [27/Jul/2017:08:19:00 +0200] "GET /impressum HTTP/1.1" 200 5548 "-" "Dalvik/1.6.0 (Linux; U; Android 4.4.4; C6903 Build/14.4.A.0.108)"
195.69.193.50 - - [27/Jul/2017:08:19:06 +0200] "GET /jennersdorf/aktionen HTTP/1.1" 200 2887 "http://www.easydrivers.at/jennersdorf/kurse" "Mozilla/5.0 (Windows NT 6.1; WOW64; Trident/7.0; rv:11.0) like Gecko"
195.69.193.50 - - [27/Jul/2017:08:19:08 +0200] "GET /binaries/easy-drivers-portal/motorrad1jpg.jpg HTTP/1.1" 304 - "http://www.easydrivers.at/jennersdorf/aktionen" "Mozilla/5.0 (Windows NT 6.1; WOW64; Trident/7.0; rv:11.0) like Gecko"
178.115.128.39 - - [27/Jul/2017:08:19:06 +0200] "POST /schwechat/kursauswahl HTTP/1.1" 200 3162 "http://www.easydrivers.at/schwechat" "Mozilla/5.0 (iPhone; CPU iPhone OS 7_0_4 like Mac OS X) AppleWebKit/537.51.1 (KHTML, like Gecko) Version/7.0 Mobile/11B554a Safari/9537.53"
178.115.128.39 - - [27/Jul/2017:08:19:09 +0200] "GET /javascript/mobile-fahrschule-kurs-suchergebnis.js HTTP/1.1" 200 274 "http://www.easydrivers.at/schwechat/kursauswahl" "Mozilla/5.0 (iPhone; CPU iPhone OS 7_0_4 like Mac OS X) AppleWebKit/537.51.1 (KHTML, like Gecko) Version/7.0 Mobile/11B554a Safari/9537.53"
178.115.128.39 - - [27/Jul/2017:08:19:09 +0200] "GET /img/mobile/bg-yellow.jpg HTTP/1.1" 200 1569 "http://www.easydrivers.at/schwechat/kursauswahl" "Mozilla/5.0 (iPhone; CPU iPhone OS 7_0_4 like Mac OS X) AppleWebKit/537.51.1 (KHTML, like Gecko) Version/7.0 Mobile/11B554a Safari/9537.53"
178.115.128.39 - - [27/Jul/2017:08:19:09 +0200] "GET /img/loading-bars.gif HTTP/1.1" 200 3951 "http://www.easydrivers.at/schwechat/kursauswahl" "Mozilla/5.0 (iPhone; CPU iPhone OS 7_0_4 like Mac OS X) AppleWebKit/537.51.1 (KHTML, like Gecko) Version/7.0 Mobile/11B554a Safari/9537.53"
195.69.193.50 - - [27/Jul/2017:08:19:12 +0200] "GET /jennersdorf HTTP/1.1" 200 3465 "http://www.easydrivers.at/jennersdorf/aktionen" "Mozilla/5.0 (Windows NT 6.1; WOW64; Trident/7.0; rv:11.0) like Gecko"
46.127.158.145 - - [27/Jul/2017:08:19:13 +0200] "GET /linz HTTP/1.1" 200 2882 "https://www.google.ch/" "Mozilla/5.0 (Linux; Android 4.4.4; C6903 Build/14.4.A.0.108) AppleWebKit/537.36 (KHTML, like Gecko) Chrome/59.0.3071.125 Mobile Safari/537.36"
133.130.58.99 - - [27/Jul/2017:08:19:14 +0200] "GET /radfahrschule/Inhaberdaten HTTP/1.1" 200 3401 "-" "Mozilla/5.0 (Macintosh; Intel Mac OS X 10_10_3) AppleWebKit/537.36 (KHTML, like Gecko) Chrome/42.0.2311.90 Safari/537.36"
46.127.158.145 - - [27/Jul/2017:08:19:18 +0200] "GET /linz HTTP/1.1" 200 2882 "-" "Dalvik/1.6.0 (Linux; U; Android 4.4.4; C6903 Build/14.4.A.0.108)"
46.127.158.145 - - [27/Jul/2017:08:19:19 +0200] "GET / HTTP/1.1" 200 3563 "http://www.easydrivers.at/linz" "Mozilla/5.0 (Linux; Android 4.4.4; C6903 Build/14.4.A.0.108) AppleWebKit/537.36 (KHTML, like Gecko) Chrome/59.0.3071.125 Mobile Safari/537.36"
46.127.158.145 - - [27/Jul/2017:08:19:21 +0200] "GET /javascript/mobile-homesearch.js HTTP/1.1" 200 340 "http://www.easydrivers.at/" "Mozilla/5.0 (Linux; Android 4.4.4; C6903 Build/14.4.A.0.108) AppleWebKit/537.36 (KHTML, like Gecko) Chrome/59.0.3071.125 Mobile Safari/537.36"
46.127.158.145 - - [27/Jul/2017:08:19:23 +0200] "GET /fahrschulen HTTP/1.1" 200 2459 "http://www.easydrivers.at/" "Mozilla/5.0 (Linux; Android 4.4.4; C6903 Build/14.4.A.0.108) AppleWebKit/537.36 (KHTML, like Gecko) Chrome/59.0.3071.125 Mobile Safari/537.36"
46.127.158.145 - - [27/Jul/2017:08:19:25 +0200] "GET /javascript/mobile-fahrschulen.js HTTP/1.1" 200 404 "http://www.easydrivers.at/fahrschulen" "Mozilla/5.0 (Linux; Android 4.4.4; C6903 Build/14.4.A.0.108) AppleWebKit/537.36 (KHTML, like Gecko) Chrome/59.0.3071.125 Mobile Safari/537.36"
