216.244.66.202 - - [27/Jul/2017:05:00:25 +0200] "GET /schwechat/10247159?FS=B-L HTTP/1.1" 410 11209 "-" "Mozilla/5.0 (compatible; DotBot/1.1; http://www.opensiteexplorer.org/dotbot, help@moz.com)"
216.244.66.202 - - [27/Jul/2017:05:00:35 +0200] "GET /schwechat/10247139?FS=B-L HTTP/1.1" 410 11209 "-" "Mozilla/5.0 (compatible; DotBot/1.1; http://www.opensiteexplorer.org/dotbot, help@moz.com)"
216.244.66.202 - - [27/Jul/2017:05:00:43 +0200] "GET /scheibbs/10249680?FS=BE HTTP/1.1" 410 10934 "-" "Mozilla/5.0 (compatible; DotBot/1.1; http://www.opensiteexplorer.org/dotbot, help@moz.com)"
216.244.66.202 - - [27/Jul/2017:05:00:52 +0200] "GET /moedling/news/ HTTP/1.1" 200 15967 "-" "Mozilla/5.0 (compatible; DotBot/1.1; http://www.opensiteexplorer.org/dotbot, help@moz.com)"
216.244.66.202 - - [27/Jul/2017:05:00:57 +0200] "GET /linz/10250955?FS=AM HTTP/1.1" 410 11033 "-" "Mozilla/5.0 (compatible; DotBot/1.1; http://www.opensiteexplorer.org/dotbot, help@moz.com)"
216.244.66.202 - - [27/Jul/2017:05:00:59 +0200] "GET /kapfenberg.pankl/10241938?FS=AM-M HTTP/1.1" 410 11176 "-" "Mozilla/5.0 (compatible; DotBot/1.1; http://www.opensiteexplorer.org/dotbot, help@moz.com)"
216.244.66.202 - - [27/Jul/2017:05:01:08 +0200] "GET /kapfenberg.pankl/10241932?FS=BZ HTTP/1.1" 410 11176 "-" "Mozilla/5.0 (compatible; DotBot/1.1; http://www.opensiteexplorer.org/dotbot, help@moz.com)"
216.244.66.202 - - [27/Jul/2017:05:01:17 +0200] "GET /hollabrunn/10240234?FS=A1L17 HTTP/1.1" 200 24040 "-" "Mozilla/5.0 (compatible; DotBot/1.1; http://www.opensiteexplorer.org/dotbot, help@moz.com)"
216.244.66.202 - - [27/Jul/2017:05:01:25 +0200] "GET /hartberg/10250537?FS=BZ HTTP/1.1" 410 10937 "-" "Mozilla/5.0 (compatible; DotBot/1.1; http://www.opensiteexplorer.org/dotbot, help@moz.com)"
91.141.2.68 - - [27/Jul/2017:05:01:33 +0200] "GET / HTTP/1.1" 200 4406 "-" "Mozilla/5.0 (Windows NT 6.1; WOW64; Trident/7.0; rv:11.0) like Gecko"
216.244.66.202 - - [27/Jul/2017:05:01:34 +0200] "GET /jennersdorf/10243028?FS=B-L HTTP/1.1" 410 10967 "-" "Mozilla/5.0 (compatible; DotBot/1.1; http://www.opensiteexplorer.org/dotbot, help@moz.com)"
35.184.189.105 - - [27/Jul/2017:05:01:45 +0200] "GET /robots.txt HTTP/1.1" 200 101 "-" "ltx71 - (http://ltx71.com/)"
216.244.66.202 - - [27/Jul/2017:05:01:43 +0200] "GET /st.valentin/04_08_2014?FS=A1 HTTP/1.1" 410 11164 "-" "Mozilla/5.0 (compatible; DotBot/1.1; http://www.opensiteexplorer.org/dotbot, help@moz.com)"
46.125.249.85 - - [27/Jul/2017:05:01:47 +0200] "GET /moedling HTTP/1.1" 200 2970 "-" "Mozilla/5.0 (Linux; Android 5.1.1; SAMSUNG SM-G388F/G388FXXU1BQC2 Build/LMY48B) AppleWebKit/537.36 (KHTML, like Gecko) SamsungBrowser/3.3 Chrome/38.0.2125.102 Mobile Safari/537.36"
46.125.249.85 - - [27/Jul/2017:05:01:49 +0200] "GET /css/mobile.css HTTP/1.1" 200 2852 "http://www.easydrivers.at/moedling" "Mozilla/5.0 (Linux; Android 5.1.1; SAMSUNG SM-G388F/G388FXXU1BQC2 Build/LMY48B) AppleWebKit/537.36 (KHTML, like Gecko) SamsungBrowser/3.3 Chrome/38.0.2125.102 Mobile Safari/537.36"
46.125.249.85 - - [27/Jul/2017:05:01:49 +0200] "GET /javascript/jquery.cookie.js HTTP/1.1" 200 863 "http://www.easydrivers.at/moedling" "Mozilla/5.0 (Linux; Android 5.1.1; SAMSUNG SM-G388F/G388FXXU1BQC2 Build/LMY48B) AppleWebKit/537.36 (KHTML, like Gecko) SamsungBrowser/3.3 Chrome/38.0.2125.102 Mobile Safari/537.36"
46.125.249.85 - - [27/Jul/2017:05:01:49 +0200] "GET /javascript/mobile-menu.js HTTP/1.1" 200 1634 "http://www.easydrivers.at/moedling" "Mozilla/5.0 (Linux; Android 5.1.1; SAMSUNG SM-G388F/G388FXXU1BQC2 Build/LMY48B) AppleWebKit/537.36 (KHTML, like Gecko) SamsungBrowser/3.3 Chrome/38.0.2125.102 Mobile Safari/537.36"
46.125.249.85 - - [27/Jul/2017:05:01:49 +0200] "GET /javascript/jquery.simplemodal.js HTTP/1.1" 200 3070 "http://www.easydrivers.at/moedling" "Mozilla/5.0 (Linux; Android 5.1.1; SAMSUNG SM-G388F/G388FXXU1BQC2 Build/LMY48B) AppleWebKit/537.36 (KHTML, like Gecko) SamsungBrowser/3.3 Chrome/38.0.2125.102 Mobile Safari/537.36"
46.125.249.85 - - [27/Jul/2017:05:01:49 +0200] "GET /javascript/lazyload.js HTTP/1.1" 200 1170 "http://www.easydrivers.at/moedling" "Mozilla/5.0 (Linux; Android 5.1.1; SAMSUNG SM-G388F/G388FXXU1BQC2 Build/LMY48B) AppleWebKit/537.36 (KHTML, like Gecko) SamsungBrowser/3.3 Chrome/38.0.2125.102 Mobile Safari/537.36"
46.125.249.85 - - [27/Jul/2017:05:01:49 +0200] "GET /javascript/mobile-fahrschule.js HTTP/1.1" 200 328 "http://www.easydrivers.at/moedling" "Mozilla/5.0 (Linux; Android 5.1.1; SAMSUNG SM-G388F/G388FXXU1BQC2 Build/LMY48B) AppleWebKit/537.36 (KHTML, like Gecko) SamsungBrowser/3.3 Chrome/38.0.2125.102 Mobile Safari/537.36"
46.125.249.85 - - [27/Jul/2017:05:01:49 +0200] "GET /img/mobile/easydrivers-logo-mobile.png HTTP/1.1" 200 10766 "http://www.easydrivers.at/moedling" "Mozilla/5.0 (Linux; Android 5.1.1; SAMSUNG SM-G388F/G388FXXU1BQC2 Build/LMY48B) AppleWebKit/537.36 (KHTML, like Gecko) SamsungBrowser/3.3 Chrome/38.0.2125.102 Mobile Safari/537.36"
46.125.249.85 - - [27/Jul/2017:05:01:49 +0200] "GET /javascript/jquery-1.9.1.min.js HTTP/1.1" 200 32731 "http://www.easydrivers.at/moedling" "Mozilla/5.0 (Linux; Android 5.1.1; SAMSUNG SM-G388F/G388FXXU1BQC2 Build/LMY48B) AppleWebKit/537.36 (KHTML, like Gecko) SamsungBrowser/3.3 Chrome/38.0.2125.102 Mobile Safari/537.36"
46.125.249.85 - - [27/Jul/2017:05:01:49 +0200] "GET /img/mobile/menu-button.png HTTP/1.1" 200 1746 "http://www.easydrivers.at/moedling" "Mozilla/5.0 (Linux; Android 5.1.1; SAMSUNG SM-G388F/G388FXXU1BQC2 Build/LMY48B) AppleWebKit/537.36 (KHTML, like Gecko) SamsungBrowser/3.3 Chrome/38.0.2125.102 Mobile Safari/537.36"
46.125.249.85 - - [27/Jul/2017:05:01:50 +0200] "GET /img/mobile/close-button.png HTTP/1.1" 200 2411 "http://www.easydrivers.at/moedling" "Mozilla/5.0 (Linux; Android 5.1.1; SAMSUNG SM-G388F/G388FXXU1BQC2 Build/LMY48B) AppleWebKit/537.36 (KHTML, like Gecko) SamsungBrowser/3.3 Chrome/38.0.2125.102 Mobile Safari/537.36"
46.125.249.85 - - [27/Jul/2017:05:01:50 +0200] "GET /img/mobile/facebook-icon.png HTTP/1.1" 200 1902 "http://www.easydrivers.at/moedling" "Mozilla/5.0 (Linux; Android 5.1.1; SAMSUNG SM-G388F/G388FXXU1BQC2 Build/LMY48B) AppleWebKit/537.36 (KHTML, like Gecko) SamsungBrowser/3.3 Chrome/38.0.2125.102 Mobile Safari/537.36"
46.125.249.85 - - [27/Jul/2017:05:01:50 +0200] "GET /img/mobile/info-button.png HTTP/1.1" 200 1549 "http://www.easydrivers.at/moedling" "Mozilla/5.0 (Linux; Android 5.1.1; SAMSUNG SM-G388F/G388FXXU1BQC2 Build/LMY48B) AppleWebKit/537.36 (KHTML, like Gecko) SamsungBrowser/3.3 Chrome/38.0.2125.102 Mobile Safari/537.36"
46.125.249.85 - - [27/Jul/2017:05:01:50 +0200] "GET /img/mobile/info-close-button.png HTTP/1.1" 200 1721 "http://www.easydrivers.at/moedling" "Mozilla/5.0 (Linux; Android 5.1.1; SAMSUNG SM-G388F/G388FXXU1BQC2 Build/LMY48B) AppleWebKit/537.36 (KHTML, like Gecko) SamsungBrowser/3.3 Chrome/38.0.2125.102 Mobile Safari/537.36"
46.125.249.85 - - [27/Jul/2017:05:01:50 +0200] "GET /img/smallicon-person.png HTTP/1.1" 200 1141 "http://www.easydrivers.at/moedling" "Mozilla/5.0 (Linux; Android 5.1.1; SAMSUNG SM-G388F/G388FXXU1BQC2 Build/LMY48B) AppleWebKit/537.36 (KHTML, like Gecko) SamsungBrowser/3.3 Chrome/38.0.2125.102 Mobile Safari/537.36"
46.125.249.85 - - [27/Jul/2017:05:01:50 +0200] "GET /img/smallicon-address.png HTTP/1.1" 200 1211 "http://www.easydrivers.at/moedling" "Mozilla/5.0 (Linux; Android 5.1.1; SAMSUNG SM-G388F/G388FXXU1BQC2 Build/LMY48B) AppleWebKit/537.36 (KHTML, like Gecko) SamsungBrowser/3.3 Chrome/38.0.2125.102 Mobile Safari/537.36"
46.125.249.85 - - [27/Jul/2017:05:01:50 +0200] "GET /img/mobile/googlemaps-pin.png HTTP/1.1" 200 1597 "http://www.easydrivers.at/moedling" "Mozilla/5.0 (Linux; Android 5.1.1; SAMSUNG SM-G388F/G388FXXU1BQC2 Build/LMY48B) AppleWebKit/537.36 (KHTML, like Gecko) SamsungBrowser/3.3 Chrome/38.0.2125.102 Mobile Safari/537.36"
46.125.249.85 - - [27/Jul/2017:05:01:50 +0200] "GET /img/smallicon-time.png HTTP/1.1" 200 1262 "http://www.easydrivers.at/moedling" "Mozilla/5.0 (Linux; Android 5.1.1; SAMSUNG SM-G388F/G388FXXU1BQC2 Build/LMY48B) AppleWebKit/537.36 (KHTML, like Gecko) SamsungBrowser/3.3 Chrome/38.0.2125.102 Mobile Safari/537.36"
46.125.249.85 - - [27/Jul/2017:05:01:50 +0200] "GET /img/smallicon-phone.png HTTP/1.1" 200 3056 "http://www.easydrivers.at/moedling" "Mozilla/5.0 (Linux; Android 5.1.1; SAMSUNG SM-G388F/G388FXXU1BQC2 Build/LMY48B) AppleWebKit/537.36 (KHTML, like Gecko) SamsungBrowser/3.3 Chrome/38.0.2125.102 Mobile Safari/537.36"
46.125.249.85 - - [27/Jul/2017:05:01:50 +0200] "GET /img/smallicon-mail.png HTTP/1.1" 200 1341 "http://www.easydrivers.at/moedling" "Mozilla/5.0 (Linux; Android 5.1.1; SAMSUNG SM-G388F/G388FXXU1BQC2 Build/LMY48B) AppleWebKit/537.36 (KHTML, like Gecko) SamsungBrowser/3.3 Chrome/38.0.2125.102 Mobile Safari/537.36"
46.125.249.85 - - [27/Jul/2017:05:01:50 +0200] "GET /img/mobile/widget-icon-app.png HTTP/1.1" 200 3458 "http://www.easydrivers.at/moedling" "Mozilla/5.0 (Linux; Android 5.1.1; SAMSUNG SM-G388F/G388FXXU1BQC2 Build/LMY48B) AppleWebKit/537.36 (KHTML, like Gecko) SamsungBrowser/3.3 Chrome/38.0.2125.102 Mobile Safari/537.36"
46.125.249.85 - - [27/Jul/2017:05:01:50 +0200] "GET /img/mobile/bg-header.jpg HTTP/1.1" 200 19741 "http://www.easydrivers.at/css/mobile.css" "Mozilla/5.0 (Linux; Android 5.1.1; SAMSUNG SM-G388F/G388FXXU1BQC2 Build/LMY48B) AppleWebKit/537.36 (KHTML, like Gecko) SamsungBrowser/3.3 Chrome/38.0.2125.102 Mobile Safari/537.36"
46.125.249.85 - - [27/Jul/2017:05:01:50 +0200] "GET /img/mobile/bg-menu.jpg HTTP/1.1" 200 1698 "http://www.easydrivers.at/css/mobile.css" "Mozilla/5.0 (Linux; Android 5.1.1; SAMSUNG SM-G388F/G388FXXU1BQC2 Build/LMY48B) AppleWebKit/537.36 (KHTML, like Gecko) SamsungBrowser/3.3 Chrome/38.0.2125.102 Mobile Safari/537.36"
46.125.249.85 - - [27/Jul/2017:05:01:50 +0200] "GET /img/mobile/bg-top-section.jpg HTTP/1.1" 200 21711 "http://www.easydrivers.at/css/mobile.css" "Mozilla/5.0 (Linux; Android 5.1.1; SAMSUNG SM-G388F/G388FXXU1BQC2 Build/LMY48B) AppleWebKit/537.36 (KHTML, like Gecko) SamsungBrowser/3.3 Chrome/38.0.2125.102 Mobile Safari/537.36"
46.125.249.85 - - [27/Jul/2017:05:01:50 +0200] "GET /img/mobile/pfeil-rechts.png HTTP/1.1" 200 1228 "http://www.easydrivers.at/css/mobile.css" "Mozilla/5.0 (Linux; Android 5.1.1; SAMSUNG SM-G388F/G388FXXU1BQC2 Build/LMY48B) AppleWebKit/537.36 (KHTML, like Gecko) SamsungBrowser/3.3 Chrome/38.0.2125.102 Mobile Safari/537.36"
217.250.182.29 - - [27/Jul/2017:05:01:48 +0200] "GET /guessing HTTP/1.1" 200 3489 "-" "Mozilla/5.0 (Windows; U; Windows NT 6.0; de; rv:1.9.2.3) Gecko/20100401 Firefox/3.6.3 ( .NET CLR 3.5.30729)"
46.125.249.85 - - [27/Jul/2017:05:01:51 +0200] "GET /img/favicon.ico HTTP/1.1" 404 300 "-" "Mozilla/5.0 (Linux; Android 5.1.1; SAMSUNG SM-G388F/G388FXXU1BQC2 Build/LMY48B) AppleWebKit/537.36 (KHTML, like Gecko) SamsungBrowser/3.3 Chrome/38.0.2125.102 Mobile Safari/537.36"
216.244.66.202 - - [27/Jul/2017:05:01:51 +0200] "GET /tulln/news/ HTTP/1.1" 200 15964 "-" "Mozilla/5.0 (compatible; DotBot/1.1; http://www.opensiteexplorer.org/dotbot, help@moz.com)"
217.250.182.29 - - [27/Jul/2017:05:02:04 +0200] "GET /ueberuns HTTP/1.1" 200 3256 "-" "Mozilla/5.0 (Windows; U; Windows NT 6.0; de; rv:1.9.2.3) Gecko/20100401 Firefox/3.6.3 ( .NET CLR 3.5.30729)"
46.125.249.85 - - [27/Jul/2017:05:02:13 +0200] "GET /fuehrerscheine/auto HTTP/1.1" 200 5440 "http://www.easydrivers.at/moedling" "Mozilla/5.0 (Linux; Android 5.1.1; SAMSUNG SM-G388F/G388FXXU1BQC2 Build/LMY48B) AppleWebKit/537.36 (KHTML, like Gecko) SamsungBrowser/3.3 Chrome/38.0.2125.102 Mobile Safari/537.36"
46.125.249.85 - - [27/Jul/2017:05:02:15 +0200] "GET /javascript/mobile-license.js HTTP/1.1" 200 216 "http://www.easydrivers.at/fuehrerscheine/auto" "Mozilla/5.0 (Linux; Android 5.1.1; SAMSUNG SM-G388F/G388FXXU1BQC2 Build/LMY48B) AppleWebKit/537.36 (KHTML, like Gecko) SamsungBrowser/3.3 Chrome/38.0.2125.102 Mobile Safari/537.36"
46.125.249.85 - - [27/Jul/2017:05:02:15 +0200] "GET /img/mobile/weiter-button.png HTTP/1.1" 200 1670 "http://www.easydrivers.at/css/mobile.css" "Mozilla/5.0 (Linux; Android 5.1.1; SAMSUNG SM-G388F/G388FXXU1BQC2 Build/LMY48B) AppleWebKit/537.36 (KHTML, like Gecko) SamsungBrowser/3.3 Chrome/38.0.2125.102 Mobile Safari/537.36"
46.125.249.85 - - [27/Jul/2017:05:02:15 +0200] "GET /img/mobile/bg-yellow.jpg HTTP/1.1" 200 1569 "http://www.easydrivers.at/css/mobile.css" "Mozilla/5.0 (Linux; Android 5.1.1; SAMSUNG SM-G388F/G388FXXU1BQC2 Build/LMY48B) AppleWebKit/537.36 (KHTML, like Gecko) SamsungBrowser/3.3 Chrome/38.0.2125.102 Mobile Safari/537.36"
46.125.249.85 - - [27/Jul/2017:05:02:22 +0200] "GET /img/mobile/pfeil-links-small.png HTTP/1.1" 200 1065 "http://www.easydrivers.at/css/mobile.css" "Mozilla/5.0 (Linux; Android 5.1.1; SAMSUNG SM-G388F/G388FXXU1BQC2 Build/LMY48B) AppleWebKit/537.36 (KHTML, like Gecko) SamsungBrowser/3.3 Chrome/38.0.2125.102 Mobile Safari/537.36"
46.125.249.85 - - [27/Jul/2017:05:02:22 +0200] "GET /img/mobile/pfeil-rechts-small.png HTTP/1.1" 200 1056 "http://www.easydrivers.at/css/mobile.css" "Mozilla/5.0 (Linux; Android 5.1.1; SAMSUNG SM-G388F/G388FXXU1BQC2 Build/LMY48B) AppleWebKit/537.36 (KHTML, like Gecko) SamsungBrowser/3.3 Chrome/38.0.2125.102 Mobile Safari/537.36"
37.9.113.102 - - [27/Jul/2017:05:02:52 +0200] "GET /binaries/easy-drivers-neunkirchen--au/aabb.jpg HTTP/1.1" 200 5284895 "-" "Mozilla/5.0 (compatible; YandexImages/3.0; +http://yandex.com/bots)"
46.125.249.85 - - [27/Jul/2017:05:03:16 +0200] "POST / HTTP/1.1" 200 3571 "http://www.easydrivers.at/fuehrerscheine/auto" "Mozilla/5.0 (Linux; Android 5.1.1; SAMSUNG SM-G388F/G388FXXU1BQC2 Build/LMY48B) AppleWebKit/537.36 (KHTML, like Gecko) SamsungBrowser/3.3 Chrome/38.0.2125.102 Mobile Safari/537.36"
46.125.249.85 - - [27/Jul/2017:05:03:18 +0200] "GET /javascript/mobile-homesearch.js HTTP/1.1" 200 340 "http://www.easydrivers.at/" "Mozilla/5.0 (Linux; Android 5.1.1; SAMSUNG SM-G388F/G388FXXU1BQC2 Build/LMY48B) AppleWebKit/537.36 (KHTML, like Gecko) SamsungBrowser/3.3 Chrome/38.0.2125.102 Mobile Safari/537.36"
217.250.182.29 - - [27/Jul/2017:05:03:26 +0200] "GET /easytickets HTTP/1.1" 200 660 "-" "Mozilla/5.0 (Windows; U; Windows NT 6.0; de; rv:1.9.2.3) Gecko/20100401 Firefox/3.6.3 ( .NET CLR 3.5.30729)"
162.247.72.27 - - [27/Jul/2017:05:03:28 +0200] "GET / HTTP/1.1" 301 299 "http://pizza-imperia.com/" "Mozilla/5.0 (X11; Linux x86_64) AppleWebKit/537.36 (KHTML, like Gecko) Chrome/37.0.2062.120 Safari/537.36"
162.247.72.27 - - [27/Jul/2017:05:03:28 +0200] "GET / HTTP/1.1" 200 4406 "http://pizza-imperia.com/" "Mozilla/5.0 (X11; Linux x86_64) AppleWebKit/537.36 (KHTML, like Gecko) Chrome/37.0.2062.120 Safari/537.36"
66.249.75.204 - - [27/Jul/2017:05:03:35 +0200] "GET /cache/emu/images/easy-drivers-portal10244068/jetztanmeldenjpg_160_90_0.jpg HTTP/1.1" 304 - "-" "Googlebot-Image/1.0"
217.250.182.29 - - [27/Jul/2017:05:03:35 +0200] "GET /hollabrunn HTTP/1.1" 200 3764 "-" "Mozilla/5.0 (Windows; U; Windows NT 6.0; de; rv:1.9.2.3) Gecko/20100401 Firefox/3.6.3 ( .NET CLR 3.5.30729)"
46.125.250.7 - - [27/Jul/2017:05:03:38 +0200] "GET /binaries/easy-drivers-pankl-mariazell/fahrpr.pdf HTTP/1.1" 200 193072 "https://www.google.at/" "Mozilla/5.0 (iPhone; CPU iPhone OS 10_3_2 like Mac OS X) AppleWebKit/603.2.4 (KHTML, like Gecko) Version/10.0 Mobile/14F89 Safari/602.1"
46.125.249.85 - - [27/Jul/2017:05:04:02 +0200] "GET /img/loading-bars.gif HTTP/1.1" 200 3951 "http://www.easydrivers.at/css/mobile.css" "Mozilla/5.0 (Linux; Android 5.1.1; SAMSUNG SM-G388F/G388FXXU1BQC2 Build/LMY48B) AppleWebKit/537.36 (KHTML, like Gecko) SamsungBrowser/3.3 Chrome/38.0.2125.102 Mobile Safari/537.36"
46.125.249.85 - - [27/Jul/2017:05:04:02 +0200] "POST /suche HTTP/1.1" 200 6735 "http://www.easydrivers.at/" "Mozilla/5.0 (Linux; Android 5.1.1; SAMSUNG SM-G388F/G388FXXU1BQC2 Build/LMY48B) AppleWebKit/537.36 (KHTML, like Gecko) SamsungBrowser/3.3 Chrome/38.0.2125.102 Mobile Safari/537.36"
46.125.249.85 - - [27/Jul/2017:05:04:06 +0200] "GET /javascript/mobile-kurs-suchergebnis.js HTTP/1.1" 200 382 "http://www.easydrivers.at/suche" "Mozilla/5.0 (Linux; Android 5.1.1; SAMSUNG SM-G388F/G388FXXU1BQC2 Build/LMY48B) AppleWebKit/537.36 (KHTML, like Gecko) SamsungBrowser/3.3 Chrome/38.0.2125.102 Mobile Safari/537.36"
46.125.249.85 - - [27/Jul/2017:05:04:06 +0200] "GET /img/mobile/smallicon-address.png HTTP/1.1" 200 1424 "http://www.easydrivers.at/suche" "Mozilla/5.0 (Linux; Android 5.1.1; SAMSUNG SM-G388F/G388FXXU1BQC2 Build/LMY48B) AppleWebKit/537.36 (KHTML, like Gecko) SamsungBrowser/3.3 Chrome/38.0.2125.102 Mobile Safari/537.36"
46.125.249.85 - - [27/Jul/2017:05:04:06 +0200] "GET /img/mobile/smallicon-time.png HTTP/1.1" 200 1328 "http://www.easydrivers.at/suche" "Mozilla/5.0 (Linux; Android 5.1.1; SAMSUNG SM-G388F/G388FXXU1BQC2 Build/LMY48B) AppleWebKit/537.36 (KHTML, like Gecko) SamsungBrowser/3.3 Chrome/38.0.2125.102 Mobile Safari/537.36"
46.125.249.85 - - [27/Jul/2017:05:04:06 +0200] "GET /img/mobile/smallicon-phone.png HTTP/1.1" 200 1311 "http://www.easydrivers.at/suche" "Mozilla/5.0 (Linux; Android 5.1.1; SAMSUNG SM-G388F/G388FXXU1BQC2 Build/LMY48B) AppleWebKit/537.36 (KHTML, like Gecko) SamsungBrowser/3.3 Chrome/38.0.2125.102 Mobile Safari/537.36"
46.125.249.85 - - [27/Jul/2017:05:04:06 +0200] "GET /img/mobile/smallicon-mail.png HTTP/1.1" 200 1335 "http://www.easydrivers.at/suche" "Mozilla/5.0 (Linux; Android 5.1.1; SAMSUNG SM-G388F/G388FXXU1BQC2 Build/LMY48B) AppleWebKit/537.36 (KHTML, like Gecko) SamsungBrowser/3.3 Chrome/38.0.2125.102 Mobile Safari/537.36"
207.46.13.186 - - [27/Jul/2017:05:04:16 +0200] "GET /img/top-image-overlay.png HTTP/1.1" 200 20650 "-" "Mozilla/5.0 (compatible; bingbot/2.0; +http://www.bing.com/bingbot.htm)"
207.46.13.186 - - [27/Jul/2017:05:04:17 +0200] "GET /binaries/easy-drivers-portal/motorrad1jpg.jpg HTTP/1.1" 200 125850 "-" "Mozilla/5.0 (compatible; bingbot/2.0; +http://www.bing.com/bingbot.htm)"
207.46.13.186 - - [27/Jul/2017:05:04:19 +0200] "GET /img/bg-top-section.jpg HTTP/1.1" 200 82172 "-" "Mozilla/5.0 (compatible; bingbot/2.0; +http://www.bing.com/bingbot.htm)"
46.125.249.85 - - [27/Jul/2017:05:04:59 +0200] "GET /moedling/kursauswahl HTTP/1.1" 200 3077 "http://www.easydrivers.at/suche" "Mozilla/5.0 (Linux; Android 5.1.1; SAMSUNG SM-G388F/G388FXXU1BQC2 Build/LMY48B) AppleWebKit/537.36 (KHTML, like Gecko) SamsungBrowser/3.3 Chrome/38.0.2125.102 Mobile Safari/537.36"
46.125.249.85 - - [27/Jul/2017:05:05:01 +0200] "GET /javascript/mobile-fahrschule-kurs-suchergebnis.js HTTP/1.1" 200 274 "http://www.easydrivers.at/moedling/kursauswahl" "Mozilla/5.0 (Linux; Android 5.1.1; SAMSUNG SM-G388F/G388FXXU1BQC2 Build/LMY48B) AppleWebKit/537.36 (KHTML, like Gecko) SamsungBrowser/3.3 Chrome/38.0.2125.102 Mobile Safari/537.36"
46.125.249.85 - - [27/Jul/2017:05:05:01 +0200] "GET /img/loading-bars.gif HTTP/1.1" 200 3951 "http://www.easydrivers.at/css/mobile.css" "Mozilla/5.0 (Linux; Android 5.1.1; SAMSUNG SM-G388F/G388FXXU1BQC2 Build/LMY48B) AppleWebKit/537.36 (KHTML, like Gecko) SamsungBrowser/3.3 Chrome/38.0.2125.102 Mobile Safari/537.36"
46.125.249.85 - - [27/Jul/2017:05:05:18 +0200] "GET /moedling HTTP/1.1" 200 2970 "http://www.easydrivers.at/moedling/kursauswahl" "Mozilla/5.0 (Linux; Android 5.1.1; SAMSUNG SM-G388F/G388FXXU1BQC2 Build/LMY48B) AppleWebKit/537.36 (KHTML, like Gecko) SamsungBrowser/3.3 Chrome/38.0.2125.102 Mobile Safari/537.36"
35.184.189.105 - - [27/Jul/2017:05:05:39 +0200] "GET /robots.txt HTTP/1.1" 200 101 "-" "ltx71 - (http://ltx71.com/)"
34.228.75.215 - - [27/Jul/2017:05:05:43 +0200] "GET / HTTP/1.1" 301 295 "-" "Mozilla/5.0 (Macintosh; Intel Mac OS X 10_12_5) AppleWebKit/537.36 (KHTML, like Gecko) Chrome/58.0.3029.110 Safari/537.36"
34.228.75.215 - - [27/Jul/2017:05:05:44 +0200] "GET / HTTP/1.1" 200 4406 "-" "Mozilla/5.0 (Macintosh; Intel Mac OS X 10_12_5) AppleWebKit/537.36 (KHTML, like Gecko) Chrome/58.0.3029.110 Safari/537.36"
66.249.75.206 - - [27/Jul/2017:05:05:47 +0200] "GET /skarabela.gross-enzersdorf HTTP/1.1" 200 2970 "-" "Mozilla/5.0 (Linux; Android 6.0.1; Nexus 5X Build/MMB29P) AppleWebKit/537.36 (KHTML, like Gecko) Chrome/41.0.2272.96 Mobile Safari/537.36 (compatible; Googlebot/2.1; +http://www.google.com/bot.html)"
35.184.189.105 - - [27/Jul/2017:05:07:31 +0200] "GET /mariazell.pankl HTTP/1.1" 404 2655 "-" "ltx71 - (http://ltx71.com/)"
213.225.14.42 - - [27/Jul/2017:05:09:29 +0200] "GET /fuehrerscheine/motorrad HTTP/1.1" 200 4592 "android-app://com.google.android.googlequicksearchbox" "Mozilla/5.0 (Linux; Android 5.0; ALE-L21 Build/HuaweiALE-L21) AppleWebKit/537.36 (KHTML, like Gecko) Chrome/59.0.3071.125 Mobile Safari/537.36"
213.225.14.42 - - [27/Jul/2017:05:09:31 +0200] "GET /css/mobile.css HTTP/1.1" 200 2852 "http://www.easydrivers.at/fuehrerscheine/motorrad" "Mozilla/5.0 (Linux; Android 5.0; ALE-L21 Build/HuaweiALE-L21) AppleWebKit/537.36 (KHTML, like Gecko) Chrome/59.0.3071.125 Mobile Safari/537.36"
213.225.14.42 - - [27/Jul/2017:05:09:31 +0200] "GET /javascript/jquery-1.9.1.min.js HTTP/1.1" 200 32731 "http://www.easydrivers.at/fuehrerscheine/motorrad" "Mozilla/5.0 (Linux; Android 5.0; ALE-L21 Build/HuaweiALE-L21) AppleWebKit/537.36 (KHTML, like Gecko) Chrome/59.0.3071.125 Mobile Safari/537.36"
213.225.14.42 - - [27/Jul/2017:05:09:31 +0200] "GET /javascript/mobile-menu.js HTTP/1.1" 200 1634 "http://www.easydrivers.at/fuehrerscheine/motorrad" "Mozilla/5.0 (Linux; Android 5.0; ALE-L21 Build/HuaweiALE-L21) AppleWebKit/537.36 (KHTML, like Gecko) Chrome/59.0.3071.125 Mobile Safari/537.36"
213.225.14.42 - - [27/Jul/2017:05:09:31 +0200] "GET /javascript/jquery.cookie.js HTTP/1.1" 200 863 "http://www.easydrivers.at/fuehrerscheine/motorrad" "Mozilla/5.0 (Linux; Android 5.0; ALE-L21 Build/HuaweiALE-L21) AppleWebKit/537.36 (KHTML, like Gecko) Chrome/59.0.3071.125 Mobile Safari/537.36"
213.225.14.42 - - [27/Jul/2017:05:09:31 +0200] "GET /javascript/jquery.simplemodal.js HTTP/1.1" 200 3070 "http://www.easydrivers.at/fuehrerscheine/motorrad" "Mozilla/5.0 (Linux; Android 5.0; ALE-L21 Build/HuaweiALE-L21) AppleWebKit/537.36 (KHTML, like Gecko) Chrome/59.0.3071.125 Mobile Safari/537.36"
213.225.14.42 - - [27/Jul/2017:05:09:31 +0200] "GET /javascript/mobile-license.js HTTP/1.1" 200 216 "http://www.easydrivers.at/fuehrerscheine/motorrad" "Mozilla/5.0 (Linux; Android 5.0; ALE-L21 Build/HuaweiALE-L21) AppleWebKit/537.36 (KHTML, like Gecko) Chrome/59.0.3071.125 Mobile Safari/537.36"
213.225.14.42 - - [27/Jul/2017:05:09:31 +0200] "GET /javascript/lazyload.js HTTP/1.1" 200 1170 "http://www.easydrivers.at/fuehrerscheine/motorrad" "Mozilla/5.0 (Linux; Android 5.0; ALE-L21 Build/HuaweiALE-L21) AppleWebKit/537.36 (KHTML, like Gecko) Chrome/59.0.3071.125 Mobile Safari/537.36"
213.225.14.42 - - [27/Jul/2017:05:09:31 +0200] "GET /img/mobile/easydrivers-logo-mobile.png HTTP/1.1" 200 10766 "http://www.easydrivers.at/fuehrerscheine/motorrad" "Mozilla/5.0 (Linux; Android 5.0; ALE-L21 Build/HuaweiALE-L21) AppleWebKit/537.36 (KHTML, like Gecko) Chrome/59.0.3071.125 Mobile Safari/537.36"
213.225.14.42 - - [27/Jul/2017:05:09:31 +0200] "GET /img/mobile/menu-button.png HTTP/1.1" 200 1746 "http://www.easydrivers.at/fuehrerscheine/motorrad" "Mozilla/5.0 (Linux; Android 5.0; ALE-L21 Build/HuaweiALE-L21) AppleWebKit/537.36 (KHTML, like Gecko) Chrome/59.0.3071.125 Mobile Safari/537.36"
213.225.14.42 - - [27/Jul/2017:05:09:31 +0200] "GET /img/mobile/close-button.png HTTP/1.1" 200 2411 "http://www.easydrivers.at/fuehrerscheine/motorrad" "Mozilla/5.0 (Linux; Android 5.0; ALE-L21 Build/HuaweiALE-L21) AppleWebKit/537.36 (KHTML, like Gecko) Chrome/59.0.3071.125 Mobile Safari/537.36"
213.225.14.42 - - [27/Jul/2017:05:09:31 +0200] "GET /img/mobile/facebook-icon.png HTTP/1.1" 200 1902 "http://www.easydrivers.at/fuehrerscheine/motorrad" "Mozilla/5.0 (Linux; Android 5.0; ALE-L21 Build/HuaweiALE-L21) AppleWebKit/537.36 (KHTML, like Gecko) Chrome/59.0.3071.125 Mobile Safari/537.36"
213.225.14.42 - - [27/Jul/2017:05:09:31 +0200] "GET /img/mobile/bg-yellow.jpg HTTP/1.1" 200 1569 "http://www.easydrivers.at/css/mobile.css" "Mozilla/5.0 (Linux; Android 5.0; ALE-L21 Build/HuaweiALE-L21) AppleWebKit/537.36 (KHTML, like Gecko) Chrome/59.0.3071.125 Mobile Safari/537.36"
213.225.14.42 - - [27/Jul/2017:05:09:31 +0200] "GET /img/mobile/weiter-button.png HTTP/1.1" 200 1670 "http://www.easydrivers.at/css/mobile.css" "Mozilla/5.0 (Linux; Android 5.0; ALE-L21 Build/HuaweiALE-L21) AppleWebKit/537.36 (KHTML, like Gecko) Chrome/59.0.3071.125 Mobile Safari/537.36"
213.225.14.42 - - [27/Jul/2017:05:09:31 +0200] "GET /img/mobile/bg-header.jpg HTTP/1.1" 200 19741 "http://www.easydrivers.at/css/mobile.css" "Mozilla/5.0 (Linux; Android 5.0; ALE-L21 Build/HuaweiALE-L21) AppleWebKit/537.36 (KHTML, like Gecko) Chrome/59.0.3071.125 Mobile Safari/537.36"
213.225.14.42 - - [27/Jul/2017:05:09:31 +0200] "GET /img/mobile/bg-menu.jpg HTTP/1.1" 200 1698 "http://www.easydrivers.at/css/mobile.css" "Mozilla/5.0 (Linux; Android 5.0; ALE-L21 Build/HuaweiALE-L21) AppleWebKit/537.36 (KHTML, like Gecko) Chrome/59.0.3071.125 Mobile Safari/537.36"
213.225.14.42 - - [27/Jul/2017:05:09:33 +0200] "GET /img/favicon.ico HTTP/1.1" 404 300 "http://www.easydrivers.at/fuehrerscheine/motorrad" "Mozilla/5.0 (Linux; Android 5.0; ALE-L21 Build/HuaweiALE-L21) AppleWebKit/537.36 (KHTML, like Gecko) Chrome/59.0.3071.125 Mobile Safari/537.36"
213.225.14.42 - - [27/Jul/2017:05:09:43 +0200] "GET /img/mobile/pfeil-rechts-small.png HTTP/1.1" 200 1056 "http://www.easydrivers.at/css/mobile.css" "Mozilla/5.0 (Linux; Android 5.0; ALE-L21 Build/HuaweiALE-L21) AppleWebKit/537.36 (KHTML, like Gecko) Chrome/59.0.3071.125 Mobile Safari/537.36"
213.225.14.42 - - [27/Jul/2017:05:09:43 +0200] "GET /img/mobile/pfeil-links-small.png HTTP/1.1" 200 1065 "http://www.easydrivers.at/css/mobile.css" "Mozilla/5.0 (Linux; Android 5.0; ALE-L21 Build/HuaweiALE-L21) AppleWebKit/537.36 (KHTML, like Gecko) Chrome/59.0.3071.125 Mobile Safari/537.36"
5.170.75.9 - - [27/Jul/2017:05:11:02 +0200] "GET /cache/emu/images/easy-drivers-portal10266686/b02scramblericongelbsmalljpg_212_159_0.jpg HTTP/1.1" 200 7157 "-" "Mozilla/5.0 (Linux; Android 7.0; SM-G930F Build/NRD90M; wv) AppleWebKit/537.36 (KHTML, like Gecko) Version/4.0 Chrome/58.0.3029.83 Mobile Safari/537.36 GSA/7.1.29.21.arm64"
217.250.182.29 - - [27/Jul/2017:05:11:32 +0200] "GET /berndorf HTTP/1.1" 200 3746 "-" "Mozilla/5.0 (Windows; U; Windows NT 6.0; de; rv:1.9.2.3) Gecko/20100401 Firefox/3.6.3 ( .NET CLR 3.5.30729)"
66.249.75.204 - - [27/Jul/2017:05:12:35 +0200] "GET /gmuend/aktionen HTTP/1.1" 200 2910 "-" "Mozilla/5.0 (compatible; Googlebot/2.1; +http://www.google.com/bot.html)"
216.244.66.202 - - [27/Jul/2017:05:12:46 +0200] "GET /easy_drivers_st._peterau/aktionen HTTP/1.1" 200 9080 "-" "Mozilla/5.0 (compatible; DotBot/1.1; http://www.opensiteexplorer.org/dotbot, help@moz.com)"
51.255.138.90 - - [27/Jul/2017:05:13:02 +0200] "GET /skarabela.gross-enzersdorf/wp-includes/wlwmanifest.xml HTTP/1.1" 404 11433 "-" "Mozilla/5.0 (Windows NT 10.0; Win64; x64; rv:50.0) Gecko/20100101 Firefox/50.0"
51.255.138.90 - - [27/Jul/2017:05:13:05 +0200] "GET /skarabela.gross-enzersdorf/xmlrpc.php?rsd HTTP/1.1" 404 11416 "-" "Mozilla/5.0 (Windows NT 10.0; Win64; x64; rv:50.0) Gecko/20100101 Firefox/50.0"
51.255.138.90 - - [27/Jul/2017:05:13:07 +0200] "GET /skarabela.gross-enzersdorf HTTP/1.1" 200 12132 "-" "Mozilla/5.0 (Windows NT 10.0; Win64; x64; rv:50.0) Gecko/20100101 Firefox/50.0"
51.255.138.90 - - [27/Jul/2017:05:13:09 +0200] "GET /skarabela.gross-enzersdorf/blog/wp-includes/wlwmanifest.xml HTTP/1.1" 404 11438 "-" "Mozilla/5.0 (Windows NT 10.0; Win64; x64; rv:50.0) Gecko/20100101 Firefox/50.0"
51.255.138.90 - - [27/Jul/2017:05:13:12 +0200] "GET /skarabela.gross-enzersdorf/wordpress/wp-includes/wlwmanifest.xml HTTP/1.1" 404 11443 "-" "Mozilla/5.0 (Windows NT 10.0; Win64; x64; rv:50.0) Gecko/20100101 Firefox/50.0"
51.255.138.90 - - [27/Jul/2017:05:13:14 +0200] "GET /skarabela.gross-enzersdorf/wp/wp-includes/wlwmanifest.xml HTTP/1.1" 404 11436 "-" "Mozilla/5.0 (Windows NT 10.0; Win64; x64; rv:50.0) Gecko/20100101 Firefox/50.0"
51.255.138.90 - - [27/Jul/2017:05:13:17 +0200] "GET /skarabela.gross-enzersdorf/site/wp-includes/wlwmanifest.xml HTTP/1.1" 404 11438 "-" "Mozilla/5.0 (Windows NT 10.0; Win64; x64; rv:50.0) Gecko/20100101 Firefox/50.0"
51.255.138.90 - - [27/Jul/2017:05:13:19 +0200] "GET /skarabela.gross-enzersdorf/cms/wp-includes/wlwmanifest.xml HTTP/1.1" 404 11437 "-" "Mozilla/5.0 (Windows NT 10.0; Win64; x64; rv:50.0) Gecko/20100101 Firefox/50.0"
40.77.167.128 - - [27/Jul/2017:05:13:24 +0200] "GET /steyr/abendkurs_august?FS=BF HTTP/1.1" 301 314 "-" "Mozilla/5.0 (compatible; bingbot/2.0; +http://www.bing.com/bingbot.htm)"
217.250.182.29 - - [27/Jul/2017:05:13:41 +0200] "GET /bludenz HTTP/1.1" 200 3597 "-" "Mozilla/5.0 (Windows; U; Windows NT 6.0; de; rv:1.9.2.3) Gecko/20100401 Firefox/3.6.3 ( .NET CLR 3.5.30729)"
217.250.182.29 - - [27/Jul/2017:05:14:13 +0200] "GET /poechlarn HTTP/1.1" 200 3644 "-" "Mozilla/5.0 (Windows; U; Windows NT 6.0; de; rv:1.9.2.3) Gecko/20100401 Firefox/3.6.3 ( .NET CLR 3.5.30729)"
62.138.0.25 - - [27/Jul/2017:05:14:23 +0200] "GET /robots.txt HTTP/1.1" 304 - "-" "Mozilla/5.0 (compatible; seoscanners.net/1; +spider@seoscanners.net)"
62.138.0.25 - - [27/Jul/2017:05:14:23 +0200] "GET /binaries/easy-drivers-bad-v/pr-5.pdf HTTP/1.1" 200 372337 "-" "Mozilla/5.0 (compatible; seoscanners.net/1; +spider@seoscanners.net)"
85.25.210.41 - - [27/Jul/2017:05:14:50 +0200] "GET /robots.txt HTTP/1.1" 304 - "-" "Mozilla/5.0 (compatible; seoscanners.net/1; +spider@seoscanners.net)"
85.25.210.41 - - [27/Jul/2017:05:14:50 +0200] "GET /binaries/easy-drivers-ybbs/agb-waidhofenpdf.pdf HTTP/1.1" 200 35677 "-" "Mozilla/5.0 (compatible; seoscanners.net/1; +spider@seoscanners.net)"
217.250.182.29 - - [27/Jul/2017:05:15:17 +0200] "GET /moedling HTTP/1.1" 200 3745 "-" "Mozilla/5.0 (Windows; U; Windows NT 6.0; de; rv:1.9.2.3) Gecko/20100401 Firefox/3.6.3 ( .NET CLR 3.5.30729)"
35.184.189.105 - - [27/Jul/2017:05:15:59 +0200] "GET /robots.txt HTTP/1.1" 200 101 "-" "ltx71 - (http://ltx71.com/)"
217.250.182.29 - - [27/Jul/2017:05:17:25 +0200] "GET /ennstal.bad.aussee HTTP/1.1" 200 3630 "-" "Mozilla/5.0 (Windows; U; Windows NT 6.0; de; rv:1.9.2.3) Gecko/20100401 Firefox/3.6.3 ( .NET CLR 3.5.30729)"
40.77.167.128 - - [27/Jul/2017:05:17:34 +0200] "GET /spittelau HTTP/1.1" 200 3687 "-" "Mozilla/5.0 (compatible; bingbot/2.0; +http://www.bing.com/bingbot.htm)"
217.250.182.29 - - [27/Jul/2017:05:18:29 +0200] "GET /scheibbs HTTP/1.1" 200 3482 "-" "Mozilla/5.0 (Windows; U; Windows NT 6.0; de; rv:1.9.2.3) Gecko/20100401 Firefox/3.6.3 ( .NET CLR 3.5.30729)"
216.244.66.202 - - [27/Jul/2017:05:18:33 +0200] "GET /brigittenau/10242508 HTTP/1.1" 410 11055 "-" "Mozilla/5.0 (compatible; DotBot/1.1; http://www.opensiteexplorer.org/dotbot, help@moz.com)"
216.244.66.202 - - [27/Jul/2017:05:18:42 +0200] "GET /fahrschule-fuehrerschein-portal/fahrschulen/fahrschulen-niederoesterreich.php HTTP/1.1" 301 170 "-" "Mozilla/5.0 (compatible; DotBot/1.1; http://www.opensiteexplorer.org/dotbot, help@moz.com)"
180.190.91.29 - - [27/Jul/2017:05:18:41 +0200] "GET /wp-login.php HTTP/1.1" 404 8373 "-" "Mozilla/5.0 (Windows NT 6.1; WOW64; rv:40.0) Gecko/20100101 Firefox/40.1"
180.190.91.29 - - [27/Jul/2017:05:18:44 +0200] "GET / HTTP/1.1" 200 15953 "-" "Mozilla/5.0 (Windows NT 6.1; WOW64; rv:40.0) Gecko/20100101 Firefox/40.1"
216.244.66.202 - - [27/Jul/2017:05:18:44 +0200] "GET /horn/10284700?FS=BE HTTP/1.1" 410 10927 "-" "Mozilla/5.0 (compatible; DotBot/1.1; http://www.opensiteexplorer.org/dotbot, help@moz.com)"
207.46.13.186 - - [27/Jul/2017:05:18:56 +0200] "GET /berndorf/downloads HTTP/1.1" 200 3345 "-" "Mozilla/5.0 (compatible; bingbot/2.0; +http://www.bing.com/bingbot.htm)"
217.250.182.29 - - [27/Jul/2017:05:19:16 +0200] "GET /fuehrerscheine/traktor HTTP/1.1" 200 2536 "-" "Mozilla/5.0 (Windows; U; Windows NT 6.0; de; rv:1.9.2.3) Gecko/20100401 Firefox/3.6.3 ( .NET CLR 3.5.30729)"
66.249.75.206 - - [27/Jul/2017:05:19:22 +0200] "GET /perg/10254706 HTTP/1.1" 200 2580 "-" "Mozilla/5.0 (Linux; Android 6.0.1; Nexus 5X Build/MMB29P) AppleWebKit/537.36 (KHTML, like Gecko) Chrome/41.0.2272.96 Mobile Safari/537.36 (compatible; Googlebot/2.1; +http://www.google.com/bot.html)"
54.76.17.53 - - [27/Jul/2017:05:19:36 +0200] "GET / HTTP/1.1" 200 4406 "-" "Mozilla/5.0 (compatible; YaK/1.0; http://linkfluence.com/; bot@linkfluence.com)"
217.250.182.29 - - [27/Jul/2017:05:19:47 +0200] "GET /am.spitz HTTP/1.1" 200 3682 "-" "Mozilla/5.0 (Windows; U; Windows NT 6.0; de; rv:1.9.2.3) Gecko/20100401 Firefox/3.6.3 ( .NET CLR 3.5.30729)"
217.250.182.29 - - [27/Jul/2017:05:21:06 +0200] "GET /wr.neustadt HTTP/1.1" 200 3526 "-" "Mozilla/5.0 (Windows; U; Windows NT 6.0; de; rv:1.9.2.3) Gecko/20100401 Firefox/3.6.3 ( .NET CLR 3.5.30729)"
40.77.167.118 - - [27/Jul/2017:05:21:14 +0200] "GET /ybbs/10282642?FS=AM-M HTTP/1.1" 410 3407 "-" "Mozilla/5.0 (compatible; bingbot/2.0; +http://www.bing.com/bingbot.htm)"
217.250.182.29 - - [27/Jul/2017:05:24:31 +0200] "GET /feldkirch HTTP/1.1" 200 3541 "-" "Mozilla/5.0 (Windows; U; Windows NT 6.0; de; rv:1.9.2.3) Gecko/20100401 Firefox/3.6.3 ( .NET CLR 3.5.30729)"
66.249.91.237 - - [27/Jul/2017:05:25:04 +0200] "GET /javascript/mobile-fahrschule.js HTTP/1.1" 200 328 "-" "Mozilla/5.0 (iPhone; CPU iPhone OS 9_1 like Mac OS X) AppleWebKit/601.1.46 (KHTML, like Gecko) Version/9.0 Mobile/13B143 Safari/601.1 (compatible; AdsBot-Google-Mobile; +http://www.google.com/mobile/adsbot.html)"
66.249.91.237 - - [27/Jul/2017:05:25:05 +0200] "GET /img/mobile/widget-icon-app.png HTTP/1.1" 200 3458 "-" "Mozilla/5.0 (iPhone; CPU iPhone OS 9_1 like Mac OS X) AppleWebKit/601.1.46 (KHTML, like Gecko) Version/9.0 Mobile/13B143 Safari/601.1 (compatible; AdsBot-Google-Mobile; +http://www.google.com/mobile/adsbot.html)"
66.249.91.233 - - [27/Jul/2017:05:25:06 +0200] "GET /javascript/jquery.cookie.js HTTP/1.1" 200 863 "-" "Mozilla/5.0 (iPhone; CPU iPhone OS 9_1 like Mac OS X) AppleWebKit/601.1.46 (KHTML, like Gecko) Version/9.0 Mobile/13B143 Safari/601.1 (compatible; AdsBot-Google-Mobile; +http://www.google.com/mobile/adsbot.html)"
66.249.91.233 - - [27/Jul/2017:05:25:06 +0200] "GET /img/mobile/googlemaps-pin.png HTTP/1.1" 200 1597 "-" "Mozilla/5.0 (iPhone; CPU iPhone OS 9_1 like Mac OS X) AppleWebKit/601.1.46 (KHTML, like Gecko) Version/9.0 Mobile/13B143 Safari/601.1 (compatible; AdsBot-Google-Mobile; +http://www.google.com/mobile/adsbot.html)"
66.249.91.235 - - [27/Jul/2017:05:25:07 +0200] "GET /javascript/jquery-1.9.1.min.js HTTP/1.1" 200 32731 "-" "Mozilla/5.0 (iPhone; CPU iPhone OS 9_1 like Mac OS X) AppleWebKit/601.1.46 (KHTML, like Gecko) Version/9.0 Mobile/13B143 Safari/601.1 (compatible; AdsBot-Google-Mobile; +http://www.google.com/mobile/adsbot.html)"
195.186.80.16 - - [27/Jul/2017:05:25:19 +0200] "GET / HTTP/1.0" 301 382 "-" "-"
195.186.80.16 - - [27/Jul/2017:05:25:20 +0200] "GET / HTTP/1.0" 200 15953 "-" "-"
195.186.80.16 - - [27/Jul/2017:05:25:20 +0200] "GET /admin/ HTTP/1.0" 200 15959 "-" "-"
195.186.80.16 - - [27/Jul/2017:05:25:21 +0200] "GET /user/ HTTP/1.0" 200 15958 "-" "-"
213.225.6.52 - - [27/Jul/2017:05:25:29 +0200] "GET /fuehrerscheine/auto HTTP/1.1" 200 5442 "-" "Mozilla/5.0 (iPhone; CPU iPhone OS 10_0_1 like Mac OS X) AppleWebKit/602.1.50 (KHTML, like Gecko) Version/10.0 Mobile/14A403 Safari/602.1"
217.250.182.29 - - [27/Jul/2017:05:25:49 +0200] "GET /amstetten HTTP/1.1" 200 3655 "-" "Mozilla/5.0 (Windows; U; Windows NT 6.0; de; rv:1.9.2.3) Gecko/20100401 Firefox/3.6.3 ( .NET CLR 3.5.30729)"
66.249.75.202 - - [27/Jul/2017:05:26:10 +0200] "GET /zwettl HTTP/1.1" 200 3635 "-" "Mozilla/5.0 (compatible; Googlebot/2.1; +http://www.google.com/bot.html)"
217.250.182.29 - - [27/Jul/2017:05:27:07 +0200] "GET /fuehrerscheine/motorrad HTTP/1.1" 200 2824 "-" "Mozilla/5.0 (Windows; U; Windows NT 6.0; de; rv:1.9.2.3) Gecko/20100401 Firefox/3.6.3 ( .NET CLR 3.5.30729)"
198.148.27.14 - - [27/Jul/2017:05:27:26 +0200] "GET / HTTP/1.1" 301 293 "-" "okhttp/3.4.1"
198.148.27.2 - - [27/Jul/2017:05:27:26 +0200] "GET / HTTP/1.1" 200 4406 "-" "okhttp/3.4.1"
66.249.75.202 - - [27/Jul/2017:05:27:26 +0200] "GET /schwechat HTTP/1.1" 200 3628 "-" "Mozilla/5.0 (compatible; Googlebot/2.1; +http://www.google.com/bot.html)"
51.255.65.80 - - [27/Jul/2017:05:27:38 +0200] "GET /cache/emu/images/10252813/_155_155.jpg HTTP/1.1" 200 3893 "-" "Mozilla/5.0 (compatible; AhrefsBot/5.2; +http://ahrefs.com/robot/)"
217.250.182.29 - - [27/Jul/2017:05:27:38 +0200] "GET /schwechat HTTP/1.1" 200 3630 "-" "Mozilla/5.0 (Windows; U; Windows NT 6.0; de; rv:1.9.2.3) Gecko/20100401 Firefox/3.6.3 ( .NET CLR 3.5.30729)"
217.250.182.29 - - [27/Jul/2017:05:28:40 +0200] "GET /schwechat HTTP/1.1" 200 3628 "-" "Mozilla/5.0 (Windows; U; Windows NT 6.0; de; rv:1.9.2.3) Gecko/20100401 Firefox/3.6.3 ( .NET CLR 3.5.30729)"
207.46.13.149 - - [27/Jul/2017:05:28:55 +0200] "GET /jennersdorf/10284437?FS=C HTTP/1.1" 410 3388 "-" "Mozilla/5.0 (compatible; bingbot/2.0; +http://www.bing.com/bingbot.htm)"
217.250.182.29 - - [27/Jul/2017:05:30:30 +0200] "GET /amstetten HTTP/1.1" 200 3657 "-" "Mozilla/5.0 (Windows; U; Windows NT 6.0; de; rv:1.9.2.3) Gecko/20100401 Firefox/3.6.3 ( .NET CLR 3.5.30729)"
195.69.193.55 - - [27/Jul/2017:05:30:55 +0200] "GET /bruck.leitha HTTP/1.1" 200 2937 "-" "Mozilla/5.0 (Linux; Android 5.1.1; SAMSUNG SM-G388F/G388FXXU1BOL1 Build/LMY48B) AppleWebKit/537.36 (KHTML, like Gecko) SamsungBrowser/3.3 Chrome/38.0.2125.102 Mobile Safari/537.36"
195.69.193.55 - - [27/Jul/2017:05:30:58 +0200] "GET /css/mobile.css HTTP/1.1" 200 2852 "http://www.easydrivers.at/bruck.leitha" "Mozilla/5.0 (Linux; Android 5.1.1; SAMSUNG SM-G388F/G388FXXU1BOL1 Build/LMY48B) AppleWebKit/537.36 (KHTML, like Gecko) SamsungBrowser/3.3 Chrome/38.0.2125.102 Mobile Safari/537.36"
195.69.193.55 - - [27/Jul/2017:05:30:58 +0200] "GET /javascript/jquery.simplemodal.js HTTP/1.1" 304 - "http://www.easydrivers.at/bruck.leitha" "Mozilla/5.0 (Linux; Android 5.1.1; SAMSUNG SM-G388F/G388FXXU1BOL1 Build/LMY48B) AppleWebKit/537.36 (KHTML, like Gecko) SamsungBrowser/3.3 Chrome/38.0.2125.102 Mobile Safari/537.36"
195.69.193.55 - - [27/Jul/2017:05:30:58 +0200] "GET /javascript/jquery.cookie.js HTTP/1.1" 304 - "http://www.easydrivers.at/bruck.leitha" "Mozilla/5.0 (Linux; Android 5.1.1; SAMSUNG SM-G388F/G388FXXU1BOL1 Build/LMY48B) AppleWebKit/537.36 (KHTML, like Gecko) SamsungBrowser/3.3 Chrome/38.0.2125.102 Mobile Safari/537.36"
195.69.193.55 - - [27/Jul/2017:05:30:58 +0200] "GET /img/mobile/easydrivers-logo-mobile.png HTTP/1.1" 200 10766 "http://www.easydrivers.at/bruck.leitha" "Mozilla/5.0 (Linux; Android 5.1.1; SAMSUNG SM-G388F/G388FXXU1BOL1 Build/LMY48B) AppleWebKit/537.36 (KHTML, like Gecko) SamsungBrowser/3.3 Chrome/38.0.2125.102 Mobile Safari/537.36"
195.69.193.55 - - [27/Jul/2017:05:30:58 +0200] "GET /javascript/jquery-1.9.1.min.js HTTP/1.1" 200 32731 "http://www.easydrivers.at/bruck.leitha" "Mozilla/5.0 (Linux; Android 5.1.1; SAMSUNG SM-G388F/G388FXXU1BOL1 Build/LMY48B) AppleWebKit/537.36 (KHTML, like Gecko) SamsungBrowser/3.3 Chrome/38.0.2125.102 Mobile Safari/537.36"
195.69.193.55 - - [27/Jul/2017:05:30:58 +0200] "GET /javascript/mobile-fahrschule.js HTTP/1.1" 200 328 "http://www.easydrivers.at/bruck.leitha" "Mozilla/5.0 (Linux; Android 5.1.1; SAMSUNG SM-G388F/G388FXXU1BOL1 Build/LMY48B) AppleWebKit/537.36 (KHTML, like Gecko) SamsungBrowser/3.3 Chrome/38.0.2125.102 Mobile Safari/537.36"
195.69.193.55 - - [27/Jul/2017:05:30:58 +0200] "GET /javascript/lazyload.js HTTP/1.1" 304 - "http://www.easydrivers.at/bruck.leitha" "Mozilla/5.0 (Linux; Android 5.1.1; SAMSUNG SM-G388F/G388FXXU1BOL1 Build/LMY48B) AppleWebKit/537.36 (KHTML, like Gecko) SamsungBrowser/3.3 Chrome/38.0.2125.102 Mobile Safari/537.36"
195.69.193.55 - - [27/Jul/2017:05:30:58 +0200] "GET /img/mobile/menu-button.png HTTP/1.1" 200 1746 "http://www.easydrivers.at/bruck.leitha" "Mozilla/5.0 (Linux; Android 5.1.1; SAMSUNG SM-G388F/G388FXXU1BOL1 Build/LMY48B) AppleWebKit/537.36 (KHTML, like Gecko) SamsungBrowser/3.3 Chrome/38.0.2125.102 Mobile Safari/537.36"
195.69.193.55 - - [27/Jul/2017:05:30:58 +0200] "GET /img/mobile/close-button.png HTTP/1.1" 200 2411 "http://www.easydrivers.at/bruck.leitha" "Mozilla/5.0 (Linux; Android 5.1.1; SAMSUNG SM-G388F/G388FXXU1BOL1 Build/LMY48B) AppleWebKit/537.36 (KHTML, like Gecko) SamsungBrowser/3.3 Chrome/38.0.2125.102 Mobile Safari/537.36"
195.69.193.55 - - [27/Jul/2017:05:30:58 +0200] "GET /img/mobile/facebook-icon.png HTTP/1.1" 200 1902 "http://www.easydrivers.at/bruck.leitha" "Mozilla/5.0 (Linux; Android 5.1.1; SAMSUNG SM-G388F/G388FXXU1BOL1 Build/LMY48B) AppleWebKit/537.36 (KHTML, like Gecko) SamsungBrowser/3.3 Chrome/38.0.2125.102 Mobile Safari/537.36"
195.69.193.55 - - [27/Jul/2017:05:30:58 +0200] "GET /javascript/mobile-menu.js HTTP/1.1" 200 1634 "http://www.easydrivers.at/bruck.leitha" "Mozilla/5.0 (Linux; Android 5.1.1; SAMSUNG SM-G388F/G388FXXU1BOL1 Build/LMY48B) AppleWebKit/537.36 (KHTML, like Gecko) SamsungBrowser/3.3 Chrome/38.0.2125.102 Mobile Safari/537.36"
195.69.193.55 - - [27/Jul/2017:05:30:58 +0200] "GET /img/mobile/info-button.png HTTP/1.1" 200 1549 "http://www.easydrivers.at/bruck.leitha" "Mozilla/5.0 (Linux; Android 5.1.1; SAMSUNG SM-G388F/G388FXXU1BOL1 Build/LMY48B) AppleWebKit/537.36 (KHTML, like Gecko) SamsungBrowser/3.3 Chrome/38.0.2125.102 Mobile Safari/537.36"
195.69.193.55 - - [27/Jul/2017:05:30:58 +0200] "GET /img/mobile/info-close-button.png HTTP/1.1" 200 1721 "http://www.easydrivers.at/bruck.leitha" "Mozilla/5.0 (Linux; Android 5.1.1; SAMSUNG SM-G388F/G388FXXU1BOL1 Build/LMY48B) AppleWebKit/537.36 (KHTML, like Gecko) SamsungBrowser/3.3 Chrome/38.0.2125.102 Mobile Safari/537.36"
195.69.193.55 - - [27/Jul/2017:05:30:58 +0200] "GET /img/smallicon-person.png HTTP/1.1" 200 1141 "http://www.easydrivers.at/bruck.leitha" "Mozilla/5.0 (Linux; Android 5.1.1; SAMSUNG SM-G388F/G388FXXU1BOL1 Build/LMY48B) AppleWebKit/537.36 (KHTML, like Gecko) SamsungBrowser/3.3 Chrome/38.0.2125.102 Mobile Safari/537.36"
195.69.193.55 - - [27/Jul/2017:05:30:58 +0200] "GET /img/mobile/googlemaps-pin.png HTTP/1.1" 200 1597 "http://www.easydrivers.at/bruck.leitha" "Mozilla/5.0 (Linux; Android 5.1.1; SAMSUNG SM-G388F/G388FXXU1BOL1 Build/LMY48B) AppleWebKit/537.36 (KHTML, like Gecko) SamsungBrowser/3.3 Chrome/38.0.2125.102 Mobile Safari/537.36"
195.69.193.55 - - [27/Jul/2017:05:30:58 +0200] "GET /img/smallicon-address.png HTTP/1.1" 304 - "http://www.easydrivers.at/bruck.leitha" "Mozilla/5.0 (Linux; Android 5.1.1; SAMSUNG SM-G388F/G388FXXU1BOL1 Build/LMY48B) AppleWebKit/537.36 (KHTML, like Gecko) SamsungBrowser/3.3 Chrome/38.0.2125.102 Mobile Safari/537.36"
195.69.193.55 - - [27/Jul/2017:05:30:58 +0200] "GET /img/mobile/widget-icon-app.png HTTP/1.1" 200 3458 "http://www.easydrivers.at/bruck.leitha" "Mozilla/5.0 (Linux; Android 5.1.1; SAMSUNG SM-G388F/G388FXXU1BOL1 Build/LMY48B) AppleWebKit/537.36 (KHTML, like Gecko) SamsungBrowser/3.3 Chrome/38.0.2125.102 Mobile Safari/537.36"
195.69.193.55 - - [27/Jul/2017:05:30:58 +0200] "GET /img/smallicon-mail.png HTTP/1.1" 304 - "http://www.easydrivers.at/bruck.leitha" "Mozilla/5.0 (Linux; Android 5.1.1; SAMSUNG SM-G388F/G388FXXU1BOL1 Build/LMY48B) AppleWebKit/537.36 (KHTML, like Gecko) SamsungBrowser/3.3 Chrome/38.0.2125.102 Mobile Safari/537.36"
195.69.193.55 - - [27/Jul/2017:05:30:58 +0200] "GET /img/smallicon-time.png HTTP/1.1" 304 - "http://www.easydrivers.at/bruck.leitha" "Mozilla/5.0 (Linux; Android 5.1.1; SAMSUNG SM-G388F/G388FXXU1BOL1 Build/LMY48B) AppleWebKit/537.36 (KHTML, like Gecko) SamsungBrowser/3.3 Chrome/38.0.2125.102 Mobile Safari/537.36"
195.69.193.55 - - [27/Jul/2017:05:30:58 +0200] "GET /img/smallicon-phone.png HTTP/1.1" 304 - "http://www.easydrivers.at/bruck.leitha" "Mozilla/5.0 (Linux; Android 5.1.1; SAMSUNG SM-G388F/G388FXXU1BOL1 Build/LMY48B) AppleWebKit/537.36 (KHTML, like Gecko) SamsungBrowser/3.3 Chrome/38.0.2125.102 Mobile Safari/537.36"
195.69.193.55 - - [27/Jul/2017:05:30:58 +0200] "GET /img/mobile/bg-menu.jpg HTTP/1.1" 200 1698 "http://www.easydrivers.at/css/mobile.css" "Mozilla/5.0 (Linux; Android 5.1.1; SAMSUNG SM-G388F/G388FXXU1BOL1 Build/LMY48B) AppleWebKit/537.36 (KHTML, like Gecko) SamsungBrowser/3.3 Chrome/38.0.2125.102 Mobile Safari/537.36"
195.69.193.55 - - [27/Jul/2017:05:30:58 +0200] "GET /img/mobile/bg-header.jpg HTTP/1.1" 200 19741 "http://www.easydrivers.at/css/mobile.css" "Mozilla/5.0 (Linux; Android 5.1.1; SAMSUNG SM-G388F/G388FXXU1BOL1 Build/LMY48B) AppleWebKit/537.36 (KHTML, like Gecko) SamsungBrowser/3.3 Chrome/38.0.2125.102 Mobile Safari/537.36"
195.69.193.55 - - [27/Jul/2017:05:30:58 +0200] "GET /img/mobile/bg-top-section.jpg HTTP/1.1" 200 21711 "http://www.easydrivers.at/css/mobile.css" "Mozilla/5.0 (Linux; Android 5.1.1; SAMSUNG SM-G388F/G388FXXU1BOL1 Build/LMY48B) AppleWebKit/537.36 (KHTML, like Gecko) SamsungBrowser/3.3 Chrome/38.0.2125.102 Mobile Safari/537.36"
195.69.193.55 - - [27/Jul/2017:05:30:58 +0200] "GET /img/mobile/pfeil-rechts.png HTTP/1.1" 200 1228 "http://www.easydrivers.at/css/mobile.css" "Mozilla/5.0 (Linux; Android 5.1.1; SAMSUNG SM-G388F/G388FXXU1BOL1 Build/LMY48B) AppleWebKit/537.36 (KHTML, like Gecko) SamsungBrowser/3.3 Chrome/38.0.2125.102 Mobile Safari/537.36"
195.69.193.55 - - [27/Jul/2017:05:30:59 +0200] "GET /img/favicon.ico HTTP/1.1" 404 300 "-" "Mozilla/5.0 (Linux; Android 5.1.1; SAMSUNG SM-G388F/G388FXXU1BOL1 Build/LMY48B) AppleWebKit/537.36 (KHTML, like Gecko) SamsungBrowser/3.3 Chrome/38.0.2125.102 Mobile Safari/537.36"
195.69.193.55 - - [27/Jul/2017:05:31:11 +0200] "POST /bruck.leitha/kursauswahl HTTP/1.1" 200 2796 "http://www.easydrivers.at/bruck.leitha" "Mozilla/5.0 (Linux; Android 5.1.1; SAMSUNG SM-G388F/G388FXXU1BOL1 Build/LMY48B) AppleWebKit/537.36 (KHTML, like Gecko) SamsungBrowser/3.3 Chrome/38.0.2125.102 Mobile Safari/537.36"
195.69.193.55 - - [27/Jul/2017:05:31:13 +0200] "POST /bruck.leitha/kursauswahl HTTP/1.1" 200 2796 "http://www.easydrivers.at/bruck.leitha" "Mozilla/5.0 (Linux; Android 5.1.1; SAMSUNG SM-G388F/G388FXXU1BOL1 Build/LMY48B) AppleWebKit/537.36 (KHTML, like Gecko) SamsungBrowser/3.3 Chrome/38.0.2125.102 Mobile Safari/537.36"
195.69.193.55 - - [27/Jul/2017:05:31:16 +0200] "GET /img/mobile/pfeil-links-small.png HTTP/1.1" 200 1065 "http://www.easydrivers.at/css/mobile.css" "Mozilla/5.0 (Linux; Android 5.1.1; SAMSUNG SM-G388F/G388FXXU1BOL1 Build/LMY48B) AppleWebKit/537.36 (KHTML, like Gecko) SamsungBrowser/3.3 Chrome/38.0.2125.102 Mobile Safari/537.36"
195.69.193.55 - - [27/Jul/2017:05:31:16 +0200] "GET /javascript/mobile-fahrschule-kurs-suchergebnis.js HTTP/1.1" 200 274 "http://www.easydrivers.at/bruck.leitha/kursauswahl" "Mozilla/5.0 (Linux; Android 5.1.1; SAMSUNG SM-G388F/G388FXXU1BOL1 Build/LMY48B) AppleWebKit/537.36 (KHTML, like Gecko) SamsungBrowser/3.3 Chrome/38.0.2125.102 Mobile Safari/537.36"
195.69.193.55 - - [27/Jul/2017:05:31:16 +0200] "GET /img/mobile/bg-yellow.jpg HTTP/1.1" 200 1569 "http://www.easydrivers.at/css/mobile.css" "Mozilla/5.0 (Linux; Android 5.1.1; SAMSUNG SM-G388F/G388FXXU1BOL1 Build/LMY48B) AppleWebKit/537.36 (KHTML, like Gecko) SamsungBrowser/3.3 Chrome/38.0.2125.102 Mobile Safari/537.36"
195.69.193.55 - - [27/Jul/2017:05:31:16 +0200] "GET /img/loading-bars.gif HTTP/1.1" 304 - "http://www.easydrivers.at/css/mobile.css" "Mozilla/5.0 (Linux; Android 5.1.1; SAMSUNG SM-G388F/G388FXXU1BOL1 Build/LMY48B) AppleWebKit/537.36 (KHTML, like Gecko) SamsungBrowser/3.3 Chrome/38.0.2125.102 Mobile Safari/537.36"
195.69.193.55 - - [27/Jul/2017:05:31:26 +0200] "POST /loadkursliste HTTP/1.1" 200 549 "http://www.easydrivers.at/bruck.leitha/kursauswahl" "Mozilla/5.0 (Linux; Android 5.1.1; SAMSUNG SM-G388F/G388FXXU1BOL1 Build/LMY48B) AppleWebKit/537.36 (KHTML, like Gecko) SamsungBrowser/3.3 Chrome/38.0.2125.102 Mobile Safari/537.36"
180.153.236.165 - - [27/Jul/2017:05:31:31 +0200] "GET / HTTP/1.1" 301 295 "http://www.easydrivers.com/" "Mozilla/5.0 (Windows NT 6.1; WOW64) AppleWebKit/537.36 (KHTML, like Gecko) Chrome/50.0.2661.102 Safari/537.36; 360Spider"
180.153.236.165 - - [27/Jul/2017:05:31:32 +0200] "GET / HTTP/1.1" 200 4406 "http://www.easydrivers.at/" "Mozilla/5.0 (Windows NT 6.1; WOW64) AppleWebKit/537.36 (KHTML, like Gecko) Chrome/50.0.2661.102 Safari/537.36; 360Spider"
217.250.182.29 - - [27/Jul/2017:05:31:47 +0200] "GET /feldkirch HTTP/1.1" 200 3540 "-" "Mozilla/5.0 (Windows; U; Windows NT 6.0; de; rv:1.9.2.3) Gecko/20100401 Firefox/3.6.3 ( .NET CLR 3.5.30729)"
195.69.193.55 - - [27/Jul/2017:05:32:14 +0200] "GET /bruck.leitha/10280230?FS=AM-M HTTP/1.1" 200 3129 "http://www.easydrivers.at/bruck.leitha/kursauswahl" "Mozilla/5.0 (Linux; Android 5.1.1; SAMSUNG SM-G388F/G388FXXU1BOL1 Build/LMY48B) AppleWebKit/537.36 (KHTML, like Gecko) SamsungBrowser/3.3 Chrome/38.0.2125.102 Mobile Safari/537.36"
195.69.193.55 - - [27/Jul/2017:05:32:15 +0200] "GET /bruck.leitha/10280230?FS=AM-M HTTP/1.1" 200 3129 "http://www.easydrivers.at/bruck.leitha/kursauswahl" "Mozilla/5.0 (Linux; Android 5.1.1; SAMSUNG SM-G388F/G388FXXU1BOL1 Build/LMY48B) AppleWebKit/537.36 (KHTML, like Gecko) SamsungBrowser/3.3 Chrome/38.0.2125.102 Mobile Safari/537.36"
195.69.193.55 - - [27/Jul/2017:05:32:19 +0200] "GET /img/mobile/kursicon-phone.png HTTP/1.1" 200 1932 "http://www.easydrivers.at/bruck.leitha/10280230?FS=AM-M" "Mozilla/5.0 (Linux; Android 5.1.1; SAMSUNG SM-G388F/G388FXXU1BOL1 Build/LMY48B) AppleWebKit/537.36 (KHTML, like Gecko) SamsungBrowser/3.3 Chrome/38.0.2125.102 Mobile Safari/537.36"
195.69.193.55 - - [27/Jul/2017:05:32:19 +0200] "GET /img/mobile/kursicon-share.png HTTP/1.1" 200 2065 "http://www.easydrivers.at/bruck.leitha/10280230?FS=AM-M" "Mozilla/5.0 (Linux; Android 5.1.1; SAMSUNG SM-G388F/G388FXXU1BOL1 Build/LMY48B) AppleWebKit/537.36 (KHTML, like Gecko) SamsungBrowser/3.3 Chrome/38.0.2125.102 Mobile Safari/537.36"
