85.233.117.69 - - [27/Jul/2017:08:09:01 +0200] "GET /css/style.css HTTP/1.1" 200 5004 "http://www.easydrivers.at/steyr" "Mozilla/5.0 (Macintosh; Intel Mac OS X 10_11_6) AppleWebKit/601.7.7 (KHTML, like Gecko) Version/9.1.2 Safari/601.7.7"
133.130.58.99 - - [27/Jul/2017:08:08:58 +0200] "GET /ennstal.bad.aussee/berufskraftfahrer HTTP/1.1" 200 3258 "-" "Mozilla/5.0 (Macintosh; Intel Mac OS X 10_10_3) AppleWebKit/537.36 (KHTML, like Gecko) Chrome/42.0.2311.90 Safari/537.36"
85.233.117.69 - - [27/Jul/2017:08:09:01 +0200] "GET /javascript/fahrschule.js HTTP/1.1" 200 462 "http://www.easydrivers.at/steyr" "Mozilla/5.0 (Macintosh; Intel Mac OS X 10_11_6) AppleWebKit/601.7.7 (KHTML, like Gecko) Version/9.1.2 Safari/601.7.7"
85.233.117.69 - - [27/Jul/2017:08:09:01 +0200] "GET /javascript/lazyload.js HTTP/1.1" 200 1170 "http://www.easydrivers.at/steyr" "Mozilla/5.0 (Macintosh; Intel Mac OS X 10_11_6) AppleWebKit/601.7.7 (KHTML, like Gecko) Version/9.1.2 Safari/601.7.7"
85.233.117.69 - - [27/Jul/2017:08:09:01 +0200] "GET /img/close-button.png HTTP/1.1" 200 2237 "http://www.easydrivers.at/steyr" "Mozilla/5.0 (Macintosh; Intel Mac OS X 10_11_6) AppleWebKit/601.7.7 (KHTML, like Gecko) Version/9.1.2 Safari/601.7.7"
85.233.117.69 - - [27/Jul/2017:08:09:01 +0200] "GET /img/facebook-icon.png HTTP/1.1" 200 1506 "http://www.easydrivers.at/steyr" "Mozilla/5.0 (Macintosh; Intel Mac OS X 10_11_6) AppleWebKit/601.7.7 (KHTML, like Gecko) Version/9.1.2 Safari/601.7.7"
85.233.117.69 - - [27/Jul/2017:08:09:01 +0200] "GET /img/ED_Logo.png HTTP/1.1" 200 3385 "http://www.easydrivers.at/steyr" "Mozilla/5.0 (Macintosh; Intel Mac OS X 10_11_6) AppleWebKit/601.7.7 (KHTML, like Gecko) Version/9.1.2 Safari/601.7.7"
85.233.117.69 - - [27/Jul/2017:08:09:01 +0200] "GET /img/bg-header.jpg HTTP/1.1" 200 38680 "http://www.easydrivers.at/steyr" "Mozilla/5.0 (Macintosh; Intel Mac OS X 10_11_6) AppleWebKit/601.7.7 (KHTML, like Gecko) Version/9.1.2 Safari/601.7.7"
85.233.117.69 - - [27/Jul/2017:08:09:01 +0200] "GET /img/locator-icon.png HTTP/1.1" 200 1377 "http://www.easydrivers.at/steyr" "Mozilla/5.0 (Macintosh; Intel Mac OS X 10_11_6) AppleWebKit/601.7.7 (KHTML, like Gecko) Version/9.1.2 Safari/601.7.7"
85.233.117.69 - - [27/Jul/2017:08:09:01 +0200] "GET /img/info-button.png HTTP/1.1" 200 738 "http://www.easydrivers.at/steyr" "Mozilla/5.0 (Macintosh; Intel Mac OS X 10_11_6) AppleWebKit/601.7.7 (KHTML, like Gecko) Version/9.1.2 Safari/601.7.7"
85.233.117.69 - - [27/Jul/2017:08:09:01 +0200] "GET /img/submit-button.png HTTP/1.1" 200 1958 "http://www.easydrivers.at/steyr" "Mozilla/5.0 (Macintosh; Intel Mac OS X 10_11_6) AppleWebKit/601.7.7 (KHTML, like Gecko) Version/9.1.2 Safari/601.7.7"
85.233.117.69 - - [27/Jul/2017:08:09:01 +0200] "GET /img/empty.gif HTTP/1.1" 200 43 "http://www.easydrivers.at/steyr" "Mozilla/5.0 (Macintosh; Intel Mac OS X 10_11_6) AppleWebKit/601.7.7 (KHTML, like Gecko) Version/9.1.2 Safari/601.7.7"
85.233.117.69 - - [27/Jul/2017:08:09:01 +0200] "GET /binaries/easy-drivers-portal/widget-icon-trainingpng.png HTTP/1.1" 200 2662 "http://www.easydrivers.at/steyr" "Mozilla/5.0 (Macintosh; Intel Mac OS X 10_11_6) AppleWebKit/601.7.7 (KHTML, like Gecko) Version/9.1.2 Safari/601.7.7"
85.233.117.69 - - [27/Jul/2017:08:09:01 +0200] "GET /img/schweiz-icon.png HTTP/1.1" 200 1504 "http://www.easydrivers.at/steyr" "Mozilla/5.0 (Macintosh; Intel Mac OS X 10_11_6) AppleWebKit/601.7.7 (KHTML, like Gecko) Version/9.1.2 Safari/601.7.7"
85.233.117.69 - - [27/Jul/2017:08:09:01 +0200] "GET /img/yellow-dots-vertical.png HTTP/1.1" 200 981 "http://www.easydrivers.at/steyr" "Mozilla/5.0 (Macintosh; Intel Mac OS X 10_11_6) AppleWebKit/601.7.7 (KHTML, like Gecko) Version/9.1.2 Safari/601.7.7"
85.233.117.69 - - [27/Jul/2017:08:09:01 +0200] "GET /img/kursicon-print-pink.png HTTP/1.1" 200 1125 "http://www.easydrivers.at/steyr" "Mozilla/5.0 (Macintosh; Intel Mac OS X 10_11_6) AppleWebKit/601.7.7 (KHTML, like Gecko) Version/9.1.2 Safari/601.7.7"
85.233.117.69 - - [27/Jul/2017:08:09:02 +0200] "GET /img/kursicon-share-pink.png HTTP/1.1" 200 1277 "http://www.easydrivers.at/steyr" "Mozilla/5.0 (Macintosh; Intel Mac OS X 10_11_6) AppleWebKit/601.7.7 (KHTML, like Gecko) Version/9.1.2 Safari/601.7.7"
85.233.117.69 - - [27/Jul/2017:08:09:02 +0200] "GET /cache/emu/images/easy-drivers-portal10255541/easy-1jpg_120_90_0.jpg HTTP/1.1" 200 2330 "http://www.easydrivers.at/steyr" "Mozilla/5.0 (Macintosh; Intel Mac OS X 10_11_6) AppleWebKit/601.7.7 (KHTML, like Gecko) Version/9.1.2 Safari/601.7.7"
85.233.117.69 - - [27/Jul/2017:08:09:02 +0200] "GET /binaries/easy-drivers-portal/widget-icon-apppng.png HTTP/1.1" 200 2432 "http://www.easydrivers.at/steyr" "Mozilla/5.0 (Macintosh; Intel Mac OS X 10_11_6) AppleWebKit/601.7.7 (KHTML, like Gecko) Version/9.1.2 Safari/601.7.7"
85.233.117.69 - - [27/Jul/2017:08:09:02 +0200] "GET /img/purple-dots-horizontal.png HTTP/1.1" 200 977 "http://www.easydrivers.at/steyr" "Mozilla/5.0 (Macintosh; Intel Mac OS X 10_11_6) AppleWebKit/601.7.7 (KHTML, like Gecko) Version/9.1.2 Safari/601.7.7"
85.233.117.69 - - [27/Jul/2017:08:09:01 +0200] "GET /img/bg-top-section.jpg HTTP/1.1" 200 82172 "http://www.easydrivers.at/steyr" "Mozilla/5.0 (Macintosh; Intel Mac OS X 10_11_6) AppleWebKit/601.7.7 (KHTML, like Gecko) Version/9.1.2 Safari/601.7.7"
85.233.117.69 - - [27/Jul/2017:08:09:02 +0200] "GET /img/kursicon-download-pink.png HTTP/1.1" 200 1213 "http://www.easydrivers.at/steyr" "Mozilla/5.0 (Macintosh; Intel Mac OS X 10_11_6) AppleWebKit/601.7.7 (KHTML, like Gecko) Version/9.1.2 Safari/601.7.7"
85.233.117.69 - - [27/Jul/2017:08:09:02 +0200] "GET /cache/emu/images/easy-drivers-portal10280554/i-3_135_90_0.jpg HTTP/1.1" 200 4419 "http://www.easydrivers.at/steyr" "Mozilla/5.0 (Macintosh; Intel Mac OS X 10_11_6) AppleWebKit/601.7.7 (KHTML, like Gecko) Version/9.1.2 Safari/601.7.7"
85.233.117.69 - - [27/Jul/2017:08:09:02 +0200] "GET /img/bg-footer.jpg HTTP/1.1" 200 31770 "http://www.easydrivers.at/steyr" "Mozilla/5.0 (Macintosh; Intel Mac OS X 10_11_6) AppleWebKit/601.7.7 (KHTML, like Gecko) Version/9.1.2 Safari/601.7.7"
85.233.117.69 - - [27/Jul/2017:08:09:02 +0200] "GET /img/close-button-small.png HTTP/1.1" 200 1671 "http://www.easydrivers.at/steyr" "Mozilla/5.0 (Macintosh; Intel Mac OS X 10_11_6) AppleWebKit/601.7.7 (KHTML, like Gecko) Version/9.1.2 Safari/601.7.7"
85.233.117.69 - - [27/Jul/2017:08:09:02 +0200] "GET /img/kursicon-phone-pink.png HTTP/1.1" 200 1286 "http://www.easydrivers.at/steyr" "Mozilla/5.0 (Macintosh; Intel Mac OS X 10_11_6) AppleWebKit/601.7.7 (KHTML, like Gecko) Version/9.1.2 Safari/601.7.7"
85.233.117.69 - - [27/Jul/2017:08:09:02 +0200] "GET /img/new_favicon.ico HTTP/1.1" 200 1150 "http://www.easydrivers.at/steyr" "Mozilla/5.0 (Macintosh; Intel Mac OS X 10_11_6) AppleWebKit/601.7.7 (KHTML, like Gecko) Version/9.1.2 Safari/601.7.7"
80.123.86.62 - - [27/Jul/2017:08:09:01 +0200] "GET /krems HTTP/1.1" 200 3774 "https://www.bing.com/" "Mozilla/5.0 (Windows NT 6.1; WOW64; Trident/7.0; MASBJS; rv:11.0) like Gecko"
80.123.86.62 - - [27/Jul/2017:08:09:03 +0200] "GET /css/style.css HTTP/1.1" 200 5004 "https://www.easydrivers.at/krems" "Mozilla/5.0 (Windows NT 6.1; WOW64; Trident/7.0; MASBJS; rv:11.0) like Gecko"
80.123.86.62 - - [27/Jul/2017:08:09:03 +0200] "GET /css/print.css HTTP/1.1" 200 967 "https://www.easydrivers.at/krems" "Mozilla/5.0 (Windows NT 6.1; WOW64; Trident/7.0; MASBJS; rv:11.0) like Gecko"
80.123.86.62 - - [27/Jul/2017:08:09:03 +0200] "GET /javascript/jquery.customSelect.min.js HTTP/1.1" 200 912 "https://www.easydrivers.at/krems" "Mozilla/5.0 (Windows NT 6.1; WOW64; Trident/7.0; MASBJS; rv:11.0) like Gecko"
80.123.86.62 - - [27/Jul/2017:08:09:03 +0200] "GET /javascript/jquery.cookie.js HTTP/1.1" 200 863 "https://www.easydrivers.at/krems" "Mozilla/5.0 (Windows NT 6.1; WOW64; Trident/7.0; MASBJS; rv:11.0) like Gecko"
80.123.86.62 - - [27/Jul/2017:08:09:03 +0200] "GET /javascript/jquery.simplemodal.js HTTP/1.1" 200 3070 "https://www.easydrivers.at/krems" "Mozilla/5.0 (Windows NT 6.1; WOW64; Trident/7.0; MASBJS; rv:11.0) like Gecko"
80.123.86.62 - - [27/Jul/2017:08:09:03 +0200] "GET /javascript/portal.js?1221842734 HTTP/1.1" 200 3529 "https://www.easydrivers.at/krems" "Mozilla/5.0 (Windows NT 6.1; WOW64; Trident/7.0; MASBJS; rv:11.0) like Gecko"
80.123.86.62 - - [27/Jul/2017:08:09:03 +0200] "GET /javascript/fahrschule.js HTTP/1.1" 200 462 "https://www.easydrivers.at/krems" "Mozilla/5.0 (Windows NT 6.1; WOW64; Trident/7.0; MASBJS; rv:11.0) like Gecko"
80.123.86.62 - - [27/Jul/2017:08:09:03 +0200] "GET /img/facebook-icon.png HTTP/1.1" 200 1506 "https://www.easydrivers.at/krems" "Mozilla/5.0 (Windows NT 6.1; WOW64; Trident/7.0; MASBJS; rv:11.0) like Gecko"
80.123.86.62 - - [27/Jul/2017:08:09:03 +0200] "GET /img/close-button.png HTTP/1.1" 200 2237 "https://www.easydrivers.at/krems" "Mozilla/5.0 (Windows NT 6.1; WOW64; Trident/7.0; MASBJS; rv:11.0) like Gecko"
80.123.86.62 - - [27/Jul/2017:08:09:03 +0200] "GET /img/info-button.png HTTP/1.1" 200 738 "https://www.easydrivers.at/krems" "Mozilla/5.0 (Windows NT 6.1; WOW64; Trident/7.0; MASBJS; rv:11.0) like Gecko"
80.123.86.62 - - [27/Jul/2017:08:09:03 +0200] "GET /img/locator-icon.png HTTP/1.1" 200 1377 "https://www.easydrivers.at/krems" "Mozilla/5.0 (Windows NT 6.1; WOW64; Trident/7.0; MASBJS; rv:11.0) like Gecko"
80.123.86.62 - - [27/Jul/2017:08:09:03 +0200] "GET /img/close-button-small.png HTTP/1.1" 200 1671 "https://www.easydrivers.at/krems" "Mozilla/5.0 (Windows NT 6.1; WOW64; Trident/7.0; MASBJS; rv:11.0) like Gecko"
80.123.86.62 - - [27/Jul/2017:08:09:04 +0200] "GET /img/submit-button.png HTTP/1.1" 200 1958 "https://www.easydrivers.at/krems" "Mozilla/5.0 (Windows NT 6.1; WOW64; Trident/7.0; MASBJS; rv:11.0) like Gecko"
80.123.86.62 - - [27/Jul/2017:08:09:04 +0200] "GET /cache/emu/images/easy-drivers-portal10244077/aktionjpg_160_90_0.jpg HTTP/1.1" 200 3346 "https://www.easydrivers.at/krems" "Mozilla/5.0 (Windows NT 6.1; WOW64; Trident/7.0; MASBJS; rv:11.0) like Gecko"
80.123.86.62 - - [27/Jul/2017:08:09:04 +0200] "GET /img/empty.gif HTTP/1.1" 200 43 "https://www.easydrivers.at/krems" "Mozilla/5.0 (Windows NT 6.1; WOW64; Trident/7.0; MASBJS; rv:11.0) like Gecko"
80.123.86.62 - - [27/Jul/2017:08:09:04 +0200] "GET /binaries/easy-drivers-portal/widget-icon-trainingpng.png HTTP/1.1" 200 2662 "https://www.easydrivers.at/krems" "Mozilla/5.0 (Windows NT 6.1; WOW64; Trident/7.0; MASBJS; rv:11.0) like Gecko"
80.123.86.62 - - [27/Jul/2017:08:09:04 +0200] "GET /binaries/easy-drivers-portal/fuehrerscheina-aktion163png.png HTTP/1.1" 200 7708 "https://www.easydrivers.at/krems" "Mozilla/5.0 (Windows NT 6.1; WOW64; Trident/7.0; MASBJS; rv:11.0) like Gecko"
80.123.86.62 - - [27/Jul/2017:08:09:04 +0200] "GET /img/kursicon-print-pink.png HTTP/1.1" 200 1125 "https://www.easydrivers.at/krems" "Mozilla/5.0 (Windows NT 6.1; WOW64; Trident/7.0; MASBJS; rv:11.0) like Gecko"
80.123.86.62 - - [27/Jul/2017:08:09:04 +0200] "GET /img/bg-header.jpg HTTP/1.1" 200 38680 "https://www.easydrivers.at/krems" "Mozilla/5.0 (Windows NT 6.1; WOW64; Trident/7.0; MASBJS; rv:11.0) like Gecko"
80.123.86.62 - - [27/Jul/2017:08:09:04 +0200] "GET /img/kursicon-download-pink.png HTTP/1.1" 200 1213 "https://www.easydrivers.at/krems" "Mozilla/5.0 (Windows NT 6.1; WOW64; Trident/7.0; MASBJS; rv:11.0) like Gecko"
80.123.86.62 - - [27/Jul/2017:08:09:04 +0200] "GET /img/kursicon-share-pink.png HTTP/1.1" 200 1277 "https://www.easydrivers.at/krems" "Mozilla/5.0 (Windows NT 6.1; WOW64; Trident/7.0; MASBJS; rv:11.0) like Gecko"
80.123.86.62 - - [27/Jul/2017:08:09:04 +0200] "GET /img/kursicon-phone-pink.png HTTP/1.1" 200 1286 "https://www.easydrivers.at/krems" "Mozilla/5.0 (Windows NT 6.1; WOW64; Trident/7.0; MASBJS; rv:11.0) like Gecko"
80.123.86.62 - - [27/Jul/2017:08:09:04 +0200] "GET /img/ED_Logo.png HTTP/1.1" 200 3385 "https://www.easydrivers.at/krems" "Mozilla/5.0 (Windows NT 6.1; WOW64; Trident/7.0; MASBJS; rv:11.0) like Gecko"
80.123.86.62 - - [27/Jul/2017:08:09:04 +0200] "GET /img/bg-footer.jpg HTTP/1.1" 200 31770 "https://www.easydrivers.at/krems" "Mozilla/5.0 (Windows NT 6.1; WOW64; Trident/7.0; MASBJS; rv:11.0) like Gecko"
80.123.86.62 - - [27/Jul/2017:08:09:04 +0200] "GET /img/yellow-dots-vertical.png HTTP/1.1" 200 981 "https://www.easydrivers.at/krems" "Mozilla/5.0 (Windows NT 6.1; WOW64; Trident/7.0; MASBJS; rv:11.0) like Gecko"
80.123.86.62 - - [27/Jul/2017:08:09:04 +0200] "GET /img/purple-dots-horizontal.png HTTP/1.1" 200 977 "https://www.easydrivers.at/krems" "Mozilla/5.0 (Windows NT 6.1; WOW64; Trident/7.0; MASBJS; rv:11.0) like Gecko"
80.123.86.62 - - [27/Jul/2017:08:09:04 +0200] "GET /binaries/easy-drivers-portal/widgetfrequencypng-1.png HTTP/1.1" 200 34655 "https://www.easydrivers.at/krems" "Mozilla/5.0 (Windows NT 6.1; WOW64; Trident/7.0; MASBJS; rv:11.0) like Gecko"
80.123.86.62 - - [27/Jul/2017:08:09:04 +0200] "GET /img/schweiz-icon.png HTTP/1.1" 200 1504 "https://www.easydrivers.at/krems" "Mozilla/5.0 (Windows NT 6.1; WOW64; Trident/7.0; MASBJS; rv:11.0) like Gecko"
80.123.86.62 - - [27/Jul/2017:08:09:04 +0200] "GET /javascript/lazyload.js HTTP/1.1" 200 1170 "https://www.easydrivers.at/krems" "Mozilla/5.0 (Windows NT 6.1; WOW64; Trident/7.0; MASBJS; rv:11.0) like Gecko"
80.123.86.62 - - [27/Jul/2017:08:09:04 +0200] "GET /img/bg-top-section.jpg HTTP/1.1" 200 82172 "https://www.easydrivers.at/krems" "Mozilla/5.0 (Windows NT 6.1; WOW64; Trident/7.0; MASBJS; rv:11.0) like Gecko"
80.123.86.62 - - [27/Jul/2017:08:09:04 +0200] "GET /img/new_favicon.ico HTTP/1.1" 200 1150 "-" "Mozilla/5.0 (Windows NT 6.1; WOW64; Trident/7.0; MASBJS; rv:11.0) like Gecko"
91.141.3.121 - - [27/Jul/2017:08:09:11 +0200] "GET /steyr/ HTTP/1.1" 301 137 "https://www.google.at/" "Mozilla/5.0 (iPhone; CPU iPhone OS 9_3_3 like Mac OS X) AppleWebKit/601.1.46 (KHTML, like Gecko) Version/9.0 Mobile/13G34 Safari/601.1"
217.13.180.202 - - [27/Jul/2017:08:09:09 +0200] "GET /tulln/kurse HTTP/1.1" 200 4532 "http://www.easydrivers.at/tulln" "Mozilla/5.0 (Windows NT 6.1; WOW64; Trident/7.0; rv:11.0) like Gecko"
217.13.180.202 - - [27/Jul/2017:08:09:12 +0200] "GET /binaries/easy-drivers-portal/traktor3jpg.jpg HTTP/1.1" 200 131201 "http://www.easydrivers.at/tulln/kurse" "Mozilla/5.0 (Windows NT 6.1; WOW64; Trident/7.0; rv:11.0) like Gecko"
88.116.128.162 - - [27/Jul/2017:08:09:11 +0200] "GET / HTTP/1.1" 200 4406 "-" "Mozilla/5.0 (Windows NT 6.3; WOW64; rv:46.0) Gecko/20100101 Firefox/46.0"
88.116.128.162 - - [27/Jul/2017:08:09:12 +0200] "GET /css/print.css HTTP/1.1" 200 967 "http://www.easydrivers.at/" "Mozilla/5.0 (Windows NT 6.3; WOW64; rv:46.0) Gecko/20100101 Firefox/46.0"
88.116.128.162 - - [27/Jul/2017:08:09:12 +0200] "GET /css/style.css HTTP/1.1" 200 5004 "http://www.easydrivers.at/" "Mozilla/5.0 (Windows NT 6.3; WOW64; rv:46.0) Gecko/20100101 Firefox/46.0"
88.116.128.162 - - [27/Jul/2017:08:09:12 +0200] "GET /javascript/jquery.customSelect.min.js HTTP/1.1" 200 912 "http://www.easydrivers.at/" "Mozilla/5.0 (Windows NT 6.3; WOW64; rv:46.0) Gecko/20100101 Firefox/46.0"
88.116.128.162 - - [27/Jul/2017:08:09:12 +0200] "GET /javascript/jquery.simplemodal.js HTTP/1.1" 200 3070 "http://www.easydrivers.at/" "Mozilla/5.0 (Windows NT 6.3; WOW64; rv:46.0) Gecko/20100101 Firefox/46.0"
88.116.128.162 - - [27/Jul/2017:08:09:12 +0200] "GET /javascript/jquery.cookie.js HTTP/1.1" 200 863 "http://www.easydrivers.at/" "Mozilla/5.0 (Windows NT 6.3; WOW64; rv:46.0) Gecko/20100101 Firefox/46.0"
88.116.128.162 - - [27/Jul/2017:08:09:12 +0200] "GET /javascript/portal.js?1221842734 HTTP/1.1" 200 3529 "http://www.easydrivers.at/" "Mozilla/5.0 (Windows NT 6.3; WOW64; rv:46.0) Gecko/20100101 Firefox/46.0"
88.116.128.162 - - [27/Jul/2017:08:09:12 +0200] "GET /javascript/lazyload.js HTTP/1.1" 200 1170 "http://www.easydrivers.at/" "Mozilla/5.0 (Windows NT 6.3; WOW64; rv:46.0) Gecko/20100101 Firefox/46.0"
88.116.128.162 - - [27/Jul/2017:08:09:12 +0200] "GET /javascript/homesearch.js HTTP/1.1" 200 393 "http://www.easydrivers.at/" "Mozilla/5.0 (Windows NT 6.3; WOW64; rv:46.0) Gecko/20100101 Firefox/46.0"
88.116.128.162 - - [27/Jul/2017:08:09:12 +0200] "GET /img/close-button.png HTTP/1.1" 200 2237 "http://www.easydrivers.at/" "Mozilla/5.0 (Windows NT 6.3; WOW64; rv:46.0) Gecko/20100101 Firefox/46.0"
88.116.128.162 - - [27/Jul/2017:08:09:12 +0200] "GET /img/facebook-icon.png HTTP/1.1" 200 1506 "http://www.easydrivers.at/" "Mozilla/5.0 (Windows NT 6.3; WOW64; rv:46.0) Gecko/20100101 Firefox/46.0"
88.116.128.162 - - [27/Jul/2017:08:09:12 +0200] "GET /binaries/easy-drivers-portal/widget-icon-trainingpng.png HTTP/1.1" 200 2662 "http://www.easydrivers.at/" "Mozilla/5.0 (Windows NT 6.3; WOW64; rv:46.0) Gecko/20100101 Firefox/46.0"
88.116.128.162 - - [27/Jul/2017:08:09:12 +0200] "GET /img/empty.gif HTTP/1.1" 200 43 "http://www.easydrivers.at/" "Mozilla/5.0 (Windows NT 6.3; WOW64; rv:46.0) Gecko/20100101 Firefox/46.0"
88.116.128.162 - - [27/Jul/2017:08:09:12 +0200] "GET /binaries/easy-drivers-portal/widget-icon-expertspng.png HTTP/1.1" 200 2159 "http://www.easydrivers.at/" "Mozilla/5.0 (Windows NT 6.3; WOW64; rv:46.0) Gecko/20100101 Firefox/46.0"
88.116.128.162 - - [27/Jul/2017:08:09:12 +0200] "GET /binaries/easy-drivers-portal/widget-icon-apppng.png HTTP/1.1" 200 2432 "http://www.easydrivers.at/" "Mozilla/5.0 (Windows NT 6.3; WOW64; rv:46.0) Gecko/20100101 Firefox/46.0"
88.116.128.162 - - [27/Jul/2017:08:09:12 +0200] "GET /img/schweiz-icon.png HTTP/1.1" 200 1504 "http://www.easydrivers.at/" "Mozilla/5.0 (Windows NT 6.3; WOW64; rv:46.0) Gecko/20100101 Firefox/46.0"
88.116.128.162 - - [27/Jul/2017:08:09:13 +0200] "GET /img/submit-button.png HTTP/1.1" 200 1958 "http://www.easydrivers.at/" "Mozilla/5.0 (Windows NT 6.3; WOW64; rv:46.0) Gecko/20100101 Firefox/46.0"
88.116.128.162 - - [27/Jul/2017:08:09:13 +0200] "GET /img/ED_Logo.png HTTP/1.1" 200 3385 "http://www.easydrivers.at/css/style.css" "Mozilla/5.0 (Windows NT 6.3; WOW64; rv:46.0) Gecko/20100101 Firefox/46.0"
88.116.128.162 - - [27/Jul/2017:08:09:13 +0200] "GET /img/purple-dots-horizontal.png HTTP/1.1" 200 977 "http://www.easydrivers.at/css/style.css" "Mozilla/5.0 (Windows NT 6.3; WOW64; rv:46.0) Gecko/20100101 Firefox/46.0"
88.116.128.162 - - [27/Jul/2017:08:09:12 +0200] "GET /binaries/easy-drivers-portal/edradfahrschullogowidget160x90pxpng.png HTTP/1.1" 200 23394 "http://www.easydrivers.at/" "Mozilla/5.0 (Windows NT 6.3; WOW64; rv:46.0) Gecko/20100101 Firefox/46.0"
88.116.128.162 - - [27/Jul/2017:08:09:13 +0200] "GET /img/yellow-dots-vertical.png HTTP/1.1" 200 981 "http://www.easydrivers.at/css/style.css" "Mozilla/5.0 (Windows NT 6.3; WOW64; rv:46.0) Gecko/20100101 Firefox/46.0"
88.116.128.162 - - [27/Jul/2017:08:09:13 +0200] "GET /img/black-dots-vertical.png HTTP/1.1" 200 1165 "http://www.easydrivers.at/css/style.css" "Mozilla/5.0 (Windows NT 6.3; WOW64; rv:46.0) Gecko/20100101 Firefox/46.0"
88.116.128.162 - - [27/Jul/2017:08:09:13 +0200] "GET /img/bg-header.jpg HTTP/1.1" 200 38680 "http://www.easydrivers.at/css/style.css" "Mozilla/5.0 (Windows NT 6.3; WOW64; rv:46.0) Gecko/20100101 Firefox/46.0"
88.116.128.162 - - [27/Jul/2017:08:09:13 +0200] "GET /img/bg-top-section.jpg HTTP/1.1" 200 82172 "http://www.easydrivers.at/css/style.css" "Mozilla/5.0 (Windows NT 6.3; WOW64; rv:46.0) Gecko/20100101 Firefox/46.0"
88.116.128.162 - - [27/Jul/2017:08:09:13 +0200] "GET /img/kursicon-print-pink.png HTTP/1.1" 200 1125 "http://www.easydrivers.at/" "Mozilla/5.0 (Windows NT 6.3; WOW64; rv:46.0) Gecko/20100101 Firefox/46.0"
88.116.128.162 - - [27/Jul/2017:08:09:13 +0200] "GET /img/kursicon-download-pink.png HTTP/1.1" 200 1213 "http://www.easydrivers.at/" "Mozilla/5.0 (Windows NT 6.3; WOW64; rv:46.0) Gecko/20100101 Firefox/46.0"
88.116.128.162 - - [27/Jul/2017:08:09:13 +0200] "GET /img/kursicon-share-pink.png HTTP/1.1" 200 1277 "http://www.easydrivers.at/" "Mozilla/5.0 (Windows NT 6.3; WOW64; rv:46.0) Gecko/20100101 Firefox/46.0"
88.116.128.162 - - [27/Jul/2017:08:09:13 +0200] "GET /img/bg-footer.jpg HTTP/1.1" 200 31770 "http://www.easydrivers.at/css/style.css" "Mozilla/5.0 (Windows NT 6.3; WOW64; rv:46.0) Gecko/20100101 Firefox/46.0"
88.116.128.162 - - [27/Jul/2017:08:09:13 +0200] "GET /img/kursicon-phone-pink.png HTTP/1.1" 200 1286 "http://www.easydrivers.at/" "Mozilla/5.0 (Windows NT 6.3; WOW64; rv:46.0) Gecko/20100101 Firefox/46.0"
88.116.128.162 - - [27/Jul/2017:08:09:13 +0200] "GET /img/selection-box-button.png HTTP/1.1" 200 1079 "http://www.easydrivers.at/css/style.css" "Mozilla/5.0 (Windows NT 6.3; WOW64; rv:46.0) Gecko/20100101 Firefox/46.0"
80.123.86.62 - - [27/Jul/2017:08:09:10 +0200] "GET /impressum HTTP/1.1" 200 6763 "https://www.easydrivers.at/krems" "Mozilla/5.0 (Windows NT 6.1; WOW64; Trident/7.0; MASBJS; rv:11.0) like Gecko"
80.123.86.62 - - [27/Jul/2017:08:09:13 +0200] "GET /binaries/easy-drivers-portal/motorrad6jpg.jpg HTTP/1.1" 200 83216 "https://www.easydrivers.at/impressum" "Mozilla/5.0 (Windows NT 6.1; WOW64; Trident/7.0; MASBJS; rv:11.0) like Gecko"
80.123.86.62 - - [27/Jul/2017:08:09:13 +0200] "GET /img/top-image-overlay.png HTTP/1.1" 200 20650 "https://www.easydrivers.at/impressum" "Mozilla/5.0 (Windows NT 6.1; WOW64; Trident/7.0; MASBJS; rv:11.0) like Gecko"
91.141.3.121 - - [27/Jul/2017:08:09:11 +0200] "GET /steyr HTTP/1.1" 200 2943 "https://www.google.at/" "Mozilla/5.0 (iPhone; CPU iPhone OS 9_3_3 like Mac OS X) AppleWebKit/601.1.46 (KHTML, like Gecko) Version/9.0 Mobile/13G34 Safari/601.1"
91.141.3.121 - - [27/Jul/2017:08:09:14 +0200] "GET /css/mobile.css HTTP/1.1" 200 2852 "http://www.easydrivers.at/steyr" "Mozilla/5.0 (iPhone; CPU iPhone OS 9_3_3 like Mac OS X) AppleWebKit/601.1.46 (KHTML, like Gecko) Version/9.0 Mobile/13G34 Safari/601.1"
91.141.3.121 - - [27/Jul/2017:08:09:14 +0200] "GET /javascript/lazyload.js HTTP/1.1" 200 1170 "http://www.easydrivers.at/steyr" "Mozilla/5.0 (iPhone; CPU iPhone OS 9_3_3 like Mac OS X) AppleWebKit/601.1.46 (KHTML, like Gecko) Version/9.0 Mobile/13G34 Safari/601.1"
91.141.3.121 - - [27/Jul/2017:08:09:14 +0200] "GET /javascript/jquery.simplemodal.js HTTP/1.1" 200 3070 "http://www.easydrivers.at/steyr" "Mozilla/5.0 (iPhone; CPU iPhone OS 9_3_3 like Mac OS X) AppleWebKit/601.1.46 (KHTML, like Gecko) Version/9.0 Mobile/13G34 Safari/601.1"
91.141.3.121 - - [27/Jul/2017:08:09:14 +0200] "GET /javascript/jquery.cookie.js HTTP/1.1" 200 863 "http://www.easydrivers.at/steyr" "Mozilla/5.0 (iPhone; CPU iPhone OS 9_3_3 like Mac OS X) AppleWebKit/601.1.46 (KHTML, like Gecko) Version/9.0 Mobile/13G34 Safari/601.1"
91.141.3.121 - - [27/Jul/2017:08:09:14 +0200] "GET /javascript/mobile-menu.js HTTP/1.1" 200 1634 "http://www.easydrivers.at/steyr" "Mozilla/5.0 (iPhone; CPU iPhone OS 9_3_3 like Mac OS X) AppleWebKit/601.1.46 (KHTML, like Gecko) Version/9.0 Mobile/13G34 Safari/601.1"
91.141.3.121 - - [27/Jul/2017:08:09:14 +0200] "GET /javascript/jquery-1.9.1.min.js HTTP/1.1" 200 32731 "http://www.easydrivers.at/steyr" "Mozilla/5.0 (iPhone; CPU iPhone OS 9_3_3 like Mac OS X) AppleWebKit/601.1.46 (KHTML, like Gecko) Version/9.0 Mobile/13G34 Safari/601.1"
91.141.3.121 - - [27/Jul/2017:08:09:14 +0200] "GET /javascript/mobile-fahrschule.js HTTP/1.1" 200 328 "http://www.easydrivers.at/steyr" "Mozilla/5.0 (iPhone; CPU iPhone OS 9_3_3 like Mac OS X) AppleWebKit/601.1.46 (KHTML, like Gecko) Version/9.0 Mobile/13G34 Safari/601.1"
91.141.3.121 - - [27/Jul/2017:08:09:14 +0200] "GET /img/mobile/info-close-button.png HTTP/1.1" 200 1721 "http://www.easydrivers.at/steyr" "Mozilla/5.0 (iPhone; CPU iPhone OS 9_3_3 like Mac OS X) AppleWebKit/601.1.46 (KHTML, like Gecko) Version/9.0 Mobile/13G34 Safari/601.1"
91.141.3.121 - - [27/Jul/2017:08:09:14 +0200] "GET /img/smallicon-time.png HTTP/1.1" 200 1262 "http://www.easydrivers.at/steyr" "Mozilla/5.0 (iPhone; CPU iPhone OS 9_3_3 like Mac OS X) AppleWebKit/601.1.46 (KHTML, like Gecko) Version/9.0 Mobile/13G34 Safari/601.1"
91.141.3.121 - - [27/Jul/2017:08:09:14 +0200] "GET /img/mobile/facebook-icon.png HTTP/1.1" 200 1902 "http://www.easydrivers.at/steyr" "Mozilla/5.0 (iPhone; CPU iPhone OS 9_3_3 like Mac OS X) AppleWebKit/601.1.46 (KHTML, like Gecko) Version/9.0 Mobile/13G34 Safari/601.1"
91.141.3.121 - - [27/Jul/2017:08:09:14 +0200] "GET /img/smallicon-address.png HTTP/1.1" 200 1211 "http://www.easydrivers.at/steyr" "Mozilla/5.0 (iPhone; CPU iPhone OS 9_3_3 like Mac OS X) AppleWebKit/601.1.46 (KHTML, like Gecko) Version/9.0 Mobile/13G34 Safari/601.1"
91.141.3.121 - - [27/Jul/2017:08:09:14 +0200] "GET /img/mobile/menu-button.png HTTP/1.1" 200 1746 "http://www.easydrivers.at/steyr" "Mozilla/5.0 (iPhone; CPU iPhone OS 9_3_3 like Mac OS X) AppleWebKit/601.1.46 (KHTML, like Gecko) Version/9.0 Mobile/13G34 Safari/601.1"
91.141.3.121 - - [27/Jul/2017:08:09:14 +0200] "GET /img/smallicon-mail.png HTTP/1.1" 200 1341 "http://www.easydrivers.at/steyr" "Mozilla/5.0 (iPhone; CPU iPhone OS 9_3_3 like Mac OS X) AppleWebKit/601.1.46 (KHTML, like Gecko) Version/9.0 Mobile/13G34 Safari/601.1"
91.141.3.121 - - [27/Jul/2017:08:09:14 +0200] "GET /img/mobile/googlemaps-pin.png HTTP/1.1" 200 1597 "http://www.easydrivers.at/steyr" "Mozilla/5.0 (iPhone; CPU iPhone OS 9_3_3 like Mac OS X) AppleWebKit/601.1.46 (KHTML, like Gecko) Version/9.0 Mobile/13G34 Safari/601.1"
91.141.3.121 - - [27/Jul/2017:08:09:14 +0200] "GET /img/mobile/info-button.png HTTP/1.1" 200 1549 "http://www.easydrivers.at/steyr" "Mozilla/5.0 (iPhone; CPU iPhone OS 9_3_3 like Mac OS X) AppleWebKit/601.1.46 (KHTML, like Gecko) Version/9.0 Mobile/13G34 Safari/601.1"
91.141.3.121 - - [27/Jul/2017:08:09:14 +0200] "GET /img/mobile/widget-icon-app.png HTTP/1.1" 200 3458 "http://www.easydrivers.at/steyr" "Mozilla/5.0 (iPhone; CPU iPhone OS 9_3_3 like Mac OS X) AppleWebKit/601.1.46 (KHTML, like Gecko) Version/9.0 Mobile/13G34 Safari/601.1"
91.141.3.121 - - [27/Jul/2017:08:09:14 +0200] "GET /img/mobile/easydrivers-logo-mobile.png HTTP/1.1" 200 10766 "http://www.easydrivers.at/steyr" "Mozilla/5.0 (iPhone; CPU iPhone OS 9_3_3 like Mac OS X) AppleWebKit/601.1.46 (KHTML, like Gecko) Version/9.0 Mobile/13G34 Safari/601.1"
91.141.3.121 - - [27/Jul/2017:08:09:14 +0200] "GET /img/smallicon-person.png HTTP/1.1" 200 1141 "http://www.easydrivers.at/steyr" "Mozilla/5.0 (iPhone; CPU iPhone OS 9_3_3 like Mac OS X) AppleWebKit/601.1.46 (KHTML, like Gecko) Version/9.0 Mobile/13G34 Safari/601.1"
91.141.3.121 - - [27/Jul/2017:08:09:15 +0200] "GET /img/smallicon-phone.png HTTP/1.1" 200 3056 "http://www.easydrivers.at/steyr" "Mozilla/5.0 (iPhone; CPU iPhone OS 9_3_3 like Mac OS X) AppleWebKit/601.1.46 (KHTML, like Gecko) Version/9.0 Mobile/13G34 Safari/601.1"
91.141.3.121 - - [27/Jul/2017:08:09:15 +0200] "GET /img/mobile/close-button.png HTTP/1.1" 200 2411 "http://www.easydrivers.at/steyr" "Mozilla/5.0 (iPhone; CPU iPhone OS 9_3_3 like Mac OS X) AppleWebKit/601.1.46 (KHTML, like Gecko) Version/9.0 Mobile/13G34 Safari/601.1"
91.141.3.121 - - [27/Jul/2017:08:09:15 +0200] "GET /img/mobile/pfeil-rechts.png HTTP/1.1" 200 1228 "http://www.easydrivers.at/steyr" "Mozilla/5.0 (iPhone; CPU iPhone OS 9_3_3 like Mac OS X) AppleWebKit/601.1.46 (KHTML, like Gecko) Version/9.0 Mobile/13G34 Safari/601.1"
91.141.3.121 - - [27/Jul/2017:08:09:15 +0200] "GET /img/mobile/bg-header.jpg HTTP/1.1" 200 19741 "http://www.easydrivers.at/steyr" "Mozilla/5.0 (iPhone; CPU iPhone OS 9_3_3 like Mac OS X) AppleWebKit/601.1.46 (KHTML, like Gecko) Version/9.0 Mobile/13G34 Safari/601.1"
91.141.3.121 - - [27/Jul/2017:08:09:15 +0200] "GET /img/mobile/bg-menu.jpg HTTP/1.1" 200 1698 "http://www.easydrivers.at/steyr" "Mozilla/5.0 (iPhone; CPU iPhone OS 9_3_3 like Mac OS X) AppleWebKit/601.1.46 (KHTML, like Gecko) Version/9.0 Mobile/13G34 Safari/601.1"
91.141.3.121 - - [27/Jul/2017:08:09:15 +0200] "GET /img/mobile/bg-top-section.jpg HTTP/1.1" 200 21711 "http://www.easydrivers.at/steyr" "Mozilla/5.0 (iPhone; CPU iPhone OS 9_3_3 like Mac OS X) AppleWebKit/601.1.46 (KHTML, like Gecko) Version/9.0 Mobile/13G34 Safari/601.1"
133.130.58.99 - - [27/Jul/2017:08:09:13 +0200] "GET /jennersdorf/Inhaberdaten HTTP/1.1" 200 3689 "-" "Mozilla/5.0 (Macintosh; Intel Mac OS X 10_10_3) AppleWebKit/537.36 (KHTML, like Gecko) Chrome/42.0.2311.90 Safari/537.36"
91.141.3.121 - - [27/Jul/2017:08:09:26 +0200] "GET /steyr/Inhaberdaten HTTP/1.1" 200 3338 "http://www.easydrivers.at/steyr" "Mozilla/5.0 (iPhone; CPU iPhone OS 9_3_3 like Mac OS X) AppleWebKit/601.1.46 (KHTML, like Gecko) Version/9.0 Mobile/13G34 Safari/601.1"
217.13.180.202 - - [27/Jul/2017:08:09:26 +0200] "GET /tulln HTTP/1.1" 200 3599 "http://www.easydrivers.at/tulln/kurse" "Mozilla/5.0 (Windows NT 6.1; WOW64; Trident/7.0; rv:11.0) like Gecko"
133.130.58.99 - - [27/Jul/2017:08:09:28 +0200] "GET /zwettl/Inhaberdaten HTTP/1.1" 200 3695 "-" "Mozilla/5.0 (Macintosh; Intel Mac OS X 10_10_3) AppleWebKit/537.36 (KHTML, like Gecko) Chrome/42.0.2311.90 Safari/537.36"
213.225.0.5 - - [27/Jul/2017:08:09:30 +0200] "GET /fuehrerscheine/motorrad/C111 HTTP/1.1" 200 2828 "https://www.google.at/" "Mozilla/5.0 (Linux; Android 7.0; SAMSUNG SM-G920F Build/NRD90M) AppleWebKit/537.36 (KHTML, like Gecko) SamsungBrowser/5.4 Chrome/51.0.2704.106 Mobile Safari/537.36"
213.225.0.5 - - [27/Jul/2017:08:09:31 +0200] "GET /css/mobile.css HTTP/1.1" 200 2852 "http://www.easydrivers.at/fuehrerscheine/motorrad/C111" "Mozilla/5.0 (Linux; Android 7.0; SAMSUNG SM-G920F Build/NRD90M) AppleWebKit/537.36 (KHTML, like Gecko) SamsungBrowser/5.4 Chrome/51.0.2704.106 Mobile Safari/537.36"
213.225.0.5 - - [27/Jul/2017:08:09:31 +0200] "GET /javascript/jquery.cookie.js HTTP/1.1" 200 863 "http://www.easydrivers.at/fuehrerscheine/motorrad/C111" "Mozilla/5.0 (Linux; Android 7.0; SAMSUNG SM-G920F Build/NRD90M) AppleWebKit/537.36 (KHTML, like Gecko) SamsungBrowser/5.4 Chrome/51.0.2704.106 Mobile Safari/537.36"
213.225.0.5 - - [27/Jul/2017:08:09:31 +0200] "GET /javascript/mobile-menu.js HTTP/1.1" 200 1634 "http://www.easydrivers.at/fuehrerscheine/motorrad/C111" "Mozilla/5.0 (Linux; Android 7.0; SAMSUNG SM-G920F Build/NRD90M) AppleWebKit/537.36 (KHTML, like Gecko) SamsungBrowser/5.4 Chrome/51.0.2704.106 Mobile Safari/537.36"
213.225.0.5 - - [27/Jul/2017:08:09:31 +0200] "GET /javascript/jquery-1.9.1.min.js HTTP/1.1" 200 32731 "http://www.easydrivers.at/fuehrerscheine/motorrad/C111" "Mozilla/5.0 (Linux; Android 7.0; SAMSUNG SM-G920F Build/NRD90M) AppleWebKit/537.36 (KHTML, like Gecko) SamsungBrowser/5.4 Chrome/51.0.2704.106 Mobile Safari/537.36"
213.225.0.5 - - [27/Jul/2017:08:09:31 +0200] "GET /javascript/jquery.simplemodal.js HTTP/1.1" 200 3070 "http://www.easydrivers.at/fuehrerscheine/motorrad/C111" "Mozilla/5.0 (Linux; Android 7.0; SAMSUNG SM-G920F Build/NRD90M) AppleWebKit/537.36 (KHTML, like Gecko) SamsungBrowser/5.4 Chrome/51.0.2704.106 Mobile Safari/537.36"
213.225.0.5 - - [27/Jul/2017:08:09:31 +0200] "GET /javascript/lazyload.js HTTP/1.1" 200 1170 "http://www.easydrivers.at/fuehrerscheine/motorrad/C111" "Mozilla/5.0 (Linux; Android 7.0; SAMSUNG SM-G920F Build/NRD90M) AppleWebKit/537.36 (KHTML, like Gecko) SamsungBrowser/5.4 Chrome/51.0.2704.106 Mobile Safari/537.36"
213.225.0.5 - - [27/Jul/2017:08:09:31 +0200] "GET /img/mobile/easydrivers-logo-mobile.png HTTP/1.1" 200 10766 "http://www.easydrivers.at/fuehrerscheine/motorrad/C111" "Mozilla/5.0 (Linux; Android 7.0; SAMSUNG SM-G920F Build/NRD90M) AppleWebKit/537.36 (KHTML, like Gecko) SamsungBrowser/5.4 Chrome/51.0.2704.106 Mobile Safari/537.36"
213.225.0.5 - - [27/Jul/2017:08:09:31 +0200] "GET /img/mobile/menu-button.png HTTP/1.1" 200 1746 "http://www.easydrivers.at/fuehrerscheine/motorrad/C111" "Mozilla/5.0 (Linux; Android 7.0; SAMSUNG SM-G920F Build/NRD90M) AppleWebKit/537.36 (KHTML, like Gecko) SamsungBrowser/5.4 Chrome/51.0.2704.106 Mobile Safari/537.36"
213.225.0.5 - - [27/Jul/2017:08:09:31 +0200] "GET /img/mobile/close-button.png HTTP/1.1" 200 2411 "http://www.easydrivers.at/fuehrerscheine/motorrad/C111" "Mozilla/5.0 (Linux; Android 7.0; SAMSUNG SM-G920F Build/NRD90M) AppleWebKit/537.36 (KHTML, like Gecko) SamsungBrowser/5.4 Chrome/51.0.2704.106 Mobile Safari/537.36"
213.225.0.5 - - [27/Jul/2017:08:09:31 +0200] "GET /img/mobile/facebook-icon.png HTTP/1.1" 200 1902 "http://www.easydrivers.at/fuehrerscheine/motorrad/C111" "Mozilla/5.0 (Linux; Android 7.0; SAMSUNG SM-G920F Build/NRD90M) AppleWebKit/537.36 (KHTML, like Gecko) SamsungBrowser/5.4 Chrome/51.0.2704.106 Mobile Safari/537.36"
213.225.0.5 - - [27/Jul/2017:08:09:32 +0200] "GET /img/mobile/bg-header.jpg HTTP/1.1" 200 19741 "http://www.easydrivers.at/css/mobile.css" "Mozilla/5.0 (Linux; Android 7.0; SAMSUNG SM-G920F Build/NRD90M) AppleWebKit/537.36 (KHTML, like Gecko) SamsungBrowser/5.4 Chrome/51.0.2704.106 Mobile Safari/537.36"
213.225.0.5 - - [27/Jul/2017:08:09:32 +0200] "GET /img/mobile/bg-menu.jpg HTTP/1.1" 200 1698 "http://www.easydrivers.at/css/mobile.css" "Mozilla/5.0 (Linux; Android 7.0; SAMSUNG SM-G920F Build/NRD90M) AppleWebKit/537.36 (KHTML, like Gecko) SamsungBrowser/5.4 Chrome/51.0.2704.106 Mobile Safari/537.36"
213.225.0.5 - - [27/Jul/2017:08:09:32 +0200] "GET /img/mobile/pfeil-links-small.png HTTP/1.1" 200 1065 "http://www.easydrivers.at/css/mobile.css" "Mozilla/5.0 (Linux; Android 7.0; SAMSUNG SM-G920F Build/NRD90M) AppleWebKit/537.36 (KHTML, like Gecko) SamsungBrowser/5.4 Chrome/51.0.2704.106 Mobile Safari/537.36"
213.225.0.5 - - [27/Jul/2017:08:09:32 +0200] "GET /img/mobile/bg-yellow.jpg HTTP/1.1" 200 1569 "http://www.easydrivers.at/css/mobile.css" "Mozilla/5.0 (Linux; Android 7.0; SAMSUNG SM-G920F Build/NRD90M) AppleWebKit/537.36 (KHTML, like Gecko) SamsungBrowser/5.4 Chrome/51.0.2704.106 Mobile Safari/537.36"
213.225.0.5 - - [27/Jul/2017:08:09:32 +0200] "GET /img/mobile/pfeil-rechts-small.png HTTP/1.1" 200 1056 "http://www.easydrivers.at/css/mobile.css" "Mozilla/5.0 (Linux; Android 7.0; SAMSUNG SM-G920F Build/NRD90M) AppleWebKit/537.36 (KHTML, like Gecko) SamsungBrowser/5.4 Chrome/51.0.2704.106 Mobile Safari/537.36"
213.225.0.5 - - [27/Jul/2017:08:09:32 +0200] "GET /img/favicon.ico HTTP/1.1" 404 300 "http://www.easydrivers.at/fuehrerscheine/motorrad/C111" "Mozilla/5.0 (Linux; Android 7.0; SAMSUNG SM-G920F Build/NRD90M) AppleWebKit/537.36 (KHTML, like Gecko) SamsungBrowser/5.4 Chrome/51.0.2704.106 Mobile Safari/537.36"
217.13.180.202 - - [27/Jul/2017:08:09:38 +0200] "GET /ueberuns HTTP/1.1" 200 3256 "http://www.easydrivers.at/tulln" "Mozilla/5.0 (Windows NT 6.1; WOW64; Trident/7.0; rv:11.0) like Gecko"
217.13.180.202 - - [27/Jul/2017:08:09:40 +0200] "GET /binaries/easy-drivers-portal/edwebhistoryillu392x3923jpg.jpg HTTP/1.1" 200 54656 "http://www.easydrivers.at/ueberuns" "Mozilla/5.0 (Windows NT 6.1; WOW64; Trident/7.0; rv:11.0) like Gecko"
217.13.180.202 - - [27/Jul/2017:08:09:40 +0200] "GET /javascript/history.js HTTP/1.1" 200 967 "http://www.easydrivers.at/ueberuns" "Mozilla/5.0 (Windows NT 6.1; WOW64; Trident/7.0; rv:11.0) like Gecko"
217.13.180.202 - - [27/Jul/2017:08:09:40 +0200] "GET /binaries/easy-drivers-portal/edwebhistoryillu392x3924jpg.jpg HTTP/1.1" 200 35765 "http://www.easydrivers.at/ueberuns" "Mozilla/5.0 (Windows NT 6.1; WOW64; Trident/7.0; rv:11.0) like Gecko"
217.13.180.202 - - [27/Jul/2017:08:09:40 +0200] "GET /binaries/easy-drivers-portal/edwebhistoryillu392x3925jpg.jpg HTTP/1.1" 200 31708 "http://www.easydrivers.at/ueberuns" "Mozilla/5.0 (Windows NT 6.1; WOW64; Trident/7.0; rv:11.0) like Gecko"
217.13.180.202 - - [27/Jul/2017:08:09:40 +0200] "GET /binaries/easy-drivers-portal/edwebhistoryillu392x3922jpg.jpg HTTP/1.1" 200 32209 "http://www.easydrivers.at/ueberuns" "Mozilla/5.0 (Windows NT 6.1; WOW64; Trident/7.0; rv:11.0) like Gecko"
217.13.180.202 - - [27/Jul/2017:08:09:40 +0200] "GET /css/history.css HTTP/1.1" 200 609 "http://www.easydrivers.at/ueberuns" "Mozilla/5.0 (Windows NT 6.1; WOW64; Trident/7.0; rv:11.0) like Gecko"
217.13.180.202 - - [27/Jul/2017:08:09:40 +0200] "GET /binaries/easy-drivers-portal/edwebhistoryillu392x3926jpg.jpg HTTP/1.1" 200 41118 "http://www.easydrivers.at/ueberuns" "Mozilla/5.0 (Windows NT 6.1; WOW64; Trident/7.0; rv:11.0) like Gecko"
217.13.180.202 - - [27/Jul/2017:08:09:40 +0200] "GET /binaries/easy-drivers-portal/edwebhistoryillu392x3927jpg.jpg HTTP/1.1" 200 71377 "http://www.easydrivers.at/ueberuns" "Mozilla/5.0 (Windows NT 6.1; WOW64; Trident/7.0; rv:11.0) like Gecko"
217.13.180.202 - - [27/Jul/2017:08:09:40 +0200] "GET /binaries/easy-drivers-portal/edwebhistoryillu392x3929jpg.jpg HTTP/1.1" 200 31823 "http://www.easydrivers.at/ueberuns" "Mozilla/5.0 (Windows NT 6.1; WOW64; Trident/7.0; rv:11.0) like Gecko"
217.13.180.202 - - [27/Jul/2017:08:09:40 +0200] "GET /binaries/easy-drivers-portal/edwebhistoryillu392x39211jpg.jpg HTTP/1.1" 200 36282 "http://www.easydrivers.at/ueberuns" "Mozilla/5.0 (Windows NT 6.1; WOW64; Trident/7.0; rv:11.0) like Gecko"
217.13.180.202 - - [27/Jul/2017:08:09:40 +0200] "GET /binaries/easy-drivers-portal/edwebhistoryillu392x3928jpg.jpg HTTP/1.1" 200 38907 "http://www.easydrivers.at/ueberuns" "Mozilla/5.0 (Windows NT 6.1; WOW64; Trident/7.0; rv:11.0) like Gecko"
217.13.180.202 - - [27/Jul/2017:08:09:40 +0200] "GET /binaries/easy-drivers-portal/edwebhistoryillu392x39210jpg.jpg HTTP/1.1" 200 19475 "http://www.easydrivers.at/ueberuns" "Mozilla/5.0 (Windows NT 6.1; WOW64; Trident/7.0; rv:11.0) like Gecko"
217.13.180.202 - - [27/Jul/2017:08:09:40 +0200] "GET /binaries/easy-drivers-portal/edwebhistoryillu392x39220kpng.png HTTP/1.1" 200 49333 "http://www.easydrivers.at/ueberuns" "Mozilla/5.0 (Windows NT 6.1; WOW64; Trident/7.0; rv:11.0) like Gecko"
217.13.180.202 - - [27/Jul/2017:08:09:40 +0200] "GET /binaries/easy-drivers-portal/edwebhistoryillu392x392radjpg.jpg HTTP/1.1" 200 124939 "http://www.easydrivers.at/ueberuns" "Mozilla/5.0 (Windows NT 6.1; WOW64; Trident/7.0; rv:11.0) like Gecko"
133.130.58.99 - - [27/Jul/2017:08:09:44 +0200] "GET /ennstal.schladming/kurse HTTP/1.1" 200 4148 "-" "Mozilla/5.0 (Macintosh; Intel Mac OS X 10_10_3) AppleWebKit/537.36 (KHTML, like Gecko) Chrome/42.0.2311.90 Safari/537.36"
91.141.3.121 - - [27/Jul/2017:08:09:45 +0200] "GET /fahrschulen HTTP/1.1" 200 2459 "http://www.easydrivers.at/steyr/Inhaberdaten" "Mozilla/5.0 (iPhone; CPU iPhone OS 9_3_3 like Mac OS X) AppleWebKit/601.1.46 (KHTML, like Gecko) Version/9.0 Mobile/13G34 Safari/601.1"
91.141.3.121 - - [27/Jul/2017:08:09:47 +0200] "GET /javascript/mobile-fahrschulen.js HTTP/1.1" 200 404 "http://www.easydrivers.at/fahrschulen" "Mozilla/5.0 (iPhone; CPU iPhone OS 9_3_3 like Mac OS X) AppleWebKit/601.1.46 (KHTML, like Gecko) Version/9.0 Mobile/13G34 Safari/601.1"
91.141.3.121 - - [27/Jul/2017:08:09:47 +0200] "GET /img/mobile/pfeil-rechts-small.png HTTP/1.1" 200 1056 "http://www.easydrivers.at/fahrschulen" "Mozilla/5.0 (iPhone; CPU iPhone OS 9_3_3 like Mac OS X) AppleWebKit/601.1.46 (KHTML, like Gecko) Version/9.0 Mobile/13G34 Safari/601.1"
91.141.3.121 - - [27/Jul/2017:08:09:57 +0200] "GET /fuehrerscheine/auto HTTP/1.1" 200 5440 "-" "Mozilla/5.0 (iPhone; CPU iPhone OS 9_3_3 like Mac OS X) AppleWebKit/601.1.46 (KHTML, like Gecko) Version/9.0 Mobile/13G34 Safari/601.1"
133.130.58.99 - - [27/Jul/2017:08:09:58 +0200] "GET /fuehrerscheine/motorrad/C111 HTTP/1.1" 200 3635 "-" "Mozilla/5.0 (Macintosh; Intel Mac OS X 10_10_3) AppleWebKit/537.36 (KHTML, like Gecko) Chrome/42.0.2311.90 Safari/537.36"
91.141.3.121 - - [27/Jul/2017:08:09:58 +0200] "GET /fuehrerscheine/auto HTTP/1.1" 200 5440 "http://www.easydrivers.at/fahrschulen" "Mozilla/5.0 (iPhone; CPU iPhone OS 9_3_3 like Mac OS X) AppleWebKit/601.1.46 (KHTML, like Gecko) Version/9.0 Mobile/13G34 Safari/601.1"
91.141.3.121 - - [27/Jul/2017:08:10:00 +0200] "GET /javascript/mobile-license.js HTTP/1.1" 200 216 "http://www.easydrivers.at/fuehrerscheine/auto" "Mozilla/5.0 (iPhone; CPU iPhone OS 9_3_3 like Mac OS X) AppleWebKit/601.1.46 (KHTML, like Gecko) Version/9.0 Mobile/13G34 Safari/601.1"
91.141.3.121 - - [27/Jul/2017:08:10:00 +0200] "GET /img/mobile/weiter-button.png HTTP/1.1" 200 1670 "http://www.easydrivers.at/fuehrerscheine/auto" "Mozilla/5.0 (iPhone; CPU iPhone OS 9_3_3 like Mac OS X) AppleWebKit/601.1.46 (KHTML, like Gecko) Version/9.0 Mobile/13G34 Safari/601.1"
91.141.3.121 - - [27/Jul/2017:08:10:00 +0200] "GET /img/mobile/bg-yellow.jpg HTTP/1.1" 200 1569 "http://www.easydrivers.at/fuehrerscheine/auto" "Mozilla/5.0 (iPhone; CPU iPhone OS 9_3_3 like Mac OS X) AppleWebKit/601.1.46 (KHTML, like Gecko) Version/9.0 Mobile/13G34 Safari/601.1"
217.13.180.202 - - [27/Jul/2017:08:10:09 +0200] "GET /fahrschulen HTTP/1.1" 200 3923 "http://www.easydrivers.at/ueberuns" "Mozilla/5.0 (Windows NT 6.1; WOW64; Trident/7.0; rv:11.0) like Gecko"
217.13.180.202 - - [27/Jul/2017:08:10:10 +0200] "GET /img/austria-map-burgenland.png HTTP/1.1" 200 10146 "http://www.easydrivers.at/fahrschulen" "Mozilla/5.0 (Windows NT 6.1; WOW64; Trident/7.0; rv:11.0) like Gecko"
217.13.180.202 - - [27/Jul/2017:08:10:10 +0200] "GET /img/austria-map-salzburg.png HTTP/1.1" 200 13786 "http://www.easydrivers.at/fahrschulen" "Mozilla/5.0 (Windows NT 6.1; WOW64; Trident/7.0; rv:11.0) like Gecko"
217.13.180.202 - - [27/Jul/2017:08:10:10 +0200] "GET /img/austria-map-noe.png HTTP/1.1" 200 17166 "http://www.easydrivers.at/fahrschulen" "Mozilla/5.0 (Windows NT 6.1; WOW64; Trident/7.0; rv:11.0) like Gecko"
217.13.180.202 - - [27/Jul/2017:08:10:10 +0200] "GET /img/austria-map-kaernten.png HTTP/1.1" 200 9968 "http://www.easydrivers.at/fahrschulen" "Mozilla/5.0 (Windows NT 6.1; WOW64; Trident/7.0; rv:11.0) like Gecko"
217.13.180.202 - - [27/Jul/2017:08:10:10 +0200] "GET /img/austria-map-tirol.png HTTP/1.1" 200 13911 "http://www.easydrivers.at/fahrschulen" "Mozilla/5.0 (Windows NT 6.1; WOW64; Trident/7.0; rv:11.0) like Gecko"
217.13.180.202 - - [27/Jul/2017:08:10:10 +0200] "GET /img/austria-map-vorarlberg.png HTTP/1.1" 200 5780 "http://www.easydrivers.at/fahrschulen" "Mozilla/5.0 (Windows NT 6.1; WOW64; Trident/7.0; rv:11.0) like Gecko"
217.13.180.202 - - [27/Jul/2017:08:10:10 +0200] "GET /javascript/fahrschulen.js HTTP/1.1" 200 470 "http://www.easydrivers.at/fahrschulen" "Mozilla/5.0 (Windows NT 6.1; WOW64; Trident/7.0; rv:11.0) like Gecko"
217.13.180.202 - - [27/Jul/2017:08:10:10 +0200] "GET /img/austria-map-ooe.png HTTP/1.1" 200 14597 "http://www.easydrivers.at/fahrschulen" "Mozilla/5.0 (Windows NT 6.1; WOW64; Trident/7.0; rv:11.0) like Gecko"
217.13.180.202 - - [27/Jul/2017:08:10:10 +0200] "GET /img/austria-map-steiermark.png HTTP/1.1" 200 14192 "http://www.easydrivers.at/fahrschulen" "Mozilla/5.0 (Windows NT 6.1; WOW64; Trident/7.0; rv:11.0) like Gecko"
217.13.180.202 - - [27/Jul/2017:08:10:10 +0200] "GET /img/austria-map-wien.png HTTP/1.1" 200 2864 "http://www.easydrivers.at/fahrschulen" "Mozilla/5.0 (Windows NT 6.1; WOW64; Trident/7.0; rv:11.0) like Gecko"
217.13.180.202 - - [27/Jul/2017:08:10:10 +0200] "GET /img/submit-button-small.png HTTP/1.1" 200 1456 "http://www.easydrivers.at/fahrschulen" "Mozilla/5.0 (Windows NT 6.1; WOW64; Trident/7.0; rv:11.0) like Gecko"
217.13.180.202 - - [27/Jul/2017:08:10:10 +0200] "GET /img/austria-map.jpg HTTP/1.1" 200 57110 "http://www.easydrivers.at/fahrschulen" "Mozilla/5.0 (Windows NT 6.1; WOW64; Trident/7.0; rv:11.0) like Gecko"
133.130.58.99 - - [27/Jul/2017:08:10:13 +0200] "GET /zwettl/10253213 HTTP/1.1" 200 3122 "-" "Mozilla/5.0 (Macintosh; Intel Mac OS X 10_10_3) AppleWebKit/537.36 (KHTML, like Gecko) Chrome/42.0.2311.90 Safari/537.36"
217.13.180.202 - - [27/Jul/2017:08:10:17 +0200] "POST /fahrschulen/3430 HTTP/1.1" 200 3175 "http://www.easydrivers.at/fahrschulen" "Mozilla/5.0 (Windows NT 6.1; WOW64; Trident/7.0; rv:11.0) like Gecko"
217.13.180.202 - - [27/Jul/2017:08:10:19 +0200] "GET /img/smallicon-address.png HTTP/1.1" 200 1211 "http://www.easydrivers.at/fahrschulen/3430" "Mozilla/5.0 (Windows NT 6.1; WOW64; Trident/7.0; rv:11.0) like Gecko"
217.13.180.202 - - [27/Jul/2017:08:10:19 +0200] "GET /img/smallicon-time.png HTTP/1.1" 200 1262 "http://www.easydrivers.at/fahrschulen/3430" "Mozilla/5.0 (Windows NT 6.1; WOW64; Trident/7.0; rv:11.0) like Gecko"
217.13.180.202 - - [27/Jul/2017:08:10:19 +0200] "GET /img/smallicon-phone.png HTTP/1.1" 200 3056 "http://www.easydrivers.at/fahrschulen/3430" "Mozilla/5.0 (Windows NT 6.1; WOW64; Trident/7.0; rv:11.0) like Gecko"
217.13.180.202 - - [27/Jul/2017:08:10:19 +0200] "GET /img/smallicon-mail.png HTTP/1.1" 200 1341 "http://www.easydrivers.at/fahrschulen/3430" "Mozilla/5.0 (Windows NT 6.1; WOW64; Trident/7.0; rv:11.0) like Gecko"
91.141.3.121 - - [27/Jul/2017:08:10:24 +0200] "GET /img/mobile/pfeil-links-small.png HTTP/1.1" 200 1065 "http://www.easydrivers.at/fuehrerscheine/auto" "Mozilla/5.0 (iPhone; CPU iPhone OS 9_3_3 like Mac OS X) AppleWebKit/601.1.46 (KHTML, like Gecko) Version/9.0 Mobile/13G34 Safari/601.1"
217.13.180.202 - - [27/Jul/2017:08:10:25 +0200] "GET /tulln HTTP/1.1" 200 3599 "http://www.easydrivers.at/fahrschulen/3430" "Mozilla/5.0 (Windows NT 6.1; WOW64; Trident/7.0; rv:11.0) like Gecko"
133.130.58.99 - - [27/Jul/2017:08:10:28 +0200] "GET /fuehrerscheine/motorrad/A1L17 HTTP/1.1" 200 4559 "-" "Mozilla/5.0 (Macintosh; Intel Mac OS X 10_10_3) AppleWebKit/537.36 (KHTML, like Gecko) Chrome/42.0.2311.90 Safari/537.36"
217.13.180.202 - - [27/Jul/2017:08:10:34 +0200] "POST /tulln/kursauswahl HTTP/1.1" 200 4317 "http://www.easydrivers.at/tulln" "Mozilla/5.0 (Windows NT 6.1; WOW64; Trident/7.0; rv:11.0) like Gecko"
217.13.180.202 - - [27/Jul/2017:08:10:37 +0200] "GET /binaries/easy-drivers-portal/motorrad6jpg.jpg HTTP/1.1" 200 83216 "http://www.easydrivers.at/tulln/kursauswahl" "Mozilla/5.0 (Windows NT 6.1; WOW64; Trident/7.0; rv:11.0) like Gecko"
40.77.167.128 - - [27/Jul/2017:08:10:38 +0200] "GET /schwechat/10280260?FS=A1 HTTP/1.1" 410 3509 "-" "Mozilla/5.0 (compatible; bingbot/2.0; +http://www.bing.com/bingbot.htm)"
217.13.180.202 - - [27/Jul/2017:08:10:42 +0200] "POST /loadkursliste HTTP/1.1" 200 952 "http://www.easydrivers.at/tulln/kursauswahl" "Mozilla/5.0 (Windows NT 6.1; WOW64; Trident/7.0; rv:11.0) like Gecko"
133.130.58.99 - - [27/Jul/2017:08:10:43 +0200] "GET /klagenfurt/kurse HTTP/1.1" 200 4155 "-" "Mozilla/5.0 (Macintosh; Intel Mac OS X 10_10_3) AppleWebKit/537.36 (KHTML, like Gecko) Chrome/42.0.2311.90 Safari/537.36"
217.13.180.202 - - [27/Jul/2017:08:10:47 +0200] "GET /tulln/kursauswahltulln/Intensivkurs_8Kurstage_Abendkurs_Juli_2017?FS=B-L&print=true HTTP/1.1" 200 5931 "-" "Mozilla/5.0 (Windows NT 6.1; WOW64; Trident/7.0; rv:11.0) like Gecko"
217.13.180.202 - - [27/Jul/2017:08:10:49 +0200] "GET /javascript/suche.js HTTP/1.1" 200 209 "http://www.easydrivers.at/tulln/kursauswahltulln/Intensivkurs_8Kurstage_Abendkurs_Juli_2017?FS=B-L&print=true" "Mozilla/5.0 (Windows NT 6.1; WOW64; Trident/7.0; rv:11.0) like Gecko"
217.13.180.202 - - [27/Jul/2017:08:10:49 +0200] "GET /binaries/easy-drivers-portal/pkw8jpg-1.jpg HTTP/1.1" 200 77231 "http://www.easydrivers.at/tulln/kursauswahltulln/Intensivkurs_8Kurstage_Abendkurs_Juli_2017?FS=B-L&print=true" "Mozilla/5.0 (Windows NT 6.1; WOW64; Trident/7.0; rv:11.0) like Gecko"
217.13.180.202 - - [27/Jul/2017:08:10:49 +0200] "GET /css/fonts/AntennaCond-Black.eot? HTTP/1.1" 200 42736 "http://www.easydrivers.at/tulln/kursauswahltulln/Intensivkurs_8Kurstage_Abendkurs_Juli_2017?FS=B-L&print=true" "Mozilla/5.0 (Windows NT 6.1; WOW64; Trident/7.0; rv:11.0) like Gecko"
217.13.180.202 - - [27/Jul/2017:08:10:49 +0200] "GET /img/arrow-up.png HTTP/1.1" 200 1081 "http://www.easydrivers.at/tulln/kursauswahltulln/Intensivkurs_8Kurstage_Abendkurs_Juli_2017?FS=B-L&print=true" "Mozilla/5.0 (Windows NT 6.1; WOW64; Trident/7.0; rv:11.0) like Gecko"
217.13.180.202 - - [27/Jul/2017:08:10:49 +0200] "GET /img/smallicon-fax-wbg.png HTTP/1.1" 200 463 "http://www.easydrivers.at/tulln/kursauswahltulln/Intensivkurs_8Kurstage_Abendkurs_Juli_2017?FS=B-L&print=true" "Mozilla/5.0 (Windows NT 6.1; WOW64; Trident/7.0; rv:11.0) like Gecko"
217.13.180.202 - - [27/Jul/2017:08:10:49 +0200] "GET /img/smallicon-phone-wbg.png HTTP/1.1" 200 430 "http://www.easydrivers.at/tulln/kursauswahltulln/Intensivkurs_8Kurstage_Abendkurs_Juli_2017?FS=B-L&print=true" "Mozilla/5.0 (Windows NT 6.1; WOW64; Trident/7.0; rv:11.0) like Gecko"
217.13.180.202 - - [27/Jul/2017:08:10:49 +0200] "GET /img/smallicon-address-wbg.png HTTP/1.1" 200 542 "http://www.easydrivers.at/tulln/kursauswahltulln/Intensivkurs_8Kurstage_Abendkurs_Juli_2017?FS=B-L&print=true" "Mozilla/5.0 (Windows NT 6.1; WOW64; Trident/7.0; rv:11.0) like Gecko"
217.13.180.202 - - [27/Jul/2017:08:10:49 +0200] "GET /img/smallicon-mail-wbg.png HTTP/1.1" 200 487 "http://www.easydrivers.at/tulln/kursauswahltulln/Intensivkurs_8Kurstage_Abendkurs_Juli_2017?FS=B-L&print=true" "Mozilla/5.0 (Windows NT 6.1; WOW64; Trident/7.0; rv:11.0) like Gecko"
217.13.180.202 - - [27/Jul/2017:08:10:49 +0200] "GET /img/smallicon-time-wbg.png HTTP/1.1" 200 526 "http://www.easydrivers.at/tulln/kursauswahltulln/Intensivkurs_8Kurstage_Abendkurs_Juli_2017?FS=B-L&print=true" "Mozilla/5.0 (Windows NT 6.1; WOW64; Trident/7.0; rv:11.0) like Gecko"
217.13.180.202 - - [27/Jul/2017:08:10:49 +0200] "GET /img/smallicon-person-wbg.png HTTP/1.1" 200 452 "http://www.easydrivers.at/tulln/kursauswahltulln/Intensivkurs_8Kurstage_Abendkurs_Juli_2017?FS=B-L&print=true" "Mozilla/5.0 (Windows NT 6.1; WOW64; Trident/7.0; rv:11.0) like Gecko"
217.13.180.202 - - [27/Jul/2017:08:10:49 +0200] "GET /css/fonts/AntennaCond-Black.ttf HTTP/1.1" 200 42476 "http://www.easydrivers.at/tulln/kursauswahltulln/Intensivkurs_8Kurstage_Abendkurs_Juli_2017?FS=B-L&print=true" "Mozilla/5.0 (Windows NT 6.1; WOW64; Trident/7.0; rv:11.0) like Gecko"
217.13.180.202 - - [27/Jul/2017:08:10:49 +0200] "GET /css/fonts/AntennaCond-Black.woff HTTP/1.1" 200 18444 "http://www.easydrivers.at/tulln/kursauswahltulln/Intensivkurs_8Kurstage_Abendkurs_Juli_2017?FS=B-L&print=true" "Mozilla/5.0 (Windows NT 6.1; WOW64; Trident/7.0; rv:11.0) like Gecko"
217.13.180.202 - - [27/Jul/2017:08:10:49 +0200] "GET /css/fonts/Arial.ttf HTTP/1.1" 200 773236 "http://www.easydrivers.at/tulln/kursauswahltulln/Intensivkurs_8Kurstage_Abendkurs_Juli_2017?FS=B-L&print=true" "Mozilla/5.0 (Windows NT 6.1; WOW64; Trident/7.0; rv:11.0) like Gecko"
