195.69.193.55 - - [27/Jul/2017:05:32:19 +0200] "GET /img/mobile/smallicon-phone.png HTTP/1.1" 200 1311 "http://www.easydrivers.at/bruck.leitha/10280230?FS=AM-M" "Mozilla/5.0 (Linux; Android 5.1.1; SAMSUNG SM-G388F/G388FXXU1BOL1 Build/LMY48B) AppleWebKit/537.36 (KHTML, like Gecko) SamsungBrowser/3.3 Chrome/38.0.2125.102 Mobile Safari/537.36"
195.69.193.55 - - [27/Jul/2017:05:32:19 +0200] "GET /img/mobile/smallicon-mail.png HTTP/1.1" 200 1335 "http://www.easydrivers.at/bruck.leitha/10280230?FS=AM-M" "Mozilla/5.0 (Linux; Android 5.1.1; SAMSUNG SM-G388F/G388FXXU1BOL1 Build/LMY48B) AppleWebKit/537.36 (KHTML, like Gecko) SamsungBrowser/3.3 Chrome/38.0.2125.102 Mobile Safari/537.36"
195.69.193.55 - - [27/Jul/2017:05:32:19 +0200] "GET /img/mobile/pfeil-rechts-small.png HTTP/1.1" 200 1056 "http://www.easydrivers.at/css/mobile.css" "Mozilla/5.0 (Linux; Android 5.1.1; SAMSUNG SM-G388F/G388FXXU1BOL1 Build/LMY48B) AppleWebKit/537.36 (KHTML, like Gecko) SamsungBrowser/3.3 Chrome/38.0.2125.102 Mobile Safari/537.36"
195.69.193.55 - - [27/Jul/2017:05:32:45 +0200] "GET /bruck.leitha HTTP/1.1" 200 2937 "-" "Mozilla/5.0 (Linux; Android 5.1.1; SAMSUNG SM-G388F/G388FXXU1BOL1 Build/LMY48B) AppleWebKit/537.36 (KHTML, like Gecko) SamsungBrowser/3.3 Chrome/38.0.2125.102 Mobile Safari/537.36"
73.119.185.117 - - [27/Jul/2017:05:33:20 +0200] "GET /wp-login.php HTTP/1.1" 404 8373 "-" "Mozilla/5.0 (Windows NT 6.1; WOW64; rv:40.0) Gecko/20100101 Firefox/40.1"
73.119.185.117 - - [27/Jul/2017:05:33:22 +0200] "GET / HTTP/1.1" 200 15953 "-" "Mozilla/5.0 (Windows NT 6.1; WOW64; rv:40.0) Gecko/20100101 Firefox/40.1"
212.95.8.175 - - [27/Jul/2017:05:34:20 +0200] "GET /amstetten HTTP/1.1" 200 2953 "-" "Mozilla/5.0 (Linux; Android 6.0.1; SAMSUNG SM-J510FN/XXU2AQD2 Build/MMB29M) AppleWebKit/537.36 (KHTML, like Gecko) SamsungBrowser/5.4 Chrome/51.0.2704.106 Mobile Safari/537.36"
212.95.8.175 - - [27/Jul/2017:05:34:23 +0200] "GET /img/favicon.ico HTTP/1.1" 404 300 "http://www.easydrivers.at/amstetten" "Mozilla/5.0 (Linux; Android 6.0.1; SAMSUNG SM-J510FN/XXU2AQD2 Build/MMB29M) AppleWebKit/537.36 (KHTML, like Gecko) SamsungBrowser/5.4 Chrome/51.0.2704.106 Mobile Safari/537.36"
195.69.193.55 - - [27/Jul/2017:05:34:22 +0200] "GET / HTTP/1.1" 200 3563 "-" "Mozilla/5.0 (Linux; Android 5.1.1; SAMSUNG SM-G388F/G388FXXU1BOL1 Build/LMY48B) AppleWebKit/537.36 (KHTML, like Gecko) SamsungBrowser/3.3 Chrome/38.0.2125.102 Mobile Safari/537.36"
195.69.193.55 - - [27/Jul/2017:05:34:24 +0200] "GET /javascript/mobile-homesearch.js HTTP/1.1" 200 340 "http://www.easydrivers.at/" "Mozilla/5.0 (Linux; Android 5.1.1; SAMSUNG SM-G388F/G388FXXU1BOL1 Build/LMY48B) AppleWebKit/537.36 (KHTML, like Gecko) SamsungBrowser/3.3 Chrome/38.0.2125.102 Mobile Safari/537.36"
195.69.193.55 - - [27/Jul/2017:05:35:03 +0200] "POST /suche HTTP/1.1" 200 4617 "http://www.easydrivers.at/" "Mozilla/5.0 (Linux; Android 5.1.1; SAMSUNG SM-G388F/G388FXXU1BOL1 Build/LMY48B) AppleWebKit/537.36 (KHTML, like Gecko) SamsungBrowser/3.3 Chrome/38.0.2125.102 Mobile Safari/537.36"
195.69.193.55 - - [27/Jul/2017:05:35:05 +0200] "GET /javascript/mobile-kurs-suchergebnis.js HTTP/1.1" 200 382 "http://www.easydrivers.at/suche" "Mozilla/5.0 (Linux; Android 5.1.1; SAMSUNG SM-G388F/G388FXXU1BOL1 Build/LMY48B) AppleWebKit/537.36 (KHTML, like Gecko) SamsungBrowser/3.3 Chrome/38.0.2125.102 Mobile Safari/537.36"
195.69.193.55 - - [27/Jul/2017:05:35:05 +0200] "GET /img/mobile/smallicon-address.png HTTP/1.1" 200 1424 "http://www.easydrivers.at/suche" "Mozilla/5.0 (Linux; Android 5.1.1; SAMSUNG SM-G388F/G388FXXU1BOL1 Build/LMY48B) AppleWebKit/537.36 (KHTML, like Gecko) SamsungBrowser/3.3 Chrome/38.0.2125.102 Mobile Safari/537.36"
195.69.193.55 - - [27/Jul/2017:05:35:05 +0200] "GET /img/mobile/smallicon-time.png HTTP/1.1" 200 1328 "http://www.easydrivers.at/suche" "Mozilla/5.0 (Linux; Android 5.1.1; SAMSUNG SM-G388F/G388FXXU1BOL1 Build/LMY48B) AppleWebKit/537.36 (KHTML, like Gecko) SamsungBrowser/3.3 Chrome/38.0.2125.102 Mobile Safari/537.36"
195.69.193.55 - - [27/Jul/2017:05:35:05 +0200] "GET /img/mobile/weiter-button.png HTTP/1.1" 200 1670 "http://www.easydrivers.at/css/mobile.css" "Mozilla/5.0 (Linux; Android 5.1.1; SAMSUNG SM-G388F/G388FXXU1BOL1 Build/LMY48B) AppleWebKit/537.36 (KHTML, like Gecko) SamsungBrowser/3.3 Chrome/38.0.2125.102 Mobile Safari/537.36"
195.69.193.55 - - [27/Jul/2017:05:35:51 +0200] "GET / HTTP/1.1" 200 3563 "-" "Mozilla/5.0 (Linux; Android 5.1.1; SAMSUNG SM-G388F/G388FXXU1BOL1 Build/LMY48B) AppleWebKit/537.36 (KHTML, like Gecko) SamsungBrowser/3.3 Chrome/38.0.2125.102 Mobile Safari/537.36"
66.249.75.206 - - [27/Jul/2017:05:36:45 +0200] "GET /download.php?id=10289080 HTTP/1.1" 200 849970 "-" "Mozilla/5.0 (Linux; Android 6.0.1; Nexus 5X Build/MMB29P) AppleWebKit/537.36 (KHTML, like Gecko) Chrome/41.0.2272.96 Mobile Safari/537.36 (compatible; Googlebot/2.1; +http://www.google.com/bot.html)"
213.225.6.52 - - [27/Jul/2017:05:39:30 +0200] "GET / HTTP/1.1" 200 3565 "-" "Mozilla/5.0 (iPhone; CPU iPhone OS 10_0_1 like Mac OS X) AppleWebKit/602.1.50 (KHTML, like Gecko) Version/10.0 Mobile/14A403 Safari/602.1"
213.225.6.52 - - [27/Jul/2017:05:39:32 +0200] "GET /javascript/jquery-1.9.1.min.js HTTP/1.1" 200 32731 "https://www.easydrivers.at/" "Mozilla/5.0 (iPhone; CPU iPhone OS 10_0_1 like Mac OS X) AppleWebKit/602.1.50 (KHTML, like Gecko) Version/10.0 Mobile/14A403 Safari/602.1"
213.225.6.52 - - [27/Jul/2017:05:39:32 +0200] "GET /javascript/jquery.cookie.js HTTP/1.1" 200 863 "https://www.easydrivers.at/" "Mozilla/5.0 (iPhone; CPU iPhone OS 10_0_1 like Mac OS X) AppleWebKit/602.1.50 (KHTML, like Gecko) Version/10.0 Mobile/14A403 Safari/602.1"
213.225.6.52 - - [27/Jul/2017:05:39:32 +0200] "GET /css/mobile.css HTTP/1.1" 200 2852 "https://www.easydrivers.at/" "Mozilla/5.0 (iPhone; CPU iPhone OS 10_0_1 like Mac OS X) AppleWebKit/602.1.50 (KHTML, like Gecko) Version/10.0 Mobile/14A403 Safari/602.1"
213.225.6.52 - - [27/Jul/2017:05:39:32 +0200] "GET /javascript/mobile-menu.js HTTP/1.1" 200 1634 "https://www.easydrivers.at/" "Mozilla/5.0 (iPhone; CPU iPhone OS 10_0_1 like Mac OS X) AppleWebKit/602.1.50 (KHTML, like Gecko) Version/10.0 Mobile/14A403 Safari/602.1"
213.225.6.52 - - [27/Jul/2017:05:39:32 +0200] "GET /javascript/jquery.simplemodal.js HTTP/1.1" 200 3070 "https://www.easydrivers.at/" "Mozilla/5.0 (iPhone; CPU iPhone OS 10_0_1 like Mac OS X) AppleWebKit/602.1.50 (KHTML, like Gecko) Version/10.0 Mobile/14A403 Safari/602.1"
213.225.6.52 - - [27/Jul/2017:05:39:32 +0200] "GET /img/mobile/close-button.png HTTP/1.1" 200 2411 "https://www.easydrivers.at/" "Mozilla/5.0 (iPhone; CPU iPhone OS 10_0_1 like Mac OS X) AppleWebKit/602.1.50 (KHTML, like Gecko) Version/10.0 Mobile/14A403 Safari/602.1"
213.225.6.52 - - [27/Jul/2017:05:39:32 +0200] "GET /img/mobile/facebook-icon.png HTTP/1.1" 200 1902 "https://www.easydrivers.at/" "Mozilla/5.0 (iPhone; CPU iPhone OS 10_0_1 like Mac OS X) AppleWebKit/602.1.50 (KHTML, like Gecko) Version/10.0 Mobile/14A403 Safari/602.1"
213.225.6.52 - - [27/Jul/2017:05:39:32 +0200] "GET /javascript/mobile-homesearch.js HTTP/1.1" 200 340 "https://www.easydrivers.at/" "Mozilla/5.0 (iPhone; CPU iPhone OS 10_0_1 like Mac OS X) AppleWebKit/602.1.50 (KHTML, like Gecko) Version/10.0 Mobile/14A403 Safari/602.1"
213.225.6.52 - - [27/Jul/2017:05:39:32 +0200] "GET /img/mobile/widget-icon-app.png HTTP/1.1" 200 3458 "https://www.easydrivers.at/" "Mozilla/5.0 (iPhone; CPU iPhone OS 10_0_1 like Mac OS X) AppleWebKit/602.1.50 (KHTML, like Gecko) Version/10.0 Mobile/14A403 Safari/602.1"
213.225.6.52 - - [27/Jul/2017:05:39:32 +0200] "GET /img/mobile/bg-menu.jpg HTTP/1.1" 200 1698 "https://www.easydrivers.at/" "Mozilla/5.0 (iPhone; CPU iPhone OS 10_0_1 like Mac OS X) AppleWebKit/602.1.50 (KHTML, like Gecko) Version/10.0 Mobile/14A403 Safari/602.1"
213.225.6.52 - - [27/Jul/2017:05:39:32 +0200] "GET /img/mobile/bg-top-section.jpg HTTP/1.1" 200 21711 "https://www.easydrivers.at/" "Mozilla/5.0 (iPhone; CPU iPhone OS 10_0_1 like Mac OS X) AppleWebKit/602.1.50 (KHTML, like Gecko) Version/10.0 Mobile/14A403 Safari/602.1"
213.225.6.52 - - [27/Jul/2017:05:39:32 +0200] "GET /img/mobile/pfeil-rechts.png HTTP/1.1" 200 1228 "https://www.easydrivers.at/" "Mozilla/5.0 (iPhone; CPU iPhone OS 10_0_1 like Mac OS X) AppleWebKit/602.1.50 (KHTML, like Gecko) Version/10.0 Mobile/14A403 Safari/602.1"
213.225.6.52 - - [27/Jul/2017:05:39:32 +0200] "GET /img/mobile/bg-header.jpg HTTP/1.1" 200 19741 "https://www.easydrivers.at/" "Mozilla/5.0 (iPhone; CPU iPhone OS 10_0_1 like Mac OS X) AppleWebKit/602.1.50 (KHTML, like Gecko) Version/10.0 Mobile/14A403 Safari/602.1"
207.46.13.186 - - [27/Jul/2017:05:39:38 +0200] "GET /perg HTTP/1.1" 200 3513 "-" "Mozilla/5.0 (compatible; bingbot/2.0; +http://www.bing.com/bingbot.htm)"
66.249.75.204 - - [27/Jul/2017:05:39:45 +0200] "GET /tulln/10234924 HTTP/1.1" 410 3366 "-" "Mozilla/5.0 (compatible; Googlebot/2.1; +http://www.google.com/bot.html)"
66.249.75.206 - - [27/Jul/2017:05:41:37 +0200] "GET /binaries/easy-drivers-neunkirchen--au/3ajpg.jpg HTTP/1.1" 304 - "-" "Googlebot-Image/1.0"
213.147.161.193 - - [27/Jul/2017:05:42:09 +0200] "GET / HTTP/1.1" 200 3563 "https://www.google.at/" "Mozilla/5.0 (iPhone; CPU iPhone OS 10_3_2 like Mac OS X) AppleWebKit/602.1.50 (KHTML, like Gecko) GSA/28.0.157793287 Mobile/14F89 Safari/602.1"
213.147.161.193 - - [27/Jul/2017:05:42:11 +0200] "GET /javascript/mobile-menu.js HTTP/1.1" 200 1634 "http://www.easydrivers.at/" "Mozilla/5.0 (iPhone; CPU iPhone OS 10_3_2 like Mac OS X) AppleWebKit/602.1.50 (KHTML, like Gecko) GSA/28.0.157793287 Mobile/14F89 Safari/602.1"
213.147.161.193 - - [27/Jul/2017:05:42:11 +0200] "GET /javascript/jquery.cookie.js HTTP/1.1" 200 863 "http://www.easydrivers.at/" "Mozilla/5.0 (iPhone; CPU iPhone OS 10_3_2 like Mac OS X) AppleWebKit/602.1.50 (KHTML, like Gecko) GSA/28.0.157793287 Mobile/14F89 Safari/602.1"
213.147.161.193 - - [27/Jul/2017:05:42:11 +0200] "GET /css/mobile.css HTTP/1.1" 200 2852 "http://www.easydrivers.at/" "Mozilla/5.0 (iPhone; CPU iPhone OS 10_3_2 like Mac OS X) AppleWebKit/602.1.50 (KHTML, like Gecko) GSA/28.0.157793287 Mobile/14F89 Safari/602.1"
213.147.161.193 - - [27/Jul/2017:05:42:11 +0200] "GET /javascript/jquery-1.9.1.min.js HTTP/1.1" 200 32731 "http://www.easydrivers.at/" "Mozilla/5.0 (iPhone; CPU iPhone OS 10_3_2 like Mac OS X) AppleWebKit/602.1.50 (KHTML, like Gecko) GSA/28.0.157793287 Mobile/14F89 Safari/602.1"
213.147.161.193 - - [27/Jul/2017:05:42:11 +0200] "GET /javascript/jquery.simplemodal.js HTTP/1.1" 200 3070 "http://www.easydrivers.at/" "Mozilla/5.0 (iPhone; CPU iPhone OS 10_3_2 like Mac OS X) AppleWebKit/602.1.50 (KHTML, like Gecko) GSA/28.0.157793287 Mobile/14F89 Safari/602.1"
213.147.161.193 - - [27/Jul/2017:05:42:11 +0200] "GET /img/mobile/easydrivers-logo-mobile.png HTTP/1.1" 200 10766 "http://www.easydrivers.at/" "Mozilla/5.0 (iPhone; CPU iPhone OS 10_3_2 like Mac OS X) AppleWebKit/602.1.50 (KHTML, like Gecko) GSA/28.0.157793287 Mobile/14F89 Safari/602.1"
213.147.161.193 - - [27/Jul/2017:05:42:11 +0200] "GET /javascript/mobile-homesearch.js HTTP/1.1" 200 340 "http://www.easydrivers.at/" "Mozilla/5.0 (iPhone; CPU iPhone OS 10_3_2 like Mac OS X) AppleWebKit/602.1.50 (KHTML, like Gecko) GSA/28.0.157793287 Mobile/14F89 Safari/602.1"
213.147.161.193 - - [27/Jul/2017:05:42:11 +0200] "GET /javascript/lazyload.js HTTP/1.1" 200 1170 "http://www.easydrivers.at/" "Mozilla/5.0 (iPhone; CPU iPhone OS 10_3_2 like Mac OS X) AppleWebKit/602.1.50 (KHTML, like Gecko) GSA/28.0.157793287 Mobile/14F89 Safari/602.1"
213.147.161.193 - - [27/Jul/2017:05:42:11 +0200] "GET /img/mobile/menu-button.png HTTP/1.1" 200 1746 "http://www.easydrivers.at/" "Mozilla/5.0 (iPhone; CPU iPhone OS 10_3_2 like Mac OS X) AppleWebKit/602.1.50 (KHTML, like Gecko) GSA/28.0.157793287 Mobile/14F89 Safari/602.1"
213.147.161.193 - - [27/Jul/2017:05:42:11 +0200] "GET /img/mobile/close-button.png HTTP/1.1" 200 2411 "http://www.easydrivers.at/" "Mozilla/5.0 (iPhone; CPU iPhone OS 10_3_2 like Mac OS X) AppleWebKit/602.1.50 (KHTML, like Gecko) GSA/28.0.157793287 Mobile/14F89 Safari/602.1"
213.147.161.193 - - [27/Jul/2017:05:42:11 +0200] "GET /img/mobile/widget-icon-app.png HTTP/1.1" 200 3458 "http://www.easydrivers.at/" "Mozilla/5.0 (iPhone; CPU iPhone OS 10_3_2 like Mac OS X) AppleWebKit/602.1.50 (KHTML, like Gecko) GSA/28.0.157793287 Mobile/14F89 Safari/602.1"
213.147.161.193 - - [27/Jul/2017:05:42:11 +0200] "GET /img/mobile/facebook-icon.png HTTP/1.1" 200 1902 "http://www.easydrivers.at/" "Mozilla/5.0 (iPhone; CPU iPhone OS 10_3_2 like Mac OS X) AppleWebKit/602.1.50 (KHTML, like Gecko) GSA/28.0.157793287 Mobile/14F89 Safari/602.1"
213.147.161.193 - - [27/Jul/2017:05:42:12 +0200] "GET /img/mobile/bg-header.jpg HTTP/1.1" 200 19741 "http://www.easydrivers.at/" "Mozilla/5.0 (iPhone; CPU iPhone OS 10_3_2 like Mac OS X) AppleWebKit/602.1.50 (KHTML, like Gecko) GSA/28.0.157793287 Mobile/14F89 Safari/602.1"
213.147.161.193 - - [27/Jul/2017:05:42:12 +0200] "GET /img/mobile/pfeil-rechts.png HTTP/1.1" 200 1228 "http://www.easydrivers.at/" "Mozilla/5.0 (iPhone; CPU iPhone OS 10_3_2 like Mac OS X) AppleWebKit/602.1.50 (KHTML, like Gecko) GSA/28.0.157793287 Mobile/14F89 Safari/602.1"
213.147.161.193 - - [27/Jul/2017:05:42:12 +0200] "GET /img/mobile/bg-top-section.jpg HTTP/1.1" 200 21711 "http://www.easydrivers.at/" "Mozilla/5.0 (iPhone; CPU iPhone OS 10_3_2 like Mac OS X) AppleWebKit/602.1.50 (KHTML, like Gecko) GSA/28.0.157793287 Mobile/14F89 Safari/602.1"
213.147.161.193 - - [27/Jul/2017:05:42:12 +0200] "GET /img/mobile/bg-menu.jpg HTTP/1.1" 200 1698 "http://www.easydrivers.at/" "Mozilla/5.0 (iPhone; CPU iPhone OS 10_3_2 like Mac OS X) AppleWebKit/602.1.50 (KHTML, like Gecko) GSA/28.0.157793287 Mobile/14F89 Safari/602.1"
217.250.182.29 - - [27/Jul/2017:05:44:31 +0200] "GET /brigittenau HTTP/1.1" 200 3738 "-" "Mozilla/5.0 (Windows; U; Windows NT 6.0; de; rv:1.9.2.3) Gecko/20100401 Firefox/3.6.3 ( .NET CLR 3.5.30729)"
207.46.13.186 - - [27/Jul/2017:05:46:22 +0200] "GET /fuehrerscheine/motorrad/A2vonA1 HTTP/1.1" 200 2975 "-" "Mozilla/5.0 (compatible; bingbot/2.0; +http://www.bing.com/bingbot.htm)"
66.249.75.204 - - [27/Jul/2017:05:46:32 +0200] "GET /leonding/theoriepruefung HTTP/1.1" 200 2570 "-" "Mozilla/5.0 (Linux; Android 6.0.1; Nexus 5X Build/MMB29P) AppleWebKit/537.36 (KHTML, like Gecko) Chrome/41.0.2272.96 Mobile Safari/537.36 (compatible; Googlebot/2.1; +http://www.google.com/bot.html)"
40.77.167.118 - - [27/Jul/2017:05:46:41 +0200] "GET /easy_drivers_st._peterau HTTP/1.1" 200 3666 "-" "Mozilla/5.0 (compatible; bingbot/2.0; +http://www.bing.com/bingbot.htm)"
217.250.182.29 - - [27/Jul/2017:05:46:46 +0200] "GET /st.valentin HTTP/1.1" 200 3672 "-" "Mozilla/5.0 (Windows; U; Windows NT 6.0; de; rv:1.9.2.3) Gecko/20100401 Firefox/3.6.3 ( .NET CLR 3.5.30729)"
178.191.187.157 - - [27/Jul/2017:05:46:56 +0200] "GET /tulln/ HTTP/1.1" 301 138 "https://www.google.at/" "Mozilla/5.0 (Linux; Android 6.0.1; SAMSUNG SM-A500FU Build/MMB29M) AppleWebKit/537.36 (KHTML, like Gecko) SamsungBrowser/5.4 Chrome/51.0.2704.106 Mobile Safari/537.36"
178.191.187.157 - - [27/Jul/2017:05:46:57 +0200] "GET /tulln HTTP/1.1" 200 2877 "https://www.google.at/" "Mozilla/5.0 (Linux; Android 6.0.1; SAMSUNG SM-A500FU Build/MMB29M) AppleWebKit/537.36 (KHTML, like Gecko) SamsungBrowser/5.4 Chrome/51.0.2704.106 Mobile Safari/537.36"
178.191.187.157 - - [27/Jul/2017:05:46:58 +0200] "GET /tulln HTTP/1.1" 200 2877 "https://www.google.at/" "Mozilla/5.0 (Linux; Android 6.0.1; SAMSUNG SM-A500FU Build/MMB29M) AppleWebKit/537.36 (KHTML, like Gecko) SamsungBrowser/5.4 Chrome/51.0.2704.106 Mobile Safari/537.36"
178.191.187.157 - - [27/Jul/2017:05:47:00 +0200] "GET /css/mobile.css HTTP/1.1" 200 2852 "http://www.easydrivers.at/tulln" "Mozilla/5.0 (Linux; Android 6.0.1; SAMSUNG SM-A500FU Build/MMB29M) AppleWebKit/537.36 (KHTML, like Gecko) SamsungBrowser/5.4 Chrome/51.0.2704.106 Mobile Safari/537.36"
178.191.187.157 - - [27/Jul/2017:05:47:00 +0200] "GET /javascript/jquery.cookie.js HTTP/1.1" 200 863 "http://www.easydrivers.at/tulln" "Mozilla/5.0 (Linux; Android 6.0.1; SAMSUNG SM-A500FU Build/MMB29M) AppleWebKit/537.36 (KHTML, like Gecko) SamsungBrowser/5.4 Chrome/51.0.2704.106 Mobile Safari/537.36"
178.191.187.157 - - [27/Jul/2017:05:47:00 +0200] "GET /javascript/jquery-1.9.1.min.js HTTP/1.1" 200 32731 "http://www.easydrivers.at/tulln" "Mozilla/5.0 (Linux; Android 6.0.1; SAMSUNG SM-A500FU Build/MMB29M) AppleWebKit/537.36 (KHTML, like Gecko) SamsungBrowser/5.4 Chrome/51.0.2704.106 Mobile Safari/537.36"
178.191.187.157 - - [27/Jul/2017:05:47:00 +0200] "GET /javascript/mobile-menu.js HTTP/1.1" 200 1634 "http://www.easydrivers.at/tulln" "Mozilla/5.0 (Linux; Android 6.0.1; SAMSUNG SM-A500FU Build/MMB29M) AppleWebKit/537.36 (KHTML, like Gecko) SamsungBrowser/5.4 Chrome/51.0.2704.106 Mobile Safari/537.36"
178.191.187.157 - - [27/Jul/2017:05:47:00 +0200] "GET /javascript/jquery.simplemodal.js HTTP/1.1" 200 3070 "http://www.easydrivers.at/tulln" "Mozilla/5.0 (Linux; Android 6.0.1; SAMSUNG SM-A500FU Build/MMB29M) AppleWebKit/537.36 (KHTML, like Gecko) SamsungBrowser/5.4 Chrome/51.0.2704.106 Mobile Safari/537.36"
178.191.187.157 - - [27/Jul/2017:05:47:00 +0200] "GET /javascript/mobile-fahrschule.js HTTP/1.1" 200 328 "http://www.easydrivers.at/tulln" "Mozilla/5.0 (Linux; Android 6.0.1; SAMSUNG SM-A500FU Build/MMB29M) AppleWebKit/537.36 (KHTML, like Gecko) SamsungBrowser/5.4 Chrome/51.0.2704.106 Mobile Safari/537.36"
178.191.187.157 - - [27/Jul/2017:05:47:00 +0200] "GET /javascript/lazyload.js HTTP/1.1" 200 1170 "http://www.easydrivers.at/tulln" "Mozilla/5.0 (Linux; Android 6.0.1; SAMSUNG SM-A500FU Build/MMB29M) AppleWebKit/537.36 (KHTML, like Gecko) SamsungBrowser/5.4 Chrome/51.0.2704.106 Mobile Safari/537.36"
178.191.187.157 - - [27/Jul/2017:05:47:00 +0200] "GET /img/mobile/easydrivers-logo-mobile.png HTTP/1.1" 200 10766 "http://www.easydrivers.at/tulln" "Mozilla/5.0 (Linux; Android 6.0.1; SAMSUNG SM-A500FU Build/MMB29M) AppleWebKit/537.36 (KHTML, like Gecko) SamsungBrowser/5.4 Chrome/51.0.2704.106 Mobile Safari/537.36"
178.191.187.157 - - [27/Jul/2017:05:47:00 +0200] "GET /img/mobile/menu-button.png HTTP/1.1" 200 1746 "http://www.easydrivers.at/tulln" "Mozilla/5.0 (Linux; Android 6.0.1; SAMSUNG SM-A500FU Build/MMB29M) AppleWebKit/537.36 (KHTML, like Gecko) SamsungBrowser/5.4 Chrome/51.0.2704.106 Mobile Safari/537.36"
178.191.187.157 - - [27/Jul/2017:05:47:00 +0200] "GET /img/mobile/close-button.png HTTP/1.1" 200 2411 "http://www.easydrivers.at/tulln" "Mozilla/5.0 (Linux; Android 6.0.1; SAMSUNG SM-A500FU Build/MMB29M) AppleWebKit/537.36 (KHTML, like Gecko) SamsungBrowser/5.4 Chrome/51.0.2704.106 Mobile Safari/537.36"
178.191.187.157 - - [27/Jul/2017:05:47:00 +0200] "GET /img/mobile/facebook-icon.png HTTP/1.1" 200 1902 "http://www.easydrivers.at/tulln" "Mozilla/5.0 (Linux; Android 6.0.1; SAMSUNG SM-A500FU Build/MMB29M) AppleWebKit/537.36 (KHTML, like Gecko) SamsungBrowser/5.4 Chrome/51.0.2704.106 Mobile Safari/537.36"
178.191.187.157 - - [27/Jul/2017:05:47:00 +0200] "GET /img/mobile/info-button.png HTTP/1.1" 200 1549 "http://www.easydrivers.at/tulln" "Mozilla/5.0 (Linux; Android 6.0.1; SAMSUNG SM-A500FU Build/MMB29M) AppleWebKit/537.36 (KHTML, like Gecko) SamsungBrowser/5.4 Chrome/51.0.2704.106 Mobile Safari/537.36"
178.191.187.157 - - [27/Jul/2017:05:47:00 +0200] "GET /img/mobile/info-close-button.png HTTP/1.1" 200 1721 "http://www.easydrivers.at/tulln" "Mozilla/5.0 (Linux; Android 6.0.1; SAMSUNG SM-A500FU Build/MMB29M) AppleWebKit/537.36 (KHTML, like Gecko) SamsungBrowser/5.4 Chrome/51.0.2704.106 Mobile Safari/537.36"
178.191.187.157 - - [27/Jul/2017:05:47:01 +0200] "GET /img/smallicon-person.png HTTP/1.1" 200 1141 "http://www.easydrivers.at/tulln" "Mozilla/5.0 (Linux; Android 6.0.1; SAMSUNG SM-A500FU Build/MMB29M) AppleWebKit/537.36 (KHTML, like Gecko) SamsungBrowser/5.4 Chrome/51.0.2704.106 Mobile Safari/537.36"
178.191.187.157 - - [27/Jul/2017:05:47:01 +0200] "GET /img/smallicon-address.png HTTP/1.1" 200 1211 "http://www.easydrivers.at/tulln" "Mozilla/5.0 (Linux; Android 6.0.1; SAMSUNG SM-A500FU Build/MMB29M) AppleWebKit/537.36 (KHTML, like Gecko) SamsungBrowser/5.4 Chrome/51.0.2704.106 Mobile Safari/537.36"
178.191.187.157 - - [27/Jul/2017:05:47:01 +0200] "GET /img/mobile/googlemaps-pin.png HTTP/1.1" 200 1597 "http://www.easydrivers.at/tulln" "Mozilla/5.0 (Linux; Android 6.0.1; SAMSUNG SM-A500FU Build/MMB29M) AppleWebKit/537.36 (KHTML, like Gecko) SamsungBrowser/5.4 Chrome/51.0.2704.106 Mobile Safari/537.36"
178.191.187.157 - - [27/Jul/2017:05:47:01 +0200] "GET /img/smallicon-time.png HTTP/1.1" 200 1262 "http://www.easydrivers.at/tulln" "Mozilla/5.0 (Linux; Android 6.0.1; SAMSUNG SM-A500FU Build/MMB29M) AppleWebKit/537.36 (KHTML, like Gecko) SamsungBrowser/5.4 Chrome/51.0.2704.106 Mobile Safari/537.36"
178.191.187.157 - - [27/Jul/2017:05:47:01 +0200] "GET /img/smallicon-phone.png HTTP/1.1" 200 3056 "http://www.easydrivers.at/tulln" "Mozilla/5.0 (Linux; Android 6.0.1; SAMSUNG SM-A500FU Build/MMB29M) AppleWebKit/537.36 (KHTML, like Gecko) SamsungBrowser/5.4 Chrome/51.0.2704.106 Mobile Safari/537.36"
178.191.187.157 - - [27/Jul/2017:05:47:01 +0200] "GET /img/smallicon-mail.png HTTP/1.1" 200 1341 "http://www.easydrivers.at/tulln" "Mozilla/5.0 (Linux; Android 6.0.1; SAMSUNG SM-A500FU Build/MMB29M) AppleWebKit/537.36 (KHTML, like Gecko) SamsungBrowser/5.4 Chrome/51.0.2704.106 Mobile Safari/537.36"
178.191.187.157 - - [27/Jul/2017:05:47:01 +0200] "GET /img/mobile/widget-icon-app.png HTTP/1.1" 200 3458 "http://www.easydrivers.at/tulln" "Mozilla/5.0 (Linux; Android 6.0.1; SAMSUNG SM-A500FU Build/MMB29M) AppleWebKit/537.36 (KHTML, like Gecko) SamsungBrowser/5.4 Chrome/51.0.2704.106 Mobile Safari/537.36"
178.191.187.157 - - [27/Jul/2017:05:47:01 +0200] "GET /img/mobile/bg-header.jpg HTTP/1.1" 200 19741 "http://www.easydrivers.at/css/mobile.css" "Mozilla/5.0 (Linux; Android 6.0.1; SAMSUNG SM-A500FU Build/MMB29M) AppleWebKit/537.36 (KHTML, like Gecko) SamsungBrowser/5.4 Chrome/51.0.2704.106 Mobile Safari/537.36"
178.191.187.157 - - [27/Jul/2017:05:47:01 +0200] "GET /img/mobile/bg-menu.jpg HTTP/1.1" 200 1698 "http://www.easydrivers.at/css/mobile.css" "Mozilla/5.0 (Linux; Android 6.0.1; SAMSUNG SM-A500FU Build/MMB29M) AppleWebKit/537.36 (KHTML, like Gecko) SamsungBrowser/5.4 Chrome/51.0.2704.106 Mobile Safari/537.36"
178.191.187.157 - - [27/Jul/2017:05:47:01 +0200] "GET /img/mobile/bg-top-section.jpg HTTP/1.1" 200 21711 "http://www.easydrivers.at/css/mobile.css" "Mozilla/5.0 (Linux; Android 6.0.1; SAMSUNG SM-A500FU Build/MMB29M) AppleWebKit/537.36 (KHTML, like Gecko) SamsungBrowser/5.4 Chrome/51.0.2704.106 Mobile Safari/537.36"
178.191.187.157 - - [27/Jul/2017:05:47:01 +0200] "GET /img/mobile/pfeil-rechts.png HTTP/1.1" 200 1228 "http://www.easydrivers.at/css/mobile.css" "Mozilla/5.0 (Linux; Android 6.0.1; SAMSUNG SM-A500FU Build/MMB29M) AppleWebKit/537.36 (KHTML, like Gecko) SamsungBrowser/5.4 Chrome/51.0.2704.106 Mobile Safari/537.36"
178.191.187.157 - - [27/Jul/2017:05:47:01 +0200] "GET /img/favicon.ico HTTP/1.1" 404 300 "http://www.easydrivers.at/tulln" "Mozilla/5.0 (Linux; Android 6.0.1; SAMSUNG SM-A500FU Build/MMB29M) AppleWebKit/537.36 (KHTML, like Gecko) SamsungBrowser/5.4 Chrome/51.0.2704.106 Mobile Safari/537.36"
217.250.182.29 - - [27/Jul/2017:05:47:01 +0200] "GET /waidhofen.ybbs HTTP/1.1" 200 3522 "-" "Mozilla/5.0 (Windows; U; Windows NT 6.0; de; rv:1.9.2.3) Gecko/20100401 Firefox/3.6.3 ( .NET CLR 3.5.30729)"
178.191.187.157 - - [27/Jul/2017:05:47:05 +0200] "POST /tulln/kursauswahl HTTP/1.1" 200 3041 "http://www.easydrivers.at/tulln" "Mozilla/5.0 (Linux; Android 6.0.1; SAMSUNG SM-A500FU Build/MMB29M) AppleWebKit/537.36 (KHTML, like Gecko) SamsungBrowser/5.4 Chrome/51.0.2704.106 Mobile Safari/537.36"
178.191.187.157 - - [27/Jul/2017:05:47:07 +0200] "POST /tulln/kursauswahl HTTP/1.1" 200 3041 "http://www.easydrivers.at/tulln" "Mozilla/5.0 (Linux; Android 6.0.1; SAMSUNG SM-A500FU Build/MMB29M) AppleWebKit/537.36 (KHTML, like Gecko) SamsungBrowser/5.4 Chrome/51.0.2704.106 Mobile Safari/537.36"
178.191.187.157 - - [27/Jul/2017:05:47:10 +0200] "GET /javascript/mobile-fahrschule-kurs-suchergebnis.js HTTP/1.1" 200 274 "http://www.easydrivers.at/tulln/kursauswahl" "Mozilla/5.0 (Linux; Android 6.0.1; SAMSUNG SM-A500FU Build/MMB29M) AppleWebKit/537.36 (KHTML, like Gecko) SamsungBrowser/5.4 Chrome/51.0.2704.106 Mobile Safari/537.36"
178.191.187.157 - - [27/Jul/2017:05:47:10 +0200] "GET /img/mobile/pfeil-links-small.png HTTP/1.1" 200 1065 "http://www.easydrivers.at/css/mobile.css" "Mozilla/5.0 (Linux; Android 6.0.1; SAMSUNG SM-A500FU Build/MMB29M) AppleWebKit/537.36 (KHTML, like Gecko) SamsungBrowser/5.4 Chrome/51.0.2704.106 Mobile Safari/537.36"
178.191.187.157 - - [27/Jul/2017:05:47:10 +0200] "GET /img/mobile/bg-yellow.jpg HTTP/1.1" 200 1569 "http://www.easydrivers.at/css/mobile.css" "Mozilla/5.0 (Linux; Android 6.0.1; SAMSUNG SM-A500FU Build/MMB29M) AppleWebKit/537.36 (KHTML, like Gecko) SamsungBrowser/5.4 Chrome/51.0.2704.106 Mobile Safari/537.36"
178.191.187.157 - - [27/Jul/2017:05:47:10 +0200] "GET /img/loading-bars.gif HTTP/1.1" 200 3951 "http://www.easydrivers.at/css/mobile.css" "Mozilla/5.0 (Linux; Android 6.0.1; SAMSUNG SM-A500FU Build/MMB29M) AppleWebKit/537.36 (KHTML, like Gecko) SamsungBrowser/5.4 Chrome/51.0.2704.106 Mobile Safari/537.36"
178.191.187.157 - - [27/Jul/2017:05:47:12 +0200] "POST /loadkursliste HTTP/1.1" 200 723 "http://www.easydrivers.at/tulln/kursauswahl" "Mozilla/5.0 (Linux; Android 6.0.1; SAMSUNG SM-A500FU Build/MMB29M) AppleWebKit/537.36 (KHTML, like Gecko) SamsungBrowser/5.4 Chrome/51.0.2704.106 Mobile Safari/537.36"
92.248.16.140 - - [27/Jul/2017:05:47:57 +0200] "GET /oberwart HTTP/1.1" 200 2912 "https://www.google.at/" "Mozilla/5.0 (iPhone; CPU iPhone OS 10_3_2 like Mac OS X) AppleWebKit/603.2.4 (KHTML, like Gecko) Version/10.0 Mobile/14F89 Safari/602.1"
92.248.16.140 - - [27/Jul/2017:05:47:59 +0200] "GET /css/mobile.css HTTP/1.1" 200 2852 "http://www.easydrivers.at/oberwart" "Mozilla/5.0 (iPhone; CPU iPhone OS 10_3_2 like Mac OS X) AppleWebKit/603.2.4 (KHTML, like Gecko) Version/10.0 Mobile/14F89 Safari/602.1"
92.248.16.140 - - [27/Jul/2017:05:47:59 +0200] "GET /javascript/mobile-menu.js HTTP/1.1" 200 1634 "http://www.easydrivers.at/oberwart" "Mozilla/5.0 (iPhone; CPU iPhone OS 10_3_2 like Mac OS X) AppleWebKit/603.2.4 (KHTML, like Gecko) Version/10.0 Mobile/14F89 Safari/602.1"
92.248.16.140 - - [27/Jul/2017:05:47:59 +0200] "GET /javascript/jquery.cookie.js HTTP/1.1" 200 863 "http://www.easydrivers.at/oberwart" "Mozilla/5.0 (iPhone; CPU iPhone OS 10_3_2 like Mac OS X) AppleWebKit/603.2.4 (KHTML, like Gecko) Version/10.0 Mobile/14F89 Safari/602.1"
92.248.16.140 - - [27/Jul/2017:05:47:59 +0200] "GET /javascript/jquery-1.9.1.min.js HTTP/1.1" 200 32731 "http://www.easydrivers.at/oberwart" "Mozilla/5.0 (iPhone; CPU iPhone OS 10_3_2 like Mac OS X) AppleWebKit/603.2.4 (KHTML, like Gecko) Version/10.0 Mobile/14F89 Safari/602.1"
92.248.16.140 - - [27/Jul/2017:05:47:59 +0200] "GET /javascript/lazyload.js HTTP/1.1" 200 1170 "http://www.easydrivers.at/oberwart" "Mozilla/5.0 (iPhone; CPU iPhone OS 10_3_2 like Mac OS X) AppleWebKit/603.2.4 (KHTML, like Gecko) Version/10.0 Mobile/14F89 Safari/602.1"
92.248.16.140 - - [27/Jul/2017:05:47:59 +0200] "GET /javascript/jquery.simplemodal.js HTTP/1.1" 200 3070 "http://www.easydrivers.at/oberwart" "Mozilla/5.0 (iPhone; CPU iPhone OS 10_3_2 like Mac OS X) AppleWebKit/603.2.4 (KHTML, like Gecko) Version/10.0 Mobile/14F89 Safari/602.1"
92.248.16.140 - - [27/Jul/2017:05:47:59 +0200] "GET /img/mobile/easydrivers-logo-mobile.png HTTP/1.1" 200 10766 "http://www.easydrivers.at/oberwart" "Mozilla/5.0 (iPhone; CPU iPhone OS 10_3_2 like Mac OS X) AppleWebKit/603.2.4 (KHTML, like Gecko) Version/10.0 Mobile/14F89 Safari/602.1"
92.248.16.140 - - [27/Jul/2017:05:47:59 +0200] "GET /javascript/mobile-fahrschule.js HTTP/1.1" 200 328 "http://www.easydrivers.at/oberwart" "Mozilla/5.0 (iPhone; CPU iPhone OS 10_3_2 like Mac OS X) AppleWebKit/603.2.4 (KHTML, like Gecko) Version/10.0 Mobile/14F89 Safari/602.1"
92.248.16.140 - - [27/Jul/2017:05:47:59 +0200] "GET /img/mobile/menu-button.png HTTP/1.1" 200 1746 "http://www.easydrivers.at/oberwart" "Mozilla/5.0 (iPhone; CPU iPhone OS 10_3_2 like Mac OS X) AppleWebKit/603.2.4 (KHTML, like Gecko) Version/10.0 Mobile/14F89 Safari/602.1"
92.248.16.140 - - [27/Jul/2017:05:48:00 +0200] "GET /img/mobile/close-button.png HTTP/1.1" 200 2411 "http://www.easydrivers.at/oberwart" "Mozilla/5.0 (iPhone; CPU iPhone OS 10_3_2 like Mac OS X) AppleWebKit/603.2.4 (KHTML, like Gecko) Version/10.0 Mobile/14F89 Safari/602.1"
92.248.16.140 - - [27/Jul/2017:05:48:00 +0200] "GET /img/mobile/facebook-icon.png HTTP/1.1" 200 1902 "http://www.easydrivers.at/oberwart" "Mozilla/5.0 (iPhone; CPU iPhone OS 10_3_2 like Mac OS X) AppleWebKit/603.2.4 (KHTML, like Gecko) Version/10.0 Mobile/14F89 Safari/602.1"
92.248.16.140 - - [27/Jul/2017:05:48:00 +0200] "GET /img/mobile/info-button.png HTTP/1.1" 200 1549 "http://www.easydrivers.at/oberwart" "Mozilla/5.0 (iPhone; CPU iPhone OS 10_3_2 like Mac OS X) AppleWebKit/603.2.4 (KHTML, like Gecko) Version/10.0 Mobile/14F89 Safari/602.1"
92.248.16.140 - - [27/Jul/2017:05:48:00 +0200] "GET /img/mobile/info-close-button.png HTTP/1.1" 200 1721 "http://www.easydrivers.at/oberwart" "Mozilla/5.0 (iPhone; CPU iPhone OS 10_3_2 like Mac OS X) AppleWebKit/603.2.4 (KHTML, like Gecko) Version/10.0 Mobile/14F89 Safari/602.1"
92.248.16.140 - - [27/Jul/2017:05:48:00 +0200] "GET /img/smallicon-person.png HTTP/1.1" 200 1141 "http://www.easydrivers.at/oberwart" "Mozilla/5.0 (iPhone; CPU iPhone OS 10_3_2 like Mac OS X) AppleWebKit/603.2.4 (KHTML, like Gecko) Version/10.0 Mobile/14F89 Safari/602.1"
92.248.16.140 - - [27/Jul/2017:05:48:00 +0200] "GET /img/smallicon-address.png HTTP/1.1" 200 1211 "http://www.easydrivers.at/oberwart" "Mozilla/5.0 (iPhone; CPU iPhone OS 10_3_2 like Mac OS X) AppleWebKit/603.2.4 (KHTML, like Gecko) Version/10.0 Mobile/14F89 Safari/602.1"
92.248.16.140 - - [27/Jul/2017:05:48:00 +0200] "GET /img/mobile/googlemaps-pin.png HTTP/1.1" 200 1597 "http://www.easydrivers.at/oberwart" "Mozilla/5.0 (iPhone; CPU iPhone OS 10_3_2 like Mac OS X) AppleWebKit/603.2.4 (KHTML, like Gecko) Version/10.0 Mobile/14F89 Safari/602.1"
92.248.16.140 - - [27/Jul/2017:05:48:00 +0200] "GET /img/smallicon-time.png HTTP/1.1" 200 1262 "http://www.easydrivers.at/oberwart" "Mozilla/5.0 (iPhone; CPU iPhone OS 10_3_2 like Mac OS X) AppleWebKit/603.2.4 (KHTML, like Gecko) Version/10.0 Mobile/14F89 Safari/602.1"
92.248.16.140 - - [27/Jul/2017:05:48:00 +0200] "GET /img/smallicon-phone.png HTTP/1.1" 200 3056 "http://www.easydrivers.at/oberwart" "Mozilla/5.0 (iPhone; CPU iPhone OS 10_3_2 like Mac OS X) AppleWebKit/603.2.4 (KHTML, like Gecko) Version/10.0 Mobile/14F89 Safari/602.1"
92.248.16.140 - - [27/Jul/2017:05:48:00 +0200] "GET /img/smallicon-mail.png HTTP/1.1" 200 1341 "http://www.easydrivers.at/oberwart" "Mozilla/5.0 (iPhone; CPU iPhone OS 10_3_2 like Mac OS X) AppleWebKit/603.2.4 (KHTML, like Gecko) Version/10.0 Mobile/14F89 Safari/602.1"
92.248.16.140 - - [27/Jul/2017:05:48:00 +0200] "GET /img/mobile/widget-icon-app.png HTTP/1.1" 200 3458 "http://www.easydrivers.at/oberwart" "Mozilla/5.0 (iPhone; CPU iPhone OS 10_3_2 like Mac OS X) AppleWebKit/603.2.4 (KHTML, like Gecko) Version/10.0 Mobile/14F89 Safari/602.1"
92.248.16.140 - - [27/Jul/2017:05:48:00 +0200] "GET /img/mobile/bg-header.jpg HTTP/1.1" 200 19741 "http://www.easydrivers.at/oberwart" "Mozilla/5.0 (iPhone; CPU iPhone OS 10_3_2 like Mac OS X) AppleWebKit/603.2.4 (KHTML, like Gecko) Version/10.0 Mobile/14F89 Safari/602.1"
92.248.16.140 - - [27/Jul/2017:05:48:00 +0200] "GET /img/mobile/bg-top-section.jpg HTTP/1.1" 200 21711 "http://www.easydrivers.at/oberwart" "Mozilla/5.0 (iPhone; CPU iPhone OS 10_3_2 like Mac OS X) AppleWebKit/603.2.4 (KHTML, like Gecko) Version/10.0 Mobile/14F89 Safari/602.1"
92.248.16.140 - - [27/Jul/2017:05:48:00 +0200] "GET /img/mobile/bg-menu.jpg HTTP/1.1" 200 1698 "http://www.easydrivers.at/oberwart" "Mozilla/5.0 (iPhone; CPU iPhone OS 10_3_2 like Mac OS X) AppleWebKit/603.2.4 (KHTML, like Gecko) Version/10.0 Mobile/14F89 Safari/602.1"
92.248.16.140 - - [27/Jul/2017:05:48:00 +0200] "GET /img/mobile/pfeil-rechts.png HTTP/1.1" 200 1228 "http://www.easydrivers.at/oberwart" "Mozilla/5.0 (iPhone; CPU iPhone OS 10_3_2 like Mac OS X) AppleWebKit/603.2.4 (KHTML, like Gecko) Version/10.0 Mobile/14F89 Safari/602.1"
92.248.16.140 - - [27/Jul/2017:05:48:12 +0200] "GET /ueberuns HTTP/1.1" 200 3286 "http://www.easydrivers.at/oberwart" "Mozilla/5.0 (iPhone; CPU iPhone OS 10_3_2 like Mac OS X) AppleWebKit/603.2.4 (KHTML, like Gecko) Version/10.0 Mobile/14F89 Safari/602.1"
92.248.16.140 - - [27/Jul/2017:05:48:14 +0200] "GET /binaries/easy-drivers-portal/edwebhistoryillu392x3922jpg.jpg HTTP/1.1" 200 32209 "http://www.easydrivers.at/ueberuns" "Mozilla/5.0 (iPhone; CPU iPhone OS 10_3_2 like Mac OS X) AppleWebKit/603.2.4 (KHTML, like Gecko) Version/10.0 Mobile/14F89 Safari/602.1"
92.248.16.140 - - [27/Jul/2017:05:48:14 +0200] "GET /binaries/easy-drivers-portal/edwebhistoryillu392x3923jpg.jpg HTTP/1.1" 200 54656 "http://www.easydrivers.at/ueberuns" "Mozilla/5.0 (iPhone; CPU iPhone OS 10_3_2 like Mac OS X) AppleWebKit/603.2.4 (KHTML, like Gecko) Version/10.0 Mobile/14F89 Safari/602.1"
92.248.16.140 - - [27/Jul/2017:05:48:14 +0200] "GET /binaries/easy-drivers-portal/edwebhistoryillu392x3924jpg.jpg HTTP/1.1" 200 35765 "http://www.easydrivers.at/ueberuns" "Mozilla/5.0 (iPhone; CPU iPhone OS 10_3_2 like Mac OS X) AppleWebKit/603.2.4 (KHTML, like Gecko) Version/10.0 Mobile/14F89 Safari/602.1"
92.248.16.140 - - [27/Jul/2017:05:48:14 +0200] "GET /binaries/easy-drivers-portal/edwebhistoryillu392x3925jpg.jpg HTTP/1.1" 200 31708 "http://www.easydrivers.at/ueberuns" "Mozilla/5.0 (iPhone; CPU iPhone OS 10_3_2 like Mac OS X) AppleWebKit/603.2.4 (KHTML, like Gecko) Version/10.0 Mobile/14F89 Safari/602.1"
92.248.16.140 - - [27/Jul/2017:05:48:14 +0200] "GET /binaries/easy-drivers-portal/edwebhistoryillu392x3926jpg.jpg HTTP/1.1" 200 41118 "http://www.easydrivers.at/ueberuns" "Mozilla/5.0 (iPhone; CPU iPhone OS 10_3_2 like Mac OS X) AppleWebKit/603.2.4 (KHTML, like Gecko) Version/10.0 Mobile/14F89 Safari/602.1"
92.248.16.140 - - [27/Jul/2017:05:48:14 +0200] "GET /binaries/easy-drivers-portal/edwebhistoryillu392x3928jpg.jpg HTTP/1.1" 200 38907 "http://www.easydrivers.at/ueberuns" "Mozilla/5.0 (iPhone; CPU iPhone OS 10_3_2 like Mac OS X) AppleWebKit/603.2.4 (KHTML, like Gecko) Version/10.0 Mobile/14F89 Safari/602.1"
92.248.16.140 - - [27/Jul/2017:05:48:14 +0200] "GET /binaries/easy-drivers-portal/edwebhistoryillu392x3929jpg.jpg HTTP/1.1" 200 31823 "http://www.easydrivers.at/ueberuns" "Mozilla/5.0 (iPhone; CPU iPhone OS 10_3_2 like Mac OS X) AppleWebKit/603.2.4 (KHTML, like Gecko) Version/10.0 Mobile/14F89 Safari/602.1"
92.248.16.140 - - [27/Jul/2017:05:48:14 +0200] "GET /binaries/easy-drivers-portal/edwebhistoryillu392x392radjpg.jpg HTTP/1.1" 200 124939 "http://www.easydrivers.at/ueberuns" "Mozilla/5.0 (iPhone; CPU iPhone OS 10_3_2 like Mac OS X) AppleWebKit/603.2.4 (KHTML, like Gecko) Version/10.0 Mobile/14F89 Safari/602.1"
92.248.16.140 - - [27/Jul/2017:05:48:14 +0200] "GET /binaries/easy-drivers-portal/edwebhistoryillu392x3927jpg.jpg HTTP/1.1" 200 71377 "http://www.easydrivers.at/ueberuns" "Mozilla/5.0 (iPhone; CPU iPhone OS 10_3_2 like Mac OS X) AppleWebKit/603.2.4 (KHTML, like Gecko) Version/10.0 Mobile/14F89 Safari/602.1"
92.248.16.140 - - [27/Jul/2017:05:48:14 +0200] "GET /binaries/easy-drivers-portal/edwebhistoryillu392x39210jpg.jpg HTTP/1.1" 200 19475 "http://www.easydrivers.at/ueberuns" "Mozilla/5.0 (iPhone; CPU iPhone OS 10_3_2 like Mac OS X) AppleWebKit/603.2.4 (KHTML, like Gecko) Version/10.0 Mobile/14F89 Safari/602.1"
92.248.16.140 - - [27/Jul/2017:05:48:14 +0200] "GET /binaries/easy-drivers-portal/edwebhistoryillu392x39220kpng.png HTTP/1.1" 200 49333 "http://www.easydrivers.at/ueberuns" "Mozilla/5.0 (iPhone; CPU iPhone OS 10_3_2 like Mac OS X) AppleWebKit/603.2.4 (KHTML, like Gecko) Version/10.0 Mobile/14F89 Safari/602.1"
92.248.16.140 - - [27/Jul/2017:05:48:14 +0200] "GET /binaries/easy-drivers-portal/edwebhistoryillu392x39211jpg.jpg HTTP/1.1" 200 36282 "http://www.easydrivers.at/ueberuns" "Mozilla/5.0 (iPhone; CPU iPhone OS 10_3_2 like Mac OS X) AppleWebKit/603.2.4 (KHTML, like Gecko) Version/10.0 Mobile/14F89 Safari/602.1"
217.250.182.29 - - [27/Jul/2017:05:48:16 +0200] "GET /eisenstadt HTTP/1.1" 200 3382 "-" "Mozilla/5.0 (Windows; U; Windows NT 6.0; de; rv:1.9.2.3) Gecko/20100401 Firefox/3.6.3 ( .NET CLR 3.5.30729)"
92.248.16.140 - - [27/Jul/2017:05:48:36 +0200] "GET /fahrschulen HTTP/1.1" 200 2459 "http://www.easydrivers.at/ueberuns" "Mozilla/5.0 (iPhone; CPU iPhone OS 10_3_2 like Mac OS X) AppleWebKit/603.2.4 (KHTML, like Gecko) Version/10.0 Mobile/14F89 Safari/602.1"
199.193.251.133 - - [27/Jul/2017:05:48:39 +0200] "HEAD / HTTP/1.1" 501 - "https://www.inboundlinks.win/InboundLinks/www.easydrivers.at" "Mozilla/5.0 (compatible; MSIE 9.0; Windows NT 6.1; WOW64; Trident/5.0)"
92.248.16.140 - - [27/Jul/2017:05:48:36 +0200] "GET / HTTP/1.1" 200 3563 "http://www.easydrivers.at/ueberuns" "Mozilla/5.0 (iPhone; CPU iPhone OS 10_3_2 like Mac OS X) AppleWebKit/603.2.4 (KHTML, like Gecko) Version/10.0 Mobile/14F89 Safari/602.1"
92.248.16.140 - - [27/Jul/2017:05:48:39 +0200] "GET /javascript/mobile-homesearch.js HTTP/1.1" 200 340 "http://www.easydrivers.at/" "Mozilla/5.0 (iPhone; CPU iPhone OS 10_3_2 like Mac OS X) AppleWebKit/603.2.4 (KHTML, like Gecko) Version/10.0 Mobile/14F89 Safari/602.1"
92.248.16.140 - - [27/Jul/2017:05:48:51 +0200] "GET /oberwart HTTP/1.1" 200 2912 "http://www.easydrivers.at/" "Mozilla/5.0 (iPhone; CPU iPhone OS 10_3_2 like Mac OS X) AppleWebKit/603.2.4 (KHTML, like Gecko) Version/10.0 Mobile/14F89 Safari/602.1"
217.250.182.29 - - [27/Jul/2017:05:50:31 +0200] "GET /guessing HTTP/1.1" 200 3488 "-" "Mozilla/5.0 (Windows; U; Windows NT 6.0; de; rv:1.9.2.3) Gecko/20100401 Firefox/3.6.3 ( .NET CLR 3.5.30729)"
37.9.113.102 - - [27/Jul/2017:05:51:06 +0200] "GET /binaries/10251120.jpg HTTP/1.1" 304 - "-" "Mozilla/5.0 (compatible; YandexImages/3.0; +http://yandex.com/bots)"
66.249.91.233 - - [27/Jul/2017:05:51:35 +0200] "GET /img/mobile/info-button.png HTTP/1.1" 200 1549 "-" "Mozilla/5.0 (iPhone; CPU iPhone OS 9_1 like Mac OS X) AppleWebKit/601.1.46 (KHTML, like Gecko) Version/9.0 Mobile/13B143 Safari/601.1 (compatible; AdsBot-Google-Mobile; +http://www.google.com/mobile/adsbot.html)"
66.249.91.237 - - [27/Jul/2017:05:51:36 +0200] "GET /img/mobile/menu-button.png HTTP/1.1" 200 1746 "-" "Mozilla/5.0 (iPhone; CPU iPhone OS 9_1 like Mac OS X) AppleWebKit/601.1.46 (KHTML, like Gecko) Version/9.0 Mobile/13B143 Safari/601.1 (compatible; AdsBot-Google-Mobile; +http://www.google.com/mobile/adsbot.html)"
66.249.91.235 - - [27/Jul/2017:05:51:36 +0200] "GET /img/smallicon-mail.png HTTP/1.1" 200 1341 "-" "Mozilla/5.0 (iPhone; CPU iPhone OS 9_1 like Mac OS X) AppleWebKit/601.1.46 (KHTML, like Gecko) Version/9.0 Mobile/13B143 Safari/601.1 (compatible; AdsBot-Google-Mobile; +http://www.google.com/mobile/adsbot.html)"
66.249.91.233 - - [27/Jul/2017:05:51:40 +0200] "GET /css/mobile.css HTTP/1.1" 200 2852 "-" "Mozilla/5.0 (iPhone; CPU iPhone OS 9_1 like Mac OS X) AppleWebKit/601.1.46 (KHTML, like Gecko) Version/9.0 Mobile/13B143 Safari/601.1 (compatible; AdsBot-Google-Mobile; +http://www.google.com/mobile/adsbot.html)"
66.249.91.235 - - [27/Jul/2017:05:51:41 +0200] "GET /javascript/mobile-menu.js HTTP/1.1" 200 1634 "-" "Mozilla/5.0 (iPhone; CPU iPhone OS 9_1 like Mac OS X) AppleWebKit/601.1.46 (KHTML, like Gecko) Version/9.0 Mobile/13B143 Safari/601.1 (compatible; AdsBot-Google-Mobile; +http://www.google.com/mobile/adsbot.html)"
66.249.91.233 - - [27/Jul/2017:05:51:43 +0200] "GET /img/smallicon-person.png HTTP/1.1" 200 1141 "-" "Mozilla/5.0 (iPhone; CPU iPhone OS 9_1 like Mac OS X) AppleWebKit/601.1.46 (KHTML, like Gecko) Version/9.0 Mobile/13B143 Safari/601.1 (compatible; AdsBot-Google-Mobile; +http://www.google.com/mobile/adsbot.html)"
66.249.91.235 - - [27/Jul/2017:05:51:43 +0200] "GET /img/mobile/info-close-button.png HTTP/1.1" 200 1721 "-" "Mozilla/5.0 (iPhone; CPU iPhone OS 9_1 like Mac OS X) AppleWebKit/601.1.46 (KHTML, like Gecko) Version/9.0 Mobile/13B143 Safari/601.1 (compatible; AdsBot-Google-Mobile; +http://www.google.com/mobile/adsbot.html)"
66.249.91.233 - - [27/Jul/2017:05:51:46 +0200] "GET /img/smallicon-address.png HTTP/1.1" 200 1211 "-" "Mozilla/5.0 (iPhone; CPU iPhone OS 9_1 like Mac OS X) AppleWebKit/601.1.46 (KHTML, like Gecko) Version/9.0 Mobile/13B143 Safari/601.1 (compatible; AdsBot-Google-Mobile; +http://www.google.com/mobile/adsbot.html)"
66.249.91.233 - - [27/Jul/2017:05:51:51 +0200] "GET /img/mobile/easydrivers-logo-mobile.png HTTP/1.1" 200 10766 "-" "Mozilla/5.0 (iPhone; CPU iPhone OS 9_1 like Mac OS X) AppleWebKit/601.1.46 (KHTML, like Gecko) Version/9.0 Mobile/13B143 Safari/601.1 (compatible; AdsBot-Google-Mobile; +http://www.google.com/mobile/adsbot.html)"
66.249.91.233 - - [27/Jul/2017:05:51:51 +0200] "GET /img/mobile/close-button.png HTTP/1.1" 200 2411 "-" "Mozilla/5.0 (iPhone; CPU iPhone OS 9_1 like Mac OS X) AppleWebKit/601.1.46 (KHTML, like Gecko) Version/9.0 Mobile/13B143 Safari/601.1 (compatible; AdsBot-Google-Mobile; +http://www.google.com/mobile/adsbot.html)"
66.249.91.233 - - [27/Jul/2017:05:51:51 +0200] "GET /javascript/lazyload.js HTTP/1.1" 200 1170 "-" "Mozilla/5.0 (iPhone; CPU iPhone OS 9_1 like Mac OS X) AppleWebKit/601.1.46 (KHTML, like Gecko) Version/9.0 Mobile/13B143 Safari/601.1 (compatible; AdsBot-Google-Mobile; +http://www.google.com/mobile/adsbot.html)"
66.249.91.233 - - [27/Jul/2017:05:51:54 +0200] "GET /img/smallicon-phone.png HTTP/1.1" 200 3056 "-" "Mozilla/5.0 (iPhone; CPU iPhone OS 9_1 like Mac OS X) AppleWebKit/601.1.46 (KHTML, like Gecko) Version/9.0 Mobile/13B143 Safari/601.1 (compatible; AdsBot-Google-Mobile; +http://www.google.com/mobile/adsbot.html)"
66.249.91.233 - - [27/Jul/2017:05:51:56 +0200] "GET /img/smallicon-time.png HTTP/1.1" 200 1262 "-" "Mozilla/5.0 (iPhone; CPU iPhone OS 9_1 like Mac OS X) AppleWebKit/601.1.46 (KHTML, like Gecko) Version/9.0 Mobile/13B143 Safari/601.1 (compatible; AdsBot-Google-Mobile; +http://www.google.com/mobile/adsbot.html)"
66.249.91.233 - - [27/Jul/2017:05:51:56 +0200] "GET /img/mobile/facebook-icon.png HTTP/1.1" 200 1902 "-" "Mozilla/5.0 (iPhone; CPU iPhone OS 9_1 like Mac OS X) AppleWebKit/601.1.46 (KHTML, like Gecko) Version/9.0 Mobile/13B143 Safari/601.1 (compatible; AdsBot-Google-Mobile; +http://www.google.com/mobile/adsbot.html)"
217.250.182.29 - - [27/Jul/2017:05:52:01 +0200] "GET /skarabela.gross-enzersdorf HTTP/1.1" 200 3625 "-" "Mozilla/5.0 (Windows; U; Windows NT 6.0; de; rv:1.9.2.3) Gecko/20100401 Firefox/3.6.3 ( .NET CLR 3.5.30729)"
66.249.91.233 - - [27/Jul/2017:05:52:04 +0200] "GET /javascript/jquery.simplemodal.js HTTP/1.1" 200 3070 "-" "Mozilla/5.0 (iPhone; CPU iPhone OS 9_1 like Mac OS X) AppleWebKit/601.1.46 (KHTML, like Gecko) Version/9.0 Mobile/13B143 Safari/601.1 (compatible; AdsBot-Google-Mobile; +http://www.google.com/mobile/adsbot.html)"
66.249.75.202 - - [27/Jul/2017:05:53:20 +0200] "GET / HTTP/1.1" 200 3563 "-" "Mozilla/5.0 (Linux; Android 6.0.1; Nexus 5X Build/MMB29P) AppleWebKit/537.36 (KHTML, like Gecko) Chrome/41.0.2272.96 Mobile Safari/537.36 (compatible; Googlebot/2.1; +http://www.google.com/bot.html)"
92.248.16.140 - - [27/Jul/2017:05:53:43 +0200] "GET / HTTP/1.1" 200 3563 "-" "Mozilla/5.0 (iPhone; CPU iPhone OS 10_3_2 like Mac OS X) AppleWebKit/603.2.4 (KHTML, like Gecko) Version/10.0 Mobile/14F89 Safari/602.1"
92.248.16.140 - - [27/Jul/2017:05:53:45 +0200] "GET /javascript/jquery.cookie.js HTTP/1.1" 200 863 "http://www.easydrivers.at/" "Mozilla/5.0 (iPhone; CPU iPhone OS 10_3_2 like Mac OS X) AppleWebKit/603.2.4 (KHTML, like Gecko) Version/10.0 Mobile/14F89 Safari/602.1"
92.248.16.140 - - [27/Jul/2017:05:53:45 +0200] "GET /img/mobile/facebook-icon.png HTTP/1.1" 200 1902 "http://www.easydrivers.at/" "Mozilla/5.0 (iPhone; CPU iPhone OS 10_3_2 like Mac OS X) AppleWebKit/603.2.4 (KHTML, like Gecko) Version/10.0 Mobile/14F89 Safari/602.1"
92.248.16.140 - - [27/Jul/2017:05:53:45 +0200] "GET /img/mobile/widget-icon-app.png HTTP/1.1" 200 3458 "http://www.easydrivers.at/" "Mozilla/5.0 (iPhone; CPU iPhone OS 10_3_2 like Mac OS X) AppleWebKit/603.2.4 (KHTML, like Gecko) Version/10.0 Mobile/14F89 Safari/602.1"
92.248.16.140 - - [27/Jul/2017:05:53:55 +0200] "POST /suche HTTP/1.1" 200 3595 "http://www.easydrivers.at/" "Mozilla/5.0 (iPhone; CPU iPhone OS 10_3_2 like Mac OS X) AppleWebKit/603.2.4 (KHTML, like Gecko) Version/10.0 Mobile/14F89 Safari/602.1"
92.248.16.140 - - [27/Jul/2017:05:53:56 +0200] "GET /javascript/mobile-kurs-suchergebnis.js HTTP/1.1" 200 382 "http://www.easydrivers.at/suche" "Mozilla/5.0 (iPhone; CPU iPhone OS 10_3_2 like Mac OS X) AppleWebKit/603.2.4 (KHTML, like Gecko) Version/10.0 Mobile/14F89 Safari/602.1"
92.248.16.140 - - [27/Jul/2017:05:53:57 +0200] "GET /img/mobile/smallicon-address.png HTTP/1.1" 200 1424 "http://www.easydrivers.at/suche" "Mozilla/5.0 (iPhone; CPU iPhone OS 10_3_2 like Mac OS X) AppleWebKit/603.2.4 (KHTML, like Gecko) Version/10.0 Mobile/14F89 Safari/602.1"
92.248.16.140 - - [27/Jul/2017:05:53:57 +0200] "GET /img/mobile/smallicon-phone.png HTTP/1.1" 200 1311 "http://www.easydrivers.at/suche" "Mozilla/5.0 (iPhone; CPU iPhone OS 10_3_2 like Mac OS X) AppleWebKit/603.2.4 (KHTML, like Gecko) Version/10.0 Mobile/14F89 Safari/602.1"
92.248.16.140 - - [27/Jul/2017:05:53:57 +0200] "GET /img/mobile/smallicon-time.png HTTP/1.1" 200 1328 "http://www.easydrivers.at/suche" "Mozilla/5.0 (iPhone; CPU iPhone OS 10_3_2 like Mac OS X) AppleWebKit/603.2.4 (KHTML, like Gecko) Version/10.0 Mobile/14F89 Safari/602.1"
92.248.16.140 - - [27/Jul/2017:05:53:57 +0200] "GET /img/mobile/smallicon-mail.png HTTP/1.1" 200 1335 "http://www.easydrivers.at/suche" "Mozilla/5.0 (iPhone; CPU iPhone OS 10_3_2 like Mac OS X) AppleWebKit/603.2.4 (KHTML, like Gecko) Version/10.0 Mobile/14F89 Safari/602.1"
92.248.16.140 - - [27/Jul/2017:05:53:57 +0200] "GET /img/mobile/pfeil-links-small.png HTTP/1.1" 200 1065 "http://www.easydrivers.at/suche" "Mozilla/5.0 (iPhone; CPU iPhone OS 10_3_2 like Mac OS X) AppleWebKit/603.2.4 (KHTML, like Gecko) Version/10.0 Mobile/14F89 Safari/602.1"
92.248.16.140 - - [27/Jul/2017:05:53:57 +0200] "GET /img/mobile/bg-yellow.jpg HTTP/1.1" 200 1569 "http://www.easydrivers.at/suche" "Mozilla/5.0 (iPhone; CPU iPhone OS 10_3_2 like Mac OS X) AppleWebKit/603.2.4 (KHTML, like Gecko) Version/10.0 Mobile/14F89 Safari/602.1"
92.248.16.140 - - [27/Jul/2017:05:53:57 +0200] "GET /img/mobile/weiter-button.png HTTP/1.1" 200 1670 "http://www.easydrivers.at/suche" "Mozilla/5.0 (iPhone; CPU iPhone OS 10_3_2 like Mac OS X) AppleWebKit/603.2.4 (KHTML, like Gecko) Version/10.0 Mobile/14F89 Safari/602.1"
217.250.182.29 - - [27/Jul/2017:05:54:14 +0200] "GET /linz HTTP/1.1" 200 3381 "-" "Mozilla/5.0 (Windows; U; Windows NT 6.0; de; rv:1.9.2.3) Gecko/20100401 Firefox/3.6.3 ( .NET CLR 3.5.30729)"
213.225.3.136 - - [27/Jul/2017:05:54:15 +0200] "GET /moedling/aktionen HTTP/1.1" 200 3690 "-" "Mozilla/5.0 (Android 7.1.1; Mobile; rv:54.0) Gecko/54.0 Firefox/54.0"
92.248.16.140 - - [27/Jul/2017:05:54:18 +0200] "GET /img/loading-bars.gif HTTP/1.1" 200 3951 "http://www.easydrivers.at/suche" "Mozilla/5.0 (iPhone; CPU iPhone OS 10_3_2 like Mac OS X) AppleWebKit/603.2.4 (KHTML, like Gecko) Version/10.0 Mobile/14F89 Safari/602.1"
92.248.16.140 - - [27/Jul/2017:05:54:18 +0200] "POST /loadkursliste HTTP/1.1" 200 670 "http://www.easydrivers.at/suche" "Mozilla/5.0 (iPhone; CPU iPhone OS 10_3_2 like Mac OS X) AppleWebKit/603.2.4 (KHTML, like Gecko) Version/10.0 Mobile/14F89 Safari/602.1"
213.225.3.136 - - [27/Jul/2017:05:54:20 +0200] "GET /img/favicon.ico HTTP/1.1" 404 300 "-" "Mozilla/5.0 (Android 7.1.1; Mobile; rv:54.0.1) Gecko/54.0.1 Firefox/54.0.1"
216.244.66.249 - - [27/Jul/2017:05:54:29 +0200] "GET /robots.txt HTTP/1.1" 200 178 "-" "Mozilla/5.0 (compatible; DotBot/1.1; http://www.opensiteexplorer.org/dotbot, help@moz.com)"
92.248.16.140 - - [27/Jul/2017:05:54:29 +0200] "POST /loadkursliste HTTP/1.1" 200 1141 "http://www.easydrivers.at/suche" "Mozilla/5.0 (iPhone; CPU iPhone OS 10_3_2 like Mac OS X) AppleWebKit/603.2.4 (KHTML, like Gecko) Version/10.0 Mobile/14F89 Safari/602.1"
217.250.182.29 - - [27/Jul/2017:05:54:29 +0200] "GET /linz HTTP/1.1" 200 3379 "-" "Mozilla/5.0 (Windows; U; Windows NT 6.0; de; rv:1.9.2.3) Gecko/20100401 Firefox/3.6.3 ( .NET CLR 3.5.30729)"
212.95.8.175 - - [27/Jul/2017:05:54:49 +0200] "GET /amstetten HTTP/1.1" 200 2953 "-" "Mozilla/5.0 (Linux; Android 6.0.1; SAMSUNG SM-J510FN/XXU2AQD2 Build/MMB29M) AppleWebKit/537.36 (KHTML, like Gecko) SamsungBrowser/5.4 Chrome/51.0.2704.106 Mobile Safari/537.36"
212.95.8.175 - - [27/Jul/2017:05:54:53 +0200] "GET /img/favicon.ico HTTP/1.1" 404 300 "http://www.easydrivers.at/amstetten" "Mozilla/5.0 (Linux; Android 6.0.1; SAMSUNG SM-J510FN/XXU2AQD2 Build/MMB29M) AppleWebKit/537.36 (KHTML, like Gecko) SamsungBrowser/5.4 Chrome/51.0.2704.106 Mobile Safari/537.36"
212.95.8.175 - - [27/Jul/2017:05:54:54 +0200] "GET /amstetten HTTP/1.1" 200 2953 "-" "Mozilla/5.0 (Linux; Android 6.0.1; SAMSUNG SM-J510FN/XXU2AQD2 Build/MMB29M) AppleWebKit/537.36 (KHTML, like Gecko) SamsungBrowser/5.4 Chrome/51.0.2704.106 Mobile Safari/537.36"
212.95.8.175 - - [27/Jul/2017:05:54:56 +0200] "GET /css/mobile.css HTTP/1.1" 304 - "http://www.easydrivers.at/amstetten" "Mozilla/5.0 (Linux; Android 6.0.1; SAMSUNG SM-J510FN/XXU2AQD2 Build/MMB29M) AppleWebKit/537.36 (KHTML, like Gecko) SamsungBrowser/5.4 Chrome/51.0.2704.106 Mobile Safari/537.36"
