80.110.117.31 - - [27/Jul/2017:03:29:06 +0200] "GET /javascript/lazyload.js HTTP/1.1" 200 1170 "http://www.easydrivers.at/" "Mozilla/5.0 (Macintosh; Intel Mac OS X 10_9_5) AppleWebKit/601.7.8 (KHTML, like Gecko) Version/9.1.3 Safari/537.86.7"
80.110.117.31 - - [27/Jul/2017:03:29:06 +0200] "GET /javascript/homesearch.js HTTP/1.1" 200 393 "http://www.easydrivers.at/" "Mozilla/5.0 (Macintosh; Intel Mac OS X 10_9_5) AppleWebKit/601.7.8 (KHTML, like Gecko) Version/9.1.3 Safari/537.86.7"
80.110.117.31 - - [27/Jul/2017:03:29:06 +0200] "GET /img/close-button.png HTTP/1.1" 200 2237 "http://www.easydrivers.at/" "Mozilla/5.0 (Macintosh; Intel Mac OS X 10_9_5) AppleWebKit/601.7.8 (KHTML, like Gecko) Version/9.1.3 Safari/537.86.7"
80.110.117.31 - - [27/Jul/2017:03:29:06 +0200] "GET /img/facebook-icon.png HTTP/1.1" 200 1506 "http://www.easydrivers.at/" "Mozilla/5.0 (Macintosh; Intel Mac OS X 10_9_5) AppleWebKit/601.7.8 (KHTML, like Gecko) Version/9.1.3 Safari/537.86.7"
80.110.117.31 - - [27/Jul/2017:03:29:06 +0200] "GET /img/empty.gif HTTP/1.1" 200 43 "http://www.easydrivers.at/" "Mozilla/5.0 (Macintosh; Intel Mac OS X 10_9_5) AppleWebKit/601.7.8 (KHTML, like Gecko) Version/9.1.3 Safari/537.86.7"
80.110.117.31 - - [27/Jul/2017:03:29:06 +0200] "GET /binaries/easy-drivers-portal/widget-icon-trainingpng.png HTTP/1.1" 200 2662 "http://www.easydrivers.at/" "Mozilla/5.0 (Macintosh; Intel Mac OS X 10_9_5) AppleWebKit/601.7.8 (KHTML, like Gecko) Version/9.1.3 Safari/537.86.7"
80.110.117.31 - - [27/Jul/2017:03:29:06 +0200] "GET /binaries/easy-drivers-portal/edradfahrschullogowidget160x90pxpng.png HTTP/1.1" 200 23394 "http://www.easydrivers.at/" "Mozilla/5.0 (Macintosh; Intel Mac OS X 10_9_5) AppleWebKit/601.7.8 (KHTML, like Gecko) Version/9.1.3 Safari/537.86.7"
80.110.117.31 - - [27/Jul/2017:03:29:06 +0200] "GET /binaries/easy-drivers-portal/widget-icon-expertspng.png HTTP/1.1" 200 2159 "http://www.easydrivers.at/" "Mozilla/5.0 (Macintosh; Intel Mac OS X 10_9_5) AppleWebKit/601.7.8 (KHTML, like Gecko) Version/9.1.3 Safari/537.86.7"
80.110.117.31 - - [27/Jul/2017:03:29:06 +0200] "GET /img/schweiz-icon.png HTTP/1.1" 200 1504 "http://www.easydrivers.at/" "Mozilla/5.0 (Macintosh; Intel Mac OS X 10_9_5) AppleWebKit/601.7.8 (KHTML, like Gecko) Version/9.1.3 Safari/537.86.7"
80.110.117.31 - - [27/Jul/2017:03:29:06 +0200] "GET /img/ED_Logo.png HTTP/1.1" 200 3385 "http://www.easydrivers.at/" "Mozilla/5.0 (Macintosh; Intel Mac OS X 10_9_5) AppleWebKit/601.7.8 (KHTML, like Gecko) Version/9.1.3 Safari/537.86.7"
80.110.117.31 - - [27/Jul/2017:03:29:06 +0200] "GET /img/bg-header.jpg HTTP/1.1" 200 38680 "http://www.easydrivers.at/" "Mozilla/5.0 (Macintosh; Intel Mac OS X 10_9_5) AppleWebKit/601.7.8 (KHTML, like Gecko) Version/9.1.3 Safari/537.86.7"
80.110.117.31 - - [27/Jul/2017:03:29:06 +0200] "GET /img/black-dots-vertical.png HTTP/1.1" 200 1165 "http://www.easydrivers.at/" "Mozilla/5.0 (Macintosh; Intel Mac OS X 10_9_5) AppleWebKit/601.7.8 (KHTML, like Gecko) Version/9.1.3 Safari/537.86.7"
80.110.117.31 - - [27/Jul/2017:03:29:06 +0200] "GET /img/purple-dots-horizontal.png HTTP/1.1" 200 977 "http://www.easydrivers.at/" "Mozilla/5.0 (Macintosh; Intel Mac OS X 10_9_5) AppleWebKit/601.7.8 (KHTML, like Gecko) Version/9.1.3 Safari/537.86.7"
80.110.117.31 - - [27/Jul/2017:03:29:06 +0200] "GET /img/submit-button.png HTTP/1.1" 200 1958 "http://www.easydrivers.at/" "Mozilla/5.0 (Macintosh; Intel Mac OS X 10_9_5) AppleWebKit/601.7.8 (KHTML, like Gecko) Version/9.1.3 Safari/537.86.7"
80.110.117.31 - - [27/Jul/2017:03:29:06 +0200] "GET /img/kursicon-print-pink.png HTTP/1.1" 200 1125 "http://www.easydrivers.at/" "Mozilla/5.0 (Macintosh; Intel Mac OS X 10_9_5) AppleWebKit/601.7.8 (KHTML, like Gecko) Version/9.1.3 Safari/537.86.7"
80.110.117.31 - - [27/Jul/2017:03:29:06 +0200] "GET /img/bg-footer.jpg HTTP/1.1" 200 31770 "http://www.easydrivers.at/" "Mozilla/5.0 (Macintosh; Intel Mac OS X 10_9_5) AppleWebKit/601.7.8 (KHTML, like Gecko) Version/9.1.3 Safari/537.86.7"
80.110.117.31 - - [27/Jul/2017:03:29:06 +0200] "GET /img/kursicon-share-pink.png HTTP/1.1" 200 1277 "http://www.easydrivers.at/" "Mozilla/5.0 (Macintosh; Intel Mac OS X 10_9_5) AppleWebKit/601.7.8 (KHTML, like Gecko) Version/9.1.3 Safari/537.86.7"
80.110.117.31 - - [27/Jul/2017:03:29:06 +0200] "GET /img/selection-box-button.png HTTP/1.1" 200 1079 "http://www.easydrivers.at/" "Mozilla/5.0 (Macintosh; Intel Mac OS X 10_9_5) AppleWebKit/601.7.8 (KHTML, like Gecko) Version/9.1.3 Safari/537.86.7"
80.110.117.31 - - [27/Jul/2017:03:29:06 +0200] "GET /img/kursicon-download-pink.png HTTP/1.1" 200 1213 "http://www.easydrivers.at/" "Mozilla/5.0 (Macintosh; Intel Mac OS X 10_9_5) AppleWebKit/601.7.8 (KHTML, like Gecko) Version/9.1.3 Safari/537.86.7"
80.110.117.31 - - [27/Jul/2017:03:29:06 +0200] "GET /img/yellow-dots-vertical.png HTTP/1.1" 200 981 "http://www.easydrivers.at/" "Mozilla/5.0 (Macintosh; Intel Mac OS X 10_9_5) AppleWebKit/601.7.8 (KHTML, like Gecko) Version/9.1.3 Safari/537.86.7"
80.110.117.31 - - [27/Jul/2017:03:29:06 +0200] "GET /img/kursicon-phone-pink.png HTTP/1.1" 200 1286 "http://www.easydrivers.at/" "Mozilla/5.0 (Macintosh; Intel Mac OS X 10_9_5) AppleWebKit/601.7.8 (KHTML, like Gecko) Version/9.1.3 Safari/537.86.7"
80.110.117.31 - - [27/Jul/2017:03:29:13 +0200] "GET /fuehrerscheine/motorrad HTTP/1.1" 200 2824 "http://www.easydrivers.at/" "Mozilla/5.0 (Macintosh; Intel Mac OS X 10_9_5) AppleWebKit/601.7.8 (KHTML, like Gecko) Version/9.1.3 Safari/537.86.7"
80.110.117.31 - - [27/Jul/2017:03:29:15 +0200] "GET /javascript/license.js HTTP/1.1" 200 315 "http://www.easydrivers.at/fuehrerscheine/motorrad" "Mozilla/5.0 (Macintosh; Intel Mac OS X 10_9_5) AppleWebKit/601.7.8 (KHTML, like Gecko) Version/9.1.3 Safari/537.86.7"
80.110.117.31 - - [27/Jul/2017:03:29:15 +0200] "GET /img/submit-button-small.png HTTP/1.1" 200 1456 "http://www.easydrivers.at/fuehrerscheine/motorrad" "Mozilla/5.0 (Macintosh; Intel Mac OS X 10_9_5) AppleWebKit/601.7.8 (KHTML, like Gecko) Version/9.1.3 Safari/537.86.7"
80.110.117.31 - - [27/Jul/2017:03:29:18 +0200] "GET /fuehrerscheine/motorrad/A2vonA1 HTTP/1.1" 200 2977 "http://www.easydrivers.at/fuehrerscheine/motorrad" "Mozilla/5.0 (Macintosh; Intel Mac OS X 10_9_5) AppleWebKit/601.7.8 (KHTML, like Gecko) Version/9.1.3 Safari/537.86.7"
80.110.117.31 - - [27/Jul/2017:03:29:20 +0200] "GET /javascript/product.js HTTP/1.1" 200 139 "http://www.easydrivers.at/fuehrerscheine/motorrad/A2vonA1" "Mozilla/5.0 (Macintosh; Intel Mac OS X 10_9_5) AppleWebKit/601.7.8 (KHTML, like Gecko) Version/9.1.3 Safari/537.86.7"
80.110.117.31 - - [27/Jul/2017:03:29:20 +0200] "GET /binaries/easy-drivers-portal/motorrad7jpg.jpg HTTP/1.1" 200 102681 "http://www.easydrivers.at/fuehrerscheine/motorrad/A2vonA1" "Mozilla/5.0 (Macintosh; Intel Mac OS X 10_9_5) AppleWebKit/601.7.8 (KHTML, like Gecko) Version/9.1.3 Safari/537.86.7"
80.110.117.31 - - [27/Jul/2017:03:29:20 +0200] "GET /img/arrow-left.png HTTP/1.1" 200 1015 "http://www.easydrivers.at/fuehrerscheine/motorrad/A2vonA1" "Mozilla/5.0 (Macintosh; Intel Mac OS X 10_9_5) AppleWebKit/601.7.8 (KHTML, like Gecko) Version/9.1.3 Safari/537.86.7"
80.110.117.31 - - [27/Jul/2017:03:29:20 +0200] "GET /img/arrow-up.png HTTP/1.1" 200 1081 "http://www.easydrivers.at/fuehrerscheine/motorrad/A2vonA1" "Mozilla/5.0 (Macintosh; Intel Mac OS X 10_9_5) AppleWebKit/601.7.8 (KHTML, like Gecko) Version/9.1.3 Safari/537.86.7"
80.110.117.31 - - [27/Jul/2017:03:29:31 +0200] "GET /fuehrerscheine/motorrad/A HTTP/1.1" 200 4200 "http://www.easydrivers.at/fuehrerscheine/motorrad" "Mozilla/5.0 (Macintosh; Intel Mac OS X 10_9_5) AppleWebKit/601.7.8 (KHTML, like Gecko) Version/9.1.3 Safari/537.86.7"
80.110.117.31 - - [27/Jul/2017:03:29:32 +0200] "GET /binaries/easy-drivers-portal/motorrad3jpg.jpg HTTP/1.1" 200 111280 "http://www.easydrivers.at/fuehrerscheine/motorrad/A" "Mozilla/5.0 (Macintosh; Intel Mac OS X 10_9_5) AppleWebKit/601.7.8 (KHTML, like Gecko) Version/9.1.3 Safari/537.86.7"
217.250.182.29 - - [27/Jul/2017:03:29:35 +0200] "GET / HTTP/1.1" 200 4407 "-" "Mozilla/5.0 (Windows; U; Windows NT 6.0; de; rv:1.9.2.3) Gecko/20100401 Firefox/3.6.3 ( .NET CLR 3.5.30729)"
46.118.158.199 - - [27/Jul/2017:03:30:16 +0200] "GET /fuehrerscheine/traktor/ HTTP/1.1" 200 16367 "http://dvervmoskvu.ru/" "Mozilla/4.0 (compatible; MSIE 6.0; Windows 98; Win 9x 4.90)"
46.118.158.199 - - [27/Jul/2017:03:30:17 +0200] "GET /fuehrerscheine/traktor/ HTTP/1.1" 200 16367 "http://dvervmoskvu.ru/" "Mozilla/4.0 (compatible; MSIE 6.0; Windows 98; Win 9x 4.90)"
46.118.158.199 - - [27/Jul/2017:03:30:18 +0200] "GET /fuehrerscheine/traktor/ HTTP/1.1" 200 16367 "http://dvervmoskvu.ru/" "Mozilla/4.0 (compatible; MSIE 6.0; Windows 98; Win 9x 4.90)"
66.249.75.204 - - [27/Jul/2017:03:30:41 +0200] "GET /bludenz/ HTTP/1.1" 301 140 "-" "Mozilla/5.0 (compatible; Googlebot/2.1; +http://www.google.com/bot.html)"
66.249.75.206 - - [27/Jul/2017:03:30:42 +0200] "GET /bludenz HTTP/1.1" 200 3596 "-" "Mozilla/5.0 (compatible; Googlebot/2.1; +http://www.google.com/bot.html)"
216.244.66.249 - - [27/Jul/2017:03:34:50 +0200] "GET /mariazell.pankl/kurse HTTP/1.1" 200 8171 "-" "Mozilla/5.0 (compatible; DotBot/1.1; http://www.opensiteexplorer.org/dotbot, help@moz.com)"
178.255.215.64 - - [27/Jul/2017:03:35:56 +0200] "GET /robots.txt HTTP/1.1" 200 101 "-" "Mozilla/5.0 (compatible; Exabot/3.0; +http://www.exabot.com/go/robot)"
178.255.215.64 - - [27/Jul/2017:03:35:56 +0200] "GET /dornbirn/10266948 HTTP/1.1" 200 3272 "-" "Mozilla/5.0 (compatible; Exabot/3.0; +http://www.exabot.com/go/robot)"
195.212.98.190 - - [27/Jul/2017:03:37:39 +0200] "GET /binaries/easy-drivers-portal/widget-icon-apppng.png HTTP/1.1" 304 - "-" "Mozilla/4.0 (compatible;)"
40.77.167.128 - - [27/Jul/2017:03:37:53 +0200] "GET /uploads/pdfs/hartberg/1._sommerkurs_10.07.2017_A1.pdf HTTP/1.1" 200 30702 "-" "Mozilla/5.0 (compatible; bingbot/2.0; +http://www.bing.com/bingbot.htm)"
212.225.226.48 - - [27/Jul/2017:03:38:01 +0200] "GET / HTTP/1.1" 200 15953 "-" "Java/1.7.0_79"
212.225.226.48 - - [27/Jul/2017:03:38:03 +0200] "GET /am.spitz HTTP/1.1" 200 11855 "-" "Java/1.7.0_79"
212.225.226.48 - - [27/Jul/2017:03:38:05 +0200] "GET /bad.voeslau HTTP/1.1" 200 12333 "-" "Java/1.7.0_79"
212.225.226.48 - - [27/Jul/2017:03:38:07 +0200] "GET /bruck.leitha HTTP/1.1" 200 11420 "-" "Java/1.7.0_79"
212.225.226.48 - - [27/Jul/2017:03:38:10 +0200] "GET /easy_drivers_st._peterau HTTP/1.1" 200 12292 "-" "Java/1.7.0_79"
212.225.226.48 - - [27/Jul/2017:03:38:12 +0200] "GET /eisenerz.pankl HTTP/1.1" 200 9851 "-" "Java/1.7.0_79"
212.225.226.48 - - [27/Jul/2017:03:38:15 +0200] "GET /ennstal.schladming HTTP/1.1" 200 12452 "-" "Java/1.7.0_79"
212.225.226.48 - - [27/Jul/2017:03:38:17 +0200] "GET /kapfenberg.pankl HTTP/1.1" 200 12398 "-" "Java/1.7.0_79"
212.225.226.48 - - [27/Jul/2017:03:38:19 +0200] "GET /skarabela.gross-enzersdorf HTTP/1.1" 200 12132 "-" "Java/1.7.0_79"
212.225.226.48 - - [27/Jul/2017:03:38:22 +0200] "GET /st.poelten HTTP/1.1" 200 12134 "-" "Java/1.7.0_79"
212.225.226.48 - - [27/Jul/2017:03:38:24 +0200] "GET /st.valentin HTTP/1.1" 200 12118 "-" "Java/1.7.0_79"
212.225.226.48 - - [27/Jul/2017:03:38:26 +0200] "GET /waidhofen.thaya HTTP/1.1" 200 11573 "-" "Java/1.7.0_79"
212.225.226.48 - - [27/Jul/2017:03:38:28 +0200] "GET /waidhofen.ybbs HTTP/1.1" 200 11790 "-" "Java/1.7.0_79"
212.225.226.48 - - [27/Jul/2017:03:38:31 +0200] "GET /wr.neustadt HTTP/1.1" 200 11691 "-" "Java/1.7.0_79"
212.225.226.48 - - [27/Jul/2017:03:38:33 +0200] "GET /about:blank HTTP/1.1" 404 8373 "-" "Java/1.7.0_79"
212.225.226.48 - - [27/Jul/2017:03:38:34 +0200] "GET /amstetten HTTP/1.1" 200 12054 "-" "Java/1.7.0_79"
212.225.226.48 - - [27/Jul/2017:03:38:37 +0200] "GET /app HTTP/1.1" 200 8716 "-" "Java/1.7.0_79"
212.225.226.48 - - [27/Jul/2017:03:38:38 +0200] "GET /berndorf HTTP/1.1" 200 12339 "-" "Java/1.7.0_79"
212.225.226.48 - - [27/Jul/2017:03:38:41 +0200] "GET /bludenz HTTP/1.1" 200 11758 "-" "Java/1.7.0_79"
212.225.226.48 - - [27/Jul/2017:03:38:43 +0200] "GET /brigittenau HTTP/1.1" 200 12081 "-" "Java/1.7.0_79"
54.196.149.198 - - [27/Jul/2017:03:38:44 +0200] "GET /fuehrerscheine/traktor HTTP/1.1" 200 2534 "-" "Mozilla/5.0 (Windows NT 6.1; Win64; x64) AppleWebKit/537.36 (KHTML, like Gecko) Chrome/59.0.3071.115 Safari/537.36"
212.225.226.48 - - [27/Jul/2017:03:38:45 +0200] "GET /dornbirn HTTP/1.1" 200 12229 "-" "Java/1.7.0_79"
54.196.149.198 - - [27/Jul/2017:03:38:46 +0200] "GET /fuehrerscheine/lkw HTTP/1.1" 200 2618 "-" "Mozilla/5.0 (Windows NT 6.1; Win64; x64) AppleWebKit/537.36 (KHTML, like Gecko) Chrome/59.0.3071.115 Safari/537.36"
212.225.226.48 - - [27/Jul/2017:03:38:47 +0200] "GET /eisenstadt HTTP/1.1" 200 10700 "-" "Java/1.7.0_79"
54.196.149.198 - - [27/Jul/2017:03:38:48 +0200] "GET /fuehrerscheine/bus HTTP/1.1" 200 2564 "-" "Mozilla/5.0 (Windows NT 6.1; Win64; x64) AppleWebKit/537.36 (KHTML, like Gecko) Chrome/59.0.3071.115 Safari/537.36"
212.225.226.48 - - [27/Jul/2017:03:38:50 +0200] "GET /enns HTTP/1.1" 200 11160 "-" "Java/1.7.0_79"
54.196.149.198 - - [27/Jul/2017:03:38:51 +0200] "GET /fuehrerscheine/auto HTTP/1.1" 200 3305 "-" "Mozilla/5.0 (Windows NT 6.1; Win64; x64) AppleWebKit/537.36 (KHTML, like Gecko) Chrome/59.0.3071.115 Safari/537.36"
212.225.226.48 - - [27/Jul/2017:03:38:52 +0200] "GET /fahrschulen HTTP/1.1" 200 12396 "-" "Java/1.7.0_79"
54.196.149.198 - - [27/Jul/2017:03:38:53 +0200] "GET /fuehrerscheine/mofa HTTP/1.1" 200 2723 "-" "Mozilla/5.0 (Windows NT 6.1; Win64; x64) AppleWebKit/537.36 (KHTML, like Gecko) Chrome/59.0.3071.115 Safari/537.36"
212.225.226.48 - - [27/Jul/2017:03:38:54 +0200] "GET /feldkirch HTTP/1.1" 200 11498 "-" "Java/1.7.0_79"
54.196.149.198 - - [27/Jul/2017:03:38:55 +0200] "GET /fuehrerscheine/motorrad HTTP/1.1" 200 2824 "-" "Mozilla/5.0 (Windows NT 6.1; Win64; x64) AppleWebKit/537.36 (KHTML, like Gecko) Chrome/59.0.3071.115 Safari/537.36"
212.225.226.48 - - [27/Jul/2017:03:38:56 +0200] "GET /gmuend HTTP/1.1" 200 11400 "-" "Java/1.7.0_79"
212.225.226.48 - - [27/Jul/2017:03:38:58 +0200] "GET /guessing HTTP/1.1" 200 11602 "-" "Java/1.7.0_79"
212.225.226.48 - - [27/Jul/2017:03:39:00 +0200] "GET /hartberg HTTP/1.1" 200 12190 "-" "Java/1.7.0_79"
212.225.226.48 - - [27/Jul/2017:03:39:03 +0200] "GET /hollabrunn HTTP/1.1" 200 12318 "-" "Java/1.7.0_79"
212.225.226.48 - - [27/Jul/2017:03:39:05 +0200] "GET /horn HTTP/1.1" 200 11329 "-" "Java/1.7.0_79"
66.249.75.206 - - [27/Jul/2017:03:44:16 +0200] "GET /uploads/pdfs/wallensteinplatz/10281243_A1L17.pdf HTTP/1.1" 200 35928 "-" "Mozilla/5.0 (compatible; Googlebot/2.1; +http://www.google.com/bot.html)"
217.250.182.29 - - [27/Jul/2017:03:45:37 +0200] "GET / HTTP/1.1" 301 293 "-" "Mozilla/5.0 (Windows; U; Windows NT 6.0; de; rv:1.9.2.3) Gecko/20100401 Firefox/3.6.3 ( .NET CLR 3.5.30729)"
35.184.189.105 - - [27/Jul/2017:03:46:36 +0200] "GET /robots.txt HTTP/1.1" 200 101 "-" "ltx71 - (http://ltx71.com/)"
35.184.189.105 - - [27/Jul/2017:03:47:32 +0200] "GET /tulln/kurse HTTP/1.1" 200 4532 "-" "ltx71 - (http://ltx71.com/)"
66.249.75.208 - - [27/Jul/2017:03:48:22 +0200] "GET /binaries/easy-drivers-portal/traktor2jpg-4.jpg HTTP/1.1" 304 - "-" "Googlebot-Image/1.0"
40.77.167.128 - - [27/Jul/2017:03:50:11 +0200] "GET /st.poelten/10282921?FS=B-L17 HTTP/1.1" 200 6133 "-" "Mozilla/5.0 (compatible; bingbot/2.0; +http://www.bing.com/bingbot.htm)"
216.244.66.202 - - [27/Jul/2017:03:50:59 +0200] "GET /robots.txt HTTP/1.1" 200 178 "-" "Mozilla/5.0 (compatible; DotBot/1.1; http://www.opensiteexplorer.org/dotbot, help@moz.com)"
66.249.75.204 - - [27/Jul/2017:03:51:04 +0200] "GET /uploads/pdfs/brigittenau/10280871_BC.pdf HTTP/1.1" 200 29864 "-" "Mozilla/5.0 (compatible; Googlebot/2.1; +http://www.google.com/bot.html)"
85.25.210.41 - - [27/Jul/2017:03:54:36 +0200] "GET /robots.txt HTTP/1.1" 304 - "-" "Mozilla/5.0 (compatible; seoscanners.net/1; +spider@seoscanners.net)"
85.25.210.41 - - [27/Jul/2017:03:54:36 +0200] "GET /binaries/easy-drivers-wr-neustadt/agb-easy-drivers-wrneustadt.pdf HTTP/1.1" 200 92208 "-" "Mozilla/5.0 (compatible; seoscanners.net/1; +spider@seoscanners.net)"
85.25.210.41 - - [27/Jul/2017:03:54:55 +0200] "GET /steyr/ HTTP/1.1" 301 137 "-" "Mozilla/5.0 (compatible; seoscanners.net/1; +spider@seoscanners.net)"
85.25.210.41 - - [27/Jul/2017:03:54:55 +0200] "GET /steyr HTTP/1.1" 200 3704 "-" "Mozilla/5.0 (compatible; seoscanners.net/1; +spider@seoscanners.net)"
40.77.167.118 - - [27/Jul/2017:03:55:27 +0200] "GET /klagenfurt/10266476 HTTP/1.1" 200 3028 "-" "Mozilla/5.0 (compatible; bingbot/2.0; +http://www.bing.com/bingbot.htm)"
83.23.81.66 - - [27/Jul/2017:03:56:15 +0200] "GET /wp-login.php HTTP/1.1" 404 8373 "-" "Mozilla/5.0 (Windows NT 6.1; WOW64; rv:40.0) Gecko/20100101 Firefox/40.1"
83.23.81.66 - - [27/Jul/2017:03:56:17 +0200] "GET / HTTP/1.1" 200 15953 "-" "Mozilla/5.0 (Windows NT 6.1; WOW64; rv:40.0) Gecko/20100101 Firefox/40.1"
66.249.75.206 - - [27/Jul/2017:03:57:52 +0200] "GET /uploads/pdfs/amstetten/abendkursapr_B-L17.pdf HTTP/1.1" 200 34069 "-" "Mozilla/5.0 (compatible; Googlebot/2.1; +http://www.google.com/bot.html)"
35.184.189.105 - - [27/Jul/2017:03:57:54 +0200] "GET /robots.txt HTTP/1.1" 200 101 "-" "ltx71 - (http://ltx71.com/)"
162.243.140.245 - - [27/Jul/2017:04:02:02 +0200] "GET / HTTP/1.1" 400 222 "-" "Mozilla/5.0 zgrab/0.x"
216.244.66.202 - - [27/Jul/2017:04:02:47 +0200] "GET /robots.txt HTTP/1.1" 200 178 "-" "Mozilla/5.0 (compatible; DotBot/1.1; http://www.opensiteexplorer.org/dotbot, help@moz.com)"
66.249.75.204 - - [27/Jul/2017:04:04:39 +0200] "GET /perg HTTP/1.1" 200 3513 "-" "Mozilla/5.0 (compatible; Googlebot/2.1; +http://www.google.com/bot.html)"
216.244.66.249 - - [27/Jul/2017:04:05:58 +0200] "GET /berndorf/downloads HTTP/1.1" 200 11785 "-" "Mozilla/5.0 (compatible; DotBot/1.1; http://www.opensiteexplorer.org/dotbot, help@moz.com)"
217.182.132.69 - - [27/Jul/2017:04:06:47 +0200] "GET /spittelau/10287583 HTTP/1.1" 200 3182 "-" "Mozilla/5.0 (compatible; AhrefsBot/5.2; +http://ahrefs.com/robot/)"
51.255.65.58 - - [27/Jul/2017:04:08:57 +0200] "GET /zwettl/Inhaberdaten HTTP/1.1" 200 3695 "-" "Mozilla/5.0 (compatible; AhrefsBot/5.2; +http://ahrefs.com/robot/)"
216.244.66.249 - - [27/Jul/2017:04:09:55 +0200] "GET /ennstal.schladming/kk_19.05.2014?FS=A2BF HTTP/1.1" 410 11410 "-" "Mozilla/5.0 (compatible; DotBot/1.1; http://www.opensiteexplorer.org/dotbot, help@moz.com)"
216.244.66.249 - - [27/Jul/2017:04:10:07 +0200] "GET /ennstal.schladming/kk_18.08.2014?FS=BPlus HTTP/1.1" 410 11410 "-" "Mozilla/5.0 (compatible; DotBot/1.1; http://www.opensiteexplorer.org/dotbot, help@moz.com)"
216.244.66.249 - - [27/Jul/2017:04:10:15 +0200] "GET /ennstal.schladming/kk_10.06.2014?FS=B-L HTTP/1.1" 410 11410 "-" "Mozilla/5.0 (compatible; DotBot/1.1; http://www.opensiteexplorer.org/dotbot, help@moz.com)"
216.244.66.249 - - [27/Jul/2017:04:10:25 +0200] "GET /hartberg/10245693?FS=A1 HTTP/1.1" 410 10937 "-" "Mozilla/5.0 (compatible; DotBot/1.1; http://www.opensiteexplorer.org/dotbot, help@moz.com)"
216.244.66.249 - - [27/Jul/2017:04:10:33 +0200] "GET /brigittenau/10242535?FS=B HTTP/1.1" 410 11055 "-" "Mozilla/5.0 (compatible; DotBot/1.1; http://www.opensiteexplorer.org/dotbot, help@moz.com)"
216.244.66.249 - - [27/Jul/2017:04:10:42 +0200] "GET /ennstal.schladming/kk_07.07.2014?FS=F-Plus HTTP/1.1" 410 11410 "-" "Mozilla/5.0 (compatible; DotBot/1.1; http://www.opensiteexplorer.org/dotbot, help@moz.com)"
40.77.167.118 - - [27/Jul/2017:04:10:46 +0200] "GET /st.valentin/Semester_2016?FS=AM HTTP/1.1" 410 3470 "-" "Mozilla/5.0 (compatible; bingbot/2.0; +http://www.bing.com/bingbot.htm)"
216.244.66.249 - - [27/Jul/2017:04:10:51 +0200] "GET /brigittenau/10242670?FS=CCE HTTP/1.1" 410 11055 "-" "Mozilla/5.0 (compatible; DotBot/1.1; http://www.opensiteexplorer.org/dotbot, help@moz.com)"
216.244.66.249 - - [27/Jul/2017:04:10:59 +0200] "GET /brigittenau/10242670?FS=BCE HTTP/1.1" 410 11055 "-" "Mozilla/5.0 (compatible; DotBot/1.1; http://www.opensiteexplorer.org/dotbot, help@moz.com)"
216.244.66.249 - - [27/Jul/2017:04:11:08 +0200] "GET /schwechat/10247136?FS=BL1796 HTTP/1.1" 410 11209 "-" "Mozilla/5.0 (compatible; DotBot/1.1; http://www.opensiteexplorer.org/dotbot, help@moz.com)"
216.244.66.249 - - [27/Jul/2017:04:11:17 +0200] "GET /schwechat/10229932?FS=BZ HTTP/1.1" 410 11209 "-" "Mozilla/5.0 (compatible; DotBot/1.1; http://www.opensiteexplorer.org/dotbot, help@moz.com)"
66.249.75.204 - - [27/Jul/2017:04:11:27 +0200] "GET /uploads/pdfs/brigittenau/10281123_BE96.pdf HTTP/1.1" 200 29584 "-" "Mozilla/5.0 (compatible; Googlebot/2.1; +http://www.google.com/bot.html)"
216.244.66.249 - - [27/Jul/2017:04:11:26 +0200] "GET /schwechat/10229897?FS=A HTTP/1.1" 410 11209 "-" "Mozilla/5.0 (compatible; DotBot/1.1; http://www.opensiteexplorer.org/dotbot, help@moz.com)"
216.244.66.249 - - [27/Jul/2017:04:11:35 +0200] "GET /scheibbs/10249650?FS=BF HTTP/1.1" 200 20445 "-" "Mozilla/5.0 (compatible; DotBot/1.1; http://www.opensiteexplorer.org/dotbot, help@moz.com)"
216.244.66.249 - - [27/Jul/2017:04:11:42 +0200] "GET /leonding/oster_-_vormittagkurs?FS=BC HTTP/1.1" 410 11033 "-" "Mozilla/5.0 (compatible; DotBot/1.1; http://www.opensiteexplorer.org/dotbot, help@moz.com)"
216.244.66.249 - - [27/Jul/2017:04:11:51 +0200] "GET /leonding/10249911?FS=A1 HTTP/1.1" 410 11020 "-" "Mozilla/5.0 (compatible; DotBot/1.1; http://www.opensiteexplorer.org/dotbot, help@moz.com)"
216.244.66.249 - - [27/Jul/2017:04:12:00 +0200] "GET /kapfenberg.pankl/10241932?FS=B-L HTTP/1.1" 410 11176 "-" "Mozilla/5.0 (compatible; DotBot/1.1; http://www.opensiteexplorer.org/dotbot, help@moz.com)"
216.244.66.249 - - [27/Jul/2017:04:12:09 +0200] "GET /jennersdorf/10243034?FS=A HTTP/1.1" 410 10967 "-" "Mozilla/5.0 (compatible; DotBot/1.1; http://www.opensiteexplorer.org/dotbot, help@moz.com)"
216.244.66.249 - - [27/Jul/2017:04:12:18 +0200] "GET /hartberg/10250893?FS=AM-M1 HTTP/1.1" 410 10937 "-" "Mozilla/5.0 (compatible; DotBot/1.1; http://www.opensiteexplorer.org/dotbot, help@moz.com)"
216.244.66.249 - - [27/Jul/2017:04:12:27 +0200] "GET /hartberg/10250560?FS=A2BF HTTP/1.1" 410 10937 "-" "Mozilla/5.0 (compatible; DotBot/1.1; http://www.opensiteexplorer.org/dotbot, help@moz.com)"
216.244.66.249 - - [27/Jul/2017:04:12:35 +0200] "GET /hartberg/10250501?FS=CCE HTTP/1.1" 410 10937 "-" "Mozilla/5.0 (compatible; DotBot/1.1; http://www.opensiteexplorer.org/dotbot, help@moz.com)"
216.244.66.249 - - [27/Jul/2017:04:12:44 +0200] "GET /hartberg/10250453?FS=BL1796 HTTP/1.1" 410 10937 "-" "Mozilla/5.0 (compatible; DotBot/1.1; http://www.opensiteexplorer.org/dotbot, help@moz.com)"
216.244.66.249 - - [27/Jul/2017:04:12:53 +0200] "GET /hartberg/10250567?FS=CCE95 HTTP/1.1" 410 10937 "-" "Mozilla/5.0 (compatible; DotBot/1.1; http://www.opensiteexplorer.org/dotbot, help@moz.com)"
216.244.66.249 - - [27/Jul/2017:04:13:01 +0200] "GET /st.poelten/10251281?FS=B HTTP/1.1" 410 11057 "-" "Mozilla/5.0 (compatible; DotBot/1.1; http://www.opensiteexplorer.org/dotbot, help@moz.com)"
216.244.66.249 - - [27/Jul/2017:04:13:10 +0200] "GET /st.poelten/Bilder_Galerie/ HTTP/1.1" 200 15979 "-" "Mozilla/5.0 (compatible; DotBot/1.1; http://www.opensiteexplorer.org/dotbot, help@moz.com)"
216.244.66.249 - - [27/Jul/2017:04:13:15 +0200] "GET /brigittenau/10242529?FS=BE96 HTTP/1.1" 410 11055 "-" "Mozilla/5.0 (compatible; DotBot/1.1; http://www.opensiteexplorer.org/dotbot, help@moz.com)"
216.244.66.249 - - [27/Jul/2017:04:13:18 +0200] "GET /brigittenau/10242523?FS=AM-M HTTP/1.1" 410 11055 "-" "Mozilla/5.0 (compatible; DotBot/1.1; http://www.opensiteexplorer.org/dotbot, help@moz.com)"
216.244.66.249 - - [27/Jul/2017:04:13:26 +0200] "GET /bludenz/LKW-Kurs-CD-2014-03-31 HTTP/1.1" 410 11074 "-" "Mozilla/5.0 (compatible; DotBot/1.1; http://www.opensiteexplorer.org/dotbot, help@moz.com)"
216.244.66.249 - - [27/Jul/2017:04:13:35 +0200] "GET /bludenz/Anhaengerkurs-BE-2014-12-10?FS=BE HTTP/1.1" 410 11079 "-" "Mozilla/5.0 (compatible; DotBot/1.1; http://www.opensiteexplorer.org/dotbot, help@moz.com)"
216.244.66.249 - - [27/Jul/2017:04:15:25 +0200] "GET /ennstal.bad.aussee/berufskraftfahrer HTTP/1.1" 200 9838 "-" "Mozilla/5.0 (compatible; DotBot/1.1; http://www.opensiteexplorer.org/dotbot, help@moz.com)"
178.191.241.186 - - [27/Jul/2017:04:16:31 +0200] "GET / HTTP/1.1" 200 3563 "-" "Mozilla/5.0 (iPhone; CPU iPhone OS 10_3_2 like Mac OS X) AppleWebKit/603.2.4 (KHTML, like Gecko) Version/10.0 Mobile/14F89 Safari/602.1"
178.191.241.186 - - [27/Jul/2017:04:16:44 +0200] "GET /css/mobile.css HTTP/1.1" 200 2852 "http://www.easydrivers.at/" "Mozilla/5.0 (iPhone; CPU iPhone OS 10_3_2 like Mac OS X) AppleWebKit/603.2.4 (KHTML, like Gecko) Version/10.0 Mobile/14F89 Safari/602.1"
178.191.241.186 - - [27/Jul/2017:04:16:44 +0200] "GET /javascript/jquery.simplemodal.js HTTP/1.1" 200 3070 "http://www.easydrivers.at/" "Mozilla/5.0 (iPhone; CPU iPhone OS 10_3_2 like Mac OS X) AppleWebKit/603.2.4 (KHTML, like Gecko) Version/10.0 Mobile/14F89 Safari/602.1"
178.191.241.186 - - [27/Jul/2017:04:16:44 +0200] "GET /javascript/jquery-1.9.1.min.js HTTP/1.1" 200 32731 "http://www.easydrivers.at/" "Mozilla/5.0 (iPhone; CPU iPhone OS 10_3_2 like Mac OS X) AppleWebKit/603.2.4 (KHTML, like Gecko) Version/10.0 Mobile/14F89 Safari/602.1"
178.191.241.186 - - [27/Jul/2017:04:16:44 +0200] "GET /javascript/jquery.cookie.js HTTP/1.1" 200 863 "http://www.easydrivers.at/" "Mozilla/5.0 (iPhone; CPU iPhone OS 10_3_2 like Mac OS X) AppleWebKit/603.2.4 (KHTML, like Gecko) Version/10.0 Mobile/14F89 Safari/602.1"
178.191.241.186 - - [27/Jul/2017:04:16:45 +0200] "GET /javascript/lazyload.js HTTP/1.1" 200 1170 "http://www.easydrivers.at/" "Mozilla/5.0 (iPhone; CPU iPhone OS 10_3_2 like Mac OS X) AppleWebKit/603.2.4 (KHTML, like Gecko) Version/10.0 Mobile/14F89 Safari/602.1"
178.191.241.186 - - [27/Jul/2017:04:16:45 +0200] "GET /javascript/mobile-homesearch.js HTTP/1.1" 200 340 "http://www.easydrivers.at/" "Mozilla/5.0 (iPhone; CPU iPhone OS 10_3_2 like Mac OS X) AppleWebKit/603.2.4 (KHTML, like Gecko) Version/10.0 Mobile/14F89 Safari/602.1"
178.191.241.186 - - [27/Jul/2017:04:16:45 +0200] "GET /img/mobile/menu-button.png HTTP/1.1" 200 1746 "http://www.easydrivers.at/" "Mozilla/5.0 (iPhone; CPU iPhone OS 10_3_2 like Mac OS X) AppleWebKit/603.2.4 (KHTML, like Gecko) Version/10.0 Mobile/14F89 Safari/602.1"
178.191.241.186 - - [27/Jul/2017:04:16:45 +0200] "GET /img/mobile/easydrivers-logo-mobile.png HTTP/1.1" 200 10766 "http://www.easydrivers.at/" "Mozilla/5.0 (iPhone; CPU iPhone OS 10_3_2 like Mac OS X) AppleWebKit/603.2.4 (KHTML, like Gecko) Version/10.0 Mobile/14F89 Safari/602.1"
178.191.241.186 - - [27/Jul/2017:04:16:45 +0200] "GET /img/mobile/close-button.png HTTP/1.1" 200 2411 "http://www.easydrivers.at/" "Mozilla/5.0 (iPhone; CPU iPhone OS 10_3_2 like Mac OS X) AppleWebKit/603.2.4 (KHTML, like Gecko) Version/10.0 Mobile/14F89 Safari/602.1"
178.191.241.186 - - [27/Jul/2017:04:16:45 +0200] "GET /img/mobile/widget-icon-app.png HTTP/1.1" 200 3458 "http://www.easydrivers.at/" "Mozilla/5.0 (iPhone; CPU iPhone OS 10_3_2 like Mac OS X) AppleWebKit/603.2.4 (KHTML, like Gecko) Version/10.0 Mobile/14F89 Safari/602.1"
178.191.241.186 - - [27/Jul/2017:04:16:45 +0200] "GET /img/mobile/facebook-icon.png HTTP/1.1" 200 1902 "http://www.easydrivers.at/" "Mozilla/5.0 (iPhone; CPU iPhone OS 10_3_2 like Mac OS X) AppleWebKit/603.2.4 (KHTML, like Gecko) Version/10.0 Mobile/14F89 Safari/602.1"
178.191.241.186 - - [27/Jul/2017:04:16:45 +0200] "GET /javascript/mobile-menu.js HTTP/1.1" 200 1634 "http://www.easydrivers.at/" "Mozilla/5.0 (iPhone; CPU iPhone OS 10_3_2 like Mac OS X) AppleWebKit/603.2.4 (KHTML, like Gecko) Version/10.0 Mobile/14F89 Safari/602.1"
178.191.241.186 - - [27/Jul/2017:04:16:48 +0200] "GET /img/mobile/bg-header.jpg HTTP/1.1" 200 19741 "http://www.easydrivers.at/" "Mozilla/5.0 (iPhone; CPU iPhone OS 10_3_2 like Mac OS X) AppleWebKit/603.2.4 (KHTML, like Gecko) Version/10.0 Mobile/14F89 Safari/602.1"
178.191.241.186 - - [27/Jul/2017:04:16:48 +0200] "GET /img/mobile/bg-menu.jpg HTTP/1.1" 200 1698 "http://www.easydrivers.at/" "Mozilla/5.0 (iPhone; CPU iPhone OS 10_3_2 like Mac OS X) AppleWebKit/603.2.4 (KHTML, like Gecko) Version/10.0 Mobile/14F89 Safari/602.1"
178.191.241.186 - - [27/Jul/2017:04:16:48 +0200] "GET /img/mobile/pfeil-rechts.png HTTP/1.1" 200 1228 "http://www.easydrivers.at/" "Mozilla/5.0 (iPhone; CPU iPhone OS 10_3_2 like Mac OS X) AppleWebKit/603.2.4 (KHTML, like Gecko) Version/10.0 Mobile/14F89 Safari/602.1"
178.191.241.186 - - [27/Jul/2017:04:16:48 +0200] "GET /img/mobile/bg-top-section.jpg HTTP/1.1" 200 21711 "http://www.easydrivers.at/" "Mozilla/5.0 (iPhone; CPU iPhone OS 10_3_2 like Mac OS X) AppleWebKit/603.2.4 (KHTML, like Gecko) Version/10.0 Mobile/14F89 Safari/602.1"
66.249.91.235 - - [27/Jul/2017:04:17:35 +0200] "GET /css/print.css HTTP/1.1" 200 967 "http://www.easydrivers.at/bruck.leitha" "AdsBot-Google (+http://www.google.com/adsbot.html)"
216.244.66.249 - - [27/Jul/2017:04:17:34 +0200] "GET /leonding HTTP/1.1" 200 11626 "-" "Mozilla/5.0 (compatible; DotBot/1.1; http://www.opensiteexplorer.org/dotbot, help@moz.com)"
66.249.91.237 - - [27/Jul/2017:04:17:36 +0200] "GET /javascript/lazyload.js HTTP/1.1" 200 1170 "http://www.easydrivers.at/bruck.leitha" "AdsBot-Google (+http://www.google.com/adsbot.html)"
66.249.91.235 - - [27/Jul/2017:04:17:37 +0200] "GET /css/style.css HTTP/1.1" 200 5004 "http://www.easydrivers.at/bruck.leitha" "AdsBot-Google (+http://www.google.com/adsbot.html)"
66.249.91.237 - - [27/Jul/2017:04:17:37 +0200] "GET /javascript/jquery.cookie.js HTTP/1.1" 200 863 "http://www.easydrivers.at/bruck.leitha" "AdsBot-Google (+http://www.google.com/adsbot.html)"
66.249.91.233 - - [27/Jul/2017:04:17:38 +0200] "GET /javascript/portal.js?1221842734 HTTP/1.1" 200 3529 "http://www.easydrivers.at/bruck.leitha" "AdsBot-Google (+http://www.google.com/adsbot.html)"
66.249.91.235 - - [27/Jul/2017:04:17:38 +0200] "GET /javascript/jquery.simplemodal.js HTTP/1.1" 200 3070 "http://www.easydrivers.at/bruck.leitha" "AdsBot-Google (+http://www.google.com/adsbot.html)"
66.249.91.235 - - [27/Jul/2017:04:17:39 +0200] "GET /javascript/jquery.customSelect.min.js HTTP/1.1" 200 912 "http://www.easydrivers.at/bruck.leitha" "AdsBot-Google (+http://www.google.com/adsbot.html)"
66.249.91.237 - - [27/Jul/2017:04:17:39 +0200] "GET /javascript/fahrschule.js HTTP/1.1" 200 462 "http://www.easydrivers.at/bruck.leitha" "AdsBot-Google (+http://www.google.com/adsbot.html)"
66.249.75.202 - - [27/Jul/2017:04:18:14 +0200] "GET /uploads/pdfs/leonding/10278501_AM.pdf HTTP/1.1" 200 29891 "-" "Mozilla/5.0 (compatible; Googlebot/2.1; +http://www.google.com/bot.html)"
35.184.189.105 - - [27/Jul/2017:04:18:44 +0200] "GET /robots.txt HTTP/1.1" 200 101 "-" "ltx71 - (http://ltx71.com/)"
180.76.15.14 - - [27/Jul/2017:04:22:16 +0200] "GET / HTTP/1.1" 200 4406 "-" "Mozilla/5.0 (compatible; Baiduspider/2.0; +http://www.baidu.com/search/spider.html)"
188.230.216.79 - - [27/Jul/2017:04:22:49 +0200] "GET /wp-login.php HTTP/1.1" 404 8373 "-" "Mozilla/5.0 (Windows NT 6.1; WOW64; rv:40.0) Gecko/20100101 Firefox/40.1"
188.230.216.79 - - [27/Jul/2017:04:22:50 +0200] "GET / HTTP/1.1" 200 15953 "-" "Mozilla/5.0 (Windows NT 6.1; WOW64; rv:40.0) Gecko/20100101 Firefox/40.1"
216.244.66.249 - - [27/Jul/2017:04:23:14 +0200] "GET /horn/10271307?FS=A HTTP/1.1" 410 10927 "-" "Mozilla/5.0 (compatible; DotBot/1.1; http://www.opensiteexplorer.org/dotbot, help@moz.com)"
216.244.66.249 - - [27/Jul/2017:04:23:23 +0200] "GET /hartberg/10250441 HTTP/1.1" 410 10937 "-" "Mozilla/5.0 (compatible; DotBot/1.1; http://www.opensiteexplorer.org/dotbot, help@moz.com)"
216.244.66.249 - - [27/Jul/2017:04:23:32 +0200] "GET /hartberg/10250393 HTTP/1.1" 410 10937 "-" "Mozilla/5.0 (compatible; DotBot/1.1; http://www.opensiteexplorer.org/dotbot, help@moz.com)"
216.244.66.249 - - [27/Jul/2017:04:23:41 +0200] "GET /radfahrschule/referenzen HTTP/1.1" 200 13264 "-" "Mozilla/5.0 (compatible; DotBot/1.1; http://www.opensiteexplorer.org/dotbot, help@moz.com)"
194.29.99.50 - - [27/Jul/2017:04:23:51 +0200] "GET /binaries/easy-drivers-portal/edwebhistoryillu392x39220kpng.png HTTP/1.1" 304 - "-" "Mozilla/4.0 (compatible;)"
66.249.75.202 - - [27/Jul/2017:04:25:02 +0200] "GET /uploads/pdfs/am.spitz/10281288_A1L17.pdf HTTP/1.1" 200 35304 "-" "Mozilla/5.0 (compatible; Googlebot/2.1; +http://www.google.com/bot.html)"
37.9.113.102 - - [27/Jul/2017:04:26:09 +0200] "GET /robots.txt HTTP/1.1" 200 178 "-" "Mozilla/5.0 (compatible; YandexBot/3.0; +http://yandex.com/bots)"
37.9.113.102 - - [27/Jul/2017:04:26:13 +0200] "GET /binaries/10248321.jpg HTTP/1.1" 304 - "-" "Mozilla/5.0 (compatible; YandexImages/3.0; +http://yandex.com/bots)"
66.249.75.206 - - [27/Jul/2017:04:26:17 +0200] "GET /binaries/easy-drivers-portal/widgetfrequencypng-1.png HTTP/1.1" 304 - "-" "Googlebot-Image/1.0"
198.148.27.27 - - [27/Jul/2017:04:27:09 +0200] "GET / HTTP/1.1" 301 293 "-" "okhttp/3.4.1"
198.148.27.10 - - [27/Jul/2017:04:27:10 +0200] "GET / HTTP/1.1" 200 4406 "-" "okhttp/3.4.1"
216.244.66.202 - - [27/Jul/2017:04:27:11 +0200] "GET /horn HTTP/1.1" 200 11329 "-" "Mozilla/5.0 (compatible; DotBot/1.1; http://www.opensiteexplorer.org/dotbot, help@moz.com)"
187.113.149.153 - - [27/Jul/2017:04:28:54 +0200] "HEAD / HTTP/1.1" 301 - "-" "Mozilla/5.0 (Linux; Android 4.4; Nexus 5 Build/LMY48B ) AppleWebKit/537.36 (KHTML, like Gecko) Version/4.0 Chrome/30.0.0.0 Mobile Safari/537.36"
187.113.149.153 - - [27/Jul/2017:04:28:56 +0200] "HEAD / HTTP/1.1" 501 - "-" "Mozilla/5.0 (Linux; Android 4.4; Nexus 5 Build/LMY48B ) AppleWebKit/537.36 (KHTML, like Gecko) Version/4.0 Chrome/30.0.0.0 Mobile Safari/537.36"
40.77.167.18 - - [27/Jul/2017:04:29:44 +0200] "GET / HTTP/1.1" 301 295 "-" "Mozilla/5.0 (compatible; bingbot/2.0; +http://www.bing.com/bingbot.htm)"
35.184.189.105 - - [27/Jul/2017:04:31:43 +0200] "GET /robots.txt HTTP/1.1" 200 101 "-" "ltx71 - (http://ltx71.com/)"
80.110.117.31 - - [27/Jul/2017:04:31:47 +0200] "GET / HTTP/1.1" 200 4406 "-" "Mozilla/5.0 (Macintosh; Intel Mac OS X 10_9_5) AppleWebKit/601.7.8 (KHTML, like Gecko) Version/9.1.3 Safari/537.86.7"
66.249.75.204 - - [27/Jul/2017:04:31:49 +0200] "GET /hollabrunn HTTP/1.1" 200 3764 "-" "Mozilla/5.0 (compatible; Googlebot/2.1; +http://www.google.com/bot.html)"
66.249.69.61 - - [27/Jul/2017:04:33:11 +0200] "GET / HTTP/1.1" 301 295 "-" "Mozilla/5.0 (compatible; Googlebot/2.1; +http://www.google.com/bot.html)"
46.229.164.101 - - [27/Jul/2017:04:33:27 +0200] "GET /skarabela.gross-enzersdorf/robots.txt HTTP/1.1" 404 317 "-" "Mozilla/5.0 (compatible; SemrushBot/1.2~bl; +http://www.semrush.com/bot.html)"
194.118.169.91 - - [27/Jul/2017:04:33:28 +0200] "GET /javascript/lazyload.js HTTP/1.1" 304 - "-" "Mozilla/5.0 (Linux; Android 6.0; LG-K350 Build/MRA58K) AppleWebKit/537.36 (KHTML, like Gecko) Chrome/59.0.3071.125 Mobile Safari/537.36"
194.118.169.91 - - [27/Jul/2017:04:33:28 +0200] "GET /javascript/jquery.cookie.js HTTP/1.1" 304 - "-" "Mozilla/5.0 (Linux; Android 6.0; LG-K350 Build/MRA58K) AppleWebKit/537.36 (KHTML, like Gecko) Chrome/59.0.3071.125 Mobile Safari/537.36"
194.118.169.91 - - [27/Jul/2017:04:33:28 +0200] "GET /javascript/jquery.simplemodal.js HTTP/1.1" 304 - "-" "Mozilla/5.0 (Linux; Android 6.0; LG-K350 Build/MRA58K) AppleWebKit/537.36 (KHTML, like Gecko) Chrome/59.0.3071.125 Mobile Safari/537.36"
194.118.169.91 - - [27/Jul/2017:04:33:29 +0200] "GET /img/mobile/bg-menu.jpg HTTP/1.1" 304 - "-" "Mozilla/5.0 (Linux; Android 6.0; LG-K350 Build/MRA58K) AppleWebKit/537.36 (KHTML, like Gecko) Chrome/59.0.3071.125 Mobile Safari/537.36"
194.118.169.91 - - [27/Jul/2017:04:33:29 +0200] "GET /javascript/mobile-menu.js HTTP/1.1" 304 - "-" "Mozilla/5.0 (Linux; Android 6.0; LG-K350 Build/MRA58K) AppleWebKit/537.36 (KHTML, like Gecko) Chrome/59.0.3071.125 Mobile Safari/537.36"
194.118.169.91 - - [27/Jul/2017:04:33:29 +0200] "GET /img/mobile/bg-header.jpg HTTP/1.1" 304 - "-" "Mozilla/5.0 (Linux; Android 6.0; LG-K350 Build/MRA58K) AppleWebKit/537.36 (KHTML, like Gecko) Chrome/59.0.3071.125 Mobile Safari/537.36"
194.118.169.91 - - [27/Jul/2017:04:33:29 +0200] "GET /img/mobile/menu-button.png HTTP/1.1" 304 - "-" "Mozilla/5.0 (Linux; Android 6.0; LG-K350 Build/MRA58K) AppleWebKit/537.36 (KHTML, like Gecko) Chrome/59.0.3071.125 Mobile Safari/537.36"
194.118.169.91 - - [27/Jul/2017:04:33:29 +0200] "GET /img/mobile/facebook-icon.png HTTP/1.1" 304 - "-" "Mozilla/5.0 (Linux; Android 6.0; LG-K350 Build/MRA58K) AppleWebKit/537.36 (KHTML, like Gecko) Chrome/59.0.3071.125 Mobile Safari/537.36"
194.118.169.91 - - [27/Jul/2017:04:33:29 +0200] "GET /img/mobile/close-button.png HTTP/1.1" 304 - "-" "Mozilla/5.0 (Linux; Android 6.0; LG-K350 Build/MRA58K) AppleWebKit/537.36 (KHTML, like Gecko) Chrome/59.0.3071.125 Mobile Safari/537.36"
194.118.169.91 - - [27/Jul/2017:04:33:29 +0200] "GET /css/mobile.css HTTP/1.1" 304 - "-" "Mozilla/5.0 (Linux; Android 6.0; LG-K350 Build/MRA58K) AppleWebKit/537.36 (KHTML, like Gecko) Chrome/59.0.3071.125 Mobile Safari/537.36"
194.118.169.91 - - [27/Jul/2017:04:33:29 +0200] "GET /javascript/jquery-1.9.1.min.js HTTP/1.1" 304 - "-" "Mozilla/5.0 (Linux; Android 6.0; LG-K350 Build/MRA58K) AppleWebKit/537.36 (KHTML, like Gecko) Chrome/59.0.3071.125 Mobile Safari/537.36"
194.118.169.91 - - [27/Jul/2017:04:33:29 +0200] "GET /img/smallicon-phone.png HTTP/1.1" 304 - "-" "Mozilla/5.0 (Linux; Android 6.0; LG-K350 Build/MRA58K) AppleWebKit/537.36 (KHTML, like Gecko) Chrome/59.0.3071.125 Mobile Safari/537.36"
194.118.169.91 - - [27/Jul/2017:04:33:29 +0200] "GET /img/mobile/easydrivers-logo-mobile.png HTTP/1.1" 304 - "-" "Mozilla/5.0 (Linux; Android 6.0; LG-K350 Build/MRA58K) AppleWebKit/537.36 (KHTML, like Gecko) Chrome/59.0.3071.125 Mobile Safari/537.36"
194.118.169.91 - - [27/Jul/2017:04:33:29 +0200] "GET /img/smallicon-mail.png HTTP/1.1" 304 - "-" "Mozilla/5.0 (Linux; Android 6.0; LG-K350 Build/MRA58K) AppleWebKit/537.36 (KHTML, like Gecko) Chrome/59.0.3071.125 Mobile Safari/537.36"
194.118.169.91 - - [27/Jul/2017:04:33:29 +0200] "GET /img/smallicon-address.png HTTP/1.1" 304 - "-" "Mozilla/5.0 (Linux; Android 6.0; LG-K350 Build/MRA58K) AppleWebKit/537.36 (KHTML, like Gecko) Chrome/59.0.3071.125 Mobile Safari/537.36"
194.118.169.91 - - [27/Jul/2017:04:33:29 +0200] "GET /img/smallicon-time.png HTTP/1.1" 304 - "-" "Mozilla/5.0 (Linux; Android 6.0; LG-K350 Build/MRA58K) AppleWebKit/537.36 (KHTML, like Gecko) Chrome/59.0.3071.125 Mobile Safari/537.36"
194.118.169.91 - - [27/Jul/2017:04:33:29 +0200] "GET /img/mobile/googlemaps-pin.png HTTP/1.1" 304 - "-" "Mozilla/5.0 (Linux; Android 6.0; LG-K350 Build/MRA58K) AppleWebKit/537.36 (KHTML, like Gecko) Chrome/59.0.3071.125 Mobile Safari/537.36"
194.118.169.91 - - [27/Jul/2017:04:33:29 +0200] "GET /img/mobile/info-close-button.png HTTP/1.1" 304 - "-" "Mozilla/5.0 (Linux; Android 6.0; LG-K350 Build/MRA58K) AppleWebKit/537.36 (KHTML, like Gecko) Chrome/59.0.3071.125 Mobile Safari/537.36"
194.118.169.91 - - [27/Jul/2017:04:33:29 +0200] "GET /img/mobile/info-button.png HTTP/1.1" 304 - "-" "Mozilla/5.0 (Linux; Android 6.0; LG-K350 Build/MRA58K) AppleWebKit/537.36 (KHTML, like Gecko) Chrome/59.0.3071.125 Mobile Safari/537.36"
194.118.169.91 - - [27/Jul/2017:04:33:29 +0200] "GET /javascript/mobile-fahrschule.js HTTP/1.1" 304 - "-" "Mozilla/5.0 (Linux; Android 6.0; LG-K350 Build/MRA58K) AppleWebKit/537.36 (KHTML, like Gecko) Chrome/59.0.3071.125 Mobile Safari/537.36"
194.118.169.91 - - [27/Jul/2017:04:33:29 +0200] "GET /img/smallicon-person.png HTTP/1.1" 304 - "-" "Mozilla/5.0 (Linux; Android 6.0; LG-K350 Build/MRA58K) AppleWebKit/537.36 (KHTML, like Gecko) Chrome/59.0.3071.125 Mobile Safari/537.36"
194.118.169.91 - - [27/Jul/2017:04:33:29 +0200] "GET /img/facebook-icon.png HTTP/1.1" 304 - "-" "Mozilla/5.0 (Linux; Android 6.0; LG-K350 Build/MRA58K) AppleWebKit/537.36 (KHTML, like Gecko) Chrome/59.0.3071.125 Mobile Safari/537.36"
194.118.169.91 - - [27/Jul/2017:04:33:29 +0200] "GET /img/mobile/bg-top-section.jpg HTTP/1.1" 304 - "-" "Mozilla/5.0 (Linux; Android 6.0; LG-K350 Build/MRA58K) AppleWebKit/537.36 (KHTML, like Gecko) Chrome/59.0.3071.125 Mobile Safari/537.36"
194.118.169.91 - - [27/Jul/2017:04:33:29 +0200] "GET /css/style.css HTTP/1.1" 304 - "-" "Mozilla/5.0 (Linux; Android 6.0; LG-K350 Build/MRA58K) AppleWebKit/537.36 (KHTML, like Gecko) Chrome/59.0.3071.125 Mobile Safari/537.36"
194.118.169.91 - - [27/Jul/2017:04:33:29 +0200] "GET /img/kursicon-phone-pink.png HTTP/1.1" 304 - "-" "Mozilla/5.0 (Linux; Android 6.0; LG-K350 Build/MRA58K) AppleWebKit/537.36 (KHTML, like Gecko) Chrome/59.0.3071.125 Mobile Safari/537.36"
194.118.169.91 - - [27/Jul/2017:04:33:29 +0200] "GET /img/kursicon-share-pink.png HTTP/1.1" 304 - "-" "Mozilla/5.0 (Linux; Android 6.0; LG-K350 Build/MRA58K) AppleWebKit/537.36 (KHTML, like Gecko) Chrome/59.0.3071.125 Mobile Safari/537.36"
194.118.169.91 - - [27/Jul/2017:04:33:29 +0200] "GET /img/schweiz-icon.png HTTP/1.1" 304 - "-" "Mozilla/5.0 (Linux; Android 6.0; LG-K350 Build/MRA58K) AppleWebKit/537.36 (KHTML, like Gecko) Chrome/59.0.3071.125 Mobile Safari/537.36"
194.118.169.91 - - [27/Jul/2017:04:33:29 +0200] "GET /css/print.css HTTP/1.1" 304 - "-" "Mozilla/5.0 (Linux; Android 6.0; LG-K350 Build/MRA58K) AppleWebKit/537.36 (KHTML, like Gecko) Chrome/59.0.3071.125 Mobile Safari/537.36"
194.118.169.91 - - [27/Jul/2017:04:33:29 +0200] "GET /img/kursicon-download-pink.png HTTP/1.1" 304 - "-" "Mozilla/5.0 (Linux; Android 6.0; LG-K350 Build/MRA58K) AppleWebKit/537.36 (KHTML, like Gecko) Chrome/59.0.3071.125 Mobile Safari/537.36"
194.118.169.91 - - [27/Jul/2017:04:33:29 +0200] "GET /img/close-button.png HTTP/1.1" 304 - "-" "Mozilla/5.0 (Linux; Android 6.0; LG-K350 Build/MRA58K) AppleWebKit/537.36 (KHTML, like Gecko) Chrome/59.0.3071.125 Mobile Safari/537.36"
194.118.169.91 - - [27/Jul/2017:04:33:29 +0200] "GET /javascript/jquery.customSelect.min.js HTTP/1.1" 304 - "-" "Mozilla/5.0 (Linux; Android 6.0; LG-K350 Build/MRA58K) AppleWebKit/537.36 (KHTML, like Gecko) Chrome/59.0.3071.125 Mobile Safari/537.36"
194.118.169.91 - - [27/Jul/2017:04:33:29 +0200] "GET /javascript/portal.js?1221842734 HTTP/1.1" 304 - "-" "Mozilla/5.0 (Linux; Android 6.0; LG-K350 Build/MRA58K) AppleWebKit/537.36 (KHTML, like Gecko) Chrome/59.0.3071.125 Mobile Safari/537.36"
194.118.169.91 - - [27/Jul/2017:04:33:29 +0200] "GET /img/kursicon-print-pink.png HTTP/1.1" 304 - "-" "Mozilla/5.0 (Linux; Android 6.0; LG-K350 Build/MRA58K) AppleWebKit/537.36 (KHTML, like Gecko) Chrome/59.0.3071.125 Mobile Safari/537.36"
194.118.169.91 - - [27/Jul/2017:04:33:29 +0200] "GET /img/ED_Logo.png HTTP/1.1" 304 - "-" "Mozilla/5.0 (Linux; Android 6.0; LG-K350 Build/MRA58K) AppleWebKit/537.36 (KHTML, like Gecko) Chrome/59.0.3071.125 Mobile Safari/537.36"
194.118.169.91 - - [27/Jul/2017:04:33:29 +0200] "GET /img/bg-footer.jpg HTTP/1.1" 304 - "-" "Mozilla/5.0 (Linux; Android 6.0; LG-K350 Build/MRA58K) AppleWebKit/537.36 (KHTML, like Gecko) Chrome/59.0.3071.125 Mobile Safari/537.36"
194.118.169.91 - - [27/Jul/2017:04:33:29 +0200] "GET /img/locator-icon.png HTTP/1.1" 304 - "-" "Mozilla/5.0 (Linux; Android 6.0; LG-K350 Build/MRA58K) AppleWebKit/537.36 (KHTML, like Gecko) Chrome/59.0.3071.125 Mobile Safari/537.36"
194.118.169.91 - - [27/Jul/2017:04:33:29 +0200] "GET /img/bg-header.jpg HTTP/1.1" 304 - "-" "Mozilla/5.0 (Linux; Android 6.0; LG-K350 Build/MRA58K) AppleWebKit/537.36 (KHTML, like Gecko) Chrome/59.0.3071.125 Mobile Safari/537.36"
194.118.169.91 - - [27/Jul/2017:04:33:29 +0200] "GET /img/close-button-small.png HTTP/1.1" 304 - "-" "Mozilla/5.0 (Linux; Android 6.0; LG-K350 Build/MRA58K) AppleWebKit/537.36 (KHTML, like Gecko) Chrome/59.0.3071.125 Mobile Safari/537.36"
194.118.169.91 - - [27/Jul/2017:04:33:29 +0200] "GET /javascript/fahrschule.js HTTP/1.1" 304 - "-" "Mozilla/5.0 (Linux; Android 6.0; LG-K350 Build/MRA58K) AppleWebKit/537.36 (KHTML, like Gecko) Chrome/59.0.3071.125 Mobile Safari/537.36"
194.118.169.91 - - [27/Jul/2017:04:33:30 +0200] "GET /img/purple-dots-horizontal.png HTTP/1.1" 304 - "-" "Mozilla/5.0 (Linux; Android 6.0; LG-K350 Build/MRA58K) AppleWebKit/537.36 (KHTML, like Gecko) Chrome/59.0.3071.125 Mobile Safari/537.36"
194.118.169.91 - - [27/Jul/2017:04:33:30 +0200] "GET /img/info-button.png HTTP/1.1" 304 - "-" "Mozilla/5.0 (Linux; Android 6.0; LG-K350 Build/MRA58K) AppleWebKit/537.36 (KHTML, like Gecko) Chrome/59.0.3071.125 Mobile Safari/537.36"
194.118.169.91 - - [27/Jul/2017:04:33:30 +0200] "GET /img/top-image-overlay.png HTTP/1.1" 304 - "-" "Mozilla/5.0 (Linux; Android 6.0; LG-K350 Build/MRA58K) AppleWebKit/537.36 (KHTML, like Gecko) Chrome/59.0.3071.125 Mobile Safari/537.36"
194.118.169.91 - - [27/Jul/2017:04:33:30 +0200] "GET /img/bg-top-section.jpg HTTP/1.1" 304 - "-" "Mozilla/5.0 (Linux; Android 6.0; LG-K350 Build/MRA58K) AppleWebKit/537.36 (KHTML, like Gecko) Chrome/59.0.3071.125 Mobile Safari/537.36"
217.10.52.10 - - [27/Jul/2017:04:33:50 +0200] "GET /img/black-dots-vertical.png HTTP/1.1" 200 1165 "-" "Mozilla/4.0 (compatible;)"
217.250.182.29 - - [27/Jul/2017:04:35:37 +0200] "GET /krems HTTP/1.1" 200 3773 "-" "Mozilla/5.0 (Windows; U; Windows NT 6.0; de; rv:1.9.2.3) Gecko/20100401 Firefox/3.6.3 ( .NET CLR 3.5.30729)"
40.77.167.118 - - [27/Jul/2017:04:38:17 +0200] "GET /bruck.leitha/kursauswahl HTTP/1.1" 200 3586 "-" "Mozilla/5.0 (compatible; bingbot/2.0; +http://www.bing.com/bingbot.htm)"
131.253.25.236 - - [27/Jul/2017:04:38:20 +0200] "GET /javascript/jquery.base64.min.js HTTP/1.1" 200 37135 "http://www.easydrivers.at/bruck.leitha/kursauswahl" "Mozilla/5.0 (Windows NT 6.1; WOW64) AppleWebKit/534+ (KHTML, like Gecko) BingPreview/1.0b"
217.250.182.29 - - [27/Jul/2017:04:38:30 +0200] "GET /berndorf HTTP/1.1" 200 3751 "-" "Mozilla/5.0 (Windows; U; Windows NT 6.0; de; rv:1.9.2.3) Gecko/20100401 Firefox/3.6.3 ( .NET CLR 3.5.30729)"
66.249.75.202 - - [27/Jul/2017:04:38:37 +0200] "GET /dornbirn/10248227?FS= HTTP/1.1" 200 3233 "-" "Mozilla/5.0 (Linux; Android 6.0.1; Nexus 5X Build/MMB29P) AppleWebKit/537.36 (KHTML, like Gecko) Chrome/41.0.2272.96 Mobile Safari/537.36 (compatible; Googlebot/2.1; +http://www.google.com/bot.html)"
52.210.89.237 - - [27/Jul/2017:04:38:42 +0200] "GET /schwechat HTTP/1.1" 200 3054 "-" "Mozilla/5.0 (Linux; Android 6.0.1; Moto G (4) Build/MPJ24.139-64) AppleWebKit/537.36 (KHTML, like Gecko) Chrome/58.0.3029.81 Mobile Safari/537.36 PTST/387"
52.210.89.237 - - [27/Jul/2017:04:38:45 +0200] "GET /css/mobile.css HTTP/1.1" 200 2852 "http://www.easydrivers.at/schwechat" "Mozilla/5.0 (Linux; Android 6.0.1; Moto G (4) Build/MPJ24.139-64) AppleWebKit/537.36 (KHTML, like Gecko) Chrome/58.0.3029.81 Mobile Safari/537.36 PTST/387"
52.210.89.237 - - [27/Jul/2017:04:38:45 +0200] "GET /javascript/jquery-1.9.1.min.js HTTP/1.1" 200 32731 "http://www.easydrivers.at/schwechat" "Mozilla/5.0 (Linux; Android 6.0.1; Moto G (4) Build/MPJ24.139-64) AppleWebKit/537.36 (KHTML, like Gecko) Chrome/58.0.3029.81 Mobile Safari/537.36 PTST/387"
52.210.89.237 - - [27/Jul/2017:04:38:45 +0200] "GET /javascript/jquery.cookie.js HTTP/1.1" 200 863 "http://www.easydrivers.at/schwechat" "Mozilla/5.0 (Linux; Android 6.0.1; Moto G (4) Build/MPJ24.139-64) AppleWebKit/537.36 (KHTML, like Gecko) Chrome/58.0.3029.81 Mobile Safari/537.36 PTST/387"
52.210.89.237 - - [27/Jul/2017:04:38:45 +0200] "GET /javascript/mobile-menu.js HTTP/1.1" 200 1634 "http://www.easydrivers.at/schwechat" "Mozilla/5.0 (Linux; Android 6.0.1; Moto G (4) Build/MPJ24.139-64) AppleWebKit/537.36 (KHTML, like Gecko) Chrome/58.0.3029.81 Mobile Safari/537.36 PTST/387"
52.210.89.237 - - [27/Jul/2017:04:38:45 +0200] "GET /javascript/jquery.simplemodal.js HTTP/1.1" 200 3070 "http://www.easydrivers.at/schwechat" "Mozilla/5.0 (Linux; Android 6.0.1; Moto G (4) Build/MPJ24.139-64) AppleWebKit/537.36 (KHTML, like Gecko) Chrome/58.0.3029.81 Mobile Safari/537.36 PTST/387"
52.210.89.237 - - [27/Jul/2017:04:38:46 +0200] "GET /javascript/mobile-fahrschule.js HTTP/1.1" 200 328 "http://www.easydrivers.at/schwechat" "Mozilla/5.0 (Linux; Android 6.0.1; Moto G (4) Build/MPJ24.139-64) AppleWebKit/537.36 (KHTML, like Gecko) Chrome/58.0.3029.81 Mobile Safari/537.36 PTST/387"
52.210.89.237 - - [27/Jul/2017:04:38:47 +0200] "GET /img/mobile/bg-header.jpg HTTP/1.1" 200 19741 "http://www.easydrivers.at/css/mobile.css" "Mozilla/5.0 (Linux; Android 6.0.1; Moto G (4) Build/MPJ24.139-64) AppleWebKit/537.36 (KHTML, like Gecko) Chrome/58.0.3029.81 Mobile Safari/537.36 PTST/387"
52.210.89.237 - - [27/Jul/2017:04:38:47 +0200] "GET /javascript/lazyload.js HTTP/1.1" 200 1170 "http://www.easydrivers.at/schwechat" "Mozilla/5.0 (Linux; Android 6.0.1; Moto G (4) Build/MPJ24.139-64) AppleWebKit/537.36 (KHTML, like Gecko) Chrome/58.0.3029.81 Mobile Safari/537.36 PTST/387"
52.210.89.237 - - [27/Jul/2017:04:38:47 +0200] "GET /img/mobile/easydrivers-logo-mobile.png HTTP/1.1" 200 10766 "http://www.easydrivers.at/schwechat" "Mozilla/5.0 (Linux; Android 6.0.1; Moto G (4) Build/MPJ24.139-64) AppleWebKit/537.36 (KHTML, like Gecko) Chrome/58.0.3029.81 Mobile Safari/537.36 PTST/387"
52.210.89.237 - - [27/Jul/2017:04:38:47 +0200] "GET /img/mobile/menu-button.png HTTP/1.1" 200 1746 "http://www.easydrivers.at/schwechat" "Mozilla/5.0 (Linux; Android 6.0.1; Moto G (4) Build/MPJ24.139-64) AppleWebKit/537.36 (KHTML, like Gecko) Chrome/58.0.3029.81 Mobile Safari/537.36 PTST/387"
52.210.89.237 - - [27/Jul/2017:04:38:47 +0200] "GET /img/mobile/close-button.png HTTP/1.1" 200 2411 "http://www.easydrivers.at/schwechat" "Mozilla/5.0 (Linux; Android 6.0.1; Moto G (4) Build/MPJ24.139-64) AppleWebKit/537.36 (KHTML, like Gecko) Chrome/58.0.3029.81 Mobile Safari/537.36 PTST/387"
52.210.89.237 - - [27/Jul/2017:04:38:47 +0200] "GET /img/mobile/info-button.png HTTP/1.1" 200 1549 "http://www.easydrivers.at/schwechat" "Mozilla/5.0 (Linux; Android 6.0.1; Moto G (4) Build/MPJ24.139-64) AppleWebKit/537.36 (KHTML, like Gecko) Chrome/58.0.3029.81 Mobile Safari/537.36 PTST/387"
