178.115.128.125 - - [27/Jul/2017:07:51:57 +0200] "GET /img/loading-bars.gif HTTP/1.1" 200 3951 "http://www.easydrivers.at/css/mobile.css" "Mozilla/5.0 (Linux; Android 6.0.1; SM-A310F Build/MMB29K) AppleWebKit/537.36 (KHTML, like Gecko) Chrome/59.0.3071.125 Mobile Safari/537.36"
178.115.128.125 - - [27/Jul/2017:07:51:57 +0200] "GET /img/favicon.ico HTTP/1.1" 404 300 "http://www.easydrivers.at/st.poelten/kursauswahl" "Mozilla/5.0 (Linux; Android 6.0.1; SM-A310F Build/MMB29K) AppleWebKit/537.36 (KHTML, like Gecko) Chrome/59.0.3071.125 Mobile Safari/537.36"
109.84.2.152 - - [27/Jul/2017:07:51:57 +0200] "GET /bruck.leitha?gclid=EAIaIQobChMIkcmBy-Ko1QIVh5PtCh2lbwfFEAAYASAAEgJ6SfD_BwE HTTP/1.1" 200 2937 "https://www.google.at/" "Mozilla/5.0 (Linux; Android 6.0.1; SAMSUNG SM-A300FU/A300FUXXU1CPL1 Build/MMB29M) AppleWebKit/537.36 (KHTML, like Gecko) SamsungBrowser/5.4 Chrome/51.0.2704.106 Mobile Safari/537.36"
109.84.2.152 - - [27/Jul/2017:07:52:00 +0200] "GET /css/mobile.css HTTP/1.1" 304 - "http://www.easydrivers.at/bruck.leitha?gclid=EAIaIQobChMIkcmBy-Ko1QIVh5PtCh2lbwfFEAAYASAAEgJ6SfD_BwE" "Mozilla/5.0 (Linux; Android 6.0.1; SAMSUNG SM-A300FU/A300FUXXU1CPL1 Build/MMB29M) AppleWebKit/537.36 (KHTML, like Gecko) SamsungBrowser/5.4 Chrome/51.0.2704.106 Mobile Safari/537.36"
109.84.2.152 - - [27/Jul/2017:07:52:00 +0200] "GET /javascript/mobile-fahrschule.js HTTP/1.1" 304 - "http://www.easydrivers.at/bruck.leitha?gclid=EAIaIQobChMIkcmBy-Ko1QIVh5PtCh2lbwfFEAAYASAAEgJ6SfD_BwE" "Mozilla/5.0 (Linux; Android 6.0.1; SAMSUNG SM-A300FU/A300FUXXU1CPL1 Build/MMB29M) AppleWebKit/537.36 (KHTML, like Gecko) SamsungBrowser/5.4 Chrome/51.0.2704.106 Mobile Safari/537.36"
109.84.2.152 - - [27/Jul/2017:07:52:00 +0200] "GET /img/mobile/easydrivers-logo-mobile.png HTTP/1.1" 200 10766 "http://www.easydrivers.at/bruck.leitha?gclid=EAIaIQobChMIkcmBy-Ko1QIVh5PtCh2lbwfFEAAYASAAEgJ6SfD_BwE" "Mozilla/5.0 (Linux; Android 6.0.1; SAMSUNG SM-A300FU/A300FUXXU1CPL1 Build/MMB29M) AppleWebKit/537.36 (KHTML, like Gecko) SamsungBrowser/5.4 Chrome/51.0.2704.106 Mobile Safari/537.36"
109.84.2.152 - - [27/Jul/2017:07:52:00 +0200] "GET /img/mobile/facebook-icon.png HTTP/1.1" 200 1902 "http://www.easydrivers.at/bruck.leitha?gclid=EAIaIQobChMIkcmBy-Ko1QIVh5PtCh2lbwfFEAAYASAAEgJ6SfD_BwE" "Mozilla/5.0 (Linux; Android 6.0.1; SAMSUNG SM-A300FU/A300FUXXU1CPL1 Build/MMB29M) AppleWebKit/537.36 (KHTML, like Gecko) SamsungBrowser/5.4 Chrome/51.0.2704.106 Mobile Safari/537.36"
109.84.2.152 - - [27/Jul/2017:07:52:00 +0200] "GET /img/mobile/menu-button.png HTTP/1.1" 200 1746 "http://www.easydrivers.at/bruck.leitha?gclid=EAIaIQobChMIkcmBy-Ko1QIVh5PtCh2lbwfFEAAYASAAEgJ6SfD_BwE" "Mozilla/5.0 (Linux; Android 6.0.1; SAMSUNG SM-A300FU/A300FUXXU1CPL1 Build/MMB29M) AppleWebKit/537.36 (KHTML, like Gecko) SamsungBrowser/5.4 Chrome/51.0.2704.106 Mobile Safari/537.36"
109.84.2.152 - - [27/Jul/2017:07:52:00 +0200] "GET /img/mobile/info-close-button.png HTTP/1.1" 200 1721 "http://www.easydrivers.at/bruck.leitha?gclid=EAIaIQobChMIkcmBy-Ko1QIVh5PtCh2lbwfFEAAYASAAEgJ6SfD_BwE" "Mozilla/5.0 (Linux; Android 6.0.1; SAMSUNG SM-A300FU/A300FUXXU1CPL1 Build/MMB29M) AppleWebKit/537.36 (KHTML, like Gecko) SamsungBrowser/5.4 Chrome/51.0.2704.106 Mobile Safari/537.36"
109.84.2.152 - - [27/Jul/2017:07:52:00 +0200] "GET /img/mobile/info-button.png HTTP/1.1" 200 1549 "http://www.easydrivers.at/bruck.leitha?gclid=EAIaIQobChMIkcmBy-Ko1QIVh5PtCh2lbwfFEAAYASAAEgJ6SfD_BwE" "Mozilla/5.0 (Linux; Android 6.0.1; SAMSUNG SM-A300FU/A300FUXXU1CPL1 Build/MMB29M) AppleWebKit/537.36 (KHTML, like Gecko) SamsungBrowser/5.4 Chrome/51.0.2704.106 Mobile Safari/537.36"
109.84.2.152 - - [27/Jul/2017:07:52:00 +0200] "GET /img/mobile/close-button.png HTTP/1.1" 200 2411 "http://www.easydrivers.at/bruck.leitha?gclid=EAIaIQobChMIkcmBy-Ko1QIVh5PtCh2lbwfFEAAYASAAEgJ6SfD_BwE" "Mozilla/5.0 (Linux; Android 6.0.1; SAMSUNG SM-A300FU/A300FUXXU1CPL1 Build/MMB29M) AppleWebKit/537.36 (KHTML, like Gecko) SamsungBrowser/5.4 Chrome/51.0.2704.106 Mobile Safari/537.36"
109.84.2.152 - - [27/Jul/2017:07:52:00 +0200] "GET /img/smallicon-person.png HTTP/1.1" 200 1141 "http://www.easydrivers.at/bruck.leitha?gclid=EAIaIQobChMIkcmBy-Ko1QIVh5PtCh2lbwfFEAAYASAAEgJ6SfD_BwE" "Mozilla/5.0 (Linux; Android 6.0.1; SAMSUNG SM-A300FU/A300FUXXU1CPL1 Build/MMB29M) AppleWebKit/537.36 (KHTML, like Gecko) SamsungBrowser/5.4 Chrome/51.0.2704.106 Mobile Safari/537.36"
109.84.2.152 - - [27/Jul/2017:07:52:00 +0200] "GET /img/mobile/googlemaps-pin.png HTTP/1.1" 200 1597 "http://www.easydrivers.at/bruck.leitha?gclid=EAIaIQobChMIkcmBy-Ko1QIVh5PtCh2lbwfFEAAYASAAEgJ6SfD_BwE" "Mozilla/5.0 (Linux; Android 6.0.1; SAMSUNG SM-A300FU/A300FUXXU1CPL1 Build/MMB29M) AppleWebKit/537.36 (KHTML, like Gecko) SamsungBrowser/5.4 Chrome/51.0.2704.106 Mobile Safari/537.36"
109.84.2.152 - - [27/Jul/2017:07:52:00 +0200] "GET /img/smallicon-mail.png HTTP/1.1" 200 1341 "http://www.easydrivers.at/bruck.leitha?gclid=EAIaIQobChMIkcmBy-Ko1QIVh5PtCh2lbwfFEAAYASAAEgJ6SfD_BwE" "Mozilla/5.0 (Linux; Android 6.0.1; SAMSUNG SM-A300FU/A300FUXXU1CPL1 Build/MMB29M) AppleWebKit/537.36 (KHTML, like Gecko) SamsungBrowser/5.4 Chrome/51.0.2704.106 Mobile Safari/537.36"
109.84.2.152 - - [27/Jul/2017:07:52:00 +0200] "GET /img/smallicon-phone.png HTTP/1.1" 200 3056 "http://www.easydrivers.at/bruck.leitha?gclid=EAIaIQobChMIkcmBy-Ko1QIVh5PtCh2lbwfFEAAYASAAEgJ6SfD_BwE" "Mozilla/5.0 (Linux; Android 6.0.1; SAMSUNG SM-A300FU/A300FUXXU1CPL1 Build/MMB29M) AppleWebKit/537.36 (KHTML, like Gecko) SamsungBrowser/5.4 Chrome/51.0.2704.106 Mobile Safari/537.36"
109.84.2.152 - - [27/Jul/2017:07:52:00 +0200] "GET /img/smallicon-address.png HTTP/1.1" 200 1211 "http://www.easydrivers.at/bruck.leitha?gclid=EAIaIQobChMIkcmBy-Ko1QIVh5PtCh2lbwfFEAAYASAAEgJ6SfD_BwE" "Mozilla/5.0 (Linux; Android 6.0.1; SAMSUNG SM-A300FU/A300FUXXU1CPL1 Build/MMB29M) AppleWebKit/537.36 (KHTML, like Gecko) SamsungBrowser/5.4 Chrome/51.0.2704.106 Mobile Safari/537.36"
109.84.2.152 - - [27/Jul/2017:07:52:00 +0200] "GET /img/smallicon-time.png HTTP/1.1" 200 1262 "http://www.easydrivers.at/bruck.leitha?gclid=EAIaIQobChMIkcmBy-Ko1QIVh5PtCh2lbwfFEAAYASAAEgJ6SfD_BwE" "Mozilla/5.0 (Linux; Android 6.0.1; SAMSUNG SM-A300FU/A300FUXXU1CPL1 Build/MMB29M) AppleWebKit/537.36 (KHTML, like Gecko) SamsungBrowser/5.4 Chrome/51.0.2704.106 Mobile Safari/537.36"
109.84.2.152 - - [27/Jul/2017:07:52:00 +0200] "GET /img/mobile/widget-icon-app.png HTTP/1.1" 200 3458 "http://www.easydrivers.at/bruck.leitha?gclid=EAIaIQobChMIkcmBy-Ko1QIVh5PtCh2lbwfFEAAYASAAEgJ6SfD_BwE" "Mozilla/5.0 (Linux; Android 6.0.1; SAMSUNG SM-A300FU/A300FUXXU1CPL1 Build/MMB29M) AppleWebKit/537.36 (KHTML, like Gecko) SamsungBrowser/5.4 Chrome/51.0.2704.106 Mobile Safari/537.36"
109.84.2.152 - - [27/Jul/2017:07:52:01 +0200] "GET /img/favicon.ico HTTP/1.1" 404 300 "http://www.easydrivers.at/bruck.leitha?gclid=EAIaIQobChMIkcmBy-Ko1QIVh5PtCh2lbwfFEAAYASAAEgJ6SfD_BwE" "Mozilla/5.0 (Linux; Android 6.0.1; SAMSUNG SM-A300FU/A300FUXXU1CPL1 Build/MMB29M) AppleWebKit/537.36 (KHTML, like Gecko) SamsungBrowser/5.4 Chrome/51.0.2704.106 Mobile Safari/537.36"
109.84.2.152 - - [27/Jul/2017:07:52:04 +0200] "POST /bruck.leitha/kursauswahl HTTP/1.1" 200 2796 "http://www.easydrivers.at/bruck.leitha?gclid=EAIaIQobChMIkcmBy-Ko1QIVh5PtCh2lbwfFEAAYASAAEgJ6SfD_BwE" "Mozilla/5.0 (Linux; Android 6.0.1; SAMSUNG SM-A300FU/A300FUXXU1CPL1 Build/MMB29M) AppleWebKit/537.36 (KHTML, like Gecko) SamsungBrowser/5.4 Chrome/51.0.2704.106 Mobile Safari/537.36"
178.115.128.125 - - [27/Jul/2017:07:52:06 +0200] "POST /loadkursliste HTTP/1.1" 200 679 "http://www.easydrivers.at/st.poelten/kursauswahl" "Mozilla/5.0 (Linux; Android 6.0.1; SM-A310F Build/MMB29K) AppleWebKit/537.36 (KHTML, like Gecko) Chrome/59.0.3071.125 Mobile Safari/537.36"
109.84.2.152 - - [27/Jul/2017:07:52:14 +0200] "POST /loadkursliste HTTP/1.1" 200 549 "http://www.easydrivers.at/bruck.leitha/kursauswahl" "Mozilla/5.0 (Linux; Android 6.0.1; SAMSUNG SM-A300FU/A300FUXXU1CPL1 Build/MMB29M) AppleWebKit/537.36 (KHTML, like Gecko) SamsungBrowser/5.4 Chrome/51.0.2704.106 Mobile Safari/537.36"
178.115.128.125 - - [27/Jul/2017:07:52:17 +0200] "GET /st.poelten?gclid=EAIaIQobChMI-cmJweKo1QIVwbftCh0zuwCzEAAYASAAEgL0y_D_BwE HTTP/1.1" 200 2943 "http://www.google.at/" "Mozilla/5.0 (Linux; Android 6.0.1; SM-A310F Build/MMB29K) AppleWebKit/537.36 (KHTML, like Gecko) Chrome/59.0.3071.125 Mobile Safari/537.36"
46.125.249.20 - - [27/Jul/2017:07:52:22 +0200] "GET /st.poelten HTTP/1.1" 200 3648 "http://www.easydrivers.at/st.poelten/10282924?FS=AM-M" "Mozilla/5.0 (Windows NT 6.1; Win64; x64; rv:54.0) Gecko/20100101 Firefox/54.0"
62.47.166.102 - - [27/Jul/2017:07:52:33 +0200] "GET /fuehrerscheine/traktor HTTP/1.1" 200 2869 "https://www.google.at/" "Mozilla/5.0 (iPhone; CPU iPhone OS 10_3_2 like Mac OS X) AppleWebKit/603.2.4 (KHTML, like Gecko) Version/10.0 Mobile/14F89 Safari/602.1"
62.47.166.102 - - [27/Jul/2017:07:52:35 +0200] "GET /css/mobile.css HTTP/1.1" 200 2852 "http://www.easydrivers.at/fuehrerscheine/traktor" "Mozilla/5.0 (iPhone; CPU iPhone OS 10_3_2 like Mac OS X) AppleWebKit/603.2.4 (KHTML, like Gecko) Version/10.0 Mobile/14F89 Safari/602.1"
62.47.166.102 - - [27/Jul/2017:07:52:35 +0200] "GET /javascript/mobile-menu.js HTTP/1.1" 200 1634 "http://www.easydrivers.at/fuehrerscheine/traktor" "Mozilla/5.0 (iPhone; CPU iPhone OS 10_3_2 like Mac OS X) AppleWebKit/603.2.4 (KHTML, like Gecko) Version/10.0 Mobile/14F89 Safari/602.1"
62.47.166.102 - - [27/Jul/2017:07:52:35 +0200] "GET /javascript/jquery-1.9.1.min.js HTTP/1.1" 200 32731 "http://www.easydrivers.at/fuehrerscheine/traktor" "Mozilla/5.0 (iPhone; CPU iPhone OS 10_3_2 like Mac OS X) AppleWebKit/603.2.4 (KHTML, like Gecko) Version/10.0 Mobile/14F89 Safari/602.1"
62.47.166.102 - - [27/Jul/2017:07:52:35 +0200] "GET /javascript/jquery.cookie.js HTTP/1.1" 200 863 "http://www.easydrivers.at/fuehrerscheine/traktor" "Mozilla/5.0 (iPhone; CPU iPhone OS 10_3_2 like Mac OS X) AppleWebKit/603.2.4 (KHTML, like Gecko) Version/10.0 Mobile/14F89 Safari/602.1"
46.125.249.20 - - [27/Jul/2017:07:52:33 +0200] "GET /fahrschulen HTTP/1.1" 200 3923 "http://www.easydrivers.at/st.poelten" "Mozilla/5.0 (Windows NT 6.1; Win64; x64; rv:54.0) Gecko/20100101 Firefox/54.0"
62.47.166.102 - - [27/Jul/2017:07:52:35 +0200] "GET /javascript/jquery.simplemodal.js HTTP/1.1" 200 3070 "http://www.easydrivers.at/fuehrerscheine/traktor" "Mozilla/5.0 (iPhone; CPU iPhone OS 10_3_2 like Mac OS X) AppleWebKit/603.2.4 (KHTML, like Gecko) Version/10.0 Mobile/14F89 Safari/602.1"
62.47.166.102 - - [27/Jul/2017:07:52:35 +0200] "GET /javascript/lazyload.js HTTP/1.1" 200 1170 "http://www.easydrivers.at/fuehrerscheine/traktor" "Mozilla/5.0 (iPhone; CPU iPhone OS 10_3_2 like Mac OS X) AppleWebKit/603.2.4 (KHTML, like Gecko) Version/10.0 Mobile/14F89 Safari/602.1"
62.47.166.102 - - [27/Jul/2017:07:52:35 +0200] "GET /javascript/mobile-license.js HTTP/1.1" 200 216 "http://www.easydrivers.at/fuehrerscheine/traktor" "Mozilla/5.0 (iPhone; CPU iPhone OS 10_3_2 like Mac OS X) AppleWebKit/603.2.4 (KHTML, like Gecko) Version/10.0 Mobile/14F89 Safari/602.1"
62.47.166.102 - - [27/Jul/2017:07:52:35 +0200] "GET /img/mobile/easydrivers-logo-mobile.png HTTP/1.1" 200 10766 "http://www.easydrivers.at/fuehrerscheine/traktor" "Mozilla/5.0 (iPhone; CPU iPhone OS 10_3_2 like Mac OS X) AppleWebKit/603.2.4 (KHTML, like Gecko) Version/10.0 Mobile/14F89 Safari/602.1"
62.47.166.102 - - [27/Jul/2017:07:52:35 +0200] "GET /img/mobile/menu-button.png HTTP/1.1" 200 1746 "http://www.easydrivers.at/fuehrerscheine/traktor" "Mozilla/5.0 (iPhone; CPU iPhone OS 10_3_2 like Mac OS X) AppleWebKit/603.2.4 (KHTML, like Gecko) Version/10.0 Mobile/14F89 Safari/602.1"
62.47.166.102 - - [27/Jul/2017:07:52:35 +0200] "GET /img/mobile/close-button.png HTTP/1.1" 200 2411 "http://www.easydrivers.at/fuehrerscheine/traktor" "Mozilla/5.0 (iPhone; CPU iPhone OS 10_3_2 like Mac OS X) AppleWebKit/603.2.4 (KHTML, like Gecko) Version/10.0 Mobile/14F89 Safari/602.1"
62.47.166.102 - - [27/Jul/2017:07:52:35 +0200] "GET /img/mobile/facebook-icon.png HTTP/1.1" 200 1902 "http://www.easydrivers.at/fuehrerscheine/traktor" "Mozilla/5.0 (iPhone; CPU iPhone OS 10_3_2 like Mac OS X) AppleWebKit/603.2.4 (KHTML, like Gecko) Version/10.0 Mobile/14F89 Safari/602.1"
62.47.166.102 - - [27/Jul/2017:07:52:35 +0200] "GET /img/mobile/bg-header.jpg HTTP/1.1" 200 19741 "http://www.easydrivers.at/fuehrerscheine/traktor" "Mozilla/5.0 (iPhone; CPU iPhone OS 10_3_2 like Mac OS X) AppleWebKit/603.2.4 (KHTML, like Gecko) Version/10.0 Mobile/14F89 Safari/602.1"
62.47.166.102 - - [27/Jul/2017:07:52:35 +0200] "GET /img/mobile/bg-menu.jpg HTTP/1.1" 200 1698 "http://www.easydrivers.at/fuehrerscheine/traktor" "Mozilla/5.0 (iPhone; CPU iPhone OS 10_3_2 like Mac OS X) AppleWebKit/603.2.4 (KHTML, like Gecko) Version/10.0 Mobile/14F89 Safari/602.1"
62.47.166.102 - - [27/Jul/2017:07:52:35 +0200] "GET /img/mobile/bg-yellow.jpg HTTP/1.1" 200 1569 "http://www.easydrivers.at/fuehrerscheine/traktor" "Mozilla/5.0 (iPhone; CPU iPhone OS 10_3_2 like Mac OS X) AppleWebKit/603.2.4 (KHTML, like Gecko) Version/10.0 Mobile/14F89 Safari/602.1"
62.47.166.102 - - [27/Jul/2017:07:52:35 +0200] "GET /img/mobile/weiter-button.png HTTP/1.1" 200 1670 "http://www.easydrivers.at/fuehrerscheine/traktor" "Mozilla/5.0 (iPhone; CPU iPhone OS 10_3_2 like Mac OS X) AppleWebKit/603.2.4 (KHTML, like Gecko) Version/10.0 Mobile/14F89 Safari/602.1"
46.125.249.20 - - [27/Jul/2017:07:52:35 +0200] "GET /img/austria-map-noe.png HTTP/1.1" 200 17166 "http://www.easydrivers.at/fahrschulen" "Mozilla/5.0 (Windows NT 6.1; Win64; x64; rv:54.0) Gecko/20100101 Firefox/54.0"
46.125.249.20 - - [27/Jul/2017:07:52:35 +0200] "GET /img/austria-map-burgenland.png HTTP/1.1" 200 10146 "http://www.easydrivers.at/fahrschulen" "Mozilla/5.0 (Windows NT 6.1; Win64; x64; rv:54.0) Gecko/20100101 Firefox/54.0"
46.125.249.20 - - [27/Jul/2017:07:52:35 +0200] "GET /javascript/fahrschulen.js HTTP/1.1" 200 470 "http://www.easydrivers.at/fahrschulen" "Mozilla/5.0 (Windows NT 6.1; Win64; x64; rv:54.0) Gecko/20100101 Firefox/54.0"
46.125.249.20 - - [27/Jul/2017:07:52:35 +0200] "GET /img/austria-map-kaernten.png HTTP/1.1" 200 9968 "http://www.easydrivers.at/fahrschulen" "Mozilla/5.0 (Windows NT 6.1; Win64; x64; rv:54.0) Gecko/20100101 Firefox/54.0"
46.125.249.20 - - [27/Jul/2017:07:52:35 +0200] "GET /img/austria-map-ooe.png HTTP/1.1" 200 14597 "http://www.easydrivers.at/fahrschulen" "Mozilla/5.0 (Windows NT 6.1; Win64; x64; rv:54.0) Gecko/20100101 Firefox/54.0"
46.125.249.20 - - [27/Jul/2017:07:52:35 +0200] "GET /img/austria-map-salzburg.png HTTP/1.1" 200 13786 "http://www.easydrivers.at/fahrschulen" "Mozilla/5.0 (Windows NT 6.1; Win64; x64; rv:54.0) Gecko/20100101 Firefox/54.0"
46.125.249.20 - - [27/Jul/2017:07:52:35 +0200] "GET /img/austria-map-steiermark.png HTTP/1.1" 200 14192 "http://www.easydrivers.at/fahrschulen" "Mozilla/5.0 (Windows NT 6.1; Win64; x64; rv:54.0) Gecko/20100101 Firefox/54.0"
46.125.249.20 - - [27/Jul/2017:07:52:35 +0200] "GET /img/austria-map.jpg HTTP/1.1" 200 57110 "http://www.easydrivers.at/fahrschulen" "Mozilla/5.0 (Windows NT 6.1; Win64; x64; rv:54.0) Gecko/20100101 Firefox/54.0"
46.125.249.20 - - [27/Jul/2017:07:52:35 +0200] "GET /img/austria-map-tirol.png HTTP/1.1" 200 13911 "http://www.easydrivers.at/fahrschulen" "Mozilla/5.0 (Windows NT 6.1; Win64; x64; rv:54.0) Gecko/20100101 Firefox/54.0"
46.125.249.20 - - [27/Jul/2017:07:52:35 +0200] "GET /img/austria-map-vorarlberg.png HTTP/1.1" 200 5780 "http://www.easydrivers.at/fahrschulen" "Mozilla/5.0 (Windows NT 6.1; Win64; x64; rv:54.0) Gecko/20100101 Firefox/54.0"
46.125.249.20 - - [27/Jul/2017:07:52:35 +0200] "GET /img/austria-map-wien.png HTTP/1.1" 200 2864 "http://www.easydrivers.at/fahrschulen" "Mozilla/5.0 (Windows NT 6.1; Win64; x64; rv:54.0) Gecko/20100101 Firefox/54.0"
193.187.3.11 - - [27/Jul/2017:07:52:33 +0200] "POST /waidhofen.thaya/kursauswahl HTTP/1.1" 200 4048 "http://www.easydrivers.at/waidhofen.thaya" "Mozilla/5.0 (Windows NT 6.1; Trident/7.0; rv:11.0) like Gecko"
193.187.3.11 - - [27/Jul/2017:07:52:36 +0200] "GET /img/top-image-overlay.png HTTP/1.1" 200 20650 "http://www.easydrivers.at/waidhofen.thaya/kursauswahl" "Mozilla/5.0 (Windows NT 6.1; Trident/7.0; rv:11.0) like Gecko"
46.125.249.20 - - [27/Jul/2017:07:52:36 +0200] "GET /img/submit-button-small.png HTTP/1.1" 200 1456 "http://www.easydrivers.at/fahrschulen" "Mozilla/5.0 (Windows NT 6.1; Win64; x64; rv:54.0) Gecko/20100101 Firefox/54.0"
178.115.128.125 - - [27/Jul/2017:07:52:37 +0200] "GET /st.poelten?gclid=EAIaIQobChMIwpfb3eKo1QIVzbXtCh2EhQldEAAYASAAEgLxufD_BwE HTTP/1.1" 200 2943 "http://www.google.at/" "Mozilla/5.0 (Linux; Android 6.0.1; SM-A310F Build/MMB29K) AppleWebKit/537.36 (KHTML, like Gecko) Chrome/59.0.3071.125 Mobile Safari/537.36"
193.187.3.11 - - [27/Jul/2017:07:52:39 +0200] "POST /loadkursliste HTTP/1.1" 200 589 "http://www.easydrivers.at/waidhofen.thaya/kursauswahl" "Mozilla/5.0 (Windows NT 6.1; Trident/7.0; rv:11.0) like Gecko"
193.187.3.11 - - [27/Jul/2017:07:52:40 +0200] "GET /img/kursicon-download.png HTTP/1.1" 200 1218 "http://www.easydrivers.at/waidhofen.thaya/kursauswahl" "Mozilla/5.0 (Windows NT 6.1; Trident/7.0; rv:11.0) like Gecko"
193.187.3.11 - - [27/Jul/2017:07:52:40 +0200] "GET /img/kursicon-phone.png HTTP/1.1" 200 1287 "http://www.easydrivers.at/waidhofen.thaya/kursauswahl" "Mozilla/5.0 (Windows NT 6.1; Trident/7.0; rv:11.0) like Gecko"
46.125.249.20 - - [27/Jul/2017:07:52:40 +0200] "POST /fahrschulen/3100 HTTP/1.1" 200 2882 "http://www.easydrivers.at/fahrschulen" "Mozilla/5.0 (Windows NT 6.1; Win64; x64; rv:54.0) Gecko/20100101 Firefox/54.0"
62.47.166.102 - - [27/Jul/2017:07:52:42 +0200] "GET /img/mobile/pfeil-links-small.png HTTP/1.1" 200 1065 "http://www.easydrivers.at/fuehrerscheine/traktor" "Mozilla/5.0 (iPhone; CPU iPhone OS 10_3_2 like Mac OS X) AppleWebKit/603.2.4 (KHTML, like Gecko) Version/10.0 Mobile/14F89 Safari/602.1"
62.47.166.102 - - [27/Jul/2017:07:52:42 +0200] "GET /img/mobile/pfeil-rechts-small.png HTTP/1.1" 200 1056 "http://www.easydrivers.at/fuehrerscheine/traktor" "Mozilla/5.0 (iPhone; CPU iPhone OS 10_3_2 like Mac OS X) AppleWebKit/603.2.4 (KHTML, like Gecko) Version/10.0 Mobile/14F89 Safari/602.1"
46.125.249.20 - - [27/Jul/2017:07:52:45 +0200] "GET /img/smallicon-address.png HTTP/1.1" 200 1211 "http://www.easydrivers.at/fahrschulen/3100" "Mozilla/5.0 (Windows NT 6.1; Win64; x64; rv:54.0) Gecko/20100101 Firefox/54.0"
46.125.249.20 - - [27/Jul/2017:07:52:45 +0200] "GET /img/smallicon-time.png HTTP/1.1" 200 1262 "http://www.easydrivers.at/fahrschulen/3100" "Mozilla/5.0 (Windows NT 6.1; Win64; x64; rv:54.0) Gecko/20100101 Firefox/54.0"
217.250.173.222 - - [27/Jul/2017:07:52:44 +0200] "GET /app HTTP/1.1" 200 2720 "-" "Mozilla/5.0 (Windows; U; Windows NT 6.0; de; rv:1.9.2.3) Gecko/20100401 Firefox/3.6.3 ( .NET CLR 3.5.30729)"
178.115.128.125 - - [27/Jul/2017:07:52:45 +0200] "POST /st.poelten/kursauswahl HTTP/1.1" 200 2998 "http://www.easydrivers.at/st.poelten?gclid=EAIaIQobChMIwpfb3eKo1QIVzbXtCh2EhQldEAAYASAAEgLxufD_BwE" "Mozilla/5.0 (Linux; Android 6.0.1; SM-A310F Build/MMB29K) AppleWebKit/537.36 (KHTML, like Gecko) Chrome/59.0.3071.125 Mobile Safari/537.36"
178.115.128.125 - - [27/Jul/2017:07:52:46 +0200] "POST /st.poelten/kursauswahl HTTP/1.1" 200 2998 "http://www.easydrivers.at/st.poelten?gclid=EAIaIQobChMIwpfb3eKo1QIVzbXtCh2EhQldEAAYASAAEgLxufD_BwE" "Mozilla/5.0 (Linux; Android 6.0.1; SM-A310F Build/MMB29K) AppleWebKit/537.36 (KHTML, like Gecko) Chrome/59.0.3071.125 Mobile Safari/537.36"
62.47.166.102 - - [27/Jul/2017:07:52:49 +0200] "GET /fuehrerscheine/traktor HTTP/1.1" 200 2869 "https://www.google.at/" "Mozilla/5.0 (iPhone; CPU iPhone OS 10_3_2 like Mac OS X) AppleWebKit/603.2.4 (KHTML, like Gecko) Version/10.0 Mobile/14F89 Safari/602.1"
178.115.128.125 - - [27/Jul/2017:07:52:49 +0200] "POST /loadkursliste HTTP/1.1" 200 679 "http://www.easydrivers.at/st.poelten/kursauswahl" "Mozilla/5.0 (Linux; Android 6.0.1; SM-A310F Build/MMB29K) AppleWebKit/537.36 (KHTML, like Gecko) Chrome/59.0.3071.125 Mobile Safari/537.36"
193.187.3.11 - - [27/Jul/2017:07:52:49 +0200] "GET /waidhofen.thaya/kursauswahlwaidhofen.thaya/10285222?FS=F-Plus&print=true HTTP/1.1" 200 5699 "-" "Mozilla/5.0 (Windows NT 6.1; Trident/7.0; rv:11.0) like Gecko"
193.187.3.11 - - [27/Jul/2017:07:52:51 +0200] "GET /cache/emu/images/10252690/_155_155.jpg HTTP/1.1" 200 6303 "http://www.easydrivers.at/waidhofen.thaya/kursauswahlwaidhofen.thaya/10285222?FS=F-Plus&print=true" "Mozilla/5.0 (Windows NT 6.1; Trident/7.0; rv:11.0) like Gecko"
193.187.3.11 - - [27/Jul/2017:07:52:51 +0200] "GET /cache/emu/images/10252440/_155_155.jpg HTTP/1.1" 200 6587 "http://www.easydrivers.at/waidhofen.thaya/kursauswahlwaidhofen.thaya/10285222?FS=F-Plus&print=true" "Mozilla/5.0 (Windows NT 6.1; Trident/7.0; rv:11.0) like Gecko"
193.187.3.11 - - [27/Jul/2017:07:52:51 +0200] "GET /cache/emu/images/10252442/_155_155.jpg HTTP/1.1" 200 6467 "http://www.easydrivers.at/waidhofen.thaya/kursauswahlwaidhofen.thaya/10285222?FS=F-Plus&print=true" "Mozilla/5.0 (Windows NT 6.1; Trident/7.0; rv:11.0) like Gecko"
193.187.3.11 - - [27/Jul/2017:07:52:51 +0200] "GET /cache/emu/images/10252443/_155_155.jpg HTTP/1.1" 200 6684 "http://www.easydrivers.at/waidhofen.thaya/kursauswahlwaidhofen.thaya/10285222?FS=F-Plus&print=true" "Mozilla/5.0 (Windows NT 6.1; Trident/7.0; rv:11.0) like Gecko"
193.187.3.11 - - [27/Jul/2017:07:52:51 +0200] "GET /cache/emu/images/10252441/_155_155.jpg HTTP/1.1" 200 6014 "http://www.easydrivers.at/waidhofen.thaya/kursauswahlwaidhofen.thaya/10285222?FS=F-Plus&print=true" "Mozilla/5.0 (Windows NT 6.1; Trident/7.0; rv:11.0) like Gecko"
193.187.3.11 - - [27/Jul/2017:07:52:52 +0200] "GET /css/fonts/AntennaCond-Black.eot? HTTP/1.1" 200 42736 "http://www.easydrivers.at/waidhofen.thaya/kursauswahlwaidhofen.thaya/10285222?FS=F-Plus&print=true" "Mozilla/5.0 (Windows NT 6.1; Trident/7.0; rv:11.0) like Gecko"
193.187.3.11 - - [27/Jul/2017:07:52:52 +0200] "GET /img/smallicon-person-wbg.png HTTP/1.1" 200 452 "http://www.easydrivers.at/waidhofen.thaya/kursauswahlwaidhofen.thaya/10285222?FS=F-Plus&print=true" "Mozilla/5.0 (Windows NT 6.1; Trident/7.0; rv:11.0) like Gecko"
193.187.3.11 - - [27/Jul/2017:07:52:52 +0200] "GET /img/smallicon-address-wbg.png HTTP/1.1" 200 542 "http://www.easydrivers.at/waidhofen.thaya/kursauswahlwaidhofen.thaya/10285222?FS=F-Plus&print=true" "Mozilla/5.0 (Windows NT 6.1; Trident/7.0; rv:11.0) like Gecko"
193.187.3.11 - - [27/Jul/2017:07:52:52 +0200] "GET /img/smallicon-time-wbg.png HTTP/1.1" 200 526 "http://www.easydrivers.at/waidhofen.thaya/kursauswahlwaidhofen.thaya/10285222?FS=F-Plus&print=true" "Mozilla/5.0 (Windows NT 6.1; Trident/7.0; rv:11.0) like Gecko"
193.187.3.11 - - [27/Jul/2017:07:52:52 +0200] "GET /img/smallicon-mail-wbg.png HTTP/1.1" 200 487 "http://www.easydrivers.at/waidhofen.thaya/kursauswahlwaidhofen.thaya/10285222?FS=F-Plus&print=true" "Mozilla/5.0 (Windows NT 6.1; Trident/7.0; rv:11.0) like Gecko"
193.187.3.11 - - [27/Jul/2017:07:52:52 +0200] "GET /img/smallicon-phone-wbg.png HTTP/1.1" 200 430 "http://www.easydrivers.at/waidhofen.thaya/kursauswahlwaidhofen.thaya/10285222?FS=F-Plus&print=true" "Mozilla/5.0 (Windows NT 6.1; Trident/7.0; rv:11.0) like Gecko"
193.187.3.11 - - [27/Jul/2017:07:52:52 +0200] "GET /css/fonts/Arial.ttf HTTP/1.1" 200 773236 "http://www.easydrivers.at/waidhofen.thaya/kursauswahlwaidhofen.thaya/10285222?FS=F-Plus&print=true" "Mozilla/5.0 (Windows NT 6.1; Trident/7.0; rv:11.0) like Gecko"
193.187.3.11 - - [27/Jul/2017:07:52:52 +0200] "GET /css/fonts/AntennaCond-Black.ttf HTTP/1.1" 200 42476 "http://www.easydrivers.at/waidhofen.thaya/kursauswahlwaidhofen.thaya/10285222?FS=F-Plus&print=true" "Mozilla/5.0 (Windows NT 6.1; Trident/7.0; rv:11.0) like Gecko"
193.187.3.11 - - [27/Jul/2017:07:52:52 +0200] "GET /css/fonts/AntennaCond-Black.woff HTTP/1.1" 200 18444 "http://www.easydrivers.at/waidhofen.thaya/kursauswahlwaidhofen.thaya/10285222?FS=F-Plus&print=true" "Mozilla/5.0 (Windows NT 6.1; Trident/7.0; rv:11.0) like Gecko"
178.115.128.125 - - [27/Jul/2017:07:53:01 +0200] "GET /st.poelten/10282939?FS=B-L17 HTTP/1.1" 200 3169 "http://www.easydrivers.at/st.poelten/kursauswahl" "Mozilla/5.0 (Linux; Android 6.0.1; SM-A310F Build/MMB29K) AppleWebKit/537.36 (KHTML, like Gecko) Chrome/59.0.3071.125 Mobile Safari/537.36"
178.115.128.125 - - [27/Jul/2017:07:53:04 +0200] "GET /img/mobile/kursicon-share.png HTTP/1.1" 200 2065 "http://www.easydrivers.at/st.poelten/10282939?FS=B-L17" "Mozilla/5.0 (Linux; Android 6.0.1; SM-A310F Build/MMB29K) AppleWebKit/537.36 (KHTML, like Gecko) Chrome/59.0.3071.125 Mobile Safari/537.36"
178.115.128.125 - - [27/Jul/2017:07:53:04 +0200] "GET /img/mobile/kursicon-phone.png HTTP/1.1" 200 1932 "http://www.easydrivers.at/st.poelten/10282939?FS=B-L17" "Mozilla/5.0 (Linux; Android 6.0.1; SM-A310F Build/MMB29K) AppleWebKit/537.36 (KHTML, like Gecko) Chrome/59.0.3071.125 Mobile Safari/537.36"
178.115.128.125 - - [27/Jul/2017:07:53:04 +0200] "GET /img/mobile/smallicon-phone.png HTTP/1.1" 200 1311 "http://www.easydrivers.at/st.poelten/10282939?FS=B-L17" "Mozilla/5.0 (Linux; Android 6.0.1; SM-A310F Build/MMB29K) AppleWebKit/537.36 (KHTML, like Gecko) Chrome/59.0.3071.125 Mobile Safari/537.36"
178.115.128.125 - - [27/Jul/2017:07:53:04 +0200] "GET /img/mobile/smallicon-mail.png HTTP/1.1" 200 1335 "http://www.easydrivers.at/st.poelten/10282939?FS=B-L17" "Mozilla/5.0 (Linux; Android 6.0.1; SM-A310F Build/MMB29K) AppleWebKit/537.36 (KHTML, like Gecko) Chrome/59.0.3071.125 Mobile Safari/537.36"
178.115.128.125 - - [27/Jul/2017:07:53:04 +0200] "GET /img/mobile/pfeil-rechts-small.png HTTP/1.1" 200 1056 "http://www.easydrivers.at/css/mobile.css" "Mozilla/5.0 (Linux; Android 6.0.1; SM-A310F Build/MMB29K) AppleWebKit/537.36 (KHTML, like Gecko) Chrome/59.0.3071.125 Mobile Safari/537.36"
213.225.35.212 - - [27/Jul/2017:07:53:03 +0200] "GET /skarabela.gross-enzersdorf HTTP/1.1" 200 2970 "https://www.google.at/" "Mozilla/5.0 (iPhone; CPU iPhone OS 10_3_2 like Mac OS X) AppleWebKit/603.2.4 (KHTML, like Gecko) Version/10.0 Mobile/14F89 Safari/602.1"
213.225.35.212 - - [27/Jul/2017:07:53:05 +0200] "GET /css/mobile.css HTTP/1.1" 200 2852 "http://www.easydrivers.at/skarabela.gross-enzersdorf" "Mozilla/5.0 (iPhone; CPU iPhone OS 10_3_2 like Mac OS X) AppleWebKit/603.2.4 (KHTML, like Gecko) Version/10.0 Mobile/14F89 Safari/602.1"
213.225.35.212 - - [27/Jul/2017:07:53:05 +0200] "GET /javascript/jquery.cookie.js HTTP/1.1" 200 863 "http://www.easydrivers.at/skarabela.gross-enzersdorf" "Mozilla/5.0 (iPhone; CPU iPhone OS 10_3_2 like Mac OS X) AppleWebKit/603.2.4 (KHTML, like Gecko) Version/10.0 Mobile/14F89 Safari/602.1"
213.225.35.212 - - [27/Jul/2017:07:53:05 +0200] "GET /javascript/jquery-1.9.1.min.js HTTP/1.1" 200 32731 "http://www.easydrivers.at/skarabela.gross-enzersdorf" "Mozilla/5.0 (iPhone; CPU iPhone OS 10_3_2 like Mac OS X) AppleWebKit/603.2.4 (KHTML, like Gecko) Version/10.0 Mobile/14F89 Safari/602.1"
213.225.35.212 - - [27/Jul/2017:07:53:05 +0200] "GET /javascript/mobile-menu.js HTTP/1.1" 200 1634 "http://www.easydrivers.at/skarabela.gross-enzersdorf" "Mozilla/5.0 (iPhone; CPU iPhone OS 10_3_2 like Mac OS X) AppleWebKit/603.2.4 (KHTML, like Gecko) Version/10.0 Mobile/14F89 Safari/602.1"
213.225.35.212 - - [27/Jul/2017:07:53:05 +0200] "GET /javascript/jquery.simplemodal.js HTTP/1.1" 200 3070 "http://www.easydrivers.at/skarabela.gross-enzersdorf" "Mozilla/5.0 (iPhone; CPU iPhone OS 10_3_2 like Mac OS X) AppleWebKit/603.2.4 (KHTML, like Gecko) Version/10.0 Mobile/14F89 Safari/602.1"
213.225.35.212 - - [27/Jul/2017:07:53:05 +0200] "GET /javascript/mobile-fahrschule.js HTTP/1.1" 200 328 "http://www.easydrivers.at/skarabela.gross-enzersdorf" "Mozilla/5.0 (iPhone; CPU iPhone OS 10_3_2 like Mac OS X) AppleWebKit/603.2.4 (KHTML, like Gecko) Version/10.0 Mobile/14F89 Safari/602.1"
213.225.35.212 - - [27/Jul/2017:07:53:05 +0200] "GET /javascript/lazyload.js HTTP/1.1" 200 1170 "http://www.easydrivers.at/skarabela.gross-enzersdorf" "Mozilla/5.0 (iPhone; CPU iPhone OS 10_3_2 like Mac OS X) AppleWebKit/603.2.4 (KHTML, like Gecko) Version/10.0 Mobile/14F89 Safari/602.1"
213.225.35.212 - - [27/Jul/2017:07:53:05 +0200] "GET /img/mobile/easydrivers-logo-mobile.png HTTP/1.1" 200 10766 "http://www.easydrivers.at/skarabela.gross-enzersdorf" "Mozilla/5.0 (iPhone; CPU iPhone OS 10_3_2 like Mac OS X) AppleWebKit/603.2.4 (KHTML, like Gecko) Version/10.0 Mobile/14F89 Safari/602.1"
213.225.35.212 - - [27/Jul/2017:07:53:05 +0200] "GET /img/mobile/menu-button.png HTTP/1.1" 200 1746 "http://www.easydrivers.at/skarabela.gross-enzersdorf" "Mozilla/5.0 (iPhone; CPU iPhone OS 10_3_2 like Mac OS X) AppleWebKit/603.2.4 (KHTML, like Gecko) Version/10.0 Mobile/14F89 Safari/602.1"
213.225.35.212 - - [27/Jul/2017:07:53:05 +0200] "GET /img/mobile/close-button.png HTTP/1.1" 200 2411 "http://www.easydrivers.at/skarabela.gross-enzersdorf" "Mozilla/5.0 (iPhone; CPU iPhone OS 10_3_2 like Mac OS X) AppleWebKit/603.2.4 (KHTML, like Gecko) Version/10.0 Mobile/14F89 Safari/602.1"
213.225.35.212 - - [27/Jul/2017:07:53:05 +0200] "GET /img/mobile/facebook-icon.png HTTP/1.1" 200 1902 "http://www.easydrivers.at/skarabela.gross-enzersdorf" "Mozilla/5.0 (iPhone; CPU iPhone OS 10_3_2 like Mac OS X) AppleWebKit/603.2.4 (KHTML, like Gecko) Version/10.0 Mobile/14F89 Safari/602.1"
213.225.35.212 - - [27/Jul/2017:07:53:05 +0200] "GET /img/mobile/info-button.png HTTP/1.1" 200 1549 "http://www.easydrivers.at/skarabela.gross-enzersdorf" "Mozilla/5.0 (iPhone; CPU iPhone OS 10_3_2 like Mac OS X) AppleWebKit/603.2.4 (KHTML, like Gecko) Version/10.0 Mobile/14F89 Safari/602.1"
213.225.35.212 - - [27/Jul/2017:07:53:05 +0200] "GET /img/mobile/info-close-button.png HTTP/1.1" 200 1721 "http://www.easydrivers.at/skarabela.gross-enzersdorf" "Mozilla/5.0 (iPhone; CPU iPhone OS 10_3_2 like Mac OS X) AppleWebKit/603.2.4 (KHTML, like Gecko) Version/10.0 Mobile/14F89 Safari/602.1"
213.225.35.212 - - [27/Jul/2017:07:53:05 +0200] "GET /img/smallicon-person.png HTTP/1.1" 200 1141 "http://www.easydrivers.at/skarabela.gross-enzersdorf" "Mozilla/5.0 (iPhone; CPU iPhone OS 10_3_2 like Mac OS X) AppleWebKit/603.2.4 (KHTML, like Gecko) Version/10.0 Mobile/14F89 Safari/602.1"
213.225.35.212 - - [27/Jul/2017:07:53:05 +0200] "GET /img/smallicon-address.png HTTP/1.1" 200 1211 "http://www.easydrivers.at/skarabela.gross-enzersdorf" "Mozilla/5.0 (iPhone; CPU iPhone OS 10_3_2 like Mac OS X) AppleWebKit/603.2.4 (KHTML, like Gecko) Version/10.0 Mobile/14F89 Safari/602.1"
213.225.35.212 - - [27/Jul/2017:07:53:05 +0200] "GET /img/mobile/googlemaps-pin.png HTTP/1.1" 200 1597 "http://www.easydrivers.at/skarabela.gross-enzersdorf" "Mozilla/5.0 (iPhone; CPU iPhone OS 10_3_2 like Mac OS X) AppleWebKit/603.2.4 (KHTML, like Gecko) Version/10.0 Mobile/14F89 Safari/602.1"
213.225.35.212 - - [27/Jul/2017:07:53:05 +0200] "GET /img/smallicon-time.png HTTP/1.1" 200 1262 "http://www.easydrivers.at/skarabela.gross-enzersdorf" "Mozilla/5.0 (iPhone; CPU iPhone OS 10_3_2 like Mac OS X) AppleWebKit/603.2.4 (KHTML, like Gecko) Version/10.0 Mobile/14F89 Safari/602.1"
213.225.35.212 - - [27/Jul/2017:07:53:05 +0200] "GET /img/smallicon-mail.png HTTP/1.1" 200 1341 "http://www.easydrivers.at/skarabela.gross-enzersdorf" "Mozilla/5.0 (iPhone; CPU iPhone OS 10_3_2 like Mac OS X) AppleWebKit/603.2.4 (KHTML, like Gecko) Version/10.0 Mobile/14F89 Safari/602.1"
213.225.35.212 - - [27/Jul/2017:07:53:05 +0200] "GET /img/smallicon-phone.png HTTP/1.1" 200 3056 "http://www.easydrivers.at/skarabela.gross-enzersdorf" "Mozilla/5.0 (iPhone; CPU iPhone OS 10_3_2 like Mac OS X) AppleWebKit/603.2.4 (KHTML, like Gecko) Version/10.0 Mobile/14F89 Safari/602.1"
213.225.35.212 - - [27/Jul/2017:07:53:05 +0200] "GET /img/mobile/widget-icon-app.png HTTP/1.1" 200 3458 "http://www.easydrivers.at/skarabela.gross-enzersdorf" "Mozilla/5.0 (iPhone; CPU iPhone OS 10_3_2 like Mac OS X) AppleWebKit/603.2.4 (KHTML, like Gecko) Version/10.0 Mobile/14F89 Safari/602.1"
213.225.35.212 - - [27/Jul/2017:07:53:05 +0200] "GET /img/mobile/bg-header.jpg HTTP/1.1" 200 19741 "http://www.easydrivers.at/skarabela.gross-enzersdorf" "Mozilla/5.0 (iPhone; CPU iPhone OS 10_3_2 like Mac OS X) AppleWebKit/603.2.4 (KHTML, like Gecko) Version/10.0 Mobile/14F89 Safari/602.1"
213.225.35.212 - - [27/Jul/2017:07:53:06 +0200] "GET /img/mobile/bg-menu.jpg HTTP/1.1" 200 1698 "http://www.easydrivers.at/skarabela.gross-enzersdorf" "Mozilla/5.0 (iPhone; CPU iPhone OS 10_3_2 like Mac OS X) AppleWebKit/603.2.4 (KHTML, like Gecko) Version/10.0 Mobile/14F89 Safari/602.1"
213.225.35.212 - - [27/Jul/2017:07:53:06 +0200] "GET /img/mobile/bg-top-section.jpg HTTP/1.1" 200 21711 "http://www.easydrivers.at/skarabela.gross-enzersdorf" "Mozilla/5.0 (iPhone; CPU iPhone OS 10_3_2 like Mac OS X) AppleWebKit/603.2.4 (KHTML, like Gecko) Version/10.0 Mobile/14F89 Safari/602.1"
213.225.35.212 - - [27/Jul/2017:07:53:06 +0200] "GET /img/mobile/pfeil-rechts.png HTTP/1.1" 200 1228 "http://www.easydrivers.at/skarabela.gross-enzersdorf" "Mozilla/5.0 (iPhone; CPU iPhone OS 10_3_2 like Mac OS X) AppleWebKit/603.2.4 (KHTML, like Gecko) Version/10.0 Mobile/14F89 Safari/602.1"
213.225.35.212 - - [27/Jul/2017:07:53:09 +0200] "POST /skarabela.gross-enzersdorf/kursauswahl HTTP/1.1" 200 2786 "http://www.easydrivers.at/skarabela.gross-enzersdorf" "Mozilla/5.0 (iPhone; CPU iPhone OS 10_3_2 like Mac OS X) AppleWebKit/603.2.4 (KHTML, like Gecko) Version/10.0 Mobile/14F89 Safari/602.1"
213.225.35.212 - - [27/Jul/2017:07:53:11 +0200] "GET /javascript/mobile-fahrschule-kurs-suchergebnis.js HTTP/1.1" 200 274 "http://www.easydrivers.at/skarabela.gross-enzersdorf/kursauswahl" "Mozilla/5.0 (iPhone; CPU iPhone OS 10_3_2 like Mac OS X) AppleWebKit/603.2.4 (KHTML, like Gecko) Version/10.0 Mobile/14F89 Safari/602.1"
213.225.35.212 - - [27/Jul/2017:07:53:11 +0200] "GET /img/mobile/pfeil-links-small.png HTTP/1.1" 200 1065 "http://www.easydrivers.at/skarabela.gross-enzersdorf/kursauswahl" "Mozilla/5.0 (iPhone; CPU iPhone OS 10_3_2 like Mac OS X) AppleWebKit/603.2.4 (KHTML, like Gecko) Version/10.0 Mobile/14F89 Safari/602.1"
213.225.35.212 - - [27/Jul/2017:07:53:11 +0200] "GET /img/mobile/bg-yellow.jpg HTTP/1.1" 200 1569 "http://www.easydrivers.at/skarabela.gross-enzersdorf/kursauswahl" "Mozilla/5.0 (iPhone; CPU iPhone OS 10_3_2 like Mac OS X) AppleWebKit/603.2.4 (KHTML, like Gecko) Version/10.0 Mobile/14F89 Safari/602.1"
213.225.35.212 - - [27/Jul/2017:07:53:11 +0200] "GET /img/loading-bars.gif HTTP/1.1" 200 3951 "http://www.easydrivers.at/skarabela.gross-enzersdorf/kursauswahl" "Mozilla/5.0 (iPhone; CPU iPhone OS 10_3_2 like Mac OS X) AppleWebKit/603.2.4 (KHTML, like Gecko) Version/10.0 Mobile/14F89 Safari/602.1"
213.225.35.212 - - [27/Jul/2017:07:53:14 +0200] "POST /loadkursliste HTTP/1.1" 200 566 "http://www.easydrivers.at/skarabela.gross-enzersdorf/kursauswahl" "Mozilla/5.0 (iPhone; CPU iPhone OS 10_3_2 like Mac OS X) AppleWebKit/603.2.4 (KHTML, like Gecko) Version/10.0 Mobile/14F89 Safari/602.1"
213.225.35.212 - - [27/Jul/2017:07:53:29 +0200] "GET /skarabela.gross-enzersdorf/10287091?FS=F-Plus HTTP/1.1" 200 3244 "http://www.easydrivers.at/skarabela.gross-enzersdorf/kursauswahl" "Mozilla/5.0 (iPhone; CPU iPhone OS 10_3_2 like Mac OS X) AppleWebKit/603.2.4 (KHTML, like Gecko) Version/10.0 Mobile/14F89 Safari/602.1"
213.225.35.212 - - [27/Jul/2017:07:53:31 +0200] "GET /img/mobile/kursicon-share.png HTTP/1.1" 200 2065 "http://www.easydrivers.at/skarabela.gross-enzersdorf/10287091?FS=F-Plus" "Mozilla/5.0 (iPhone; CPU iPhone OS 10_3_2 like Mac OS X) AppleWebKit/603.2.4 (KHTML, like Gecko) Version/10.0 Mobile/14F89 Safari/602.1"
213.225.35.212 - - [27/Jul/2017:07:53:31 +0200] "GET /img/mobile/kursicon-phone.png HTTP/1.1" 200 1932 "http://www.easydrivers.at/skarabela.gross-enzersdorf/10287091?FS=F-Plus" "Mozilla/5.0 (iPhone; CPU iPhone OS 10_3_2 like Mac OS X) AppleWebKit/603.2.4 (KHTML, like Gecko) Version/10.0 Mobile/14F89 Safari/602.1"
213.225.35.212 - - [27/Jul/2017:07:53:31 +0200] "GET /img/mobile/smallicon-phone.png HTTP/1.1" 200 1311 "http://www.easydrivers.at/skarabela.gross-enzersdorf/10287091?FS=F-Plus" "Mozilla/5.0 (iPhone; CPU iPhone OS 10_3_2 like Mac OS X) AppleWebKit/603.2.4 (KHTML, like Gecko) Version/10.0 Mobile/14F89 Safari/602.1"
213.225.35.212 - - [27/Jul/2017:07:53:31 +0200] "GET /img/mobile/smallicon-mail.png HTTP/1.1" 200 1335 "http://www.easydrivers.at/skarabela.gross-enzersdorf/10287091?FS=F-Plus" "Mozilla/5.0 (iPhone; CPU iPhone OS 10_3_2 like Mac OS X) AppleWebKit/603.2.4 (KHTML, like Gecko) Version/10.0 Mobile/14F89 Safari/602.1"
213.225.35.212 - - [27/Jul/2017:07:53:31 +0200] "GET /img/mobile/pfeil-rechts-small.png HTTP/1.1" 200 1056 "http://www.easydrivers.at/skarabela.gross-enzersdorf/10287091?FS=F-Plus" "Mozilla/5.0 (iPhone; CPU iPhone OS 10_3_2 like Mac OS X) AppleWebKit/603.2.4 (KHTML, like Gecko) Version/10.0 Mobile/14F89 Safari/602.1"
193.187.3.11 - - [27/Jul/2017:07:53:36 +0200] "POST /loadkursliste HTTP/1.1" 200 1088 "http://www.easydrivers.at/waidhofen.thaya/kursauswahl" "Mozilla/5.0 (Windows NT 6.1; Trident/7.0; rv:11.0) like Gecko"
213.225.35.212 - - [27/Jul/2017:07:53:44 +0200] "GET /skarabela.gross-enzersdorf HTTP/1.1" 200 2970 "http://www.easydrivers.at/skarabela.gross-enzersdorf/10287091?FS=F-Plus" "Mozilla/5.0 (iPhone; CPU iPhone OS 10_3_2 like Mac OS X) AppleWebKit/603.2.4 (KHTML, like Gecko) Version/10.0 Mobile/14F89 Safari/602.1"
193.187.3.11 - - [27/Jul/2017:07:53:47 +0200] "GET /fuehrerscheine/traktor HTTP/1.1" 200 2534 "http://www.easydrivers.at/waidhofen.thaya/kursauswahl" "Mozilla/5.0 (Windows NT 6.1; Trident/7.0; rv:11.0) like Gecko"
193.187.3.11 - - [27/Jul/2017:07:53:48 +0200] "GET /binaries/easy-drivers-portal/traktor4jpg.jpg HTTP/1.1" 200 110863 "http://www.easydrivers.at/fuehrerscheine/traktor" "Mozilla/5.0 (Windows NT 6.1; Trident/7.0; rv:11.0) like Gecko"
213.225.35.212 - - [27/Jul/2017:07:53:52 +0200] "POST /skarabela.gross-enzersdorf/kursauswahl HTTP/1.1" 200 2786 "http://www.easydrivers.at/skarabela.gross-enzersdorf" "Mozilla/5.0 (iPhone; CPU iPhone OS 10_3_2 like Mac OS X) AppleWebKit/603.2.4 (KHTML, like Gecko) Version/10.0 Mobile/14F89 Safari/602.1"
193.187.3.11 - - [27/Jul/2017:07:53:53 +0200] "GET /fahrschulen HTTP/1.1" 200 3923 "http://www.easydrivers.at/fuehrerscheine/traktor" "Mozilla/5.0 (Windows NT 6.1; Trident/7.0; rv:11.0) like Gecko"
193.187.3.11 - - [27/Jul/2017:07:53:54 +0200] "GET /javascript/fahrschulen.js HTTP/1.1" 200 470 "http://www.easydrivers.at/fahrschulen" "Mozilla/5.0 (Windows NT 6.1; Trident/7.0; rv:11.0) like Gecko"
193.187.3.11 - - [27/Jul/2017:07:53:54 +0200] "GET /img/austria-map-kaernten.png HTTP/1.1" 200 9968 "http://www.easydrivers.at/fahrschulen" "Mozilla/5.0 (Windows NT 6.1; Trident/7.0; rv:11.0) like Gecko"
193.187.3.11 - - [27/Jul/2017:07:53:54 +0200] "GET /img/austria-map-steiermark.png HTTP/1.1" 200 14192 "http://www.easydrivers.at/fahrschulen" "Mozilla/5.0 (Windows NT 6.1; Trident/7.0; rv:11.0) like Gecko"
193.187.3.11 - - [27/Jul/2017:07:53:54 +0200] "GET /img/austria-map-tirol.png HTTP/1.1" 200 13911 "http://www.easydrivers.at/fahrschulen" "Mozilla/5.0 (Windows NT 6.1; Trident/7.0; rv:11.0) like Gecko"
193.187.3.11 - - [27/Jul/2017:07:53:54 +0200] "GET /img/austria-map.jpg HTTP/1.1" 200 57110 "http://www.easydrivers.at/fahrschulen" "Mozilla/5.0 (Windows NT 6.1; Trident/7.0; rv:11.0) like Gecko"
193.187.3.11 - - [27/Jul/2017:07:53:54 +0200] "GET /img/austria-map-ooe.png HTTP/1.1" 200 14597 "http://www.easydrivers.at/fahrschulen" "Mozilla/5.0 (Windows NT 6.1; Trident/7.0; rv:11.0) like Gecko"
193.187.3.11 - - [27/Jul/2017:07:53:54 +0200] "GET /img/austria-map-noe.png HTTP/1.1" 200 17166 "http://www.easydrivers.at/fahrschulen" "Mozilla/5.0 (Windows NT 6.1; Trident/7.0; rv:11.0) like Gecko"
193.187.3.11 - - [27/Jul/2017:07:53:54 +0200] "GET /img/austria-map-salzburg.png HTTP/1.1" 200 13786 "http://www.easydrivers.at/fahrschulen" "Mozilla/5.0 (Windows NT 6.1; Trident/7.0; rv:11.0) like Gecko"
193.187.3.11 - - [27/Jul/2017:07:53:54 +0200] "GET /img/austria-map-vorarlberg.png HTTP/1.1" 200 5780 "http://www.easydrivers.at/fahrschulen" "Mozilla/5.0 (Windows NT 6.1; Trident/7.0; rv:11.0) like Gecko"
193.187.3.11 - - [27/Jul/2017:07:53:54 +0200] "GET /img/austria-map-wien.png HTTP/1.1" 200 2864 "http://www.easydrivers.at/fahrschulen" "Mozilla/5.0 (Windows NT 6.1; Trident/7.0; rv:11.0) like Gecko"
213.225.35.212 - - [27/Jul/2017:07:53:54 +0200] "POST /loadkursliste HTTP/1.1" 200 566 "http://www.easydrivers.at/skarabela.gross-enzersdorf/kursauswahl" "Mozilla/5.0 (iPhone; CPU iPhone OS 10_3_2 like Mac OS X) AppleWebKit/603.2.4 (KHTML, like Gecko) Version/10.0 Mobile/14F89 Safari/602.1"
213.225.35.212 - - [27/Jul/2017:07:53:58 +0200] "POST /loadkursliste HTTP/1.1" 200 709 "http://www.easydrivers.at/skarabela.gross-enzersdorf/kursauswahl" "Mozilla/5.0 (iPhone; CPU iPhone OS 10_3_2 like Mac OS X) AppleWebKit/603.2.4 (KHTML, like Gecko) Version/10.0 Mobile/14F89 Safari/602.1"
62.46.126.66 - - [27/Jul/2017:07:54:01 +0200] "GET / HTTP/1.1" 200 4406 "https://www.google.at/" "Mozilla/5.0 (Windows NT 10.0; WOW64; rv:54.0) Gecko/20100101 Firefox/54.0"
62.46.126.66 - - [27/Jul/2017:07:54:03 +0200] "GET /css/print.css HTTP/1.1" 200 967 "http://www.easydrivers.at/" "Mozilla/5.0 (Windows NT 10.0; WOW64; rv:54.0) Gecko/20100101 Firefox/54.0"
62.46.126.66 - - [27/Jul/2017:07:54:03 +0200] "GET /css/style.css HTTP/1.1" 200 5004 "http://www.easydrivers.at/" "Mozilla/5.0 (Windows NT 10.0; WOW64; rv:54.0) Gecko/20100101 Firefox/54.0"
62.46.126.66 - - [27/Jul/2017:07:54:03 +0200] "GET /javascript/jquery.customSelect.min.js HTTP/1.1" 200 912 "http://www.easydrivers.at/" "Mozilla/5.0 (Windows NT 10.0; WOW64; rv:54.0) Gecko/20100101 Firefox/54.0"
62.46.126.66 - - [27/Jul/2017:07:54:03 +0200] "GET /javascript/jquery.cookie.js HTTP/1.1" 200 863 "http://www.easydrivers.at/" "Mozilla/5.0 (Windows NT 10.0; WOW64; rv:54.0) Gecko/20100101 Firefox/54.0"
62.46.126.66 - - [27/Jul/2017:07:54:03 +0200] "GET /javascript/jquery.simplemodal.js HTTP/1.1" 200 3070 "http://www.easydrivers.at/" "Mozilla/5.0 (Windows NT 10.0; WOW64; rv:54.0) Gecko/20100101 Firefox/54.0"
62.46.126.66 - - [27/Jul/2017:07:54:03 +0200] "GET /javascript/portal.js?1221842734 HTTP/1.1" 200 3529 "http://www.easydrivers.at/" "Mozilla/5.0 (Windows NT 10.0; WOW64; rv:54.0) Gecko/20100101 Firefox/54.0"
62.46.126.66 - - [27/Jul/2017:07:54:03 +0200] "GET /javascript/lazyload.js HTTP/1.1" 200 1170 "http://www.easydrivers.at/" "Mozilla/5.0 (Windows NT 10.0; WOW64; rv:54.0) Gecko/20100101 Firefox/54.0"
62.46.126.66 - - [27/Jul/2017:07:54:03 +0200] "GET /javascript/homesearch.js HTTP/1.1" 200 393 "http://www.easydrivers.at/" "Mozilla/5.0 (Windows NT 10.0; WOW64; rv:54.0) Gecko/20100101 Firefox/54.0"
62.46.126.66 - - [27/Jul/2017:07:54:03 +0200] "GET /img/close-button.png HTTP/1.1" 200 2237 "http://www.easydrivers.at/" "Mozilla/5.0 (Windows NT 10.0; WOW64; rv:54.0) Gecko/20100101 Firefox/54.0"
62.46.126.66 - - [27/Jul/2017:07:54:03 +0200] "GET /img/facebook-icon.png HTTP/1.1" 200 1506 "http://www.easydrivers.at/" "Mozilla/5.0 (Windows NT 10.0; WOW64; rv:54.0) Gecko/20100101 Firefox/54.0"
62.46.126.66 - - [27/Jul/2017:07:54:03 +0200] "GET /img/empty.gif HTTP/1.1" 200 43 "http://www.easydrivers.at/" "Mozilla/5.0 (Windows NT 10.0; WOW64; rv:54.0) Gecko/20100101 Firefox/54.0"
62.46.126.66 - - [27/Jul/2017:07:54:03 +0200] "GET /binaries/easy-drivers-portal/widget-icon-trainingpng.png HTTP/1.1" 200 2662 "http://www.easydrivers.at/" "Mozilla/5.0 (Windows NT 10.0; WOW64; rv:54.0) Gecko/20100101 Firefox/54.0"
62.46.126.66 - - [27/Jul/2017:07:54:03 +0200] "GET /binaries/easy-drivers-portal/widget-icon-expertspng.png HTTP/1.1" 200 2159 "http://www.easydrivers.at/" "Mozilla/5.0 (Windows NT 10.0; WOW64; rv:54.0) Gecko/20100101 Firefox/54.0"
62.46.126.66 - - [27/Jul/2017:07:54:03 +0200] "GET /binaries/easy-drivers-portal/widget-icon-apppng.png HTTP/1.1" 200 2432 "http://www.easydrivers.at/" "Mozilla/5.0 (Windows NT 10.0; WOW64; rv:54.0) Gecko/20100101 Firefox/54.0"
62.46.126.66 - - [27/Jul/2017:07:54:03 +0200] "GET /img/schweiz-icon.png HTTP/1.1" 200 1504 "http://www.easydrivers.at/" "Mozilla/5.0 (Windows NT 10.0; WOW64; rv:54.0) Gecko/20100101 Firefox/54.0"
62.46.126.66 - - [27/Jul/2017:07:54:03 +0200] "GET /binaries/easy-drivers-portal/edradfahrschullogowidget160x90pxpng.png HTTP/1.1" 200 23394 "http://www.easydrivers.at/" "Mozilla/5.0 (Windows NT 10.0; WOW64; rv:54.0) Gecko/20100101 Firefox/54.0"
62.46.126.66 - - [27/Jul/2017:07:54:03 +0200] "GET /img/new_favicon.ico HTTP/1.1" 200 1150 "-" "Mozilla/5.0 (Windows NT 10.0; WOW64; rv:54.0) Gecko/20100101 Firefox/54.0"
62.46.126.66 - - [27/Jul/2017:07:54:03 +0200] "GET /img/submit-button.png HTTP/1.1" 200 1958 "http://www.easydrivers.at/" "Mozilla/5.0 (Windows NT 10.0; WOW64; rv:54.0) Gecko/20100101 Firefox/54.0"
62.46.126.66 - - [27/Jul/2017:07:54:03 +0200] "GET /img/ED_Logo.png HTTP/1.1" 200 3385 "http://www.easydrivers.at/css/style.css" "Mozilla/5.0 (Windows NT 10.0; WOW64; rv:54.0) Gecko/20100101 Firefox/54.0"
62.46.126.66 - - [27/Jul/2017:07:54:03 +0200] "GET /img/purple-dots-horizontal.png HTTP/1.1" 200 977 "http://www.easydrivers.at/css/style.css" "Mozilla/5.0 (Windows NT 10.0; WOW64; rv:54.0) Gecko/20100101 Firefox/54.0"
62.46.126.66 - - [27/Jul/2017:07:54:03 +0200] "GET /img/yellow-dots-vertical.png HTTP/1.1" 200 981 "http://www.easydrivers.at/css/style.css" "Mozilla/5.0 (Windows NT 10.0; WOW64; rv:54.0) Gecko/20100101 Firefox/54.0"
62.46.126.66 - - [27/Jul/2017:07:54:03 +0200] "GET /img/black-dots-vertical.png HTTP/1.1" 200 1165 "http://www.easydrivers.at/css/style.css" "Mozilla/5.0 (Windows NT 10.0; WOW64; rv:54.0) Gecko/20100101 Firefox/54.0"
62.46.126.66 - - [27/Jul/2017:07:54:03 +0200] "GET /img/kursicon-print-pink.png HTTP/1.1" 200 1125 "http://www.easydrivers.at/" "Mozilla/5.0 (Windows NT 10.0; WOW64; rv:54.0) Gecko/20100101 Firefox/54.0"
62.46.126.66 - - [27/Jul/2017:07:54:03 +0200] "GET /img/kursicon-download-pink.png HTTP/1.1" 200 1213 "http://www.easydrivers.at/" "Mozilla/5.0 (Windows NT 10.0; WOW64; rv:54.0) Gecko/20100101 Firefox/54.0"
62.46.126.66 - - [27/Jul/2017:07:54:03 +0200] "GET /img/kursicon-share-pink.png HTTP/1.1" 200 1277 "http://www.easydrivers.at/" "Mozilla/5.0 (Windows NT 10.0; WOW64; rv:54.0) Gecko/20100101 Firefox/54.0"
62.46.126.66 - - [27/Jul/2017:07:54:03 +0200] "GET /img/bg-header.jpg HTTP/1.1" 200 38680 "http://www.easydrivers.at/css/style.css" "Mozilla/5.0 (Windows NT 10.0; WOW64; rv:54.0) Gecko/20100101 Firefox/54.0"
62.46.126.66 - - [27/Jul/2017:07:54:03 +0200] "GET /img/bg-footer.jpg HTTP/1.1" 200 31770 "http://www.easydrivers.at/css/style.css" "Mozilla/5.0 (Windows NT 10.0; WOW64; rv:54.0) Gecko/20100101 Firefox/54.0"
62.46.126.66 - - [27/Jul/2017:07:54:03 +0200] "GET /img/kursicon-phone-pink.png HTTP/1.1" 200 1286 "http://www.easydrivers.at/" "Mozilla/5.0 (Windows NT 10.0; WOW64; rv:54.0) Gecko/20100101 Firefox/54.0"
62.46.126.66 - - [27/Jul/2017:07:54:03 +0200] "GET /img/selection-box-button.png HTTP/1.1" 200 1079 "http://www.easydrivers.at/css/style.css" "Mozilla/5.0 (Windows NT 10.0; WOW64; rv:54.0) Gecko/20100101 Firefox/54.0"
62.46.126.66 - - [27/Jul/2017:07:54:03 +0200] "GET /img/bg-top-section.jpg HTTP/1.1" 200 82172 "http://www.easydrivers.at/css/style.css" "Mozilla/5.0 (Windows NT 10.0; WOW64; rv:54.0) Gecko/20100101 Firefox/54.0"
213.225.35.212 - - [27/Jul/2017:07:54:09 +0200] "GET /skarabela.gross-enzersdorf/10287091?FS=F-Plus HTTP/1.1" 200 3244 "http://www.easydrivers.at/skarabela.gross-enzersdorf/kursauswahl" "Mozilla/5.0 (iPhone; CPU iPhone OS 10_3_2 like Mac OS X) AppleWebKit/603.2.4 (KHTML, like Gecko) Version/10.0 Mobile/14F89 Safari/602.1"
193.187.3.11 - - [27/Jul/2017:07:54:16 +0200] "GET /ueberuns HTTP/1.1" 200 3256 "http://www.easydrivers.at/fahrschulen" "Mozilla/5.0 (Windows NT 6.1; Trident/7.0; rv:11.0) like Gecko"
193.187.3.11 - - [27/Jul/2017:07:54:18 +0200] "GET /css/history.css HTTP/1.1" 200 609 "http://www.easydrivers.at/ueberuns" "Mozilla/5.0 (Windows NT 6.1; Trident/7.0; rv:11.0) like Gecko"
193.187.3.11 - - [27/Jul/2017:07:54:18 +0200] "GET /javascript/history.js HTTP/1.1" 200 967 "http://www.easydrivers.at/ueberuns" "Mozilla/5.0 (Windows NT 6.1; Trident/7.0; rv:11.0) like Gecko"
193.187.3.11 - - [27/Jul/2017:07:54:18 +0200] "GET /binaries/easy-drivers-portal/edwebhistoryillu392x3923jpg.jpg HTTP/1.1" 200 54656 "http://www.easydrivers.at/ueberuns" "Mozilla/5.0 (Windows NT 6.1; Trident/7.0; rv:11.0) like Gecko"
193.187.3.11 - - [27/Jul/2017:07:54:18 +0200] "GET /binaries/easy-drivers-portal/edwebhistoryillu392x3924jpg.jpg HTTP/1.1" 200 35765 "http://www.easydrivers.at/ueberuns" "Mozilla/5.0 (Windows NT 6.1; Trident/7.0; rv:11.0) like Gecko"
193.187.3.11 - - [27/Jul/2017:07:54:18 +0200] "GET /binaries/easy-drivers-portal/edwebhistoryillu392x3926jpg.jpg HTTP/1.1" 200 41118 "http://www.easydrivers.at/ueberuns" "Mozilla/5.0 (Windows NT 6.1; Trident/7.0; rv:11.0) like Gecko"
193.187.3.11 - - [27/Jul/2017:07:54:18 +0200] "GET /binaries/easy-drivers-portal/edwebhistoryillu392x392radjpg.jpg HTTP/1.1" 200 124939 "http://www.easydrivers.at/ueberuns" "Mozilla/5.0 (Windows NT 6.1; Trident/7.0; rv:11.0) like Gecko"
193.187.3.11 - - [27/Jul/2017:07:54:18 +0200] "GET /binaries/easy-drivers-portal/edwebhistoryillu392x3927jpg.jpg HTTP/1.1" 200 71377 "http://www.easydrivers.at/ueberuns" "Mozilla/5.0 (Windows NT 6.1; Trident/7.0; rv:11.0) like Gecko"
193.187.3.11 - - [27/Jul/2017:07:54:18 +0200] "GET /binaries/easy-drivers-portal/edwebhistoryillu392x3928jpg.jpg HTTP/1.1" 200 38907 "http://www.easydrivers.at/ueberuns" "Mozilla/5.0 (Windows NT 6.1; Trident/7.0; rv:11.0) like Gecko"
193.187.3.11 - - [27/Jul/2017:07:54:18 +0200] "GET /binaries/easy-drivers-portal/edwebhistoryillu392x3929jpg.jpg HTTP/1.1" 200 31823 "http://www.easydrivers.at/ueberuns" "Mozilla/5.0 (Windows NT 6.1; Trident/7.0; rv:11.0) like Gecko"
