185.44.205.73 - - [04/Aug/2017:09:01:20 +0200] "GET /img/close-button.png HTTP/1.1" 200 2237 "http://www.easydrivers.at/hartberg" "Mozilla/5.0 (Linux; Android 4.4.2; SM-T210 Build/KOT49H) AppleWebKit/537.36 (KHTML, like Gecko) Chrome/56.0.2924.87 Safari/537.36"
185.44.205.73 - - [04/Aug/2017:09:01:20 +0200] "GET /img/facebook-icon.png HTTP/1.1" 200 1506 "http://www.easydrivers.at/hartberg" "Mozilla/5.0 (Linux; Android 4.4.2; SM-T210 Build/KOT49H) AppleWebKit/537.36 (KHTML, like Gecko) Chrome/56.0.2924.87 Safari/537.36"
185.44.205.73 - - [04/Aug/2017:09:01:20 +0200] "GET /img/info-button.png HTTP/1.1" 200 738 "http://www.easydrivers.at/hartberg" "Mozilla/5.0 (Linux; Android 4.4.2; SM-T210 Build/KOT49H) AppleWebKit/537.36 (KHTML, like Gecko) Chrome/56.0.2924.87 Safari/537.36"
185.44.205.73 - - [04/Aug/2017:09:01:20 +0200] "GET /img/locator-icon.png HTTP/1.1" 200 1377 "http://www.easydrivers.at/hartberg" "Mozilla/5.0 (Linux; Android 4.4.2; SM-T210 Build/KOT49H) AppleWebKit/537.36 (KHTML, like Gecko) Chrome/56.0.2924.87 Safari/537.36"
185.44.205.73 - - [04/Aug/2017:09:01:20 +0200] "GET /img/close-button-small.png HTTP/1.1" 200 1671 "http://www.easydrivers.at/hartberg" "Mozilla/5.0 (Linux; Android 4.4.2; SM-T210 Build/KOT49H) AppleWebKit/537.36 (KHTML, like Gecko) Chrome/56.0.2924.87 Safari/537.36"
185.44.205.73 - - [04/Aug/2017:09:01:21 +0200] "GET /img/submit-button.png HTTP/1.1" 200 1958 "http://www.easydrivers.at/hartberg" "Mozilla/5.0 (Linux; Android 4.4.2; SM-T210 Build/KOT49H) AppleWebKit/537.36 (KHTML, like Gecko) Chrome/56.0.2924.87 Safari/537.36"
194.37.230.40 - - [04/Aug/2017:09:01:19 +0200] "GET /innsbruck/kurse HTTP/1.1" 200 4297 "http://www.easydrivers.at/innsbruck" "Mozilla/5.0 (Windows NT 6.1; rv:52.0) Gecko/20100101 Firefox/52.0"
185.44.205.73 - - [04/Aug/2017:09:01:21 +0200] "GET /img/empty.gif HTTP/1.1" 200 43 "http://www.easydrivers.at/hartberg" "Mozilla/5.0 (Linux; Android 4.4.2; SM-T210 Build/KOT49H) AppleWebKit/537.36 (KHTML, like Gecko) Chrome/56.0.2924.87 Safari/537.36"
185.44.205.73 - - [04/Aug/2017:09:01:21 +0200] "GET /binaries/easy-drivers-portal/widget-sonnenbrillepng.png HTTP/1.1" 200 5067 "http://www.easydrivers.at/hartberg" "Mozilla/5.0 (Linux; Android 4.4.2; SM-T210 Build/KOT49H) AppleWebKit/537.36 (KHTML, like Gecko) Chrome/56.0.2924.87 Safari/537.36"
185.44.205.73 - - [04/Aug/2017:09:01:21 +0200] "GET /cache/emu/images/easy-drivers-portal10250909/berufskraftfahrer_135_90_0.jpg HTTP/1.1" 200 3566 "http://www.easydrivers.at/hartberg" "Mozilla/5.0 (Linux; Android 4.4.2; SM-T210 Build/KOT49H) AppleWebKit/537.36 (KHTML, like Gecko) Chrome/56.0.2924.87 Safari/537.36"
185.44.205.73 - - [04/Aug/2017:09:01:21 +0200] "GET /cache/emu/images/easy-drivers-portal10289535/vespa_114_90_0.jpg HTTP/1.1" 200 3014 "http://www.easydrivers.at/hartberg" "Mozilla/5.0 (Linux; Android 4.4.2; SM-T210 Build/KOT49H) AppleWebKit/537.36 (KHTML, like Gecko) Chrome/56.0.2924.87 Safari/537.36"
185.44.205.73 - - [04/Aug/2017:09:01:21 +0200] "GET /img/schweiz-icon.png HTTP/1.1" 200 1504 "http://www.easydrivers.at/hartberg" "Mozilla/5.0 (Linux; Android 4.4.2; SM-T210 Build/KOT49H) AppleWebKit/537.36 (KHTML, like Gecko) Chrome/56.0.2924.87 Safari/537.36"
185.44.205.73 - - [04/Aug/2017:09:01:21 +0200] "GET /binaries/easy-drivers-portal/edradfahrschullogowidget160x90pxpng.png HTTP/1.1" 200 23394 "http://www.easydrivers.at/hartberg" "Mozilla/5.0 (Linux; Android 4.4.2; SM-T210 Build/KOT49H) AppleWebKit/537.36 (KHTML, like Gecko) Chrome/56.0.2924.87 Safari/537.36"
178.115.130.73 - - [04/Aug/2017:09:01:17 +0200] "POST /bruck.leitha/kursauswahl HTTP/1.1" 200 2981 "http://www.easydrivers.at/bruck.leitha" "Mozilla/5.0 (Linux; Android 6.0.1; SAMSUNG SM-J500FN Build/MMB29M) AppleWebKit/537.36 (KHTML, like Gecko) SamsungBrowser/5.4 Chrome/51.0.2704.106 Mobile Safari/537.36"
185.44.205.73 - - [04/Aug/2017:09:01:21 +0200] "GET /img/ED_Logo.png HTTP/1.1" 200 3385 "http://www.easydrivers.at/css/style.css" "Mozilla/5.0 (Linux; Android 4.4.2; SM-T210 Build/KOT49H) AppleWebKit/537.36 (KHTML, like Gecko) Chrome/56.0.2924.87 Safari/537.36"
185.44.205.73 - - [04/Aug/2017:09:01:21 +0200] "GET /css/print.css HTTP/1.1" 200 967 "http://www.easydrivers.at/hartberg" "Mozilla/5.0 (Linux; Android 4.4.2; SM-T210 Build/KOT49H) AppleWebKit/537.36 (KHTML, like Gecko) Chrome/56.0.2924.87 Safari/537.36"
185.44.205.73 - - [04/Aug/2017:09:01:21 +0200] "GET /img/bg-header.jpg HTTP/1.1" 200 38680 "http://www.easydrivers.at/css/style.css" "Mozilla/5.0 (Linux; Android 4.4.2; SM-T210 Build/KOT49H) AppleWebKit/537.36 (KHTML, like Gecko) Chrome/56.0.2924.87 Safari/537.36"
185.44.205.73 - - [04/Aug/2017:09:01:21 +0200] "GET /img/yellow-dots-vertical.png HTTP/1.1" 200 981 "http://www.easydrivers.at/css/style.css" "Mozilla/5.0 (Linux; Android 4.4.2; SM-T210 Build/KOT49H) AppleWebKit/537.36 (KHTML, like Gecko) Chrome/56.0.2924.87 Safari/537.36"
185.44.205.73 - - [04/Aug/2017:09:01:21 +0200] "GET /img/purple-dots-horizontal.png HTTP/1.1" 200 977 "http://www.easydrivers.at/css/style.css" "Mozilla/5.0 (Linux; Android 4.4.2; SM-T210 Build/KOT49H) AppleWebKit/537.36 (KHTML, like Gecko) Chrome/56.0.2924.87 Safari/537.36"
185.44.205.73 - - [04/Aug/2017:09:01:21 +0200] "GET /img/bg-footer.jpg HTTP/1.1" 200 31770 "http://www.easydrivers.at/css/style.css" "Mozilla/5.0 (Linux; Android 4.4.2; SM-T210 Build/KOT49H) AppleWebKit/537.36 (KHTML, like Gecko) Chrome/56.0.2924.87 Safari/537.36"
185.44.205.73 - - [04/Aug/2017:09:01:21 +0200] "GET /img/bg-top-section.jpg HTTP/1.1" 200 82172 "http://www.easydrivers.at/css/style.css" "Mozilla/5.0 (Linux; Android 4.4.2; SM-T210 Build/KOT49H) AppleWebKit/537.36 (KHTML, like Gecko) Chrome/56.0.2924.87 Safari/537.36"
185.44.205.73 - - [04/Aug/2017:09:01:22 +0200] "GET /img/kursicon-print-pink.png HTTP/1.1" 200 1125 "http://www.easydrivers.at/hartberg" "Mozilla/5.0 (Linux; Android 4.4.2; SM-T210 Build/KOT49H) AppleWebKit/537.36 (KHTML, like Gecko) Chrome/56.0.2924.87 Safari/537.36"
185.44.205.73 - - [04/Aug/2017:09:01:22 +0200] "GET /img/kursicon-share-pink.png HTTP/1.1" 200 1277 "http://www.easydrivers.at/hartberg" "Mozilla/5.0 (Linux; Android 4.4.2; SM-T210 Build/KOT49H) AppleWebKit/537.36 (KHTML, like Gecko) Chrome/56.0.2924.87 Safari/537.36"
185.44.205.73 - - [04/Aug/2017:09:01:22 +0200] "GET /img/kursicon-download-pink.png HTTP/1.1" 200 1213 "http://www.easydrivers.at/hartberg" "Mozilla/5.0 (Linux; Android 4.4.2; SM-T210 Build/KOT49H) AppleWebKit/537.36 (KHTML, like Gecko) Chrome/56.0.2924.87 Safari/537.36"
185.44.205.73 - - [04/Aug/2017:09:01:22 +0200] "GET /img/kursicon-phone-pink.png HTTP/1.1" 200 1286 "http://www.easydrivers.at/hartberg" "Mozilla/5.0 (Linux; Android 4.4.2; SM-T210 Build/KOT49H) AppleWebKit/537.36 (KHTML, like Gecko) Chrome/56.0.2924.87 Safari/537.36"
216.244.66.249 - - [04/Aug/2017:09:01:21 +0200] "GET /fuehrerscheine/lkw/E HTTP/1.1" 200 10251 "-" "Mozilla/5.0 (compatible; DotBot/1.1; http://www.opensiteexplorer.org/dotbot, help@moz.com)"
178.115.130.73 - - [04/Aug/2017:09:01:20 +0200] "POST /bruck.leitha/kursauswahl HTTP/1.1" 200 2981 "http://www.easydrivers.at/bruck.leitha" "Mozilla/5.0 (Linux; Android 6.0.1; SAMSUNG SM-J500FN Build/MMB29M) AppleWebKit/537.36 (KHTML, like Gecko) SamsungBrowser/5.4 Chrome/51.0.2704.106 Mobile Safari/537.36"
185.44.205.73 - - [04/Aug/2017:09:01:23 +0200] "GET /img/new_favicon.ico HTTP/1.1" 200 1150 "http://www.easydrivers.at/hartberg" "Mozilla/5.0 (Linux; Android 4.4.2; SM-T210 Build/KOT49H) AppleWebKit/537.36 (KHTML, like Gecko) Chrome/56.0.2924.87 Safari/537.36"
194.37.230.40 - - [04/Aug/2017:09:01:21 +0200] "GET /innsbruck HTTP/1.1" 200 3670 "https://www.google.at/" "Mozilla/5.0 (Windows NT 6.1; rv:52.0) Gecko/20100101 Firefox/52.0"
178.115.130.73 - - [04/Aug/2017:09:01:22 +0200] "POST /bruck.leitha/kursauswahl HTTP/1.1" 200 2981 "http://www.easydrivers.at/bruck.leitha" "Mozilla/5.0 (Linux; Android 6.0.1; SAMSUNG SM-J500FN Build/MMB29M) AppleWebKit/537.36 (KHTML, like Gecko) SamsungBrowser/5.4 Chrome/51.0.2704.106 Mobile Safari/537.36"
216.244.66.249 - - [04/Aug/2017:09:01:25 +0200] "GET /fuehrerscheine/auto/BZ HTTP/1.1" 200 10952 "-" "Mozilla/5.0 (compatible; DotBot/1.1; http://www.opensiteexplorer.org/dotbot, help@moz.com)"
77.117.188.53 - - [04/Aug/2017:09:01:25 +0200] "POST /loadkursliste HTTP/1.1" 200 532 "http://www.easydrivers.at/am.spitz/kursauswahl" "Mozilla/5.0 (Linux; Android 7.0; HUAWEI VNS-L21 Build/HUAWEIVNS-L21) AppleWebKit/537.36 (KHTML, like Gecko) Chrome/59.0.3071.125 Mobile Safari/537.36"
178.115.130.73 - - [04/Aug/2017:09:01:23 +0200] "POST /bruck.leitha/kursauswahl HTTP/1.1" 200 2981 "http://www.easydrivers.at/bruck.leitha" "Mozilla/5.0 (Linux; Android 6.0.1; SAMSUNG SM-J500FN Build/MMB29M) AppleWebKit/537.36 (KHTML, like Gecko) SamsungBrowser/5.4 Chrome/51.0.2704.106 Mobile Safari/537.36"
178.115.130.73 - - [04/Aug/2017:09:01:28 +0200] "POST /loadkursliste HTTP/1.1" 200 528 "http://www.easydrivers.at/bruck.leitha/kursauswahl" "Mozilla/5.0 (Linux; Android 6.0.1; SAMSUNG SM-J500FN Build/MMB29M) AppleWebKit/537.36 (KHTML, like Gecko) SamsungBrowser/5.4 Chrome/51.0.2704.106 Mobile Safari/537.36"
77.119.130.26 - - [04/Aug/2017:09:01:29 +0200] "POST /loadkursliste HTTP/1.1" 200 596 "http://www.easydrivers.at/suche" "Mozilla/5.0 (Linux; Android 7.0; SAMSUNG SM-G930F Build/NRD90M) AppleWebKit/537.36 (KHTML, like Gecko) SamsungBrowser/5.4 Chrome/51.0.2704.106 Mobile Safari/537.36"
77.119.130.26 - - [04/Aug/2017:09:01:31 +0200] "GET /img/kursicon-print.png HTTP/1.1" 200 1184 "http://www.easydrivers.at/suche" "Mozilla/5.0 (Linux; Android 7.0; SAMSUNG SM-G930F Build/NRD90M) AppleWebKit/537.36 (KHTML, like Gecko) SamsungBrowser/5.4 Chrome/51.0.2704.106 Mobile Safari/537.36"
77.119.130.26 - - [04/Aug/2017:09:01:31 +0200] "GET /img/kursicon-download.png HTTP/1.1" 200 1218 "http://www.easydrivers.at/suche" "Mozilla/5.0 (Linux; Android 7.0; SAMSUNG SM-G930F Build/NRD90M) AppleWebKit/537.36 (KHTML, like Gecko) SamsungBrowser/5.4 Chrome/51.0.2704.106 Mobile Safari/537.36"
77.119.130.26 - - [04/Aug/2017:09:01:31 +0200] "GET /img/kursicon-share.png HTTP/1.1" 200 1302 "http://www.easydrivers.at/suche" "Mozilla/5.0 (Linux; Android 7.0; SAMSUNG SM-G930F Build/NRD90M) AppleWebKit/537.36 (KHTML, like Gecko) SamsungBrowser/5.4 Chrome/51.0.2704.106 Mobile Safari/537.36"
77.119.130.26 - - [04/Aug/2017:09:01:31 +0200] "GET /img/kursicon-phone.png HTTP/1.1" 200 1287 "http://www.easydrivers.at/suche" "Mozilla/5.0 (Linux; Android 7.0; SAMSUNG SM-G930F Build/NRD90M) AppleWebKit/537.36 (KHTML, like Gecko) SamsungBrowser/5.4 Chrome/51.0.2704.106 Mobile Safari/537.36"
213.162.72.134 - - [04/Aug/2017:09:01:32 +0200] "GET /amstetten/Easy HTTP/1.1" 200 2660 "android-app://com.google.android.googlequicksearchbox" "Mozilla/5.0 (Linux; Android 5.0.1; ALE-L21 Build/HuaweiALE-L21) AppleWebKit/537.36 (KHTML, like Gecko) Chrome/59.0.3071.125 Mobile Safari/537.36"
212.95.8.247 - - [04/Aug/2017:09:01:33 +0200] "GET /moedling/10281852?FS=BE HTTP/1.1" 200 5074 "http://www.easydrivers.at/moedling/kurse" "Mozilla/5.0 (Linux; Android 6.0.1; SM-J510FN Build/MMB29M) AppleWebKit/537.36 (KHTML, like Gecko) Chrome/59.0.3071.125 Mobile Safari/537.36"
212.95.8.247 - - [04/Aug/2017:09:01:35 +0200] "GET /binaries/easy-drivers-portal/pkw7jpg-1.jpg HTTP/1.1" 200 77956 "http://www.easydrivers.at/moedling/10281852?FS=BE" "Mozilla/5.0 (Linux; Android 6.0.1; SM-J510FN Build/MMB29M) AppleWebKit/537.36 (KHTML, like Gecko) Chrome/59.0.3071.125 Mobile Safari/537.36"
178.115.130.73 - - [04/Aug/2017:09:01:38 +0200] "POST /loadkursliste HTTP/1.1" 200 455 "http://www.easydrivers.at/bruck.leitha/kursauswahl" "Mozilla/5.0 (Linux; Android 6.0.1; SAMSUNG SM-J500FN Build/MMB29M) AppleWebKit/537.36 (KHTML, like Gecko) SamsungBrowser/5.4 Chrome/51.0.2704.106 Mobile Safari/537.36"
46.125.250.110 - - [04/Aug/2017:09:01:39 +0200] "GET /innsbruck/10266788 HTTP/1.1" 200 2503 "-" "Mozilla/5.0 (Linux; Android 4.4.2; de-at; SAMSUNG GT-I9301I Build/KOT49H) AppleWebKit/537.36 (KHTML, like Gecko) Version/1.5 Chrome/28.0.1500.94 Mobile Safari/537.36"
213.150.1.136 - - [04/Aug/2017:09:01:42 +0200] "GET / HTTP/1.1" 200 4410 "http://www.google.at/url?sa=t&rct=j&q=&esrc=s&source=web&cd=1&ved=0ahUKEwjc9ZiNgb3VAhWhI8AKHaHDA8EQFggmMAA&url=http%3A%2F%2Fwww.easydrivers.at%2F&usg=AFQjCNE_iL6XJJtFF7fWfQkUoVbc7TZvBQ" "Mozilla/5.0 (Windows NT 6.1; WOW64; Trident/7.0; SD; rv:11.0) like Gecko"
178.115.130.73 - - [04/Aug/2017:09:01:42 +0200] "GET /bruck.leitha/10279686?FS=A HTTP/1.1" 200 3175 "http://www.easydrivers.at/bruck.leitha/kursauswahl" "Mozilla/5.0 (Linux; Android 6.0.1; SAMSUNG SM-J500FN Build/MMB29M) AppleWebKit/537.36 (KHTML, like Gecko) SamsungBrowser/5.4 Chrome/51.0.2704.106 Mobile Safari/537.36"
77.117.188.53 - - [04/Aug/2017:09:01:47 +0200] "GET /am.spitz HTTP/1.1" 200 2902 "http://www.b-kann-mehr.at/ausbildungsorte.html?standort_id=92101&plz=1210&ort=Wien" "Mozilla/5.0 (Linux; Android 7.0; HUAWEI VNS-L21 Build/HUAWEIVNS-L21) AppleWebKit/537.36 (KHTML, like Gecko) Chrome/59.0.3071.125 Mobile Safari/537.36"
194.208.116.29 - - [04/Aug/2017:09:01:53 +0200] "GET /dornbirn HTTP/1.1" 200 3036 "https://www.google.at/" "Mozilla/5.0 (iPhone; CPU iPhone OS 10_2_1 like Mac OS X) AppleWebKit/602.1.50 (KHTML, like Gecko) CriOS/59.0.3071.102 Mobile/14D27 Safari/602.1"
194.208.116.29 - - [04/Aug/2017:09:01:55 +0200] "GET /javascript/mobile-menu.js HTTP/1.1" 200 1634 "http://www.easydrivers.at/dornbirn" "Mozilla/5.0 (iPhone; CPU iPhone OS 10_2_1 like Mac OS X) AppleWebKit/602.1.50 (KHTML, like Gecko) CriOS/59.0.3071.102 Mobile/14D27 Safari/602.1"
194.208.116.29 - - [04/Aug/2017:09:01:55 +0200] "GET /javascript/jquery.cookie.js HTTP/1.1" 200 863 "http://www.easydrivers.at/dornbirn" "Mozilla/5.0 (iPhone; CPU iPhone OS 10_2_1 like Mac OS X) AppleWebKit/602.1.50 (KHTML, like Gecko) CriOS/59.0.3071.102 Mobile/14D27 Safari/602.1"
194.208.116.29 - - [04/Aug/2017:09:01:55 +0200] "GET /css/mobile.css HTTP/1.1" 200 2852 "http://www.easydrivers.at/dornbirn" "Mozilla/5.0 (iPhone; CPU iPhone OS 10_2_1 like Mac OS X) AppleWebKit/602.1.50 (KHTML, like Gecko) CriOS/59.0.3071.102 Mobile/14D27 Safari/602.1"
194.208.116.29 - - [04/Aug/2017:09:01:55 +0200] "GET /javascript/jquery-1.9.1.min.js HTTP/1.1" 200 32731 "http://www.easydrivers.at/dornbirn" "Mozilla/5.0 (iPhone; CPU iPhone OS 10_2_1 like Mac OS X) AppleWebKit/602.1.50 (KHTML, like Gecko) CriOS/59.0.3071.102 Mobile/14D27 Safari/602.1"
194.208.116.29 - - [04/Aug/2017:09:01:55 +0200] "GET /javascript/mobile-fahrschule.js HTTP/1.1" 200 328 "http://www.easydrivers.at/dornbirn" "Mozilla/5.0 (iPhone; CPU iPhone OS 10_2_1 like Mac OS X) AppleWebKit/602.1.50 (KHTML, like Gecko) CriOS/59.0.3071.102 Mobile/14D27 Safari/602.1"
194.208.116.29 - - [04/Aug/2017:09:01:55 +0200] "GET /javascript/lazyload.js HTTP/1.1" 200 1170 "http://www.easydrivers.at/dornbirn" "Mozilla/5.0 (iPhone; CPU iPhone OS 10_2_1 like Mac OS X) AppleWebKit/602.1.50 (KHTML, like Gecko) CriOS/59.0.3071.102 Mobile/14D27 Safari/602.1"
194.208.116.29 - - [04/Aug/2017:09:01:55 +0200] "GET /javascript/jquery.simplemodal.js HTTP/1.1" 200 3070 "http://www.easydrivers.at/dornbirn" "Mozilla/5.0 (iPhone; CPU iPhone OS 10_2_1 like Mac OS X) AppleWebKit/602.1.50 (KHTML, like Gecko) CriOS/59.0.3071.102 Mobile/14D27 Safari/602.1"
194.208.116.29 - - [04/Aug/2017:09:01:55 +0200] "GET /img/mobile/easydrivers-logo-mobile.png HTTP/1.1" 200 10766 "http://www.easydrivers.at/dornbirn" "Mozilla/5.0 (iPhone; CPU iPhone OS 10_2_1 like Mac OS X) AppleWebKit/602.1.50 (KHTML, like Gecko) CriOS/59.0.3071.102 Mobile/14D27 Safari/602.1"
194.208.116.29 - - [04/Aug/2017:09:01:55 +0200] "GET /img/mobile/menu-button.png HTTP/1.1" 200 1746 "http://www.easydrivers.at/dornbirn" "Mozilla/5.0 (iPhone; CPU iPhone OS 10_2_1 like Mac OS X) AppleWebKit/602.1.50 (KHTML, like Gecko) CriOS/59.0.3071.102 Mobile/14D27 Safari/602.1"
194.208.116.29 - - [04/Aug/2017:09:01:55 +0200] "GET /img/mobile/info-button.png HTTP/1.1" 200 1549 "http://www.easydrivers.at/dornbirn" "Mozilla/5.0 (iPhone; CPU iPhone OS 10_2_1 like Mac OS X) AppleWebKit/602.1.50 (KHTML, like Gecko) CriOS/59.0.3071.102 Mobile/14D27 Safari/602.1"
194.208.116.29 - - [04/Aug/2017:09:01:55 +0200] "GET /img/mobile/facebook-icon.png HTTP/1.1" 200 1902 "http://www.easydrivers.at/dornbirn" "Mozilla/5.0 (iPhone; CPU iPhone OS 10_2_1 like Mac OS X) AppleWebKit/602.1.50 (KHTML, like Gecko) CriOS/59.0.3071.102 Mobile/14D27 Safari/602.1"
194.208.116.29 - - [04/Aug/2017:09:01:55 +0200] "GET /img/mobile/close-button.png HTTP/1.1" 200 2411 "http://www.easydrivers.at/dornbirn" "Mozilla/5.0 (iPhone; CPU iPhone OS 10_2_1 like Mac OS X) AppleWebKit/602.1.50 (KHTML, like Gecko) CriOS/59.0.3071.102 Mobile/14D27 Safari/602.1"
194.208.116.29 - - [04/Aug/2017:09:01:55 +0200] "GET /img/mobile/info-close-button.png HTTP/1.1" 200 1721 "http://www.easydrivers.at/dornbirn" "Mozilla/5.0 (iPhone; CPU iPhone OS 10_2_1 like Mac OS X) AppleWebKit/602.1.50 (KHTML, like Gecko) CriOS/59.0.3071.102 Mobile/14D27 Safari/602.1"
194.208.116.29 - - [04/Aug/2017:09:01:55 +0200] "GET /img/smallicon-address.png HTTP/1.1" 200 1211 "http://www.easydrivers.at/dornbirn" "Mozilla/5.0 (iPhone; CPU iPhone OS 10_2_1 like Mac OS X) AppleWebKit/602.1.50 (KHTML, like Gecko) CriOS/59.0.3071.102 Mobile/14D27 Safari/602.1"
194.208.116.29 - - [04/Aug/2017:09:01:55 +0200] "GET /img/mobile/googlemaps-pin.png HTTP/1.1" 200 1597 "http://www.easydrivers.at/dornbirn" "Mozilla/5.0 (iPhone; CPU iPhone OS 10_2_1 like Mac OS X) AppleWebKit/602.1.50 (KHTML, like Gecko) CriOS/59.0.3071.102 Mobile/14D27 Safari/602.1"
194.208.116.29 - - [04/Aug/2017:09:01:55 +0200] "GET /img/smallicon-person.png HTTP/1.1" 200 1141 "http://www.easydrivers.at/dornbirn" "Mozilla/5.0 (iPhone; CPU iPhone OS 10_2_1 like Mac OS X) AppleWebKit/602.1.50 (KHTML, like Gecko) CriOS/59.0.3071.102 Mobile/14D27 Safari/602.1"
194.208.116.29 - - [04/Aug/2017:09:01:55 +0200] "GET /img/smallicon-time.png HTTP/1.1" 200 1262 "http://www.easydrivers.at/dornbirn" "Mozilla/5.0 (iPhone; CPU iPhone OS 10_2_1 like Mac OS X) AppleWebKit/602.1.50 (KHTML, like Gecko) CriOS/59.0.3071.102 Mobile/14D27 Safari/602.1"
194.208.116.29 - - [04/Aug/2017:09:01:55 +0200] "GET /img/smallicon-phone.png HTTP/1.1" 200 3056 "http://www.easydrivers.at/dornbirn" "Mozilla/5.0 (iPhone; CPU iPhone OS 10_2_1 like Mac OS X) AppleWebKit/602.1.50 (KHTML, like Gecko) CriOS/59.0.3071.102 Mobile/14D27 Safari/602.1"
194.208.116.29 - - [04/Aug/2017:09:01:55 +0200] "GET /img/mobile/widget-icon-app.png HTTP/1.1" 200 3458 "http://www.easydrivers.at/dornbirn" "Mozilla/5.0 (iPhone; CPU iPhone OS 10_2_1 like Mac OS X) AppleWebKit/602.1.50 (KHTML, like Gecko) CriOS/59.0.3071.102 Mobile/14D27 Safari/602.1"
194.208.116.29 - - [04/Aug/2017:09:01:55 +0200] "GET /img/smallicon-mail.png HTTP/1.1" 200 1341 "http://www.easydrivers.at/dornbirn" "Mozilla/5.0 (iPhone; CPU iPhone OS 10_2_1 like Mac OS X) AppleWebKit/602.1.50 (KHTML, like Gecko) CriOS/59.0.3071.102 Mobile/14D27 Safari/602.1"
194.208.116.29 - - [04/Aug/2017:09:01:55 +0200] "GET /img/mobile/bg-header.jpg HTTP/1.1" 200 19741 "http://www.easydrivers.at/dornbirn" "Mozilla/5.0 (iPhone; CPU iPhone OS 10_2_1 like Mac OS X) AppleWebKit/602.1.50 (KHTML, like Gecko) CriOS/59.0.3071.102 Mobile/14D27 Safari/602.1"
194.208.116.29 - - [04/Aug/2017:09:01:55 +0200] "GET /img/mobile/bg-menu.jpg HTTP/1.1" 200 1698 "http://www.easydrivers.at/dornbirn" "Mozilla/5.0 (iPhone; CPU iPhone OS 10_2_1 like Mac OS X) AppleWebKit/602.1.50 (KHTML, like Gecko) CriOS/59.0.3071.102 Mobile/14D27 Safari/602.1"
194.208.116.29 - - [04/Aug/2017:09:01:55 +0200] "GET /img/mobile/bg-top-section.jpg HTTP/1.1" 200 21711 "http://www.easydrivers.at/dornbirn" "Mozilla/5.0 (iPhone; CPU iPhone OS 10_2_1 like Mac OS X) AppleWebKit/602.1.50 (KHTML, like Gecko) CriOS/59.0.3071.102 Mobile/14D27 Safari/602.1"
194.208.116.29 - - [04/Aug/2017:09:01:55 +0200] "GET /img/mobile/pfeil-rechts.png HTTP/1.1" 200 1228 "http://www.easydrivers.at/dornbirn" "Mozilla/5.0 (iPhone; CPU iPhone OS 10_2_1 like Mac OS X) AppleWebKit/602.1.50 (KHTML, like Gecko) CriOS/59.0.3071.102 Mobile/14D27 Safari/602.1"
194.208.116.29 - - [04/Aug/2017:09:01:56 +0200] "GET /img/favicon.ico HTTP/1.1" 404 300 "-" "Mozilla/5.0 (iPhone; CPU iPhone OS 10_2_1 like Mac OS X) AppleWebKit/602.1.50 (KHTML, like Gecko) CriOS/59.0.3071.102 Mobile/14D27 Safari/602.1"
212.95.8.247 - - [04/Aug/2017:09:01:57 +0200] "GET /moedling/kurse HTTP/1.1" 200 4743 "http://www.easydrivers.at/moedling/10281852?FS=BE" "Mozilla/5.0 (Linux; Android 6.0.1; SM-J510FN Build/MMB29M) AppleWebKit/537.36 (KHTML, like Gecko) Chrome/59.0.3071.125 Mobile Safari/537.36"
212.95.8.247 - - [04/Aug/2017:09:02:00 +0200] "GET /binaries/easy-drivers-portal/bus6jpg.jpg HTTP/1.1" 200 101306 "http://www.easydrivers.at/moedling/kurse" "Mozilla/5.0 (Linux; Android 6.0.1; SM-J510FN Build/MMB29M) AppleWebKit/537.36 (KHTML, like Gecko) Chrome/59.0.3071.125 Mobile Safari/537.36"
178.115.130.73 - - [04/Aug/2017:09:01:58 +0200] "GET /bruck.leitha/kursauswahl HTTP/1.1" 200 2981 "http://www.easydrivers.at/bruck.leitha/10279686?FS=A" "Mozilla/5.0 (Linux; Android 6.0.1; SAMSUNG SM-J500FN Build/MMB29M) AppleWebKit/537.36 (KHTML, like Gecko) SamsungBrowser/5.4 Chrome/51.0.2704.106 Mobile Safari/537.36"
185.44.205.73 - - [04/Aug/2017:09:02:01 +0200] "GET /img/loading-bars.gif HTTP/1.1" 200 3951 "http://www.easydrivers.at/css/style.css" "Mozilla/5.0 (Linux; Android 4.4.2; SM-T210 Build/KOT49H) AppleWebKit/537.36 (KHTML, like Gecko) Chrome/56.0.2924.87 Safari/537.36"
212.95.8.247 - - [04/Aug/2017:09:02:00 +0200] "POST /loadkursliste HTTP/1.1" 200 466 "http://www.easydrivers.at/moedling/kurse" "Mozilla/5.0 (Linux; Android 6.0.1; SM-J510FN Build/MMB29M) AppleWebKit/537.36 (KHTML, like Gecko) Chrome/59.0.3071.125 Mobile Safari/537.36"
178.115.130.73 - - [04/Aug/2017:09:01:59 +0200] "GET /bruck.leitha/kurse HTTP/1.1" 200 3474 "http://www.easydrivers.at/bruck.leitha/10279686?FS=A" "Mozilla/5.0 (Linux; Android 6.0.1; SAMSUNG SM-J500FN Build/MMB29M) AppleWebKit/537.36 (KHTML, like Gecko) SamsungBrowser/5.4 Chrome/51.0.2704.106 Mobile Safari/537.36"
185.44.205.73 - - [04/Aug/2017:09:02:01 +0200] "POST /hartberg/kursauswahl HTTP/1.1" 200 4828 "http://www.easydrivers.at/hartberg" "Mozilla/5.0 (Linux; Android 4.4.2; SM-T210 Build/KOT49H) AppleWebKit/537.36 (KHTML, like Gecko) Chrome/56.0.2924.87 Safari/537.36"
185.44.205.73 - - [04/Aug/2017:09:02:04 +0200] "GET /css/showLoading.css HTTP/1.1" 200 219 "http://www.easydrivers.at/hartberg/kursauswahl" "Mozilla/5.0 (Linux; Android 4.4.2; SM-T210 Build/KOT49H) AppleWebKit/537.36 (KHTML, like Gecko) Chrome/56.0.2924.87 Safari/537.36"
185.44.205.73 - - [04/Aug/2017:09:02:04 +0200] "GET /javascript/jquery.showLoading.min.js HTTP/1.1" 200 1136 "http://www.easydrivers.at/hartberg/kursauswahl" "Mozilla/5.0 (Linux; Android 4.4.2; SM-T210 Build/KOT49H) AppleWebKit/537.36 (KHTML, like Gecko) Chrome/56.0.2924.87 Safari/537.36"
185.44.205.73 - - [04/Aug/2017:09:02:04 +0200] "GET /javascript/jquery.base64.min.js HTTP/1.1" 200 37135 "http://www.easydrivers.at/hartberg/kursauswahl" "Mozilla/5.0 (Linux; Android 4.4.2; SM-T210 Build/KOT49H) AppleWebKit/537.36 (KHTML, like Gecko) Chrome/56.0.2924.87 Safari/537.36"
185.44.205.73 - - [04/Aug/2017:09:02:04 +0200] "GET /img/arrow-left.png HTTP/1.1" 200 1015 "http://www.easydrivers.at/css/style.css" "Mozilla/5.0 (Linux; Android 4.4.2; SM-T210 Build/KOT49H) AppleWebKit/537.36 (KHTML, like Gecko) Chrome/56.0.2924.87 Safari/537.36"
185.44.205.73 - - [04/Aug/2017:09:02:04 +0200] "GET /img/bg-yellow.jpg HTTP/1.1" 200 2250 "http://www.easydrivers.at/css/style.css" "Mozilla/5.0 (Linux; Android 4.4.2; SM-T210 Build/KOT49H) AppleWebKit/537.36 (KHTML, like Gecko) Chrome/56.0.2924.87 Safari/537.36"
185.44.205.73 - - [04/Aug/2017:09:02:04 +0200] "GET /img/top-image-overlay.png HTTP/1.1" 200 20650 "http://www.easydrivers.at/css/style.css" "Mozilla/5.0 (Linux; Android 4.4.2; SM-T210 Build/KOT49H) AppleWebKit/537.36 (KHTML, like Gecko) Chrome/56.0.2924.87 Safari/537.36"
185.44.205.73 - - [04/Aug/2017:09:02:04 +0200] "GET /binaries/easy-drivers-portal/traktor4jpg.jpg HTTP/1.1" 200 110863 "http://www.easydrivers.at/hartberg/kursauswahl" "Mozilla/5.0 (Linux; Android 4.4.2; SM-T210 Build/KOT49H) AppleWebKit/537.36 (KHTML, like Gecko) Chrome/56.0.2924.87 Safari/537.36"
194.208.116.29 - - [04/Aug/2017:09:02:03 +0200] "GET /ueberuns HTTP/1.1" 200 3286 "http://www.easydrivers.at/dornbirn" "Mozilla/5.0 (iPhone; CPU iPhone OS 10_2_1 like Mac OS X) AppleWebKit/602.1.50 (KHTML, like Gecko) CriOS/59.0.3071.102 Mobile/14D27 Safari/602.1"
194.208.116.29 - - [04/Aug/2017:09:02:05 +0200] "GET /binaries/easy-drivers-portal/edwebhistoryillu392x3922jpg.jpg HTTP/1.1" 200 32209 "http://www.easydrivers.at/ueberuns" "Mozilla/5.0 (iPhone; CPU iPhone OS 10_2_1 like Mac OS X) AppleWebKit/602.1.50 (KHTML, like Gecko) CriOS/59.0.3071.102 Mobile/14D27 Safari/602.1"
194.208.116.29 - - [04/Aug/2017:09:02:05 +0200] "GET /binaries/easy-drivers-portal/edwebhistoryillu392x3923jpg.jpg HTTP/1.1" 200 54656 "http://www.easydrivers.at/ueberuns" "Mozilla/5.0 (iPhone; CPU iPhone OS 10_2_1 like Mac OS X) AppleWebKit/602.1.50 (KHTML, like Gecko) CriOS/59.0.3071.102 Mobile/14D27 Safari/602.1"
194.208.116.29 - - [04/Aug/2017:09:02:05 +0200] "GET /binaries/easy-drivers-portal/edwebhistoryillu392x3924jpg.jpg HTTP/1.1" 200 35765 "http://www.easydrivers.at/ueberuns" "Mozilla/5.0 (iPhone; CPU iPhone OS 10_2_1 like Mac OS X) AppleWebKit/602.1.50 (KHTML, like Gecko) CriOS/59.0.3071.102 Mobile/14D27 Safari/602.1"
178.115.130.73 - - [04/Aug/2017:09:02:03 +0200] "POST /loadkursliste HTTP/1.1" 200 455 "http://www.easydrivers.at/bruck.leitha/kurse" "Mozilla/5.0 (Linux; Android 6.0.1; SAMSUNG SM-J500FN Build/MMB29M) AppleWebKit/537.36 (KHTML, like Gecko) SamsungBrowser/5.4 Chrome/51.0.2704.106 Mobile Safari/537.36"
194.208.116.29 - - [04/Aug/2017:09:02:05 +0200] "GET /binaries/easy-drivers-portal/edwebhistoryillu392x3925jpg.jpg HTTP/1.1" 200 31708 "http://www.easydrivers.at/ueberuns" "Mozilla/5.0 (iPhone; CPU iPhone OS 10_2_1 like Mac OS X) AppleWebKit/602.1.50 (KHTML, like Gecko) CriOS/59.0.3071.102 Mobile/14D27 Safari/602.1"
194.208.116.29 - - [04/Aug/2017:09:02:05 +0200] "GET /binaries/easy-drivers-portal/edwebhistoryillu392x3928jpg.jpg HTTP/1.1" 200 38907 "http://www.easydrivers.at/ueberuns" "Mozilla/5.0 (iPhone; CPU iPhone OS 10_2_1 like Mac OS X) AppleWebKit/602.1.50 (KHTML, like Gecko) CriOS/59.0.3071.102 Mobile/14D27 Safari/602.1"
194.208.116.29 - - [04/Aug/2017:09:02:05 +0200] "GET /binaries/easy-drivers-portal/edwebhistoryillu392x3929jpg.jpg HTTP/1.1" 200 31823 "http://www.easydrivers.at/ueberuns" "Mozilla/5.0 (iPhone; CPU iPhone OS 10_2_1 like Mac OS X) AppleWebKit/602.1.50 (KHTML, like Gecko) CriOS/59.0.3071.102 Mobile/14D27 Safari/602.1"
194.208.116.29 - - [04/Aug/2017:09:02:05 +0200] "GET /binaries/easy-drivers-portal/edwebhistoryillu392x392radjpg.jpg HTTP/1.1" 200 124939 "http://www.easydrivers.at/ueberuns" "Mozilla/5.0 (iPhone; CPU iPhone OS 10_2_1 like Mac OS X) AppleWebKit/602.1.50 (KHTML, like Gecko) CriOS/59.0.3071.102 Mobile/14D27 Safari/602.1"
194.208.116.29 - - [04/Aug/2017:09:02:06 +0200] "GET /binaries/easy-drivers-portal/edwebhistoryillu392x39211jpg.jpg HTTP/1.1" 200 36282 "http://www.easydrivers.at/ueberuns" "Mozilla/5.0 (iPhone; CPU iPhone OS 10_2_1 like Mac OS X) AppleWebKit/602.1.50 (KHTML, like Gecko) CriOS/59.0.3071.102 Mobile/14D27 Safari/602.1"
194.208.116.29 - - [04/Aug/2017:09:02:06 +0200] "GET /binaries/easy-drivers-portal/edwebhistoryillu392x39210jpg.jpg HTTP/1.1" 200 19475 "http://www.easydrivers.at/ueberuns" "Mozilla/5.0 (iPhone; CPU iPhone OS 10_2_1 like Mac OS X) AppleWebKit/602.1.50 (KHTML, like Gecko) CriOS/59.0.3071.102 Mobile/14D27 Safari/602.1"
194.208.116.29 - - [04/Aug/2017:09:02:06 +0200] "GET /binaries/easy-drivers-portal/edwebhistoryillu392x39220kpng.png HTTP/1.1" 200 49333 "http://www.easydrivers.at/ueberuns" "Mozilla/5.0 (iPhone; CPU iPhone OS 10_2_1 like Mac OS X) AppleWebKit/602.1.50 (KHTML, like Gecko) CriOS/59.0.3071.102 Mobile/14D27 Safari/602.1"
194.208.116.29 - - [04/Aug/2017:09:02:05 +0200] "GET /binaries/easy-drivers-portal/edwebhistoryillu392x3927jpg.jpg HTTP/1.1" 200 71377 "http://www.easydrivers.at/ueberuns" "Mozilla/5.0 (iPhone; CPU iPhone OS 10_2_1 like Mac OS X) AppleWebKit/602.1.50 (KHTML, like Gecko) CriOS/59.0.3071.102 Mobile/14D27 Safari/602.1"
66.102.6.152 - - [04/Aug/2017:09:02:04 +0200] "GET /voesendorf/10288807?FS=B HTTP/1.1" 200 5421 "http://www.google.at/url?sa=t&rct=j&q=&esrc=s&source=web&cd=1&ved=0CEAQFjAG&url=http%3A%2F%2Fwww.easydrivers.at%2Fvoesendorf%2F10288807%3FFS%3DB&ei=5RuEWc_LLfWGyQPnEw&usg=AFQjCNFYa_j4ztY0Wgz0O4bJa2DfULEcUg" "Mozilla/5.0 (Windows NT 10.0; WOW64; Trident/7.0; Touch; rv:11.0) like Gecko"
66.102.6.152 - - [04/Aug/2017:09:02:06 +0200] "GET /css/print.css HTTP/1.1" 200 967 "http://www.easydrivers.at/voesendorf/10288807?FS=B" "Mozilla/5.0 (Windows NT 10.0; WOW64; Trident/7.0; Touch; rv:11.0) like Gecko"
66.102.6.154 - - [04/Aug/2017:09:02:06 +0200] "GET /javascript/portal.js?1221842734 HTTP/1.1" 200 3529 "http://www.easydrivers.at/voesendorf/10288807?FS=B" "Mozilla/5.0 (Windows NT 10.0; WOW64; Trident/7.0; Touch; rv:11.0) like Gecko"
66.102.6.153 - - [04/Aug/2017:09:02:06 +0200] "GET /javascript/jquery.simplemodal.js HTTP/1.1" 200 3070 "http://www.easydrivers.at/voesendorf/10288807?FS=B" "Mozilla/5.0 (Windows NT 10.0; WOW64; Trident/7.0; Touch; rv:11.0) like Gecko"
66.102.6.154 - - [04/Aug/2017:09:02:06 +0200] "GET /css/style.css HTTP/1.1" 200 5004 "http://www.easydrivers.at/voesendorf/10288807?FS=B" "Mozilla/5.0 (Windows NT 10.0; WOW64; Trident/7.0; Touch; rv:11.0) like Gecko"
66.102.6.154 - - [04/Aug/2017:09:02:06 +0200] "GET /javascript/jquery.cookie.js HTTP/1.1" 200 863 "http://www.easydrivers.at/voesendorf/10288807?FS=B" "Mozilla/5.0 (Windows NT 10.0; WOW64; Trident/7.0; Touch; rv:11.0) like Gecko"
66.102.6.154 - - [04/Aug/2017:09:02:06 +0200] "GET /javascript/jquery.customSelect.min.js HTTP/1.1" 200 912 "http://www.easydrivers.at/voesendorf/10288807?FS=B" "Mozilla/5.0 (Windows NT 10.0; WOW64; Trident/7.0; Touch; rv:11.0) like Gecko"
213.162.72.134 - - [04/Aug/2017:09:02:04 +0200] "GET /amstetten/kurse HTTP/1.1" 200 3447 "http://www.easydrivers.at/amstetten/Easy" "Mozilla/5.0 (Linux; Android 5.0.1; ALE-L21 Build/HuaweiALE-L21) AppleWebKit/537.36 (KHTML, like Gecko) Chrome/59.0.3071.125 Mobile Safari/537.36"
66.102.6.153 - - [04/Aug/2017:09:02:06 +0200] "GET /css/showLoading.css HTTP/1.1" 200 219 "http://www.easydrivers.at/voesendorf/10288807?FS=B" "Mozilla/5.0 (Windows NT 10.0; WOW64; Trident/7.0; Touch; rv:11.0) like Gecko"
66.102.6.153 - - [04/Aug/2017:09:02:06 +0200] "GET /javascript/fahrschule.js HTTP/1.1" 200 462 "http://www.easydrivers.at/voesendorf/10288807?FS=B" "Mozilla/5.0 (Windows NT 10.0; WOW64; Trident/7.0; Touch; rv:11.0) like Gecko"
194.208.116.29 - - [04/Aug/2017:09:02:06 +0200] "GET /binaries/easy-drivers-portal/edwebhistoryillu392x3926jpg.jpg HTTP/1.1" 200 41118 "http://www.easydrivers.at/ueberuns" "Mozilla/5.0 (iPhone; CPU iPhone OS 10_2_1 like Mac OS X) AppleWebKit/602.1.50 (KHTML, like Gecko) CriOS/59.0.3071.102 Mobile/14D27 Safari/602.1"
66.102.6.153 - - [04/Aug/2017:09:02:07 +0200] "GET /javascript/suche.js HTTP/1.1" 200 209 "http://www.easydrivers.at/voesendorf/10288807?FS=B" "Mozilla/5.0 (Windows NT 10.0; WOW64; Trident/7.0; Touch; rv:11.0) like Gecko"
66.102.6.152 - - [04/Aug/2017:09:02:07 +0200] "GET /javascript/jquery.showLoading.min.js HTTP/1.1" 200 1136 "http://www.easydrivers.at/voesendorf/10288807?FS=B" "Mozilla/5.0 (Windows NT 10.0; WOW64; Trident/7.0; Touch; rv:11.0) like Gecko"
66.102.6.153 - - [04/Aug/2017:09:02:07 +0200] "GET /img/close-button.png HTTP/1.1" 200 2237 "http://www.easydrivers.at/voesendorf/10288807?FS=B" "Mozilla/5.0 (Windows NT 10.0; WOW64; Trident/7.0; Touch; rv:11.0) like Gecko"
66.102.6.153 - - [04/Aug/2017:09:02:07 +0200] "GET /img/facebook-icon.png HTTP/1.1" 200 1506 "http://www.easydrivers.at/voesendorf/10288807?FS=B" "Mozilla/5.0 (Windows NT 10.0; WOW64; Trident/7.0; Touch; rv:11.0) like Gecko"
66.102.6.152 - - [04/Aug/2017:09:02:07 +0200] "GET /javascript/jquery.base64.min.js HTTP/1.1" 200 37135 "http://www.easydrivers.at/voesendorf/10288807?FS=B" "Mozilla/5.0 (Windows NT 10.0; WOW64; Trident/7.0; Touch; rv:11.0) like Gecko"
66.102.6.154 - - [04/Aug/2017:09:02:07 +0200] "GET /img/ED_Logo.png HTTP/1.1" 200 3385 "http://www.easydrivers.at/voesendorf/10288807?FS=B" "Mozilla/5.0 (Windows NT 10.0; WOW64; Trident/7.0; Touch; rv:11.0) like Gecko"
66.102.6.153 - - [04/Aug/2017:09:02:07 +0200] "GET /img/purple-dots-horizontal.png HTTP/1.1" 200 977 "http://www.easydrivers.at/voesendorf/10288807?FS=B" "Mozilla/5.0 (Windows NT 10.0; WOW64; Trident/7.0; Touch; rv:11.0) like Gecko"
66.102.6.152 - - [04/Aug/2017:09:02:07 +0200] "GET /img/top-image-overlay.png HTTP/1.1" 200 20650 "http://www.easydrivers.at/voesendorf/10288807?FS=B" "Mozilla/5.0 (Windows NT 10.0; WOW64; Trident/7.0; Touch; rv:11.0) like Gecko"
66.102.6.153 - - [04/Aug/2017:09:02:07 +0200] "GET /img/bg-header.jpg HTTP/1.1" 200 38680 "http://www.easydrivers.at/voesendorf/10288807?FS=B" "Mozilla/5.0 (Windows NT 10.0; WOW64; Trident/7.0; Touch; rv:11.0) like Gecko"
66.102.6.154 - - [04/Aug/2017:09:02:07 +0200] "GET /img/arrow-left.png HTTP/1.1" 200 1015 "http://www.easydrivers.at/voesendorf/10288807?FS=B" "Mozilla/5.0 (Windows NT 10.0; WOW64; Trident/7.0; Touch; rv:11.0) like Gecko"
66.102.6.153 - - [04/Aug/2017:09:02:07 +0200] "GET /img/bg-yellow.jpg HTTP/1.1" 200 2250 "http://www.easydrivers.at/voesendorf/10288807?FS=B" "Mozilla/5.0 (Windows NT 10.0; WOW64; Trident/7.0; Touch; rv:11.0) like Gecko"
66.102.6.154 - - [04/Aug/2017:09:02:07 +0200] "GET /img/smallicon-phone.png HTTP/1.1" 200 3056 "http://www.easydrivers.at/voesendorf/10288807?FS=B" "Mozilla/5.0 (Windows NT 10.0; WOW64; Trident/7.0; Touch; rv:11.0) like Gecko"
66.102.6.154 - - [04/Aug/2017:09:02:07 +0200] "GET /img/bg-top-section.jpg HTTP/1.1" 200 82172 "http://www.easydrivers.at/voesendorf/10288807?FS=B" "Mozilla/5.0 (Windows NT 10.0; WOW64; Trident/7.0; Touch; rv:11.0) like Gecko"
66.102.6.154 - - [04/Aug/2017:09:02:07 +0200] "GET /img/smallicon-mail.png HTTP/1.1" 200 1341 "http://www.easydrivers.at/voesendorf/10288807?FS=B" "Mozilla/5.0 (Windows NT 10.0; WOW64; Trident/7.0; Touch; rv:11.0) like Gecko"
66.102.6.154 - - [04/Aug/2017:09:02:07 +0200] "GET /img/arrow-up.png HTTP/1.1" 200 1081 "http://www.easydrivers.at/voesendorf/10288807?FS=B" "Mozilla/5.0 (Windows NT 10.0; WOW64; Trident/7.0; Touch; rv:11.0) like Gecko"
66.102.6.153 - - [04/Aug/2017:09:02:07 +0200] "GET /img/kursicon-print-pink.png HTTP/1.1" 200 1125 "http://www.easydrivers.at/voesendorf/10288807?FS=B" "Mozilla/5.0 (Windows NT 10.0; WOW64; Trident/7.0; Touch; rv:11.0) like Gecko"
66.102.6.154 - - [04/Aug/2017:09:02:07 +0200] "GET /img/kursicon-download-pink.png HTTP/1.1" 200 1213 "http://www.easydrivers.at/voesendorf/10288807?FS=B" "Mozilla/5.0 (Windows NT 10.0; WOW64; Trident/7.0; Touch; rv:11.0) like Gecko"
66.102.6.153 - - [04/Aug/2017:09:02:07 +0200] "GET /img/kursicon-share-pink.png HTTP/1.1" 200 1277 "http://www.easydrivers.at/voesendorf/10288807?FS=B" "Mozilla/5.0 (Windows NT 10.0; WOW64; Trident/7.0; Touch; rv:11.0) like Gecko"
66.102.6.153 - - [04/Aug/2017:09:02:08 +0200] "GET /img/kursicon-phone-pink.png HTTP/1.1" 200 1286 "http://www.easydrivers.at/voesendorf/10288807?FS=B" "Mozilla/5.0 (Windows NT 10.0; WOW64; Trident/7.0; Touch; rv:11.0) like Gecko"
66.102.6.153 - - [04/Aug/2017:09:02:08 +0200] "GET /img/locator-icon.png HTTP/1.1" 200 1377 "http://www.easydrivers.at/voesendorf/10288807?FS=B" "Mozilla/5.0 (Windows NT 10.0; WOW64; Trident/7.0; Touch; rv:11.0) like Gecko"
66.102.6.154 - - [04/Aug/2017:09:02:08 +0200] "GET /img/info-button.png HTTP/1.1" 200 738 "http://www.easydrivers.at/voesendorf/10288807?FS=B" "Mozilla/5.0 (Windows NT 10.0; WOW64; Trident/7.0; Touch; rv:11.0) like Gecko"
66.102.6.154 - - [04/Aug/2017:09:02:08 +0200] "GET /img/close-button-small.png HTTP/1.1" 200 1671 "http://www.easydrivers.at/voesendorf/10288807?FS=B" "Mozilla/5.0 (Windows NT 10.0; WOW64; Trident/7.0; Touch; rv:11.0) like Gecko"
66.102.6.154 - - [04/Aug/2017:09:02:08 +0200] "GET /img/bg-footer.jpg HTTP/1.1" 200 31770 "http://www.easydrivers.at/voesendorf/10288807?FS=B" "Mozilla/5.0 (Windows NT 10.0; WOW64; Trident/7.0; Touch; rv:11.0) like Gecko"
66.102.6.152 - - [04/Aug/2017:09:02:08 +0200] "GET /img/kursicon-print.png HTTP/1.1" 200 1184 "http://www.easydrivers.at/voesendorf/10288807?FS=B" "Mozilla/5.0 (Windows NT 10.0; WOW64; Trident/7.0; Touch; rv:11.0) like Gecko"
66.102.6.153 - - [04/Aug/2017:09:02:08 +0200] "GET /img/kursicon-share.png HTTP/1.1" 200 1302 "http://www.easydrivers.at/voesendorf/10288807?FS=B" "Mozilla/5.0 (Windows NT 10.0; WOW64; Trident/7.0; Touch; rv:11.0) like Gecko"
66.102.6.153 - - [04/Aug/2017:09:02:08 +0200] "GET /img/kursicon-download.png HTTP/1.1" 200 1218 "http://www.easydrivers.at/voesendorf/10288807?FS=B" "Mozilla/5.0 (Windows NT 10.0; WOW64; Trident/7.0; Touch; rv:11.0) like Gecko"
66.102.6.153 - - [04/Aug/2017:09:02:08 +0200] "GET /img/kursicon-phone.png HTTP/1.1" 200 1287 "http://www.easydrivers.at/voesendorf/10288807?FS=B" "Mozilla/5.0 (Windows NT 10.0; WOW64; Trident/7.0; Touch; rv:11.0) like Gecko"
66.102.6.152 - - [04/Aug/2017:09:02:08 +0200] "GET /binaries/easy-drivers-portal/pkw5jpg.jpg HTTP/1.1" 200 96177 "http://www.easydrivers.at/voesendorf/10288807?FS=B" "Mozilla/5.0 (Windows NT 10.0; WOW64; Trident/7.0; Touch; rv:11.0) like Gecko"
66.102.6.152 - - [04/Aug/2017:09:02:08 +0200] "GET /img/submit-button.png HTTP/1.1" 200 1958 "http://www.easydrivers.at/voesendorf/10288807?FS=B" "Mozilla/5.0 (Windows NT 10.0; WOW64; Trident/7.0; Touch; rv:11.0) like Gecko"
66.102.6.153 - - [04/Aug/2017:09:02:08 +0200] "GET /javascript/lazyload.js HTTP/1.1" 200 1170 "http://www.easydrivers.at/voesendorf/10288807?FS=B" "Mozilla/5.0 (Windows NT 10.0; WOW64; Trident/7.0; Touch; rv:11.0) like Gecko"
66.102.6.152 - - [04/Aug/2017:09:02:08 +0200] "GET /img/schweiz-icon.png HTTP/1.1" 200 1504 "http://www.easydrivers.at/voesendorf/10288807?FS=B" "Mozilla/5.0 (Windows NT 10.0; WOW64; Trident/7.0; Touch; rv:11.0) like Gecko"
66.102.6.152 - - [04/Aug/2017:09:02:09 +0200] "GET /img/new_favicon.ico HTTP/1.1" 200 1150 "-" "Mozilla/5.0 (Windows NT 10.0; WOW64; Trident/7.0; Touch; rv:11.0) like Gecko"
213.162.72.134 - - [04/Aug/2017:09:02:05 +0200] "GET /amstetten/kurse HTTP/1.1" 200 3447 "http://www.easydrivers.at/amstetten/Easy" "Mozilla/5.0 (Linux; Android 5.0.1; ALE-L21 Build/HuaweiALE-L21) AppleWebKit/537.36 (KHTML, like Gecko) Chrome/59.0.3071.125 Mobile Safari/537.36"
66.102.6.154 - - [04/Aug/2017:09:02:09 +0200] "GET /img/smallicon-person.png HTTP/1.1" 200 1141 "http://www.easydrivers.at/voesendorf/10288807?FS=B" "Mozilla/5.0 (Windows NT 10.0; WOW64; Trident/7.0; Touch; rv:11.0) like Gecko"
66.102.6.154 - - [04/Aug/2017:09:02:09 +0200] "GET /img/smallicon-address.png HTTP/1.1" 200 1211 "http://www.easydrivers.at/voesendorf/10288807?FS=B" "Mozilla/5.0 (Windows NT 10.0; WOW64; Trident/7.0; Touch; rv:11.0) like Gecko"
66.102.6.154 - - [04/Aug/2017:09:02:09 +0200] "GET /img/smallicon-time.png HTTP/1.1" 200 1262 "http://www.easydrivers.at/voesendorf/10288807?FS=B" "Mozilla/5.0 (Windows NT 10.0; WOW64; Trident/7.0; Touch; rv:11.0) like Gecko"
66.102.6.153 - - [04/Aug/2017:09:02:09 +0200] "GET /img/smallicon-fax.png HTTP/1.1" 200 1205 "http://www.easydrivers.at/voesendorf/10288807?FS=B" "Mozilla/5.0 (Windows NT 10.0; WOW64; Trident/7.0; Touch; rv:11.0) like Gecko"
212.95.8.247 - - [04/Aug/2017:09:02:09 +0200] "POST /loadkursliste HTTP/1.1" 200 468 "http://www.easydrivers.at/moedling/kurse" "Mozilla/5.0 (Linux; Android 6.0.1; SM-J510FN Build/MMB29M) AppleWebKit/537.36 (KHTML, like Gecko) Chrome/59.0.3071.125 Mobile Safari/537.36"
213.162.72.134 - - [04/Aug/2017:09:02:06 +0200] "GET /amstetten/kurse HTTP/1.1" 200 3447 "http://www.easydrivers.at/amstetten/Easy" "Mozilla/5.0 (Linux; Android 5.0.1; ALE-L21 Build/HuaweiALE-L21) AppleWebKit/537.36 (KHTML, like Gecko) Chrome/59.0.3071.125 Mobile Safari/537.36"
213.162.72.134 - - [04/Aug/2017:09:02:07 +0200] "GET /amstetten/kurse HTTP/1.1" 200 3447 "http://www.easydrivers.at/amstetten/Easy" "Mozilla/5.0 (Linux; Android 5.0.1; ALE-L21 Build/HuaweiALE-L21) AppleWebKit/537.36 (KHTML, like Gecko) Chrome/59.0.3071.125 Mobile Safari/537.36"
212.95.8.247 - - [04/Aug/2017:09:02:14 +0200] "GET /moedling/10281852?FS=BZ HTTP/1.1" 200 5189 "http://www.easydrivers.at/moedling/kurse" "Mozilla/5.0 (Linux; Android 6.0.1; SM-J510FN Build/MMB29M) AppleWebKit/537.36 (KHTML, like Gecko) Chrome/59.0.3071.125 Mobile Safari/537.36"
213.162.72.134 - - [04/Aug/2017:09:02:11 +0200] "GET /amstetten/kurse HTTP/1.1" 200 3447 "http://www.easydrivers.at/amstetten/Easy" "Mozilla/5.0 (Linux; Android 5.0.1; ALE-L21 Build/HuaweiALE-L21) AppleWebKit/537.36 (KHTML, like Gecko) Chrome/59.0.3071.125 Mobile Safari/537.36"
212.95.8.247 - - [04/Aug/2017:09:02:16 +0200] "GET /binaries/easy-drivers-portal/pkw9jpg-1.jpg HTTP/1.1" 200 68933 "http://www.easydrivers.at/moedling/10281852?FS=BZ" "Mozilla/5.0 (Linux; Android 6.0.1; SM-J510FN Build/MMB29M) AppleWebKit/537.36 (KHTML, like Gecko) Chrome/59.0.3071.125 Mobile Safari/537.36"
213.162.72.134 - - [04/Aug/2017:09:02:13 +0200] "GET /amstetten/kurse HTTP/1.1" 200 3447 "http://www.easydrivers.at/amstetten/Easy" "Mozilla/5.0 (Linux; Android 5.0.1; ALE-L21 Build/HuaweiALE-L21) AppleWebKit/537.36 (KHTML, like Gecko) Chrome/59.0.3071.125 Mobile Safari/537.36"
213.162.72.134 - - [04/Aug/2017:09:02:13 +0200] "GET /amstetten/kurse HTTP/1.1" 200 3447 "http://www.easydrivers.at/amstetten/Easy" "Mozilla/5.0 (Linux; Android 5.0.1; ALE-L21 Build/HuaweiALE-L21) AppleWebKit/537.36 (KHTML, like Gecko) Chrome/59.0.3071.125 Mobile Safari/537.36"
46.125.250.110 - - [04/Aug/2017:09:02:21 +0200] "GET / HTTP/1.1" 200 3564 "http://www.easydrivers.at/innsbruck/10266788" "Mozilla/5.0 (Linux; Android 4.4.2; de-at; SAMSUNG GT-I9301I Build/KOT49H) AppleWebKit/537.36 (KHTML, like Gecko) Version/1.5 Chrome/28.0.1500.94 Mobile Safari/537.36"
178.115.130.73 - - [04/Aug/2017:09:02:20 +0200] "POST /loadkursliste HTTP/1.1" 200 679 "http://www.easydrivers.at/bruck.leitha/kurse" "Mozilla/5.0 (Linux; Android 6.0.1; SAMSUNG SM-J500FN Build/MMB29M) AppleWebKit/537.36 (KHTML, like Gecko) SamsungBrowser/5.4 Chrome/51.0.2704.106 Mobile Safari/537.36"
46.125.250.110 - - [04/Aug/2017:09:02:23 +0200] "GET /javascript/mobile-homesearch.js HTTP/1.1" 200 340 "http://www.easydrivers.at/" "Mozilla/5.0 (Linux; Android 4.4.2; de-at; SAMSUNG GT-I9301I Build/KOT49H) AppleWebKit/537.36 (KHTML, like Gecko) Version/1.5 Chrome/28.0.1500.94 Mobile Safari/537.36"
213.162.72.134 - - [04/Aug/2017:09:02:19 +0200] "GET /amstetten/kurse HTTP/1.1" 200 3447 "http://www.easydrivers.at/amstetten/Easy" "Mozilla/5.0 (Linux; Android 5.0.1; ALE-L21 Build/HuaweiALE-L21) AppleWebKit/537.36 (KHTML, like Gecko) Chrome/59.0.3071.125 Mobile Safari/537.36"
62.47.236.178 - - [04/Aug/2017:09:02:24 +0200] "GET / HTTP/1.1" 200 3564 "android-app://com.google.android.googlequicksearchbox" "Mozilla/5.0 (Linux; Android 6.0.1; SM-J500FN Build/MMB29M) AppleWebKit/537.36 (KHTML, like Gecko) Chrome/59.0.3071.125 Mobile Safari/537.36"
62.47.236.178 - - [04/Aug/2017:09:02:25 +0200] "GET /css/mobile.css HTTP/1.1" 200 2852 "http://www.easydrivers.at/" "Mozilla/5.0 (Linux; Android 6.0.1; SM-J500FN Build/MMB29M) AppleWebKit/537.36 (KHTML, like Gecko) Chrome/59.0.3071.125 Mobile Safari/537.36"
62.47.236.178 - - [04/Aug/2017:09:02:25 +0200] "GET /javascript/jquery.cookie.js HTTP/1.1" 200 863 "http://www.easydrivers.at/" "Mozilla/5.0 (Linux; Android 6.0.1; SM-J500FN Build/MMB29M) AppleWebKit/537.36 (KHTML, like Gecko) Chrome/59.0.3071.125 Mobile Safari/537.36"
62.47.236.178 - - [04/Aug/2017:09:02:25 +0200] "GET /javascript/mobile-menu.js HTTP/1.1" 200 1634 "http://www.easydrivers.at/" "Mozilla/5.0 (Linux; Android 6.0.1; SM-J500FN Build/MMB29M) AppleWebKit/537.36 (KHTML, like Gecko) Chrome/59.0.3071.125 Mobile Safari/537.36"
62.47.236.178 - - [04/Aug/2017:09:02:25 +0200] "GET /javascript/jquery.simplemodal.js HTTP/1.1" 200 3070 "http://www.easydrivers.at/" "Mozilla/5.0 (Linux; Android 6.0.1; SM-J500FN Build/MMB29M) AppleWebKit/537.36 (KHTML, like Gecko) Chrome/59.0.3071.125 Mobile Safari/537.36"
62.47.236.178 - - [04/Aug/2017:09:02:25 +0200] "GET /javascript/jquery-1.9.1.min.js HTTP/1.1" 200 32731 "http://www.easydrivers.at/" "Mozilla/5.0 (Linux; Android 6.0.1; SM-J500FN Build/MMB29M) AppleWebKit/537.36 (KHTML, like Gecko) Chrome/59.0.3071.125 Mobile Safari/537.36"
62.47.236.178 - - [04/Aug/2017:09:02:25 +0200] "GET /javascript/mobile-homesearch.js HTTP/1.1" 200 340 "http://www.easydrivers.at/" "Mozilla/5.0 (Linux; Android 6.0.1; SM-J500FN Build/MMB29M) AppleWebKit/537.36 (KHTML, like Gecko) Chrome/59.0.3071.125 Mobile Safari/537.36"
62.47.236.178 - - [04/Aug/2017:09:02:25 +0200] "GET /javascript/lazyload.js HTTP/1.1" 200 1170 "http://www.easydrivers.at/" "Mozilla/5.0 (Linux; Android 6.0.1; SM-J500FN Build/MMB29M) AppleWebKit/537.36 (KHTML, like Gecko) Chrome/59.0.3071.125 Mobile Safari/537.36"
62.47.236.178 - - [04/Aug/2017:09:02:26 +0200] "GET /img/mobile/easydrivers-logo-mobile.png HTTP/1.1" 200 10766 "http://www.easydrivers.at/" "Mozilla/5.0 (Linux; Android 6.0.1; SM-J500FN Build/MMB29M) AppleWebKit/537.36 (KHTML, like Gecko) Chrome/59.0.3071.125 Mobile Safari/537.36"
62.47.236.178 - - [04/Aug/2017:09:02:26 +0200] "GET /img/mobile/menu-button.png HTTP/1.1" 200 1746 "http://www.easydrivers.at/" "Mozilla/5.0 (Linux; Android 6.0.1; SM-J500FN Build/MMB29M) AppleWebKit/537.36 (KHTML, like Gecko) Chrome/59.0.3071.125 Mobile Safari/537.36"
62.47.236.178 - - [04/Aug/2017:09:02:26 +0200] "GET /img/mobile/close-button.png HTTP/1.1" 200 2411 "http://www.easydrivers.at/" "Mozilla/5.0 (Linux; Android 6.0.1; SM-J500FN Build/MMB29M) AppleWebKit/537.36 (KHTML, like Gecko) Chrome/59.0.3071.125 Mobile Safari/537.36"
62.47.236.178 - - [04/Aug/2017:09:02:26 +0200] "GET /img/mobile/facebook-icon.png HTTP/1.1" 200 1902 "http://www.easydrivers.at/" "Mozilla/5.0 (Linux; Android 6.0.1; SM-J500FN Build/MMB29M) AppleWebKit/537.36 (KHTML, like Gecko) Chrome/59.0.3071.125 Mobile Safari/537.36"
62.47.236.178 - - [04/Aug/2017:09:02:26 +0200] "GET /img/mobile/widget-icon-app.png HTTP/1.1" 200 3458 "http://www.easydrivers.at/" "Mozilla/5.0 (Linux; Android 6.0.1; SM-J500FN Build/MMB29M) AppleWebKit/537.36 (KHTML, like Gecko) Chrome/59.0.3071.125 Mobile Safari/537.36"
62.47.236.178 - - [04/Aug/2017:09:02:26 +0200] "GET /img/mobile/bg-header.jpg HTTP/1.1" 200 19741 "http://www.easydrivers.at/css/mobile.css" "Mozilla/5.0 (Linux; Android 6.0.1; SM-J500FN Build/MMB29M) AppleWebKit/537.36 (KHTML, like Gecko) Chrome/59.0.3071.125 Mobile Safari/537.36"
62.47.236.178 - - [04/Aug/2017:09:02:26 +0200] "GET /img/mobile/bg-menu.jpg HTTP/1.1" 200 1698 "http://www.easydrivers.at/css/mobile.css" "Mozilla/5.0 (Linux; Android 6.0.1; SM-J500FN Build/MMB29M) AppleWebKit/537.36 (KHTML, like Gecko) Chrome/59.0.3071.125 Mobile Safari/537.36"
62.47.236.178 - - [04/Aug/2017:09:02:26 +0200] "GET /img/mobile/bg-top-section.jpg HTTP/1.1" 200 21711 "http://www.easydrivers.at/css/mobile.css" "Mozilla/5.0 (Linux; Android 6.0.1; SM-J500FN Build/MMB29M) AppleWebKit/537.36 (KHTML, like Gecko) Chrome/59.0.3071.125 Mobile Safari/537.36"
62.47.236.178 - - [04/Aug/2017:09:02:26 +0200] "GET /img/mobile/pfeil-rechts.png HTTP/1.1" 200 1228 "http://www.easydrivers.at/css/mobile.css" "Mozilla/5.0 (Linux; Android 6.0.1; SM-J500FN Build/MMB29M) AppleWebKit/537.36 (KHTML, like Gecko) Chrome/59.0.3071.125 Mobile Safari/537.36"
40.77.167.156 - - [04/Aug/2017:09:02:26 +0200] "GET /moedling/10270488?FS=B-L17 HTTP/1.1" 301 314 "-" "Mozilla/5.0 (compatible; bingbot/2.0; +http://www.bing.com/bingbot.htm)"
62.47.236.178 - - [04/Aug/2017:09:02:26 +0200] "GET /img/favicon.ico HTTP/1.1" 404 300 "http://www.easydrivers.at/" "Mozilla/5.0 (Linux; Android 6.0.1; SM-J500FN Build/MMB29M) AppleWebKit/537.36 (KHTML, like Gecko) Chrome/59.0.3071.125 Mobile Safari/537.36"
213.162.72.134 - - [04/Aug/2017:09:02:19 +0200] "GET /amstetten/kurse HTTP/1.1" 200 3447 "http://www.easydrivers.at/amstetten/Easy" "Mozilla/5.0 (Linux; Android 5.0.1; ALE-L21 Build/HuaweiALE-L21) AppleWebKit/537.36 (KHTML, like Gecko) Chrome/59.0.3071.125 Mobile Safari/537.36"
213.162.72.134 - - [04/Aug/2017:09:02:19 +0200] "GET /amstetten/kurse HTTP/1.1" 200 3447 "http://www.easydrivers.at/amstetten/Easy" "Mozilla/5.0 (Linux; Android 5.0.1; ALE-L21 Build/HuaweiALE-L21) AppleWebKit/537.36 (KHTML, like Gecko) Chrome/59.0.3071.125 Mobile Safari/537.36"
178.115.130.73 - - [04/Aug/2017:09:02:28 +0200] "POST /loadkursliste HTTP/1.1" 200 392 "http://www.easydrivers.at/bruck.leitha/kurse" "Mozilla/5.0 (Linux; Android 6.0.1; SAMSUNG SM-J500FN Build/MMB29M) AppleWebKit/537.36 (KHTML, like Gecko) SamsungBrowser/5.4 Chrome/51.0.2704.106 Mobile Safari/537.36"
46.125.250.110 - - [04/Aug/2017:09:02:29 +0200] "GET /innsbruck/10266788 HTTP/1.1" 200 2503 "-" "Mozilla/5.0 (Linux; Android 4.4.2; de-at; SAMSUNG GT-I9301I Build/KOT49H) AppleWebKit/537.36 (KHTML, like Gecko) Version/1.5 Chrome/28.0.1500.94 Mobile Safari/537.36"
213.162.72.134 - - [04/Aug/2017:09:02:28 +0200] "GET /amstetten/kurse HTTP/1.1" 200 3447 "http://www.easydrivers.at/amstetten/Easy" "Mozilla/5.0 (Linux; Android 5.0.1; ALE-L21 Build/HuaweiALE-L21) AppleWebKit/537.36 (KHTML, like Gecko) Chrome/59.0.3071.125 Mobile Safari/537.36"
213.162.72.134 - - [04/Aug/2017:09:02:29 +0200] "GET /amstetten/kurse HTTP/1.1" 200 3447 "http://www.easydrivers.at/amstetten/Easy" "Mozilla/5.0 (Linux; Android 5.0.1; ALE-L21 Build/HuaweiALE-L21) AppleWebKit/537.36 (KHTML, like Gecko) Chrome/59.0.3071.125 Mobile Safari/537.36"
