80.240.227.53 - - [04/Aug/2017:08:18:44 +0200] "GET /klagenfurt/10248801 HTTP/1.1" 200 2998 "http://www.google.at/url?sa=t&rct=j&q=&esrc=s&source=web&cd=1&ved=0ahUKEwiykIOl97zVAhUJ7hoKHci7B3MQFggnMAA&url=http%3A%2F%2Fwww.easydrivers.at%2Fklagenfurt%2F10248801&usg=AFQjCNESxRANPjSTvRF7lWDyZVbPkaSnjQ" "Mozilla/5.0 (Windows NT 6.1; WOW64; Trident/7.0; rv:11.0) like Gecko"
80.240.227.53 - - [04/Aug/2017:08:18:47 +0200] "GET /binaries/easy-drivers-portal/moped2jpg.jpg HTTP/1.1" 200 82133 "http://www.easydrivers.at/klagenfurt/10248801" "Mozilla/5.0 (Windows NT 6.1; WOW64; Trident/7.0; rv:11.0) like Gecko"
212.95.8.172 - - [04/Aug/2017:08:18:48 +0200] "GET /innsbruck HTTP/1.1" 200 2847 "http://www.easydrivers.at/innsbruck/10248832" "Mozilla/5.0 (Linux; Android 4.4.4; SAMSUNG SM-G318H Build/KTU84P) AppleWebKit/537.36 (KHTML, like Gecko) SamsungBrowser/2.0 Chrome/34.0.1847.76 Mobile Safari/537.36"
83.175.93.10 - - [04/Aug/2017:08:18:51 +0200] "GET /innsbruck/10267287?FS=B HTTP/1.1" 200 3262 "http://www.easydrivers.at/innsbruck/kurse" "Mozilla/5.0 (Linux; U; Android 2.3.6; de-at; GT-S5830i Build/GINGERBREAD) AppleWebKit/533.1 (KHTML, like Gecko) Version/4.0 Mobile Safari/533.1"
212.95.8.172 - - [04/Aug/2017:08:18:57 +0200] "GET /innsbruck/kurse HTTP/1.1" 200 2812 "http://www.easydrivers.at/innsbruck" "Mozilla/5.0 (Linux; Android 4.4.4; SAMSUNG SM-G318H Build/KTU84P) AppleWebKit/537.36 (KHTML, like Gecko) SamsungBrowser/2.0 Chrome/34.0.1847.76 Mobile Safari/537.36"
212.95.8.172 - - [04/Aug/2017:08:18:59 +0200] "POST /loadkursliste HTTP/1.1" 200 568 "http://www.easydrivers.at/innsbruck/kurse" "Mozilla/5.0 (Linux; Android 4.4.4; SAMSUNG SM-G318H Build/KTU84P) AppleWebKit/537.36 (KHTML, like Gecko) SamsungBrowser/2.0 Chrome/34.0.1847.76 Mobile Safari/537.36"
192.164.43.39 - - [04/Aug/2017:08:19:04 +0200] "GET /fuehrerscheine/auto HTTP/1.1" 200 3366 "-" "Mozilla/5.0 (Windows NT 10.0; Win64; x64) AppleWebKit/537.36 (KHTML, like Gecko) Chrome/52.0.2743.116 Safari/537.36 Edge/15.15063"
83.175.93.10 - - [04/Aug/2017:08:19:06 +0200] "GET /innsbruck/10267278?FS=B HTTP/1.1" 200 3441 "http://www.easydrivers.at/innsbruck/kurse" "Mozilla/5.0 (Linux; U; Android 2.3.6; de-at; GT-S5830i Build/GINGERBREAD) AppleWebKit/533.1 (KHTML, like Gecko) Version/4.0 Mobile Safari/533.1"
80.240.227.53 - - [04/Aug/2017:08:19:10 +0200] "GET /klagenfurt/10249103 HTTP/1.1" 200 2928 "http://www.easydrivers.at/klagenfurt/10248801" "Mozilla/5.0 (Windows NT 6.1; WOW64; Trident/7.0; rv:11.0) like Gecko"
213.47.146.12 - - [04/Aug/2017:08:19:14 +0200] "GET /spittelau/kursauswahl HTTP/1.1" 200 4398 "http://www.easydrivers.at/spittelau/10280964?FS=B" "Mozilla/5.0 (Windows NT 6.3; Win64; x64) AppleWebKit/537.36 (KHTML, like Gecko) Chrome/59.0.3071.115 Safari/537.36"
213.47.146.12 - - [04/Aug/2017:08:19:16 +0200] "GET /binaries/easy-drivers-portal/motorrad6jpg.jpg HTTP/1.1" 200 83216 "http://www.easydrivers.at/spittelau/kursauswahl" "Mozilla/5.0 (Windows NT 6.3; Win64; x64) AppleWebKit/537.36 (KHTML, like Gecko) Chrome/59.0.3071.115 Safari/537.36"
213.47.146.12 - - [04/Aug/2017:08:19:16 +0200] "POST /loadkursliste HTTP/1.1" 200 1178 "http://www.easydrivers.at/spittelau/kursauswahl" "Mozilla/5.0 (Windows NT 6.3; Win64; x64) AppleWebKit/537.36 (KHTML, like Gecko) Chrome/59.0.3071.115 Safari/537.36"
213.47.146.12 - - [04/Aug/2017:08:19:26 +0200] "GET /spittelau/10280964?FS=B HTTP/1.1" 200 5576 "http://www.easydrivers.at/spittelau/kursauswahl" "Mozilla/5.0 (Windows NT 6.3; Win64; x64) AppleWebKit/537.36 (KHTML, like Gecko) Chrome/59.0.3071.115 Safari/537.36"
80.240.227.53 - - [04/Aug/2017:08:19:34 +0200] "GET /klagenfurt/10248801 HTTP/1.1" 200 2996 "http://www.easydrivers.at/klagenfurt/10249103" "Mozilla/5.0 (Windows NT 6.1; WOW64; Trident/7.0; rv:11.0) like Gecko"
80.240.227.53 - - [04/Aug/2017:08:19:37 +0200] "GET /binaries/easy-drivers-portal/motorrad2jpg.jpg HTTP/1.1" 200 45802 "http://www.easydrivers.at/klagenfurt/10248801" "Mozilla/5.0 (Windows NT 6.1; WOW64; Trident/7.0; rv:11.0) like Gecko"
213.47.146.12 - - [04/Aug/2017:08:19:41 +0200] "GET /spittelau/10280964?FS=B&print=true HTTP/1.1" 200 5591 "http://www.easydrivers.at/spittelau/10280964?FS=B" "Mozilla/5.0 (Windows NT 6.3; Win64; x64) AppleWebKit/537.36 (KHTML, like Gecko) Chrome/59.0.3071.115 Safari/537.36"
80.240.227.53 - - [04/Aug/2017:08:19:43 +0200] "GET /klagenfurt HTTP/1.1" 200 3665 "http://www.easydrivers.at/klagenfurt/10248801" "Mozilla/5.0 (Windows NT 6.1; WOW64; Trident/7.0; rv:11.0) like Gecko"
80.240.227.53 - - [04/Aug/2017:08:19:45 +0200] "GET /img/submit-button.png HTTP/1.1" 304 - "http://www.easydrivers.at/klagenfurt" "Mozilla/5.0 (Windows NT 6.1; WOW64; Trident/7.0; rv:11.0) like Gecko"
80.240.227.53 - - [04/Aug/2017:08:19:45 +0200] "GET /cache/emu/images/easy-drivers-portal10248737/img8567jpg_135_90_0.jpg HTTP/1.1" 200 4923 "http://www.easydrivers.at/klagenfurt" "Mozilla/5.0 (Windows NT 6.1; WOW64; Trident/7.0; rv:11.0) like Gecko"
80.240.227.53 - - [04/Aug/2017:08:19:45 +0200] "GET /binaries/easy-drivers-portal/widget-icon-trainingpng.png HTTP/1.1" 304 - "http://www.easydrivers.at/klagenfurt" "Mozilla/5.0 (Windows NT 6.1; WOW64; Trident/7.0; rv:11.0) like Gecko"
80.240.227.53 - - [04/Aug/2017:08:19:45 +0200] "GET /img/empty.gif HTTP/1.1" 304 - "http://www.easydrivers.at/klagenfurt" "Mozilla/5.0 (Windows NT 6.1; WOW64; Trident/7.0; rv:11.0) like Gecko"
80.240.227.53 - - [04/Aug/2017:08:19:45 +0200] "GET /binaries/easy-drivers-portal/widget-icon-apppng.png HTTP/1.1" 304 - "http://www.easydrivers.at/klagenfurt" "Mozilla/5.0 (Windows NT 6.1; WOW64; Trident/7.0; rv:11.0) like Gecko"
80.240.227.53 - - [04/Aug/2017:08:19:45 +0200] "GET /binaries/easy-drivers-portal/widget-icon-expertspng.png HTTP/1.1" 304 - "http://www.easydrivers.at/klagenfurt" "Mozilla/5.0 (Windows NT 6.1; WOW64; Trident/7.0; rv:11.0) like Gecko"
80.240.227.53 - - [04/Aug/2017:08:19:45 +0200] "GET /img/yellow-dots-vertical.png HTTP/1.1" 304 - "http://www.easydrivers.at/klagenfurt" "Mozilla/5.0 (Windows NT 6.1; WOW64; Trident/7.0; rv:11.0) like Gecko"
83.175.93.10 - - [04/Aug/2017:08:19:46 +0200] "GET /innsbruck/10267290?FS=B HTTP/1.1" 200 3208 "http://www.easydrivers.at/innsbruck/kurse" "Mozilla/5.0 (Linux; U; Android 2.3.6; de-at; GT-S5830i Build/GINGERBREAD) AppleWebKit/533.1 (KHTML, like Gecko) Version/4.0 Mobile Safari/533.1"
80.240.227.53 - - [04/Aug/2017:08:19:53 +0200] "GET /ueberuns HTTP/1.1" 200 3256 "http://www.easydrivers.at/klagenfurt" "Mozilla/5.0 (Windows NT 6.1; WOW64; Trident/7.0; rv:11.0) like Gecko"
80.240.227.53 - - [04/Aug/2017:08:19:55 +0200] "GET /css/history.css HTTP/1.1" 304 - "http://www.easydrivers.at/ueberuns" "Mozilla/5.0 (Windows NT 6.1; WOW64; Trident/7.0; rv:11.0) like Gecko"
80.240.227.53 - - [04/Aug/2017:08:19:55 +0200] "GET /javascript/history.js HTTP/1.1" 304 - "http://www.easydrivers.at/ueberuns" "Mozilla/5.0 (Windows NT 6.1; WOW64; Trident/7.0; rv:11.0) like Gecko"
80.240.227.53 - - [04/Aug/2017:08:19:55 +0200] "GET /binaries/easy-drivers-portal/edwebhistoryillu392x3922jpg.jpg HTTP/1.1" 304 - "http://www.easydrivers.at/ueberuns" "Mozilla/5.0 (Windows NT 6.1; WOW64; Trident/7.0; rv:11.0) like Gecko"
80.240.227.53 - - [04/Aug/2017:08:19:55 +0200] "GET /binaries/easy-drivers-portal/edwebhistoryillu392x3923jpg.jpg HTTP/1.1" 304 - "http://www.easydrivers.at/ueberuns" "Mozilla/5.0 (Windows NT 6.1; WOW64; Trident/7.0; rv:11.0) like Gecko"
80.240.227.53 - - [04/Aug/2017:08:19:55 +0200] "GET /binaries/easy-drivers-portal/edwebhistoryillu392x392radjpg.jpg HTTP/1.1" 304 - "http://www.easydrivers.at/ueberuns" "Mozilla/5.0 (Windows NT 6.1; WOW64; Trident/7.0; rv:11.0) like Gecko"
80.240.227.53 - - [04/Aug/2017:08:19:55 +0200] "GET /binaries/easy-drivers-portal/edwebhistoryillu392x3924jpg.jpg HTTP/1.1" 304 - "http://www.easydrivers.at/ueberuns" "Mozilla/5.0 (Windows NT 6.1; WOW64; Trident/7.0; rv:11.0) like Gecko"
80.240.227.53 - - [04/Aug/2017:08:19:55 +0200] "GET /binaries/easy-drivers-portal/edwebhistoryillu392x3925jpg.jpg HTTP/1.1" 304 - "http://www.easydrivers.at/ueberuns" "Mozilla/5.0 (Windows NT 6.1; WOW64; Trident/7.0; rv:11.0) like Gecko"
80.240.227.53 - - [04/Aug/2017:08:19:55 +0200] "GET /binaries/easy-drivers-portal/edwebhistoryillu392x3926jpg.jpg HTTP/1.1" 304 - "http://www.easydrivers.at/ueberuns" "Mozilla/5.0 (Windows NT 6.1; WOW64; Trident/7.0; rv:11.0) like Gecko"
80.240.227.53 - - [04/Aug/2017:08:19:55 +0200] "GET /binaries/easy-drivers-portal/edwebhistoryillu392x3927jpg.jpg HTTP/1.1" 304 - "http://www.easydrivers.at/ueberuns" "Mozilla/5.0 (Windows NT 6.1; WOW64; Trident/7.0; rv:11.0) like Gecko"
80.240.227.53 - - [04/Aug/2017:08:19:55 +0200] "GET /binaries/easy-drivers-portal/edwebhistoryillu392x39210jpg.jpg HTTP/1.1" 304 - "http://www.easydrivers.at/ueberuns" "Mozilla/5.0 (Windows NT 6.1; WOW64; Trident/7.0; rv:11.0) like Gecko"
80.240.227.53 - - [04/Aug/2017:08:19:55 +0200] "GET /binaries/easy-drivers-portal/edwebhistoryillu392x3929jpg.jpg HTTP/1.1" 304 - "http://www.easydrivers.at/ueberuns" "Mozilla/5.0 (Windows NT 6.1; WOW64; Trident/7.0; rv:11.0) like Gecko"
80.240.227.53 - - [04/Aug/2017:08:19:55 +0200] "GET /binaries/easy-drivers-portal/edwebhistoryillu392x3928jpg.jpg HTTP/1.1" 304 - "http://www.easydrivers.at/ueberuns" "Mozilla/5.0 (Windows NT 6.1; WOW64; Trident/7.0; rv:11.0) like Gecko"
80.240.227.53 - - [04/Aug/2017:08:19:55 +0200] "GET /binaries/easy-drivers-portal/edwebhistoryillu392x39211jpg.jpg HTTP/1.1" 304 - "http://www.easydrivers.at/ueberuns" "Mozilla/5.0 (Windows NT 6.1; WOW64; Trident/7.0; rv:11.0) like Gecko"
80.240.227.53 - - [04/Aug/2017:08:19:55 +0200] "GET /binaries/easy-drivers-portal/edwebhistoryillu392x39220kpng.png HTTP/1.1" 304 - "http://www.easydrivers.at/ueberuns" "Mozilla/5.0 (Windows NT 6.1; WOW64; Trident/7.0; rv:11.0) like Gecko"
83.175.93.10 - - [04/Aug/2017:08:20:02 +0200] "GET /innsbruck/10248832 HTTP/1.1" 200 2688 "http://www.easydrivers.at/innsbruck/10267290?FS=B" "Mozilla/5.0 (Linux; U; Android 2.3.6; de-at; GT-S5830i Build/GINGERBREAD) AppleWebKit/533.1 (KHTML, like Gecko) Version/4.0 Mobile Safari/533.1"
213.47.146.12 - - [04/Aug/2017:08:20:02 +0200] "GET /spittelau/10280964?FS=B&print=true HTTP/1.1" 200 5592 "http://www.easydrivers.at/spittelau/10280964?FS=B" "Mozilla/5.0 (Windows NT 6.3; Win64; x64) AppleWebKit/537.36 (KHTML, like Gecko) Chrome/59.0.3071.115 Safari/537.36"
213.47.146.12 - - [04/Aug/2017:08:20:05 +0200] "GET /binaries/easy-drivers-portal/pkw5jpg.jpg HTTP/1.1" 200 96177 "http://www.easydrivers.at/spittelau/10280964?FS=B&print=true" "Mozilla/5.0 (Windows NT 6.3; Win64; x64) AppleWebKit/537.36 (KHTML, like Gecko) Chrome/59.0.3071.115 Safari/537.36"
80.240.227.53 - - [04/Aug/2017:08:20:03 +0200] "GET /klagenfurt HTTP/1.1" 200 3665 "http://www.easydrivers.at/klagenfurt/10248801" "Mozilla/5.0 (Windows NT 6.1; WOW64; Trident/7.0; rv:11.0) like Gecko"
213.47.146.12 - - [04/Aug/2017:08:20:14 +0200] "GET /spittelau/kursauswahl HTTP/1.1" 200 4398 "http://www.easydrivers.at/spittelau/10280964?FS=B" "Mozilla/5.0 (Windows NT 6.3; Win64; x64) AppleWebKit/537.36 (KHTML, like Gecko) Chrome/59.0.3071.115 Safari/537.36"
213.47.146.12 - - [04/Aug/2017:08:20:16 +0200] "POST /loadkursliste HTTP/1.1" 200 1178 "http://www.easydrivers.at/spittelau/kursauswahl" "Mozilla/5.0 (Windows NT 6.3; Win64; x64) AppleWebKit/537.36 (KHTML, like Gecko) Chrome/59.0.3071.115 Safari/537.36"
80.240.227.53 - - [04/Aug/2017:08:20:18 +0200] "GET /klagenfurt/kurse HTTP/1.1" 200 4207 "http://www.easydrivers.at/klagenfurt" "Mozilla/5.0 (Windows NT 6.1; WOW64; Trident/7.0; rv:11.0) like Gecko"
80.240.227.53 - - [04/Aug/2017:08:20:20 +0200] "GET /javascript/jquery.showLoading.min.js HTTP/1.1" 304 - "http://www.easydrivers.at/klagenfurt/kurse" "Mozilla/5.0 (Windows NT 6.1; WOW64; Trident/7.0; rv:11.0) like Gecko"
80.240.227.53 - - [04/Aug/2017:08:20:20 +0200] "GET /css/showLoading.css HTTP/1.1" 304 - "http://www.easydrivers.at/klagenfurt/kurse" "Mozilla/5.0 (Windows NT 6.1; WOW64; Trident/7.0; rv:11.0) like Gecko"
80.240.227.53 - - [04/Aug/2017:08:20:20 +0200] "GET /javascript/jquery.base64.min.js HTTP/1.1" 304 - "http://www.easydrivers.at/klagenfurt/kurse" "Mozilla/5.0 (Windows NT 6.1; WOW64; Trident/7.0; rv:11.0) like Gecko"
80.240.227.53 - - [04/Aug/2017:08:20:20 +0200] "GET /binaries/easy-drivers-portal/motorrad3jpg.jpg HTTP/1.1" 200 111280 "http://www.easydrivers.at/klagenfurt/kurse" "Mozilla/5.0 (Windows NT 6.1; WOW64; Trident/7.0; rv:11.0) like Gecko"
80.240.227.53 - - [04/Aug/2017:08:20:21 +0200] "GET /img/bg-yellow.jpg HTTP/1.1" 304 - "http://www.easydrivers.at/klagenfurt/kurse" "Mozilla/5.0 (Windows NT 6.1; WOW64; Trident/7.0; rv:11.0) like Gecko"
213.47.146.12 - - [04/Aug/2017:08:20:22 +0200] "GET /spittelau/kursauswahlspittelau/10280964?FS=B&print=true HTTP/1.1" 200 5603 "http://www.easydrivers.at/spittelau/kursauswahl" "Mozilla/5.0 (Windows NT 6.3; Win64; x64) AppleWebKit/537.36 (KHTML, like Gecko) Chrome/59.0.3071.115 Safari/537.36"
80.240.227.53 - - [04/Aug/2017:08:20:24 +0200] "GET /klagenfurt/aktionen HTTP/1.1" 200 3062 "http://www.easydrivers.at/klagenfurt/kurse" "Mozilla/5.0 (Windows NT 6.1; WOW64; Trident/7.0; rv:11.0) like Gecko"
80.240.227.53 - - [04/Aug/2017:08:20:26 +0200] "GET /binaries/easy-drivers-portal/motorrad7jpg.jpg HTTP/1.1" 304 - "http://www.easydrivers.at/klagenfurt/aktionen" "Mozilla/5.0 (Windows NT 6.1; WOW64; Trident/7.0; rv:11.0) like Gecko"
80.240.227.53 - - [04/Aug/2017:08:20:28 +0200] "GET /klagenfurt/10249103 HTTP/1.1" 200 2928 "http://www.easydrivers.at/klagenfurt/aktionen" "Mozilla/5.0 (Windows NT 6.1; WOW64; Trident/7.0; rv:11.0) like Gecko"
80.240.227.53 - - [04/Aug/2017:08:20:31 +0200] "GET /binaries/easy-drivers-portal/motorrad6jpg.jpg HTTP/1.1" 200 83216 "http://www.easydrivers.at/klagenfurt/10249103" "Mozilla/5.0 (Windows NT 6.1; WOW64; Trident/7.0; rv:11.0) like Gecko"
178.115.130.245 - - [04/Aug/2017:08:20:33 +0200] "GET /neunkirchen HTTP/1.1" 200 2963 "-" "Mozilla/5.0 (Linux; Android 4.4.2; LG-D405 Build/KOT49I.A1413811960) AppleWebKit/537.36 (KHTML, like Gecko) Chrome/59.0.3071.125 Mobile Safari/537.36"
178.115.130.245 - - [04/Aug/2017:08:20:35 +0200] "GET /css/mobile.css HTTP/1.1" 200 2852 "http://www.easydrivers.at/neunkirchen" "Mozilla/5.0 (Linux; Android 4.4.2; LG-D405 Build/KOT49I.A1413811960) AppleWebKit/537.36 (KHTML, like Gecko) Chrome/59.0.3071.125 Mobile Safari/537.36"
178.115.130.245 - - [04/Aug/2017:08:20:35 +0200] "GET /javascript/jquery.cookie.js HTTP/1.1" 200 863 "http://www.easydrivers.at/neunkirchen" "Mozilla/5.0 (Linux; Android 4.4.2; LG-D405 Build/KOT49I.A1413811960) AppleWebKit/537.36 (KHTML, like Gecko) Chrome/59.0.3071.125 Mobile Safari/537.36"
178.115.130.245 - - [04/Aug/2017:08:20:35 +0200] "GET /javascript/mobile-menu.js HTTP/1.1" 200 1634 "http://www.easydrivers.at/neunkirchen" "Mozilla/5.0 (Linux; Android 4.4.2; LG-D405 Build/KOT49I.A1413811960) AppleWebKit/537.36 (KHTML, like Gecko) Chrome/59.0.3071.125 Mobile Safari/537.36"
178.115.130.245 - - [04/Aug/2017:08:20:35 +0200] "GET /javascript/jquery.simplemodal.js HTTP/1.1" 200 3070 "http://www.easydrivers.at/neunkirchen" "Mozilla/5.0 (Linux; Android 4.4.2; LG-D405 Build/KOT49I.A1413811960) AppleWebKit/537.36 (KHTML, like Gecko) Chrome/59.0.3071.125 Mobile Safari/537.36"
178.115.130.245 - - [04/Aug/2017:08:20:35 +0200] "GET /javascript/jquery-1.9.1.min.js HTTP/1.1" 200 32731 "http://www.easydrivers.at/neunkirchen" "Mozilla/5.0 (Linux; Android 4.4.2; LG-D405 Build/KOT49I.A1413811960) AppleWebKit/537.36 (KHTML, like Gecko) Chrome/59.0.3071.125 Mobile Safari/537.36"
178.115.130.245 - - [04/Aug/2017:08:20:36 +0200] "GET /javascript/mobile-fahrschule.js HTTP/1.1" 200 328 "http://www.easydrivers.at/neunkirchen" "Mozilla/5.0 (Linux; Android 4.4.2; LG-D405 Build/KOT49I.A1413811960) AppleWebKit/537.36 (KHTML, like Gecko) Chrome/59.0.3071.125 Mobile Safari/537.36"
178.115.130.245 - - [04/Aug/2017:08:20:36 +0200] "GET /javascript/lazyload.js HTTP/1.1" 200 1170 "http://www.easydrivers.at/neunkirchen" "Mozilla/5.0 (Linux; Android 4.4.2; LG-D405 Build/KOT49I.A1413811960) AppleWebKit/537.36 (KHTML, like Gecko) Chrome/59.0.3071.125 Mobile Safari/537.36"
178.115.130.245 - - [04/Aug/2017:08:20:37 +0200] "GET /img/mobile/easydrivers-logo-mobile.png HTTP/1.1" 200 10766 "http://www.easydrivers.at/neunkirchen" "Mozilla/5.0 (Linux; Android 4.4.2; LG-D405 Build/KOT49I.A1413811960) AppleWebKit/537.36 (KHTML, like Gecko) Chrome/59.0.3071.125 Mobile Safari/537.36"
178.115.130.245 - - [04/Aug/2017:08:20:37 +0200] "GET /img/mobile/menu-button.png HTTP/1.1" 200 1746 "http://www.easydrivers.at/neunkirchen" "Mozilla/5.0 (Linux; Android 4.4.2; LG-D405 Build/KOT49I.A1413811960) AppleWebKit/537.36 (KHTML, like Gecko) Chrome/59.0.3071.125 Mobile Safari/537.36"
178.115.130.245 - - [04/Aug/2017:08:20:37 +0200] "GET /img/mobile/close-button.png HTTP/1.1" 200 2411 "http://www.easydrivers.at/neunkirchen" "Mozilla/5.0 (Linux; Android 4.4.2; LG-D405 Build/KOT49I.A1413811960) AppleWebKit/537.36 (KHTML, like Gecko) Chrome/59.0.3071.125 Mobile Safari/537.36"
178.115.130.245 - - [04/Aug/2017:08:20:37 +0200] "GET /img/mobile/facebook-icon.png HTTP/1.1" 200 1902 "http://www.easydrivers.at/neunkirchen" "Mozilla/5.0 (Linux; Android 4.4.2; LG-D405 Build/KOT49I.A1413811960) AppleWebKit/537.36 (KHTML, like Gecko) Chrome/59.0.3071.125 Mobile Safari/537.36"
178.115.130.245 - - [04/Aug/2017:08:20:37 +0200] "GET /img/mobile/info-button.png HTTP/1.1" 200 1549 "http://www.easydrivers.at/neunkirchen" "Mozilla/5.0 (Linux; Android 4.4.2; LG-D405 Build/KOT49I.A1413811960) AppleWebKit/537.36 (KHTML, like Gecko) Chrome/59.0.3071.125 Mobile Safari/537.36"
178.115.130.245 - - [04/Aug/2017:08:20:37 +0200] "GET /img/mobile/info-close-button.png HTTP/1.1" 200 1721 "http://www.easydrivers.at/neunkirchen" "Mozilla/5.0 (Linux; Android 4.4.2; LG-D405 Build/KOT49I.A1413811960) AppleWebKit/537.36 (KHTML, like Gecko) Chrome/59.0.3071.125 Mobile Safari/537.36"
83.175.93.10 - - [04/Aug/2017:08:20:35 +0200] "GET /innsbruck/10267290?FS=B HTTP/1.1" 200 3208 "http://www.easydrivers.at/innsbruck/kurse" "Mozilla/5.0 (Linux; U; Android 2.3.6; de-at; GT-S5830i Build/GINGERBREAD) AppleWebKit/533.1 (KHTML, like Gecko) Version/4.0 Mobile Safari/533.1"
80.240.227.53 - - [04/Aug/2017:08:20:38 +0200] "GET /img/smallicon-fax.png HTTP/1.1" 200 1205 "http://www.easydrivers.at/klagenfurt/10249103" "Mozilla/5.0 (Windows NT 6.1; WOW64; Trident/7.0; rv:11.0) like Gecko"
80.240.227.53 - - [04/Aug/2017:08:20:38 +0200] "GET /img/smallicon-time.png HTTP/1.1" 200 1262 "http://www.easydrivers.at/klagenfurt/10249103" "Mozilla/5.0 (Windows NT 6.1; WOW64; Trident/7.0; rv:11.0) like Gecko"
80.240.227.53 - - [04/Aug/2017:08:20:38 +0200] "GET /img/smallicon-person.png HTTP/1.1" 200 1141 "http://www.easydrivers.at/klagenfurt/10249103" "Mozilla/5.0 (Windows NT 6.1; WOW64; Trident/7.0; rv:11.0) like Gecko"
80.240.227.53 - - [04/Aug/2017:08:20:38 +0200] "GET /img/smallicon-address.png HTTP/1.1" 200 1211 "http://www.easydrivers.at/klagenfurt/10249103" "Mozilla/5.0 (Windows NT 6.1; WOW64; Trident/7.0; rv:11.0) like Gecko"
80.240.227.53 - - [04/Aug/2017:08:20:38 +0200] "GET /img/smallicon-mail.png HTTP/1.1" 304 - "http://www.easydrivers.at/klagenfurt/10249103" "Mozilla/5.0 (Windows NT 6.1; WOW64; Trident/7.0; rv:11.0) like Gecko"
80.240.227.53 - - [04/Aug/2017:08:20:38 +0200] "GET /img/smallicon-phone.png HTTP/1.1" 304 - "http://www.easydrivers.at/klagenfurt/10249103" "Mozilla/5.0 (Windows NT 6.1; WOW64; Trident/7.0; rv:11.0) like Gecko"
178.115.130.245 - - [04/Aug/2017:08:20:38 +0200] "GET /img/mobile/bg-menu.jpg HTTP/1.1" 200 1698 "http://www.easydrivers.at/css/mobile.css" "Mozilla/5.0 (Linux; Android 4.4.2; LG-D405 Build/KOT49I.A1413811960) AppleWebKit/537.36 (KHTML, like Gecko) Chrome/59.0.3071.125 Mobile Safari/537.36"
178.115.130.245 - - [04/Aug/2017:08:20:38 +0200] "GET /img/mobile/widget-icon-app.png HTTP/1.1" 200 3458 "http://www.easydrivers.at/neunkirchen" "Mozilla/5.0 (Linux; Android 4.4.2; LG-D405 Build/KOT49I.A1413811960) AppleWebKit/537.36 (KHTML, like Gecko) Chrome/59.0.3071.125 Mobile Safari/537.36"
178.115.130.245 - - [04/Aug/2017:08:20:38 +0200] "GET /img/mobile/pfeil-rechts.png HTTP/1.1" 200 1228 "http://www.easydrivers.at/css/mobile.css" "Mozilla/5.0 (Linux; Android 4.4.2; LG-D405 Build/KOT49I.A1413811960) AppleWebKit/537.36 (KHTML, like Gecko) Chrome/59.0.3071.125 Mobile Safari/537.36"
178.115.130.245 - - [04/Aug/2017:08:20:38 +0200] "GET /img/smallicon-person.png HTTP/1.1" 200 1141 "http://www.easydrivers.at/neunkirchen" "Mozilla/5.0 (Linux; Android 4.4.2; LG-D405 Build/KOT49I.A1413811960) AppleWebKit/537.36 (KHTML, like Gecko) Chrome/59.0.3071.125 Mobile Safari/537.36"
178.115.130.245 - - [04/Aug/2017:08:20:38 +0200] "GET /img/mobile/bg-top-section.jpg HTTP/1.1" 200 21711 "http://www.easydrivers.at/css/mobile.css" "Mozilla/5.0 (Linux; Android 4.4.2; LG-D405 Build/KOT49I.A1413811960) AppleWebKit/537.36 (KHTML, like Gecko) Chrome/59.0.3071.125 Mobile Safari/537.36"
178.115.130.245 - - [04/Aug/2017:08:20:38 +0200] "GET /img/mobile/bg-header.jpg HTTP/1.1" 200 19741 "http://www.easydrivers.at/css/mobile.css" "Mozilla/5.0 (Linux; Android 4.4.2; LG-D405 Build/KOT49I.A1413811960) AppleWebKit/537.36 (KHTML, like Gecko) Chrome/59.0.3071.125 Mobile Safari/537.36"
178.115.130.245 - - [04/Aug/2017:08:20:39 +0200] "GET /img/smallicon-address.png HTTP/1.1" 200 1211 "http://www.easydrivers.at/neunkirchen" "Mozilla/5.0 (Linux; Android 4.4.2; LG-D405 Build/KOT49I.A1413811960) AppleWebKit/537.36 (KHTML, like Gecko) Chrome/59.0.3071.125 Mobile Safari/537.36"
178.115.130.245 - - [04/Aug/2017:08:20:39 +0200] "GET /img/mobile/googlemaps-pin.png HTTP/1.1" 200 1597 "http://www.easydrivers.at/neunkirchen" "Mozilla/5.0 (Linux; Android 4.4.2; LG-D405 Build/KOT49I.A1413811960) AppleWebKit/537.36 (KHTML, like Gecko) Chrome/59.0.3071.125 Mobile Safari/537.36"
178.115.130.245 - - [04/Aug/2017:08:20:39 +0200] "GET /img/smallicon-time.png HTTP/1.1" 200 1262 "http://www.easydrivers.at/neunkirchen" "Mozilla/5.0 (Linux; Android 4.4.2; LG-D405 Build/KOT49I.A1413811960) AppleWebKit/537.36 (KHTML, like Gecko) Chrome/59.0.3071.125 Mobile Safari/537.36"
178.115.130.245 - - [04/Aug/2017:08:20:39 +0200] "GET /img/smallicon-phone.png HTTP/1.1" 200 3056 "http://www.easydrivers.at/neunkirchen" "Mozilla/5.0 (Linux; Android 4.4.2; LG-D405 Build/KOT49I.A1413811960) AppleWebKit/537.36 (KHTML, like Gecko) Chrome/59.0.3071.125 Mobile Safari/537.36"
178.115.130.245 - - [04/Aug/2017:08:20:39 +0200] "GET /img/smallicon-mail.png HTTP/1.1" 200 1341 "http://www.easydrivers.at/neunkirchen" "Mozilla/5.0 (Linux; Android 4.4.2; LG-D405 Build/KOT49I.A1413811960) AppleWebKit/537.36 (KHTML, like Gecko) Chrome/59.0.3071.125 Mobile Safari/537.36"
83.175.93.10 - - [04/Aug/2017:08:20:46 +0200] "GET /innsbruck/kurse HTTP/1.1" 200 2812 "http://www.easydrivers.at/innsbruck/10267290?FS=B" "Mozilla/5.0 (Linux; U; Android 2.3.6; de-at; GT-S5830i Build/GINGERBREAD) AppleWebKit/533.1 (KHTML, like Gecko) Version/4.0 Mobile Safari/533.1"
83.175.93.10 - - [04/Aug/2017:08:20:49 +0200] "POST /loadkursliste HTTP/1.1" 200 562 "http://www.easydrivers.at/innsbruck/kurse" "Mozilla/5.0 (Linux; U; Android 2.3.6; de-at; GT-S5830i Build/GINGERBREAD) AppleWebKit/533.1 (KHTML, like Gecko) Version/4.0 Mobile Safari/533.1"
212.95.8.172 - - [04/Aug/2017:08:20:51 +0200] "GET /innsbruck/10267280?FS=B-L HTTP/1.1" 200 3290 "http://www.easydrivers.at/innsbruck/kurse" "Mozilla/5.0 (Linux; Android 4.4.4; SAMSUNG SM-G318H Build/KTU84P) AppleWebKit/537.36 (KHTML, like Gecko) SamsungBrowser/2.0 Chrome/34.0.1847.76 Mobile Safari/537.36"
212.95.8.172 - - [04/Aug/2017:08:20:54 +0200] "GET /img/mobile/kursicon-share.png HTTP/1.1" 200 2065 "http://www.easydrivers.at/innsbruck/10267280?FS=B-L" "Mozilla/5.0 (Linux; Android 4.4.4; SAMSUNG SM-G318H Build/KTU84P) AppleWebKit/537.36 (KHTML, like Gecko) SamsungBrowser/2.0 Chrome/34.0.1847.76 Mobile Safari/537.36"
212.95.8.172 - - [04/Aug/2017:08:20:54 +0200] "GET /img/mobile/kursicon-phone.png HTTP/1.1" 200 1932 "http://www.easydrivers.at/innsbruck/10267280?FS=B-L" "Mozilla/5.0 (Linux; Android 4.4.4; SAMSUNG SM-G318H Build/KTU84P) AppleWebKit/537.36 (KHTML, like Gecko) SamsungBrowser/2.0 Chrome/34.0.1847.76 Mobile Safari/537.36"
212.95.8.172 - - [04/Aug/2017:08:20:54 +0200] "GET /img/mobile/smallicon-phone.png HTTP/1.1" 200 1311 "http://www.easydrivers.at/innsbruck/10267280?FS=B-L" "Mozilla/5.0 (Linux; Android 4.4.4; SAMSUNG SM-G318H Build/KTU84P) AppleWebKit/537.36 (KHTML, like Gecko) SamsungBrowser/2.0 Chrome/34.0.1847.76 Mobile Safari/537.36"
212.95.8.172 - - [04/Aug/2017:08:20:54 +0200] "GET /img/mobile/smallicon-mail.png HTTP/1.1" 200 1335 "http://www.easydrivers.at/innsbruck/10267280?FS=B-L" "Mozilla/5.0 (Linux; Android 4.4.4; SAMSUNG SM-G318H Build/KTU84P) AppleWebKit/537.36 (KHTML, like Gecko) SamsungBrowser/2.0 Chrome/34.0.1847.76 Mobile Safari/537.36"
212.95.8.172 - - [04/Aug/2017:08:20:54 +0200] "GET /img/mobile/pfeil-links-small.png HTTP/1.1" 200 1065 "http://www.easydrivers.at/innsbruck/10267280?FS=B-L" "Mozilla/5.0 (Linux; Android 4.4.4; SAMSUNG SM-G318H Build/KTU84P) AppleWebKit/537.36 (KHTML, like Gecko) SamsungBrowser/2.0 Chrome/34.0.1847.76 Mobile Safari/537.36"
212.95.8.172 - - [04/Aug/2017:08:20:54 +0200] "GET /img/mobile/pfeil-rechts-small.png HTTP/1.1" 200 1056 "http://www.easydrivers.at/innsbruck/10267280?FS=B-L" "Mozilla/5.0 (Linux; Android 4.4.4; SAMSUNG SM-G318H Build/KTU84P) AppleWebKit/537.36 (KHTML, like Gecko) SamsungBrowser/2.0 Chrome/34.0.1847.76 Mobile Safari/537.36"
212.95.8.134 - - [04/Aug/2017:08:21:25 +0200] "GET /perg HTTP/1.1" 200 2926 "http://www.google.at/" "Mozilla/5.0 (Linux; Android 7.0; HUAWEI VNS-L31 Build/HUAWEIVNS-L31) AppleWebKit/537.36 (KHTML, like Gecko) Chrome/59.0.3071.125 Mobile Safari/537.36"
212.95.8.134 - - [04/Aug/2017:08:21:28 +0200] "GET /css/mobile.css HTTP/1.1" 200 2852 "http://www.easydrivers.at/perg" "Mozilla/5.0 (Linux; Android 7.0; HUAWEI VNS-L31 Build/HUAWEIVNS-L31) AppleWebKit/537.36 (KHTML, like Gecko) Chrome/59.0.3071.125 Mobile Safari/537.36"
212.95.8.134 - - [04/Aug/2017:08:21:28 +0200] "GET /javascript/jquery.cookie.js HTTP/1.1" 200 863 "http://www.easydrivers.at/perg" "Mozilla/5.0 (Linux; Android 7.0; HUAWEI VNS-L31 Build/HUAWEIVNS-L31) AppleWebKit/537.36 (KHTML, like Gecko) Chrome/59.0.3071.125 Mobile Safari/537.36"
212.95.8.134 - - [04/Aug/2017:08:21:28 +0200] "GET /javascript/mobile-menu.js HTTP/1.1" 200 1634 "http://www.easydrivers.at/perg" "Mozilla/5.0 (Linux; Android 7.0; HUAWEI VNS-L31 Build/HUAWEIVNS-L31) AppleWebKit/537.36 (KHTML, like Gecko) Chrome/59.0.3071.125 Mobile Safari/537.36"
212.95.8.134 - - [04/Aug/2017:08:21:28 +0200] "GET /javascript/jquery.simplemodal.js HTTP/1.1" 200 3070 "http://www.easydrivers.at/perg" "Mozilla/5.0 (Linux; Android 7.0; HUAWEI VNS-L31 Build/HUAWEIVNS-L31) AppleWebKit/537.36 (KHTML, like Gecko) Chrome/59.0.3071.125 Mobile Safari/537.36"
212.95.8.134 - - [04/Aug/2017:08:21:28 +0200] "GET /javascript/jquery-1.9.1.min.js HTTP/1.1" 200 32731 "http://www.easydrivers.at/perg" "Mozilla/5.0 (Linux; Android 7.0; HUAWEI VNS-L31 Build/HUAWEIVNS-L31) AppleWebKit/537.36 (KHTML, like Gecko) Chrome/59.0.3071.125 Mobile Safari/537.36"
212.95.8.134 - - [04/Aug/2017:08:21:28 +0200] "GET /javascript/mobile-fahrschule.js HTTP/1.1" 200 328 "http://www.easydrivers.at/perg" "Mozilla/5.0 (Linux; Android 7.0; HUAWEI VNS-L31 Build/HUAWEIVNS-L31) AppleWebKit/537.36 (KHTML, like Gecko) Chrome/59.0.3071.125 Mobile Safari/537.36"
212.95.8.134 - - [04/Aug/2017:08:21:28 +0200] "GET /javascript/lazyload.js HTTP/1.1" 200 1170 "http://www.easydrivers.at/perg" "Mozilla/5.0 (Linux; Android 7.0; HUAWEI VNS-L31 Build/HUAWEIVNS-L31) AppleWebKit/537.36 (KHTML, like Gecko) Chrome/59.0.3071.125 Mobile Safari/537.36"
212.95.8.134 - - [04/Aug/2017:08:21:28 +0200] "GET /img/mobile/easydrivers-logo-mobile.png HTTP/1.1" 200 10766 "http://www.easydrivers.at/perg" "Mozilla/5.0 (Linux; Android 7.0; HUAWEI VNS-L31 Build/HUAWEIVNS-L31) AppleWebKit/537.36 (KHTML, like Gecko) Chrome/59.0.3071.125 Mobile Safari/537.36"
212.95.8.134 - - [04/Aug/2017:08:21:28 +0200] "GET /img/mobile/menu-button.png HTTP/1.1" 200 1746 "http://www.easydrivers.at/perg" "Mozilla/5.0 (Linux; Android 7.0; HUAWEI VNS-L31 Build/HUAWEIVNS-L31) AppleWebKit/537.36 (KHTML, like Gecko) Chrome/59.0.3071.125 Mobile Safari/537.36"
212.95.8.134 - - [04/Aug/2017:08:21:28 +0200] "GET /img/mobile/close-button.png HTTP/1.1" 200 2411 "http://www.easydrivers.at/perg" "Mozilla/5.0 (Linux; Android 7.0; HUAWEI VNS-L31 Build/HUAWEIVNS-L31) AppleWebKit/537.36 (KHTML, like Gecko) Chrome/59.0.3071.125 Mobile Safari/537.36"
212.95.8.134 - - [04/Aug/2017:08:21:28 +0200] "GET /img/mobile/facebook-icon.png HTTP/1.1" 200 1902 "http://www.easydrivers.at/perg" "Mozilla/5.0 (Linux; Android 7.0; HUAWEI VNS-L31 Build/HUAWEIVNS-L31) AppleWebKit/537.36 (KHTML, like Gecko) Chrome/59.0.3071.125 Mobile Safari/537.36"
212.95.8.134 - - [04/Aug/2017:08:21:28 +0200] "GET /img/mobile/info-button.png HTTP/1.1" 200 1549 "http://www.easydrivers.at/perg" "Mozilla/5.0 (Linux; Android 7.0; HUAWEI VNS-L31 Build/HUAWEIVNS-L31) AppleWebKit/537.36 (KHTML, like Gecko) Chrome/59.0.3071.125 Mobile Safari/537.36"
212.95.8.134 - - [04/Aug/2017:08:21:28 +0200] "GET /img/mobile/info-close-button.png HTTP/1.1" 200 1721 "http://www.easydrivers.at/perg" "Mozilla/5.0 (Linux; Android 7.0; HUAWEI VNS-L31 Build/HUAWEIVNS-L31) AppleWebKit/537.36 (KHTML, like Gecko) Chrome/59.0.3071.125 Mobile Safari/537.36"
212.95.8.134 - - [04/Aug/2017:08:21:28 +0200] "GET /img/mobile/bg-menu.jpg HTTP/1.1" 200 1698 "http://www.easydrivers.at/css/mobile.css" "Mozilla/5.0 (Linux; Android 7.0; HUAWEI VNS-L31 Build/HUAWEIVNS-L31) AppleWebKit/537.36 (KHTML, like Gecko) Chrome/59.0.3071.125 Mobile Safari/537.36"
212.95.8.134 - - [04/Aug/2017:08:21:28 +0200] "GET /img/mobile/bg-top-section.jpg HTTP/1.1" 200 21711 "http://www.easydrivers.at/css/mobile.css" "Mozilla/5.0 (Linux; Android 7.0; HUAWEI VNS-L31 Build/HUAWEIVNS-L31) AppleWebKit/537.36 (KHTML, like Gecko) Chrome/59.0.3071.125 Mobile Safari/537.36"
212.95.8.134 - - [04/Aug/2017:08:21:28 +0200] "GET /img/mobile/bg-header.jpg HTTP/1.1" 200 19741 "http://www.easydrivers.at/css/mobile.css" "Mozilla/5.0 (Linux; Android 7.0; HUAWEI VNS-L31 Build/HUAWEIVNS-L31) AppleWebKit/537.36 (KHTML, like Gecko) Chrome/59.0.3071.125 Mobile Safari/537.36"
212.95.8.134 - - [04/Aug/2017:08:21:28 +0200] "GET /img/mobile/pfeil-rechts.png HTTP/1.1" 200 1228 "http://www.easydrivers.at/css/mobile.css" "Mozilla/5.0 (Linux; Android 7.0; HUAWEI VNS-L31 Build/HUAWEIVNS-L31) AppleWebKit/537.36 (KHTML, like Gecko) Chrome/59.0.3071.125 Mobile Safari/537.36"
212.95.8.134 - - [04/Aug/2017:08:21:28 +0200] "GET /img/smallicon-person.png HTTP/1.1" 200 1141 "http://www.easydrivers.at/perg" "Mozilla/5.0 (Linux; Android 7.0; HUAWEI VNS-L31 Build/HUAWEIVNS-L31) AppleWebKit/537.36 (KHTML, like Gecko) Chrome/59.0.3071.125 Mobile Safari/537.36"
212.95.8.134 - - [04/Aug/2017:08:21:28 +0200] "GET /img/smallicon-address.png HTTP/1.1" 200 1211 "http://www.easydrivers.at/perg" "Mozilla/5.0 (Linux; Android 7.0; HUAWEI VNS-L31 Build/HUAWEIVNS-L31) AppleWebKit/537.36 (KHTML, like Gecko) Chrome/59.0.3071.125 Mobile Safari/537.36"
212.95.8.134 - - [04/Aug/2017:08:21:28 +0200] "GET /img/mobile/googlemaps-pin.png HTTP/1.1" 200 1597 "http://www.easydrivers.at/perg" "Mozilla/5.0 (Linux; Android 7.0; HUAWEI VNS-L31 Build/HUAWEIVNS-L31) AppleWebKit/537.36 (KHTML, like Gecko) Chrome/59.0.3071.125 Mobile Safari/537.36"
212.95.8.134 - - [04/Aug/2017:08:21:28 +0200] "GET /img/smallicon-time.png HTTP/1.1" 200 1262 "http://www.easydrivers.at/perg" "Mozilla/5.0 (Linux; Android 7.0; HUAWEI VNS-L31 Build/HUAWEIVNS-L31) AppleWebKit/537.36 (KHTML, like Gecko) Chrome/59.0.3071.125 Mobile Safari/537.36"
212.95.8.134 - - [04/Aug/2017:08:21:28 +0200] "GET /img/smallicon-phone.png HTTP/1.1" 200 3056 "http://www.easydrivers.at/perg" "Mozilla/5.0 (Linux; Android 7.0; HUAWEI VNS-L31 Build/HUAWEIVNS-L31) AppleWebKit/537.36 (KHTML, like Gecko) Chrome/59.0.3071.125 Mobile Safari/537.36"
212.95.8.134 - - [04/Aug/2017:08:21:28 +0200] "GET /img/smallicon-mail.png HTTP/1.1" 200 1341 "http://www.easydrivers.at/perg" "Mozilla/5.0 (Linux; Android 7.0; HUAWEI VNS-L31 Build/HUAWEIVNS-L31) AppleWebKit/537.36 (KHTML, like Gecko) Chrome/59.0.3071.125 Mobile Safari/537.36"
212.95.8.134 - - [04/Aug/2017:08:21:28 +0200] "GET /img/mobile/widget-icon-app.png HTTP/1.1" 200 3458 "http://www.easydrivers.at/perg" "Mozilla/5.0 (Linux; Android 7.0; HUAWEI VNS-L31 Build/HUAWEIVNS-L31) AppleWebKit/537.36 (KHTML, like Gecko) Chrome/59.0.3071.125 Mobile Safari/537.36"
212.95.8.134 - - [04/Aug/2017:08:21:29 +0200] "GET /img/favicon.ico HTTP/1.1" 404 300 "http://www.easydrivers.at/perg" "Mozilla/5.0 (Linux; Android 7.0; HUAWEI VNS-L31 Build/HUAWEIVNS-L31) AppleWebKit/537.36 (KHTML, like Gecko) Chrome/59.0.3071.125 Mobile Safari/537.36"
83.175.93.10 - - [04/Aug/2017:08:21:30 +0200] "GET /innsbruck/10267287?FS=B HTTP/1.1" 200 3262 "http://www.easydrivers.at/innsbruck/kurse" "Mozilla/5.0 (Linux; U; Android 2.3.6; de-at; GT-S5830i Build/GINGERBREAD) AppleWebKit/533.1 (KHTML, like Gecko) Version/4.0 Mobile Safari/533.1"
212.95.8.134 - - [04/Aug/2017:08:21:36 +0200] "POST /perg/kursauswahl HTTP/1.1" 200 2815 "http://www.easydrivers.at/perg" "Mozilla/5.0 (Linux; Android 7.0; HUAWEI VNS-L31 Build/HUAWEIVNS-L31) AppleWebKit/537.36 (KHTML, like Gecko) Chrome/59.0.3071.125 Mobile Safari/537.36"
212.95.8.134 - - [04/Aug/2017:08:21:38 +0200] "GET /javascript/mobile-fahrschule-kurs-suchergebnis.js HTTP/1.1" 200 274 "http://www.easydrivers.at/perg/kursauswahl" "Mozilla/5.0 (Linux; Android 7.0; HUAWEI VNS-L31 Build/HUAWEIVNS-L31) AppleWebKit/537.36 (KHTML, like Gecko) Chrome/59.0.3071.125 Mobile Safari/537.36"
212.95.8.134 - - [04/Aug/2017:08:21:38 +0200] "GET /img/mobile/bg-yellow.jpg HTTP/1.1" 200 1569 "http://www.easydrivers.at/css/mobile.css" "Mozilla/5.0 (Linux; Android 7.0; HUAWEI VNS-L31 Build/HUAWEIVNS-L31) AppleWebKit/537.36 (KHTML, like Gecko) Chrome/59.0.3071.125 Mobile Safari/537.36"
212.95.8.134 - - [04/Aug/2017:08:21:38 +0200] "GET /img/mobile/pfeil-links-small.png HTTP/1.1" 200 1065 "http://www.easydrivers.at/css/mobile.css" "Mozilla/5.0 (Linux; Android 7.0; HUAWEI VNS-L31 Build/HUAWEIVNS-L31) AppleWebKit/537.36 (KHTML, like Gecko) Chrome/59.0.3071.125 Mobile Safari/537.36"
212.95.8.134 - - [04/Aug/2017:08:21:38 +0200] "GET /img/loading-bars.gif HTTP/1.1" 200 3951 "http://www.easydrivers.at/css/mobile.css" "Mozilla/5.0 (Linux; Android 7.0; HUAWEI VNS-L31 Build/HUAWEIVNS-L31) AppleWebKit/537.36 (KHTML, like Gecko) Chrome/59.0.3071.125 Mobile Safari/537.36"
212.95.8.134 - - [04/Aug/2017:08:21:42 +0200] "POST /loadkursliste HTTP/1.1" 200 436 "http://www.easydrivers.at/perg/kursauswahl" "Mozilla/5.0 (Linux; Android 7.0; HUAWEI VNS-L31 Build/HUAWEIVNS-L31) AppleWebKit/537.36 (KHTML, like Gecko) Chrome/59.0.3071.125 Mobile Safari/537.36"
193.81.165.43 - - [04/Aug/2017:08:21:42 +0200] "GET / HTTP/1.1" 200 4410 "https://www.google.at/" "Mozilla/5.0 (Windows NT 10.0; Win64; x64) AppleWebKit/537.36 (KHTML, like Gecko) Chrome/59.0.3071.115 Safari/537.36"
193.81.165.43 - - [04/Aug/2017:08:21:44 +0200] "GET /css/style.css HTTP/1.1" 200 5004 "http://www.easydrivers.at/" "Mozilla/5.0 (Windows NT 10.0; Win64; x64) AppleWebKit/537.36 (KHTML, like Gecko) Chrome/59.0.3071.115 Safari/537.36"
193.81.165.43 - - [04/Aug/2017:08:21:44 +0200] "GET /javascript/jquery.customSelect.min.js HTTP/1.1" 200 912 "http://www.easydrivers.at/" "Mozilla/5.0 (Windows NT 10.0; Win64; x64) AppleWebKit/537.36 (KHTML, like Gecko) Chrome/59.0.3071.115 Safari/537.36"
193.81.165.43 - - [04/Aug/2017:08:21:44 +0200] "GET /javascript/jquery.simplemodal.js HTTP/1.1" 200 3070 "http://www.easydrivers.at/" "Mozilla/5.0 (Windows NT 10.0; Win64; x64) AppleWebKit/537.36 (KHTML, like Gecko) Chrome/59.0.3071.115 Safari/537.36"
193.81.165.43 - - [04/Aug/2017:08:21:44 +0200] "GET /javascript/jquery.cookie.js HTTP/1.1" 200 863 "http://www.easydrivers.at/" "Mozilla/5.0 (Windows NT 10.0; Win64; x64) AppleWebKit/537.36 (KHTML, like Gecko) Chrome/59.0.3071.115 Safari/537.36"
193.81.165.43 - - [04/Aug/2017:08:21:44 +0200] "GET /javascript/portal.js?1221842734 HTTP/1.1" 200 3529 "http://www.easydrivers.at/" "Mozilla/5.0 (Windows NT 10.0; Win64; x64) AppleWebKit/537.36 (KHTML, like Gecko) Chrome/59.0.3071.115 Safari/537.36"
193.81.165.43 - - [04/Aug/2017:08:21:44 +0200] "GET /javascript/homesearch.js HTTP/1.1" 200 393 "http://www.easydrivers.at/" "Mozilla/5.0 (Windows NT 10.0; Win64; x64) AppleWebKit/537.36 (KHTML, like Gecko) Chrome/59.0.3071.115 Safari/537.36"
193.81.165.43 - - [04/Aug/2017:08:21:44 +0200] "GET /javascript/lazyload.js HTTP/1.1" 200 1170 "http://www.easydrivers.at/" "Mozilla/5.0 (Windows NT 10.0; Win64; x64) AppleWebKit/537.36 (KHTML, like Gecko) Chrome/59.0.3071.115 Safari/537.36"
193.81.165.43 - - [04/Aug/2017:08:21:44 +0200] "GET /img/close-button.png HTTP/1.1" 200 2237 "http://www.easydrivers.at/" "Mozilla/5.0 (Windows NT 10.0; Win64; x64) AppleWebKit/537.36 (KHTML, like Gecko) Chrome/59.0.3071.115 Safari/537.36"
193.81.165.43 - - [04/Aug/2017:08:21:44 +0200] "GET /img/facebook-icon.png HTTP/1.1" 200 1506 "http://www.easydrivers.at/" "Mozilla/5.0 (Windows NT 10.0; Win64; x64) AppleWebKit/537.36 (KHTML, like Gecko) Chrome/59.0.3071.115 Safari/537.36"
193.81.165.43 - - [04/Aug/2017:08:21:44 +0200] "GET /img/submit-button.png HTTP/1.1" 200 1958 "http://www.easydrivers.at/" "Mozilla/5.0 (Windows NT 10.0; Win64; x64) AppleWebKit/537.36 (KHTML, like Gecko) Chrome/59.0.3071.115 Safari/537.36"
193.81.165.43 - - [04/Aug/2017:08:21:44 +0200] "GET /binaries/easy-drivers-portal/widget-icon-trainingpng.png HTTP/1.1" 200 2662 "http://www.easydrivers.at/" "Mozilla/5.0 (Windows NT 10.0; Win64; x64) AppleWebKit/537.36 (KHTML, like Gecko) Chrome/59.0.3071.115 Safari/537.36"
193.81.165.43 - - [04/Aug/2017:08:21:44 +0200] "GET /img/empty.gif HTTP/1.1" 200 43 "http://www.easydrivers.at/" "Mozilla/5.0 (Windows NT 10.0; Win64; x64) AppleWebKit/537.36 (KHTML, like Gecko) Chrome/59.0.3071.115 Safari/537.36"
193.81.165.43 - - [04/Aug/2017:08:21:44 +0200] "GET /binaries/easy-drivers-portal/widget-icon-expertspng.png HTTP/1.1" 200 2159 "http://www.easydrivers.at/" "Mozilla/5.0 (Windows NT 10.0; Win64; x64) AppleWebKit/537.36 (KHTML, like Gecko) Chrome/59.0.3071.115 Safari/537.36"
193.81.165.43 - - [04/Aug/2017:08:21:44 +0200] "GET /binaries/easy-drivers-portal/widget-icon-apppng.png HTTP/1.1" 200 2432 "http://www.easydrivers.at/" "Mozilla/5.0 (Windows NT 10.0; Win64; x64) AppleWebKit/537.36 (KHTML, like Gecko) Chrome/59.0.3071.115 Safari/537.36"
193.81.165.43 - - [04/Aug/2017:08:21:44 +0200] "GET /binaries/easy-drivers-portal/edradfahrschullogowidget160x90pxpng.png HTTP/1.1" 200 23394 "http://www.easydrivers.at/" "Mozilla/5.0 (Windows NT 10.0; Win64; x64) AppleWebKit/537.36 (KHTML, like Gecko) Chrome/59.0.3071.115 Safari/537.36"
193.81.165.43 - - [04/Aug/2017:08:21:44 +0200] "GET /img/schweiz-icon.png HTTP/1.1" 200 1504 "http://www.easydrivers.at/" "Mozilla/5.0 (Windows NT 10.0; Win64; x64) AppleWebKit/537.36 (KHTML, like Gecko) Chrome/59.0.3071.115 Safari/537.36"
193.81.165.43 - - [04/Aug/2017:08:21:44 +0200] "GET /img/purple-dots-horizontal.png HTTP/1.1" 200 977 "http://www.easydrivers.at/css/style.css" "Mozilla/5.0 (Windows NT 10.0; Win64; x64) AppleWebKit/537.36 (KHTML, like Gecko) Chrome/59.0.3071.115 Safari/537.36"
193.81.165.43 - - [04/Aug/2017:08:21:44 +0200] "GET /img/yellow-dots-vertical.png HTTP/1.1" 200 981 "http://www.easydrivers.at/css/style.css" "Mozilla/5.0 (Windows NT 10.0; Win64; x64) AppleWebKit/537.36 (KHTML, like Gecko) Chrome/59.0.3071.115 Safari/537.36"
193.81.165.43 - - [04/Aug/2017:08:21:44 +0200] "GET /img/selection-box-button.png HTTP/1.1" 200 1079 "http://www.easydrivers.at/css/style.css" "Mozilla/5.0 (Windows NT 10.0; Win64; x64) AppleWebKit/537.36 (KHTML, like Gecko) Chrome/59.0.3071.115 Safari/537.36"
193.81.165.43 - - [04/Aug/2017:08:21:44 +0200] "GET /img/bg-header.jpg HTTP/1.1" 200 38680 "http://www.easydrivers.at/css/style.css" "Mozilla/5.0 (Windows NT 10.0; Win64; x64) AppleWebKit/537.36 (KHTML, like Gecko) Chrome/59.0.3071.115 Safari/537.36"
193.81.165.43 - - [04/Aug/2017:08:21:45 +0200] "GET /img/ED_Logo.png HTTP/1.1" 200 3385 "http://www.easydrivers.at/css/style.css" "Mozilla/5.0 (Windows NT 10.0; Win64; x64) AppleWebKit/537.36 (KHTML, like Gecko) Chrome/59.0.3071.115 Safari/537.36"
193.81.165.43 - - [04/Aug/2017:08:21:45 +0200] "GET /img/black-dots-vertical.png HTTP/1.1" 200 1165 "http://www.easydrivers.at/css/style.css" "Mozilla/5.0 (Windows NT 10.0; Win64; x64) AppleWebKit/537.36 (KHTML, like Gecko) Chrome/59.0.3071.115 Safari/537.36"
193.81.165.43 - - [04/Aug/2017:08:21:45 +0200] "GET /img/bg-footer.jpg HTTP/1.1" 200 31770 "http://www.easydrivers.at/css/style.css" "Mozilla/5.0 (Windows NT 10.0; Win64; x64) AppleWebKit/537.36 (KHTML, like Gecko) Chrome/59.0.3071.115 Safari/537.36"
193.81.165.43 - - [04/Aug/2017:08:21:45 +0200] "GET /img/kursicon-print-pink.png HTTP/1.1" 200 1125 "http://www.easydrivers.at/" "Mozilla/5.0 (Windows NT 10.0; Win64; x64) AppleWebKit/537.36 (KHTML, like Gecko) Chrome/59.0.3071.115 Safari/537.36"
193.81.165.43 - - [04/Aug/2017:08:21:45 +0200] "GET /img/kursicon-download-pink.png HTTP/1.1" 200 1213 "http://www.easydrivers.at/" "Mozilla/5.0 (Windows NT 10.0; Win64; x64) AppleWebKit/537.36 (KHTML, like Gecko) Chrome/59.0.3071.115 Safari/537.36"
193.81.165.43 - - [04/Aug/2017:08:21:44 +0200] "GET /img/bg-top-section.jpg HTTP/1.1" 200 82172 "http://www.easydrivers.at/css/style.css" "Mozilla/5.0 (Windows NT 10.0; Win64; x64) AppleWebKit/537.36 (KHTML, like Gecko) Chrome/59.0.3071.115 Safari/537.36"
193.81.165.43 - - [04/Aug/2017:08:21:45 +0200] "GET /img/kursicon-share-pink.png HTTP/1.1" 200 1277 "http://www.easydrivers.at/" "Mozilla/5.0 (Windows NT 10.0; Win64; x64) AppleWebKit/537.36 (KHTML, like Gecko) Chrome/59.0.3071.115 Safari/537.36"
193.81.165.43 - - [04/Aug/2017:08:21:45 +0200] "GET /img/kursicon-phone-pink.png HTTP/1.1" 200 1286 "http://www.easydrivers.at/" "Mozilla/5.0 (Windows NT 10.0; Win64; x64) AppleWebKit/537.36 (KHTML, like Gecko) Chrome/59.0.3071.115 Safari/537.36"
193.81.165.43 - - [04/Aug/2017:08:21:45 +0200] "GET /css/print.css HTTP/1.1" 200 967 "http://www.easydrivers.at/" "Mozilla/5.0 (Windows NT 10.0; Win64; x64) AppleWebKit/537.36 (KHTML, like Gecko) Chrome/59.0.3071.115 Safari/537.36"
193.81.165.43 - - [04/Aug/2017:08:21:45 +0200] "GET /img/new_favicon.ico HTTP/1.1" 200 1150 "http://www.easydrivers.at/" "Mozilla/5.0 (Windows NT 10.0; Win64; x64) AppleWebKit/537.36 (KHTML, like Gecko) Chrome/59.0.3071.115 Safari/537.36"
83.175.93.10 - - [04/Aug/2017:08:21:43 +0200] "GET /innsbruck/10267287?FS=B&channel=fullversion HTTP/1.1" 200 5792 "http://www.easydrivers.at/innsbruck/10267287?FS=B" "Mozilla/5.0 (Linux; U; Android 2.3.6; de-at; GT-S5830i Build/GINGERBREAD) AppleWebKit/533.1 (KHTML, like Gecko) Version/4.0 Mobile Safari/533.1"
83.175.93.10 - - [04/Aug/2017:08:21:47 +0200] "GET /css/style.css HTTP/1.1" 200 5004 "http://www.easydrivers.at/innsbruck/10267287?FS=B&channel=fullversion" "Mozilla/5.0 (Linux; U; Android 2.3.6; de-at; GT-S5830i Build/GINGERBREAD) AppleWebKit/533.1 (KHTML, like Gecko) Version/4.0 Mobile Safari/533.1"
83.175.93.10 - - [04/Aug/2017:08:21:47 +0200] "GET /css/print.css HTTP/1.1" 200 967 "http://www.easydrivers.at/innsbruck/10267287?FS=B&channel=fullversion" "Mozilla/5.0 (Linux; U; Android 2.3.6; de-at; GT-S5830i Build/GINGERBREAD) AppleWebKit/533.1 (KHTML, like Gecko) Version/4.0 Mobile Safari/533.1"
83.175.93.10 - - [04/Aug/2017:08:21:47 +0200] "GET /javascript/jquery.customSelect.min.js HTTP/1.1" 200 912 "http://www.easydrivers.at/innsbruck/10267287?FS=B&channel=fullversion" "Mozilla/5.0 (Linux; U; Android 2.3.6; de-at; GT-S5830i Build/GINGERBREAD) AppleWebKit/533.1 (KHTML, like Gecko) Version/4.0 Mobile Safari/533.1"
83.175.93.10 - - [04/Aug/2017:08:21:47 +0200] "GET /javascript/portal.js?1221842734 HTTP/1.1" 200 3529 "http://www.easydrivers.at/innsbruck/10267287?FS=B&channel=fullversion" "Mozilla/5.0 (Linux; U; Android 2.3.6; de-at; GT-S5830i Build/GINGERBREAD) AppleWebKit/533.1 (KHTML, like Gecko) Version/4.0 Mobile Safari/533.1"
83.175.93.10 - - [04/Aug/2017:08:21:48 +0200] "GET /javascript/suche.js HTTP/1.1" 200 209 "http://www.easydrivers.at/innsbruck/10267287?FS=B&channel=fullversion" "Mozilla/5.0 (Linux; U; Android 2.3.6; de-at; GT-S5830i Build/GINGERBREAD) AppleWebKit/533.1 (KHTML, like Gecko) Version/4.0 Mobile Safari/533.1"
83.175.93.10 - - [04/Aug/2017:08:21:48 +0200] "GET /img/close-button.png HTTP/1.1" 200 2237 "http://www.easydrivers.at/innsbruck/10267287?FS=B&channel=fullversion" "Mozilla/5.0 (Linux; U; Android 2.3.6; de-at; GT-S5830i Build/GINGERBREAD) AppleWebKit/533.1 (KHTML, like Gecko) Version/4.0 Mobile Safari/533.1"
83.175.93.10 - - [04/Aug/2017:08:21:48 +0200] "GET /javascript/fahrschule.js HTTP/1.1" 200 462 "http://www.easydrivers.at/innsbruck/10267287?FS=B&channel=fullversion" "Mozilla/5.0 (Linux; U; Android 2.3.6; de-at; GT-S5830i Build/GINGERBREAD) AppleWebKit/533.1 (KHTML, like Gecko) Version/4.0 Mobile Safari/533.1"
83.175.93.10 - - [04/Aug/2017:08:21:48 +0200] "GET /css/showLoading.css HTTP/1.1" 200 219 "http://www.easydrivers.at/innsbruck/10267287?FS=B&channel=fullversion" "Mozilla/5.0 (Linux; U; Android 2.3.6; de-at; GT-S5830i Build/GINGERBREAD) AppleWebKit/533.1 (KHTML, like Gecko) Version/4.0 Mobile Safari/533.1"
83.175.93.10 - - [04/Aug/2017:08:21:48 +0200] "GET /javascript/jquery.showLoading.min.js HTTP/1.1" 200 1136 "http://www.easydrivers.at/innsbruck/10267287?FS=B&channel=fullversion" "Mozilla/5.0 (Linux; U; Android 2.3.6; de-at; GT-S5830i Build/GINGERBREAD) AppleWebKit/533.1 (KHTML, like Gecko) Version/4.0 Mobile Safari/533.1"
83.175.93.10 - - [04/Aug/2017:08:21:48 +0200] "GET /img/ED_Logo.png HTTP/1.1" 200 3385 "http://www.easydrivers.at/innsbruck/10267287?FS=B&channel=fullversion" "Mozilla/5.0 (Linux; U; Android 2.3.6; de-at; GT-S5830i Build/GINGERBREAD) AppleWebKit/533.1 (KHTML, like Gecko) Version/4.0 Mobile Safari/533.1"
83.175.93.10 - - [04/Aug/2017:08:21:48 +0200] "GET /img/facebook-icon.png HTTP/1.1" 200 1506 "http://www.easydrivers.at/innsbruck/10267287?FS=B&channel=fullversion" "Mozilla/5.0 (Linux; U; Android 2.3.6; de-at; GT-S5830i Build/GINGERBREAD) AppleWebKit/533.1 (KHTML, like Gecko) Version/4.0 Mobile Safari/533.1"
83.175.93.10 - - [04/Aug/2017:08:21:48 +0200] "GET /javascript/jquery.base64.min.js HTTP/1.1" 200 37135 "http://www.easydrivers.at/innsbruck/10267287?FS=B&channel=fullversion" "Mozilla/5.0 (Linux; U; Android 2.3.6; de-at; GT-S5830i Build/GINGERBREAD) AppleWebKit/533.1 (KHTML, like Gecko) Version/4.0 Mobile Safari/533.1"
83.175.93.10 - - [04/Aug/2017:08:21:48 +0200] "GET /img/bg-header.jpg HTTP/1.1" 200 38680 "http://www.easydrivers.at/innsbruck/10267287?FS=B&channel=fullversion" "Mozilla/5.0 (Linux; U; Android 2.3.6; de-at; GT-S5830i Build/GINGERBREAD) AppleWebKit/533.1 (KHTML, like Gecko) Version/4.0 Mobile Safari/533.1"
83.175.93.10 - - [04/Aug/2017:08:21:48 +0200] "GET /img/info-button.png HTTP/1.1" 200 738 "http://www.easydrivers.at/innsbruck/10267287?FS=B&channel=fullversion" "Mozilla/5.0 (Linux; U; Android 2.3.6; de-at; GT-S5830i Build/GINGERBREAD) AppleWebKit/533.1 (KHTML, like Gecko) Version/4.0 Mobile Safari/533.1"
83.175.93.10 - - [04/Aug/2017:08:21:48 +0200] "GET /img/locator-icon.png HTTP/1.1" 200 1377 "http://www.easydrivers.at/innsbruck/10267287?FS=B&channel=fullversion" "Mozilla/5.0 (Linux; U; Android 2.3.6; de-at; GT-S5830i Build/GINGERBREAD) AppleWebKit/533.1 (KHTML, like Gecko) Version/4.0 Mobile Safari/533.1"
83.175.93.10 - - [04/Aug/2017:08:21:48 +0200] "GET /img/close-button-small.png HTTP/1.1" 200 1671 "http://www.easydrivers.at/innsbruck/10267287?FS=B&channel=fullversion" "Mozilla/5.0 (Linux; U; Android 2.3.6; de-at; GT-S5830i Build/GINGERBREAD) AppleWebKit/533.1 (KHTML, like Gecko) Version/4.0 Mobile Safari/533.1"
83.175.93.10 - - [04/Aug/2017:08:21:48 +0200] "GET /img/kursicon-download.png HTTP/1.1" 200 1218 "http://www.easydrivers.at/innsbruck/10267287?FS=B&channel=fullversion" "Mozilla/5.0 (Linux; U; Android 2.3.6; de-at; GT-S5830i Build/GINGERBREAD) AppleWebKit/533.1 (KHTML, like Gecko) Version/4.0 Mobile Safari/533.1"
83.175.93.10 - - [04/Aug/2017:08:21:48 +0200] "GET /img/kursicon-print.png HTTP/1.1" 200 1184 "http://www.easydrivers.at/innsbruck/10267287?FS=B&channel=fullversion" "Mozilla/5.0 (Linux; U; Android 2.3.6; de-at; GT-S5830i Build/GINGERBREAD) AppleWebKit/533.1 (KHTML, like Gecko) Version/4.0 Mobile Safari/533.1"
83.175.93.10 - - [04/Aug/2017:08:21:48 +0200] "GET /img/kursicon-share.png HTTP/1.1" 200 1302 "http://www.easydrivers.at/innsbruck/10267287?FS=B&channel=fullversion" "Mozilla/5.0 (Linux; U; Android 2.3.6; de-at; GT-S5830i Build/GINGERBREAD) AppleWebKit/533.1 (KHTML, like Gecko) Version/4.0 Mobile Safari/533.1"
83.175.93.10 - - [04/Aug/2017:08:21:48 +0200] "GET /img/kursicon-phone.png HTTP/1.1" 200 1287 "http://www.easydrivers.at/innsbruck/10267287?FS=B&channel=fullversion" "Mozilla/5.0 (Linux; U; Android 2.3.6; de-at; GT-S5830i Build/GINGERBREAD) AppleWebKit/533.1 (KHTML, like Gecko) Version/4.0 Mobile Safari/533.1"
83.175.93.10 - - [04/Aug/2017:08:21:48 +0200] "GET /cache/emu/images/10282384/_155_87.jpg HTTP/1.1" 200 3507 "http://www.easydrivers.at/innsbruck/10267287?FS=B&channel=fullversion" "Mozilla/5.0 (Linux; U; Android 2.3.6; de-at; GT-S5830i Build/GINGERBREAD) AppleWebKit/533.1 (KHTML, like Gecko) Version/4.0 Mobile Safari/533.1"
83.175.93.10 - - [04/Aug/2017:08:21:48 +0200] "GET /cache/emu/images/10282385/_155_87.jpg HTTP/1.1" 200 3290 "http://www.easydrivers.at/innsbruck/10267287?FS=B&channel=fullversion" "Mozilla/5.0 (Linux; U; Android 2.3.6; de-at; GT-S5830i Build/GINGERBREAD) AppleWebKit/533.1 (KHTML, like Gecko) Version/4.0 Mobile Safari/533.1"
