91.208.201.124 - - [04/Aug/2017:08:58:43 +0200] "GET /binaries/easy-drivers-portal/widget-icon-expertspng.png HTTP/1.1" 200 2159 "http://www.easydrivers.at/" "Mozilla/5.0 (Windows NT 10.0; rv:54.0) Gecko/20100101 Firefox/54.0"
91.208.201.124 - - [04/Aug/2017:08:58:43 +0200] "GET /binaries/easy-drivers-portal/widget-icon-apppng.png HTTP/1.1" 200 2432 "http://www.easydrivers.at/" "Mozilla/5.0 (Windows NT 10.0; rv:54.0) Gecko/20100101 Firefox/54.0"
194.37.230.40 - - [04/Aug/2017:08:58:43 +0200] "GET /img/facebook-icon.png HTTP/1.1" 304 - "http://www.easydrivers.at/innsbruck" "Mozilla/5.0 (Windows NT 6.1; rv:52.0) Gecko/20100101 Firefox/52.0"
194.37.230.40 - - [04/Aug/2017:08:58:43 +0200] "GET /img/info-button.png HTTP/1.1" 304 - "http://www.easydrivers.at/innsbruck" "Mozilla/5.0 (Windows NT 6.1; rv:52.0) Gecko/20100101 Firefox/52.0"
194.37.230.40 - - [04/Aug/2017:08:58:43 +0200] "GET /img/ed_pfeil_down.png HTTP/1.1" 200 3634 "http://www.easydrivers.at/innsbruck" "Mozilla/5.0 (Windows NT 6.1; rv:52.0) Gecko/20100101 Firefox/52.0"
91.208.201.124 - - [04/Aug/2017:08:58:43 +0200] "GET /img/black-dots-vertical.png HTTP/1.1" 200 1165 "http://www.easydrivers.at/css/style.css" "Mozilla/5.0 (Windows NT 10.0; rv:54.0) Gecko/20100101 Firefox/54.0"
194.37.230.40 - - [04/Aug/2017:08:58:43 +0200] "GET /cache/emu/images/easy-drivers-portal10244080/fuehrerscheinbjpg_160_90_0.jpg HTTP/1.1" 200 4032 "http://www.easydrivers.at/innsbruck" "Mozilla/5.0 (Windows NT 6.1; rv:52.0) Gecko/20100101 Firefox/52.0"
194.37.230.40 - - [04/Aug/2017:08:58:43 +0200] "GET /img/close-button-small.png HTTP/1.1" 304 - "http://www.easydrivers.at/innsbruck" "Mozilla/5.0 (Windows NT 6.1; rv:52.0) Gecko/20100101 Firefox/52.0"
194.37.230.40 - - [04/Aug/2017:08:58:43 +0200] "GET /cache/emu/images/easy-drivers-portal10244083/schnellkursjpg_160_90_0.jpg HTTP/1.1" 200 4214 "http://www.easydrivers.at/innsbruck" "Mozilla/5.0 (Windows NT 6.1; rv:52.0) Gecko/20100101 Firefox/52.0"
194.37.230.40 - - [04/Aug/2017:08:58:43 +0200] "GET /binaries/easy-drivers-portal/edradfahrschullogowidget160x90pxpng.png HTTP/1.1" 304 - "http://www.easydrivers.at/innsbruck" "Mozilla/5.0 (Windows NT 6.1; rv:52.0) Gecko/20100101 Firefox/52.0"
194.37.230.40 - - [04/Aug/2017:08:58:43 +0200] "GET /img/schweiz-icon.png HTTP/1.1" 304 - "http://www.easydrivers.at/innsbruck" "Mozilla/5.0 (Windows NT 6.1; rv:52.0) Gecko/20100101 Firefox/52.0"
194.37.230.40 - - [04/Aug/2017:08:58:43 +0200] "GET /img/locator-icon.png HTTP/1.1" 304 - "http://www.easydrivers.at/innsbruck" "Mozilla/5.0 (Windows NT 6.1; rv:52.0) Gecko/20100101 Firefox/52.0"
91.208.201.124 - - [04/Aug/2017:08:58:43 +0200] "GET /img/selection-box-button.png HTTP/1.1" 200 1079 "http://www.easydrivers.at/css/style.css" "Mozilla/5.0 (Windows NT 10.0; rv:54.0) Gecko/20100101 Firefox/54.0"
194.37.230.40 - - [04/Aug/2017:08:58:43 +0200] "GET /binaries/easy-drivers-harm-innsbruck/standort-innsbruck1png.png HTTP/1.1" 200 307676 "http://www.easydrivers.at/innsbruck" "Mozilla/5.0 (Windows NT 6.1; rv:52.0) Gecko/20100101 Firefox/52.0"
194.37.230.40 - - [04/Aug/2017:08:58:43 +0200] "GET /img/empty.gif HTTP/1.1" 304 - "http://www.easydrivers.at/innsbruck" "Mozilla/5.0 (Windows NT 6.1; rv:52.0) Gecko/20100101 Firefox/52.0"
194.37.230.40 - - [04/Aug/2017:08:58:43 +0200] "GET /img/close-button.png HTTP/1.1" 304 - "http://www.easydrivers.at/innsbruck" "Mozilla/5.0 (Windows NT 6.1; rv:52.0) Gecko/20100101 Firefox/52.0"
194.37.230.40 - - [04/Aug/2017:08:58:43 +0200] "GET /img/submit-button.png HTTP/1.1" 304 - "http://www.easydrivers.at/innsbruck" "Mozilla/5.0 (Windows NT 6.1; rv:52.0) Gecko/20100101 Firefox/52.0"
194.37.230.40 - - [04/Aug/2017:08:58:43 +0200] "GET /img/yellow-dots-vertical.png HTTP/1.1" 304 - "http://www.easydrivers.at/css/style.css" "Mozilla/5.0 (Windows NT 6.1; rv:52.0) Gecko/20100101 Firefox/52.0"
194.37.230.40 - - [04/Aug/2017:08:58:43 +0200] "GET /img/bg-header.jpg HTTP/1.1" 304 - "http://www.easydrivers.at/css/style.css" "Mozilla/5.0 (Windows NT 6.1; rv:52.0) Gecko/20100101 Firefox/52.0"
194.37.230.40 - - [04/Aug/2017:08:58:43 +0200] "GET /img/ED_Logo.png HTTP/1.1" 304 - "http://www.easydrivers.at/css/style.css" "Mozilla/5.0 (Windows NT 6.1; rv:52.0) Gecko/20100101 Firefox/52.0"
194.37.230.40 - - [04/Aug/2017:08:58:43 +0200] "GET /img/purple-dots-horizontal.png HTTP/1.1" 304 - "http://www.easydrivers.at/css/style.css" "Mozilla/5.0 (Windows NT 6.1; rv:52.0) Gecko/20100101 Firefox/52.0"
194.37.230.40 - - [04/Aug/2017:08:58:43 +0200] "GET /img/kursicon-print-pink.png HTTP/1.1" 304 - "http://www.easydrivers.at/innsbruck" "Mozilla/5.0 (Windows NT 6.1; rv:52.0) Gecko/20100101 Firefox/52.0"
194.37.230.40 - - [04/Aug/2017:08:58:43 +0200] "GET /img/bg-footer.jpg HTTP/1.1" 304 - "http://www.easydrivers.at/css/style.css" "Mozilla/5.0 (Windows NT 6.1; rv:52.0) Gecko/20100101 Firefox/52.0"
194.37.230.40 - - [04/Aug/2017:08:58:43 +0200] "GET /img/kursicon-download-pink.png HTTP/1.1" 304 - "http://www.easydrivers.at/innsbruck" "Mozilla/5.0 (Windows NT 6.1; rv:52.0) Gecko/20100101 Firefox/52.0"
194.37.230.40 - - [04/Aug/2017:08:58:43 +0200] "GET /img/kursicon-share-pink.png HTTP/1.1" 304 - "http://www.easydrivers.at/innsbruck" "Mozilla/5.0 (Windows NT 6.1; rv:52.0) Gecko/20100101 Firefox/52.0"
194.37.230.40 - - [04/Aug/2017:08:58:43 +0200] "GET /img/new_favicon.ico HTTP/1.1" 304 - "-" "Mozilla/5.0 (Windows NT 6.1; rv:52.0) Gecko/20100101 Firefox/52.0"
194.37.230.40 - - [04/Aug/2017:08:58:43 +0200] "GET /img/kursicon-phone-pink.png HTTP/1.1" 304 - "http://www.easydrivers.at/innsbruck" "Mozilla/5.0 (Windows NT 6.1; rv:52.0) Gecko/20100101 Firefox/52.0"
80.110.125.43 - - [04/Aug/2017:08:58:43 +0200] "GET / HTTP/1.1" 200 4409 "-" "Mozilla/5.0 (iPad; CPU OS 10_3_3 like Mac OS X) AppleWebKit/603.3.8 (KHTML, like Gecko) Version/10.0 Mobile/14G60 Safari/602.1"
212.95.8.247 - - [04/Aug/2017:08:58:44 +0200] "GET /moedling/kurse HTTP/1.1" 200 3386 "http://www.easydrivers.at/moedling" "Mozilla/5.0 (Linux; Android 6.0.1; SM-J510FN Build/MMB29M) AppleWebKit/537.36 (KHTML, like Gecko) Chrome/59.0.3071.125 Mobile Safari/537.36"
212.95.8.247 - - [04/Aug/2017:08:58:47 +0200] "GET /javascript/mobile-fahrschule-kurs-suchergebnis.js HTTP/1.1" 200 274 "http://www.easydrivers.at/moedling/kurse" "Mozilla/5.0 (Linux; Android 6.0.1; SM-J510FN Build/MMB29M) AppleWebKit/537.36 (KHTML, like Gecko) Chrome/59.0.3071.125 Mobile Safari/537.36"
212.95.8.247 - - [04/Aug/2017:08:58:47 +0200] "GET /img/mobile/bg-yellow.jpg HTTP/1.1" 200 1569 "http://www.easydrivers.at/css/mobile.css" "Mozilla/5.0 (Linux; Android 6.0.1; SM-J510FN Build/MMB29M) AppleWebKit/537.36 (KHTML, like Gecko) Chrome/59.0.3071.125 Mobile Safari/537.36"
212.95.8.247 - - [04/Aug/2017:08:58:47 +0200] "GET /img/loading-bars.gif HTTP/1.1" 200 3951 "http://www.easydrivers.at/css/mobile.css" "Mozilla/5.0 (Linux; Android 6.0.1; SM-J510FN Build/MMB29M) AppleWebKit/537.36 (KHTML, like Gecko) Chrome/59.0.3071.125 Mobile Safari/537.36"
178.115.130.73 - - [04/Aug/2017:08:58:48 +0200] "GET /css/mobile.css HTTP/1.1" 200 2852 "http://www.easydrivers.at/bruck.leitha?gclid=CjwKEAjwk4vMBRCg6PDR27eK72sSJADh-0uzBTtBS7VLSPm2zB1yLjw8VHxO4J3qaDDbv0zDCCLCzxoCLELw_wcB" "Mozilla/5.0 (Linux; Android 6.0.1; SAMSUNG SM-J500FN Build/MMB29M) AppleWebKit/537.36 (KHTML, like Gecko) SamsungBrowser/5.4 Chrome/51.0.2704.106 Mobile Safari/537.36"
178.115.130.73 - - [04/Aug/2017:08:58:48 +0200] "GET /javascript/jquery-1.9.1.min.js HTTP/1.1" 200 32731 "http://www.easydrivers.at/bruck.leitha?gclid=CjwKEAjwk4vMBRCg6PDR27eK72sSJADh-0uzBTtBS7VLSPm2zB1yLjw8VHxO4J3qaDDbv0zDCCLCzxoCLELw_wcB" "Mozilla/5.0 (Linux; Android 6.0.1; SAMSUNG SM-J500FN Build/MMB29M) AppleWebKit/537.36 (KHTML, like Gecko) SamsungBrowser/5.4 Chrome/51.0.2704.106 Mobile Safari/537.36"
178.115.130.73 - - [04/Aug/2017:08:58:48 +0200] "GET /javascript/jquery.cookie.js HTTP/1.1" 200 863 "http://www.easydrivers.at/bruck.leitha?gclid=CjwKEAjwk4vMBRCg6PDR27eK72sSJADh-0uzBTtBS7VLSPm2zB1yLjw8VHxO4J3qaDDbv0zDCCLCzxoCLELw_wcB" "Mozilla/5.0 (Linux; Android 6.0.1; SAMSUNG SM-J500FN Build/MMB29M) AppleWebKit/537.36 (KHTML, like Gecko) SamsungBrowser/5.4 Chrome/51.0.2704.106 Mobile Safari/537.36"
178.115.130.73 - - [04/Aug/2017:08:58:48 +0200] "GET /javascript/mobile-menu.js HTTP/1.1" 200 1634 "http://www.easydrivers.at/bruck.leitha?gclid=CjwKEAjwk4vMBRCg6PDR27eK72sSJADh-0uzBTtBS7VLSPm2zB1yLjw8VHxO4J3qaDDbv0zDCCLCzxoCLELw_wcB" "Mozilla/5.0 (Linux; Android 6.0.1; SAMSUNG SM-J500FN Build/MMB29M) AppleWebKit/537.36 (KHTML, like Gecko) SamsungBrowser/5.4 Chrome/51.0.2704.106 Mobile Safari/537.36"
178.115.130.73 - - [04/Aug/2017:08:58:48 +0200] "GET /javascript/jquery.simplemodal.js HTTP/1.1" 200 3070 "http://www.easydrivers.at/bruck.leitha?gclid=CjwKEAjwk4vMBRCg6PDR27eK72sSJADh-0uzBTtBS7VLSPm2zB1yLjw8VHxO4J3qaDDbv0zDCCLCzxoCLELw_wcB" "Mozilla/5.0 (Linux; Android 6.0.1; SAMSUNG SM-J500FN Build/MMB29M) AppleWebKit/537.36 (KHTML, like Gecko) SamsungBrowser/5.4 Chrome/51.0.2704.106 Mobile Safari/537.36"
178.115.130.73 - - [04/Aug/2017:08:58:48 +0200] "GET /javascript/mobile-fahrschule.js HTTP/1.1" 200 328 "http://www.easydrivers.at/bruck.leitha?gclid=CjwKEAjwk4vMBRCg6PDR27eK72sSJADh-0uzBTtBS7VLSPm2zB1yLjw8VHxO4J3qaDDbv0zDCCLCzxoCLELw_wcB" "Mozilla/5.0 (Linux; Android 6.0.1; SAMSUNG SM-J500FN Build/MMB29M) AppleWebKit/537.36 (KHTML, like Gecko) SamsungBrowser/5.4 Chrome/51.0.2704.106 Mobile Safari/537.36"
178.115.130.73 - - [04/Aug/2017:08:58:48 +0200] "GET /javascript/lazyload.js HTTP/1.1" 200 1170 "http://www.easydrivers.at/bruck.leitha?gclid=CjwKEAjwk4vMBRCg6PDR27eK72sSJADh-0uzBTtBS7VLSPm2zB1yLjw8VHxO4J3qaDDbv0zDCCLCzxoCLELw_wcB" "Mozilla/5.0 (Linux; Android 6.0.1; SAMSUNG SM-J500FN Build/MMB29M) AppleWebKit/537.36 (KHTML, like Gecko) SamsungBrowser/5.4 Chrome/51.0.2704.106 Mobile Safari/537.36"
88.116.66.150 - - [04/Aug/2017:08:58:46 +0200] "GET /reumannplatz/10289733?FS=B-L17 HTTP/1.1" 200 5711 "http://www.easydrivers.at/reumannplatz/kursauswahl" "Mozilla/5.0 (Windows NT 6.3; Win64; x64) AppleWebKit/537.36 (KHTML, like Gecko) Chrome/59.0.3071.115 Safari/537.36"
88.116.66.150 - - [04/Aug/2017:08:58:49 +0200] "GET /img/arrow-up.png HTTP/1.1" 200 1081 "http://www.easydrivers.at/css/style.css" "Mozilla/5.0 (Windows NT 6.3; Win64; x64) AppleWebKit/537.36 (KHTML, like Gecko) Chrome/59.0.3071.115 Safari/537.36"
88.116.66.150 - - [04/Aug/2017:08:58:49 +0200] "GET /binaries/easy-drivers-portal/pkw9jpg-1.jpg HTTP/1.1" 200 68933 "http://www.easydrivers.at/reumannplatz/10289733?FS=B-L17" "Mozilla/5.0 (Windows NT 6.3; Win64; x64) AppleWebKit/537.36 (KHTML, like Gecko) Chrome/59.0.3071.115 Safari/537.36"
178.115.130.73 - - [04/Aug/2017:08:58:49 +0200] "GET /img/mobile/easydrivers-logo-mobile.png HTTP/1.1" 200 10766 "http://www.easydrivers.at/bruck.leitha?gclid=CjwKEAjwk4vMBRCg6PDR27eK72sSJADh-0uzBTtBS7VLSPm2zB1yLjw8VHxO4J3qaDDbv0zDCCLCzxoCLELw_wcB" "Mozilla/5.0 (Linux; Android 6.0.1; SAMSUNG SM-J500FN Build/MMB29M) AppleWebKit/537.36 (KHTML, like Gecko) SamsungBrowser/5.4 Chrome/51.0.2704.106 Mobile Safari/537.36"
178.115.130.73 - - [04/Aug/2017:08:58:49 +0200] "GET /img/mobile/menu-button.png HTTP/1.1" 200 1746 "http://www.easydrivers.at/bruck.leitha?gclid=CjwKEAjwk4vMBRCg6PDR27eK72sSJADh-0uzBTtBS7VLSPm2zB1yLjw8VHxO4J3qaDDbv0zDCCLCzxoCLELw_wcB" "Mozilla/5.0 (Linux; Android 6.0.1; SAMSUNG SM-J500FN Build/MMB29M) AppleWebKit/537.36 (KHTML, like Gecko) SamsungBrowser/5.4 Chrome/51.0.2704.106 Mobile Safari/537.36"
178.115.130.73 - - [04/Aug/2017:08:58:49 +0200] "GET /img/mobile/close-button.png HTTP/1.1" 200 2411 "http://www.easydrivers.at/bruck.leitha?gclid=CjwKEAjwk4vMBRCg6PDR27eK72sSJADh-0uzBTtBS7VLSPm2zB1yLjw8VHxO4J3qaDDbv0zDCCLCzxoCLELw_wcB" "Mozilla/5.0 (Linux; Android 6.0.1; SAMSUNG SM-J500FN Build/MMB29M) AppleWebKit/537.36 (KHTML, like Gecko) SamsungBrowser/5.4 Chrome/51.0.2704.106 Mobile Safari/537.36"
178.115.130.73 - - [04/Aug/2017:08:58:49 +0200] "GET /img/mobile/facebook-icon.png HTTP/1.1" 200 1902 "http://www.easydrivers.at/bruck.leitha?gclid=CjwKEAjwk4vMBRCg6PDR27eK72sSJADh-0uzBTtBS7VLSPm2zB1yLjw8VHxO4J3qaDDbv0zDCCLCzxoCLELw_wcB" "Mozilla/5.0 (Linux; Android 6.0.1; SAMSUNG SM-J500FN Build/MMB29M) AppleWebKit/537.36 (KHTML, like Gecko) SamsungBrowser/5.4 Chrome/51.0.2704.106 Mobile Safari/537.36"
178.115.130.73 - - [04/Aug/2017:08:58:49 +0200] "GET /img/mobile/info-button.png HTTP/1.1" 200 1549 "http://www.easydrivers.at/bruck.leitha?gclid=CjwKEAjwk4vMBRCg6PDR27eK72sSJADh-0uzBTtBS7VLSPm2zB1yLjw8VHxO4J3qaDDbv0zDCCLCzxoCLELw_wcB" "Mozilla/5.0 (Linux; Android 6.0.1; SAMSUNG SM-J500FN Build/MMB29M) AppleWebKit/537.36 (KHTML, like Gecko) SamsungBrowser/5.4 Chrome/51.0.2704.106 Mobile Safari/537.36"
178.115.130.73 - - [04/Aug/2017:08:58:49 +0200] "GET /img/mobile/info-close-button.png HTTP/1.1" 200 1721 "http://www.easydrivers.at/bruck.leitha?gclid=CjwKEAjwk4vMBRCg6PDR27eK72sSJADh-0uzBTtBS7VLSPm2zB1yLjw8VHxO4J3qaDDbv0zDCCLCzxoCLELw_wcB" "Mozilla/5.0 (Linux; Android 6.0.1; SAMSUNG SM-J500FN Build/MMB29M) AppleWebKit/537.36 (KHTML, like Gecko) SamsungBrowser/5.4 Chrome/51.0.2704.106 Mobile Safari/537.36"
178.115.130.73 - - [04/Aug/2017:08:58:49 +0200] "GET /img/smallicon-person.png HTTP/1.1" 200 1141 "http://www.easydrivers.at/bruck.leitha?gclid=CjwKEAjwk4vMBRCg6PDR27eK72sSJADh-0uzBTtBS7VLSPm2zB1yLjw8VHxO4J3qaDDbv0zDCCLCzxoCLELw_wcB" "Mozilla/5.0 (Linux; Android 6.0.1; SAMSUNG SM-J500FN Build/MMB29M) AppleWebKit/537.36 (KHTML, like Gecko) SamsungBrowser/5.4 Chrome/51.0.2704.106 Mobile Safari/537.36"
178.115.130.73 - - [04/Aug/2017:08:58:49 +0200] "GET /img/smallicon-address.png HTTP/1.1" 200 1211 "http://www.easydrivers.at/bruck.leitha?gclid=CjwKEAjwk4vMBRCg6PDR27eK72sSJADh-0uzBTtBS7VLSPm2zB1yLjw8VHxO4J3qaDDbv0zDCCLCzxoCLELw_wcB" "Mozilla/5.0 (Linux; Android 6.0.1; SAMSUNG SM-J500FN Build/MMB29M) AppleWebKit/537.36 (KHTML, like Gecko) SamsungBrowser/5.4 Chrome/51.0.2704.106 Mobile Safari/537.36"
178.115.130.73 - - [04/Aug/2017:08:58:49 +0200] "GET /img/mobile/googlemaps-pin.png HTTP/1.1" 200 1597 "http://www.easydrivers.at/bruck.leitha?gclid=CjwKEAjwk4vMBRCg6PDR27eK72sSJADh-0uzBTtBS7VLSPm2zB1yLjw8VHxO4J3qaDDbv0zDCCLCzxoCLELw_wcB" "Mozilla/5.0 (Linux; Android 6.0.1; SAMSUNG SM-J500FN Build/MMB29M) AppleWebKit/537.36 (KHTML, like Gecko) SamsungBrowser/5.4 Chrome/51.0.2704.106 Mobile Safari/537.36"
178.115.130.73 - - [04/Aug/2017:08:58:49 +0200] "GET /img/smallicon-time.png HTTP/1.1" 200 1262 "http://www.easydrivers.at/bruck.leitha?gclid=CjwKEAjwk4vMBRCg6PDR27eK72sSJADh-0uzBTtBS7VLSPm2zB1yLjw8VHxO4J3qaDDbv0zDCCLCzxoCLELw_wcB" "Mozilla/5.0 (Linux; Android 6.0.1; SAMSUNG SM-J500FN Build/MMB29M) AppleWebKit/537.36 (KHTML, like Gecko) SamsungBrowser/5.4 Chrome/51.0.2704.106 Mobile Safari/537.36"
178.115.130.73 - - [04/Aug/2017:08:58:49 +0200] "GET /img/smallicon-phone.png HTTP/1.1" 200 3056 "http://www.easydrivers.at/bruck.leitha?gclid=CjwKEAjwk4vMBRCg6PDR27eK72sSJADh-0uzBTtBS7VLSPm2zB1yLjw8VHxO4J3qaDDbv0zDCCLCzxoCLELw_wcB" "Mozilla/5.0 (Linux; Android 6.0.1; SAMSUNG SM-J500FN Build/MMB29M) AppleWebKit/537.36 (KHTML, like Gecko) SamsungBrowser/5.4 Chrome/51.0.2704.106 Mobile Safari/537.36"
178.115.130.73 - - [04/Aug/2017:08:58:49 +0200] "GET /img/smallicon-mail.png HTTP/1.1" 200 1341 "http://www.easydrivers.at/bruck.leitha?gclid=CjwKEAjwk4vMBRCg6PDR27eK72sSJADh-0uzBTtBS7VLSPm2zB1yLjw8VHxO4J3qaDDbv0zDCCLCzxoCLELw_wcB" "Mozilla/5.0 (Linux; Android 6.0.1; SAMSUNG SM-J500FN Build/MMB29M) AppleWebKit/537.36 (KHTML, like Gecko) SamsungBrowser/5.4 Chrome/51.0.2704.106 Mobile Safari/537.36"
178.115.130.73 - - [04/Aug/2017:08:58:49 +0200] "GET /img/mobile/widget-icon-app.png HTTP/1.1" 200 3458 "http://www.easydrivers.at/bruck.leitha?gclid=CjwKEAjwk4vMBRCg6PDR27eK72sSJADh-0uzBTtBS7VLSPm2zB1yLjw8VHxO4J3qaDDbv0zDCCLCzxoCLELw_wcB" "Mozilla/5.0 (Linux; Android 6.0.1; SAMSUNG SM-J500FN Build/MMB29M) AppleWebKit/537.36 (KHTML, like Gecko) SamsungBrowser/5.4 Chrome/51.0.2704.106 Mobile Safari/537.36"
178.115.130.73 - - [04/Aug/2017:08:58:49 +0200] "GET /img/mobile/bg-header.jpg HTTP/1.1" 200 19741 "http://www.easydrivers.at/css/mobile.css" "Mozilla/5.0 (Linux; Android 6.0.1; SAMSUNG SM-J500FN Build/MMB29M) AppleWebKit/537.36 (KHTML, like Gecko) SamsungBrowser/5.4 Chrome/51.0.2704.106 Mobile Safari/537.36"
178.115.130.73 - - [04/Aug/2017:08:58:49 +0200] "GET /img/mobile/bg-menu.jpg HTTP/1.1" 200 1698 "http://www.easydrivers.at/css/mobile.css" "Mozilla/5.0 (Linux; Android 6.0.1; SAMSUNG SM-J500FN Build/MMB29M) AppleWebKit/537.36 (KHTML, like Gecko) SamsungBrowser/5.4 Chrome/51.0.2704.106 Mobile Safari/537.36"
178.115.130.73 - - [04/Aug/2017:08:58:49 +0200] "GET /img/mobile/bg-top-section.jpg HTTP/1.1" 200 21711 "http://www.easydrivers.at/css/mobile.css" "Mozilla/5.0 (Linux; Android 6.0.1; SAMSUNG SM-J500FN Build/MMB29M) AppleWebKit/537.36 (KHTML, like Gecko) SamsungBrowser/5.4 Chrome/51.0.2704.106 Mobile Safari/537.36"
178.115.130.73 - - [04/Aug/2017:08:58:50 +0200] "GET /img/mobile/pfeil-rechts.png HTTP/1.1" 200 1228 "http://www.easydrivers.at/css/mobile.css" "Mozilla/5.0 (Linux; Android 6.0.1; SAMSUNG SM-J500FN Build/MMB29M) AppleWebKit/537.36 (KHTML, like Gecko) SamsungBrowser/5.4 Chrome/51.0.2704.106 Mobile Safari/537.36"
178.115.130.73 - - [04/Aug/2017:08:58:51 +0200] "GET /img/favicon.ico HTTP/1.1" 404 300 "http://www.easydrivers.at/bruck.leitha?gclid=CjwKEAjwk4vMBRCg6PDR27eK72sSJADh-0uzBTtBS7VLSPm2zB1yLjw8VHxO4J3qaDDbv0zDCCLCzxoCLELw_wcB" "Mozilla/5.0 (Linux; Android 6.0.1; SAMSUNG SM-J500FN Build/MMB29M) AppleWebKit/537.36 (KHTML, like Gecko) SamsungBrowser/5.4 Chrome/51.0.2704.106 Mobile Safari/537.36"
212.95.8.247 - - [04/Aug/2017:08:58:49 +0200] "POST /loadkursliste HTTP/1.1" 200 617 "http://www.easydrivers.at/moedling/kurse" "Mozilla/5.0 (Linux; Android 6.0.1; SM-J510FN Build/MMB29M) AppleWebKit/537.36 (KHTML, like Gecko) Chrome/59.0.3071.125 Mobile Safari/537.36"
194.37.230.40 - - [04/Aug/2017:08:58:50 +0200] "GET /innsbruck/kurse HTTP/1.1" 200 4297 "http://www.easydrivers.at/innsbruck" "Mozilla/5.0 (Windows NT 6.1; rv:52.0) Gecko/20100101 Firefox/52.0"
194.37.230.40 - - [04/Aug/2017:08:58:53 +0200] "GET /binaries/easy-drivers-harm-innsbruck/bildwebedanschnittl830x300px2png.png HTTP/1.1" 200 397642 "http://www.easydrivers.at/innsbruck/kurse" "Mozilla/5.0 (Windows NT 6.1; rv:52.0) Gecko/20100101 Firefox/52.0"
194.37.230.40 - - [04/Aug/2017:08:58:53 +0200] "GET /img/top-image-overlay.png HTTP/1.1" 200 20650 "http://www.easydrivers.at/css/style.css" "Mozilla/5.0 (Windows NT 6.1; rv:52.0) Gecko/20100101 Firefox/52.0"
194.37.230.40 - - [04/Aug/2017:08:58:53 +0200] "GET /img/bg-yellow.jpg HTTP/1.1" 304 - "http://www.easydrivers.at/css/style.css" "Mozilla/5.0 (Windows NT 6.1; rv:52.0) Gecko/20100101 Firefox/52.0"
91.208.201.9 - - [04/Aug/2017:08:58:52 +0200] "GET /ueberuns HTTP/1.1" 200 3256 "http://www.easydrivers.at/ueberuns" "Mozilla/5.0 (Windows NT 10.0; Win64; x64) AppleWebKit/537.36 (KHTML, like Gecko) Chrome/59.0.3071.115 Safari/537.36"
194.37.230.40 - - [04/Aug/2017:08:58:54 +0200] "GET /innsbruck HTTP/1.1" 200 3670 "https://www.google.at/" "Mozilla/5.0 (Windows NT 6.1; rv:52.0) Gecko/20100101 Firefox/52.0"
194.37.230.40 - - [04/Aug/2017:08:58:57 +0200] "GET /innsbruck/kurse HTTP/1.1" 200 4297 "http://www.easydrivers.at/innsbruck" "Mozilla/5.0 (Windows NT 6.1; rv:52.0) Gecko/20100101 Firefox/52.0"
77.119.131.6 - - [04/Aug/2017:08:59:01 +0200] "GET /img/loading-bars.gif HTTP/1.1" 200 3951 "http://www.easydrivers.at/css/style.css" "Mozilla/5.0 (Windows NT 10.0; Win64; x64) AppleWebKit/537.36 (KHTML, like Gecko) Chrome/59.0.3071.115 Safari/537.36"
77.119.131.6 - - [04/Aug/2017:08:59:01 +0200] "POST /suche HTTP/1.1" 200 14572 "http://www.easydrivers.at/" "Mozilla/5.0 (Windows NT 10.0; Win64; x64) AppleWebKit/537.36 (KHTML, like Gecko) Chrome/59.0.3071.115 Safari/537.36"
77.119.131.6 - - [04/Aug/2017:08:59:06 +0200] "GET /javascript/suche.js HTTP/1.1" 200 209 "http://www.easydrivers.at/suche" "Mozilla/5.0 (Windows NT 10.0; Win64; x64) AppleWebKit/537.36 (KHTML, like Gecko) Chrome/59.0.3071.115 Safari/537.36"
178.115.130.73 - - [04/Aug/2017:08:59:04 +0200] "POST /bruck.leitha/kursauswahl HTTP/1.1" 200 2981 "http://www.easydrivers.at/bruck.leitha?gclid=CjwKEAjwk4vMBRCg6PDR27eK72sSJADh-0uzBTtBS7VLSPm2zB1yLjw8VHxO4J3qaDDbv0zDCCLCzxoCLELw_wcB" "Mozilla/5.0 (Linux; Android 6.0.1; SAMSUNG SM-J500FN Build/MMB29M) AppleWebKit/537.36 (KHTML, like Gecko) SamsungBrowser/5.4 Chrome/51.0.2704.106 Mobile Safari/537.36"
77.119.131.6 - - [04/Aug/2017:08:59:06 +0200] "GET /css/showLoading.css HTTP/1.1" 200 219 "http://www.easydrivers.at/suche" "Mozilla/5.0 (Windows NT 10.0; Win64; x64) AppleWebKit/537.36 (KHTML, like Gecko) Chrome/59.0.3071.115 Safari/537.36"
77.119.131.6 - - [04/Aug/2017:08:59:06 +0200] "GET /javascript/jquery.showLoading.min.js HTTP/1.1" 200 1136 "http://www.easydrivers.at/suche" "Mozilla/5.0 (Windows NT 10.0; Win64; x64) AppleWebKit/537.36 (KHTML, like Gecko) Chrome/59.0.3071.115 Safari/537.36"
77.119.131.6 - - [04/Aug/2017:08:59:06 +0200] "GET /img/smallicon-address.png HTTP/1.1" 200 1211 "http://www.easydrivers.at/suche" "Mozilla/5.0 (Windows NT 10.0; Win64; x64) AppleWebKit/537.36 (KHTML, like Gecko) Chrome/59.0.3071.115 Safari/537.36"
77.119.131.6 - - [04/Aug/2017:08:59:06 +0200] "GET /img/locator-icon.png HTTP/1.1" 200 1377 "http://www.easydrivers.at/suche" "Mozilla/5.0 (Windows NT 10.0; Win64; x64) AppleWebKit/537.36 (KHTML, like Gecko) Chrome/59.0.3071.115 Safari/537.36"
77.119.131.6 - - [04/Aug/2017:08:59:06 +0200] "GET /img/submit-button-small.png HTTP/1.1" 200 1456 "http://www.easydrivers.at/suche" "Mozilla/5.0 (Windows NT 10.0; Win64; x64) AppleWebKit/537.36 (KHTML, like Gecko) Chrome/59.0.3071.115 Safari/537.36"
77.119.131.6 - - [04/Aug/2017:08:59:06 +0200] "GET /img/smallicon-phone.png HTTP/1.1" 200 3056 "http://www.easydrivers.at/suche" "Mozilla/5.0 (Windows NT 10.0; Win64; x64) AppleWebKit/537.36 (KHTML, like Gecko) Chrome/59.0.3071.115 Safari/537.36"
77.119.131.6 - - [04/Aug/2017:08:59:06 +0200] "GET /img/smallicon-time.png HTTP/1.1" 200 1262 "http://www.easydrivers.at/suche" "Mozilla/5.0 (Windows NT 10.0; Win64; x64) AppleWebKit/537.36 (KHTML, like Gecko) Chrome/59.0.3071.115 Safari/537.36"
77.119.131.6 - - [04/Aug/2017:08:59:06 +0200] "GET /img/smallicon-mail.png HTTP/1.1" 200 1341 "http://www.easydrivers.at/suche" "Mozilla/5.0 (Windows NT 10.0; Win64; x64) AppleWebKit/537.36 (KHTML, like Gecko) Chrome/59.0.3071.115 Safari/537.36"
77.119.131.6 - - [04/Aug/2017:08:59:06 +0200] "GET /img/arrow-left.png HTTP/1.1" 200 1015 "http://www.easydrivers.at/css/style.css" "Mozilla/5.0 (Windows NT 10.0; Win64; x64) AppleWebKit/537.36 (KHTML, like Gecko) Chrome/59.0.3071.115 Safari/537.36"
178.115.130.73 - - [04/Aug/2017:08:59:06 +0200] "GET /javascript/mobile-fahrschule-kurs-suchergebnis.js HTTP/1.1" 200 274 "http://www.easydrivers.at/bruck.leitha/kursauswahl" "Mozilla/5.0 (Linux; Android 6.0.1; SAMSUNG SM-J500FN Build/MMB29M) AppleWebKit/537.36 (KHTML, like Gecko) SamsungBrowser/5.4 Chrome/51.0.2704.106 Mobile Safari/537.36"
77.119.131.6 - - [04/Aug/2017:08:59:06 +0200] "GET /img/bg-yellow.jpg HTTP/1.1" 200 2250 "http://www.easydrivers.at/css/style.css" "Mozilla/5.0 (Windows NT 10.0; Win64; x64) AppleWebKit/537.36 (KHTML, like Gecko) Chrome/59.0.3071.115 Safari/537.36"
77.119.131.6 - - [04/Aug/2017:08:59:06 +0200] "GET /binaries/easy-drivers-portal/motorrad1jpg.jpg HTTP/1.1" 200 125850 "http://www.easydrivers.at/suche" "Mozilla/5.0 (Windows NT 10.0; Win64; x64) AppleWebKit/537.36 (KHTML, like Gecko) Chrome/59.0.3071.115 Safari/537.36"
77.119.131.6 - - [04/Aug/2017:08:59:06 +0200] "GET /javascript/jquery.base64.min.js HTTP/1.1" 200 37135 "http://www.easydrivers.at/suche" "Mozilla/5.0 (Windows NT 10.0; Win64; x64) AppleWebKit/537.36 (KHTML, like Gecko) Chrome/59.0.3071.115 Safari/537.36"
178.115.130.73 - - [04/Aug/2017:08:59:06 +0200] "GET /img/mobile/pfeil-links-small.png HTTP/1.1" 200 1065 "http://www.easydrivers.at/css/mobile.css" "Mozilla/5.0 (Linux; Android 6.0.1; SAMSUNG SM-J500FN Build/MMB29M) AppleWebKit/537.36 (KHTML, like Gecko) SamsungBrowser/5.4 Chrome/51.0.2704.106 Mobile Safari/537.36"
178.115.130.73 - - [04/Aug/2017:08:59:06 +0200] "GET /img/mobile/bg-yellow.jpg HTTP/1.1" 200 1569 "http://www.easydrivers.at/css/mobile.css" "Mozilla/5.0 (Linux; Android 6.0.1; SAMSUNG SM-J500FN Build/MMB29M) AppleWebKit/537.36 (KHTML, like Gecko) SamsungBrowser/5.4 Chrome/51.0.2704.106 Mobile Safari/537.36"
178.115.130.73 - - [04/Aug/2017:08:59:06 +0200] "GET /img/loading-bars.gif HTTP/1.1" 200 3951 "http://www.easydrivers.at/css/mobile.css" "Mozilla/5.0 (Linux; Android 6.0.1; SAMSUNG SM-J500FN Build/MMB29M) AppleWebKit/537.36 (KHTML, like Gecko) SamsungBrowser/5.4 Chrome/51.0.2704.106 Mobile Safari/537.36"
46.125.250.110 - - [04/Aug/2017:08:59:09 +0200] "GET /innsbruck/10266788 HTTP/1.1" 200 2503 "-" "Mozilla/5.0 (Linux; Android 4.4.2; de-at; SAMSUNG GT-I9301I Build/KOT49H) AppleWebKit/537.36 (KHTML, like Gecko) Version/1.5 Chrome/28.0.1500.94 Mobile Safari/537.36"
46.125.250.110 - - [04/Aug/2017:08:59:12 +0200] "GET /css/mobile.css HTTP/1.1" 200 2852 "http://www.easydrivers.at/innsbruck/10266788" "Mozilla/5.0 (Linux; Android 4.4.2; de-at; SAMSUNG GT-I9301I Build/KOT49H) AppleWebKit/537.36 (KHTML, like Gecko) Version/1.5 Chrome/28.0.1500.94 Mobile Safari/537.36"
46.125.250.110 - - [04/Aug/2017:08:59:12 +0200] "GET /javascript/jquery.cookie.js HTTP/1.1" 200 863 "http://www.easydrivers.at/innsbruck/10266788" "Mozilla/5.0 (Linux; Android 4.4.2; de-at; SAMSUNG GT-I9301I Build/KOT49H) AppleWebKit/537.36 (KHTML, like Gecko) Version/1.5 Chrome/28.0.1500.94 Mobile Safari/537.36"
46.125.250.110 - - [04/Aug/2017:08:59:12 +0200] "GET /javascript/mobile-menu.js HTTP/1.1" 200 1634 "http://www.easydrivers.at/innsbruck/10266788" "Mozilla/5.0 (Linux; Android 4.4.2; de-at; SAMSUNG GT-I9301I Build/KOT49H) AppleWebKit/537.36 (KHTML, like Gecko) Version/1.5 Chrome/28.0.1500.94 Mobile Safari/537.36"
46.125.250.110 - - [04/Aug/2017:08:59:12 +0200] "GET /javascript/jquery.simplemodal.js HTTP/1.1" 200 3070 "http://www.easydrivers.at/innsbruck/10266788" "Mozilla/5.0 (Linux; Android 4.4.2; de-at; SAMSUNG GT-I9301I Build/KOT49H) AppleWebKit/537.36 (KHTML, like Gecko) Version/1.5 Chrome/28.0.1500.94 Mobile Safari/537.36"
46.125.250.110 - - [04/Aug/2017:08:59:12 +0200] "GET /javascript/lazyload.js HTTP/1.1" 200 1170 "http://www.easydrivers.at/innsbruck/10266788" "Mozilla/5.0 (Linux; Android 4.4.2; de-at; SAMSUNG GT-I9301I Build/KOT49H) AppleWebKit/537.36 (KHTML, like Gecko) Version/1.5 Chrome/28.0.1500.94 Mobile Safari/537.36"
46.125.250.110 - - [04/Aug/2017:08:59:12 +0200] "GET /javascript/mobile-fahrschule.js HTTP/1.1" 200 328 "http://www.easydrivers.at/innsbruck/10266788" "Mozilla/5.0 (Linux; Android 4.4.2; de-at; SAMSUNG GT-I9301I Build/KOT49H) AppleWebKit/537.36 (KHTML, like Gecko) Version/1.5 Chrome/28.0.1500.94 Mobile Safari/537.36"
46.125.250.110 - - [04/Aug/2017:08:59:12 +0200] "GET /javascript/jquery-1.9.1.min.js HTTP/1.1" 200 32731 "http://www.easydrivers.at/innsbruck/10266788" "Mozilla/5.0 (Linux; Android 4.4.2; de-at; SAMSUNG GT-I9301I Build/KOT49H) AppleWebKit/537.36 (KHTML, like Gecko) Version/1.5 Chrome/28.0.1500.94 Mobile Safari/537.36"
46.125.250.110 - - [04/Aug/2017:08:59:12 +0200] "GET /img/mobile/easydrivers-logo-mobile.png HTTP/1.1" 200 10766 "http://www.easydrivers.at/innsbruck/10266788" "Mozilla/5.0 (Linux; Android 4.4.2; de-at; SAMSUNG GT-I9301I Build/KOT49H) AppleWebKit/537.36 (KHTML, like Gecko) Version/1.5 Chrome/28.0.1500.94 Mobile Safari/537.36"
46.125.250.110 - - [04/Aug/2017:08:59:12 +0200] "GET /img/mobile/menu-button.png HTTP/1.1" 200 1746 "http://www.easydrivers.at/innsbruck/10266788" "Mozilla/5.0 (Linux; Android 4.4.2; de-at; SAMSUNG GT-I9301I Build/KOT49H) AppleWebKit/537.36 (KHTML, like Gecko) Version/1.5 Chrome/28.0.1500.94 Mobile Safari/537.36"
46.125.250.110 - - [04/Aug/2017:08:59:12 +0200] "GET /img/mobile/close-button.png HTTP/1.1" 200 2411 "http://www.easydrivers.at/innsbruck/10266788" "Mozilla/5.0 (Linux; Android 4.4.2; de-at; SAMSUNG GT-I9301I Build/KOT49H) AppleWebKit/537.36 (KHTML, like Gecko) Version/1.5 Chrome/28.0.1500.94 Mobile Safari/537.36"
46.125.250.110 - - [04/Aug/2017:08:59:12 +0200] "GET /img/mobile/facebook-icon.png HTTP/1.1" 200 1902 "http://www.easydrivers.at/innsbruck/10266788" "Mozilla/5.0 (Linux; Android 4.4.2; de-at; SAMSUNG GT-I9301I Build/KOT49H) AppleWebKit/537.36 (KHTML, like Gecko) Version/1.5 Chrome/28.0.1500.94 Mobile Safari/537.36"
46.125.250.110 - - [04/Aug/2017:08:59:12 +0200] "GET /img/mobile/info-button.png HTTP/1.1" 200 1549 "http://www.easydrivers.at/innsbruck/10266788" "Mozilla/5.0 (Linux; Android 4.4.2; de-at; SAMSUNG GT-I9301I Build/KOT49H) AppleWebKit/537.36 (KHTML, like Gecko) Version/1.5 Chrome/28.0.1500.94 Mobile Safari/537.36"
46.125.250.110 - - [04/Aug/2017:08:59:12 +0200] "GET /img/mobile/info-close-button.png HTTP/1.1" 200 1721 "http://www.easydrivers.at/innsbruck/10266788" "Mozilla/5.0 (Linux; Android 4.4.2; de-at; SAMSUNG GT-I9301I Build/KOT49H) AppleWebKit/537.36 (KHTML, like Gecko) Version/1.5 Chrome/28.0.1500.94 Mobile Safari/537.36"
46.125.250.110 - - [04/Aug/2017:08:59:12 +0200] "GET /img/smallicon-person.png HTTP/1.1" 200 1141 "http://www.easydrivers.at/innsbruck/10266788" "Mozilla/5.0 (Linux; Android 4.4.2; de-at; SAMSUNG GT-I9301I Build/KOT49H) AppleWebKit/537.36 (KHTML, like Gecko) Version/1.5 Chrome/28.0.1500.94 Mobile Safari/537.36"
46.125.250.110 - - [04/Aug/2017:08:59:12 +0200] "GET /img/smallicon-address.png HTTP/1.1" 200 1211 "http://www.easydrivers.at/innsbruck/10266788" "Mozilla/5.0 (Linux; Android 4.4.2; de-at; SAMSUNG GT-I9301I Build/KOT49H) AppleWebKit/537.36 (KHTML, like Gecko) Version/1.5 Chrome/28.0.1500.94 Mobile Safari/537.36"
46.125.250.110 - - [04/Aug/2017:08:59:12 +0200] "GET /img/mobile/googlemaps-pin.png HTTP/1.1" 200 1597 "http://www.easydrivers.at/innsbruck/10266788" "Mozilla/5.0 (Linux; Android 4.4.2; de-at; SAMSUNG GT-I9301I Build/KOT49H) AppleWebKit/537.36 (KHTML, like Gecko) Version/1.5 Chrome/28.0.1500.94 Mobile Safari/537.36"
46.125.250.110 - - [04/Aug/2017:08:59:12 +0200] "GET /img/smallicon-time.png HTTP/1.1" 200 1262 "http://www.easydrivers.at/innsbruck/10266788" "Mozilla/5.0 (Linux; Android 4.4.2; de-at; SAMSUNG GT-I9301I Build/KOT49H) AppleWebKit/537.36 (KHTML, like Gecko) Version/1.5 Chrome/28.0.1500.94 Mobile Safari/537.36"
46.125.250.110 - - [04/Aug/2017:08:59:12 +0200] "GET /img/smallicon-phone.png HTTP/1.1" 200 3056 "http://www.easydrivers.at/innsbruck/10266788" "Mozilla/5.0 (Linux; Android 4.4.2; de-at; SAMSUNG GT-I9301I Build/KOT49H) AppleWebKit/537.36 (KHTML, like Gecko) Version/1.5 Chrome/28.0.1500.94 Mobile Safari/537.36"
46.125.250.110 - - [04/Aug/2017:08:59:12 +0200] "GET /img/smallicon-mail.png HTTP/1.1" 200 1341 "http://www.easydrivers.at/innsbruck/10266788" "Mozilla/5.0 (Linux; Android 4.4.2; de-at; SAMSUNG GT-I9301I Build/KOT49H) AppleWebKit/537.36 (KHTML, like Gecko) Version/1.5 Chrome/28.0.1500.94 Mobile Safari/537.36"
46.125.250.110 - - [04/Aug/2017:08:59:12 +0200] "GET /img/mobile/bg-menu.jpg HTTP/1.1" 200 1698 "http://www.easydrivers.at/innsbruck/10266788" "Mozilla/5.0 (Linux; Android 4.4.2; de-at; SAMSUNG GT-I9301I Build/KOT49H) AppleWebKit/537.36 (KHTML, like Gecko) Version/1.5 Chrome/28.0.1500.94 Mobile Safari/537.36"
46.125.250.110 - - [04/Aug/2017:08:59:12 +0200] "GET /img/mobile/bg-header.jpg HTTP/1.1" 200 19741 "http://www.easydrivers.at/innsbruck/10266788" "Mozilla/5.0 (Linux; Android 4.4.2; de-at; SAMSUNG GT-I9301I Build/KOT49H) AppleWebKit/537.36 (KHTML, like Gecko) Version/1.5 Chrome/28.0.1500.94 Mobile Safari/537.36"
212.95.8.247 - - [04/Aug/2017:08:59:11 +0200] "POST /loadkursliste HTTP/1.1" 200 380 "http://www.easydrivers.at/moedling/kurse" "Mozilla/5.0 (Linux; Android 6.0.1; SM-J510FN Build/MMB29M) AppleWebKit/537.36 (KHTML, like Gecko) Chrome/59.0.3071.125 Mobile Safari/537.36"
46.125.250.110 - - [04/Aug/2017:08:59:13 +0200] "GET /img/mobile/bg-top-section.jpg HTTP/1.1" 200 21711 "http://www.easydrivers.at/innsbruck/10266788" "Mozilla/5.0 (Linux; Android 4.4.2; de-at; SAMSUNG GT-I9301I Build/KOT49H) AppleWebKit/537.36 (KHTML, like Gecko) Version/1.5 Chrome/28.0.1500.94 Mobile Safari/537.36"
46.125.250.110 - - [04/Aug/2017:08:59:14 +0200] "GET /img/favicon.ico HTTP/1.1" 404 300 "-" "Mozilla/5.0 (Linux; Android 4.4.2; de-at; SAMSUNG GT-I9301I Build/KOT49H) AppleWebKit/537.36 (KHTML, like Gecko) Version/1.5 Chrome/28.0.1500.94 Mobile Safari/537.36"
40.77.167.99 - - [04/Aug/2017:08:59:13 +0200] "GET /hollabrunn/kurse/ HTTP/1.1" 200 4417 "-" "Mozilla/5.0 (compatible; bingbot/2.0; +http://www.bing.com/bingbot.htm)"
91.208.201.9 - - [04/Aug/2017:08:59:13 +0200] "GET /fuehrerscheine/auto HTTP/1.1" 200 3366 "http://www.easydrivers.at/ueberuns" "Mozilla/5.0 (Windows NT 10.0; Win64; x64) AppleWebKit/537.36 (KHTML, like Gecko) Chrome/59.0.3071.115 Safari/537.36"
91.208.201.9 - - [04/Aug/2017:08:59:15 +0200] "GET /javascript/license.js HTTP/1.1" 200 315 "http://www.easydrivers.at/fuehrerscheine/auto" "Mozilla/5.0 (Windows NT 10.0; Win64; x64) AppleWebKit/537.36 (KHTML, like Gecko) Chrome/59.0.3071.115 Safari/537.36"
91.208.201.9 - - [04/Aug/2017:08:59:15 +0200] "GET /img/bg-yellow.jpg HTTP/1.1" 200 2250 "http://www.easydrivers.at/css/style.css" "Mozilla/5.0 (Windows NT 10.0; Win64; x64) AppleWebKit/537.36 (KHTML, like Gecko) Chrome/59.0.3071.115 Safari/537.36"
91.208.201.9 - - [04/Aug/2017:08:59:15 +0200] "GET /binaries/easy-drivers-portal/pkw4jpg.jpg HTTP/1.1" 200 125726 "http://www.easydrivers.at/fuehrerscheine/auto" "Mozilla/5.0 (Windows NT 10.0; Win64; x64) AppleWebKit/537.36 (KHTML, like Gecko) Chrome/59.0.3071.115 Safari/537.36"
194.37.230.40 - - [04/Aug/2017:08:59:14 +0200] "GET /innsbruck/fuhrpark HTTP/1.1" 200 3222 "http://www.easydrivers.at/innsbruck/kurse" "Mozilla/5.0 (Windows NT 6.1; rv:52.0) Gecko/20100101 Firefox/52.0"
194.37.230.40 - - [04/Aug/2017:08:59:17 +0200] "GET /img/gallery/gallery-right.png HTTP/1.1" 200 1879 "http://www.easydrivers.at/innsbruck/fuhrpark" "Mozilla/5.0 (Windows NT 6.1; rv:52.0) Gecko/20100101 Firefox/52.0"
194.37.230.40 - - [04/Aug/2017:08:59:17 +0200] "GET /img/gallery/gallery-left.png HTTP/1.1" 200 1866 "http://www.easydrivers.at/innsbruck/fuhrpark" "Mozilla/5.0 (Windows NT 6.1; rv:52.0) Gecko/20100101 Firefox/52.0"
194.37.230.40 - - [04/Aug/2017:08:59:17 +0200] "GET /binaries/easy-drivers-portal/motorrad4jpg.jpg HTTP/1.1" 304 - "http://www.easydrivers.at/innsbruck/fuhrpark" "Mozilla/5.0 (Windows NT 6.1; rv:52.0) Gecko/20100101 Firefox/52.0"
194.37.230.40 - - [04/Aug/2017:08:59:17 +0200] "GET /binaries/easy-drivers-harm-innsbruck/jeepjpg.jpg HTTP/1.1" 200 937520 "http://www.easydrivers.at/innsbruck/fuhrpark" "Mozilla/5.0 (Windows NT 6.1; rv:52.0) Gecko/20100101 Firefox/52.0"
194.37.230.40 - - [04/Aug/2017:08:59:17 +0200] "GET /binaries/easy-drivers-harm-innsbruck/q2.jpg HTTP/1.1" 200 2378386 "http://www.easydrivers.at/innsbruck/fuhrpark" "Mozilla/5.0 (Windows NT 6.1; rv:52.0) Gecko/20100101 Firefox/52.0"
194.37.230.40 - - [04/Aug/2017:08:59:17 +0200] "GET /binaries/easy-drivers-harm-innsbruck/audi1jpg.jpg HTTP/1.1" 200 2305996 "http://www.easydrivers.at/innsbruck/fuhrpark" "Mozilla/5.0 (Windows NT 6.1; rv:52.0) Gecko/20100101 Firefox/52.0"
212.95.8.247 - - [04/Aug/2017:08:59:16 +0200] "GET /moedling/10281852?FS=BE HTTP/1.1" 200 3087 "http://www.easydrivers.at/moedling/kurse" "Mozilla/5.0 (Linux; Android 6.0.1; SM-J510FN Build/MMB29M) AppleWebKit/537.36 (KHTML, like Gecko) Chrome/59.0.3071.125 Mobile Safari/537.36"
212.95.8.247 - - [04/Aug/2017:08:59:19 +0200] "GET /img/mobile/kursicon-share.png HTTP/1.1" 200 2065 "http://www.easydrivers.at/moedling/10281852?FS=BE" "Mozilla/5.0 (Linux; Android 6.0.1; SM-J510FN Build/MMB29M) AppleWebKit/537.36 (KHTML, like Gecko) Chrome/59.0.3071.125 Mobile Safari/537.36"
212.95.8.247 - - [04/Aug/2017:08:59:20 +0200] "GET /img/mobile/kursicon-phone.png HTTP/1.1" 200 1932 "http://www.easydrivers.at/moedling/10281852?FS=BE" "Mozilla/5.0 (Linux; Android 6.0.1; SM-J510FN Build/MMB29M) AppleWebKit/537.36 (KHTML, like Gecko) Chrome/59.0.3071.125 Mobile Safari/537.36"
212.95.8.247 - - [04/Aug/2017:08:59:20 +0200] "GET /img/mobile/smallicon-phone.png HTTP/1.1" 200 1311 "http://www.easydrivers.at/moedling/10281852?FS=BE" "Mozilla/5.0 (Linux; Android 6.0.1; SM-J510FN Build/MMB29M) AppleWebKit/537.36 (KHTML, like Gecko) Chrome/59.0.3071.125 Mobile Safari/537.36"
212.95.8.247 - - [04/Aug/2017:08:59:20 +0200] "GET /img/mobile/pfeil-rechts-small.png HTTP/1.1" 200 1056 "http://www.easydrivers.at/css/mobile.css" "Mozilla/5.0 (Linux; Android 6.0.1; SM-J510FN Build/MMB29M) AppleWebKit/537.36 (KHTML, like Gecko) Chrome/59.0.3071.125 Mobile Safari/537.36"
212.95.8.247 - - [04/Aug/2017:08:59:20 +0200] "GET /img/mobile/pfeil-links-small.png HTTP/1.1" 200 1065 "http://www.easydrivers.at/css/mobile.css" "Mozilla/5.0 (Linux; Android 6.0.1; SM-J510FN Build/MMB29M) AppleWebKit/537.36 (KHTML, like Gecko) Chrome/59.0.3071.125 Mobile Safari/537.36"
212.95.8.247 - - [04/Aug/2017:08:59:20 +0200] "GET /img/mobile/smallicon-mail.png HTTP/1.1" 200 1335 "http://www.easydrivers.at/moedling/10281852?FS=BE" "Mozilla/5.0 (Linux; Android 6.0.1; SM-J510FN Build/MMB29M) AppleWebKit/537.36 (KHTML, like Gecko) Chrome/59.0.3071.125 Mobile Safari/537.36"
62.46.149.43 - - [04/Aug/2017:08:59:23 +0200] "GET /waidhofen.ybbs HTTP/1.1" 200 2953 "https://www.google.at/" "Mozilla/5.0 (Linux; Android 6.0.1; SAMSUNG SM-T550 Build/MMB29M) AppleWebKit/537.36 (KHTML, like Gecko) SamsungBrowser/4.0 Chrome/44.0.2403.133 Safari/537.36"
194.37.230.40 - - [04/Aug/2017:08:59:23 +0200] "GET /innsbruck/kurse HTTP/1.1" 200 4297 "http://www.easydrivers.at/innsbruck" "Mozilla/5.0 (Windows NT 6.1; rv:52.0) Gecko/20100101 Firefox/52.0"
62.46.149.43 - - [04/Aug/2017:08:59:25 +0200] "GET /img/mobile/widget-icon-app.png HTTP/1.1" 200 3458 "http://www.easydrivers.at/waidhofen.ybbs" "Mozilla/5.0 (Linux; Android 6.0.1; SAMSUNG SM-T550 Build/MMB29M) AppleWebKit/537.36 (KHTML, like Gecko) SamsungBrowser/4.0 Chrome/44.0.2403.133 Safari/537.36"
62.46.149.43 - - [04/Aug/2017:08:59:25 +0200] "GET /img/mobile/pfeil-rechts.png HTTP/1.1" 200 1228 "http://www.easydrivers.at/css/mobile.css" "Mozilla/5.0 (Linux; Android 6.0.1; SAMSUNG SM-T550 Build/MMB29M) AppleWebKit/537.36 (KHTML, like Gecko) SamsungBrowser/4.0 Chrome/44.0.2403.133 Safari/537.36"
194.37.230.40 - - [04/Aug/2017:08:59:25 +0200] "GET /innsbruck/kurse HTTP/1.1" 200 4297 "http://www.easydrivers.at/innsbruck" "Mozilla/5.0 (Windows NT 6.1; rv:52.0) Gecko/20100101 Firefox/52.0"
178.115.130.73 - - [04/Aug/2017:08:59:26 +0200] "POST /loadkursliste HTTP/1.1" 200 648 "http://www.easydrivers.at/bruck.leitha/kursauswahl" "Mozilla/5.0 (Linux; Android 6.0.1; SAMSUNG SM-J500FN Build/MMB29M) AppleWebKit/537.36 (KHTML, like Gecko) SamsungBrowser/5.4 Chrome/51.0.2704.106 Mobile Safari/537.36"
216.244.66.249 - - [04/Aug/2017:08:59:30 +0200] "GET /st.poelten/ HTTP/1.1" 301 151 "-" "Mozilla/5.0 (compatible; DotBot/1.1; http://www.opensiteexplorer.org/dotbot, help@moz.com)"
40.77.167.183 - - [04/Aug/2017:08:59:31 +0200] "GET /img/bg-footer.jpg HTTP/1.1" 200 31770 "-" "Mozilla/5.0 (compatible; bingbot/2.0; +http://www.bing.com/bingbot.htm)"
40.77.167.183 - - [04/Aug/2017:08:59:32 +0200] "GET /img/bg-header.jpg HTTP/1.1" 200 38680 "-" "Mozilla/5.0 (compatible; bingbot/2.0; +http://www.bing.com/bingbot.htm)"
66.249.93.92 - - [04/Aug/2017:08:59:33 +0200] "GET / HTTP/1.1" 301 293 "-" "Mozilla/5.0 (X11; Linux x86_64) AppleWebKit/537.36 (KHTML, like Gecko) Chrome/49.0.2623.75 Safari/537.36 Google Favicon"
66.249.93.74 - - [04/Aug/2017:08:59:33 +0200] "GET /img/new_favicon.ico HTTP/1.1" 200 1150 "-" "Mozilla/5.0 (X11; Linux x86_64) AppleWebKit/537.36 (KHTML, like Gecko) Chrome/49.0.2623.75 Safari/537.36 Google Favicon"
66.249.93.23 - - [04/Aug/2017:08:59:33 +0200] "GET / HTTP/1.1" 301 295 "-" "Mozilla/5.0 (X11; Linux x86_64) AppleWebKit/537.36 (KHTML, like Gecko) Chrome/49.0.2623.75 Safari/537.36 Google Favicon"
194.37.230.40 - - [04/Aug/2017:08:59:32 +0200] "GET /fuehrerscheine/motorrad HTTP/1.1" 200 2887 "http://www.easydrivers.at/innsbruck/kurse" "Mozilla/5.0 (Windows NT 6.1; rv:52.0) Gecko/20100101 Firefox/52.0"
194.37.230.40 - - [04/Aug/2017:08:59:33 +0200] "GET /javascript/license.js HTTP/1.1" 304 - "http://www.easydrivers.at/fuehrerscheine/motorrad" "Mozilla/5.0 (Windows NT 6.1; rv:52.0) Gecko/20100101 Firefox/52.0"
194.37.230.40 - - [04/Aug/2017:08:59:33 +0200] "GET /img/submit-button-small.png HTTP/1.1" 304 - "http://www.easydrivers.at/css/style.css" "Mozilla/5.0 (Windows NT 6.1; rv:52.0) Gecko/20100101 Firefox/52.0"
66.249.93.78 - - [04/Aug/2017:08:59:33 +0200] "GET / HTTP/1.1" 200 4410 "-" "Mozilla/5.0 (X11; Linux x86_64) AppleWebKit/537.36 (KHTML, like Gecko) Chrome/49.0.2623.75 Safari/537.36 Google Favicon"
66.249.93.78 - - [04/Aug/2017:08:59:33 +0200] "GET / HTTP/1.1" 200 4410 "-" "Mozilla/5.0 (X11; Linux x86_64) AppleWebKit/537.36 (KHTML, like Gecko) Chrome/49.0.2623.75 Safari/537.36 Google Favicon"
62.46.149.43 - - [04/Aug/2017:08:59:32 +0200] "POST /waidhofen.ybbs/kursauswahl HTTP/1.1" 200 2871 "http://www.easydrivers.at/waidhofen.ybbs" "Mozilla/5.0 (Linux; Android 6.0.1; SAMSUNG SM-T550 Build/MMB29M) AppleWebKit/537.36 (KHTML, like Gecko) SamsungBrowser/4.0 Chrome/44.0.2403.133 Safari/537.36"
40.77.167.99 - - [04/Aug/2017:08:59:35 +0200] "GET /img/black-dots-vertical.png HTTP/1.1" 200 1165 "-" "Mozilla/5.0 (compatible; bingbot/2.0; +http://www.bing.com/bingbot.htm)"
62.46.149.43 - - [04/Aug/2017:08:59:35 +0200] "GET /javascript/mobile-fahrschule-kurs-suchergebnis.js HTTP/1.1" 200 274 "http://www.easydrivers.at/waidhofen.ybbs/kursauswahl" "Mozilla/5.0 (Linux; Android 6.0.1; SAMSUNG SM-T550 Build/MMB29M) AppleWebKit/537.36 (KHTML, like Gecko) SamsungBrowser/4.0 Chrome/44.0.2403.133 Safari/537.36"
62.46.149.43 - - [04/Aug/2017:08:59:35 +0200] "GET /img/mobile/pfeil-links-small.png HTTP/1.1" 200 1065 "http://www.easydrivers.at/css/mobile.css" "Mozilla/5.0 (Linux; Android 6.0.1; SAMSUNG SM-T550 Build/MMB29M) AppleWebKit/537.36 (KHTML, like Gecko) SamsungBrowser/4.0 Chrome/44.0.2403.133 Safari/537.36"
62.46.149.43 - - [04/Aug/2017:08:59:35 +0200] "GET /img/mobile/bg-yellow.jpg HTTP/1.1" 200 1569 "http://www.easydrivers.at/css/mobile.css" "Mozilla/5.0 (Linux; Android 6.0.1; SAMSUNG SM-T550 Build/MMB29M) AppleWebKit/537.36 (KHTML, like Gecko) SamsungBrowser/4.0 Chrome/44.0.2403.133 Safari/537.36"
62.46.149.43 - - [04/Aug/2017:08:59:35 +0200] "GET /img/loading-bars.gif HTTP/1.1" 200 3951 "http://www.easydrivers.at/css/mobile.css" "Mozilla/5.0 (Linux; Android 6.0.1; SAMSUNG SM-T550 Build/MMB29M) AppleWebKit/537.36 (KHTML, like Gecko) SamsungBrowser/4.0 Chrome/44.0.2403.133 Safari/537.36"
46.125.250.110 - - [04/Aug/2017:08:59:33 +0200] "GET /innsbruck/kurse HTTP/1.1" 200 2812 "http://www.easydrivers.at/innsbruck/10266788" "Mozilla/5.0 (Linux; Android 4.4.2; de-at; SAMSUNG GT-I9301I Build/KOT49H) AppleWebKit/537.36 (KHTML, like Gecko) Version/1.5 Chrome/28.0.1500.94 Mobile Safari/537.36"
46.125.250.110 - - [04/Aug/2017:08:59:35 +0200] "GET /javascript/mobile-fahrschule-kurs-suchergebnis.js HTTP/1.1" 200 274 "http://www.easydrivers.at/innsbruck/kurse" "Mozilla/5.0 (Linux; Android 4.4.2; de-at; SAMSUNG GT-I9301I Build/KOT49H) AppleWebKit/537.36 (KHTML, like Gecko) Version/1.5 Chrome/28.0.1500.94 Mobile Safari/537.36"
46.125.250.110 - - [04/Aug/2017:08:59:35 +0200] "GET /img/mobile/bg-yellow.jpg HTTP/1.1" 200 1569 "http://www.easydrivers.at/innsbruck/kurse" "Mozilla/5.0 (Linux; Android 4.4.2; de-at; SAMSUNG GT-I9301I Build/KOT49H) AppleWebKit/537.36 (KHTML, like Gecko) Version/1.5 Chrome/28.0.1500.94 Mobile Safari/537.36"
46.125.250.110 - - [04/Aug/2017:08:59:36 +0200] "GET /img/loading-bars.gif HTTP/1.1" 200 3951 "http://www.easydrivers.at/innsbruck/kurse" "Mozilla/5.0 (Linux; Android 4.4.2; de-at; SAMSUNG GT-I9301I Build/KOT49H) AppleWebKit/537.36 (KHTML, like Gecko) Version/1.5 Chrome/28.0.1500.94 Mobile Safari/537.36"
213.185.172.60 - - [04/Aug/2017:08:59:35 +0200] "POST / HTTP/1.1" 200 4416 "http://www.easydrivers.at/fuehrerscheine/motorrad/A" "Mozilla/5.0 (Windows NT 6.1; WOW64; Trident/7.0; rv:11.0) like Gecko"
213.185.172.60 - - [04/Aug/2017:08:59:36 +0200] "GET /javascript/homesearch.js HTTP/1.1" 200 393 "http://www.easydrivers.at/" "Mozilla/5.0 (Windows NT 6.1; WOW64; Trident/7.0; rv:11.0) like Gecko"
213.185.172.60 - - [04/Aug/2017:08:59:36 +0200] "GET /binaries/easy-drivers-portal/edradfahrschullogowidget160x90pxpng.png HTTP/1.1" 304 - "http://www.easydrivers.at/" "Mozilla/5.0 (Windows NT 6.1; WOW64; Trident/7.0; rv:11.0) like Gecko"
213.185.172.60 - - [04/Aug/2017:08:59:36 +0200] "GET /binaries/easy-drivers-portal/widget-icon-expertspng.png HTTP/1.1" 304 - "http://www.easydrivers.at/" "Mozilla/5.0 (Windows NT 6.1; WOW64; Trident/7.0; rv:11.0) like Gecko"
213.185.172.60 - - [04/Aug/2017:08:59:36 +0200] "GET /img/selection-box-button.png HTTP/1.1" 200 1079 "http://www.easydrivers.at/" "Mozilla/5.0 (Windows NT 6.1; WOW64; Trident/7.0; rv:11.0) like Gecko"
213.185.172.60 - - [04/Aug/2017:08:59:36 +0200] "GET /img/black-dots-vertical.png HTTP/1.1" 200 1165 "http://www.easydrivers.at/" "Mozilla/5.0 (Windows NT 6.1; WOW64; Trident/7.0; rv:11.0) like Gecko"
46.125.250.110 - - [04/Aug/2017:08:59:36 +0200] "POST /loadkursliste HTTP/1.1" 200 562 "http://www.easydrivers.at/innsbruck/kurse" "Mozilla/5.0 (Linux; Android 4.4.2; de-at; SAMSUNG GT-I9301I Build/KOT49H) AppleWebKit/537.36 (KHTML, like Gecko) Version/1.5 Chrome/28.0.1500.94 Mobile Safari/537.36"
91.112.85.54 - - [04/Aug/2017:08:59:36 +0200] "GET /neunkirchen/10254364 HTTP/1.1" 200 3282 "-" "Mozilla/5.0 (Windows NT 6.1; Trident/7.0; rv:11.0) like Gecko"
40.77.167.156 - - [04/Aug/2017:08:59:41 +0200] "GET /img/yellow-dots-vertical.png HTTP/1.1" 200 981 "-" "Mozilla/5.0 (compatible; bingbot/2.0; +http://www.bing.com/bingbot.htm)"
216.244.66.249 - - [04/Aug/2017:08:59:39 +0200] "GET /linz/kurse HTTP/1.1" 200 14151 "-" "Mozilla/5.0 (compatible; DotBot/1.1; http://www.opensiteexplorer.org/dotbot, help@moz.com)"
178.115.130.73 - - [04/Aug/2017:08:59:39 +0200] "POST /loadkursliste HTTP/1.1" 200 528 "http://www.easydrivers.at/bruck.leitha/kursauswahl" "Mozilla/5.0 (Linux; Android 6.0.1; SAMSUNG SM-J500FN Build/MMB29M) AppleWebKit/537.36 (KHTML, like Gecko) SamsungBrowser/5.4 Chrome/51.0.2704.106 Mobile Safari/537.36"
62.46.149.43 - - [04/Aug/2017:08:59:40 +0200] "POST /loadkursliste HTTP/1.1" 200 509 "http://www.easydrivers.at/waidhofen.ybbs/kursauswahl" "Mozilla/5.0 (Linux; Android 6.0.1; SAMSUNG SM-T550 Build/MMB29M) AppleWebKit/537.36 (KHTML, like Gecko) SamsungBrowser/4.0 Chrome/44.0.2403.133 Safari/537.36"
77.119.130.26 - - [04/Aug/2017:08:59:42 +0200] "POST / HTTP/1.1" 200 4416 "http://www.easydrivers.at/fuehrerscheine/motorrad/A" "Mozilla/5.0 (Linux; Android 7.0; SAMSUNG SM-G930F Build/NRD90M) AppleWebKit/537.36 (KHTML, like Gecko) SamsungBrowser/5.4 Chrome/51.0.2704.106 Mobile Safari/537.36"
77.119.130.26 - - [04/Aug/2017:08:59:44 +0200] "GET /javascript/homesearch.js HTTP/1.1" 200 393 "http://www.easydrivers.at/" "Mozilla/5.0 (Linux; Android 7.0; SAMSUNG SM-G930F Build/NRD90M) AppleWebKit/537.36 (KHTML, like Gecko) SamsungBrowser/5.4 Chrome/51.0.2704.106 Mobile Safari/537.36"
77.119.130.26 - - [04/Aug/2017:08:59:44 +0200] "GET /img/submit-button.png HTTP/1.1" 200 1958 "http://www.easydrivers.at/" "Mozilla/5.0 (Linux; Android 7.0; SAMSUNG SM-G930F Build/NRD90M) AppleWebKit/537.36 (KHTML, like Gecko) SamsungBrowser/5.4 Chrome/51.0.2704.106 Mobile Safari/537.36"
77.119.130.26 - - [04/Aug/2017:08:59:44 +0200] "GET /binaries/easy-drivers-portal/widget-icon-trainingpng.png HTTP/1.1" 200 2662 "http://www.easydrivers.at/" "Mozilla/5.0 (Linux; Android 7.0; SAMSUNG SM-G930F Build/NRD90M) AppleWebKit/537.36 (KHTML, like Gecko) SamsungBrowser/5.4 Chrome/51.0.2704.106 Mobile Safari/537.36"
77.119.130.26 - - [04/Aug/2017:08:59:44 +0200] "GET /img/empty.gif HTTP/1.1" 200 43 "http://www.easydrivers.at/" "Mozilla/5.0 (Linux; Android 7.0; SAMSUNG SM-G930F Build/NRD90M) AppleWebKit/537.36 (KHTML, like Gecko) SamsungBrowser/5.4 Chrome/51.0.2704.106 Mobile Safari/537.36"
77.119.130.26 - - [04/Aug/2017:08:59:44 +0200] "GET /binaries/easy-drivers-portal/widget-icon-expertspng.png HTTP/1.1" 200 2159 "http://www.easydrivers.at/" "Mozilla/5.0 (Linux; Android 7.0; SAMSUNG SM-G930F Build/NRD90M) AppleWebKit/537.36 (KHTML, like Gecko) SamsungBrowser/5.4 Chrome/51.0.2704.106 Mobile Safari/537.36"
77.119.130.26 - - [04/Aug/2017:08:59:44 +0200] "GET /binaries/easy-drivers-portal/widget-icon-apppng.png HTTP/1.1" 200 2432 "http://www.easydrivers.at/" "Mozilla/5.0 (Linux; Android 7.0; SAMSUNG SM-G930F Build/NRD90M) AppleWebKit/537.36 (KHTML, like Gecko) SamsungBrowser/5.4 Chrome/51.0.2704.106 Mobile Safari/537.36"
77.119.130.26 - - [04/Aug/2017:08:59:44 +0200] "GET /binaries/easy-drivers-portal/edradfahrschullogowidget160x90pxpng.png HTTP/1.1" 200 23394 "http://www.easydrivers.at/" "Mozilla/5.0 (Linux; Android 7.0; SAMSUNG SM-G930F Build/NRD90M) AppleWebKit/537.36 (KHTML, like Gecko) SamsungBrowser/5.4 Chrome/51.0.2704.106 Mobile Safari/537.36"
77.119.130.26 - - [04/Aug/2017:08:59:44 +0200] "GET /img/yellow-dots-vertical.png HTTP/1.1" 200 981 "http://www.easydrivers.at/css/style.css" "Mozilla/5.0 (Linux; Android 7.0; SAMSUNG SM-G930F Build/NRD90M) AppleWebKit/537.36 (KHTML, like Gecko) SamsungBrowser/5.4 Chrome/51.0.2704.106 Mobile Safari/537.36"
77.119.130.26 - - [04/Aug/2017:08:59:44 +0200] "GET /img/black-dots-vertical.png HTTP/1.1" 200 1165 "http://www.easydrivers.at/css/style.css" "Mozilla/5.0 (Linux; Android 7.0; SAMSUNG SM-G930F Build/NRD90M) AppleWebKit/537.36 (KHTML, like Gecko) SamsungBrowser/5.4 Chrome/51.0.2704.106 Mobile Safari/537.36"
77.119.130.26 - - [04/Aug/2017:08:59:44 +0200] "GET /img/purple-dots-horizontal.png HTTP/1.1" 200 977 "http://www.easydrivers.at/css/style.css" "Mozilla/5.0 (Linux; Android 7.0; SAMSUNG SM-G930F Build/NRD90M) AppleWebKit/537.36 (KHTML, like Gecko) SamsungBrowser/5.4 Chrome/51.0.2704.106 Mobile Safari/537.36"
