213.47.145.163 - - [04/Aug/2017:08:25:21 +0200] "GET /img/mobile/bg-menu.jpg HTTP/1.1" 200 1698 "http://www.easydrivers.at/css/mobile.css" "Mozilla/5.0 (Linux; Android 5.0.1; de-de; 8079 Build/LRX21M; wv) AppleWebKit/537.36 (KHTML, like Gecko) Version/4.0 Chrome/43.0.2357.121 Safari/537.36"
213.47.145.163 - - [04/Aug/2017:08:25:21 +0200] "GET /img/mobile/pfeil-rechts.png HTTP/1.1" 200 1228 "http://www.easydrivers.at/css/mobile.css" "Mozilla/5.0 (Linux; Android 5.0.1; de-de; 8079 Build/LRX21M; wv) AppleWebKit/537.36 (KHTML, like Gecko) Version/4.0 Chrome/43.0.2357.121 Safari/537.36"
213.47.145.163 - - [04/Aug/2017:08:25:21 +0200] "GET /img/mobile/bg-header.jpg HTTP/1.1" 200 19741 "http://www.easydrivers.at/css/mobile.css" "Mozilla/5.0 (Linux; Android 5.0.1; de-de; 8079 Build/LRX21M; wv) AppleWebKit/537.36 (KHTML, like Gecko) Version/4.0 Chrome/43.0.2357.121 Safari/537.36"
213.47.145.163 - - [04/Aug/2017:08:25:21 +0200] "GET /img/mobile/bg-top-section.jpg HTTP/1.1" 200 21711 "http://www.easydrivers.at/css/mobile.css" "Mozilla/5.0 (Linux; Android 5.0.1; de-de; 8079 Build/LRX21M; wv) AppleWebKit/537.36 (KHTML, like Gecko) Version/4.0 Chrome/43.0.2357.121 Safari/537.36"
213.47.145.163 - - [04/Aug/2017:08:25:21 +0200] "GET /img/favicon.ico HTTP/1.1" 404 300 "http://www.easydrivers.at/" "Mozilla/5.0 (Linux; Android 5.0.1; de-de; 8079 Build/LRX21M; wv) AppleWebKit/537.36 (KHTML, like Gecko) Version/4.0 Chrome/43.0.2357.121 Safari/537.36"
62.156.181.178 - - [04/Aug/2017:08:25:24 +0200] "GET /fuehrerscheine/lkw HTTP/1.1" 200 2679 "https://www.google.at/" "Mozilla/5.0 (Windows NT 6.1; Win64; x64) AppleWebKit/537.36 (KHTML, like Gecko) Chrome/59.0.3071.115 Safari/537.36"
62.156.181.178 - - [04/Aug/2017:08:25:26 +0200] "GET /css/style.css HTTP/1.1" 200 5004 "http://www.easydrivers.at/fuehrerscheine/lkw" "Mozilla/5.0 (Windows NT 6.1; Win64; x64) AppleWebKit/537.36 (KHTML, like Gecko) Chrome/59.0.3071.115 Safari/537.36"
62.156.181.178 - - [04/Aug/2017:08:25:26 +0200] "GET /javascript/portal.js?1221842734 HTTP/1.1" 200 3529 "http://www.easydrivers.at/fuehrerscheine/lkw" "Mozilla/5.0 (Windows NT 6.1; Win64; x64) AppleWebKit/537.36 (KHTML, like Gecko) Chrome/59.0.3071.115 Safari/537.36"
62.156.181.178 - - [04/Aug/2017:08:25:26 +0200] "GET /javascript/jquery.customSelect.min.js HTTP/1.1" 200 912 "http://www.easydrivers.at/fuehrerscheine/lkw" "Mozilla/5.0 (Windows NT 6.1; Win64; x64) AppleWebKit/537.36 (KHTML, like Gecko) Chrome/59.0.3071.115 Safari/537.36"
62.156.181.178 - - [04/Aug/2017:08:25:26 +0200] "GET /javascript/jquery.cookie.js HTTP/1.1" 200 863 "http://www.easydrivers.at/fuehrerscheine/lkw" "Mozilla/5.0 (Windows NT 6.1; Win64; x64) AppleWebKit/537.36 (KHTML, like Gecko) Chrome/59.0.3071.115 Safari/537.36"
62.156.181.178 - - [04/Aug/2017:08:25:28 +0200] "GET /javascript/jquery.simplemodal.js HTTP/1.1" 200 3070 "http://www.easydrivers.at/fuehrerscheine/lkw" "Mozilla/5.0 (Windows NT 6.1; Win64; x64) AppleWebKit/537.36 (KHTML, like Gecko) Chrome/59.0.3071.115 Safari/537.36"
62.156.181.178 - - [04/Aug/2017:08:25:28 +0200] "GET /javascript/license.js HTTP/1.1" 200 315 "http://www.easydrivers.at/fuehrerscheine/lkw" "Mozilla/5.0 (Windows NT 6.1; Win64; x64) AppleWebKit/537.36 (KHTML, like Gecko) Chrome/59.0.3071.115 Safari/537.36"
62.156.181.178 - - [04/Aug/2017:08:25:28 +0200] "GET /javascript/lazyload.js HTTP/1.1" 200 1170 "http://www.easydrivers.at/fuehrerscheine/lkw" "Mozilla/5.0 (Windows NT 6.1; Win64; x64) AppleWebKit/537.36 (KHTML, like Gecko) Chrome/59.0.3071.115 Safari/537.36"
62.156.181.178 - - [04/Aug/2017:08:25:28 +0200] "GET /img/close-button.png HTTP/1.1" 200 2237 "http://www.easydrivers.at/fuehrerscheine/lkw" "Mozilla/5.0 (Windows NT 6.1; Win64; x64) AppleWebKit/537.36 (KHTML, like Gecko) Chrome/59.0.3071.115 Safari/537.36"
62.156.181.178 - - [04/Aug/2017:08:25:28 +0200] "GET /img/facebook-icon.png HTTP/1.1" 200 1506 "http://www.easydrivers.at/fuehrerscheine/lkw" "Mozilla/5.0 (Windows NT 6.1; Win64; x64) AppleWebKit/537.36 (KHTML, like Gecko) Chrome/59.0.3071.115 Safari/537.36"
62.156.181.178 - - [04/Aug/2017:08:25:28 +0200] "GET /img/schweiz-icon.png HTTP/1.1" 200 1504 "http://www.easydrivers.at/fuehrerscheine/lkw" "Mozilla/5.0 (Windows NT 6.1; Win64; x64) AppleWebKit/537.36 (KHTML, like Gecko) Chrome/59.0.3071.115 Safari/537.36"
62.156.181.178 - - [04/Aug/2017:08:25:28 +0200] "GET /img/bg-header.jpg HTTP/1.1" 200 38680 "http://www.easydrivers.at/css/style.css" "Mozilla/5.0 (Windows NT 6.1; Win64; x64) AppleWebKit/537.36 (KHTML, like Gecko) Chrome/59.0.3071.115 Safari/537.36"
62.156.181.178 - - [04/Aug/2017:08:25:29 +0200] "GET /binaries/easy-drivers-portal/lkw1jpg.jpg HTTP/1.1" 200 71423 "http://www.easydrivers.at/fuehrerscheine/lkw" "Mozilla/5.0 (Windows NT 6.1; Win64; x64) AppleWebKit/537.36 (KHTML, like Gecko) Chrome/59.0.3071.115 Safari/537.36"
62.156.181.178 - - [04/Aug/2017:08:25:29 +0200] "GET /img/ED_Logo.png HTTP/1.1" 200 3385 "http://www.easydrivers.at/css/style.css" "Mozilla/5.0 (Windows NT 6.1; Win64; x64) AppleWebKit/537.36 (KHTML, like Gecko) Chrome/59.0.3071.115 Safari/537.36"
62.156.181.178 - - [04/Aug/2017:08:25:29 +0200] "GET /img/submit-button-small.png HTTP/1.1" 200 1456 "http://www.easydrivers.at/css/style.css" "Mozilla/5.0 (Windows NT 6.1; Win64; x64) AppleWebKit/537.36 (KHTML, like Gecko) Chrome/59.0.3071.115 Safari/537.36"
62.156.181.178 - - [04/Aug/2017:08:25:29 +0200] "GET /img/bg-footer.jpg HTTP/1.1" 200 31770 "http://www.easydrivers.at/css/style.css" "Mozilla/5.0 (Windows NT 6.1; Win64; x64) AppleWebKit/537.36 (KHTML, like Gecko) Chrome/59.0.3071.115 Safari/537.36"
62.156.181.178 - - [04/Aug/2017:08:25:29 +0200] "GET /img/kursicon-print-pink.png HTTP/1.1" 200 1125 "http://www.easydrivers.at/fuehrerscheine/lkw" "Mozilla/5.0 (Windows NT 6.1; Win64; x64) AppleWebKit/537.36 (KHTML, like Gecko) Chrome/59.0.3071.115 Safari/537.36"
62.156.181.178 - - [04/Aug/2017:08:25:29 +0200] "GET /img/kursicon-share-pink.png HTTP/1.1" 200 1277 "http://www.easydrivers.at/fuehrerscheine/lkw" "Mozilla/5.0 (Windows NT 6.1; Win64; x64) AppleWebKit/537.36 (KHTML, like Gecko) Chrome/59.0.3071.115 Safari/537.36"
62.156.181.178 - - [04/Aug/2017:08:25:29 +0200] "GET /img/bg-yellow.jpg HTTP/1.1" 200 2250 "http://www.easydrivers.at/css/style.css" "Mozilla/5.0 (Windows NT 6.1; Win64; x64) AppleWebKit/537.36 (KHTML, like Gecko) Chrome/59.0.3071.115 Safari/537.36"
62.156.181.178 - - [04/Aug/2017:08:25:29 +0200] "GET /img/kursicon-phone-pink.png HTTP/1.1" 200 1286 "http://www.easydrivers.at/fuehrerscheine/lkw" "Mozilla/5.0 (Windows NT 6.1; Win64; x64) AppleWebKit/537.36 (KHTML, like Gecko) Chrome/59.0.3071.115 Safari/537.36"
62.156.181.178 - - [04/Aug/2017:08:25:29 +0200] "GET /img/kursicon-download-pink.png HTTP/1.1" 200 1213 "http://www.easydrivers.at/fuehrerscheine/lkw" "Mozilla/5.0 (Windows NT 6.1; Win64; x64) AppleWebKit/537.36 (KHTML, like Gecko) Chrome/59.0.3071.115 Safari/537.36"
62.156.181.178 - - [04/Aug/2017:08:25:29 +0200] "GET /css/print.css HTTP/1.1" 200 967 "http://www.easydrivers.at/fuehrerscheine/lkw" "Mozilla/5.0 (Windows NT 6.1; Win64; x64) AppleWebKit/537.36 (KHTML, like Gecko) Chrome/59.0.3071.115 Safari/537.36"
62.156.181.178 - - [04/Aug/2017:08:25:30 +0200] "GET /img/new_favicon.ico HTTP/1.1" 200 1150 "http://www.easydrivers.at/fuehrerscheine/lkw" "Mozilla/5.0 (Windows NT 6.1; Win64; x64) AppleWebKit/537.36 (KHTML, like Gecko) Chrome/59.0.3071.115 Safari/537.36"
213.225.4.165 - - [04/Aug/2017:08:25:33 +0200] "GET /app HTTP/1.1" 200 2405 "http://www.easydrivers.at/" "Mozilla/5.0 (iPhone; CPU iPhone OS 10_3_2 like Mac OS X) AppleWebKit/603.2.4 (KHTML, like Gecko) Version/10.0 Mobile/14F89 Safari/602.1"
193.81.149.147 - - [04/Aug/2017:08:25:34 +0200] "GET /waidhofen.ybbs HTTP/1.1" 200 2953 "-" "Mozilla/5.0 (Linux; Android 5.1.1; SAMSUNG SM-G388F/G388FXXU1BPC3 Build/LMY48B) AppleWebKit/537.36 (KHTML, like Gecko) SamsungBrowser/3.3 Chrome/38.0.2125.102 Mobile Safari/537.36"
194.166.37.90 - - [04/Aug/2017:08:25:37 +0200] "GET /binaries/easy-drivers-rudi-dornbirn/infoblatt--3.pdf HTTP/1.1" 200 209999 "http://www.google.at/" "Mozilla/5.0 (Linux; Android 5.0.1; GT-I9505 Build/LRX22C) AppleWebKit/537.36 (KHTML, like Gecko) Chrome/59.0.3071.125 Mobile Safari/537.36"
62.156.181.178 - - [04/Aug/2017:08:25:37 +0200] "GET /fuehrerscheine/lkw/C HTTP/1.1" 200 3778 "http://www.easydrivers.at/fuehrerscheine/lkw" "Mozilla/5.0 (Windows NT 6.1; Win64; x64) AppleWebKit/537.36 (KHTML, like Gecko) Chrome/59.0.3071.115 Safari/537.36"
62.156.181.178 - - [04/Aug/2017:08:25:38 +0200] "GET /javascript/product.js HTTP/1.1" 200 139 "http://www.easydrivers.at/fuehrerscheine/lkw/C" "Mozilla/5.0 (Windows NT 6.1; Win64; x64) AppleWebKit/537.36 (KHTML, like Gecko) Chrome/59.0.3071.115 Safari/537.36"
62.156.181.178 - - [04/Aug/2017:08:25:38 +0200] "GET /binaries/easy-drivers-portal/lkw2jpg.jpg HTTP/1.1" 200 96752 "http://www.easydrivers.at/fuehrerscheine/lkw/C" "Mozilla/5.0 (Windows NT 6.1; Win64; x64) AppleWebKit/537.36 (KHTML, like Gecko) Chrome/59.0.3071.115 Safari/537.36"
62.156.181.178 - - [04/Aug/2017:08:25:38 +0200] "GET /img/arrow-left.png HTTP/1.1" 200 1015 "http://www.easydrivers.at/css/style.css" "Mozilla/5.0 (Windows NT 6.1; Win64; x64) AppleWebKit/537.36 (KHTML, like Gecko) Chrome/59.0.3071.115 Safari/537.36"
62.156.181.178 - - [04/Aug/2017:08:25:38 +0200] "GET /img/arrow-up.png HTTP/1.1" 200 1081 "http://www.easydrivers.at/css/style.css" "Mozilla/5.0 (Windows NT 6.1; Win64; x64) AppleWebKit/537.36 (KHTML, like Gecko) Chrome/59.0.3071.115 Safari/537.36"
212.60.160.14 - - [04/Aug/2017:08:25:37 +0200] "GET / HTTP/1.1" 200 4410 "-" "Mozilla/5.0 (Windows NT 10.0; Win64; x64) AppleWebKit/537.36 (KHTML, like Gecko) Chrome/59.0.3071.115 Safari/537.36"
193.81.149.147 - - [04/Aug/2017:08:25:44 +0200] "POST /waidhofen.ybbs/kursauswahl HTTP/1.1" 200 2871 "http://www.easydrivers.at/waidhofen.ybbs" "Mozilla/5.0 (Linux; Android 5.1.1; SAMSUNG SM-G388F/G388FXXU1BPC3 Build/LMY48B) AppleWebKit/537.36 (KHTML, like Gecko) SamsungBrowser/3.3 Chrome/38.0.2125.102 Mobile Safari/537.36"
193.81.149.147 - - [04/Aug/2017:08:25:44 +0200] "POST /waidhofen.ybbs/kursauswahl HTTP/1.1" 200 2871 "http://www.easydrivers.at/waidhofen.ybbs" "Mozilla/5.0 (Linux; Android 5.1.1; SAMSUNG SM-G388F/G388FXXU1BPC3 Build/LMY48B) AppleWebKit/537.36 (KHTML, like Gecko) SamsungBrowser/3.3 Chrome/38.0.2125.102 Mobile Safari/537.36"
194.166.37.90 - - [04/Aug/2017:08:25:50 +0200] "-" 408 - "-" "-"
193.81.149.147 - - [04/Aug/2017:08:25:46 +0200] "POST /waidhofen.ybbs/kursauswahl HTTP/1.1" 200 2871 "http://www.easydrivers.at/waidhofen.ybbs" "Mozilla/5.0 (Linux; Android 5.1.1; SAMSUNG SM-G388F/G388FXXU1BPC3 Build/LMY48B) AppleWebKit/537.36 (KHTML, like Gecko) SamsungBrowser/3.3 Chrome/38.0.2125.102 Mobile Safari/537.36"
193.81.149.147 - - [04/Aug/2017:08:25:46 +0200] "POST /waidhofen.ybbs/kursauswahl HTTP/1.1" 200 2871 "http://www.easydrivers.at/waidhofen.ybbs" "Mozilla/5.0 (Linux; Android 5.1.1; SAMSUNG SM-G388F/G388FXXU1BPC3 Build/LMY48B) AppleWebKit/537.36 (KHTML, like Gecko) SamsungBrowser/3.3 Chrome/38.0.2125.102 Mobile Safari/537.36"
193.81.149.147 - - [04/Aug/2017:08:25:48 +0200] "POST /waidhofen.ybbs/kursauswahl HTTP/1.1" 200 2871 "http://www.easydrivers.at/waidhofen.ybbs" "Mozilla/5.0 (Linux; Android 5.1.1; SAMSUNG SM-G388F/G388FXXU1BPC3 Build/LMY48B) AppleWebKit/537.36 (KHTML, like Gecko) SamsungBrowser/3.3 Chrome/38.0.2125.102 Mobile Safari/537.36"
193.81.149.147 - - [04/Aug/2017:08:25:50 +0200] "POST /waidhofen.ybbs/kursauswahl HTTP/1.1" 200 2871 "http://www.easydrivers.at/waidhofen.ybbs" "Mozilla/5.0 (Linux; Android 5.1.1; SAMSUNG SM-G388F/G388FXXU1BPC3 Build/LMY48B) AppleWebKit/537.36 (KHTML, like Gecko) SamsungBrowser/3.3 Chrome/38.0.2125.102 Mobile Safari/537.36"
193.81.149.147 - - [04/Aug/2017:08:25:47 +0200] "POST /waidhofen.ybbs/kursauswahl HTTP/1.1" 200 2871 "http://www.easydrivers.at/waidhofen.ybbs" "Mozilla/5.0 (Linux; Android 5.1.1; SAMSUNG SM-G388F/G388FXXU1BPC3 Build/LMY48B) AppleWebKit/537.36 (KHTML, like Gecko) SamsungBrowser/3.3 Chrome/38.0.2125.102 Mobile Safari/537.36"
193.81.149.147 - - [04/Aug/2017:08:25:56 +0200] "POST /waidhofen.ybbs/kursauswahl HTTP/1.1" 200 2871 "http://www.easydrivers.at/waidhofen.ybbs" "Mozilla/5.0 (Linux; Android 5.1.1; SAMSUNG SM-G388F/G388FXXU1BPC3 Build/LMY48B) AppleWebKit/537.36 (KHTML, like Gecko) SamsungBrowser/3.3 Chrome/38.0.2125.102 Mobile Safari/537.36"
193.81.149.147 - - [04/Aug/2017:08:25:51 +0200] "POST /waidhofen.ybbs/kursauswahl HTTP/1.1" 200 2871 "http://www.easydrivers.at/waidhofen.ybbs" "Mozilla/5.0 (Linux; Android 5.1.1; SAMSUNG SM-G388F/G388FXXU1BPC3 Build/LMY48B) AppleWebKit/537.36 (KHTML, like Gecko) SamsungBrowser/3.3 Chrome/38.0.2125.102 Mobile Safari/537.36"
193.81.149.147 - - [04/Aug/2017:08:25:57 +0200] "POST /waidhofen.ybbs/kursauswahl HTTP/1.1" 200 2871 "http://www.easydrivers.at/waidhofen.ybbs" "Mozilla/5.0 (Linux; Android 5.1.1; SAMSUNG SM-G388F/G388FXXU1BPC3 Build/LMY48B) AppleWebKit/537.36 (KHTML, like Gecko) SamsungBrowser/3.3 Chrome/38.0.2125.102 Mobile Safari/537.36"
194.29.99.50 - - [04/Aug/2017:08:26:09 +0200] "GET /binaries/easy-drivers-rudi-dornbirn/infoblatt-l17-1.pdf HTTP/1.1" 200 453554 "https://www.google.at/url?sa=t&rct=j&q=&esrc=s&source=web&cd=9&ved=0ahUKEwjewYWH-bzVAhXBWBoKHQjmDqQQFghZMAg&url=https%3A%2F%2Fwww.easydrivers.at%2Fbinaries%2Feasy-drivers-rudi-dornbirn%2Finfoblatt-l17-1.pdf&usg=AFQjCNFPFL1emekOBRzrp9iUdnj9TauZqA" "Mozilla/5.0 (Windows NT 6.1; Trident/7.0; rv:11.0) like Gecko"
213.225.4.165 - - [04/Aug/2017:08:26:08 +0200] "GET / HTTP/1.1" 200 3564 "-" "Mozilla/5.0 (iPhone; CPU iPhone OS 10_3_2 like Mac OS X) AppleWebKit/603.2.4 (KHTML, like Gecko) Version/10.0 Mobile/14F89 Safari/602.1"
62.156.181.178 - - [04/Aug/2017:08:26:40 +0200] "GET /fuehrerscheine/lkw HTTP/1.1" 200 2679 "http://www.easydrivers.at/fuehrerscheine/lkw/C" "Mozilla/5.0 (Windows NT 6.1; Win64; x64) AppleWebKit/537.36 (KHTML, like Gecko) Chrome/59.0.3071.115 Safari/537.36"
62.156.181.178 - - [04/Aug/2017:08:26:42 +0200] "GET /binaries/easy-drivers-portal/lkw4jpg.jpg HTTP/1.1" 200 118819 "http://www.easydrivers.at/fuehrerscheine/lkw" "Mozilla/5.0 (Windows NT 6.1; Win64; x64) AppleWebKit/537.36 (KHTML, like Gecko) Chrome/59.0.3071.115 Safari/537.36"
80.214.29.3 - - [04/Aug/2017:08:26:47 +0200] "HEAD / HTTP/1.1" 501 - "-" "Mozilla/5.0 (Windows NT 6.1) AppleWebKit/537.36 (KHTML, like Gecko) Chrome/41.0.2228.0 Safari/537.36"
62.156.181.178 - - [04/Aug/2017:08:26:47 +0200] "GET /fuehrerscheine/lkw/CCE HTTP/1.1" 200 4159 "http://www.easydrivers.at/fuehrerscheine/lkw" "Mozilla/5.0 (Windows NT 6.1; Win64; x64) AppleWebKit/537.36 (KHTML, like Gecko) Chrome/59.0.3071.115 Safari/537.36"
62.156.181.178 - - [04/Aug/2017:08:26:48 +0200] "GET /binaries/easy-drivers-portal/lkw3jpg.jpg HTTP/1.1" 200 66609 "http://www.easydrivers.at/fuehrerscheine/lkw/CCE" "Mozilla/5.0 (Windows NT 6.1; Win64; x64) AppleWebKit/537.36 (KHTML, like Gecko) Chrome/59.0.3071.115 Safari/537.36"
188.22.77.215 - - [04/Aug/2017:08:26:47 +0200] "GET / HTTP/1.1" 200 3564 "http://www.google.at/" "Mozilla/5.0 (Linux; Android 6.0; HUAWEI VNS-L31 Build/HUAWEIVNS-L31) AppleWebKit/537.36 (KHTML, like Gecko) Chrome/59.0.3071.125 Mobile Safari/537.36"
188.22.77.215 - - [04/Aug/2017:08:26:49 +0200] "GET /css/mobile.css HTTP/1.1" 200 2852 "http://www.easydrivers.at/" "Mozilla/5.0 (Linux; Android 6.0; HUAWEI VNS-L31 Build/HUAWEIVNS-L31) AppleWebKit/537.36 (KHTML, like Gecko) Chrome/59.0.3071.125 Mobile Safari/537.36"
188.22.77.215 - - [04/Aug/2017:08:26:49 +0200] "GET /javascript/jquery-1.9.1.min.js HTTP/1.1" 200 32731 "http://www.easydrivers.at/" "Mozilla/5.0 (Linux; Android 6.0; HUAWEI VNS-L31 Build/HUAWEIVNS-L31) AppleWebKit/537.36 (KHTML, like Gecko) Chrome/59.0.3071.125 Mobile Safari/537.36"
188.22.77.215 - - [04/Aug/2017:08:26:49 +0200] "GET /javascript/jquery.cookie.js HTTP/1.1" 200 863 "http://www.easydrivers.at/" "Mozilla/5.0 (Linux; Android 6.0; HUAWEI VNS-L31 Build/HUAWEIVNS-L31) AppleWebKit/537.36 (KHTML, like Gecko) Chrome/59.0.3071.125 Mobile Safari/537.36"
188.22.77.215 - - [04/Aug/2017:08:26:49 +0200] "GET /javascript/mobile-menu.js HTTP/1.1" 200 1634 "http://www.easydrivers.at/" "Mozilla/5.0 (Linux; Android 6.0; HUAWEI VNS-L31 Build/HUAWEIVNS-L31) AppleWebKit/537.36 (KHTML, like Gecko) Chrome/59.0.3071.125 Mobile Safari/537.36"
188.22.77.215 - - [04/Aug/2017:08:26:49 +0200] "GET /javascript/jquery.simplemodal.js HTTP/1.1" 200 3070 "http://www.easydrivers.at/" "Mozilla/5.0 (Linux; Android 6.0; HUAWEI VNS-L31 Build/HUAWEIVNS-L31) AppleWebKit/537.36 (KHTML, like Gecko) Chrome/59.0.3071.125 Mobile Safari/537.36"
188.22.77.215 - - [04/Aug/2017:08:26:49 +0200] "GET /javascript/mobile-homesearch.js HTTP/1.1" 200 340 "http://www.easydrivers.at/" "Mozilla/5.0 (Linux; Android 6.0; HUAWEI VNS-L31 Build/HUAWEIVNS-L31) AppleWebKit/537.36 (KHTML, like Gecko) Chrome/59.0.3071.125 Mobile Safari/537.36"
188.22.77.215 - - [04/Aug/2017:08:26:49 +0200] "GET /javascript/lazyload.js HTTP/1.1" 200 1170 "http://www.easydrivers.at/" "Mozilla/5.0 (Linux; Android 6.0; HUAWEI VNS-L31 Build/HUAWEIVNS-L31) AppleWebKit/537.36 (KHTML, like Gecko) Chrome/59.0.3071.125 Mobile Safari/537.36"
188.22.77.215 - - [04/Aug/2017:08:26:49 +0200] "GET /img/mobile/easydrivers-logo-mobile.png HTTP/1.1" 200 10766 "http://www.easydrivers.at/" "Mozilla/5.0 (Linux; Android 6.0; HUAWEI VNS-L31 Build/HUAWEIVNS-L31) AppleWebKit/537.36 (KHTML, like Gecko) Chrome/59.0.3071.125 Mobile Safari/537.36"
188.22.77.215 - - [04/Aug/2017:08:26:49 +0200] "GET /img/mobile/menu-button.png HTTP/1.1" 200 1746 "http://www.easydrivers.at/" "Mozilla/5.0 (Linux; Android 6.0; HUAWEI VNS-L31 Build/HUAWEIVNS-L31) AppleWebKit/537.36 (KHTML, like Gecko) Chrome/59.0.3071.125 Mobile Safari/537.36"
188.22.77.215 - - [04/Aug/2017:08:26:49 +0200] "GET /img/mobile/close-button.png HTTP/1.1" 200 2411 "http://www.easydrivers.at/" "Mozilla/5.0 (Linux; Android 6.0; HUAWEI VNS-L31 Build/HUAWEIVNS-L31) AppleWebKit/537.36 (KHTML, like Gecko) Chrome/59.0.3071.125 Mobile Safari/537.36"
188.22.77.215 - - [04/Aug/2017:08:26:49 +0200] "GET /img/mobile/facebook-icon.png HTTP/1.1" 200 1902 "http://www.easydrivers.at/" "Mozilla/5.0 (Linux; Android 6.0; HUAWEI VNS-L31 Build/HUAWEIVNS-L31) AppleWebKit/537.36 (KHTML, like Gecko) Chrome/59.0.3071.125 Mobile Safari/537.36"
188.22.77.215 - - [04/Aug/2017:08:26:49 +0200] "GET /img/mobile/widget-icon-app.png HTTP/1.1" 200 3458 "http://www.easydrivers.at/" "Mozilla/5.0 (Linux; Android 6.0; HUAWEI VNS-L31 Build/HUAWEIVNS-L31) AppleWebKit/537.36 (KHTML, like Gecko) Chrome/59.0.3071.125 Mobile Safari/537.36"
188.22.77.215 - - [04/Aug/2017:08:26:49 +0200] "GET /img/mobile/bg-header.jpg HTTP/1.1" 200 19741 "http://www.easydrivers.at/css/mobile.css" "Mozilla/5.0 (Linux; Android 6.0; HUAWEI VNS-L31 Build/HUAWEIVNS-L31) AppleWebKit/537.36 (KHTML, like Gecko) Chrome/59.0.3071.125 Mobile Safari/537.36"
188.22.77.215 - - [04/Aug/2017:08:26:50 +0200] "GET /img/mobile/bg-menu.jpg HTTP/1.1" 200 1698 "http://www.easydrivers.at/css/mobile.css" "Mozilla/5.0 (Linux; Android 6.0; HUAWEI VNS-L31 Build/HUAWEIVNS-L31) AppleWebKit/537.36 (KHTML, like Gecko) Chrome/59.0.3071.125 Mobile Safari/537.36"
188.22.77.215 - - [04/Aug/2017:08:26:50 +0200] "GET /img/mobile/bg-top-section.jpg HTTP/1.1" 200 21711 "http://www.easydrivers.at/css/mobile.css" "Mozilla/5.0 (Linux; Android 6.0; HUAWEI VNS-L31 Build/HUAWEIVNS-L31) AppleWebKit/537.36 (KHTML, like Gecko) Chrome/59.0.3071.125 Mobile Safari/537.36"
188.22.77.215 - - [04/Aug/2017:08:26:50 +0200] "GET /img/mobile/pfeil-rechts.png HTTP/1.1" 200 1228 "http://www.easydrivers.at/css/mobile.css" "Mozilla/5.0 (Linux; Android 6.0; HUAWEI VNS-L31 Build/HUAWEIVNS-L31) AppleWebKit/537.36 (KHTML, like Gecko) Chrome/59.0.3071.125 Mobile Safari/537.36"
188.22.77.215 - - [04/Aug/2017:08:26:50 +0200] "GET /img/favicon.ico HTTP/1.1" 404 300 "http://www.easydrivers.at/" "Mozilla/5.0 (Linux; Android 6.0; HUAWEI VNS-L31 Build/HUAWEIVNS-L31) AppleWebKit/537.36 (KHTML, like Gecko) Chrome/59.0.3071.125 Mobile Safari/537.36"
62.156.181.178 - - [04/Aug/2017:08:26:56 +0200] "GET /fuehrerscheine/lkw HTTP/1.1" 200 2679 "http://www.easydrivers.at/fuehrerscheine/lkw/C" "Mozilla/5.0 (Windows NT 6.1; Win64; x64) AppleWebKit/537.36 (KHTML, like Gecko) Chrome/59.0.3071.115 Safari/537.36"
62.156.181.178 - - [04/Aug/2017:08:26:57 +0200] "GET /binaries/easy-drivers-portal/lkw5jpg.jpg HTTP/1.1" 200 78806 "http://www.easydrivers.at/fuehrerscheine/lkw" "Mozilla/5.0 (Windows NT 6.1; Win64; x64) AppleWebKit/537.36 (KHTML, like Gecko) Chrome/59.0.3071.115 Safari/537.36"
62.156.181.178 - - [04/Aug/2017:08:26:59 +0200] "GET /fuehrerscheine/lkw/E HTTP/1.1" 200 3317 "http://www.easydrivers.at/fuehrerscheine/lkw" "Mozilla/5.0 (Windows NT 6.1; Win64; x64) AppleWebKit/537.36 (KHTML, like Gecko) Chrome/59.0.3071.115 Safari/537.36"
188.23.102.9 - - [04/Aug/2017:08:27:01 +0200] "GET / HTTP/1.1" 200 4410 "-" "Mozilla/5.0 (Windows NT 10.0) AppleWebKit/537.36 (KHTML, like Gecko) Chrome/46.0.2486.0 Safari/537.36 Edge/13.10586"
45.249.84.125 - - [04/Aug/2017:08:27:10 +0200] "GET /wp-login.php HTTP/1.1" 404 8373 "-" "Mozilla/5.0 (Windows NT 6.1; WOW64; rv:40.0) Gecko/20100101 Firefox/40.1"
45.249.84.125 - - [04/Aug/2017:08:27:12 +0200] "GET / HTTP/1.1" 200 15953 "-" "Mozilla/5.0 (Windows NT 6.1; WOW64; rv:40.0) Gecko/20100101 Firefox/40.1"
212.95.8.172 - - [04/Aug/2017:08:27:17 +0200] "GET /innsbruck/10267280?FS=B-L HTTP/1.1" 200 6171 "http://www.easydrivers.at/innsbruck/10267280?FS=B-L&channel=fullversion" "Mozilla/5.0 (Linux; Android 4.4.4; SAMSUNG SM-G318H Build/KTU84P) AppleWebKit/537.36 (KHTML, like Gecko) SamsungBrowser/2.0 Chrome/34.0.1847.76 Mobile Safari/537.36"
212.95.8.172 - - [04/Aug/2017:08:27:20 +0200] "GET /binaries/easy-drivers-portal/pkw4jpg.jpg HTTP/1.1" 200 125726 "http://www.easydrivers.at/innsbruck/10267280?FS=B-L" "Mozilla/5.0 (Linux; Android 4.4.4; SAMSUNG SM-G318H Build/KTU84P) AppleWebKit/537.36 (KHTML, like Gecko) SamsungBrowser/2.0 Chrome/34.0.1847.76 Mobile Safari/537.36"
35.192.115.124 - - [04/Aug/2017:08:27:22 +0200] "GET /innsbruck/10267290?FS=B HTTP/1.1" 200 5748 "-" "Mozilla/5.0 (compatible; BomboraBot/1.0; +http://www.bombora.com/bot)"
62.156.181.178 - - [04/Aug/2017:08:27:30 +0200] "GET /fuehrerscheine/lkw HTTP/1.1" 200 2679 "http://www.easydrivers.at/fuehrerscheine/lkw/E" "Mozilla/5.0 (Windows NT 6.1; Win64; x64) AppleWebKit/537.36 (KHTML, like Gecko) Chrome/59.0.3071.115 Safari/537.36"
35.192.235.201 - - [04/Aug/2017:08:27:47 +0200] "GET /innsbruck/10267287?FS=B HTTP/1.1" 200 5793 "-" "Mozilla/5.0 (compatible; BomboraBot/1.0; +http://www.bombora.com/bot)"
40.77.167.183 - - [04/Aug/2017:08:28:51 +0200] "GET /uploads/pdfs/am.spitz/10281309_A2B.pdf HTTP/1.1" 200 30474 "-" "Mozilla/5.0 (compatible; bingbot/2.0; +http://www.bing.com/bingbot.htm)"
213.147.176.179 - - [04/Aug/2017:08:28:55 +0200] "GET /bruck.leitha/ HTTP/1.1" 301 143 "https://www.google.at/" "Mozilla/5.0 (iPhone; CPU iPhone OS 10_3_2 like Mac OS X) AppleWebKit/603.2.4 (KHTML, like Gecko) Version/10.0 Mobile/14F89 Safari/602.1"
213.147.176.179 - - [04/Aug/2017:08:28:55 +0200] "GET /bruck.leitha HTTP/1.1" 200 2937 "https://www.google.at/" "Mozilla/5.0 (iPhone; CPU iPhone OS 10_3_2 like Mac OS X) AppleWebKit/603.2.4 (KHTML, like Gecko) Version/10.0 Mobile/14F89 Safari/602.1"
213.147.176.179 - - [04/Aug/2017:08:28:58 +0200] "GET /css/mobile.css HTTP/1.1" 200 2852 "http://www.easydrivers.at/bruck.leitha" "Mozilla/5.0 (iPhone; CPU iPhone OS 10_3_2 like Mac OS X) AppleWebKit/603.2.4 (KHTML, like Gecko) Version/10.0 Mobile/14F89 Safari/602.1"
213.147.176.179 - - [04/Aug/2017:08:28:58 +0200] "GET /javascript/jquery.cookie.js HTTP/1.1" 200 863 "http://www.easydrivers.at/bruck.leitha" "Mozilla/5.0 (iPhone; CPU iPhone OS 10_3_2 like Mac OS X) AppleWebKit/603.2.4 (KHTML, like Gecko) Version/10.0 Mobile/14F89 Safari/602.1"
213.147.176.179 - - [04/Aug/2017:08:28:58 +0200] "GET /javascript/mobile-menu.js HTTP/1.1" 200 1634 "http://www.easydrivers.at/bruck.leitha" "Mozilla/5.0 (iPhone; CPU iPhone OS 10_3_2 like Mac OS X) AppleWebKit/603.2.4 (KHTML, like Gecko) Version/10.0 Mobile/14F89 Safari/602.1"
213.147.176.179 - - [04/Aug/2017:08:28:58 +0200] "GET /javascript/jquery-1.9.1.min.js HTTP/1.1" 200 32731 "http://www.easydrivers.at/bruck.leitha" "Mozilla/5.0 (iPhone; CPU iPhone OS 10_3_2 like Mac OS X) AppleWebKit/603.2.4 (KHTML, like Gecko) Version/10.0 Mobile/14F89 Safari/602.1"
213.147.176.179 - - [04/Aug/2017:08:28:58 +0200] "GET /javascript/jquery.simplemodal.js HTTP/1.1" 200 3070 "http://www.easydrivers.at/bruck.leitha" "Mozilla/5.0 (iPhone; CPU iPhone OS 10_3_2 like Mac OS X) AppleWebKit/603.2.4 (KHTML, like Gecko) Version/10.0 Mobile/14F89 Safari/602.1"
213.147.176.179 - - [04/Aug/2017:08:28:58 +0200] "GET /javascript/lazyload.js HTTP/1.1" 200 1170 "http://www.easydrivers.at/bruck.leitha" "Mozilla/5.0 (iPhone; CPU iPhone OS 10_3_2 like Mac OS X) AppleWebKit/603.2.4 (KHTML, like Gecko) Version/10.0 Mobile/14F89 Safari/602.1"
213.147.176.179 - - [04/Aug/2017:08:28:58 +0200] "GET /javascript/mobile-fahrschule.js HTTP/1.1" 200 328 "http://www.easydrivers.at/bruck.leitha" "Mozilla/5.0 (iPhone; CPU iPhone OS 10_3_2 like Mac OS X) AppleWebKit/603.2.4 (KHTML, like Gecko) Version/10.0 Mobile/14F89 Safari/602.1"
213.147.176.179 - - [04/Aug/2017:08:28:58 +0200] "GET /img/mobile/easydrivers-logo-mobile.png HTTP/1.1" 200 10766 "http://www.easydrivers.at/bruck.leitha" "Mozilla/5.0 (iPhone; CPU iPhone OS 10_3_2 like Mac OS X) AppleWebKit/603.2.4 (KHTML, like Gecko) Version/10.0 Mobile/14F89 Safari/602.1"
213.147.176.179 - - [04/Aug/2017:08:28:58 +0200] "GET /img/mobile/menu-button.png HTTP/1.1" 200 1746 "http://www.easydrivers.at/bruck.leitha" "Mozilla/5.0 (iPhone; CPU iPhone OS 10_3_2 like Mac OS X) AppleWebKit/603.2.4 (KHTML, like Gecko) Version/10.0 Mobile/14F89 Safari/602.1"
213.147.176.179 - - [04/Aug/2017:08:28:58 +0200] "GET /img/mobile/close-button.png HTTP/1.1" 200 2411 "http://www.easydrivers.at/bruck.leitha" "Mozilla/5.0 (iPhone; CPU iPhone OS 10_3_2 like Mac OS X) AppleWebKit/603.2.4 (KHTML, like Gecko) Version/10.0 Mobile/14F89 Safari/602.1"
213.147.176.179 - - [04/Aug/2017:08:28:58 +0200] "GET /img/mobile/facebook-icon.png HTTP/1.1" 200 1902 "http://www.easydrivers.at/bruck.leitha" "Mozilla/5.0 (iPhone; CPU iPhone OS 10_3_2 like Mac OS X) AppleWebKit/603.2.4 (KHTML, like Gecko) Version/10.0 Mobile/14F89 Safari/602.1"
213.147.176.179 - - [04/Aug/2017:08:28:58 +0200] "GET /img/mobile/info-button.png HTTP/1.1" 200 1549 "http://www.easydrivers.at/bruck.leitha" "Mozilla/5.0 (iPhone; CPU iPhone OS 10_3_2 like Mac OS X) AppleWebKit/603.2.4 (KHTML, like Gecko) Version/10.0 Mobile/14F89 Safari/602.1"
213.147.176.179 - - [04/Aug/2017:08:28:58 +0200] "GET /img/smallicon-person.png HTTP/1.1" 200 1141 "http://www.easydrivers.at/bruck.leitha" "Mozilla/5.0 (iPhone; CPU iPhone OS 10_3_2 like Mac OS X) AppleWebKit/603.2.4 (KHTML, like Gecko) Version/10.0 Mobile/14F89 Safari/602.1"
213.147.176.179 - - [04/Aug/2017:08:28:58 +0200] "GET /img/mobile/info-close-button.png HTTP/1.1" 200 1721 "http://www.easydrivers.at/bruck.leitha" "Mozilla/5.0 (iPhone; CPU iPhone OS 10_3_2 like Mac OS X) AppleWebKit/603.2.4 (KHTML, like Gecko) Version/10.0 Mobile/14F89 Safari/602.1"
213.147.176.179 - - [04/Aug/2017:08:28:58 +0200] "GET /img/smallicon-address.png HTTP/1.1" 200 1211 "http://www.easydrivers.at/bruck.leitha" "Mozilla/5.0 (iPhone; CPU iPhone OS 10_3_2 like Mac OS X) AppleWebKit/603.2.4 (KHTML, like Gecko) Version/10.0 Mobile/14F89 Safari/602.1"
213.147.176.179 - - [04/Aug/2017:08:28:58 +0200] "GET /img/mobile/googlemaps-pin.png HTTP/1.1" 200 1597 "http://www.easydrivers.at/bruck.leitha" "Mozilla/5.0 (iPhone; CPU iPhone OS 10_3_2 like Mac OS X) AppleWebKit/603.2.4 (KHTML, like Gecko) Version/10.0 Mobile/14F89 Safari/602.1"
213.147.176.179 - - [04/Aug/2017:08:28:58 +0200] "GET /img/smallicon-time.png HTTP/1.1" 200 1262 "http://www.easydrivers.at/bruck.leitha" "Mozilla/5.0 (iPhone; CPU iPhone OS 10_3_2 like Mac OS X) AppleWebKit/603.2.4 (KHTML, like Gecko) Version/10.0 Mobile/14F89 Safari/602.1"
213.147.176.179 - - [04/Aug/2017:08:28:58 +0200] "GET /img/smallicon-phone.png HTTP/1.1" 200 3056 "http://www.easydrivers.at/bruck.leitha" "Mozilla/5.0 (iPhone; CPU iPhone OS 10_3_2 like Mac OS X) AppleWebKit/603.2.4 (KHTML, like Gecko) Version/10.0 Mobile/14F89 Safari/602.1"
213.147.176.179 - - [04/Aug/2017:08:28:58 +0200] "GET /img/smallicon-mail.png HTTP/1.1" 200 1341 "http://www.easydrivers.at/bruck.leitha" "Mozilla/5.0 (iPhone; CPU iPhone OS 10_3_2 like Mac OS X) AppleWebKit/603.2.4 (KHTML, like Gecko) Version/10.0 Mobile/14F89 Safari/602.1"
213.147.176.179 - - [04/Aug/2017:08:28:58 +0200] "GET /img/mobile/widget-icon-app.png HTTP/1.1" 200 3458 "http://www.easydrivers.at/bruck.leitha" "Mozilla/5.0 (iPhone; CPU iPhone OS 10_3_2 like Mac OS X) AppleWebKit/603.2.4 (KHTML, like Gecko) Version/10.0 Mobile/14F89 Safari/602.1"
213.147.176.179 - - [04/Aug/2017:08:28:58 +0200] "GET /img/mobile/bg-header.jpg HTTP/1.1" 200 19741 "http://www.easydrivers.at/bruck.leitha" "Mozilla/5.0 (iPhone; CPU iPhone OS 10_3_2 like Mac OS X) AppleWebKit/603.2.4 (KHTML, like Gecko) Version/10.0 Mobile/14F89 Safari/602.1"
213.147.176.179 - - [04/Aug/2017:08:28:58 +0200] "GET /img/mobile/bg-menu.jpg HTTP/1.1" 200 1698 "http://www.easydrivers.at/bruck.leitha" "Mozilla/5.0 (iPhone; CPU iPhone OS 10_3_2 like Mac OS X) AppleWebKit/603.2.4 (KHTML, like Gecko) Version/10.0 Mobile/14F89 Safari/602.1"
213.147.176.179 - - [04/Aug/2017:08:28:58 +0200] "GET /img/mobile/pfeil-rechts.png HTTP/1.1" 200 1228 "http://www.easydrivers.at/bruck.leitha" "Mozilla/5.0 (iPhone; CPU iPhone OS 10_3_2 like Mac OS X) AppleWebKit/603.2.4 (KHTML, like Gecko) Version/10.0 Mobile/14F89 Safari/602.1"
213.147.176.179 - - [04/Aug/2017:08:28:58 +0200] "GET /img/mobile/bg-top-section.jpg HTTP/1.1" 200 21711 "http://www.easydrivers.at/bruck.leitha" "Mozilla/5.0 (iPhone; CPU iPhone OS 10_3_2 like Mac OS X) AppleWebKit/603.2.4 (KHTML, like Gecko) Version/10.0 Mobile/14F89 Safari/602.1"
213.147.176.179 - - [04/Aug/2017:08:29:10 +0200] "GET /fuehrerscheine/auto HTTP/1.1" 200 5440 "http://www.easydrivers.at/bruck.leitha" "Mozilla/5.0 (iPhone; CPU iPhone OS 10_3_2 like Mac OS X) AppleWebKit/603.2.4 (KHTML, like Gecko) Version/10.0 Mobile/14F89 Safari/602.1"
213.147.176.179 - - [04/Aug/2017:08:29:12 +0200] "GET /javascript/mobile-license.js HTTP/1.1" 200 216 "http://www.easydrivers.at/fuehrerscheine/auto" "Mozilla/5.0 (iPhone; CPU iPhone OS 10_3_2 like Mac OS X) AppleWebKit/603.2.4 (KHTML, like Gecko) Version/10.0 Mobile/14F89 Safari/602.1"
213.147.176.179 - - [04/Aug/2017:08:29:12 +0200] "GET /img/mobile/bg-yellow.jpg HTTP/1.1" 200 1569 "http://www.easydrivers.at/fuehrerscheine/auto" "Mozilla/5.0 (iPhone; CPU iPhone OS 10_3_2 like Mac OS X) AppleWebKit/603.2.4 (KHTML, like Gecko) Version/10.0 Mobile/14F89 Safari/602.1"
213.147.176.179 - - [04/Aug/2017:08:29:12 +0200] "GET /img/mobile/weiter-button.png HTTP/1.1" 200 1670 "http://www.easydrivers.at/fuehrerscheine/auto" "Mozilla/5.0 (iPhone; CPU iPhone OS 10_3_2 like Mac OS X) AppleWebKit/603.2.4 (KHTML, like Gecko) Version/10.0 Mobile/14F89 Safari/602.1"
213.147.176.179 - - [04/Aug/2017:08:29:19 +0200] "GET /fahrschulen HTTP/1.1" 200 2459 "http://www.easydrivers.at/fuehrerscheine/auto" "Mozilla/5.0 (iPhone; CPU iPhone OS 10_3_2 like Mac OS X) AppleWebKit/603.2.4 (KHTML, like Gecko) Version/10.0 Mobile/14F89 Safari/602.1"
213.147.176.179 - - [04/Aug/2017:08:29:20 +0200] "GET /javascript/mobile-fahrschulen.js HTTP/1.1" 200 404 "http://www.easydrivers.at/fahrschulen" "Mozilla/5.0 (iPhone; CPU iPhone OS 10_3_2 like Mac OS X) AppleWebKit/603.2.4 (KHTML, like Gecko) Version/10.0 Mobile/14F89 Safari/602.1"
213.147.176.179 - - [04/Aug/2017:08:29:21 +0200] "GET /img/mobile/pfeil-rechts-small.png HTTP/1.1" 200 1056 "http://www.easydrivers.at/fahrschulen" "Mozilla/5.0 (iPhone; CPU iPhone OS 10_3_2 like Mac OS X) AppleWebKit/603.2.4 (KHTML, like Gecko) Version/10.0 Mobile/14F89 Safari/602.1"
213.147.176.179 - - [04/Aug/2017:08:29:35 +0200] "GET /bruck.leitha HTTP/1.1" 200 2937 "https://www.google.at/" "Mozilla/5.0 (iPhone; CPU iPhone OS 10_3_2 like Mac OS X) AppleWebKit/603.2.4 (KHTML, like Gecko) Version/10.0 Mobile/14F89 Safari/602.1"
213.147.176.179 - - [04/Aug/2017:08:29:47 +0200] "GET / HTTP/1.1" 200 3564 "http://www.easydrivers.at/bruck.leitha" "Mozilla/5.0 (iPhone; CPU iPhone OS 10_3_2 like Mac OS X) AppleWebKit/603.2.4 (KHTML, like Gecko) Version/10.0 Mobile/14F89 Safari/602.1"
213.147.176.179 - - [04/Aug/2017:08:29:49 +0200] "GET /javascript/mobile-homesearch.js HTTP/1.1" 200 340 "http://www.easydrivers.at/" "Mozilla/5.0 (iPhone; CPU iPhone OS 10_3_2 like Mac OS X) AppleWebKit/603.2.4 (KHTML, like Gecko) Version/10.0 Mobile/14F89 Safari/602.1"
212.95.8.172 - - [04/Aug/2017:08:30:05 +0200] "GET /innsbruck/10267280?FS=B-L&channel=fullversion HTTP/1.1" 200 6171 "http://www.easydrivers.at/innsbruck/10267280?FS=B-L" "Mozilla/5.0 (Linux; Android 4.4.4; SAMSUNG SM-G318H Build/KTU84P) AppleWebKit/537.36 (KHTML, like Gecko) SamsungBrowser/2.0 Chrome/34.0.1847.76 Mobile Safari/537.36"
212.95.8.172 - - [04/Aug/2017:08:30:08 +0200] "GET /binaries/easy-drivers-portal/pkw1jpg.jpg HTTP/1.1" 200 88975 "http://www.easydrivers.at/innsbruck/10267280?FS=B-L&channel=fullversion" "Mozilla/5.0 (Linux; Android 4.4.4; SAMSUNG SM-G318H Build/KTU84P) AppleWebKit/537.36 (KHTML, like Gecko) SamsungBrowser/2.0 Chrome/34.0.1847.76 Mobile Safari/537.36"
91.141.2.203 - - [04/Aug/2017:08:30:10 +0200] "GET / HTTP/1.1" 200 4410 "https://www.google.at/" "Mozilla/5.0 (Windows NT 6.3; WOW64; rv:54.0) Gecko/20100101 Firefox/54.0"
213.47.145.163 - - [04/Aug/2017:08:30:10 +0200] "GET / HTTP/1.1" 200 3564 "-" "Mozilla/5.0 (Linux; Android 5.0.1; de-de;8079 Build/LRX21M) AppleWebKit/537.36 (KHTML, like Gecko) Version/4.0 Chrome/37.0.0.0 Mobile Safari/537.36"
91.141.2.203 - - [04/Aug/2017:08:30:12 +0200] "GET /css/style.css HTTP/1.1" 304 - "http://www.easydrivers.at/" "Mozilla/5.0 (Windows NT 6.3; WOW64; rv:54.0) Gecko/20100101 Firefox/54.0"
91.141.2.203 - - [04/Aug/2017:08:30:12 +0200] "GET /css/print.css HTTP/1.1" 304 - "http://www.easydrivers.at/" "Mozilla/5.0 (Windows NT 6.3; WOW64; rv:54.0) Gecko/20100101 Firefox/54.0"
91.141.2.203 - - [04/Aug/2017:08:30:12 +0200] "GET /javascript/jquery.customSelect.min.js HTTP/1.1" 304 - "http://www.easydrivers.at/" "Mozilla/5.0 (Windows NT 6.3; WOW64; rv:54.0) Gecko/20100101 Firefox/54.0"
91.141.2.203 - - [04/Aug/2017:08:30:12 +0200] "GET /javascript/jquery.simplemodal.js HTTP/1.1" 304 - "http://www.easydrivers.at/" "Mozilla/5.0 (Windows NT 6.3; WOW64; rv:54.0) Gecko/20100101 Firefox/54.0"
91.141.2.203 - - [04/Aug/2017:08:30:12 +0200] "GET /javascript/portal.js?1221842734 HTTP/1.1" 304 - "http://www.easydrivers.at/" "Mozilla/5.0 (Windows NT 6.3; WOW64; rv:54.0) Gecko/20100101 Firefox/54.0"
91.141.2.203 - - [04/Aug/2017:08:30:12 +0200] "GET /javascript/jquery.cookie.js HTTP/1.1" 304 - "http://www.easydrivers.at/" "Mozilla/5.0 (Windows NT 6.3; WOW64; rv:54.0) Gecko/20100101 Firefox/54.0"
91.141.2.203 - - [04/Aug/2017:08:30:12 +0200] "GET /javascript/lazyload.js HTTP/1.1" 304 - "http://www.easydrivers.at/" "Mozilla/5.0 (Windows NT 6.3; WOW64; rv:54.0) Gecko/20100101 Firefox/54.0"
91.141.2.203 - - [04/Aug/2017:08:30:13 +0200] "GET /javascript/homesearch.js HTTP/1.1" 304 - "http://www.easydrivers.at/" "Mozilla/5.0 (Windows NT 6.3; WOW64; rv:54.0) Gecko/20100101 Firefox/54.0"
91.141.2.203 - - [04/Aug/2017:08:30:13 +0200] "GET /img/facebook-icon.png HTTP/1.1" 304 - "http://www.easydrivers.at/" "Mozilla/5.0 (Windows NT 6.3; WOW64; rv:54.0) Gecko/20100101 Firefox/54.0"
91.141.2.203 - - [04/Aug/2017:08:30:13 +0200] "GET /img/close-button.png HTTP/1.1" 304 - "http://www.easydrivers.at/" "Mozilla/5.0 (Windows NT 6.3; WOW64; rv:54.0) Gecko/20100101 Firefox/54.0"
91.141.2.203 - - [04/Aug/2017:08:30:13 +0200] "GET /img/empty.gif HTTP/1.1" 304 - "http://www.easydrivers.at/" "Mozilla/5.0 (Windows NT 6.3; WOW64; rv:54.0) Gecko/20100101 Firefox/54.0"
91.141.2.203 - - [04/Aug/2017:08:30:13 +0200] "GET /binaries/easy-drivers-portal/widget-icon-trainingpng.png HTTP/1.1" 304 - "http://www.easydrivers.at/" "Mozilla/5.0 (Windows NT 6.3; WOW64; rv:54.0) Gecko/20100101 Firefox/54.0"
91.141.2.203 - - [04/Aug/2017:08:30:13 +0200] "GET /binaries/easy-drivers-portal/widget-icon-expertspng.png HTTP/1.1" 304 - "http://www.easydrivers.at/" "Mozilla/5.0 (Windows NT 6.3; WOW64; rv:54.0) Gecko/20100101 Firefox/54.0"
91.141.2.203 - - [04/Aug/2017:08:30:13 +0200] "GET /binaries/easy-drivers-portal/edradfahrschullogowidget160x90pxpng.png HTTP/1.1" 304 - "http://www.easydrivers.at/" "Mozilla/5.0 (Windows NT 6.3; WOW64; rv:54.0) Gecko/20100101 Firefox/54.0"
91.141.2.203 - - [04/Aug/2017:08:30:13 +0200] "GET /binaries/easy-drivers-portal/widget-icon-apppng.png HTTP/1.1" 304 - "http://www.easydrivers.at/" "Mozilla/5.0 (Windows NT 6.3; WOW64; rv:54.0) Gecko/20100101 Firefox/54.0"
91.141.2.203 - - [04/Aug/2017:08:30:13 +0200] "GET /img/new_favicon.ico HTTP/1.1" 304 - "-" "Mozilla/5.0 (Windows NT 6.3; WOW64; rv:54.0) Gecko/20100101 Firefox/54.0"
91.141.2.203 - - [04/Aug/2017:08:30:13 +0200] "GET /img/schweiz-icon.png HTTP/1.1" 304 - "http://www.easydrivers.at/" "Mozilla/5.0 (Windows NT 6.3; WOW64; rv:54.0) Gecko/20100101 Firefox/54.0"
91.141.2.203 - - [04/Aug/2017:08:30:13 +0200] "GET /img/bg-header.jpg HTTP/1.1" 304 - "http://www.easydrivers.at/css/style.css" "Mozilla/5.0 (Windows NT 6.3; WOW64; rv:54.0) Gecko/20100101 Firefox/54.0"
91.141.2.203 - - [04/Aug/2017:08:30:13 +0200] "GET /img/ED_Logo.png HTTP/1.1" 304 - "http://www.easydrivers.at/css/style.css" "Mozilla/5.0 (Windows NT 6.3; WOW64; rv:54.0) Gecko/20100101 Firefox/54.0"
91.141.2.203 - - [04/Aug/2017:08:30:13 +0200] "GET /img/submit-button.png HTTP/1.1" 304 - "http://www.easydrivers.at/" "Mozilla/5.0 (Windows NT 6.3; WOW64; rv:54.0) Gecko/20100101 Firefox/54.0"
91.141.2.203 - - [04/Aug/2017:08:30:14 +0200] "GET /img/yellow-dots-vertical.png HTTP/1.1" 304 - "http://www.easydrivers.at/css/style.css" "Mozilla/5.0 (Windows NT 6.3; WOW64; rv:54.0) Gecko/20100101 Firefox/54.0"
91.141.2.203 - - [04/Aug/2017:08:30:14 +0200] "GET /img/bg-top-section.jpg HTTP/1.1" 304 - "http://www.easydrivers.at/css/style.css" "Mozilla/5.0 (Windows NT 6.3; WOW64; rv:54.0) Gecko/20100101 Firefox/54.0"
91.141.2.203 - - [04/Aug/2017:08:30:14 +0200] "GET /img/purple-dots-horizontal.png HTTP/1.1" 304 - "http://www.easydrivers.at/css/style.css" "Mozilla/5.0 (Windows NT 6.3; WOW64; rv:54.0) Gecko/20100101 Firefox/54.0"
91.141.2.203 - - [04/Aug/2017:08:30:14 +0200] "GET /img/bg-footer.jpg HTTP/1.1" 304 - "http://www.easydrivers.at/css/style.css" "Mozilla/5.0 (Windows NT 6.3; WOW64; rv:54.0) Gecko/20100101 Firefox/54.0"
91.141.2.203 - - [04/Aug/2017:08:30:14 +0200] "GET /img/black-dots-vertical.png HTTP/1.1" 304 - "http://www.easydrivers.at/css/style.css" "Mozilla/5.0 (Windows NT 6.3; WOW64; rv:54.0) Gecko/20100101 Firefox/54.0"
91.141.2.203 - - [04/Aug/2017:08:30:14 +0200] "GET /img/kursicon-print-pink.png HTTP/1.1" 304 - "http://www.easydrivers.at/" "Mozilla/5.0 (Windows NT 6.3; WOW64; rv:54.0) Gecko/20100101 Firefox/54.0"
91.141.2.203 - - [04/Aug/2017:08:30:14 +0200] "GET /img/kursicon-download-pink.png HTTP/1.1" 304 - "http://www.easydrivers.at/" "Mozilla/5.0 (Windows NT 6.3; WOW64; rv:54.0) Gecko/20100101 Firefox/54.0"
91.141.2.203 - - [04/Aug/2017:08:30:14 +0200] "GET /img/selection-box-button.png HTTP/1.1" 304 - "http://www.easydrivers.at/css/style.css" "Mozilla/5.0 (Windows NT 6.3; WOW64; rv:54.0) Gecko/20100101 Firefox/54.0"
91.141.2.203 - - [04/Aug/2017:08:30:14 +0200] "GET /img/kursicon-phone-pink.png HTTP/1.1" 304 - "http://www.easydrivers.at/" "Mozilla/5.0 (Windows NT 6.3; WOW64; rv:54.0) Gecko/20100101 Firefox/54.0"
91.141.2.203 - - [04/Aug/2017:08:30:14 +0200] "GET /img/kursicon-share-pink.png HTTP/1.1" 304 - "http://www.easydrivers.at/" "Mozilla/5.0 (Windows NT 6.3; WOW64; rv:54.0) Gecko/20100101 Firefox/54.0"
213.47.145.163 - - [04/Aug/2017:08:30:14 +0200] "GET /img/favicon.ico HTTP/1.1" 404 300 "http://www.easydrivers.at/" "Mozilla/5.0 (Linux; Android 5.0.1; de-de;8079 Build/LRX21M) AppleWebKit/537.36 (KHTML, like Gecko) Version/4.0 Chrome/37.0.0.0 Mobile Safari/537.36"
212.95.8.172 - - [04/Aug/2017:08:30:13 +0200] "GET /innsbruck/10267280?FS=B-L HTTP/1.1" 200 6173 "http://www.easydrivers.at/innsbruck/kurse" "Mozilla/5.0 (Linux; Android 4.4.4; SAMSUNG SM-G318H Build/KTU84P) AppleWebKit/537.36 (KHTML, like Gecko) SamsungBrowser/2.0 Chrome/34.0.1847.76 Mobile Safari/537.36"
212.95.8.172 - - [04/Aug/2017:08:30:16 +0200] "GET /binaries/easy-drivers-portal/pkw9jpg-1.jpg HTTP/1.1" 200 68933 "http://www.easydrivers.at/innsbruck/10267280?FS=B-L" "Mozilla/5.0 (Linux; Android 4.4.4; SAMSUNG SM-G318H Build/KTU84P) AppleWebKit/537.36 (KHTML, like Gecko) SamsungBrowser/2.0 Chrome/34.0.1847.76 Mobile Safari/537.36"
213.147.176.179 - - [04/Aug/2017:08:30:20 +0200] "GET /bruck.leitha HTTP/1.1" 200 2937 "http://www.easydrivers.at/" "Mozilla/5.0 (iPhone; CPU iPhone OS 10_3_2 like Mac OS X) AppleWebKit/603.2.4 (KHTML, like Gecko) Version/10.0 Mobile/14F89 Safari/602.1"
212.95.8.172 - - [04/Aug/2017:08:30:29 +0200] "GET /innsbruck/kurse HTTP/1.1" 200 4297 "http://www.easydrivers.at/innsbruck" "Mozilla/5.0 (Linux; Android 4.4.4; SAMSUNG SM-G318H Build/KTU84P) AppleWebKit/537.36 (KHTML, like Gecko) SamsungBrowser/2.0 Chrome/34.0.1847.76 Mobile Safari/537.36"
212.95.8.172 - - [04/Aug/2017:08:30:31 +0200] "GET /binaries/easy-drivers-harm-innsbruck/bildwebedanschnittl830x300px2png.png HTTP/1.1" 200 397642 "http://www.easydrivers.at/innsbruck/kurse" "Mozilla/5.0 (Linux; Android 4.4.4; SAMSUNG SM-G318H Build/KTU84P) AppleWebKit/537.36 (KHTML, like Gecko) SamsungBrowser/2.0 Chrome/34.0.1847.76 Mobile Safari/537.36"
212.95.8.172 - - [04/Aug/2017:08:30:32 +0200] "POST /loadkursliste HTTP/1.1" 200 720 "http://www.easydrivers.at/innsbruck/kurse" "Mozilla/5.0 (Linux; Android 4.4.4; SAMSUNG SM-G318H Build/KTU84P) AppleWebKit/537.36 (KHTML, like Gecko) SamsungBrowser/2.0 Chrome/34.0.1847.76 Mobile Safari/537.36"
213.147.176.179 - - [04/Aug/2017:08:30:32 +0200] "GET /bruck.leitha/uebungsplatz HTTP/1.1" 200 2616 "http://www.easydrivers.at/bruck.leitha" "Mozilla/5.0 (iPhone; CPU iPhone OS 10_3_2 like Mac OS X) AppleWebKit/603.2.4 (KHTML, like Gecko) Version/10.0 Mobile/14F89 Safari/602.1"
212.95.8.172 - - [04/Aug/2017:08:30:35 +0200] "GET /innsbruck HTTP/1.1" 200 3670 "http://www.easydrivers.at/innsbruck/10248832" "Mozilla/5.0 (Linux; Android 4.4.4; SAMSUNG SM-G318H Build/KTU84P) AppleWebKit/537.36 (KHTML, like Gecko) SamsungBrowser/2.0 Chrome/34.0.1847.76 Mobile Safari/537.36"
212.95.8.172 - - [04/Aug/2017:08:30:38 +0200] "GET /img/ed_pfeil_down.png HTTP/1.1" 200 3634 "http://www.easydrivers.at/innsbruck" "Mozilla/5.0 (Linux; Android 4.4.4; SAMSUNG SM-G318H Build/KTU84P) AppleWebKit/537.36 (KHTML, like Gecko) SamsungBrowser/2.0 Chrome/34.0.1847.76 Mobile Safari/537.36"
212.95.8.172 - - [04/Aug/2017:08:30:38 +0200] "GET /cache/emu/images/easy-drivers-portal10244080/fuehrerscheinbjpg_160_90_0.jpg HTTP/1.1" 200 4032 "http://www.easydrivers.at/innsbruck" "Mozilla/5.0 (Linux; Android 4.4.4; SAMSUNG SM-G318H Build/KTU84P) AppleWebKit/537.36 (KHTML, like Gecko) SamsungBrowser/2.0 Chrome/34.0.1847.76 Mobile Safari/537.36"
212.95.8.172 - - [04/Aug/2017:08:30:38 +0200] "GET /img/empty.gif HTTP/1.1" 200 43 "http://www.easydrivers.at/innsbruck" "Mozilla/5.0 (Linux; Android 4.4.4; SAMSUNG SM-G318H Build/KTU84P) AppleWebKit/537.36 (KHTML, like Gecko) SamsungBrowser/2.0 Chrome/34.0.1847.76 Mobile Safari/537.36"
212.95.8.172 - - [04/Aug/2017:08:30:38 +0200] "GET /cache/emu/images/easy-drivers-portal10244083/schnellkursjpg_160_90_0.jpg HTTP/1.1" 200 4214 "http://www.easydrivers.at/innsbruck" "Mozilla/5.0 (Linux; Android 4.4.4; SAMSUNG SM-G318H Build/KTU84P) AppleWebKit/537.36 (KHTML, like Gecko) SamsungBrowser/2.0 Chrome/34.0.1847.76 Mobile Safari/537.36"
212.95.8.172 - - [04/Aug/2017:08:30:38 +0200] "GET /binaries/easy-drivers-portal/edradfahrschullogowidget160x90pxpng.png HTTP/1.1" 200 23394 "http://www.easydrivers.at/innsbruck" "Mozilla/5.0 (Linux; Android 4.4.4; SAMSUNG SM-G318H Build/KTU84P) AppleWebKit/537.36 (KHTML, like Gecko) SamsungBrowser/2.0 Chrome/34.0.1847.76 Mobile Safari/537.36"
212.95.8.172 - - [04/Aug/2017:08:30:38 +0200] "GET /img/yellow-dots-vertical.png HTTP/1.1" 200 981 "http://www.easydrivers.at/innsbruck" "Mozilla/5.0 (Linux; Android 4.4.4; SAMSUNG SM-G318H Build/KTU84P) AppleWebKit/537.36 (KHTML, like Gecko) SamsungBrowser/2.0 Chrome/34.0.1847.76 Mobile Safari/537.36"
212.95.8.172 - - [04/Aug/2017:08:30:38 +0200] "GET /binaries/easy-drivers-harm-innsbruck/standort-innsbruck1png.png HTTP/1.1" 200 307676 "http://www.easydrivers.at/innsbruck" "Mozilla/5.0 (Linux; Android 4.4.4; SAMSUNG SM-G318H Build/KTU84P) AppleWebKit/537.36 (KHTML, like Gecko) SamsungBrowser/2.0 Chrome/34.0.1847.76 Mobile Safari/537.36"
212.95.8.172 - - [04/Aug/2017:08:31:19 +0200] "GET /innsbruck/10248832 HTTP/1.1" 200 3106 "http://www.easydrivers.at/innsbruck" "Mozilla/5.0 (Linux; Android 4.4.4; SAMSUNG SM-G318H Build/KTU84P) AppleWebKit/537.36 (KHTML, like Gecko) SamsungBrowser/2.0 Chrome/34.0.1847.76 Mobile Safari/537.36"
37.9.113.102 - - [04/Aug/2017:08:31:24 +0200] "GET /robots.txt HTTP/1.1" 200 178 "-" "Mozilla/5.0 (compatible; YandexBot/3.0; +http://yandex.com/bots)"
212.95.8.172 - - [04/Aug/2017:08:31:22 +0200] "GET /binaries/easy-drivers-harm-innsbruck/bildwebedanschnittr830x300px1png.png HTTP/1.1" 200 362668 "http://www.easydrivers.at/innsbruck/10248832" "Mozilla/5.0 (Linux; Android 4.4.4; SAMSUNG SM-G318H Build/KTU84P) AppleWebKit/537.36 (KHTML, like Gecko) SamsungBrowser/2.0 Chrome/34.0.1847.76 Mobile Safari/537.36"
213.147.176.179 - - [04/Aug/2017:08:31:21 +0200] "GET /bruck.leitha/uebungsplatz HTTP/1.1" 200 2616 "http://www.easydrivers.at/bruck.leitha" "Mozilla/5.0 (iPhone; CPU iPhone OS 10_3_2 like Mac OS X) AppleWebKit/603.2.4 (KHTML, like Gecko) Version/10.0 Mobile/14F89 Safari/602.1"
37.9.113.102 - - [04/Aug/2017:08:31:28 +0200] "GET /gmuend/10285027?FS=A1L17 HTTP/1.1" 410 3410 "-" "Mozilla/5.0 (compatible; YandexBot/3.0; +http://yandex.com/bots)"
212.95.8.172 - - [04/Aug/2017:08:31:28 +0200] "GET /innsbruck HTTP/1.1" 200 3670 "http://www.easydrivers.at/" "Mozilla/5.0 (Linux; Android 4.4.4; SAMSUNG SM-G318H Build/KTU84P) AppleWebKit/537.36 (KHTML, like Gecko) SamsungBrowser/2.0 Chrome/34.0.1847.76 Mobile Safari/537.36"
46.125.249.67 - - [04/Aug/2017:08:31:31 +0200] "GET / HTTP/1.1" 200 4410 "https://www.google.at/" "Mozilla/5.0 (Windows NT 6.3; Win64; x64) AppleWebKit/537.36 (KHTML, like Gecko) Chrome/59.0.3071.115 Safari/537.36"
213.180.203.45 - - [04/Aug/2017:08:31:32 +0200] "GET /bruck.leitha/10280218?FS=AM HTTP/1.1" 410 3407 "-" "Mozilla/5.0 (compatible; YandexBot/3.0; +http://yandex.com/bots)"
212.95.8.172 - - [04/Aug/2017:08:31:35 +0200] "GET / HTTP/1.1" 200 4410 "http://www.easydrivers.at/innsbruck/10248832" "Mozilla/5.0 (Linux; Android 4.4.4; SAMSUNG SM-G318H Build/KTU84P) AppleWebKit/537.36 (KHTML, like Gecko) SamsungBrowser/2.0 Chrome/34.0.1847.76 Mobile Safari/537.36"
212.95.8.172 - - [04/Aug/2017:08:31:36 +0200] "GET /javascript/homesearch.js HTTP/1.1" 200 393 "http://www.easydrivers.at/" "Mozilla/5.0 (Linux; Android 4.4.4; SAMSUNG SM-G318H Build/KTU84P) AppleWebKit/537.36 (KHTML, like Gecko) SamsungBrowser/2.0 Chrome/34.0.1847.76 Mobile Safari/537.36"
212.95.8.172 - - [04/Aug/2017:08:31:36 +0200] "GET /binaries/easy-drivers-portal/widget-icon-trainingpng.png HTTP/1.1" 200 2662 "http://www.easydrivers.at/" "Mozilla/5.0 (Linux; Android 4.4.4; SAMSUNG SM-G318H Build/KTU84P) AppleWebKit/537.36 (KHTML, like Gecko) SamsungBrowser/2.0 Chrome/34.0.1847.76 Mobile Safari/537.36"
212.95.8.172 - - [04/Aug/2017:08:31:36 +0200] "GET /binaries/easy-drivers-portal/widget-icon-expertspng.png HTTP/1.1" 200 2159 "http://www.easydrivers.at/" "Mozilla/5.0 (Linux; Android 4.4.4; SAMSUNG SM-G318H Build/KTU84P) AppleWebKit/537.36 (KHTML, like Gecko) SamsungBrowser/2.0 Chrome/34.0.1847.76 Mobile Safari/537.36"
212.95.8.172 - - [04/Aug/2017:08:31:36 +0200] "GET /binaries/easy-drivers-portal/widget-icon-apppng.png HTTP/1.1" 200 2432 "http://www.easydrivers.at/" "Mozilla/5.0 (Linux; Android 4.4.4; SAMSUNG SM-G318H Build/KTU84P) AppleWebKit/537.36 (KHTML, like Gecko) SamsungBrowser/2.0 Chrome/34.0.1847.76 Mobile Safari/537.36"
212.95.8.172 - - [04/Aug/2017:08:31:37 +0200] "GET /img/black-dots-vertical.png HTTP/1.1" 200 1165 "http://www.easydrivers.at/" "Mozilla/5.0 (Linux; Android 4.4.4; SAMSUNG SM-G318H Build/KTU84P) AppleWebKit/537.36 (KHTML, like Gecko) SamsungBrowser/2.0 Chrome/34.0.1847.76 Mobile Safari/537.36"
212.95.8.172 - - [04/Aug/2017:08:31:37 +0200] "GET /img/selection-box-button.png HTTP/1.1" 200 1079 "http://www.easydrivers.at/" "Mozilla/5.0 (Linux; Android 4.4.4; SAMSUNG SM-G318H Build/KTU84P) AppleWebKit/537.36 (KHTML, like Gecko) SamsungBrowser/2.0 Chrome/34.0.1847.76 Mobile Safari/537.36"
213.180.203.45 - - [04/Aug/2017:08:31:36 +0200] "GET /scheibbs/10249665?FS=BC HTTP/1.1" 410 3396 "-" "Mozilla/5.0 (compatible; YandexBot/3.0; +http://yandex.com/bots)"
77.119.131.6 - - [04/Aug/2017:08:31:40 +0200] "GET / HTTP/1.1" 200 4410 "https://www.google.at/" "Mozilla/5.0 (Windows NT 10.0; Win64; x64) AppleWebKit/537.36 (KHTML, like Gecko) Chrome/59.0.3071.115 Safari/537.36"
77.119.131.6 - - [04/Aug/2017:08:31:42 +0200] "GET /javascript/jquery.cookie.js HTTP/1.1" 200 863 "http://www.easydrivers.at/" "Mozilla/5.0 (Windows NT 10.0; Win64; x64) AppleWebKit/537.36 (KHTML, like Gecko) Chrome/59.0.3071.115 Safari/537.36"
77.119.131.6 - - [04/Aug/2017:08:31:42 +0200] "GET /javascript/jquery.customSelect.min.js HTTP/1.1" 200 912 "http://www.easydrivers.at/" "Mozilla/5.0 (Windows NT 10.0; Win64; x64) AppleWebKit/537.36 (KHTML, like Gecko) Chrome/59.0.3071.115 Safari/537.36"
