70.214.114.190 - - [04/Aug/2017:02:24:30 +0200] "HEAD / HTTP/1.1" 501 - "-" "Mozilla/5.0 (Linux; Android 4.4; Nexus 5 Build/LMY48B ) AppleWebKit/537.36 (KHTML, like Gecko) Version/4.0 Chrome/30.0.0.0 Mobile Safari/537.36"
40.77.167.99 - - [04/Aug/2017:02:25:43 +0200] "GET /schwechat/10280365?FS=BPlus HTTP/1.1" 301 313 "-" "Mozilla/5.0 (compatible; bingbot/2.0; +http://www.bing.com/bingbot.htm)"
40.77.167.156 - - [04/Aug/2017:02:26:18 +0200] "GET /reumannplatz HTTP/1.1" 200 3347 "-" "Mozilla/5.0 (compatible; bingbot/2.0; +http://www.bing.com/bingbot.htm)"
40.77.167.183 - - [04/Aug/2017:02:26:37 +0200] "GET /fuehrerscheine/traktor HTTP/1.1" 200 2594 "-" "Mozilla/5.0 (compatible; bingbot/2.0; +http://www.bing.com/bingbot.htm)"
54.208.178.17 - - [04/Aug/2017:02:26:45 +0200] "GET /skarabela.gross-enzersdorf HTTP/1.0" 200 3623 "-" "Mozilla/5.0 (Macintosh; Intel Mac OS X 10_12_5) AppleWebKit/537.36 (KHTML, like Gecko) Chrome/58.0.3029.110 Safari/537.36"
212.225.226.27 - - [04/Aug/2017:02:27:01 +0200] "GET / HTTP/1.1" 200 15953 "-" "Java/1.7.0_79"
40.77.167.183 - - [04/Aug/2017:02:27:14 +0200] "GET /neunkirchen HTTP/1.1" 200 3839 "-" "Mozilla/5.0 (compatible; bingbot/2.0; +http://www.bing.com/bingbot.htm)"
192.126.233.64 - - [04/Aug/2017:02:27:18 +0200] "GET /spittelau HTTP/1.1" 200 3687 "-" "Mozilla/5.0 (Windows NT 10.0; WOW64; rv:46.0) Gecko/20100101 Firefox/46.0"
212.225.226.27 - - [04/Aug/2017:02:27:22 +0200] "GET /am.spitz HTTP/1.1" 200 11855 "-" "Java/1.7.0_79"
212.225.226.27 - - [04/Aug/2017:02:27:33 +0200] "GET /bad.voeslau HTTP/1.1" 200 12333 "-" "Java/1.7.0_79"
212.225.226.27 - - [04/Aug/2017:02:27:40 +0200] "GET /bruck.leitha HTTP/1.1" 200 11420 "-" "Java/1.7.0_79"
40.77.167.183 - - [04/Aug/2017:02:27:47 +0200] "GET /scheibbs HTTP/1.1" 200 3482 "-" "Mozilla/5.0 (compatible; bingbot/2.0; +http://www.bing.com/bingbot.htm)"
40.77.167.156 - - [04/Aug/2017:02:27:53 +0200] "GET /brigittenau HTTP/1.1" 200 3732 "-" "Mozilla/5.0 (compatible; bingbot/2.0; +http://www.bing.com/bingbot.htm)"
212.225.226.27 - - [04/Aug/2017:02:27:58 +0200] "GET /easy_drivers_st._peterau HTTP/1.1" 200 12292 "-" "Java/1.7.0_79"
40.77.167.156 - - [04/Aug/2017:02:28:04 +0200] "GET /brigittenau HTTP/1.1" 200 3732 "-" "Mozilla/5.0 (compatible; bingbot/2.0; +http://www.bing.com/bingbot.htm)"
212.225.226.27 - - [04/Aug/2017:02:28:20 +0200] "GET /eisenerz.pankl HTTP/1.1" 200 9851 "-" "Java/1.7.0_79"
217.250.169.222 - - [04/Aug/2017:02:28:25 +0200] "GET /binaries/easy-drivers-waidhofen-a-d-ybbs/karenzvertretungwypdf-2.pdf HTTP/1.1" 304 - "-" "Mozilla/5.0 (Windows; U; Windows NT 6.0; de; rv:1.9.2.3) Gecko/20100401 Firefox/3.6.3 ( .NET CLR 3.5.30729)"
212.225.226.27 - - [04/Aug/2017:02:28:33 +0200] "GET /ennstal.schladming HTTP/1.1" 200 12452 "-" "Java/1.7.0_79"
212.225.226.27 - - [04/Aug/2017:02:28:50 +0200] "GET /kapfenberg.pankl HTTP/1.1" 200 12398 "-" "Java/1.7.0_79"
207.46.13.133 - - [04/Aug/2017:02:28:58 +0200] "GET /kapfenberg.pankl HTTP/1.1" 200 2994 "-" "Mozilla/5.0 (iPhone; CPU iPhone OS 7_0 like Mac OS X) AppleWebKit/537.51.1 (KHTML, like Gecko) Version/7.0 Mobile/11A465 Safari/9537.53 (compatible; bingbot/2.0; +http://www.bing.com/bingbot.htm)"
40.77.167.156 - - [04/Aug/2017:02:29:00 +0200] "GET /binaries/easy-drivers-bad-v/-13.pdf HTTP/1.1" 200 39010 "-" "Mozilla/5.0 (compatible; bingbot/2.0; +http://www.bing.com/bingbot.htm)"
212.225.226.27 - - [04/Aug/2017:02:29:04 +0200] "GET /skarabela.gross-enzersdorf HTTP/1.1" 200 12132 "-" "Java/1.7.0_79"
178.189.213.58 - - [04/Aug/2017:02:29:08 +0200] "GET /dornbirn/kursauswahl HTTP/1.1" 200 2742 "http://www.easydrivers.at/dornbirn/10248249?FS=AM-M" "Mozilla/5.0 (Linux; Android 7.0; SAMSUNG SM-G925F Build/NRD90M) AppleWebKit/537.36 (KHTML, like Gecko) SamsungBrowser/5.4 Chrome/51.0.2704.106 Mobile Safari/537.36"
62.149.15.172 - - [04/Aug/2017:02:29:15 +0200] "GET / HTTP/1.1" 301 293 "-" "Mozilla/5.0 (Windows NT 10.0; WOW64) AppleWebKit/537.36 (KHTML, like Gecko) Chrome/52.0.2743.116 Safari/537.36"
62.149.15.172 - - [04/Aug/2017:02:29:15 +0200] "GET / HTTP/1.1" 200 4410 "-" "Mozilla/5.0 (Windows NT 10.0; WOW64) AppleWebKit/537.36 (KHTML, like Gecko) Chrome/52.0.2743.116 Safari/537.36"
178.189.213.58 - - [04/Aug/2017:02:29:15 +0200] "GET /dornbirn HTTP/1.1" 200 3036 "http://www.easydrivers.at/dornbirn/kursauswahl" "Mozilla/5.0 (Linux; Android 7.0; SAMSUNG SM-G925F Build/NRD90M) AppleWebKit/537.36 (KHTML, like Gecko) SamsungBrowser/5.4 Chrome/51.0.2704.106 Mobile Safari/537.36"
35.188.119.38 - - [04/Aug/2017:02:29:22 +0200] "GET /robots.txt HTTP/1.1" 200 101 "-" "ltx71 - (http://ltx71.com/)"
212.225.226.27 - - [04/Aug/2017:02:29:22 +0200] "GET /st.poelten HTTP/1.1" 200 12134 "-" "Java/1.7.0_79"
178.189.213.58 - - [04/Aug/2017:02:29:33 +0200] "GET /app HTTP/1.1" 200 2405 "http://www.easydrivers.at/dornbirn" "Mozilla/5.0 (Linux; Android 7.0; SAMSUNG SM-G925F Build/NRD90M) AppleWebKit/537.36 (KHTML, like Gecko) SamsungBrowser/5.4 Chrome/51.0.2704.106 Mobile Safari/537.36"
178.189.213.58 - - [04/Aug/2017:02:29:35 +0200] "GET /binaries/10227599.png HTTP/1.1" 200 4420 "http://www.easydrivers.at/app" "Mozilla/5.0 (Linux; Android 7.0; SAMSUNG SM-G925F Build/NRD90M) AppleWebKit/537.36 (KHTML, like Gecko) SamsungBrowser/5.4 Chrome/51.0.2704.106 Mobile Safari/537.36"
178.189.213.58 - - [04/Aug/2017:02:29:35 +0200] "GET /binaries/10227600.png HTTP/1.1" 200 4765 "http://www.easydrivers.at/app" "Mozilla/5.0 (Linux; Android 7.0; SAMSUNG SM-G925F Build/NRD90M) AppleWebKit/537.36 (KHTML, like Gecko) SamsungBrowser/5.4 Chrome/51.0.2704.106 Mobile Safari/537.36"
178.189.213.58 - - [04/Aug/2017:02:29:35 +0200] "GET /binaries/10244141_1.jpg HTTP/1.1" 200 7585 "http://www.easydrivers.at/app" "Mozilla/5.0 (Linux; Android 7.0; SAMSUNG SM-G925F Build/NRD90M) AppleWebKit/537.36 (KHTML, like Gecko) SamsungBrowser/5.4 Chrome/51.0.2704.106 Mobile Safari/537.36"
178.189.213.58 - - [04/Aug/2017:02:29:35 +0200] "GET /binaries/10244142_1.jpg HTTP/1.1" 200 7031 "http://www.easydrivers.at/app" "Mozilla/5.0 (Linux; Android 7.0; SAMSUNG SM-G925F Build/NRD90M) AppleWebKit/537.36 (KHTML, like Gecko) SamsungBrowser/5.4 Chrome/51.0.2704.106 Mobile Safari/537.36"
212.225.226.27 - - [04/Aug/2017:02:29:45 +0200] "GET /st.valentin HTTP/1.1" 200 12118 "-" "Java/1.7.0_79"
107.23.119.69 - - [04/Aug/2017:02:29:51 +0200] "GET / HTTP/1.1" 301 294 "-" "Mozilla/5.0 (Macintosh; Intel Mac OS X 10_12_5) AppleWebKit/537.36 (KHTML, like Gecko) Chrome/58.0.3029.110 Safari/537.36"
107.23.119.69 - - [04/Aug/2017:02:29:52 +0200] "GET / HTTP/1.1" 200 4410 "-" "Mozilla/5.0 (Macintosh; Intel Mac OS X 10_12_5) AppleWebKit/537.36 (KHTML, like Gecko) Chrome/58.0.3029.110 Safari/537.36"
212.225.226.27 - - [04/Aug/2017:02:29:54 +0200] "GET /waidhofen.thaya HTTP/1.1" 200 11573 "-" "Java/1.7.0_79"
188.23.223.127 - - [04/Aug/2017:02:29:55 +0200] "GET /wieselburg HTTP/1.1" 200 2902 "http://www.google.at/" "Mozilla/5.0 (Linux; Android 7.0; SM-G950F Build/NRD90M) AppleWebKit/537.36 (KHTML, like Gecko) Chrome/59.0.3071.125 Mobile Safari/537.36"
188.23.223.127 - - [04/Aug/2017:02:29:58 +0200] "GET /css/mobile.css HTTP/1.1" 200 2852 "http://www.easydrivers.at/wieselburg" "Mozilla/5.0 (Linux; Android 7.0; SM-G950F Build/NRD90M) AppleWebKit/537.36 (KHTML, like Gecko) Chrome/59.0.3071.125 Mobile Safari/537.36"
188.23.223.127 - - [04/Aug/2017:02:29:58 +0200] "GET /javascript/jquery.cookie.js HTTP/1.1" 200 863 "http://www.easydrivers.at/wieselburg" "Mozilla/5.0 (Linux; Android 7.0; SM-G950F Build/NRD90M) AppleWebKit/537.36 (KHTML, like Gecko) Chrome/59.0.3071.125 Mobile Safari/537.36"
188.23.223.127 - - [04/Aug/2017:02:29:58 +0200] "GET /javascript/mobile-menu.js HTTP/1.1" 200 1634 "http://www.easydrivers.at/wieselburg" "Mozilla/5.0 (Linux; Android 7.0; SM-G950F Build/NRD90M) AppleWebKit/537.36 (KHTML, like Gecko) Chrome/59.0.3071.125 Mobile Safari/537.36"
188.23.223.127 - - [04/Aug/2017:02:29:58 +0200] "GET /javascript/jquery.simplemodal.js HTTP/1.1" 200 3070 "http://www.easydrivers.at/wieselburg" "Mozilla/5.0 (Linux; Android 7.0; SM-G950F Build/NRD90M) AppleWebKit/537.36 (KHTML, like Gecko) Chrome/59.0.3071.125 Mobile Safari/537.36"
188.23.223.127 - - [04/Aug/2017:02:29:58 +0200] "GET /javascript/jquery-1.9.1.min.js HTTP/1.1" 200 32731 "http://www.easydrivers.at/wieselburg" "Mozilla/5.0 (Linux; Android 7.0; SM-G950F Build/NRD90M) AppleWebKit/537.36 (KHTML, like Gecko) Chrome/59.0.3071.125 Mobile Safari/537.36"
188.23.223.127 - - [04/Aug/2017:02:29:58 +0200] "GET /javascript/mobile-fahrschule.js HTTP/1.1" 200 328 "http://www.easydrivers.at/wieselburg" "Mozilla/5.0 (Linux; Android 7.0; SM-G950F Build/NRD90M) AppleWebKit/537.36 (KHTML, like Gecko) Chrome/59.0.3071.125 Mobile Safari/537.36"
188.23.223.127 - - [04/Aug/2017:02:29:58 +0200] "GET /javascript/lazyload.js HTTP/1.1" 200 1170 "http://www.easydrivers.at/wieselburg" "Mozilla/5.0 (Linux; Android 7.0; SM-G950F Build/NRD90M) AppleWebKit/537.36 (KHTML, like Gecko) Chrome/59.0.3071.125 Mobile Safari/537.36"
188.23.223.127 - - [04/Aug/2017:02:29:58 +0200] "GET /img/mobile/easydrivers-logo-mobile.png HTTP/1.1" 200 10766 "http://www.easydrivers.at/wieselburg" "Mozilla/5.0 (Linux; Android 7.0; SM-G950F Build/NRD90M) AppleWebKit/537.36 (KHTML, like Gecko) Chrome/59.0.3071.125 Mobile Safari/537.36"
188.23.223.127 - - [04/Aug/2017:02:29:58 +0200] "GET /img/mobile/menu-button.png HTTP/1.1" 200 1746 "http://www.easydrivers.at/wieselburg" "Mozilla/5.0 (Linux; Android 7.0; SM-G950F Build/NRD90M) AppleWebKit/537.36 (KHTML, like Gecko) Chrome/59.0.3071.125 Mobile Safari/537.36"
188.23.223.127 - - [04/Aug/2017:02:29:58 +0200] "GET /img/mobile/close-button.png HTTP/1.1" 200 2411 "http://www.easydrivers.at/wieselburg" "Mozilla/5.0 (Linux; Android 7.0; SM-G950F Build/NRD90M) AppleWebKit/537.36 (KHTML, like Gecko) Chrome/59.0.3071.125 Mobile Safari/537.36"
188.23.223.127 - - [04/Aug/2017:02:29:58 +0200] "GET /img/mobile/facebook-icon.png HTTP/1.1" 200 1902 "http://www.easydrivers.at/wieselburg" "Mozilla/5.0 (Linux; Android 7.0; SM-G950F Build/NRD90M) AppleWebKit/537.36 (KHTML, like Gecko) Chrome/59.0.3071.125 Mobile Safari/537.36"
188.23.223.127 - - [04/Aug/2017:02:29:58 +0200] "GET /img/mobile/info-button.png HTTP/1.1" 200 1549 "http://www.easydrivers.at/wieselburg" "Mozilla/5.0 (Linux; Android 7.0; SM-G950F Build/NRD90M) AppleWebKit/537.36 (KHTML, like Gecko) Chrome/59.0.3071.125 Mobile Safari/537.36"
188.23.223.127 - - [04/Aug/2017:02:29:58 +0200] "GET /img/mobile/info-close-button.png HTTP/1.1" 200 1721 "http://www.easydrivers.at/wieselburg" "Mozilla/5.0 (Linux; Android 7.0; SM-G950F Build/NRD90M) AppleWebKit/537.36 (KHTML, like Gecko) Chrome/59.0.3071.125 Mobile Safari/537.36"
188.23.223.127 - - [04/Aug/2017:02:29:58 +0200] "GET /img/smallicon-person.png HTTP/1.1" 200 1141 "http://www.easydrivers.at/wieselburg" "Mozilla/5.0 (Linux; Android 7.0; SM-G950F Build/NRD90M) AppleWebKit/537.36 (KHTML, like Gecko) Chrome/59.0.3071.125 Mobile Safari/537.36"
188.23.223.127 - - [04/Aug/2017:02:29:58 +0200] "GET /img/smallicon-address.png HTTP/1.1" 200 1211 "http://www.easydrivers.at/wieselburg" "Mozilla/5.0 (Linux; Android 7.0; SM-G950F Build/NRD90M) AppleWebKit/537.36 (KHTML, like Gecko) Chrome/59.0.3071.125 Mobile Safari/537.36"
188.23.223.127 - - [04/Aug/2017:02:29:58 +0200] "GET /img/mobile/bg-menu.jpg HTTP/1.1" 200 1698 "http://www.easydrivers.at/css/mobile.css" "Mozilla/5.0 (Linux; Android 7.0; SM-G950F Build/NRD90M) AppleWebKit/537.36 (KHTML, like Gecko) Chrome/59.0.3071.125 Mobile Safari/537.36"
188.23.223.127 - - [04/Aug/2017:02:29:58 +0200] "GET /img/mobile/bg-top-section.jpg HTTP/1.1" 200 21711 "http://www.easydrivers.at/css/mobile.css" "Mozilla/5.0 (Linux; Android 7.0; SM-G950F Build/NRD90M) AppleWebKit/537.36 (KHTML, like Gecko) Chrome/59.0.3071.125 Mobile Safari/537.36"
188.23.223.127 - - [04/Aug/2017:02:29:58 +0200] "GET /img/mobile/bg-header.jpg HTTP/1.1" 200 19741 "http://www.easydrivers.at/css/mobile.css" "Mozilla/5.0 (Linux; Android 7.0; SM-G950F Build/NRD90M) AppleWebKit/537.36 (KHTML, like Gecko) Chrome/59.0.3071.125 Mobile Safari/537.36"
188.23.223.127 - - [04/Aug/2017:02:29:58 +0200] "GET /img/mobile/widget-icon-app.png HTTP/1.1" 200 3458 "http://www.easydrivers.at/wieselburg" "Mozilla/5.0 (Linux; Android 7.0; SM-G950F Build/NRD90M) AppleWebKit/537.36 (KHTML, like Gecko) Chrome/59.0.3071.125 Mobile Safari/537.36"
188.23.223.127 - - [04/Aug/2017:02:29:58 +0200] "GET /img/mobile/pfeil-rechts.png HTTP/1.1" 200 1228 "http://www.easydrivers.at/css/mobile.css" "Mozilla/5.0 (Linux; Android 7.0; SM-G950F Build/NRD90M) AppleWebKit/537.36 (KHTML, like Gecko) Chrome/59.0.3071.125 Mobile Safari/537.36"
188.23.223.127 - - [04/Aug/2017:02:29:58 +0200] "GET /img/mobile/googlemaps-pin.png HTTP/1.1" 200 1597 "http://www.easydrivers.at/wieselburg" "Mozilla/5.0 (Linux; Android 7.0; SM-G950F Build/NRD90M) AppleWebKit/537.36 (KHTML, like Gecko) Chrome/59.0.3071.125 Mobile Safari/537.36"
188.23.223.127 - - [04/Aug/2017:02:29:58 +0200] "GET /img/smallicon-time.png HTTP/1.1" 200 1262 "http://www.easydrivers.at/wieselburg" "Mozilla/5.0 (Linux; Android 7.0; SM-G950F Build/NRD90M) AppleWebKit/537.36 (KHTML, like Gecko) Chrome/59.0.3071.125 Mobile Safari/537.36"
188.23.223.127 - - [04/Aug/2017:02:29:58 +0200] "GET /img/smallicon-phone.png HTTP/1.1" 200 3056 "http://www.easydrivers.at/wieselburg" "Mozilla/5.0 (Linux; Android 7.0; SM-G950F Build/NRD90M) AppleWebKit/537.36 (KHTML, like Gecko) Chrome/59.0.3071.125 Mobile Safari/537.36"
188.23.223.127 - - [04/Aug/2017:02:29:58 +0200] "GET /img/smallicon-mail.png HTTP/1.1" 200 1341 "http://www.easydrivers.at/wieselburg" "Mozilla/5.0 (Linux; Android 7.0; SM-G950F Build/NRD90M) AppleWebKit/537.36 (KHTML, like Gecko) Chrome/59.0.3071.125 Mobile Safari/537.36"
188.23.223.127 - - [04/Aug/2017:02:29:59 +0200] "GET /img/favicon.ico HTTP/1.1" 404 300 "http://www.easydrivers.at/wieselburg" "Mozilla/5.0 (Linux; Android 7.0; SM-G950F Build/NRD90M) AppleWebKit/537.36 (KHTML, like Gecko) Chrome/59.0.3071.125 Mobile Safari/537.36"
40.77.167.183 - - [04/Aug/2017:02:30:00 +0200] "GET /schwechat HTTP/1.1" 200 3630 "-" "Mozilla/5.0 (compatible; bingbot/2.0; +http://www.bing.com/bingbot.htm)"
212.225.226.27 - - [04/Aug/2017:02:30:08 +0200] "GET /waidhofen.ybbs HTTP/1.1" 200 11790 "-" "Java/1.7.0_79"
212.225.226.27 - - [04/Aug/2017:02:30:19 +0200] "GET /wr.neustadt HTTP/1.1" 200 11691 "-" "Java/1.7.0_79"
212.225.226.27 - - [04/Aug/2017:02:30:27 +0200] "GET /about:blank HTTP/1.1" 404 8373 "-" "Java/1.7.0_79"
212.225.226.27 - - [04/Aug/2017:02:30:29 +0200] "GET /amstetten HTTP/1.1" 200 12054 "-" "Java/1.7.0_79"
212.225.226.27 - - [04/Aug/2017:02:30:43 +0200] "GET /app HTTP/1.1" 200 8705 "-" "Java/1.7.0_79"
68.180.228.52 - - [04/Aug/2017:02:30:44 +0200] "GET /binaries/easy-drivers---skarabela-gro/e3paketpdf.pdf HTTP/1.1" 200 4498591 "-" "Mozilla/5.0 (compatible; Yahoo! Slurp; http://help.yahoo.com/help/us/ysearch/slurp)"
68.180.228.52 - - [04/Aug/2017:02:30:54 +0200] "GET /ybbs HTTP/1.1" 200 3608 "-" "Mozilla/5.0 (compatible; Yahoo! Slurp; http://help.yahoo.com/help/us/ysearch/slurp)"
212.225.226.27 - - [04/Aug/2017:02:30:56 +0200] "GET /berndorf HTTP/1.1" 200 12339 "-" "Java/1.7.0_79"
212.225.226.27 - - [04/Aug/2017:02:31:06 +0200] "GET /bludenz HTTP/1.1" 200 11758 "-" "Java/1.7.0_79"
212.225.226.27 - - [04/Aug/2017:02:31:19 +0200] "GET /brigittenau HTTP/1.1" 200 12075 "-" "Java/1.7.0_79"
212.225.226.27 - - [04/Aug/2017:02:31:37 +0200] "GET /dornbirn HTTP/1.1" 200 12229 "-" "Java/1.7.0_79"
40.77.167.99 - - [04/Aug/2017:02:31:41 +0200] "GET /skarabela.gross-enzersdorf HTTP/1.1" 200 3625 "-" "Mozilla/5.0 (compatible; bingbot/2.0; +http://www.bing.com/bingbot.htm)"
40.77.167.156 - - [04/Aug/2017:02:31:44 +0200] "GET /schwechat HTTP/1.1" 200 3628 "-" "Mozilla/5.0 (compatible; bingbot/2.0; +http://www.bing.com/bingbot.htm)"
212.225.226.27 - - [04/Aug/2017:02:31:52 +0200] "GET /eisenstadt HTTP/1.1" 200 10700 "-" "Java/1.7.0_79"
40.77.167.156 - - [04/Aug/2017:02:31:59 +0200] "GET /schwechat HTTP/1.1" 200 3628 "-" "Mozilla/5.0 (compatible; bingbot/2.0; +http://www.bing.com/bingbot.htm)"
84.112.41.209 - - [04/Aug/2017:02:32:04 +0200] "GET / HTTP/1.1" 301 293 "-" "Mozilla/5.0 (Windows NT 10.0; Win64; x64) AppleWebKit/537.36 (KHTML, like Gecko) Chrome/60.0.3112.90 Safari/537.36"
84.112.41.209 - - [04/Aug/2017:02:32:04 +0200] "GET / HTTP/1.1" 200 4410 "-" "Mozilla/5.0 (Windows NT 10.0; Win64; x64) AppleWebKit/537.36 (KHTML, like Gecko) Chrome/60.0.3112.90 Safari/537.36"
84.112.41.209 - - [04/Aug/2017:02:32:06 +0200] "GET /css/style.css HTTP/1.1" 200 5004 "http://www.easydrivers.at/" "Mozilla/5.0 (Windows NT 10.0; Win64; x64) AppleWebKit/537.36 (KHTML, like Gecko) Chrome/60.0.3112.90 Safari/537.36"
84.112.41.209 - - [04/Aug/2017:02:32:06 +0200] "GET /javascript/jquery.customSelect.min.js HTTP/1.1" 200 912 "http://www.easydrivers.at/" "Mozilla/5.0 (Windows NT 10.0; Win64; x64) AppleWebKit/537.36 (KHTML, like Gecko) Chrome/60.0.3112.90 Safari/537.36"
84.112.41.209 - - [04/Aug/2017:02:32:06 +0200] "GET /javascript/jquery.simplemodal.js HTTP/1.1" 200 3070 "http://www.easydrivers.at/" "Mozilla/5.0 (Windows NT 10.0; Win64; x64) AppleWebKit/537.36 (KHTML, like Gecko) Chrome/60.0.3112.90 Safari/537.36"
84.112.41.209 - - [04/Aug/2017:02:32:06 +0200] "GET /javascript/jquery.cookie.js HTTP/1.1" 200 863 "http://www.easydrivers.at/" "Mozilla/5.0 (Windows NT 10.0; Win64; x64) AppleWebKit/537.36 (KHTML, like Gecko) Chrome/60.0.3112.90 Safari/537.36"
84.112.41.209 - - [04/Aug/2017:02:32:06 +0200] "GET /javascript/portal.js?1221842734 HTTP/1.1" 200 3529 "http://www.easydrivers.at/" "Mozilla/5.0 (Windows NT 10.0; Win64; x64) AppleWebKit/537.36 (KHTML, like Gecko) Chrome/60.0.3112.90 Safari/537.36"
84.112.41.209 - - [04/Aug/2017:02:32:06 +0200] "GET /javascript/homesearch.js HTTP/1.1" 200 393 "http://www.easydrivers.at/" "Mozilla/5.0 (Windows NT 10.0; Win64; x64) AppleWebKit/537.36 (KHTML, like Gecko) Chrome/60.0.3112.90 Safari/537.36"
84.112.41.209 - - [04/Aug/2017:02:32:06 +0200] "GET /javascript/lazyload.js HTTP/1.1" 200 1170 "http://www.easydrivers.at/" "Mozilla/5.0 (Windows NT 10.0; Win64; x64) AppleWebKit/537.36 (KHTML, like Gecko) Chrome/60.0.3112.90 Safari/537.36"
84.112.41.209 - - [04/Aug/2017:02:32:06 +0200] "GET /img/close-button.png HTTP/1.1" 200 2237 "http://www.easydrivers.at/" "Mozilla/5.0 (Windows NT 10.0; Win64; x64) AppleWebKit/537.36 (KHTML, like Gecko) Chrome/60.0.3112.90 Safari/537.36"
84.112.41.209 - - [04/Aug/2017:02:32:06 +0200] "GET /img/facebook-icon.png HTTP/1.1" 200 1506 "http://www.easydrivers.at/" "Mozilla/5.0 (Windows NT 10.0; Win64; x64) AppleWebKit/537.36 (KHTML, like Gecko) Chrome/60.0.3112.90 Safari/537.36"
84.112.41.209 - - [04/Aug/2017:02:32:06 +0200] "GET /img/submit-button.png HTTP/1.1" 200 1958 "http://www.easydrivers.at/" "Mozilla/5.0 (Windows NT 10.0; Win64; x64) AppleWebKit/537.36 (KHTML, like Gecko) Chrome/60.0.3112.90 Safari/537.36"
84.112.41.209 - - [04/Aug/2017:02:32:06 +0200] "GET /binaries/easy-drivers-portal/widget-icon-trainingpng.png HTTP/1.1" 200 2662 "http://www.easydrivers.at/" "Mozilla/5.0 (Windows NT 10.0; Win64; x64) AppleWebKit/537.36 (KHTML, like Gecko) Chrome/60.0.3112.90 Safari/537.36"
84.112.41.209 - - [04/Aug/2017:02:32:06 +0200] "GET /img/empty.gif HTTP/1.1" 200 43 "http://www.easydrivers.at/" "Mozilla/5.0 (Windows NT 10.0; Win64; x64) AppleWebKit/537.36 (KHTML, like Gecko) Chrome/60.0.3112.90 Safari/537.36"
84.112.41.209 - - [04/Aug/2017:02:32:06 +0200] "GET /binaries/easy-drivers-portal/widget-icon-expertspng.png HTTP/1.1" 200 2159 "http://www.easydrivers.at/" "Mozilla/5.0 (Windows NT 10.0; Win64; x64) AppleWebKit/537.36 (KHTML, like Gecko) Chrome/60.0.3112.90 Safari/537.36"
84.112.41.209 - - [04/Aug/2017:02:32:06 +0200] "GET /binaries/easy-drivers-portal/edradfahrschullogowidget160x90pxpng.png HTTP/1.1" 200 23394 "http://www.easydrivers.at/" "Mozilla/5.0 (Windows NT 10.0; Win64; x64) AppleWebKit/537.36 (KHTML, like Gecko) Chrome/60.0.3112.90 Safari/537.36"
84.112.41.209 - - [04/Aug/2017:02:32:06 +0200] "GET /binaries/easy-drivers-portal/widget-icon-apppng.png HTTP/1.1" 200 2432 "http://www.easydrivers.at/" "Mozilla/5.0 (Windows NT 10.0; Win64; x64) AppleWebKit/537.36 (KHTML, like Gecko) Chrome/60.0.3112.90 Safari/537.36"
84.112.41.209 - - [04/Aug/2017:02:32:06 +0200] "GET /img/schweiz-icon.png HTTP/1.1" 200 1504 "http://www.easydrivers.at/" "Mozilla/5.0 (Windows NT 10.0; Win64; x64) AppleWebKit/537.36 (KHTML, like Gecko) Chrome/60.0.3112.90 Safari/537.36"
84.112.41.209 - - [04/Aug/2017:02:32:06 +0200] "GET /css/print.css HTTP/1.1" 200 967 "http://www.easydrivers.at/" "Mozilla/5.0 (Windows NT 10.0; Win64; x64) AppleWebKit/537.36 (KHTML, like Gecko) Chrome/60.0.3112.90 Safari/537.36"
84.112.41.209 - - [04/Aug/2017:02:32:06 +0200] "GET /img/purple-dots-horizontal.png HTTP/1.1" 200 977 "http://www.easydrivers.at/css/style.css" "Mozilla/5.0 (Windows NT 10.0; Win64; x64) AppleWebKit/537.36 (KHTML, like Gecko) Chrome/60.0.3112.90 Safari/537.36"
84.112.41.209 - - [04/Aug/2017:02:32:06 +0200] "GET /img/yellow-dots-vertical.png HTTP/1.1" 200 981 "http://www.easydrivers.at/css/style.css" "Mozilla/5.0 (Windows NT 10.0; Win64; x64) AppleWebKit/537.36 (KHTML, like Gecko) Chrome/60.0.3112.90 Safari/537.36"
84.112.41.209 - - [04/Aug/2017:02:32:06 +0200] "GET /img/bg-header.jpg HTTP/1.1" 200 38680 "http://www.easydrivers.at/css/style.css" "Mozilla/5.0 (Windows NT 10.0; Win64; x64) AppleWebKit/537.36 (KHTML, like Gecko) Chrome/60.0.3112.90 Safari/537.36"
84.112.41.209 - - [04/Aug/2017:02:32:06 +0200] "GET /img/black-dots-vertical.png HTTP/1.1" 200 1165 "http://www.easydrivers.at/css/style.css" "Mozilla/5.0 (Windows NT 10.0; Win64; x64) AppleWebKit/537.36 (KHTML, like Gecko) Chrome/60.0.3112.90 Safari/537.36"
84.112.41.209 - - [04/Aug/2017:02:32:06 +0200] "GET /img/bg-footer.jpg HTTP/1.1" 200 31770 "http://www.easydrivers.at/css/style.css" "Mozilla/5.0 (Windows NT 10.0; Win64; x64) AppleWebKit/537.36 (KHTML, like Gecko) Chrome/60.0.3112.90 Safari/537.36"
84.112.41.209 - - [04/Aug/2017:02:32:06 +0200] "GET /img/selection-box-button.png HTTP/1.1" 200 1079 "http://www.easydrivers.at/css/style.css" "Mozilla/5.0 (Windows NT 10.0; Win64; x64) AppleWebKit/537.36 (KHTML, like Gecko) Chrome/60.0.3112.90 Safari/537.36"
84.112.41.209 - - [04/Aug/2017:02:32:06 +0200] "GET /img/kursicon-print-pink.png HTTP/1.1" 200 1125 "http://www.easydrivers.at/" "Mozilla/5.0 (Windows NT 10.0; Win64; x64) AppleWebKit/537.36 (KHTML, like Gecko) Chrome/60.0.3112.90 Safari/537.36"
84.112.41.209 - - [04/Aug/2017:02:32:06 +0200] "GET /img/kursicon-share-pink.png HTTP/1.1" 200 1277 "http://www.easydrivers.at/" "Mozilla/5.0 (Windows NT 10.0; Win64; x64) AppleWebKit/537.36 (KHTML, like Gecko) Chrome/60.0.3112.90 Safari/537.36"
84.112.41.209 - - [04/Aug/2017:02:32:06 +0200] "GET /img/kursicon-download-pink.png HTTP/1.1" 200 1213 "http://www.easydrivers.at/" "Mozilla/5.0 (Windows NT 10.0; Win64; x64) AppleWebKit/537.36 (KHTML, like Gecko) Chrome/60.0.3112.90 Safari/537.36"
84.112.41.209 - - [04/Aug/2017:02:32:06 +0200] "GET /img/ED_Logo.png HTTP/1.1" 200 3385 "http://www.easydrivers.at/css/style.css" "Mozilla/5.0 (Windows NT 10.0; Win64; x64) AppleWebKit/537.36 (KHTML, like Gecko) Chrome/60.0.3112.90 Safari/537.36"
84.112.41.209 - - [04/Aug/2017:02:32:06 +0200] "GET /img/bg-top-section.jpg HTTP/1.1" 200 82172 "http://www.easydrivers.at/css/style.css" "Mozilla/5.0 (Windows NT 10.0; Win64; x64) AppleWebKit/537.36 (KHTML, like Gecko) Chrome/60.0.3112.90 Safari/537.36"
212.225.226.27 - - [04/Aug/2017:02:32:07 +0200] "GET /enns HTTP/1.1" 200 11160 "-" "Java/1.7.0_79"
84.112.41.209 - - [04/Aug/2017:02:32:09 +0200] "GET /img/kursicon-phone-pink.png HTTP/1.1" 200 1286 "http://www.easydrivers.at/" "Mozilla/5.0 (Windows NT 10.0; Win64; x64) AppleWebKit/537.36 (KHTML, like Gecko) Chrome/60.0.3112.90 Safari/537.36"
84.112.41.209 - - [04/Aug/2017:02:32:09 +0200] "GET /img/new_favicon.ico HTTP/1.1" 200 1150 "http://www.easydrivers.at/" "Mozilla/5.0 (Windows NT 10.0; Win64; x64) AppleWebKit/537.36 (KHTML, like Gecko) Chrome/60.0.3112.90 Safari/537.36"
84.112.41.209 - - [04/Aug/2017:02:32:11 +0200] "GET /brigittenau HTTP/1.1" 200 3732 "http://www.easydrivers.at/" "Mozilla/5.0 (Windows NT 10.0; Win64; x64) AppleWebKit/537.36 (KHTML, like Gecko) Chrome/60.0.3112.90 Safari/537.36"
84.112.41.209 - - [04/Aug/2017:02:32:13 +0200] "GET /javascript/fahrschule.js HTTP/1.1" 200 462 "http://www.easydrivers.at/brigittenau" "Mozilla/5.0 (Windows NT 10.0; Win64; x64) AppleWebKit/537.36 (KHTML, like Gecko) Chrome/60.0.3112.90 Safari/537.36"
84.112.41.209 - - [04/Aug/2017:02:32:13 +0200] "GET /img/info-button.png HTTP/1.1" 200 738 "http://www.easydrivers.at/brigittenau" "Mozilla/5.0 (Windows NT 10.0; Win64; x64) AppleWebKit/537.36 (KHTML, like Gecko) Chrome/60.0.3112.90 Safari/537.36"
84.112.41.209 - - [04/Aug/2017:02:32:13 +0200] "GET /cache/emu/images/easy-drivers-portal10244083/schnellkursjpg_160_90_0.jpg HTTP/1.1" 200 4214 "http://www.easydrivers.at/brigittenau" "Mozilla/5.0 (Windows NT 10.0; Win64; x64) AppleWebKit/537.36 (KHTML, like Gecko) Chrome/60.0.3112.90 Safari/537.36"
84.112.41.209 - - [04/Aug/2017:02:32:13 +0200] "GET /cache/emu/images/easy-drivers-portal10244077/aktionjpg_160_90_0.jpg HTTP/1.1" 200 3346 "http://www.easydrivers.at/brigittenau" "Mozilla/5.0 (Windows NT 10.0; Win64; x64) AppleWebKit/537.36 (KHTML, like Gecko) Chrome/60.0.3112.90 Safari/537.36"
84.112.41.209 - - [04/Aug/2017:02:32:13 +0200] "GET /img/close-button-small.png HTTP/1.1" 200 1671 "http://www.easydrivers.at/brigittenau" "Mozilla/5.0 (Windows NT 10.0; Win64; x64) AppleWebKit/537.36 (KHTML, like Gecko) Chrome/60.0.3112.90 Safari/537.36"
84.112.41.209 - - [04/Aug/2017:02:32:13 +0200] "GET /img/locator-icon.png HTTP/1.1" 200 1377 "http://www.easydrivers.at/brigittenau" "Mozilla/5.0 (Windows NT 10.0; Win64; x64) AppleWebKit/537.36 (KHTML, like Gecko) Chrome/60.0.3112.90 Safari/537.36"
40.77.167.156 - - [04/Aug/2017:02:32:14 +0200] "GET /bruck.leitha/10279430?FS=B-L17 HTTP/1.1" 200 6240 "-" "Mozilla/5.0 (compatible; bingbot/2.0; +http://www.bing.com/bingbot.htm)"
84.112.41.209 - - [04/Aug/2017:02:32:17 +0200] "GET /img/loading-bars.gif HTTP/1.1" 200 3951 "http://www.easydrivers.at/css/style.css" "Mozilla/5.0 (Windows NT 10.0; Win64; x64) AppleWebKit/537.36 (KHTML, like Gecko) Chrome/60.0.3112.90 Safari/537.36"
84.112.41.209 - - [04/Aug/2017:02:32:17 +0200] "POST /brigittenau/kursauswahl HTTP/1.1" 200 4423 "http://www.easydrivers.at/brigittenau" "Mozilla/5.0 (Windows NT 10.0; Win64; x64) AppleWebKit/537.36 (KHTML, like Gecko) Chrome/60.0.3112.90 Safari/537.36"
84.112.41.209 - - [04/Aug/2017:02:32:20 +0200] "GET /css/showLoading.css HTTP/1.1" 200 219 "http://www.easydrivers.at/brigittenau/kursauswahl" "Mozilla/5.0 (Windows NT 10.0; Win64; x64) AppleWebKit/537.36 (KHTML, like Gecko) Chrome/60.0.3112.90 Safari/537.36"
84.112.41.209 - - [04/Aug/2017:02:32:20 +0200] "GET /javascript/jquery.showLoading.min.js HTTP/1.1" 200 1136 "http://www.easydrivers.at/brigittenau/kursauswahl" "Mozilla/5.0 (Windows NT 10.0; Win64; x64) AppleWebKit/537.36 (KHTML, like Gecko) Chrome/60.0.3112.90 Safari/537.36"
84.112.41.209 - - [04/Aug/2017:02:32:20 +0200] "GET /javascript/jquery.base64.min.js HTTP/1.1" 200 37135 "http://www.easydrivers.at/brigittenau/kursauswahl" "Mozilla/5.0 (Windows NT 10.0; Win64; x64) AppleWebKit/537.36 (KHTML, like Gecko) Chrome/60.0.3112.90 Safari/537.36"
84.112.41.209 - - [04/Aug/2017:02:32:20 +0200] "GET /img/top-image-overlay.png HTTP/1.1" 200 20650 "http://www.easydrivers.at/css/style.css" "Mozilla/5.0 (Windows NT 10.0; Win64; x64) AppleWebKit/537.36 (KHTML, like Gecko) Chrome/60.0.3112.90 Safari/537.36"
84.112.41.209 - - [04/Aug/2017:02:32:20 +0200] "GET /binaries/easy-drivers-portal/motorrad6jpg.jpg HTTP/1.1" 200 83216 "http://www.easydrivers.at/brigittenau/kursauswahl" "Mozilla/5.0 (Windows NT 10.0; Win64; x64) AppleWebKit/537.36 (KHTML, like Gecko) Chrome/60.0.3112.90 Safari/537.36"
84.112.41.209 - - [04/Aug/2017:02:32:20 +0200] "GET /img/bg-yellow.jpg HTTP/1.1" 200 2250 "http://www.easydrivers.at/css/style.css" "Mozilla/5.0 (Windows NT 10.0; Win64; x64) AppleWebKit/537.36 (KHTML, like Gecko) Chrome/60.0.3112.90 Safari/537.36"
84.112.41.209 - - [04/Aug/2017:02:32:20 +0200] "GET /img/arrow-left.png HTTP/1.1" 200 1015 "http://www.easydrivers.at/css/style.css" "Mozilla/5.0 (Windows NT 10.0; Win64; x64) AppleWebKit/537.36 (KHTML, like Gecko) Chrome/60.0.3112.90 Safari/537.36"
212.225.226.27 - - [04/Aug/2017:02:32:24 +0200] "GET /fahrschulen HTTP/1.1" 200 12396 "-" "Java/1.7.0_79"
216.244.66.202 - - [04/Aug/2017:02:32:25 +0200] "GET /klagenfurt/kurse HTTP/1.1" 200 15346 "-" "Mozilla/5.0 (compatible; DotBot/1.1; http://www.opensiteexplorer.org/dotbot, help@moz.com)"
54.89.6.109 - - [04/Aug/2017:02:32:28 +0200] "GET / HTTP/1.1" 301 295 "-" "Mozilla/5.0 (Macintosh; Intel Mac OS X 10_12_5) AppleWebKit/537.36 (KHTML, like Gecko) Chrome/58.0.3029.110 Safari/537.36"
54.89.6.109 - - [04/Aug/2017:02:32:29 +0200] "GET / HTTP/1.1" 200 4410 "-" "Mozilla/5.0 (Macintosh; Intel Mac OS X 10_12_5) AppleWebKit/537.36 (KHTML, like Gecko) Chrome/58.0.3029.110 Safari/537.36"
212.225.226.27 - - [04/Aug/2017:02:32:39 +0200] "GET /feldkirch HTTP/1.1" 200 11498 "-" "Java/1.7.0_79"
212.225.226.27 - - [04/Aug/2017:02:32:46 +0200] "GET /gmuend HTTP/1.1" 200 11400 "-" "Java/1.7.0_79"
157.55.39.229 - - [04/Aug/2017:02:32:52 +0200] "GET /feldkirch HTTP/1.1" 200 3538 "-" "Mozilla/5.0 (compatible; bingbot/2.0; +http://www.bing.com/bingbot.htm)"
212.225.226.27 - - [04/Aug/2017:02:32:53 +0200] "GET /guessing HTTP/1.1" 200 11602 "-" "Java/1.7.0_79"
40.77.167.156 - - [04/Aug/2017:02:32:59 +0200] "GET /linz HTTP/1.1" 200 3374 "-" "Mozilla/5.0 (compatible; bingbot/2.0; +http://www.bing.com/bingbot.htm)"
212.225.226.27 - - [04/Aug/2017:02:33:04 +0200] "GET /hartberg HTTP/1.1" 200 12190 "-" "Java/1.7.0_79"
66.249.70.14 - - [04/Aug/2017:02:33:09 +0200] "GET /spittelau HTTP/1.1" 200 3687 "-" "Mozilla/5.0 (compatible; Googlebot/2.1; +http://www.google.com/bot.html)"
212.225.226.27 - - [04/Aug/2017:02:33:22 +0200] "GET /hollabrunn HTTP/1.1" 200 12318 "-" "Java/1.7.0_79"
212.225.226.27 - - [04/Aug/2017:02:33:37 +0200] "GET /horn HTTP/1.1" 200 11329 "-" "Java/1.7.0_79"
157.55.39.229 - - [04/Aug/2017:02:34:59 +0200] "GET /fahrschulen HTTP/1.1" 200 3924 "-" "Mozilla/5.0 (compatible; bingbot/2.0; +http://www.bing.com/bingbot.htm)"
151.42.76.230 - - [04/Aug/2017:02:35:17 +0200] "GET /wp-login.php HTTP/1.1" 404 8373 "-" "Mozilla/5.0 (Windows NT 6.1; WOW64; rv:40.0) Gecko/20100101 Firefox/40.1"
151.42.76.230 - - [04/Aug/2017:02:35:22 +0200] "GET / HTTP/1.1" 200 15953 "-" "Mozilla/5.0 (Windows NT 6.1; WOW64; rv:40.0) Gecko/20100101 Firefox/40.1"
216.244.66.202 - - [04/Aug/2017:02:35:33 +0200] "GET /ennstal.schladming/kk_17.03.2014 HTTP/1.1" 410 11410 "-" "Mozilla/5.0 (compatible; DotBot/1.1; http://www.opensiteexplorer.org/dotbot, help@moz.com)"
40.77.167.183 - - [04/Aug/2017:02:35:53 +0200] "GET /gmuend HTTP/1.1" 200 3478 "-" "Mozilla/5.0 (compatible; bingbot/2.0; +http://www.bing.com/bingbot.htm)"
217.250.169.222 - - [04/Aug/2017:02:35:56 +0200] "GET /binaries/easy-drivers-waidhofen-a-d-ybbs/karenzvertretungwypdf-2.pdf HTTP/1.1" 304 - "-" "Mozilla/5.0 (Windows; U; Windows NT 6.0; de; rv:1.9.2.3) Gecko/20100401 Firefox/3.6.3 ( .NET CLR 3.5.30729)"
178.165.129.221 - - [04/Aug/2017:02:36:01 +0200] "GET /innsbruck HTTP/1.1" 200 3670 "https://www.google.at/" "Mozilla/5.0 (Windows NT 6.3; Win64; x64) AppleWebKit/537.36 (KHTML, like Gecko) Chrome/59.0.3071.115 Safari/537.36"
178.165.129.221 - - [04/Aug/2017:02:36:03 +0200] "GET /css/style.css HTTP/1.1" 200 5004 "http://www.easydrivers.at/innsbruck" "Mozilla/5.0 (Windows NT 6.3; Win64; x64) AppleWebKit/537.36 (KHTML, like Gecko) Chrome/59.0.3071.115 Safari/537.36"
178.165.129.221 - - [04/Aug/2017:02:36:03 +0200] "GET /javascript/jquery.customSelect.min.js HTTP/1.1" 200 912 "http://www.easydrivers.at/innsbruck" "Mozilla/5.0 (Windows NT 6.3; Win64; x64) AppleWebKit/537.36 (KHTML, like Gecko) Chrome/59.0.3071.115 Safari/537.36"
178.165.129.221 - - [04/Aug/2017:02:36:03 +0200] "GET /javascript/jquery.cookie.js HTTP/1.1" 200 863 "http://www.easydrivers.at/innsbruck" "Mozilla/5.0 (Windows NT 6.3; Win64; x64) AppleWebKit/537.36 (KHTML, like Gecko) Chrome/59.0.3071.115 Safari/537.36"
178.165.129.221 - - [04/Aug/2017:02:36:03 +0200] "GET /javascript/portal.js?1221842734 HTTP/1.1" 200 3529 "http://www.easydrivers.at/innsbruck" "Mozilla/5.0 (Windows NT 6.3; Win64; x64) AppleWebKit/537.36 (KHTML, like Gecko) Chrome/59.0.3071.115 Safari/537.36"
178.165.129.221 - - [04/Aug/2017:02:36:03 +0200] "GET /javascript/jquery.simplemodal.js HTTP/1.1" 200 3070 "http://www.easydrivers.at/innsbruck" "Mozilla/5.0 (Windows NT 6.3; Win64; x64) AppleWebKit/537.36 (KHTML, like Gecko) Chrome/59.0.3071.115 Safari/537.36"
178.165.129.221 - - [04/Aug/2017:02:36:03 +0200] "GET /javascript/fahrschule.js HTTP/1.1" 200 462 "http://www.easydrivers.at/innsbruck" "Mozilla/5.0 (Windows NT 6.3; Win64; x64) AppleWebKit/537.36 (KHTML, like Gecko) Chrome/59.0.3071.115 Safari/537.36"
178.165.129.221 - - [04/Aug/2017:02:36:03 +0200] "GET /img/info-button.png HTTP/1.1" 200 738 "http://www.easydrivers.at/innsbruck" "Mozilla/5.0 (Windows NT 6.3; Win64; x64) AppleWebKit/537.36 (KHTML, like Gecko) Chrome/59.0.3071.115 Safari/537.36"
178.165.129.221 - - [04/Aug/2017:02:36:03 +0200] "GET /img/close-button.png HTTP/1.1" 200 2237 "http://www.easydrivers.at/innsbruck" "Mozilla/5.0 (Windows NT 6.3; Win64; x64) AppleWebKit/537.36 (KHTML, like Gecko) Chrome/59.0.3071.115 Safari/537.36"
178.165.129.221 - - [04/Aug/2017:02:36:03 +0200] "GET /javascript/lazyload.js HTTP/1.1" 200 1170 "http://www.easydrivers.at/innsbruck" "Mozilla/5.0 (Windows NT 6.3; Win64; x64) AppleWebKit/537.36 (KHTML, like Gecko) Chrome/59.0.3071.115 Safari/537.36"
178.165.129.221 - - [04/Aug/2017:02:36:03 +0200] "GET /img/facebook-icon.png HTTP/1.1" 200 1506 "http://www.easydrivers.at/innsbruck" "Mozilla/5.0 (Windows NT 6.3; Win64; x64) AppleWebKit/537.36 (KHTML, like Gecko) Chrome/59.0.3071.115 Safari/537.36"
178.165.129.221 - - [04/Aug/2017:02:36:03 +0200] "GET /img/locator-icon.png HTTP/1.1" 200 1377 "http://www.easydrivers.at/innsbruck" "Mozilla/5.0 (Windows NT 6.3; Win64; x64) AppleWebKit/537.36 (KHTML, like Gecko) Chrome/59.0.3071.115 Safari/537.36"
178.165.129.221 - - [04/Aug/2017:02:36:03 +0200] "GET /img/close-button-small.png HTTP/1.1" 200 1671 "http://www.easydrivers.at/innsbruck" "Mozilla/5.0 (Windows NT 6.3; Win64; x64) AppleWebKit/537.36 (KHTML, like Gecko) Chrome/59.0.3071.115 Safari/537.36"
178.165.129.221 - - [04/Aug/2017:02:36:03 +0200] "GET /img/ed_pfeil_down.png HTTP/1.1" 200 3634 "http://www.easydrivers.at/innsbruck" "Mozilla/5.0 (Windows NT 6.3; Win64; x64) AppleWebKit/537.36 (KHTML, like Gecko) Chrome/59.0.3071.115 Safari/537.36"
178.165.129.221 - - [04/Aug/2017:02:36:03 +0200] "GET /img/submit-button.png HTTP/1.1" 200 1958 "http://www.easydrivers.at/innsbruck" "Mozilla/5.0 (Windows NT 6.3; Win64; x64) AppleWebKit/537.36 (KHTML, like Gecko) Chrome/59.0.3071.115 Safari/537.36"
178.165.129.221 - - [04/Aug/2017:02:36:03 +0200] "GET /cache/emu/images/easy-drivers-portal10244080/fuehrerscheinbjpg_160_90_0.jpg HTTP/1.1" 200 4032 "http://www.easydrivers.at/innsbruck" "Mozilla/5.0 (Windows NT 6.3; Win64; x64) AppleWebKit/537.36 (KHTML, like Gecko) Chrome/59.0.3071.115 Safari/537.36"
178.165.129.221 - - [04/Aug/2017:02:36:03 +0200] "GET /img/purple-dots-horizontal.png HTTP/1.1" 200 977 "http://www.easydrivers.at/css/style.css" "Mozilla/5.0 (Windows NT 6.3; Win64; x64) AppleWebKit/537.36 (KHTML, like Gecko) Chrome/59.0.3071.115 Safari/537.36"
178.165.129.221 - - [04/Aug/2017:02:36:03 +0200] "GET /binaries/easy-drivers-harm-innsbruck/standort-innsbruck1png.png HTTP/1.1" 200 307676 "http://www.easydrivers.at/innsbruck" "Mozilla/5.0 (Windows NT 6.3; Win64; x64) AppleWebKit/537.36 (KHTML, like Gecko) Chrome/59.0.3071.115 Safari/537.36"
178.165.129.221 - - [04/Aug/2017:02:36:04 +0200] "GET /img/bg-header.jpg HTTP/1.1" 200 38680 "http://www.easydrivers.at/css/style.css" "Mozilla/5.0 (Windows NT 6.3; Win64; x64) AppleWebKit/537.36 (KHTML, like Gecko) Chrome/59.0.3071.115 Safari/537.36"
178.165.129.221 - - [04/Aug/2017:02:36:04 +0200] "GET /img/bg-top-section.jpg HTTP/1.1" 200 82172 "http://www.easydrivers.at/css/style.css" "Mozilla/5.0 (Windows NT 6.3; Win64; x64) AppleWebKit/537.36 (KHTML, like Gecko) Chrome/59.0.3071.115 Safari/537.36"
178.165.129.221 - - [04/Aug/2017:02:36:05 +0200] "GET /img/ED_Logo.png HTTP/1.1" 200 3385 "http://www.easydrivers.at/css/style.css" "Mozilla/5.0 (Windows NT 6.3; Win64; x64) AppleWebKit/537.36 (KHTML, like Gecko) Chrome/59.0.3071.115 Safari/537.36"
178.165.129.221 - - [04/Aug/2017:02:36:05 +0200] "GET /img/empty.gif HTTP/1.1" 200 43 "http://www.easydrivers.at/innsbruck" "Mozilla/5.0 (Windows NT 6.3; Win64; x64) AppleWebKit/537.36 (KHTML, like Gecko) Chrome/59.0.3071.115 Safari/537.36"
178.165.129.221 - - [04/Aug/2017:02:36:05 +0200] "GET /cache/emu/images/easy-drivers-portal10244083/schnellkursjpg_160_90_0.jpg HTTP/1.1" 200 4214 "http://www.easydrivers.at/innsbruck" "Mozilla/5.0 (Windows NT 6.3; Win64; x64) AppleWebKit/537.36 (KHTML, like Gecko) Chrome/59.0.3071.115 Safari/537.36"
178.165.129.221 - - [04/Aug/2017:02:36:05 +0200] "GET /binaries/easy-drivers-portal/edradfahrschullogowidget160x90pxpng.png HTTP/1.1" 200 23394 "http://www.easydrivers.at/innsbruck" "Mozilla/5.0 (Windows NT 6.3; Win64; x64) AppleWebKit/537.36 (KHTML, like Gecko) Chrome/59.0.3071.115 Safari/537.36"
178.165.129.221 - - [04/Aug/2017:02:36:05 +0200] "GET /img/schweiz-icon.png HTTP/1.1" 200 1504 "http://www.easydrivers.at/innsbruck" "Mozilla/5.0 (Windows NT 6.3; Win64; x64) AppleWebKit/537.36 (KHTML, like Gecko) Chrome/59.0.3071.115 Safari/537.36"
178.165.129.221 - - [04/Aug/2017:02:36:05 +0200] "GET /img/yellow-dots-vertical.png HTTP/1.1" 200 981 "http://www.easydrivers.at/css/style.css" "Mozilla/5.0 (Windows NT 6.3; Win64; x64) AppleWebKit/537.36 (KHTML, like Gecko) Chrome/59.0.3071.115 Safari/537.36"
178.165.129.221 - - [04/Aug/2017:02:36:05 +0200] "GET /img/bg-footer.jpg HTTP/1.1" 200 31770 "http://www.easydrivers.at/css/style.css" "Mozilla/5.0 (Windows NT 6.3; Win64; x64) AppleWebKit/537.36 (KHTML, like Gecko) Chrome/59.0.3071.115 Safari/537.36"
178.165.129.221 - - [04/Aug/2017:02:36:06 +0200] "GET /img/kursicon-print-pink.png HTTP/1.1" 200 1125 "http://www.easydrivers.at/innsbruck" "Mozilla/5.0 (Windows NT 6.3; Win64; x64) AppleWebKit/537.36 (KHTML, like Gecko) Chrome/59.0.3071.115 Safari/537.36"
178.165.129.221 - - [04/Aug/2017:02:36:06 +0200] "GET /img/kursicon-download-pink.png HTTP/1.1" 200 1213 "http://www.easydrivers.at/innsbruck" "Mozilla/5.0 (Windows NT 6.3; Win64; x64) AppleWebKit/537.36 (KHTML, like Gecko) Chrome/59.0.3071.115 Safari/537.36"
178.165.129.221 - - [04/Aug/2017:02:36:06 +0200] "GET /img/kursicon-share-pink.png HTTP/1.1" 200 1277 "http://www.easydrivers.at/innsbruck" "Mozilla/5.0 (Windows NT 6.3; Win64; x64) AppleWebKit/537.36 (KHTML, like Gecko) Chrome/59.0.3071.115 Safari/537.36"
178.165.129.221 - - [04/Aug/2017:02:36:07 +0200] "GET /img/kursicon-phone-pink.png HTTP/1.1" 200 1286 "http://www.easydrivers.at/innsbruck" "Mozilla/5.0 (Windows NT 6.3; Win64; x64) AppleWebKit/537.36 (KHTML, like Gecko) Chrome/59.0.3071.115 Safari/537.36"
178.165.129.221 - - [04/Aug/2017:02:36:07 +0200] "GET /css/print.css HTTP/1.1" 200 967 "http://www.easydrivers.at/innsbruck" "Mozilla/5.0 (Windows NT 6.3; Win64; x64) AppleWebKit/537.36 (KHTML, like Gecko) Chrome/59.0.3071.115 Safari/537.36"
178.165.129.221 - - [04/Aug/2017:02:36:07 +0200] "GET /img/new_favicon.ico HTTP/1.1" 200 1150 "http://www.easydrivers.at/innsbruck" "Mozilla/5.0 (Windows NT 6.3; Win64; x64) AppleWebKit/537.36 (KHTML, like Gecko) Chrome/59.0.3071.115 Safari/537.36"
40.77.167.99 - - [04/Aug/2017:02:37:06 +0200] "GET /innsbruck HTTP/1.1" 200 3670 "-" "Mozilla/5.0 (compatible; bingbot/2.0; +http://www.bing.com/bingbot.htm)"
40.77.167.183 - - [04/Aug/2017:02:37:44 +0200] "GET /ennstal.bad.aussee HTTP/1.1" 200 3630 "-" "Mozilla/5.0 (compatible; bingbot/2.0; +http://www.bing.com/bingbot.htm)"
40.77.167.183 - - [04/Aug/2017:02:38:05 +0200] "GET /am.spitz HTTP/1.1" 200 3684 "-" "Mozilla/5.0 (compatible; bingbot/2.0; +http://www.bing.com/bingbot.htm)"
40.77.167.156 - - [04/Aug/2017:02:38:57 +0200] "GET /am.spitz HTTP/1.1" 200 3682 "-" "Mozilla/5.0 (compatible; bingbot/2.0; +http://www.bing.com/bingbot.htm)"
216.244.66.249 - - [04/Aug/2017:02:39:04 +0200] "GET /wieselburg/ HTTP/1.1" 301 151 "-" "Mozilla/5.0 (compatible; DotBot/1.1; http://www.opensiteexplorer.org/dotbot, help@moz.com)"
40.77.167.183 - - [04/Aug/2017:02:39:10 +0200] "GET /guessing HTTP/1.1" 200 3489 "-" "Mozilla/5.0 (compatible; bingbot/2.0; +http://www.bing.com/bingbot.htm)"
40.77.167.183 - - [04/Aug/2017:02:39:39 +0200] "GET /gmuend HTTP/1.1" 200 3476 "-" "Mozilla/5.0 (compatible; bingbot/2.0; +http://www.bing.com/bingbot.htm)"
194.166.34.74 - - [04/Aug/2017:02:39:42 +0200] "GET /bad.voeslau HTTP/1.1" 200 3756 "https://www.google.at/" "Mozilla/5.0 (Windows NT 6.1; Win64; x64) AppleWebKit/537.36 (KHTML, like Gecko) Chrome/59.0.3071.115 Safari/537.36"
194.166.34.74 - - [04/Aug/2017:02:39:44 +0200] "GET /bad.voeslau HTTP/1.1" 200 3756 "https://www.google.at/" "Mozilla/5.0 (Windows NT 6.1; Win64; x64) AppleWebKit/537.36 (KHTML, like Gecko) Chrome/59.0.3071.115 Safari/537.36"
194.166.34.74 - - [04/Aug/2017:02:39:53 +0200] "GET /bad.voeslau HTTP/1.1" 200 3756 "http://www.easydrivers.at/bad.voeslau" "Mozilla/5.0 (Windows NT 6.1; Win64; x64) AppleWebKit/537.36 (KHTML, like Gecko) Chrome/59.0.3071.115 Safari/537.36"
194.166.34.74 - - [04/Aug/2017:02:40:01 +0200] "GET /bad.voeslau/aktionen HTTP/1.1" 200 2986 "http://www.easydrivers.at/bad.voeslau" "Mozilla/5.0 (Windows NT 6.1; Win64; x64) AppleWebKit/537.36 (KHTML, like Gecko) Chrome/59.0.3071.115 Safari/537.36"
194.166.34.74 - - [04/Aug/2017:02:40:03 +0200] "GET /binaries/easy-drivers-portal/motorrad3jpg.jpg HTTP/1.1" 200 111280 "http://www.easydrivers.at/bad.voeslau/aktionen" "Mozilla/5.0 (Windows NT 6.1; Win64; x64) AppleWebKit/537.36 (KHTML, like Gecko) Chrome/59.0.3071.115 Safari/537.36"
157.55.39.229 - - [04/Aug/2017:02:40:06 +0200] "GET /moedling HTTP/1.1" 200 3746 "-" "Mozilla/5.0 (compatible; bingbot/2.0; +http://www.bing.com/bingbot.htm)"
194.166.34.74 - - [04/Aug/2017:02:40:07 +0200] "GET /ueberuns HTTP/1.1" 200 3256 "http://www.easydrivers.at/bad.voeslau/aktionen" "Mozilla/5.0 (Windows NT 6.1; Win64; x64) AppleWebKit/537.36 (KHTML, like Gecko) Chrome/59.0.3071.115 Safari/537.36"
194.166.34.74 - - [04/Aug/2017:02:40:09 +0200] "GET /css/history.css HTTP/1.1" 200 609 "http://www.easydrivers.at/ueberuns" "Mozilla/5.0 (Windows NT 6.1; Win64; x64) AppleWebKit/537.36 (KHTML, like Gecko) Chrome/59.0.3071.115 Safari/537.36"
194.166.34.74 - - [04/Aug/2017:02:40:09 +0200] "GET /javascript/history.js HTTP/1.1" 200 967 "http://www.easydrivers.at/ueberuns" "Mozilla/5.0 (Windows NT 6.1; Win64; x64) AppleWebKit/537.36 (KHTML, like Gecko) Chrome/59.0.3071.115 Safari/537.36"
194.166.34.74 - - [04/Aug/2017:02:40:09 +0200] "GET /binaries/easy-drivers-portal/edwebhistoryillu392x3922jpg.jpg HTTP/1.1" 200 32209 "http://www.easydrivers.at/ueberuns" "Mozilla/5.0 (Windows NT 6.1; Win64; x64) AppleWebKit/537.36 (KHTML, like Gecko) Chrome/59.0.3071.115 Safari/537.36"
194.166.34.74 - - [04/Aug/2017:02:40:09 +0200] "GET /binaries/easy-drivers-portal/edwebhistoryillu392x3924jpg.jpg HTTP/1.1" 200 35765 "http://www.easydrivers.at/ueberuns" "Mozilla/5.0 (Windows NT 6.1; Win64; x64) AppleWebKit/537.36 (KHTML, like Gecko) Chrome/59.0.3071.115 Safari/537.36"
194.166.34.74 - - [04/Aug/2017:02:40:09 +0200] "GET /binaries/easy-drivers-portal/edwebhistoryillu392x3925jpg.jpg HTTP/1.1" 200 31708 "http://www.easydrivers.at/ueberuns" "Mozilla/5.0 (Windows NT 6.1; Win64; x64) AppleWebKit/537.36 (KHTML, like Gecko) Chrome/59.0.3071.115 Safari/537.36"
194.166.34.74 - - [04/Aug/2017:02:40:09 +0200] "GET /binaries/easy-drivers-portal/edwebhistoryillu392x3926jpg.jpg HTTP/1.1" 200 41118 "http://www.easydrivers.at/ueberuns" "Mozilla/5.0 (Windows NT 6.1; Win64; x64) AppleWebKit/537.36 (KHTML, like Gecko) Chrome/59.0.3071.115 Safari/537.36"
194.166.34.74 - - [04/Aug/2017:02:40:09 +0200] "GET /binaries/easy-drivers-portal/edwebhistoryillu392x3923jpg.jpg HTTP/1.1" 200 54656 "http://www.easydrivers.at/ueberuns" "Mozilla/5.0 (Windows NT 6.1; Win64; x64) AppleWebKit/537.36 (KHTML, like Gecko) Chrome/59.0.3071.115 Safari/537.36"
194.166.34.74 - - [04/Aug/2017:02:40:09 +0200] "GET /binaries/easy-drivers-portal/edwebhistoryillu392x392radjpg.jpg HTTP/1.1" 200 124939 "http://www.easydrivers.at/ueberuns" "Mozilla/5.0 (Windows NT 6.1; Win64; x64) AppleWebKit/537.36 (KHTML, like Gecko) Chrome/59.0.3071.115 Safari/537.36"
194.166.34.74 - - [04/Aug/2017:02:40:09 +0200] "GET /binaries/easy-drivers-portal/edwebhistoryillu392x3929jpg.jpg HTTP/1.1" 200 31823 "http://www.easydrivers.at/ueberuns" "Mozilla/5.0 (Windows NT 6.1; Win64; x64) AppleWebKit/537.36 (KHTML, like Gecko) Chrome/59.0.3071.115 Safari/537.36"
194.166.34.74 - - [04/Aug/2017:02:40:09 +0200] "GET /binaries/easy-drivers-portal/edwebhistoryillu392x39210jpg.jpg HTTP/1.1" 200 19475 "http://www.easydrivers.at/ueberuns" "Mozilla/5.0 (Windows NT 6.1; Win64; x64) AppleWebKit/537.36 (KHTML, like Gecko) Chrome/59.0.3071.115 Safari/537.36"
194.166.34.74 - - [04/Aug/2017:02:40:09 +0200] "GET /binaries/easy-drivers-portal/edwebhistoryillu392x3927jpg.jpg HTTP/1.1" 200 71377 "http://www.easydrivers.at/ueberuns" "Mozilla/5.0 (Windows NT 6.1; Win64; x64) AppleWebKit/537.36 (KHTML, like Gecko) Chrome/59.0.3071.115 Safari/537.36"
194.166.34.74 - - [04/Aug/2017:02:40:09 +0200] "GET /binaries/easy-drivers-portal/edwebhistoryillu392x3928jpg.jpg HTTP/1.1" 200 38907 "http://www.easydrivers.at/ueberuns" "Mozilla/5.0 (Windows NT 6.1; Win64; x64) AppleWebKit/537.36 (KHTML, like Gecko) Chrome/59.0.3071.115 Safari/537.36"
194.166.34.74 - - [04/Aug/2017:02:40:09 +0200] "GET /binaries/easy-drivers-portal/edwebhistoryillu392x39211jpg.jpg HTTP/1.1" 200 36282 "http://www.easydrivers.at/ueberuns" "Mozilla/5.0 (Windows NT 6.1; Win64; x64) AppleWebKit/537.36 (KHTML, like Gecko) Chrome/59.0.3071.115 Safari/537.36"
194.166.34.74 - - [04/Aug/2017:02:40:09 +0200] "GET /binaries/easy-drivers-portal/edwebhistoryillu392x39220kpng.png HTTP/1.1" 200 49333 "http://www.easydrivers.at/ueberuns" "Mozilla/5.0 (Windows NT 6.1; Win64; x64) AppleWebKit/537.36 (KHTML, like Gecko) Chrome/59.0.3071.115 Safari/537.36"
40.77.167.156 - - [04/Aug/2017:02:40:21 +0200] "GET /fuehrerscheine/bus HTTP/1.1" 200 2623 "-" "Mozilla/5.0 (compatible; bingbot/2.0; +http://www.bing.com/bingbot.htm)"
194.166.34.74 - - [04/Aug/2017:02:40:24 +0200] "GET /fahrschulen HTTP/1.1" 200 3923 "http://www.easydrivers.at/ueberuns" "Mozilla/5.0 (Windows NT 6.1; Win64; x64) AppleWebKit/537.36 (KHTML, like Gecko) Chrome/59.0.3071.115 Safari/537.36"
194.166.34.74 - - [04/Aug/2017:02:40:25 +0200] "GET /javascript/fahrschulen.js HTTP/1.1" 200 470 "http://www.easydrivers.at/fahrschulen" "Mozilla/5.0 (Windows NT 6.1; Win64; x64) AppleWebKit/537.36 (KHTML, like Gecko) Chrome/59.0.3071.115 Safari/537.36"
194.166.34.74 - - [04/Aug/2017:02:40:25 +0200] "GET /img/austria-map-burgenland.png HTTP/1.1" 200 10146 "http://www.easydrivers.at/fahrschulen" "Mozilla/5.0 (Windows NT 6.1; Win64; x64) AppleWebKit/537.36 (KHTML, like Gecko) Chrome/59.0.3071.115 Safari/537.36"
194.166.34.74 - - [04/Aug/2017:02:40:25 +0200] "GET /img/austria-map-kaernten.png HTTP/1.1" 200 9968 "http://www.easydrivers.at/fahrschulen" "Mozilla/5.0 (Windows NT 6.1; Win64; x64) AppleWebKit/537.36 (KHTML, like Gecko) Chrome/59.0.3071.115 Safari/537.36"
194.166.34.74 - - [04/Aug/2017:02:40:25 +0200] "GET /img/austria-map-noe.png HTTP/1.1" 200 17166 "http://www.easydrivers.at/fahrschulen" "Mozilla/5.0 (Windows NT 6.1; Win64; x64) AppleWebKit/537.36 (KHTML, like Gecko) Chrome/59.0.3071.115 Safari/537.36"
194.166.34.74 - - [04/Aug/2017:02:40:25 +0200] "GET /img/austria-map-ooe.png HTTP/1.1" 200 14597 "http://www.easydrivers.at/fahrschulen" "Mozilla/5.0 (Windows NT 6.1; Win64; x64) AppleWebKit/537.36 (KHTML, like Gecko) Chrome/59.0.3071.115 Safari/537.36"
194.166.34.74 - - [04/Aug/2017:02:40:25 +0200] "GET /img/submit-button-small.png HTTP/1.1" 200 1456 "http://www.easydrivers.at/fahrschulen" "Mozilla/5.0 (Windows NT 6.1; Win64; x64) AppleWebKit/537.36 (KHTML, like Gecko) Chrome/59.0.3071.115 Safari/537.36"
194.166.34.74 - - [04/Aug/2017:02:40:25 +0200] "GET /img/austria-map-salzburg.png HTTP/1.1" 200 13786 "http://www.easydrivers.at/fahrschulen" "Mozilla/5.0 (Windows NT 6.1; Win64; x64) AppleWebKit/537.36 (KHTML, like Gecko) Chrome/59.0.3071.115 Safari/537.36"
194.166.34.74 - - [04/Aug/2017:02:40:25 +0200] "GET /img/austria-map.jpg HTTP/1.1" 200 57110 "http://www.easydrivers.at/fahrschulen" "Mozilla/5.0 (Windows NT 6.1; Win64; x64) AppleWebKit/537.36 (KHTML, like Gecko) Chrome/59.0.3071.115 Safari/537.36"
194.166.34.74 - - [04/Aug/2017:02:40:25 +0200] "GET /img/austria-map-steiermark.png HTTP/1.1" 200 14192 "http://www.easydrivers.at/fahrschulen" "Mozilla/5.0 (Windows NT 6.1; Win64; x64) AppleWebKit/537.36 (KHTML, like Gecko) Chrome/59.0.3071.115 Safari/537.36"
194.166.34.74 - - [04/Aug/2017:02:40:25 +0200] "GET /img/austria-map-tirol.png HTTP/1.1" 200 13911 "http://www.easydrivers.at/fahrschulen" "Mozilla/5.0 (Windows NT 6.1; Win64; x64) AppleWebKit/537.36 (KHTML, like Gecko) Chrome/59.0.3071.115 Safari/537.36"
194.166.34.74 - - [04/Aug/2017:02:40:25 +0200] "GET /img/austria-map-vorarlberg.png HTTP/1.1" 200 5780 "http://www.easydrivers.at/fahrschulen" "Mozilla/5.0 (Windows NT 6.1; Win64; x64) AppleWebKit/537.36 (KHTML, like Gecko) Chrome/59.0.3071.115 Safari/537.36"
