86.32.39.36 - - [04/Aug/2017:08:41:11 +0200] "GET /moedling?gclid=CjwKEAjwk4vMBRCg6PDR27eK72sSJADh-0uzJngS916mg7fD8DRw1G5Lo3TWdoYb8GPq-hv3OrfCGhoCzeTw_wcB HTTP/1.1" 200 2970 "-" "Mozilla/5.0 (Linux; Android 5.0.2; LG-V700 Build/LRX22G) AppleWebKit/537.36 (KHTML, like Gecko) Chrome/59.0.3071.125 Safari/537.36"
178.190.92.77 - - [04/Aug/2017:08:41:12 +0200] "GET /waidhofen.ybbs HTTP/1.1" 200 2953 "http://www.easydrivers.at/" "Mozilla/5.0 (Linux; Android 6.0; HUAWEI VNS-L21 Build/HUAWEIVNS-L21) AppleWebKit/537.36 (KHTML, like Gecko) Chrome/58.0.3029.83 Mobile Safari/537.36"
178.190.92.77 - - [04/Aug/2017:08:41:15 +0200] "GET /javascript/mobile-fahrschule.js HTTP/1.1" 200 328 "http://www.easydrivers.at/waidhofen.ybbs" "Mozilla/5.0 (Linux; Android 6.0; HUAWEI VNS-L21 Build/HUAWEIVNS-L21) AppleWebKit/537.36 (KHTML, like Gecko) Chrome/58.0.3029.83 Mobile Safari/537.36"
178.190.92.77 - - [04/Aug/2017:08:41:15 +0200] "GET /img/mobile/info-button.png HTTP/1.1" 200 1549 "http://www.easydrivers.at/waidhofen.ybbs" "Mozilla/5.0 (Linux; Android 6.0; HUAWEI VNS-L21 Build/HUAWEIVNS-L21) AppleWebKit/537.36 (KHTML, like Gecko) Chrome/58.0.3029.83 Mobile Safari/537.36"
178.190.92.77 - - [04/Aug/2017:08:41:15 +0200] "GET /img/mobile/info-close-button.png HTTP/1.1" 200 1721 "http://www.easydrivers.at/waidhofen.ybbs" "Mozilla/5.0 (Linux; Android 6.0; HUAWEI VNS-L21 Build/HUAWEIVNS-L21) AppleWebKit/537.36 (KHTML, like Gecko) Chrome/58.0.3029.83 Mobile Safari/537.36"
178.190.92.77 - - [04/Aug/2017:08:41:15 +0200] "GET /img/smallicon-person.png HTTP/1.1" 200 1141 "http://www.easydrivers.at/waidhofen.ybbs" "Mozilla/5.0 (Linux; Android 6.0; HUAWEI VNS-L21 Build/HUAWEIVNS-L21) AppleWebKit/537.36 (KHTML, like Gecko) Chrome/58.0.3029.83 Mobile Safari/537.36"
178.190.92.77 - - [04/Aug/2017:08:41:15 +0200] "GET /img/smallicon-address.png HTTP/1.1" 200 1211 "http://www.easydrivers.at/waidhofen.ybbs" "Mozilla/5.0 (Linux; Android 6.0; HUAWEI VNS-L21 Build/HUAWEIVNS-L21) AppleWebKit/537.36 (KHTML, like Gecko) Chrome/58.0.3029.83 Mobile Safari/537.36"
178.190.92.77 - - [04/Aug/2017:08:41:15 +0200] "GET /img/mobile/googlemaps-pin.png HTTP/1.1" 200 1597 "http://www.easydrivers.at/waidhofen.ybbs" "Mozilla/5.0 (Linux; Android 6.0; HUAWEI VNS-L21 Build/HUAWEIVNS-L21) AppleWebKit/537.36 (KHTML, like Gecko) Chrome/58.0.3029.83 Mobile Safari/537.36"
178.190.92.77 - - [04/Aug/2017:08:41:15 +0200] "GET /img/smallicon-time.png HTTP/1.1" 200 1262 "http://www.easydrivers.at/waidhofen.ybbs" "Mozilla/5.0 (Linux; Android 6.0; HUAWEI VNS-L21 Build/HUAWEIVNS-L21) AppleWebKit/537.36 (KHTML, like Gecko) Chrome/58.0.3029.83 Mobile Safari/537.36"
178.190.92.77 - - [04/Aug/2017:08:41:15 +0200] "GET /img/smallicon-phone.png HTTP/1.1" 200 3056 "http://www.easydrivers.at/waidhofen.ybbs" "Mozilla/5.0 (Linux; Android 6.0; HUAWEI VNS-L21 Build/HUAWEIVNS-L21) AppleWebKit/537.36 (KHTML, like Gecko) Chrome/58.0.3029.83 Mobile Safari/537.36"
178.190.92.77 - - [04/Aug/2017:08:41:15 +0200] "GET /img/smallicon-mail.png HTTP/1.1" 200 1341 "http://www.easydrivers.at/waidhofen.ybbs" "Mozilla/5.0 (Linux; Android 6.0; HUAWEI VNS-L21 Build/HUAWEIVNS-L21) AppleWebKit/537.36 (KHTML, like Gecko) Chrome/58.0.3029.83 Mobile Safari/537.36"
86.32.39.36 - - [04/Aug/2017:08:41:16 +0200] "GET /img/favicon.ico HTTP/1.1" 404 300 "http://www.easydrivers.at/moedling?gclid=CjwKEAjwk4vMBRCg6PDR27eK72sSJADh-0uzJngS916mg7fD8DRw1G5Lo3TWdoYb8GPq-hv3OrfCGhoCzeTw_wcB" "Mozilla/5.0 (Linux; Android 5.0.2; LG-V700 Build/LRX22G) AppleWebKit/537.36 (KHTML, like Gecko) Chrome/59.0.3071.125 Safari/537.36"
62.40.136.228 - - [04/Aug/2017:08:41:16 +0200] "GET /st.poelten/10282918?FS=A1 HTTP/1.1" 200 6079 "http://www.easydrivers.at/st.poelten/kursauswahl" "Mozilla/5.0 (Windows NT 6.3; WOW64; Trident/7.0; rv:11.0) like Gecko"
62.40.136.228 - - [04/Aug/2017:08:41:18 +0200] "GET /javascript/suche.js HTTP/1.1" 200 209 "http://www.easydrivers.at/st.poelten/10282918?FS=A1" "Mozilla/5.0 (Windows NT 6.3; WOW64; Trident/7.0; rv:11.0) like Gecko"
62.40.136.228 - - [04/Aug/2017:08:41:18 +0200] "GET /cache/emu/images/10277266/_155_155.jpg HTTP/1.1" 200 6335 "http://www.easydrivers.at/st.poelten/10282918?FS=A1" "Mozilla/5.0 (Windows NT 6.3; WOW64; Trident/7.0; rv:11.0) like Gecko"
62.40.136.228 - - [04/Aug/2017:08:41:18 +0200] "GET /cache/emu/images/10252456/_155_155.jpg HTTP/1.1" 200 3409 "http://www.easydrivers.at/st.poelten/10282918?FS=A1" "Mozilla/5.0 (Windows NT 6.3; WOW64; Trident/7.0; rv:11.0) like Gecko"
62.40.136.228 - - [04/Aug/2017:08:41:18 +0200] "GET /binaries/10267745.jpg HTTP/1.1" 200 47837 "http://www.easydrivers.at/st.poelten/10282918?FS=A1" "Mozilla/5.0 (Windows NT 6.3; WOW64; Trident/7.0; rv:11.0) like Gecko"
62.40.136.228 - - [04/Aug/2017:08:41:18 +0200] "GET /binaries/easy-drivers-portal/motorrad7jpg.jpg HTTP/1.1" 200 102681 "http://www.easydrivers.at/st.poelten/10282918?FS=A1" "Mozilla/5.0 (Windows NT 6.3; WOW64; Trident/7.0; rv:11.0) like Gecko"
62.40.136.228 - - [04/Aug/2017:08:41:18 +0200] "GET /img/smallicon-phone.png HTTP/1.1" 200 3056 "http://www.easydrivers.at/st.poelten/10282918?FS=A1" "Mozilla/5.0 (Windows NT 6.3; WOW64; Trident/7.0; rv:11.0) like Gecko"
62.40.136.228 - - [04/Aug/2017:08:41:18 +0200] "GET /img/arrow-up.png HTTP/1.1" 200 1081 "http://www.easydrivers.at/st.poelten/10282918?FS=A1" "Mozilla/5.0 (Windows NT 6.3; WOW64; Trident/7.0; rv:11.0) like Gecko"
62.40.136.228 - - [04/Aug/2017:08:41:18 +0200] "GET /img/smallicon-mail.png HTTP/1.1" 200 1341 "http://www.easydrivers.at/st.poelten/10282918?FS=A1" "Mozilla/5.0 (Windows NT 6.3; WOW64; Trident/7.0; rv:11.0) like Gecko"
188.20.119.58 - - [04/Aug/2017:08:41:17 +0200] "GET /amstetten HTTP/1.1" 200 2953 "-" "Mozilla/5.0 (Windows Phone 10.0; Android 6.0.1; Microsoft; Lumia 950) AppleWebKit/537.36 (KHTML, like Gecko) Chrome/52.0.2743.116 Mobile Safari/537.36 Edge/15.15063"
188.20.119.58 - - [04/Aug/2017:08:41:19 +0200] "GET /css/mobile.css HTTP/1.1" 200 2852 "http://www.easydrivers.at/amstetten" "Mozilla/5.0 (Windows Phone 10.0; Android 6.0.1; Microsoft; Lumia 950) AppleWebKit/537.36 (KHTML, like Gecko) Chrome/52.0.2743.116 Mobile Safari/537.36 Edge/15.15063"
188.20.119.58 - - [04/Aug/2017:08:41:19 +0200] "GET /javascript/jquery-1.9.1.min.js HTTP/1.1" 200 32731 "http://www.easydrivers.at/amstetten" "Mozilla/5.0 (Windows Phone 10.0; Android 6.0.1; Microsoft; Lumia 950) AppleWebKit/537.36 (KHTML, like Gecko) Chrome/52.0.2743.116 Mobile Safari/537.36 Edge/15.15063"
188.20.119.58 - - [04/Aug/2017:08:41:19 +0200] "GET /javascript/mobile-menu.js HTTP/1.1" 200 1634 "http://www.easydrivers.at/amstetten" "Mozilla/5.0 (Windows Phone 10.0; Android 6.0.1; Microsoft; Lumia 950) AppleWebKit/537.36 (KHTML, like Gecko) Chrome/52.0.2743.116 Mobile Safari/537.36 Edge/15.15063"
188.20.119.58 - - [04/Aug/2017:08:41:19 +0200] "GET /javascript/jquery.cookie.js HTTP/1.1" 200 863 "http://www.easydrivers.at/amstetten" "Mozilla/5.0 (Windows Phone 10.0; Android 6.0.1; Microsoft; Lumia 950) AppleWebKit/537.36 (KHTML, like Gecko) Chrome/52.0.2743.116 Mobile Safari/537.36 Edge/15.15063"
188.20.119.58 - - [04/Aug/2017:08:41:19 +0200] "GET /javascript/jquery.simplemodal.js HTTP/1.1" 200 3070 "http://www.easydrivers.at/amstetten" "Mozilla/5.0 (Windows Phone 10.0; Android 6.0.1; Microsoft; Lumia 950) AppleWebKit/537.36 (KHTML, like Gecko) Chrome/52.0.2743.116 Mobile Safari/537.36 Edge/15.15063"
188.20.119.58 - - [04/Aug/2017:08:41:19 +0200] "GET /javascript/lazyload.js HTTP/1.1" 200 1170 "http://www.easydrivers.at/amstetten" "Mozilla/5.0 (Windows Phone 10.0; Android 6.0.1; Microsoft; Lumia 950) AppleWebKit/537.36 (KHTML, like Gecko) Chrome/52.0.2743.116 Mobile Safari/537.36 Edge/15.15063"
188.20.119.58 - - [04/Aug/2017:08:41:20 +0200] "GET /img/mobile/easydrivers-logo-mobile.png HTTP/1.1" 200 10766 "http://www.easydrivers.at/amstetten" "Mozilla/5.0 (Windows Phone 10.0; Android 6.0.1; Microsoft; Lumia 950) AppleWebKit/537.36 (KHTML, like Gecko) Chrome/52.0.2743.116 Mobile Safari/537.36 Edge/15.15063"
188.20.119.58 - - [04/Aug/2017:08:41:20 +0200] "GET /javascript/mobile-fahrschule.js HTTP/1.1" 200 328 "http://www.easydrivers.at/amstetten" "Mozilla/5.0 (Windows Phone 10.0; Android 6.0.1; Microsoft; Lumia 950) AppleWebKit/537.36 (KHTML, like Gecko) Chrome/52.0.2743.116 Mobile Safari/537.36 Edge/15.15063"
188.20.119.58 - - [04/Aug/2017:08:41:20 +0200] "GET /img/mobile/menu-button.png HTTP/1.1" 200 1746 "http://www.easydrivers.at/amstetten" "Mozilla/5.0 (Windows Phone 10.0; Android 6.0.1; Microsoft; Lumia 950) AppleWebKit/537.36 (KHTML, like Gecko) Chrome/52.0.2743.116 Mobile Safari/537.36 Edge/15.15063"
188.20.119.58 - - [04/Aug/2017:08:41:20 +0200] "GET /img/mobile/facebook-icon.png HTTP/1.1" 200 1902 "http://www.easydrivers.at/amstetten" "Mozilla/5.0 (Windows Phone 10.0; Android 6.0.1; Microsoft; Lumia 950) AppleWebKit/537.36 (KHTML, like Gecko) Chrome/52.0.2743.116 Mobile Safari/537.36 Edge/15.15063"
188.20.119.58 - - [04/Aug/2017:08:41:20 +0200] "GET /img/mobile/close-button.png HTTP/1.1" 200 2411 "http://www.easydrivers.at/amstetten" "Mozilla/5.0 (Windows Phone 10.0; Android 6.0.1; Microsoft; Lumia 950) AppleWebKit/537.36 (KHTML, like Gecko) Chrome/52.0.2743.116 Mobile Safari/537.36 Edge/15.15063"
188.20.119.58 - - [04/Aug/2017:08:41:20 +0200] "GET /img/mobile/info-button.png HTTP/1.1" 200 1549 "http://www.easydrivers.at/amstetten" "Mozilla/5.0 (Windows Phone 10.0; Android 6.0.1; Microsoft; Lumia 950) AppleWebKit/537.36 (KHTML, like Gecko) Chrome/52.0.2743.116 Mobile Safari/537.36 Edge/15.15063"
188.20.119.58 - - [04/Aug/2017:08:41:20 +0200] "GET /img/smallicon-person.png HTTP/1.1" 200 1141 "http://www.easydrivers.at/amstetten" "Mozilla/5.0 (Windows Phone 10.0; Android 6.0.1; Microsoft; Lumia 950) AppleWebKit/537.36 (KHTML, like Gecko) Chrome/52.0.2743.116 Mobile Safari/537.36 Edge/15.15063"
188.20.119.58 - - [04/Aug/2017:08:41:20 +0200] "GET /img/mobile/info-close-button.png HTTP/1.1" 200 1721 "http://www.easydrivers.at/amstetten" "Mozilla/5.0 (Windows Phone 10.0; Android 6.0.1; Microsoft; Lumia 950) AppleWebKit/537.36 (KHTML, like Gecko) Chrome/52.0.2743.116 Mobile Safari/537.36 Edge/15.15063"
188.20.119.58 - - [04/Aug/2017:08:41:20 +0200] "GET /img/smallicon-address.png HTTP/1.1" 200 1211 "http://www.easydrivers.at/amstetten" "Mozilla/5.0 (Windows Phone 10.0; Android 6.0.1; Microsoft; Lumia 950) AppleWebKit/537.36 (KHTML, like Gecko) Chrome/52.0.2743.116 Mobile Safari/537.36 Edge/15.15063"
188.20.119.58 - - [04/Aug/2017:08:41:20 +0200] "GET /img/mobile/googlemaps-pin.png HTTP/1.1" 200 1597 "http://www.easydrivers.at/amstetten" "Mozilla/5.0 (Windows Phone 10.0; Android 6.0.1; Microsoft; Lumia 950) AppleWebKit/537.36 (KHTML, like Gecko) Chrome/52.0.2743.116 Mobile Safari/537.36 Edge/15.15063"
188.20.119.58 - - [04/Aug/2017:08:41:20 +0200] "GET /img/smallicon-time.png HTTP/1.1" 200 1262 "http://www.easydrivers.at/amstetten" "Mozilla/5.0 (Windows Phone 10.0; Android 6.0.1; Microsoft; Lumia 950) AppleWebKit/537.36 (KHTML, like Gecko) Chrome/52.0.2743.116 Mobile Safari/537.36 Edge/15.15063"
188.20.119.58 - - [04/Aug/2017:08:41:20 +0200] "GET /img/smallicon-phone.png HTTP/1.1" 200 3056 "http://www.easydrivers.at/amstetten" "Mozilla/5.0 (Windows Phone 10.0; Android 6.0.1; Microsoft; Lumia 950) AppleWebKit/537.36 (KHTML, like Gecko) Chrome/52.0.2743.116 Mobile Safari/537.36 Edge/15.15063"
188.20.119.58 - - [04/Aug/2017:08:41:20 +0200] "GET /img/mobile/widget-icon-app.png HTTP/1.1" 200 3458 "http://www.easydrivers.at/amstetten" "Mozilla/5.0 (Windows Phone 10.0; Android 6.0.1; Microsoft; Lumia 950) AppleWebKit/537.36 (KHTML, like Gecko) Chrome/52.0.2743.116 Mobile Safari/537.36 Edge/15.15063"
188.20.119.58 - - [04/Aug/2017:08:41:20 +0200] "GET /img/smallicon-mail.png HTTP/1.1" 200 1341 "http://www.easydrivers.at/amstetten" "Mozilla/5.0 (Windows Phone 10.0; Android 6.0.1; Microsoft; Lumia 950) AppleWebKit/537.36 (KHTML, like Gecko) Chrome/52.0.2743.116 Mobile Safari/537.36 Edge/15.15063"
188.20.119.58 - - [04/Aug/2017:08:41:20 +0200] "GET /img/mobile/pfeil-rechts.png HTTP/1.1" 200 1228 "http://www.easydrivers.at/amstetten" "Mozilla/5.0 (Windows Phone 10.0; Android 6.0.1; Microsoft; Lumia 950) AppleWebKit/537.36 (KHTML, like Gecko) Chrome/52.0.2743.116 Mobile Safari/537.36 Edge/15.15063"
188.20.119.58 - - [04/Aug/2017:08:41:20 +0200] "GET /img/mobile/bg-header.jpg HTTP/1.1" 200 19741 "http://www.easydrivers.at/amstetten" "Mozilla/5.0 (Windows Phone 10.0; Android 6.0.1; Microsoft; Lumia 950) AppleWebKit/537.36 (KHTML, like Gecko) Chrome/52.0.2743.116 Mobile Safari/537.36 Edge/15.15063"
188.20.119.58 - - [04/Aug/2017:08:41:20 +0200] "GET /img/favicon.ico HTTP/1.1" 404 300 "-" "Mozilla/5.0 (Windows Phone 10.0; Android 6.0.1; Microsoft; Lumia 950) AppleWebKit/537.36 (KHTML, like Gecko) Chrome/52.0.2743.116 Mobile Safari/537.36 Edge/15.15063"
188.20.119.58 - - [04/Aug/2017:08:41:20 +0200] "GET /img/mobile/bg-menu.jpg HTTP/1.1" 200 1698 "http://www.easydrivers.at/amstetten" "Mozilla/5.0 (Windows Phone 10.0; Android 6.0.1; Microsoft; Lumia 950) AppleWebKit/537.36 (KHTML, like Gecko) Chrome/52.0.2743.116 Mobile Safari/537.36 Edge/15.15063"
188.20.119.58 - - [04/Aug/2017:08:41:20 +0200] "GET /img/mobile/bg-top-section.jpg HTTP/1.1" 200 21711 "http://www.easydrivers.at/amstetten" "Mozilla/5.0 (Windows Phone 10.0; Android 6.0.1; Microsoft; Lumia 950) AppleWebKit/537.36 (KHTML, like Gecko) Chrome/52.0.2743.116 Mobile Safari/537.36 Edge/15.15063"
188.20.119.58 - - [04/Aug/2017:08:41:22 +0200] "GET /amstetten/kontakt HTTP/1.1" 200 2633 "http://www.easydrivers.at/amstetten" "Mozilla/5.0 (Windows Phone 10.0; Android 6.0.1; Microsoft; Lumia 950) AppleWebKit/537.36 (KHTML, like Gecko) Chrome/52.0.2743.116 Mobile Safari/537.36 Edge/15.15063"
188.20.119.58 - - [04/Aug/2017:08:41:26 +0200] "GET /img/favicon.ico HTTP/1.1" 404 300 "-" "Mozilla/5.0 (Windows Phone 10.0; Android 6.0.1; Microsoft; Lumia 950) AppleWebKit/537.36 (KHTML, like Gecko) Chrome/52.0.2743.116 Mobile Safari/537.36 Edge/15.15063"
178.190.92.77 - - [04/Aug/2017:08:41:27 +0200] "POST /waidhofen.ybbs/kursauswahl HTTP/1.1" 200 3132 "http://www.easydrivers.at/waidhofen.ybbs" "Mozilla/5.0 (Linux; Android 6.0; HUAWEI VNS-L21 Build/HUAWEIVNS-L21) AppleWebKit/537.36 (KHTML, like Gecko) Chrome/58.0.3029.83 Mobile Safari/537.36"
178.190.92.77 - - [04/Aug/2017:08:41:30 +0200] "GET /javascript/mobile-fahrschule-kurs-suchergebnis.js HTTP/1.1" 200 274 "http://www.easydrivers.at/waidhofen.ybbs/kursauswahl" "Mozilla/5.0 (Linux; Android 6.0; HUAWEI VNS-L21 Build/HUAWEIVNS-L21) AppleWebKit/537.36 (KHTML, like Gecko) Chrome/58.0.3029.83 Mobile Safari/537.36"
193.81.149.147 - - [04/Aug/2017:08:41:28 +0200] "GET /fuehrerscheine/traktor HTTP/1.1" 200 2869 "-" "Mozilla/5.0 (Linux; Android 5.1.1; SAMSUNG SM-G388F/G388FXXU1BPC3 Build/LMY48B) AppleWebKit/537.36 (KHTML, like Gecko) SamsungBrowser/3.3 Chrome/38.0.2125.102 Mobile Safari/537.36"
178.190.92.77 - - [04/Aug/2017:08:41:30 +0200] "GET /img/mobile/pfeil-links-small.png HTTP/1.1" 200 1065 "http://www.easydrivers.at/css/mobile.css" "Mozilla/5.0 (Linux; Android 6.0; HUAWEI VNS-L21 Build/HUAWEIVNS-L21) AppleWebKit/537.36 (KHTML, like Gecko) Chrome/58.0.3029.83 Mobile Safari/537.36"
178.190.92.77 - - [04/Aug/2017:08:41:30 +0200] "GET /img/mobile/bg-yellow.jpg HTTP/1.1" 200 1569 "http://www.easydrivers.at/css/mobile.css" "Mozilla/5.0 (Linux; Android 6.0; HUAWEI VNS-L21 Build/HUAWEIVNS-L21) AppleWebKit/537.36 (KHTML, like Gecko) Chrome/58.0.3029.83 Mobile Safari/537.36"
193.81.149.147 - - [04/Aug/2017:08:41:30 +0200] "GET /javascript/mobile-license.js HTTP/1.1" 200 216 "http://www.easydrivers.at/fuehrerscheine/traktor" "Mozilla/5.0 (Linux; Android 5.1.1; SAMSUNG SM-G388F/G388FXXU1BPC3 Build/LMY48B) AppleWebKit/537.36 (KHTML, like Gecko) SamsungBrowser/3.3 Chrome/38.0.2125.102 Mobile Safari/537.36"
178.190.92.77 - - [04/Aug/2017:08:41:30 +0200] "GET /img/loading-bars.gif HTTP/1.1" 200 3951 "http://www.easydrivers.at/css/mobile.css" "Mozilla/5.0 (Linux; Android 6.0; HUAWEI VNS-L21 Build/HUAWEIVNS-L21) AppleWebKit/537.36 (KHTML, like Gecko) Chrome/58.0.3029.83 Mobile Safari/537.36"
193.81.149.147 - - [04/Aug/2017:08:41:30 +0200] "GET /img/mobile/weiter-button.png HTTP/1.1" 200 1670 "http://www.easydrivers.at/css/mobile.css" "Mozilla/5.0 (Linux; Android 5.1.1; SAMSUNG SM-G388F/G388FXXU1BPC3 Build/LMY48B) AppleWebKit/537.36 (KHTML, like Gecko) SamsungBrowser/3.3 Chrome/38.0.2125.102 Mobile Safari/537.36"
91.114.184.27 - - [04/Aug/2017:08:41:31 +0200] "GET / HTTP/1.1" 200 3564 "-" "Mozilla/5.0 (iPhone; CPU iPhone OS 10_1_1 like Mac OS X) AppleWebKit/602.2.14 (KHTML, like Gecko) Version/10.0 Mobile/14B100 Safari/602.1"
91.114.184.27 - - [04/Aug/2017:08:41:33 +0200] "GET /javascript/mobile-homesearch.js HTTP/1.1" 200 340 "http://www.easydrivers.at/" "Mozilla/5.0 (iPhone; CPU iPhone OS 10_1_1 like Mac OS X) AppleWebKit/602.2.14 (KHTML, like Gecko) Version/10.0 Mobile/14B100 Safari/602.1"
193.81.149.147 - - [04/Aug/2017:08:41:33 +0200] "GET /img/mobile/pfeil-rechts-small.png HTTP/1.1" 200 1056 "http://www.easydrivers.at/css/mobile.css" "Mozilla/5.0 (Linux; Android 5.1.1; SAMSUNG SM-G388F/G388FXXU1BPC3 Build/LMY48B) AppleWebKit/537.36 (KHTML, like Gecko) SamsungBrowser/3.3 Chrome/38.0.2125.102 Mobile Safari/537.36"
188.20.119.58 - - [04/Aug/2017:08:41:34 +0200] "GET /amstetten HTTP/1.1" 200 2953 "-" "Mozilla/5.0 (Windows Phone 10.0; Android 6.0.1; Microsoft; Lumia 950) AppleWebKit/537.36 (KHTML, like Gecko) Chrome/52.0.2743.116 Mobile Safari/537.36 Edge/15.15063"
84.115.25.90 - - [04/Aug/2017:08:41:41 +0200] "GET /wr.neustadt HTTP/1.1" 200 3526 "-" "Mozilla/5.0 (Windows NT 10.0; Win64; x64) AppleWebKit/537.36 (KHTML, like Gecko) Chrome/59.0.3071.115 Safari/537.36"
84.115.25.90 - - [04/Aug/2017:08:41:44 +0200] "GET /javascript/jquery.customSelect.min.js HTTP/1.1" 200 912 "http://www.easydrivers.at/wr.neustadt" "Mozilla/5.0 (Windows NT 10.0; Win64; x64) AppleWebKit/537.36 (KHTML, like Gecko) Chrome/59.0.3071.115 Safari/537.36"
84.115.25.90 - - [04/Aug/2017:08:41:44 +0200] "GET /javascript/jquery.simplemodal.js HTTP/1.1" 200 3070 "http://www.easydrivers.at/wr.neustadt" "Mozilla/5.0 (Windows NT 10.0; Win64; x64) AppleWebKit/537.36 (KHTML, like Gecko) Chrome/59.0.3071.115 Safari/537.36"
84.115.25.90 - - [04/Aug/2017:08:41:44 +0200] "GET /javascript/jquery.cookie.js HTTP/1.1" 200 863 "http://www.easydrivers.at/wr.neustadt" "Mozilla/5.0 (Windows NT 10.0; Win64; x64) AppleWebKit/537.36 (KHTML, like Gecko) Chrome/59.0.3071.115 Safari/537.36"
84.115.25.90 - - [04/Aug/2017:08:41:44 +0200] "GET /javascript/portal.js?1221842734 HTTP/1.1" 200 3529 "http://www.easydrivers.at/wr.neustadt" "Mozilla/5.0 (Windows NT 10.0; Win64; x64) AppleWebKit/537.36 (KHTML, like Gecko) Chrome/59.0.3071.115 Safari/537.36"
84.115.25.90 - - [04/Aug/2017:08:41:44 +0200] "GET /javascript/fahrschule.js HTTP/1.1" 200 462 "http://www.easydrivers.at/wr.neustadt" "Mozilla/5.0 (Windows NT 10.0; Win64; x64) AppleWebKit/537.36 (KHTML, like Gecko) Chrome/59.0.3071.115 Safari/537.36"
84.115.25.90 - - [04/Aug/2017:08:41:44 +0200] "GET /img/close-button.png HTTP/1.1" 200 2237 "http://www.easydrivers.at/wr.neustadt" "Mozilla/5.0 (Windows NT 10.0; Win64; x64) AppleWebKit/537.36 (KHTML, like Gecko) Chrome/59.0.3071.115 Safari/537.36"
84.115.25.90 - - [04/Aug/2017:08:41:44 +0200] "GET /img/facebook-icon.png HTTP/1.1" 200 1506 "http://www.easydrivers.at/wr.neustadt" "Mozilla/5.0 (Windows NT 10.0; Win64; x64) AppleWebKit/537.36 (KHTML, like Gecko) Chrome/59.0.3071.115 Safari/537.36"
84.115.25.90 - - [04/Aug/2017:08:41:44 +0200] "GET /img/info-button.png HTTP/1.1" 200 738 "http://www.easydrivers.at/wr.neustadt" "Mozilla/5.0 (Windows NT 10.0; Win64; x64) AppleWebKit/537.36 (KHTML, like Gecko) Chrome/59.0.3071.115 Safari/537.36"
84.115.25.90 - - [04/Aug/2017:08:41:44 +0200] "GET /img/close-button-small.png HTTP/1.1" 200 1671 "http://www.easydrivers.at/wr.neustadt" "Mozilla/5.0 (Windows NT 10.0; Win64; x64) AppleWebKit/537.36 (KHTML, like Gecko) Chrome/59.0.3071.115 Safari/537.36"
84.115.25.90 - - [04/Aug/2017:08:41:44 +0200] "GET /img/locator-icon.png HTTP/1.1" 200 1377 "http://www.easydrivers.at/wr.neustadt" "Mozilla/5.0 (Windows NT 10.0; Win64; x64) AppleWebKit/537.36 (KHTML, like Gecko) Chrome/59.0.3071.115 Safari/537.36"
84.115.25.90 - - [04/Aug/2017:08:41:44 +0200] "GET /img/submit-button.png HTTP/1.1" 200 1958 "http://www.easydrivers.at/wr.neustadt" "Mozilla/5.0 (Windows NT 10.0; Win64; x64) AppleWebKit/537.36 (KHTML, like Gecko) Chrome/59.0.3071.115 Safari/537.36"
84.115.25.90 - - [04/Aug/2017:08:41:44 +0200] "GET /img/ED_Logo.png HTTP/1.1" 200 3385 "http://www.easydrivers.at/css/style.css" "Mozilla/5.0 (Windows NT 10.0; Win64; x64) AppleWebKit/537.36 (KHTML, like Gecko) Chrome/59.0.3071.115 Safari/537.36"
84.115.25.90 - - [04/Aug/2017:08:41:44 +0200] "GET /binaries/easy-drivers-portal/widget-icon-trainingpng.png HTTP/1.1" 200 2662 "http://www.easydrivers.at/wr.neustadt" "Mozilla/5.0 (Windows NT 10.0; Win64; x64) AppleWebKit/537.36 (KHTML, like Gecko) Chrome/59.0.3071.115 Safari/537.36"
84.115.25.90 - - [04/Aug/2017:08:41:44 +0200] "GET /binaries/easy-drivers-portal/widget-icon-expertspng.png HTTP/1.1" 200 2159 "http://www.easydrivers.at/wr.neustadt" "Mozilla/5.0 (Windows NT 10.0; Win64; x64) AppleWebKit/537.36 (KHTML, like Gecko) Chrome/59.0.3071.115 Safari/537.36"
84.115.25.90 - - [04/Aug/2017:08:41:44 +0200] "GET /img/empty.gif HTTP/1.1" 200 43 "http://www.easydrivers.at/wr.neustadt" "Mozilla/5.0 (Windows NT 10.0; Win64; x64) AppleWebKit/537.36 (KHTML, like Gecko) Chrome/59.0.3071.115 Safari/537.36"
84.115.25.90 - - [04/Aug/2017:08:41:44 +0200] "GET /binaries/easy-drivers-portal/widget-icon-apppng.png HTTP/1.1" 200 2432 "http://www.easydrivers.at/wr.neustadt" "Mozilla/5.0 (Windows NT 10.0; Win64; x64) AppleWebKit/537.36 (KHTML, like Gecko) Chrome/59.0.3071.115 Safari/537.36"
84.115.25.90 - - [04/Aug/2017:08:41:44 +0200] "GET /img/purple-dots-horizontal.png HTTP/1.1" 200 977 "http://www.easydrivers.at/css/style.css" "Mozilla/5.0 (Windows NT 10.0; Win64; x64) AppleWebKit/537.36 (KHTML, like Gecko) Chrome/59.0.3071.115 Safari/537.36"
84.115.25.90 - - [04/Aug/2017:08:41:44 +0200] "GET /img/schweiz-icon.png HTTP/1.1" 200 1504 "http://www.easydrivers.at/wr.neustadt" "Mozilla/5.0 (Windows NT 10.0; Win64; x64) AppleWebKit/537.36 (KHTML, like Gecko) Chrome/59.0.3071.115 Safari/537.36"
84.115.25.90 - - [04/Aug/2017:08:41:44 +0200] "GET /img/bg-footer.jpg HTTP/1.1" 200 31770 "http://www.easydrivers.at/css/style.css" "Mozilla/5.0 (Windows NT 10.0; Win64; x64) AppleWebKit/537.36 (KHTML, like Gecko) Chrome/59.0.3071.115 Safari/537.36"
84.115.25.90 - - [04/Aug/2017:08:41:44 +0200] "GET /img/bg-header.jpg HTTP/1.1" 200 38680 "http://www.easydrivers.at/css/style.css" "Mozilla/5.0 (Windows NT 10.0; Win64; x64) AppleWebKit/537.36 (KHTML, like Gecko) Chrome/59.0.3071.115 Safari/537.36"
84.115.25.90 - - [04/Aug/2017:08:41:44 +0200] "GET /img/yellow-dots-vertical.png HTTP/1.1" 200 981 "http://www.easydrivers.at/css/style.css" "Mozilla/5.0 (Windows NT 10.0; Win64; x64) AppleWebKit/537.36 (KHTML, like Gecko) Chrome/59.0.3071.115 Safari/537.36"
84.115.25.90 - - [04/Aug/2017:08:41:44 +0200] "GET /img/bg-top-section.jpg HTTP/1.1" 200 82172 "http://www.easydrivers.at/css/style.css" "Mozilla/5.0 (Windows NT 10.0; Win64; x64) AppleWebKit/537.36 (KHTML, like Gecko) Chrome/59.0.3071.115 Safari/537.36"
84.115.25.90 - - [04/Aug/2017:08:41:48 +0200] "GET /wr.neustadt/aktionen HTTP/1.1" 200 2946 "http://www.easydrivers.at/wr.neustadt" "Mozilla/5.0 (Windows NT 10.0; Win64; x64) AppleWebKit/537.36 (KHTML, like Gecko) Chrome/59.0.3071.115 Safari/537.36"
84.115.25.90 - - [04/Aug/2017:08:41:50 +0200] "GET /binaries/easy-drivers-portal/motorrad2jpg.jpg HTTP/1.1" 200 45802 "http://www.easydrivers.at/wr.neustadt/aktionen" "Mozilla/5.0 (Windows NT 10.0; Win64; x64) AppleWebKit/537.36 (KHTML, like Gecko) Chrome/59.0.3071.115 Safari/537.36"
84.115.25.90 - - [04/Aug/2017:08:41:50 +0200] "GET /img/top-image-overlay.png HTTP/1.1" 200 20650 "http://www.easydrivers.at/css/style.css" "Mozilla/5.0 (Windows NT 10.0; Win64; x64) AppleWebKit/537.36 (KHTML, like Gecko) Chrome/59.0.3071.115 Safari/537.36"
84.115.25.90 - - [04/Aug/2017:08:41:50 +0200] "GET /img/bg-yellow.jpg HTTP/1.1" 200 2250 "http://www.easydrivers.at/css/style.css" "Mozilla/5.0 (Windows NT 10.0; Win64; x64) AppleWebKit/537.36 (KHTML, like Gecko) Chrome/59.0.3071.115 Safari/537.36"
193.80.99.126 - - [04/Aug/2017:08:41:50 +0200] "GET / HTTP/1.1" 200 4410 "-" "Mozilla/5.0 (Windows NT 6.1) AppleWebKit/537.36 (KHTML, like Gecko) Chrome/59.0.3071.115 Safari/537.36"
84.115.25.90 - - [04/Aug/2017:08:41:51 +0200] "GET /wr.neustadt/kurse HTTP/1.1" 200 4363 "http://www.easydrivers.at/wr.neustadt/aktionen" "Mozilla/5.0 (Windows NT 10.0; Win64; x64) AppleWebKit/537.36 (KHTML, like Gecko) Chrome/59.0.3071.115 Safari/537.36"
84.115.25.90 - - [04/Aug/2017:08:41:54 +0200] "GET /css/showLoading.css HTTP/1.1" 200 219 "http://www.easydrivers.at/wr.neustadt/kurse" "Mozilla/5.0 (Windows NT 10.0; Win64; x64) AppleWebKit/537.36 (KHTML, like Gecko) Chrome/59.0.3071.115 Safari/537.36"
84.115.25.90 - - [04/Aug/2017:08:41:54 +0200] "GET /javascript/jquery.showLoading.min.js HTTP/1.1" 200 1136 "http://www.easydrivers.at/wr.neustadt/kurse" "Mozilla/5.0 (Windows NT 10.0; Win64; x64) AppleWebKit/537.36 (KHTML, like Gecko) Chrome/59.0.3071.115 Safari/537.36"
84.115.25.90 - - [04/Aug/2017:08:41:54 +0200] "GET /javascript/jquery.base64.min.js HTTP/1.1" 200 37135 "http://www.easydrivers.at/wr.neustadt/kurse" "Mozilla/5.0 (Windows NT 10.0; Win64; x64) AppleWebKit/537.36 (KHTML, like Gecko) Chrome/59.0.3071.115 Safari/537.36"
84.115.25.90 - - [04/Aug/2017:08:41:54 +0200] "GET /binaries/easy-drivers-portal/motorrad4jpg.jpg HTTP/1.1" 200 110277 "http://www.easydrivers.at/wr.neustadt/kurse" "Mozilla/5.0 (Windows NT 10.0; Win64; x64) AppleWebKit/537.36 (KHTML, like Gecko) Chrome/59.0.3071.115 Safari/537.36"
213.180.203.63 - - [04/Aug/2017:08:41:57 +0200] "GET /ennstal.schladming/kk_17.02.2014?FS=A2BF HTTP/1.1" 410 3461 "-" "Mozilla/5.0 (compatible; YandexBot/3.0; +http://yandex.com/bots)"
193.81.149.147 - - [04/Aug/2017:08:41:59 +0200] "POST / HTTP/1.1" 200 3570 "http://www.easydrivers.at/fuehrerscheine/traktor" "Mozilla/5.0 (Linux; Android 5.1.1; SAMSUNG SM-G388F/G388FXXU1BPC3 Build/LMY48B) AppleWebKit/537.36 (KHTML, like Gecko) SamsungBrowser/3.3 Chrome/38.0.2125.102 Mobile Safari/537.36"
193.81.149.147 - - [04/Aug/2017:08:42:01 +0200] "GET /javascript/mobile-homesearch.js HTTP/1.1" 200 340 "http://www.easydrivers.at/" "Mozilla/5.0 (Linux; Android 5.1.1; SAMSUNG SM-G388F/G388FXXU1BPC3 Build/LMY48B) AppleWebKit/537.36 (KHTML, like Gecko) SamsungBrowser/3.3 Chrome/38.0.2125.102 Mobile Safari/537.36"
84.115.25.90 - - [04/Aug/2017:08:42:02 +0200] "GET /wr.neustadt HTTP/1.1" 200 3526 "http://www.easydrivers.at/wr.neustadt/kurse" "Mozilla/5.0 (Windows NT 10.0; Win64; x64) AppleWebKit/537.36 (KHTML, like Gecko) Chrome/59.0.3071.115 Safari/537.36"
193.81.149.147 - - [04/Aug/2017:08:42:05 +0200] "GET /fuehrerscheine/traktor HTTP/1.1" 200 2869 "-" "Mozilla/5.0 (Linux; Android 5.1.1; SAMSUNG SM-G388F/G388FXXU1BPC3 Build/LMY48B) AppleWebKit/537.36 (KHTML, like Gecko) SamsungBrowser/3.3 Chrome/38.0.2125.102 Mobile Safari/537.36"
212.95.8.244 - - [04/Aug/2017:08:42:13 +0200] "GET /ennstal.schladming HTTP/1.1" 200 2924 "-" "Mozilla/5.0 (Linux; Android 7.0; SAMSUNG SM-G920F/XXS5EQFC Build/NRD90M) AppleWebKit/537.36 (KHTML, like Gecko) SamsungBrowser/5.4 Chrome/51.0.2704.106 Mobile Safari/537.36"
212.95.8.244 - - [04/Aug/2017:08:42:15 +0200] "GET /img/mobile/widget-icon-app.png HTTP/1.1" 200 3458 "http://www.easydrivers.at/ennstal.schladming" "Mozilla/5.0 (Linux; Android 7.0; SAMSUNG SM-G920F/XXS5EQFC Build/NRD90M) AppleWebKit/537.36 (KHTML, like Gecko) SamsungBrowser/5.4 Chrome/51.0.2704.106 Mobile Safari/537.36"
212.95.8.244 - - [04/Aug/2017:08:42:16 +0200] "GET /img/mobile/pfeil-rechts.png HTTP/1.1" 200 1228 "http://www.easydrivers.at/css/mobile.css" "Mozilla/5.0 (Linux; Android 7.0; SAMSUNG SM-G920F/XXS5EQFC Build/NRD90M) AppleWebKit/537.36 (KHTML, like Gecko) SamsungBrowser/5.4 Chrome/51.0.2704.106 Mobile Safari/537.36"
84.115.25.90 - - [04/Aug/2017:08:42:16 +0200] "GET /img/loading-bars.gif HTTP/1.1" 200 3951 "http://www.easydrivers.at/css/style.css" "Mozilla/5.0 (Windows NT 10.0; Win64; x64) AppleWebKit/537.36 (KHTML, like Gecko) Chrome/59.0.3071.115 Safari/537.36"
212.95.8.244 - - [04/Aug/2017:08:42:17 +0200] "GET /img/favicon.ico HTTP/1.1" 404 300 "http://www.easydrivers.at/ennstal.schladming" "Mozilla/5.0 (Linux; Android 7.0; SAMSUNG SM-G920F/XXS5EQFC Build/NRD90M) AppleWebKit/537.36 (KHTML, like Gecko) SamsungBrowser/5.4 Chrome/51.0.2704.106 Mobile Safari/537.36"
178.190.92.77 - - [04/Aug/2017:08:42:16 +0200] "POST /loadkursliste HTTP/1.1" 200 871 "http://www.easydrivers.at/waidhofen.ybbs/kursauswahl" "Mozilla/5.0 (Linux; Android 6.0; HUAWEI VNS-L21 Build/HUAWEIVNS-L21) AppleWebKit/537.36 (KHTML, like Gecko) Chrome/58.0.3029.83 Mobile Safari/537.36"
84.115.25.90 - - [04/Aug/2017:08:42:16 +0200] "POST /wr.neustadt/kursauswahl HTTP/1.1" 200 4275 "http://www.easydrivers.at/wr.neustadt" "Mozilla/5.0 (Windows NT 10.0; Win64; x64) AppleWebKit/537.36 (KHTML, like Gecko) Chrome/59.0.3071.115 Safari/537.36"
84.115.25.90 - - [04/Aug/2017:08:42:19 +0200] "GET /img/arrow-left.png HTTP/1.1" 200 1015 "http://www.easydrivers.at/css/style.css" "Mozilla/5.0 (Windows NT 10.0; Win64; x64) AppleWebKit/537.36 (KHTML, like Gecko) Chrome/59.0.3071.115 Safari/537.36"
84.115.25.90 - - [04/Aug/2017:08:42:19 +0200] "GET /binaries/easy-drivers-portal/motorrad3jpg.jpg HTTP/1.1" 200 111280 "http://www.easydrivers.at/wr.neustadt/kursauswahl" "Mozilla/5.0 (Windows NT 10.0; Win64; x64) AppleWebKit/537.36 (KHTML, like Gecko) Chrome/59.0.3071.115 Safari/537.36"
212.95.8.244 - - [04/Aug/2017:08:42:21 +0200] "POST /ennstal.schladming/kursauswahl HTTP/1.1" 200 3092 "http://www.easydrivers.at/ennstal.schladming" "Mozilla/5.0 (Linux; Android 7.0; SAMSUNG SM-G920F/XXS5EQFC Build/NRD90M) AppleWebKit/537.36 (KHTML, like Gecko) SamsungBrowser/5.4 Chrome/51.0.2704.106 Mobile Safari/537.36"
212.95.8.244 - - [04/Aug/2017:08:42:23 +0200] "GET /javascript/mobile-fahrschule-kurs-suchergebnis.js HTTP/1.1" 200 274 "http://www.easydrivers.at/ennstal.schladming/kursauswahl" "Mozilla/5.0 (Linux; Android 7.0; SAMSUNG SM-G920F/XXS5EQFC Build/NRD90M) AppleWebKit/537.36 (KHTML, like Gecko) SamsungBrowser/5.4 Chrome/51.0.2704.106 Mobile Safari/537.36"
212.95.8.244 - - [04/Aug/2017:08:42:23 +0200] "GET /img/mobile/pfeil-links-small.png HTTP/1.1" 200 1065 "http://www.easydrivers.at/css/mobile.css" "Mozilla/5.0 (Linux; Android 7.0; SAMSUNG SM-G920F/XXS5EQFC Build/NRD90M) AppleWebKit/537.36 (KHTML, like Gecko) SamsungBrowser/5.4 Chrome/51.0.2704.106 Mobile Safari/537.36"
212.95.8.244 - - [04/Aug/2017:08:42:23 +0200] "GET /img/mobile/bg-yellow.jpg HTTP/1.1" 200 1569 "http://www.easydrivers.at/css/mobile.css" "Mozilla/5.0 (Linux; Android 7.0; SAMSUNG SM-G920F/XXS5EQFC Build/NRD90M) AppleWebKit/537.36 (KHTML, like Gecko) SamsungBrowser/5.4 Chrome/51.0.2704.106 Mobile Safari/537.36"
212.95.8.244 - - [04/Aug/2017:08:42:23 +0200] "GET /img/loading-bars.gif HTTP/1.1" 200 3951 "http://www.easydrivers.at/css/mobile.css" "Mozilla/5.0 (Linux; Android 7.0; SAMSUNG SM-G920F/XXS5EQFC Build/NRD90M) AppleWebKit/537.36 (KHTML, like Gecko) SamsungBrowser/5.4 Chrome/51.0.2704.106 Mobile Safari/537.36"
212.95.8.244 - - [04/Aug/2017:08:42:25 +0200] "POST /loadkursliste HTTP/1.1" 200 751 "http://www.easydrivers.at/ennstal.schladming/kursauswahl" "Mozilla/5.0 (Linux; Android 7.0; SAMSUNG SM-G920F/XXS5EQFC Build/NRD90M) AppleWebKit/537.36 (KHTML, like Gecko) SamsungBrowser/5.4 Chrome/51.0.2704.106 Mobile Safari/537.36"
212.95.8.244 - - [04/Aug/2017:08:42:30 +0200] "GET /ennstal.schladming/kk-24-07-2017?FS=B HTTP/1.1" 200 3216 "http://www.easydrivers.at/ennstal.schladming/kursauswahl" "Mozilla/5.0 (Linux; Android 7.0; SAMSUNG SM-G920F/XXS5EQFC Build/NRD90M) AppleWebKit/537.36 (KHTML, like Gecko) SamsungBrowser/5.4 Chrome/51.0.2704.106 Mobile Safari/537.36"
212.95.8.244 - - [04/Aug/2017:08:42:33 +0200] "GET /img/mobile/kursicon-share.png HTTP/1.1" 200 2065 "http://www.easydrivers.at/ennstal.schladming/kk-24-07-2017?FS=B" "Mozilla/5.0 (Linux; Android 7.0; SAMSUNG SM-G920F/XXS5EQFC Build/NRD90M) AppleWebKit/537.36 (KHTML, like Gecko) SamsungBrowser/5.4 Chrome/51.0.2704.106 Mobile Safari/537.36"
212.95.8.244 - - [04/Aug/2017:08:42:33 +0200] "GET /img/mobile/kursicon-phone.png HTTP/1.1" 200 1932 "http://www.easydrivers.at/ennstal.schladming/kk-24-07-2017?FS=B" "Mozilla/5.0 (Linux; Android 7.0; SAMSUNG SM-G920F/XXS5EQFC Build/NRD90M) AppleWebKit/537.36 (KHTML, like Gecko) SamsungBrowser/5.4 Chrome/51.0.2704.106 Mobile Safari/537.36"
212.95.8.244 - - [04/Aug/2017:08:42:33 +0200] "GET /img/mobile/smallicon-phone.png HTTP/1.1" 200 1311 "http://www.easydrivers.at/ennstal.schladming/kk-24-07-2017?FS=B" "Mozilla/5.0 (Linux; Android 7.0; SAMSUNG SM-G920F/XXS5EQFC Build/NRD90M) AppleWebKit/537.36 (KHTML, like Gecko) SamsungBrowser/5.4 Chrome/51.0.2704.106 Mobile Safari/537.36"
212.95.8.244 - - [04/Aug/2017:08:42:33 +0200] "GET /img/mobile/smallicon-mail.png HTTP/1.1" 200 1335 "http://www.easydrivers.at/ennstal.schladming/kk-24-07-2017?FS=B" "Mozilla/5.0 (Linux; Android 7.0; SAMSUNG SM-G920F/XXS5EQFC Build/NRD90M) AppleWebKit/537.36 (KHTML, like Gecko) SamsungBrowser/5.4 Chrome/51.0.2704.106 Mobile Safari/537.36"
212.95.8.244 - - [04/Aug/2017:08:42:33 +0200] "GET /img/mobile/pfeil-rechts-small.png HTTP/1.1" 200 1056 "http://www.easydrivers.at/css/mobile.css" "Mozilla/5.0 (Linux; Android 7.0; SAMSUNG SM-G920F/XXS5EQFC Build/NRD90M) AppleWebKit/537.36 (KHTML, like Gecko) SamsungBrowser/5.4 Chrome/51.0.2704.106 Mobile Safari/537.36"
95.108.181.68 - - [04/Aug/2017:08:42:48 +0200] "GET /am.spitz/10280841?FS=A1L17 HTTP/1.1" 410 3380 "-" "Mozilla/5.0 (compatible; YandexBot/3.0; +http://yandex.com/bots)"
62.40.136.228 - - [04/Aug/2017:08:43:01 +0200] "GET /favicon.ico HTTP/1.1" 200 1150 "-" "Mozilla/5.0 (Windows NT 6.3; Win64; x64; Trident/7.0; rv:11.0) like Gecko"
178.190.92.77 - - [04/Aug/2017:08:43:04 +0200] "GET /waidhofen.ybbs/AK_09_2015?FS=BE HTTP/1.1" 200 3157 "http://www.easydrivers.at/waidhofen.ybbs/kursauswahl" "Mozilla/5.0 (Linux; Android 6.0; HUAWEI VNS-L21 Build/HUAWEIVNS-L21) AppleWebKit/537.36 (KHTML, like Gecko) Chrome/58.0.3029.83 Mobile Safari/537.36"
178.190.92.77 - - [04/Aug/2017:08:43:07 +0200] "GET /img/mobile/kursicon-share.png HTTP/1.1" 200 2065 "http://www.easydrivers.at/waidhofen.ybbs/AK_09_2015?FS=BE" "Mozilla/5.0 (Linux; Android 6.0; HUAWEI VNS-L21 Build/HUAWEIVNS-L21) AppleWebKit/537.36 (KHTML, like Gecko) Chrome/58.0.3029.83 Mobile Safari/537.36"
178.190.92.77 - - [04/Aug/2017:08:43:07 +0200] "GET /img/mobile/kursicon-phone.png HTTP/1.1" 200 1932 "http://www.easydrivers.at/waidhofen.ybbs/AK_09_2015?FS=BE" "Mozilla/5.0 (Linux; Android 6.0; HUAWEI VNS-L21 Build/HUAWEIVNS-L21) AppleWebKit/537.36 (KHTML, like Gecko) Chrome/58.0.3029.83 Mobile Safari/537.36"
178.190.92.77 - - [04/Aug/2017:08:43:07 +0200] "GET /img/mobile/smallicon-phone.png HTTP/1.1" 200 1311 "http://www.easydrivers.at/waidhofen.ybbs/AK_09_2015?FS=BE" "Mozilla/5.0 (Linux; Android 6.0; HUAWEI VNS-L21 Build/HUAWEIVNS-L21) AppleWebKit/537.36 (KHTML, like Gecko) Chrome/58.0.3029.83 Mobile Safari/537.36"
178.190.92.77 - - [04/Aug/2017:08:43:07 +0200] "GET /img/mobile/smallicon-mail.png HTTP/1.1" 200 1335 "http://www.easydrivers.at/waidhofen.ybbs/AK_09_2015?FS=BE" "Mozilla/5.0 (Linux; Android 6.0; HUAWEI VNS-L21 Build/HUAWEIVNS-L21) AppleWebKit/537.36 (KHTML, like Gecko) Chrome/58.0.3029.83 Mobile Safari/537.36"
178.190.92.77 - - [04/Aug/2017:08:43:07 +0200] "GET /img/mobile/pfeil-rechts-small.png HTTP/1.1" 200 1056 "http://www.easydrivers.at/css/mobile.css" "Mozilla/5.0 (Linux; Android 6.0; HUAWEI VNS-L21 Build/HUAWEIVNS-L21) AppleWebKit/537.36 (KHTML, like Gecko) Chrome/58.0.3029.83 Mobile Safari/537.36"
62.40.136.228 - - [04/Aug/2017:08:43:15 +0200] "GET /st.poelten?gclid=CPnTm7f8vNUCFckp0wodimEFoQ HTTP/1.1" 200 3648 "-" "Mozilla/5.0 (Windows NT 6.3; WOW64; Trident/7.0; rv:11.0) like Gecko"
62.40.136.228 - - [04/Aug/2017:08:43:21 +0200] "POST /st.poelten/kursauswahl HTTP/1.1" 200 4277 "http://www.easydrivers.at/st.poelten?gclid=CPnTm7f8vNUCFckp0wodimEFoQ" "Mozilla/5.0 (Windows NT 6.3; WOW64; Trident/7.0; rv:11.0) like Gecko"
62.40.136.228 - - [04/Aug/2017:08:43:23 +0200] "GET /binaries/easy-drivers-portal/motorrad2jpg.jpg HTTP/1.1" 200 45802 "http://www.easydrivers.at/st.poelten/kursauswahl" "Mozilla/5.0 (Windows NT 6.3; WOW64; Trident/7.0; rv:11.0) like Gecko"
62.40.136.228 - - [04/Aug/2017:08:43:23 +0200] "GET /browserconfig.xml HTTP/1.1" 404 2359 "-" "Mozilla/5.0 (Windows NT 6.3; Win64; x64; Trident/7.0; rv:11.0) like Gecko"
62.40.136.228 - - [04/Aug/2017:08:43:23 +0200] "POST /loadkursliste HTTP/1.1" 200 963 "http://www.easydrivers.at/st.poelten/kursauswahl" "Mozilla/5.0 (Windows NT 6.3; WOW64; Trident/7.0; rv:11.0) like Gecko"
62.40.136.228 - - [04/Aug/2017:08:43:30 +0200] "POST /loadkursliste HTTP/1.1" 200 596 "http://www.easydrivers.at/st.poelten/kursauswahl" "Mozilla/5.0 (Windows NT 6.3; WOW64; Trident/7.0; rv:11.0) like Gecko"
62.40.136.228 - - [04/Aug/2017:08:43:34 +0200] "GET /st.poelten/10282918?FS=A HTTP/1.1" 200 6173 "http://www.easydrivers.at/st.poelten/kursauswahl" "Mozilla/5.0 (Windows NT 6.3; WOW64; Trident/7.0; rv:11.0) like Gecko"
62.40.136.228 - - [04/Aug/2017:08:43:36 +0200] "GET /binaries/easy-drivers-portal/motorrad1jpg.jpg HTTP/1.1" 200 125850 "http://www.easydrivers.at/st.poelten/10282918?FS=A" "Mozilla/5.0 (Windows NT 6.3; WOW64; Trident/7.0; rv:11.0) like Gecko"
193.83.28.226 - - [04/Aug/2017:08:44:03 +0200] "GET /berndorf/Intensivkurs_8_Einheiten_Augustl_2017c?FS=B HTTP/1.1" 200 3093 "http://www.easydrivers.at/berndorf/Intensivkurs_8_Einheiten_Augustl_2017c?FS=B&channel=fullversion" "Mozilla/5.0 (Linux; Android 6.0.1; SAMSUNG SM-A510F Build/MMB29K) AppleWebKit/537.36 (KHTML, like Gecko) SamsungBrowser/5.4 Chrome/51.0.2704.106 Mobile Safari/537.36"
193.83.28.226 - - [04/Aug/2017:08:44:05 +0200] "GET /css/mobile.css HTTP/1.1" 200 2852 "http://www.easydrivers.at/berndorf/Intensivkurs_8_Einheiten_Augustl_2017c?FS=B" "Mozilla/5.0 (Linux; Android 6.0.1; SAMSUNG SM-A510F Build/MMB29K) AppleWebKit/537.36 (KHTML, like Gecko) SamsungBrowser/5.4 Chrome/51.0.2704.106 Mobile Safari/537.36"
193.83.28.226 - - [04/Aug/2017:08:44:05 +0200] "GET /javascript/jquery.cookie.js HTTP/1.1" 200 863 "http://www.easydrivers.at/berndorf/Intensivkurs_8_Einheiten_Augustl_2017c?FS=B" "Mozilla/5.0 (Linux; Android 6.0.1; SAMSUNG SM-A510F Build/MMB29K) AppleWebKit/537.36 (KHTML, like Gecko) SamsungBrowser/5.4 Chrome/51.0.2704.106 Mobile Safari/537.36"
193.83.28.226 - - [04/Aug/2017:08:44:05 +0200] "GET /javascript/jquery-1.9.1.min.js HTTP/1.1" 200 32731 "http://www.easydrivers.at/berndorf/Intensivkurs_8_Einheiten_Augustl_2017c?FS=B" "Mozilla/5.0 (Linux; Android 6.0.1; SAMSUNG SM-A510F Build/MMB29K) AppleWebKit/537.36 (KHTML, like Gecko) SamsungBrowser/5.4 Chrome/51.0.2704.106 Mobile Safari/537.36"
193.83.28.226 - - [04/Aug/2017:08:44:05 +0200] "GET /javascript/mobile-menu.js HTTP/1.1" 200 1634 "http://www.easydrivers.at/berndorf/Intensivkurs_8_Einheiten_Augustl_2017c?FS=B" "Mozilla/5.0 (Linux; Android 6.0.1; SAMSUNG SM-A510F Build/MMB29K) AppleWebKit/537.36 (KHTML, like Gecko) SamsungBrowser/5.4 Chrome/51.0.2704.106 Mobile Safari/537.36"
193.83.28.226 - - [04/Aug/2017:08:44:05 +0200] "GET /javascript/jquery.simplemodal.js HTTP/1.1" 200 3070 "http://www.easydrivers.at/berndorf/Intensivkurs_8_Einheiten_Augustl_2017c?FS=B" "Mozilla/5.0 (Linux; Android 6.0.1; SAMSUNG SM-A510F Build/MMB29K) AppleWebKit/537.36 (KHTML, like Gecko) SamsungBrowser/5.4 Chrome/51.0.2704.106 Mobile Safari/537.36"
193.83.28.226 - - [04/Aug/2017:08:44:05 +0200] "GET /javascript/mobile-fahrschule.js HTTP/1.1" 200 328 "http://www.easydrivers.at/berndorf/Intensivkurs_8_Einheiten_Augustl_2017c?FS=B" "Mozilla/5.0 (Linux; Android 6.0.1; SAMSUNG SM-A510F Build/MMB29K) AppleWebKit/537.36 (KHTML, like Gecko) SamsungBrowser/5.4 Chrome/51.0.2704.106 Mobile Safari/537.36"
193.83.28.226 - - [04/Aug/2017:08:44:05 +0200] "GET /javascript/lazyload.js HTTP/1.1" 200 1170 "http://www.easydrivers.at/berndorf/Intensivkurs_8_Einheiten_Augustl_2017c?FS=B" "Mozilla/5.0 (Linux; Android 6.0.1; SAMSUNG SM-A510F Build/MMB29K) AppleWebKit/537.36 (KHTML, like Gecko) SamsungBrowser/5.4 Chrome/51.0.2704.106 Mobile Safari/537.36"
193.83.28.226 - - [04/Aug/2017:08:44:06 +0200] "GET /img/mobile/easydrivers-logo-mobile.png HTTP/1.1" 200 10766 "http://www.easydrivers.at/berndorf/Intensivkurs_8_Einheiten_Augustl_2017c?FS=B" "Mozilla/5.0 (Linux; Android 6.0.1; SAMSUNG SM-A510F Build/MMB29K) AppleWebKit/537.36 (KHTML, like Gecko) SamsungBrowser/5.4 Chrome/51.0.2704.106 Mobile Safari/537.36"
193.83.28.226 - - [04/Aug/2017:08:44:06 +0200] "GET /img/mobile/menu-button.png HTTP/1.1" 200 1746 "http://www.easydrivers.at/berndorf/Intensivkurs_8_Einheiten_Augustl_2017c?FS=B" "Mozilla/5.0 (Linux; Android 6.0.1; SAMSUNG SM-A510F Build/MMB29K) AppleWebKit/537.36 (KHTML, like Gecko) SamsungBrowser/5.4 Chrome/51.0.2704.106 Mobile Safari/537.36"
193.83.28.226 - - [04/Aug/2017:08:44:06 +0200] "GET /img/mobile/close-button.png HTTP/1.1" 200 2411 "http://www.easydrivers.at/berndorf/Intensivkurs_8_Einheiten_Augustl_2017c?FS=B" "Mozilla/5.0 (Linux; Android 6.0.1; SAMSUNG SM-A510F Build/MMB29K) AppleWebKit/537.36 (KHTML, like Gecko) SamsungBrowser/5.4 Chrome/51.0.2704.106 Mobile Safari/537.36"
193.83.28.226 - - [04/Aug/2017:08:44:06 +0200] "GET /img/mobile/facebook-icon.png HTTP/1.1" 200 1902 "http://www.easydrivers.at/berndorf/Intensivkurs_8_Einheiten_Augustl_2017c?FS=B" "Mozilla/5.0 (Linux; Android 6.0.1; SAMSUNG SM-A510F Build/MMB29K) AppleWebKit/537.36 (KHTML, like Gecko) SamsungBrowser/5.4 Chrome/51.0.2704.106 Mobile Safari/537.36"
193.83.28.226 - - [04/Aug/2017:08:44:06 +0200] "GET /img/mobile/info-button.png HTTP/1.1" 200 1549 "http://www.easydrivers.at/berndorf/Intensivkurs_8_Einheiten_Augustl_2017c?FS=B" "Mozilla/5.0 (Linux; Android 6.0.1; SAMSUNG SM-A510F Build/MMB29K) AppleWebKit/537.36 (KHTML, like Gecko) SamsungBrowser/5.4 Chrome/51.0.2704.106 Mobile Safari/537.36"
193.83.28.226 - - [04/Aug/2017:08:44:06 +0200] "GET /img/mobile/info-close-button.png HTTP/1.1" 200 1721 "http://www.easydrivers.at/berndorf/Intensivkurs_8_Einheiten_Augustl_2017c?FS=B" "Mozilla/5.0 (Linux; Android 6.0.1; SAMSUNG SM-A510F Build/MMB29K) AppleWebKit/537.36 (KHTML, like Gecko) SamsungBrowser/5.4 Chrome/51.0.2704.106 Mobile Safari/537.36"
193.83.28.226 - - [04/Aug/2017:08:44:06 +0200] "GET /img/smallicon-person.png HTTP/1.1" 200 1141 "http://www.easydrivers.at/berndorf/Intensivkurs_8_Einheiten_Augustl_2017c?FS=B" "Mozilla/5.0 (Linux; Android 6.0.1; SAMSUNG SM-A510F Build/MMB29K) AppleWebKit/537.36 (KHTML, like Gecko) SamsungBrowser/5.4 Chrome/51.0.2704.106 Mobile Safari/537.36"
193.83.28.226 - - [04/Aug/2017:08:44:06 +0200] "GET /img/smallicon-address.png HTTP/1.1" 200 1211 "http://www.easydrivers.at/berndorf/Intensivkurs_8_Einheiten_Augustl_2017c?FS=B" "Mozilla/5.0 (Linux; Android 6.0.1; SAMSUNG SM-A510F Build/MMB29K) AppleWebKit/537.36 (KHTML, like Gecko) SamsungBrowser/5.4 Chrome/51.0.2704.106 Mobile Safari/537.36"
193.83.28.226 - - [04/Aug/2017:08:44:06 +0200] "GET /img/mobile/googlemaps-pin.png HTTP/1.1" 200 1597 "http://www.easydrivers.at/berndorf/Intensivkurs_8_Einheiten_Augustl_2017c?FS=B" "Mozilla/5.0 (Linux; Android 6.0.1; SAMSUNG SM-A510F Build/MMB29K) AppleWebKit/537.36 (KHTML, like Gecko) SamsungBrowser/5.4 Chrome/51.0.2704.106 Mobile Safari/537.36"
193.83.28.226 - - [04/Aug/2017:08:44:06 +0200] "GET /img/smallicon-time.png HTTP/1.1" 200 1262 "http://www.easydrivers.at/berndorf/Intensivkurs_8_Einheiten_Augustl_2017c?FS=B" "Mozilla/5.0 (Linux; Android 6.0.1; SAMSUNG SM-A510F Build/MMB29K) AppleWebKit/537.36 (KHTML, like Gecko) SamsungBrowser/5.4 Chrome/51.0.2704.106 Mobile Safari/537.36"
193.83.28.226 - - [04/Aug/2017:08:44:06 +0200] "GET /img/smallicon-phone.png HTTP/1.1" 200 3056 "http://www.easydrivers.at/berndorf/Intensivkurs_8_Einheiten_Augustl_2017c?FS=B" "Mozilla/5.0 (Linux; Android 6.0.1; SAMSUNG SM-A510F Build/MMB29K) AppleWebKit/537.36 (KHTML, like Gecko) SamsungBrowser/5.4 Chrome/51.0.2704.106 Mobile Safari/537.36"
193.83.28.226 - - [04/Aug/2017:08:44:06 +0200] "GET /img/smallicon-mail.png HTTP/1.1" 200 1341 "http://www.easydrivers.at/berndorf/Intensivkurs_8_Einheiten_Augustl_2017c?FS=B" "Mozilla/5.0 (Linux; Android 6.0.1; SAMSUNG SM-A510F Build/MMB29K) AppleWebKit/537.36 (KHTML, like Gecko) SamsungBrowser/5.4 Chrome/51.0.2704.106 Mobile Safari/537.36"
193.83.28.226 - - [04/Aug/2017:08:44:06 +0200] "GET /img/mobile/kursicon-share.png HTTP/1.1" 200 2065 "http://www.easydrivers.at/berndorf/Intensivkurs_8_Einheiten_Augustl_2017c?FS=B" "Mozilla/5.0 (Linux; Android 6.0.1; SAMSUNG SM-A510F Build/MMB29K) AppleWebKit/537.36 (KHTML, like Gecko) SamsungBrowser/5.4 Chrome/51.0.2704.106 Mobile Safari/537.36"
193.83.28.226 - - [04/Aug/2017:08:44:06 +0200] "GET /img/mobile/kursicon-phone.png HTTP/1.1" 200 1932 "http://www.easydrivers.at/berndorf/Intensivkurs_8_Einheiten_Augustl_2017c?FS=B" "Mozilla/5.0 (Linux; Android 6.0.1; SAMSUNG SM-A510F Build/MMB29K) AppleWebKit/537.36 (KHTML, like Gecko) SamsungBrowser/5.4 Chrome/51.0.2704.106 Mobile Safari/537.36"
193.83.28.226 - - [04/Aug/2017:08:44:06 +0200] "GET /img/mobile/smallicon-phone.png HTTP/1.1" 200 1311 "http://www.easydrivers.at/berndorf/Intensivkurs_8_Einheiten_Augustl_2017c?FS=B" "Mozilla/5.0 (Linux; Android 6.0.1; SAMSUNG SM-A510F Build/MMB29K) AppleWebKit/537.36 (KHTML, like Gecko) SamsungBrowser/5.4 Chrome/51.0.2704.106 Mobile Safari/537.36"
193.83.28.226 - - [04/Aug/2017:08:44:06 +0200] "GET /img/mobile/smallicon-mail.png HTTP/1.1" 200 1335 "http://www.easydrivers.at/berndorf/Intensivkurs_8_Einheiten_Augustl_2017c?FS=B" "Mozilla/5.0 (Linux; Android 6.0.1; SAMSUNG SM-A510F Build/MMB29K) AppleWebKit/537.36 (KHTML, like Gecko) SamsungBrowser/5.4 Chrome/51.0.2704.106 Mobile Safari/537.36"
193.83.28.226 - - [04/Aug/2017:08:44:06 +0200] "GET /img/mobile/bg-header.jpg HTTP/1.1" 200 19741 "http://www.easydrivers.at/css/mobile.css" "Mozilla/5.0 (Linux; Android 6.0.1; SAMSUNG SM-A510F Build/MMB29K) AppleWebKit/537.36 (KHTML, like Gecko) SamsungBrowser/5.4 Chrome/51.0.2704.106 Mobile Safari/537.36"
193.83.28.226 - - [04/Aug/2017:08:44:06 +0200] "GET /img/mobile/bg-menu.jpg HTTP/1.1" 200 1698 "http://www.easydrivers.at/css/mobile.css" "Mozilla/5.0 (Linux; Android 6.0.1; SAMSUNG SM-A510F Build/MMB29K) AppleWebKit/537.36 (KHTML, like Gecko) SamsungBrowser/5.4 Chrome/51.0.2704.106 Mobile Safari/537.36"
193.83.28.226 - - [04/Aug/2017:08:44:06 +0200] "GET /img/mobile/bg-top-section.jpg HTTP/1.1" 200 21711 "http://www.easydrivers.at/css/mobile.css" "Mozilla/5.0 (Linux; Android 6.0.1; SAMSUNG SM-A510F Build/MMB29K) AppleWebKit/537.36 (KHTML, like Gecko) SamsungBrowser/5.4 Chrome/51.0.2704.106 Mobile Safari/537.36"
193.83.28.226 - - [04/Aug/2017:08:44:06 +0200] "GET /img/mobile/pfeil-links-small.png HTTP/1.1" 200 1065 "http://www.easydrivers.at/css/mobile.css" "Mozilla/5.0 (Linux; Android 6.0.1; SAMSUNG SM-A510F Build/MMB29K) AppleWebKit/537.36 (KHTML, like Gecko) SamsungBrowser/5.4 Chrome/51.0.2704.106 Mobile Safari/537.36"
193.83.28.226 - - [04/Aug/2017:08:44:06 +0200] "GET /img/mobile/bg-yellow.jpg HTTP/1.1" 200 1569 "http://www.easydrivers.at/css/mobile.css" "Mozilla/5.0 (Linux; Android 6.0.1; SAMSUNG SM-A510F Build/MMB29K) AppleWebKit/537.36 (KHTML, like Gecko) SamsungBrowser/5.4 Chrome/51.0.2704.106 Mobile Safari/537.36"
193.83.28.226 - - [04/Aug/2017:08:44:06 +0200] "GET /img/mobile/pfeil-rechts-small.png HTTP/1.1" 200 1056 "http://www.easydrivers.at/css/mobile.css" "Mozilla/5.0 (Linux; Android 6.0.1; SAMSUNG SM-A510F Build/MMB29K) AppleWebKit/537.36 (KHTML, like Gecko) SamsungBrowser/5.4 Chrome/51.0.2704.106 Mobile Safari/537.36"
193.83.28.226 - - [04/Aug/2017:08:44:07 +0200] "GET /img/favicon.ico HTTP/1.1" 404 300 "http://www.easydrivers.at/berndorf/Intensivkurs_8_Einheiten_Augustl_2017c?FS=B" "Mozilla/5.0 (Linux; Android 6.0.1; SAMSUNG SM-A510F Build/MMB29K) AppleWebKit/537.36 (KHTML, like Gecko) SamsungBrowser/5.4 Chrome/51.0.2704.106 Mobile Safari/537.36"
139.162.78.135 - - [04/Aug/2017:08:44:40 +0200] "GET / HTTP/1.1" 400 222 "-" "Mozilla/5.0 (Windows NT 10.0; WOW64) AppleWebKit/537.36 (KHTML, like Gecko) Chrome/45.0.2454.101 Safari/537.36"
40.77.167.156 - - [04/Aug/2017:08:44:48 +0200] "GET /amstetten/abendkursapr?FS=B-L HTTP/1.1" 301 313 "-" "Mozilla/5.0 (compatible; bingbot/2.0; +http://www.bing.com/bingbot.htm)"
193.83.215.3 - - [04/Aug/2017:08:44:54 +0200] "GET /waidhofen.ybbs HTTP/1.1" 200 2953 "http://www.easydrivers.at/waidhofen.ybbs" "Mozilla/5.0 (Linux; Android 5.0; E2303 Build/26.1.A.3.111) AppleWebKit/537.36 (KHTML, like Gecko) Chrome/55.0.2883.91 Mobile Safari/537.36"
193.83.215.3 - - [04/Aug/2017:08:44:56 +0200] "GET /css/mobile.css HTTP/1.1" 200 2852 "http://www.easydrivers.at/waidhofen.ybbs" "Mozilla/5.0 (Linux; Android 5.0; E2303 Build/26.1.A.3.111) AppleWebKit/537.36 (KHTML, like Gecko) Chrome/55.0.2883.91 Mobile Safari/537.36"
193.83.215.3 - - [04/Aug/2017:08:44:56 +0200] "GET /javascript/jquery.cookie.js HTTP/1.1" 200 863 "http://www.easydrivers.at/waidhofen.ybbs" "Mozilla/5.0 (Linux; Android 5.0; E2303 Build/26.1.A.3.111) AppleWebKit/537.36 (KHTML, like Gecko) Chrome/55.0.2883.91 Mobile Safari/537.36"
193.83.215.3 - - [04/Aug/2017:08:44:56 +0200] "GET /javascript/jquery-1.9.1.min.js HTTP/1.1" 200 32731 "http://www.easydrivers.at/waidhofen.ybbs" "Mozilla/5.0 (Linux; Android 5.0; E2303 Build/26.1.A.3.111) AppleWebKit/537.36 (KHTML, like Gecko) Chrome/55.0.2883.91 Mobile Safari/537.36"
