77.119.130.26 - - [04/Aug/2017:08:55:27 +0200] "GET /javascript/lazyload.js HTTP/1.1" 200 1170 "http://www.easydrivers.at/st.poelten" "Mozilla/5.0 (Linux; Android 7.0; SAMSUNG SM-G930F Build/NRD90M) AppleWebKit/537.36 (KHTML, like Gecko) SamsungBrowser/5.4 Chrome/51.0.2704.106 Mobile Safari/537.36"
77.119.130.26 - - [04/Aug/2017:08:55:27 +0200] "GET /img/mobile/easydrivers-logo-mobile.png HTTP/1.1" 200 10766 "http://www.easydrivers.at/st.poelten" "Mozilla/5.0 (Linux; Android 7.0; SAMSUNG SM-G930F Build/NRD90M) AppleWebKit/537.36 (KHTML, like Gecko) SamsungBrowser/5.4 Chrome/51.0.2704.106 Mobile Safari/537.36"
77.119.130.26 - - [04/Aug/2017:08:55:27 +0200] "GET /img/mobile/menu-button.png HTTP/1.1" 200 1746 "http://www.easydrivers.at/st.poelten" "Mozilla/5.0 (Linux; Android 7.0; SAMSUNG SM-G930F Build/NRD90M) AppleWebKit/537.36 (KHTML, like Gecko) SamsungBrowser/5.4 Chrome/51.0.2704.106 Mobile Safari/537.36"
77.119.130.26 - - [04/Aug/2017:08:55:27 +0200] "GET /img/mobile/close-button.png HTTP/1.1" 200 2411 "http://www.easydrivers.at/st.poelten" "Mozilla/5.0 (Linux; Android 7.0; SAMSUNG SM-G930F Build/NRD90M) AppleWebKit/537.36 (KHTML, like Gecko) SamsungBrowser/5.4 Chrome/51.0.2704.106 Mobile Safari/537.36"
77.119.130.26 - - [04/Aug/2017:08:55:27 +0200] "GET /img/mobile/facebook-icon.png HTTP/1.1" 200 1902 "http://www.easydrivers.at/st.poelten" "Mozilla/5.0 (Linux; Android 7.0; SAMSUNG SM-G930F Build/NRD90M) AppleWebKit/537.36 (KHTML, like Gecko) SamsungBrowser/5.4 Chrome/51.0.2704.106 Mobile Safari/537.36"
77.119.130.26 - - [04/Aug/2017:08:55:27 +0200] "GET /img/mobile/info-button.png HTTP/1.1" 200 1549 "http://www.easydrivers.at/st.poelten" "Mozilla/5.0 (Linux; Android 7.0; SAMSUNG SM-G930F Build/NRD90M) AppleWebKit/537.36 (KHTML, like Gecko) SamsungBrowser/5.4 Chrome/51.0.2704.106 Mobile Safari/537.36"
77.119.130.26 - - [04/Aug/2017:08:55:27 +0200] "GET /img/mobile/info-close-button.png HTTP/1.1" 200 1721 "http://www.easydrivers.at/st.poelten" "Mozilla/5.0 (Linux; Android 7.0; SAMSUNG SM-G930F Build/NRD90M) AppleWebKit/537.36 (KHTML, like Gecko) SamsungBrowser/5.4 Chrome/51.0.2704.106 Mobile Safari/537.36"
77.119.130.26 - - [04/Aug/2017:08:55:27 +0200] "GET /img/smallicon-person.png HTTP/1.1" 200 1141 "http://www.easydrivers.at/st.poelten" "Mozilla/5.0 (Linux; Android 7.0; SAMSUNG SM-G930F Build/NRD90M) AppleWebKit/537.36 (KHTML, like Gecko) SamsungBrowser/5.4 Chrome/51.0.2704.106 Mobile Safari/537.36"
77.119.130.26 - - [04/Aug/2017:08:55:27 +0200] "GET /img/smallicon-address.png HTTP/1.1" 200 1211 "http://www.easydrivers.at/st.poelten" "Mozilla/5.0 (Linux; Android 7.0; SAMSUNG SM-G930F Build/NRD90M) AppleWebKit/537.36 (KHTML, like Gecko) SamsungBrowser/5.4 Chrome/51.0.2704.106 Mobile Safari/537.36"
77.119.130.26 - - [04/Aug/2017:08:55:27 +0200] "GET /img/mobile/googlemaps-pin.png HTTP/1.1" 200 1597 "http://www.easydrivers.at/st.poelten" "Mozilla/5.0 (Linux; Android 7.0; SAMSUNG SM-G930F Build/NRD90M) AppleWebKit/537.36 (KHTML, like Gecko) SamsungBrowser/5.4 Chrome/51.0.2704.106 Mobile Safari/537.36"
77.119.130.26 - - [04/Aug/2017:08:55:27 +0200] "GET /img/smallicon-time.png HTTP/1.1" 200 1262 "http://www.easydrivers.at/st.poelten" "Mozilla/5.0 (Linux; Android 7.0; SAMSUNG SM-G930F Build/NRD90M) AppleWebKit/537.36 (KHTML, like Gecko) SamsungBrowser/5.4 Chrome/51.0.2704.106 Mobile Safari/537.36"
77.119.130.26 - - [04/Aug/2017:08:55:27 +0200] "GET /img/smallicon-phone.png HTTP/1.1" 200 3056 "http://www.easydrivers.at/st.poelten" "Mozilla/5.0 (Linux; Android 7.0; SAMSUNG SM-G930F Build/NRD90M) AppleWebKit/537.36 (KHTML, like Gecko) SamsungBrowser/5.4 Chrome/51.0.2704.106 Mobile Safari/537.36"
77.119.130.26 - - [04/Aug/2017:08:55:27 +0200] "GET /img/smallicon-mail.png HTTP/1.1" 200 1341 "http://www.easydrivers.at/st.poelten" "Mozilla/5.0 (Linux; Android 7.0; SAMSUNG SM-G930F Build/NRD90M) AppleWebKit/537.36 (KHTML, like Gecko) SamsungBrowser/5.4 Chrome/51.0.2704.106 Mobile Safari/537.36"
77.119.130.26 - - [04/Aug/2017:08:55:27 +0200] "GET /img/mobile/bg-top-section.jpg HTTP/1.1" 200 21711 "http://www.easydrivers.at/css/mobile.css" "Mozilla/5.0 (Linux; Android 7.0; SAMSUNG SM-G930F Build/NRD90M) AppleWebKit/537.36 (KHTML, like Gecko) SamsungBrowser/5.4 Chrome/51.0.2704.106 Mobile Safari/537.36"
77.119.130.26 - - [04/Aug/2017:08:55:27 +0200] "GET /img/mobile/bg-header.jpg HTTP/1.1" 200 19741 "http://www.easydrivers.at/css/mobile.css" "Mozilla/5.0 (Linux; Android 7.0; SAMSUNG SM-G930F Build/NRD90M) AppleWebKit/537.36 (KHTML, like Gecko) SamsungBrowser/5.4 Chrome/51.0.2704.106 Mobile Safari/537.36"
77.119.130.26 - - [04/Aug/2017:08:55:27 +0200] "GET /img/mobile/pfeil-rechts.png HTTP/1.1" 200 1228 "http://www.easydrivers.at/css/mobile.css" "Mozilla/5.0 (Linux; Android 7.0; SAMSUNG SM-G930F Build/NRD90M) AppleWebKit/537.36 (KHTML, like Gecko) SamsungBrowser/5.4 Chrome/51.0.2704.106 Mobile Safari/537.36"
77.119.130.26 - - [04/Aug/2017:08:55:27 +0200] "GET /img/mobile/widget-icon-app.png HTTP/1.1" 200 3458 "http://www.easydrivers.at/st.poelten" "Mozilla/5.0 (Linux; Android 7.0; SAMSUNG SM-G930F Build/NRD90M) AppleWebKit/537.36 (KHTML, like Gecko) SamsungBrowser/5.4 Chrome/51.0.2704.106 Mobile Safari/537.36"
77.119.130.26 - - [04/Aug/2017:08:55:27 +0200] "GET /img/mobile/bg-menu.jpg HTTP/1.1" 200 1698 "http://www.easydrivers.at/css/mobile.css" "Mozilla/5.0 (Linux; Android 7.0; SAMSUNG SM-G930F Build/NRD90M) AppleWebKit/537.36 (KHTML, like Gecko) SamsungBrowser/5.4 Chrome/51.0.2704.106 Mobile Safari/537.36"
77.119.130.26 - - [04/Aug/2017:08:55:28 +0200] "GET /img/favicon.ico HTTP/1.1" 404 300 "http://www.easydrivers.at/st.poelten" "Mozilla/5.0 (Linux; Android 7.0; SAMSUNG SM-G930F Build/NRD90M) AppleWebKit/537.36 (KHTML, like Gecko) SamsungBrowser/5.4 Chrome/51.0.2704.106 Mobile Safari/537.36"
178.190.90.2 - - [04/Aug/2017:08:55:26 +0200] "GET /skarabela.gross-enzersdorf/aktionen HTTP/1.1" 200 3003 "https://www.google.at/" "Mozilla/5.0 (Windows NT 6.1; WOW64; rv:54.0) Gecko/20100101 Firefox/54.0"
178.190.90.2 - - [04/Aug/2017:08:55:28 +0200] "GET /binaries/easy-drivers-portal/motorrad4jpg.jpg HTTP/1.1" 200 110277 "http://www.easydrivers.at/skarabela.gross-enzersdorf/aktionen" "Mozilla/5.0 (Windows NT 6.1; WOW64; rv:54.0) Gecko/20100101 Firefox/54.0"
212.95.7.29 - - [04/Aug/2017:08:55:30 +0200] "GET /innsbruck HTTP/1.1" 200 2847 "http://www.easydrivers.at/" "Mozilla/5.0 (Linux; Android 7.0; EVA-L09 Build/HUAWEIEVA-L09) AppleWebKit/537.36 (KHTML, like Gecko) Chrome/59.0.3071.125 Mobile Safari/537.36"
195.3.86.199 - - [04/Aug/2017:08:55:32 +0200] "GET /ueberuns HTTP/1.1" 200 3286 "http://www.easydrivers.at/oberwart" "Mozilla/5.0 (iPhone; CPU iPhone OS 9_0_2 like Mac OS X) AppleWebKit/601.1.46 (KHTML, like Gecko) Version/9.0 Mobile/13A452 Safari/601.1"
195.3.86.199 - - [04/Aug/2017:08:55:34 +0200] "GET /binaries/easy-drivers-portal/edwebhistoryillu392x3922jpg.jpg HTTP/1.1" 200 32209 "http://www.easydrivers.at/ueberuns" "Mozilla/5.0 (iPhone; CPU iPhone OS 9_0_2 like Mac OS X) AppleWebKit/601.1.46 (KHTML, like Gecko) Version/9.0 Mobile/13A452 Safari/601.1"
195.3.86.199 - - [04/Aug/2017:08:55:34 +0200] "GET /binaries/easy-drivers-portal/edwebhistoryillu392x3923jpg.jpg HTTP/1.1" 200 54656 "http://www.easydrivers.at/ueberuns" "Mozilla/5.0 (iPhone; CPU iPhone OS 9_0_2 like Mac OS X) AppleWebKit/601.1.46 (KHTML, like Gecko) Version/9.0 Mobile/13A452 Safari/601.1"
195.3.86.199 - - [04/Aug/2017:08:55:34 +0200] "GET /binaries/easy-drivers-portal/edwebhistoryillu392x3925jpg.jpg HTTP/1.1" 200 31708 "http://www.easydrivers.at/ueberuns" "Mozilla/5.0 (iPhone; CPU iPhone OS 9_0_2 like Mac OS X) AppleWebKit/601.1.46 (KHTML, like Gecko) Version/9.0 Mobile/13A452 Safari/601.1"
195.3.86.199 - - [04/Aug/2017:08:55:34 +0200] "GET /binaries/easy-drivers-portal/edwebhistoryillu392x3924jpg.jpg HTTP/1.1" 200 35765 "http://www.easydrivers.at/ueberuns" "Mozilla/5.0 (iPhone; CPU iPhone OS 9_0_2 like Mac OS X) AppleWebKit/601.1.46 (KHTML, like Gecko) Version/9.0 Mobile/13A452 Safari/601.1"
195.3.86.199 - - [04/Aug/2017:08:55:34 +0200] "GET /binaries/easy-drivers-portal/edwebhistoryillu392x392radjpg.jpg HTTP/1.1" 200 124939 "http://www.easydrivers.at/ueberuns" "Mozilla/5.0 (iPhone; CPU iPhone OS 9_0_2 like Mac OS X) AppleWebKit/601.1.46 (KHTML, like Gecko) Version/9.0 Mobile/13A452 Safari/601.1"
195.3.86.199 - - [04/Aug/2017:08:55:34 +0200] "GET /binaries/easy-drivers-portal/edwebhistoryillu392x3926jpg.jpg HTTP/1.1" 200 41118 "http://www.easydrivers.at/ueberuns" "Mozilla/5.0 (iPhone; CPU iPhone OS 9_0_2 like Mac OS X) AppleWebKit/601.1.46 (KHTML, like Gecko) Version/9.0 Mobile/13A452 Safari/601.1"
195.3.86.199 - - [04/Aug/2017:08:55:34 +0200] "GET /binaries/easy-drivers-portal/edwebhistoryillu392x3927jpg.jpg HTTP/1.1" 200 71377 "http://www.easydrivers.at/ueberuns" "Mozilla/5.0 (iPhone; CPU iPhone OS 9_0_2 like Mac OS X) AppleWebKit/601.1.46 (KHTML, like Gecko) Version/9.0 Mobile/13A452 Safari/601.1"
195.3.86.199 - - [04/Aug/2017:08:55:34 +0200] "GET /binaries/easy-drivers-portal/edwebhistoryillu392x3928jpg.jpg HTTP/1.1" 200 38907 "http://www.easydrivers.at/ueberuns" "Mozilla/5.0 (iPhone; CPU iPhone OS 9_0_2 like Mac OS X) AppleWebKit/601.1.46 (KHTML, like Gecko) Version/9.0 Mobile/13A452 Safari/601.1"
195.3.86.199 - - [04/Aug/2017:08:55:34 +0200] "GET /binaries/easy-drivers-portal/edwebhistoryillu392x3929jpg.jpg HTTP/1.1" 200 31823 "http://www.easydrivers.at/ueberuns" "Mozilla/5.0 (iPhone; CPU iPhone OS 9_0_2 like Mac OS X) AppleWebKit/601.1.46 (KHTML, like Gecko) Version/9.0 Mobile/13A452 Safari/601.1"
195.3.86.199 - - [04/Aug/2017:08:55:34 +0200] "GET /binaries/easy-drivers-portal/edwebhistoryillu392x39211jpg.jpg HTTP/1.1" 200 36282 "http://www.easydrivers.at/ueberuns" "Mozilla/5.0 (iPhone; CPU iPhone OS 9_0_2 like Mac OS X) AppleWebKit/601.1.46 (KHTML, like Gecko) Version/9.0 Mobile/13A452 Safari/601.1"
212.95.7.29 - - [04/Aug/2017:08:55:33 +0200] "GET / HTTP/1.1" 200 3564 "http://www.easydrivers.at/fuehrerscheine/mofa" "Mozilla/5.0 (Linux; Android 7.0; EVA-L09 Build/HUAWEIEVA-L09) AppleWebKit/537.36 (KHTML, like Gecko) Chrome/59.0.3071.125 Mobile Safari/537.36"
195.3.86.199 - - [04/Aug/2017:08:55:35 +0200] "GET /binaries/easy-drivers-portal/edwebhistoryillu392x39210jpg.jpg HTTP/1.1" 200 19475 "http://www.easydrivers.at/ueberuns" "Mozilla/5.0 (iPhone; CPU iPhone OS 9_0_2 like Mac OS X) AppleWebKit/601.1.46 (KHTML, like Gecko) Version/9.0 Mobile/13A452 Safari/601.1"
195.3.86.199 - - [04/Aug/2017:08:55:35 +0200] "GET /binaries/easy-drivers-portal/edwebhistoryillu392x39220kpng.png HTTP/1.1" 200 49333 "http://www.easydrivers.at/ueberuns" "Mozilla/5.0 (iPhone; CPU iPhone OS 9_0_2 like Mac OS X) AppleWebKit/601.1.46 (KHTML, like Gecko) Version/9.0 Mobile/13A452 Safari/601.1"
212.95.7.29 - - [04/Aug/2017:08:55:38 +0200] "GET /fuehrerscheine/mofa HTTP/1.1" 200 2991 "http://www.easydrivers.at/innsbruck" "Mozilla/5.0 (Linux; Android 7.0; EVA-L09 Build/HUAWEIEVA-L09) AppleWebKit/537.36 (KHTML, like Gecko) Chrome/59.0.3071.125 Mobile Safari/537.36"
212.95.7.29 - - [04/Aug/2017:08:55:41 +0200] "GET /fuehrerscheine/mofa HTTP/1.1" 200 2991 "http://www.easydrivers.at/innsbruck" "Mozilla/5.0 (Linux; Android 7.0; EVA-L09 Build/HUAWEIEVA-L09) AppleWebKit/537.36 (KHTML, like Gecko) Chrome/59.0.3071.125 Mobile Safari/537.36"
213.185.172.60 - - [04/Aug/2017:08:55:43 +0200] "GET /schwechat HTTP/1.1" 200 3628 "http://www.easydrivers.at/schwechat" "Mozilla/5.0 (Windows NT 6.1; WOW64; Trident/7.0; rv:11.0) like Gecko"
188.23.102.9 - - [04/Aug/2017:08:55:45 +0200] "GET /krems HTTP/1.1" 200 3773 "-" "Mozilla/5.0 (Windows NT 6.1; WOW64; Trident/7.0; rv:11.0) like Gecko"
77.119.130.26 - - [04/Aug/2017:08:55:46 +0200] "GET /fuehrerscheine/motorrad HTTP/1.1" 200 4592 "http://www.easydrivers.at/st.poelten" "Mozilla/5.0 (Linux; Android 7.0; SAMSUNG SM-G930F Build/NRD90M) AppleWebKit/537.36 (KHTML, like Gecko) SamsungBrowser/5.4 Chrome/51.0.2704.106 Mobile Safari/537.36"
77.119.130.26 - - [04/Aug/2017:08:55:48 +0200] "GET /javascript/mobile-license.js HTTP/1.1" 200 216 "http://www.easydrivers.at/fuehrerscheine/motorrad" "Mozilla/5.0 (Linux; Android 7.0; SAMSUNG SM-G930F Build/NRD90M) AppleWebKit/537.36 (KHTML, like Gecko) SamsungBrowser/5.4 Chrome/51.0.2704.106 Mobile Safari/537.36"
77.119.130.26 - - [04/Aug/2017:08:55:49 +0200] "GET /img/mobile/weiter-button.png HTTP/1.1" 200 1670 "http://www.easydrivers.at/css/mobile.css" "Mozilla/5.0 (Linux; Android 7.0; SAMSUNG SM-G930F Build/NRD90M) AppleWebKit/537.36 (KHTML, like Gecko) SamsungBrowser/5.4 Chrome/51.0.2704.106 Mobile Safari/537.36"
77.119.130.26 - - [04/Aug/2017:08:55:49 +0200] "GET /img/mobile/bg-yellow.jpg HTTP/1.1" 200 1569 "http://www.easydrivers.at/css/mobile.css" "Mozilla/5.0 (Linux; Android 7.0; SAMSUNG SM-G930F Build/NRD90M) AppleWebKit/537.36 (KHTML, like Gecko) SamsungBrowser/5.4 Chrome/51.0.2704.106 Mobile Safari/537.36"
213.185.172.60 - - [04/Aug/2017:08:55:51 +0200] "GET /fahrschulen HTTP/1.1" 200 3923 "http://www.easydrivers.at/schwechat" "Mozilla/5.0 (Windows NT 6.1; WOW64; Trident/7.0; rv:11.0) like Gecko"
213.185.172.60 - - [04/Aug/2017:08:55:53 +0200] "GET /javascript/fahrschulen.js HTTP/1.1" 200 470 "http://www.easydrivers.at/fahrschulen" "Mozilla/5.0 (Windows NT 6.1; WOW64; Trident/7.0; rv:11.0) like Gecko"
213.185.172.60 - - [04/Aug/2017:08:55:53 +0200] "GET /img/austria-map-burgenland.png HTTP/1.1" 200 10146 "http://www.easydrivers.at/fahrschulen" "Mozilla/5.0 (Windows NT 6.1; WOW64; Trident/7.0; rv:11.0) like Gecko"
213.185.172.60 - - [04/Aug/2017:08:55:53 +0200] "GET /img/austria-map-kaernten.png HTTP/1.1" 200 9968 "http://www.easydrivers.at/fahrschulen" "Mozilla/5.0 (Windows NT 6.1; WOW64; Trident/7.0; rv:11.0) like Gecko"
213.185.172.60 - - [04/Aug/2017:08:55:53 +0200] "GET /img/austria-map.jpg HTTP/1.1" 200 57110 "http://www.easydrivers.at/fahrschulen" "Mozilla/5.0 (Windows NT 6.1; WOW64; Trident/7.0; rv:11.0) like Gecko"
213.185.172.60 - - [04/Aug/2017:08:55:53 +0200] "GET /img/austria-map-ooe.png HTTP/1.1" 200 14597 "http://www.easydrivers.at/fahrschulen" "Mozilla/5.0 (Windows NT 6.1; WOW64; Trident/7.0; rv:11.0) like Gecko"
213.185.172.60 - - [04/Aug/2017:08:55:53 +0200] "GET /img/austria-map-salzburg.png HTTP/1.1" 200 13786 "http://www.easydrivers.at/fahrschulen" "Mozilla/5.0 (Windows NT 6.1; WOW64; Trident/7.0; rv:11.0) like Gecko"
213.185.172.60 - - [04/Aug/2017:08:55:53 +0200] "GET /img/austria-map-noe.png HTTP/1.1" 200 17166 "http://www.easydrivers.at/fahrschulen" "Mozilla/5.0 (Windows NT 6.1; WOW64; Trident/7.0; rv:11.0) like Gecko"
213.185.172.60 - - [04/Aug/2017:08:55:53 +0200] "GET /img/austria-map-steiermark.png HTTP/1.1" 200 14192 "http://www.easydrivers.at/fahrschulen" "Mozilla/5.0 (Windows NT 6.1; WOW64; Trident/7.0; rv:11.0) like Gecko"
213.185.172.60 - - [04/Aug/2017:08:55:53 +0200] "GET /img/austria-map-tirol.png HTTP/1.1" 200 13911 "http://www.easydrivers.at/fahrschulen" "Mozilla/5.0 (Windows NT 6.1; WOW64; Trident/7.0; rv:11.0) like Gecko"
213.185.172.60 - - [04/Aug/2017:08:55:53 +0200] "GET /img/austria-map-vorarlberg.png HTTP/1.1" 200 5780 "http://www.easydrivers.at/fahrschulen" "Mozilla/5.0 (Windows NT 6.1; WOW64; Trident/7.0; rv:11.0) like Gecko"
213.185.172.60 - - [04/Aug/2017:08:55:53 +0200] "GET /img/austria-map-wien.png HTTP/1.1" 200 2864 "http://www.easydrivers.at/fahrschulen" "Mozilla/5.0 (Windows NT 6.1; WOW64; Trident/7.0; rv:11.0) like Gecko"
213.185.172.60 - - [04/Aug/2017:08:55:53 +0200] "GET /img/submit-button-small.png HTTP/1.1" 200 1456 "http://www.easydrivers.at/fahrschulen" "Mozilla/5.0 (Windows NT 6.1; WOW64; Trident/7.0; rv:11.0) like Gecko"
195.3.86.199 - - [04/Aug/2017:08:55:54 +0200] "GET /ueberuns?channel=fullversion HTTP/1.1" 200 3256 "http://www.easydrivers.at/ueberuns" "Mozilla/5.0 (iPhone; CPU iPhone OS 9_0_2 like Mac OS X) AppleWebKit/601.1.46 (KHTML, like Gecko) Version/9.0 Mobile/13A452 Safari/601.1"
195.3.86.199 - - [04/Aug/2017:08:55:56 +0200] "GET /img/facebook-icon.png HTTP/1.1" 200 1506 "http://www.easydrivers.at/ueberuns?channel=fullversion" "Mozilla/5.0 (iPhone; CPU iPhone OS 9_0_2 like Mac OS X) AppleWebKit/601.1.46 (KHTML, like Gecko) Version/9.0 Mobile/13A452 Safari/601.1"
195.3.86.199 - - [04/Aug/2017:08:55:56 +0200] "GET /css/style.css HTTP/1.1" 200 5004 "http://www.easydrivers.at/ueberuns?channel=fullversion" "Mozilla/5.0 (iPhone; CPU iPhone OS 9_0_2 like Mac OS X) AppleWebKit/601.1.46 (KHTML, like Gecko) Version/9.0 Mobile/13A452 Safari/601.1"
195.3.86.199 - - [04/Aug/2017:08:55:56 +0200] "GET /css/print.css HTTP/1.1" 200 967 "http://www.easydrivers.at/ueberuns?channel=fullversion" "Mozilla/5.0 (iPhone; CPU iPhone OS 9_0_2 like Mac OS X) AppleWebKit/601.1.46 (KHTML, like Gecko) Version/9.0 Mobile/13A452 Safari/601.1"
195.3.86.199 - - [04/Aug/2017:08:55:56 +0200] "GET /javascript/portal.js?1221842734 HTTP/1.1" 200 3529 "http://www.easydrivers.at/ueberuns?channel=fullversion" "Mozilla/5.0 (iPhone; CPU iPhone OS 9_0_2 like Mac OS X) AppleWebKit/601.1.46 (KHTML, like Gecko) Version/9.0 Mobile/13A452 Safari/601.1"
195.3.86.199 - - [04/Aug/2017:08:55:56 +0200] "GET /css/history.css HTTP/1.1" 200 609 "http://www.easydrivers.at/ueberuns?channel=fullversion" "Mozilla/5.0 (iPhone; CPU iPhone OS 9_0_2 like Mac OS X) AppleWebKit/601.1.46 (KHTML, like Gecko) Version/9.0 Mobile/13A452 Safari/601.1"
195.3.86.199 - - [04/Aug/2017:08:55:56 +0200] "GET /javascript/jquery.customSelect.min.js HTTP/1.1" 200 912 "http://www.easydrivers.at/ueberuns?channel=fullversion" "Mozilla/5.0 (iPhone; CPU iPhone OS 9_0_2 like Mac OS X) AppleWebKit/601.1.46 (KHTML, like Gecko) Version/9.0 Mobile/13A452 Safari/601.1"
195.3.86.199 - - [04/Aug/2017:08:55:56 +0200] "GET /img/close-button.png HTTP/1.1" 200 2237 "http://www.easydrivers.at/ueberuns?channel=fullversion" "Mozilla/5.0 (iPhone; CPU iPhone OS 9_0_2 like Mac OS X) AppleWebKit/601.1.46 (KHTML, like Gecko) Version/9.0 Mobile/13A452 Safari/601.1"
195.3.86.199 - - [04/Aug/2017:08:55:56 +0200] "GET /javascript/history.js HTTP/1.1" 200 967 "http://www.easydrivers.at/ueberuns?channel=fullversion" "Mozilla/5.0 (iPhone; CPU iPhone OS 9_0_2 like Mac OS X) AppleWebKit/601.1.46 (KHTML, like Gecko) Version/9.0 Mobile/13A452 Safari/601.1"
195.3.86.199 - - [04/Aug/2017:08:55:56 +0200] "GET /img/schweiz-icon.png HTTP/1.1" 200 1504 "http://www.easydrivers.at/ueberuns?channel=fullversion" "Mozilla/5.0 (iPhone; CPU iPhone OS 9_0_2 like Mac OS X) AppleWebKit/601.1.46 (KHTML, like Gecko) Version/9.0 Mobile/13A452 Safari/601.1"
195.3.86.199 - - [04/Aug/2017:08:55:56 +0200] "GET /img/ED_Logo.png HTTP/1.1" 200 3385 "http://www.easydrivers.at/ueberuns?channel=fullversion" "Mozilla/5.0 (iPhone; CPU iPhone OS 9_0_2 like Mac OS X) AppleWebKit/601.1.46 (KHTML, like Gecko) Version/9.0 Mobile/13A452 Safari/601.1"
195.3.86.199 - - [04/Aug/2017:08:55:56 +0200] "GET /img/bg-footer.jpg HTTP/1.1" 200 31770 "http://www.easydrivers.at/ueberuns?channel=fullversion" "Mozilla/5.0 (iPhone; CPU iPhone OS 9_0_2 like Mac OS X) AppleWebKit/601.1.46 (KHTML, like Gecko) Version/9.0 Mobile/13A452 Safari/601.1"
195.3.86.199 - - [04/Aug/2017:08:55:56 +0200] "GET /img/bg-header.jpg HTTP/1.1" 200 38680 "http://www.easydrivers.at/ueberuns?channel=fullversion" "Mozilla/5.0 (iPhone; CPU iPhone OS 9_0_2 like Mac OS X) AppleWebKit/601.1.46 (KHTML, like Gecko) Version/9.0 Mobile/13A452 Safari/601.1"
195.3.86.199 - - [04/Aug/2017:08:55:56 +0200] "GET /img/kursicon-print-pink.png HTTP/1.1" 200 1125 "http://www.easydrivers.at/ueberuns?channel=fullversion" "Mozilla/5.0 (iPhone; CPU iPhone OS 9_0_2 like Mac OS X) AppleWebKit/601.1.46 (KHTML, like Gecko) Version/9.0 Mobile/13A452 Safari/601.1"
195.3.86.199 - - [04/Aug/2017:08:55:56 +0200] "GET /img/kursicon-download-pink.png HTTP/1.1" 200 1213 "http://www.easydrivers.at/ueberuns?channel=fullversion" "Mozilla/5.0 (iPhone; CPU iPhone OS 9_0_2 like Mac OS X) AppleWebKit/601.1.46 (KHTML, like Gecko) Version/9.0 Mobile/13A452 Safari/601.1"
195.3.86.199 - - [04/Aug/2017:08:55:56 +0200] "GET /img/kursicon-share-pink.png HTTP/1.1" 200 1277 "http://www.easydrivers.at/ueberuns?channel=fullversion" "Mozilla/5.0 (iPhone; CPU iPhone OS 9_0_2 like Mac OS X) AppleWebKit/601.1.46 (KHTML, like Gecko) Version/9.0 Mobile/13A452 Safari/601.1"
195.3.86.199 - - [04/Aug/2017:08:55:56 +0200] "GET /img/kursicon-phone-pink.png HTTP/1.1" 200 1286 "http://www.easydrivers.at/ueberuns?channel=fullversion" "Mozilla/5.0 (iPhone; CPU iPhone OS 9_0_2 like Mac OS X) AppleWebKit/601.1.46 (KHTML, like Gecko) Version/9.0 Mobile/13A452 Safari/601.1"
213.185.172.60 - - [04/Aug/2017:08:55:55 +0200] "GET /schwechat HTTP/1.1" 200 3628 "http://www.easydrivers.at/schwechat" "Mozilla/5.0 (Windows NT 6.1; WOW64; Trident/7.0; rv:11.0) like Gecko"
188.23.102.9 - - [04/Aug/2017:08:56:02 +0200] "GET /links HTTP/1.1" 200 2316 "http://www.easydrivers.at/krems" "Mozilla/5.0 (Windows NT 6.1; WOW64; Trident/7.0; rv:11.0) like Gecko"
77.119.130.26 - - [04/Aug/2017:08:56:07 +0200] "GET /img/mobile/pfeil-links-small.png HTTP/1.1" 200 1065 "http://www.easydrivers.at/css/mobile.css" "Mozilla/5.0 (Linux; Android 7.0; SAMSUNG SM-G930F Build/NRD90M) AppleWebKit/537.36 (KHTML, like Gecko) SamsungBrowser/5.4 Chrome/51.0.2704.106 Mobile Safari/537.36"
77.119.130.26 - - [04/Aug/2017:08:56:07 +0200] "GET /img/mobile/pfeil-rechts-small.png HTTP/1.1" 200 1056 "http://www.easydrivers.at/css/mobile.css" "Mozilla/5.0 (Linux; Android 7.0; SAMSUNG SM-G930F Build/NRD90M) AppleWebKit/537.36 (KHTML, like Gecko) SamsungBrowser/5.4 Chrome/51.0.2704.106 Mobile Safari/537.36"
213.185.172.60 - - [04/Aug/2017:08:56:08 +0200] "GET /ueberuns HTTP/1.1" 200 3256 "http://www.easydrivers.at/schwechat" "Mozilla/5.0 (Windows NT 6.1; WOW64; Trident/7.0; rv:11.0) like Gecko"
213.185.172.60 - - [04/Aug/2017:08:56:09 +0200] "GET /css/history.css HTTP/1.1" 200 609 "http://www.easydrivers.at/ueberuns" "Mozilla/5.0 (Windows NT 6.1; WOW64; Trident/7.0; rv:11.0) like Gecko"
213.185.172.60 - - [04/Aug/2017:08:56:09 +0200] "GET /javascript/history.js HTTP/1.1" 200 967 "http://www.easydrivers.at/ueberuns" "Mozilla/5.0 (Windows NT 6.1; WOW64; Trident/7.0; rv:11.0) like Gecko"
213.185.172.60 - - [04/Aug/2017:08:56:09 +0200] "GET /binaries/easy-drivers-portal/edwebhistoryillu392x3922jpg.jpg HTTP/1.1" 200 32209 "http://www.easydrivers.at/ueberuns" "Mozilla/5.0 (Windows NT 6.1; WOW64; Trident/7.0; rv:11.0) like Gecko"
213.185.172.60 - - [04/Aug/2017:08:56:09 +0200] "GET /binaries/easy-drivers-portal/edwebhistoryillu392x3924jpg.jpg HTTP/1.1" 200 35765 "http://www.easydrivers.at/ueberuns" "Mozilla/5.0 (Windows NT 6.1; WOW64; Trident/7.0; rv:11.0) like Gecko"
213.185.172.60 - - [04/Aug/2017:08:56:09 +0200] "GET /binaries/easy-drivers-portal/edwebhistoryillu392x3925jpg.jpg HTTP/1.1" 200 31708 "http://www.easydrivers.at/ueberuns" "Mozilla/5.0 (Windows NT 6.1; WOW64; Trident/7.0; rv:11.0) like Gecko"
213.185.172.60 - - [04/Aug/2017:08:56:09 +0200] "GET /binaries/easy-drivers-portal/edwebhistoryillu392x3923jpg.jpg HTTP/1.1" 200 54656 "http://www.easydrivers.at/ueberuns" "Mozilla/5.0 (Windows NT 6.1; WOW64; Trident/7.0; rv:11.0) like Gecko"
213.185.172.60 - - [04/Aug/2017:08:56:09 +0200] "GET /binaries/easy-drivers-portal/edwebhistoryillu392x3928jpg.jpg HTTP/1.1" 200 38907 "http://www.easydrivers.at/ueberuns" "Mozilla/5.0 (Windows NT 6.1; WOW64; Trident/7.0; rv:11.0) like Gecko"
213.185.172.60 - - [04/Aug/2017:08:56:09 +0200] "GET /binaries/easy-drivers-portal/edwebhistoryillu392x3929jpg.jpg HTTP/1.1" 200 31823 "http://www.easydrivers.at/ueberuns" "Mozilla/5.0 (Windows NT 6.1; WOW64; Trident/7.0; rv:11.0) like Gecko"
213.185.172.60 - - [04/Aug/2017:08:56:09 +0200] "GET /binaries/easy-drivers-portal/edwebhistoryillu392x39211jpg.jpg HTTP/1.1" 200 36282 "http://www.easydrivers.at/ueberuns" "Mozilla/5.0 (Windows NT 6.1; WOW64; Trident/7.0; rv:11.0) like Gecko"
213.185.172.60 - - [04/Aug/2017:08:56:09 +0200] "GET /binaries/easy-drivers-portal/edwebhistoryillu392x3927jpg.jpg HTTP/1.1" 200 71377 "http://www.easydrivers.at/ueberuns" "Mozilla/5.0 (Windows NT 6.1; WOW64; Trident/7.0; rv:11.0) like Gecko"
213.185.172.60 - - [04/Aug/2017:08:56:09 +0200] "GET /binaries/easy-drivers-portal/edwebhistoryillu392x39220kpng.png HTTP/1.1" 200 49333 "http://www.easydrivers.at/ueberuns" "Mozilla/5.0 (Windows NT 6.1; WOW64; Trident/7.0; rv:11.0) like Gecko"
213.185.172.60 - - [04/Aug/2017:08:56:09 +0200] "GET /binaries/easy-drivers-portal/edwebhistoryillu392x39210jpg.jpg HTTP/1.1" 200 19475 "http://www.easydrivers.at/ueberuns" "Mozilla/5.0 (Windows NT 6.1; WOW64; Trident/7.0; rv:11.0) like Gecko"
213.185.172.60 - - [04/Aug/2017:08:56:09 +0200] "GET /binaries/easy-drivers-portal/edwebhistoryillu392x392radjpg.jpg HTTP/1.1" 200 124939 "http://www.easydrivers.at/ueberuns" "Mozilla/5.0 (Windows NT 6.1; WOW64; Trident/7.0; rv:11.0) like Gecko"
213.185.172.60 - - [04/Aug/2017:08:56:09 +0200] "GET /binaries/easy-drivers-portal/edwebhistoryillu392x3926jpg.jpg HTTP/1.1" 200 41118 "http://www.easydrivers.at/ueberuns" "Mozilla/5.0 (Windows NT 6.1; WOW64; Trident/7.0; rv:11.0) like Gecko"
188.23.102.9 - - [04/Aug/2017:08:56:15 +0200] "GET /krems HTTP/1.1" 200 3773 "-" "Mozilla/5.0 (Windows NT 6.1; WOW64; Trident/7.0; rv:11.0) like Gecko"
91.141.2.166 - - [04/Aug/2017:08:56:16 +0200] "GET /schwechat?gclid=EAIaIQobChMI85OB8f-81QIVMDPTCh1pHQpxEAAYASAAEgIVuvD_BwE HTTP/1.1" 200 3054 "https://www.google.at/" "Mozilla/5.0 (Linux; Android 7.0; SAMSUNG SM-G920F Build/NRD90M) AppleWebKit/537.36 (KHTML, like Gecko) SamsungBrowser/5.4 Chrome/51.0.2704.106 Mobile Safari/537.36"
77.119.130.26 - - [04/Aug/2017:08:56:16 +0200] "GET /fuehrerscheine/motorrad?channel=fullversion HTTP/1.1" 200 2889 "http://www.easydrivers.at/fuehrerscheine/motorrad" "Mozilla/5.0 (Linux; Android 7.0; SAMSUNG SM-G930F Build/NRD90M) AppleWebKit/537.36 (KHTML, like Gecko) SamsungBrowser/5.4 Chrome/51.0.2704.106 Mobile Safari/537.36"
91.141.2.166 - - [04/Aug/2017:08:56:18 +0200] "GET /css/mobile.css HTTP/1.1" 200 2852 "http://www.easydrivers.at/schwechat?gclid=EAIaIQobChMI85OB8f-81QIVMDPTCh1pHQpxEAAYASAAEgIVuvD_BwE" "Mozilla/5.0 (Linux; Android 7.0; SAMSUNG SM-G920F Build/NRD90M) AppleWebKit/537.36 (KHTML, like Gecko) SamsungBrowser/5.4 Chrome/51.0.2704.106 Mobile Safari/537.36"
91.141.2.166 - - [04/Aug/2017:08:56:18 +0200] "GET /javascript/jquery.cookie.js HTTP/1.1" 200 863 "http://www.easydrivers.at/schwechat?gclid=EAIaIQobChMI85OB8f-81QIVMDPTCh1pHQpxEAAYASAAEgIVuvD_BwE" "Mozilla/5.0 (Linux; Android 7.0; SAMSUNG SM-G920F Build/NRD90M) AppleWebKit/537.36 (KHTML, like Gecko) SamsungBrowser/5.4 Chrome/51.0.2704.106 Mobile Safari/537.36"
91.141.2.166 - - [04/Aug/2017:08:56:18 +0200] "GET /javascript/mobile-menu.js HTTP/1.1" 200 1634 "http://www.easydrivers.at/schwechat?gclid=EAIaIQobChMI85OB8f-81QIVMDPTCh1pHQpxEAAYASAAEgIVuvD_BwE" "Mozilla/5.0 (Linux; Android 7.0; SAMSUNG SM-G920F Build/NRD90M) AppleWebKit/537.36 (KHTML, like Gecko) SamsungBrowser/5.4 Chrome/51.0.2704.106 Mobile Safari/537.36"
91.141.2.166 - - [04/Aug/2017:08:56:18 +0200] "GET /javascript/jquery.simplemodal.js HTTP/1.1" 200 3070 "http://www.easydrivers.at/schwechat?gclid=EAIaIQobChMI85OB8f-81QIVMDPTCh1pHQpxEAAYASAAEgIVuvD_BwE" "Mozilla/5.0 (Linux; Android 7.0; SAMSUNG SM-G920F Build/NRD90M) AppleWebKit/537.36 (KHTML, like Gecko) SamsungBrowser/5.4 Chrome/51.0.2704.106 Mobile Safari/537.36"
91.141.2.166 - - [04/Aug/2017:08:56:18 +0200] "GET /javascript/jquery-1.9.1.min.js HTTP/1.1" 200 32731 "http://www.easydrivers.at/schwechat?gclid=EAIaIQobChMI85OB8f-81QIVMDPTCh1pHQpxEAAYASAAEgIVuvD_BwE" "Mozilla/5.0 (Linux; Android 7.0; SAMSUNG SM-G920F Build/NRD90M) AppleWebKit/537.36 (KHTML, like Gecko) SamsungBrowser/5.4 Chrome/51.0.2704.106 Mobile Safari/537.36"
91.141.2.166 - - [04/Aug/2017:08:56:18 +0200] "GET /javascript/mobile-fahrschule.js HTTP/1.1" 200 328 "http://www.easydrivers.at/schwechat?gclid=EAIaIQobChMI85OB8f-81QIVMDPTCh1pHQpxEAAYASAAEgIVuvD_BwE" "Mozilla/5.0 (Linux; Android 7.0; SAMSUNG SM-G920F Build/NRD90M) AppleWebKit/537.36 (KHTML, like Gecko) SamsungBrowser/5.4 Chrome/51.0.2704.106 Mobile Safari/537.36"
91.141.2.166 - - [04/Aug/2017:08:56:18 +0200] "GET /javascript/lazyload.js HTTP/1.1" 200 1170 "http://www.easydrivers.at/schwechat?gclid=EAIaIQobChMI85OB8f-81QIVMDPTCh1pHQpxEAAYASAAEgIVuvD_BwE" "Mozilla/5.0 (Linux; Android 7.0; SAMSUNG SM-G920F Build/NRD90M) AppleWebKit/537.36 (KHTML, like Gecko) SamsungBrowser/5.4 Chrome/51.0.2704.106 Mobile Safari/537.36"
91.141.2.166 - - [04/Aug/2017:08:56:18 +0200] "GET /img/mobile/easydrivers-logo-mobile.png HTTP/1.1" 200 10766 "http://www.easydrivers.at/schwechat?gclid=EAIaIQobChMI85OB8f-81QIVMDPTCh1pHQpxEAAYASAAEgIVuvD_BwE" "Mozilla/5.0 (Linux; Android 7.0; SAMSUNG SM-G920F Build/NRD90M) AppleWebKit/537.36 (KHTML, like Gecko) SamsungBrowser/5.4 Chrome/51.0.2704.106 Mobile Safari/537.36"
77.119.130.26 - - [04/Aug/2017:08:56:18 +0200] "GET /css/style.css HTTP/1.1" 200 5004 "http://www.easydrivers.at/fuehrerscheine/motorrad?channel=fullversion" "Mozilla/5.0 (Linux; Android 7.0; SAMSUNG SM-G930F Build/NRD90M) AppleWebKit/537.36 (KHTML, like Gecko) SamsungBrowser/5.4 Chrome/51.0.2704.106 Mobile Safari/537.36"
77.119.130.26 - - [04/Aug/2017:08:56:18 +0200] "GET /javascript/jquery.customSelect.min.js HTTP/1.1" 200 912 "http://www.easydrivers.at/fuehrerscheine/motorrad?channel=fullversion" "Mozilla/5.0 (Linux; Android 7.0; SAMSUNG SM-G930F Build/NRD90M) AppleWebKit/537.36 (KHTML, like Gecko) SamsungBrowser/5.4 Chrome/51.0.2704.106 Mobile Safari/537.36"
91.141.2.166 - - [04/Aug/2017:08:56:18 +0200] "GET /img/mobile/menu-button.png HTTP/1.1" 200 1746 "http://www.easydrivers.at/schwechat?gclid=EAIaIQobChMI85OB8f-81QIVMDPTCh1pHQpxEAAYASAAEgIVuvD_BwE" "Mozilla/5.0 (Linux; Android 7.0; SAMSUNG SM-G920F Build/NRD90M) AppleWebKit/537.36 (KHTML, like Gecko) SamsungBrowser/5.4 Chrome/51.0.2704.106 Mobile Safari/537.36"
91.141.2.166 - - [04/Aug/2017:08:56:18 +0200] "GET /img/mobile/close-button.png HTTP/1.1" 200 2411 "http://www.easydrivers.at/schwechat?gclid=EAIaIQobChMI85OB8f-81QIVMDPTCh1pHQpxEAAYASAAEgIVuvD_BwE" "Mozilla/5.0 (Linux; Android 7.0; SAMSUNG SM-G920F Build/NRD90M) AppleWebKit/537.36 (KHTML, like Gecko) SamsungBrowser/5.4 Chrome/51.0.2704.106 Mobile Safari/537.36"
77.119.130.26 - - [04/Aug/2017:08:56:18 +0200] "GET /javascript/portal.js?1221842734 HTTP/1.1" 200 3529 "http://www.easydrivers.at/fuehrerscheine/motorrad?channel=fullversion" "Mozilla/5.0 (Linux; Android 7.0; SAMSUNG SM-G930F Build/NRD90M) AppleWebKit/537.36 (KHTML, like Gecko) SamsungBrowser/5.4 Chrome/51.0.2704.106 Mobile Safari/537.36"
91.141.2.166 - - [04/Aug/2017:08:56:18 +0200] "GET /img/mobile/facebook-icon.png HTTP/1.1" 200 1902 "http://www.easydrivers.at/schwechat?gclid=EAIaIQobChMI85OB8f-81QIVMDPTCh1pHQpxEAAYASAAEgIVuvD_BwE" "Mozilla/5.0 (Linux; Android 7.0; SAMSUNG SM-G920F Build/NRD90M) AppleWebKit/537.36 (KHTML, like Gecko) SamsungBrowser/5.4 Chrome/51.0.2704.106 Mobile Safari/537.36"
91.141.2.166 - - [04/Aug/2017:08:56:18 +0200] "GET /img/mobile/info-button.png HTTP/1.1" 200 1549 "http://www.easydrivers.at/schwechat?gclid=EAIaIQobChMI85OB8f-81QIVMDPTCh1pHQpxEAAYASAAEgIVuvD_BwE" "Mozilla/5.0 (Linux; Android 7.0; SAMSUNG SM-G920F Build/NRD90M) AppleWebKit/537.36 (KHTML, like Gecko) SamsungBrowser/5.4 Chrome/51.0.2704.106 Mobile Safari/537.36"
91.141.2.166 - - [04/Aug/2017:08:56:18 +0200] "GET /img/smallicon-person.png HTTP/1.1" 200 1141 "http://www.easydrivers.at/schwechat?gclid=EAIaIQobChMI85OB8f-81QIVMDPTCh1pHQpxEAAYASAAEgIVuvD_BwE" "Mozilla/5.0 (Linux; Android 7.0; SAMSUNG SM-G920F Build/NRD90M) AppleWebKit/537.36 (KHTML, like Gecko) SamsungBrowser/5.4 Chrome/51.0.2704.106 Mobile Safari/537.36"
91.141.2.166 - - [04/Aug/2017:08:56:18 +0200] "GET /img/mobile/info-close-button.png HTTP/1.1" 200 1721 "http://www.easydrivers.at/schwechat?gclid=EAIaIQobChMI85OB8f-81QIVMDPTCh1pHQpxEAAYASAAEgIVuvD_BwE" "Mozilla/5.0 (Linux; Android 7.0; SAMSUNG SM-G920F Build/NRD90M) AppleWebKit/537.36 (KHTML, like Gecko) SamsungBrowser/5.4 Chrome/51.0.2704.106 Mobile Safari/537.36"
91.141.2.166 - - [04/Aug/2017:08:56:18 +0200] "GET /img/smallicon-address.png HTTP/1.1" 200 1211 "http://www.easydrivers.at/schwechat?gclid=EAIaIQobChMI85OB8f-81QIVMDPTCh1pHQpxEAAYASAAEgIVuvD_BwE" "Mozilla/5.0 (Linux; Android 7.0; SAMSUNG SM-G920F Build/NRD90M) AppleWebKit/537.36 (KHTML, like Gecko) SamsungBrowser/5.4 Chrome/51.0.2704.106 Mobile Safari/537.36"
77.119.130.26 - - [04/Aug/2017:08:56:19 +0200] "GET /javascript/license.js HTTP/1.1" 200 315 "http://www.easydrivers.at/fuehrerscheine/motorrad?channel=fullversion" "Mozilla/5.0 (Linux; Android 7.0; SAMSUNG SM-G930F Build/NRD90M) AppleWebKit/537.36 (KHTML, like Gecko) SamsungBrowser/5.4 Chrome/51.0.2704.106 Mobile Safari/537.36"
91.141.2.166 - - [04/Aug/2017:08:56:19 +0200] "GET /img/mobile/googlemaps-pin.png HTTP/1.1" 200 1597 "http://www.easydrivers.at/schwechat?gclid=EAIaIQobChMI85OB8f-81QIVMDPTCh1pHQpxEAAYASAAEgIVuvD_BwE" "Mozilla/5.0 (Linux; Android 7.0; SAMSUNG SM-G920F Build/NRD90M) AppleWebKit/537.36 (KHTML, like Gecko) SamsungBrowser/5.4 Chrome/51.0.2704.106 Mobile Safari/537.36"
91.141.2.166 - - [04/Aug/2017:08:56:19 +0200] "GET /img/smallicon-time.png HTTP/1.1" 200 1262 "http://www.easydrivers.at/schwechat?gclid=EAIaIQobChMI85OB8f-81QIVMDPTCh1pHQpxEAAYASAAEgIVuvD_BwE" "Mozilla/5.0 (Linux; Android 7.0; SAMSUNG SM-G920F Build/NRD90M) AppleWebKit/537.36 (KHTML, like Gecko) SamsungBrowser/5.4 Chrome/51.0.2704.106 Mobile Safari/537.36"
91.141.2.166 - - [04/Aug/2017:08:56:19 +0200] "GET /img/smallicon-phone.png HTTP/1.1" 200 3056 "http://www.easydrivers.at/schwechat?gclid=EAIaIQobChMI85OB8f-81QIVMDPTCh1pHQpxEAAYASAAEgIVuvD_BwE" "Mozilla/5.0 (Linux; Android 7.0; SAMSUNG SM-G920F Build/NRD90M) AppleWebKit/537.36 (KHTML, like Gecko) SamsungBrowser/5.4 Chrome/51.0.2704.106 Mobile Safari/537.36"
91.141.2.166 - - [04/Aug/2017:08:56:19 +0200] "GET /img/mobile/bg-header.jpg HTTP/1.1" 200 19741 "http://www.easydrivers.at/css/mobile.css" "Mozilla/5.0 (Linux; Android 7.0; SAMSUNG SM-G920F Build/NRD90M) AppleWebKit/537.36 (KHTML, like Gecko) SamsungBrowser/5.4 Chrome/51.0.2704.106 Mobile Safari/537.36"
91.141.2.166 - - [04/Aug/2017:08:56:19 +0200] "GET /img/smallicon-mail.png HTTP/1.1" 200 1341 "http://www.easydrivers.at/schwechat?gclid=EAIaIQobChMI85OB8f-81QIVMDPTCh1pHQpxEAAYASAAEgIVuvD_BwE" "Mozilla/5.0 (Linux; Android 7.0; SAMSUNG SM-G920F Build/NRD90M) AppleWebKit/537.36 (KHTML, like Gecko) SamsungBrowser/5.4 Chrome/51.0.2704.106 Mobile Safari/537.36"
77.119.130.26 - - [04/Aug/2017:08:56:19 +0200] "GET /css/print.css HTTP/1.1" 200 967 "http://www.easydrivers.at/fuehrerscheine/motorrad?channel=fullversion" "Mozilla/5.0 (Linux; Android 7.0; SAMSUNG SM-G930F Build/NRD90M) AppleWebKit/537.36 (KHTML, like Gecko) SamsungBrowser/5.4 Chrome/51.0.2704.106 Mobile Safari/537.36"
91.141.2.166 - - [04/Aug/2017:08:56:19 +0200] "GET /img/mobile/widget-icon-app.png HTTP/1.1" 200 3458 "http://www.easydrivers.at/schwechat?gclid=EAIaIQobChMI85OB8f-81QIVMDPTCh1pHQpxEAAYASAAEgIVuvD_BwE" "Mozilla/5.0 (Linux; Android 7.0; SAMSUNG SM-G920F Build/NRD90M) AppleWebKit/537.36 (KHTML, like Gecko) SamsungBrowser/5.4 Chrome/51.0.2704.106 Mobile Safari/537.36"
91.141.2.166 - - [04/Aug/2017:08:56:19 +0200] "GET /img/mobile/bg-top-section.jpg HTTP/1.1" 200 21711 "http://www.easydrivers.at/css/mobile.css" "Mozilla/5.0 (Linux; Android 7.0; SAMSUNG SM-G920F Build/NRD90M) AppleWebKit/537.36 (KHTML, like Gecko) SamsungBrowser/5.4 Chrome/51.0.2704.106 Mobile Safari/537.36"
91.141.2.166 - - [04/Aug/2017:08:56:19 +0200] "GET /img/mobile/pfeil-rechts.png HTTP/1.1" 200 1228 "http://www.easydrivers.at/css/mobile.css" "Mozilla/5.0 (Linux; Android 7.0; SAMSUNG SM-G920F Build/NRD90M) AppleWebKit/537.36 (KHTML, like Gecko) SamsungBrowser/5.4 Chrome/51.0.2704.106 Mobile Safari/537.36"
91.141.2.166 - - [04/Aug/2017:08:56:19 +0200] "GET /img/mobile/bg-menu.jpg HTTP/1.1" 200 1698 "http://www.easydrivers.at/css/mobile.css" "Mozilla/5.0 (Linux; Android 7.0; SAMSUNG SM-G920F Build/NRD90M) AppleWebKit/537.36 (KHTML, like Gecko) SamsungBrowser/5.4 Chrome/51.0.2704.106 Mobile Safari/537.36"
77.119.130.26 - - [04/Aug/2017:08:56:19 +0200] "GET /img/close-button.png HTTP/1.1" 200 2237 "http://www.easydrivers.at/fuehrerscheine/motorrad?channel=fullversion" "Mozilla/5.0 (Linux; Android 7.0; SAMSUNG SM-G930F Build/NRD90M) AppleWebKit/537.36 (KHTML, like Gecko) SamsungBrowser/5.4 Chrome/51.0.2704.106 Mobile Safari/537.36"
77.119.130.26 - - [04/Aug/2017:08:56:19 +0200] "GET /img/facebook-icon.png HTTP/1.1" 200 1506 "http://www.easydrivers.at/fuehrerscheine/motorrad?channel=fullversion" "Mozilla/5.0 (Linux; Android 7.0; SAMSUNG SM-G930F Build/NRD90M) AppleWebKit/537.36 (KHTML, like Gecko) SamsungBrowser/5.4 Chrome/51.0.2704.106 Mobile Safari/537.36"
77.119.130.26 - - [04/Aug/2017:08:56:19 +0200] "GET /img/schweiz-icon.png HTTP/1.1" 200 1504 "http://www.easydrivers.at/fuehrerscheine/motorrad?channel=fullversion" "Mozilla/5.0 (Linux; Android 7.0; SAMSUNG SM-G930F Build/NRD90M) AppleWebKit/537.36 (KHTML, like Gecko) SamsungBrowser/5.4 Chrome/51.0.2704.106 Mobile Safari/537.36"
77.119.130.26 - - [04/Aug/2017:08:56:19 +0200] "GET /img/bg-header.jpg HTTP/1.1" 200 38680 "http://www.easydrivers.at/css/style.css" "Mozilla/5.0 (Linux; Android 7.0; SAMSUNG SM-G930F Build/NRD90M) AppleWebKit/537.36 (KHTML, like Gecko) SamsungBrowser/5.4 Chrome/51.0.2704.106 Mobile Safari/537.36"
77.119.130.26 - - [04/Aug/2017:08:56:19 +0200] "GET /binaries/easy-drivers-portal/motorrad8jpg-2.jpg HTTP/1.1" 200 78776 "http://www.easydrivers.at/fuehrerscheine/motorrad?channel=fullversion" "Mozilla/5.0 (Linux; Android 7.0; SAMSUNG SM-G930F Build/NRD90M) AppleWebKit/537.36 (KHTML, like Gecko) SamsungBrowser/5.4 Chrome/51.0.2704.106 Mobile Safari/537.36"
77.119.130.26 - - [04/Aug/2017:08:56:19 +0200] "GET /img/ED_Logo.png HTTP/1.1" 200 3385 "http://www.easydrivers.at/css/style.css" "Mozilla/5.0 (Linux; Android 7.0; SAMSUNG SM-G930F Build/NRD90M) AppleWebKit/537.36 (KHTML, like Gecko) SamsungBrowser/5.4 Chrome/51.0.2704.106 Mobile Safari/537.36"
77.119.130.26 - - [04/Aug/2017:08:56:19 +0200] "GET /img/bg-yellow.jpg HTTP/1.1" 200 2250 "http://www.easydrivers.at/css/style.css" "Mozilla/5.0 (Linux; Android 7.0; SAMSUNG SM-G930F Build/NRD90M) AppleWebKit/537.36 (KHTML, like Gecko) SamsungBrowser/5.4 Chrome/51.0.2704.106 Mobile Safari/537.36"
77.119.130.26 - - [04/Aug/2017:08:56:19 +0200] "GET /img/submit-button-small.png HTTP/1.1" 200 1456 "http://www.easydrivers.at/css/style.css" "Mozilla/5.0 (Linux; Android 7.0; SAMSUNG SM-G930F Build/NRD90M) AppleWebKit/537.36 (KHTML, like Gecko) SamsungBrowser/5.4 Chrome/51.0.2704.106 Mobile Safari/537.36"
77.119.130.26 - - [04/Aug/2017:08:56:19 +0200] "GET /img/bg-footer.jpg HTTP/1.1" 200 31770 "http://www.easydrivers.at/css/style.css" "Mozilla/5.0 (Linux; Android 7.0; SAMSUNG SM-G930F Build/NRD90M) AppleWebKit/537.36 (KHTML, like Gecko) SamsungBrowser/5.4 Chrome/51.0.2704.106 Mobile Safari/537.36"
91.141.2.166 - - [04/Aug/2017:08:56:19 +0200] "GET /img/favicon.ico HTTP/1.1" 404 300 "http://www.easydrivers.at/schwechat?gclid=EAIaIQobChMI85OB8f-81QIVMDPTCh1pHQpxEAAYASAAEgIVuvD_BwE" "Mozilla/5.0 (Linux; Android 7.0; SAMSUNG SM-G920F Build/NRD90M) AppleWebKit/537.36 (KHTML, like Gecko) SamsungBrowser/5.4 Chrome/51.0.2704.106 Mobile Safari/537.36"
77.119.130.26 - - [04/Aug/2017:08:56:20 +0200] "GET /img/kursicon-print-pink.png HTTP/1.1" 200 1125 "http://www.easydrivers.at/fuehrerscheine/motorrad?channel=fullversion" "Mozilla/5.0 (Linux; Android 7.0; SAMSUNG SM-G930F Build/NRD90M) AppleWebKit/537.36 (KHTML, like Gecko) SamsungBrowser/5.4 Chrome/51.0.2704.106 Mobile Safari/537.36"
77.119.130.26 - - [04/Aug/2017:08:56:20 +0200] "GET /img/kursicon-download-pink.png HTTP/1.1" 200 1213 "http://www.easydrivers.at/fuehrerscheine/motorrad?channel=fullversion" "Mozilla/5.0 (Linux; Android 7.0; SAMSUNG SM-G930F Build/NRD90M) AppleWebKit/537.36 (KHTML, like Gecko) SamsungBrowser/5.4 Chrome/51.0.2704.106 Mobile Safari/537.36"
77.119.130.26 - - [04/Aug/2017:08:56:20 +0200] "GET /img/kursicon-share-pink.png HTTP/1.1" 200 1277 "http://www.easydrivers.at/fuehrerscheine/motorrad?channel=fullversion" "Mozilla/5.0 (Linux; Android 7.0; SAMSUNG SM-G930F Build/NRD90M) AppleWebKit/537.36 (KHTML, like Gecko) SamsungBrowser/5.4 Chrome/51.0.2704.106 Mobile Safari/537.36"
77.119.130.26 - - [04/Aug/2017:08:56:20 +0200] "GET /img/kursicon-phone-pink.png HTTP/1.1" 200 1286 "http://www.easydrivers.at/fuehrerscheine/motorrad?channel=fullversion" "Mozilla/5.0 (Linux; Android 7.0; SAMSUNG SM-G930F Build/NRD90M) AppleWebKit/537.36 (KHTML, like Gecko) SamsungBrowser/5.4 Chrome/51.0.2704.106 Mobile Safari/537.36"
77.119.130.26 - - [04/Aug/2017:08:56:20 +0200] "GET /img/new_favicon.ico HTTP/1.1" 200 1150 "http://www.easydrivers.at/fuehrerscheine/motorrad?channel=fullversion" "Mozilla/5.0 (Linux; Android 7.0; SAMSUNG SM-G930F Build/NRD90M) AppleWebKit/537.36 (KHTML, like Gecko) SamsungBrowser/5.4 Chrome/51.0.2704.106 Mobile Safari/537.36"
178.190.90.2 - - [04/Aug/2017:08:56:19 +0200] "GET /skarabela.gross-enzersdorf/10247800 HTTP/1.1" 200 3485 "https://www.google.at/" "Mozilla/5.0 (Windows NT 6.1; WOW64; rv:54.0) Gecko/20100101 Firefox/54.0"
178.190.90.2 - - [04/Aug/2017:08:56:22 +0200] "GET /binaries/easy-drivers-portal/motorrad1jpg.jpg HTTP/1.1" 200 125850 "http://www.easydrivers.at/skarabela.gross-enzersdorf/10247800" "Mozilla/5.0 (Windows NT 6.1; WOW64; rv:54.0) Gecko/20100101 Firefox/54.0"
178.190.90.2 - - [04/Aug/2017:08:56:22 +0200] "GET /img/download-arrow.png HTTP/1.1" 200 363 "http://www.easydrivers.at/css/style.css" "Mozilla/5.0 (Windows NT 6.1; WOW64; rv:54.0) Gecko/20100101 Firefox/54.0"
91.141.2.166 - - [04/Aug/2017:08:56:22 +0200] "POST /schwechat/kursauswahl HTTP/1.1" 200 3089 "http://www.easydrivers.at/schwechat?gclid=EAIaIQobChMI85OB8f-81QIVMDPTCh1pHQpxEAAYASAAEgIVuvD_BwE" "Mozilla/5.0 (Linux; Android 7.0; SAMSUNG SM-G920F Build/NRD90M) AppleWebKit/537.36 (KHTML, like Gecko) SamsungBrowser/5.4 Chrome/51.0.2704.106 Mobile Safari/537.36"
91.141.2.166 - - [04/Aug/2017:08:56:25 +0200] "GET /javascript/mobile-fahrschule-kurs-suchergebnis.js HTTP/1.1" 200 274 "http://www.easydrivers.at/schwechat/kursauswahl" "Mozilla/5.0 (Linux; Android 7.0; SAMSUNG SM-G920F Build/NRD90M) AppleWebKit/537.36 (KHTML, like Gecko) SamsungBrowser/5.4 Chrome/51.0.2704.106 Mobile Safari/537.36"
91.141.2.166 - - [04/Aug/2017:08:56:25 +0200] "GET /img/mobile/pfeil-links-small.png HTTP/1.1" 200 1065 "http://www.easydrivers.at/css/mobile.css" "Mozilla/5.0 (Linux; Android 7.0; SAMSUNG SM-G920F Build/NRD90M) AppleWebKit/537.36 (KHTML, like Gecko) SamsungBrowser/5.4 Chrome/51.0.2704.106 Mobile Safari/537.36"
91.141.2.166 - - [04/Aug/2017:08:56:25 +0200] "GET /img/mobile/bg-yellow.jpg HTTP/1.1" 200 1569 "http://www.easydrivers.at/css/mobile.css" "Mozilla/5.0 (Linux; Android 7.0; SAMSUNG SM-G920F Build/NRD90M) AppleWebKit/537.36 (KHTML, like Gecko) SamsungBrowser/5.4 Chrome/51.0.2704.106 Mobile Safari/537.36"
91.141.2.166 - - [04/Aug/2017:08:56:25 +0200] "GET /img/loading-bars.gif HTTP/1.1" 200 3951 "http://www.easydrivers.at/css/mobile.css" "Mozilla/5.0 (Linux; Android 7.0; SAMSUNG SM-G920F Build/NRD90M) AppleWebKit/537.36 (KHTML, like Gecko) SamsungBrowser/5.4 Chrome/51.0.2704.106 Mobile Safari/537.36"
178.190.90.2 - - [04/Aug/2017:08:56:26 +0200] "GET /img/download-arrow-pink.png HTTP/1.1" 200 408 "http://www.easydrivers.at/css/style.css" "Mozilla/5.0 (Windows NT 6.1; WOW64; rv:54.0) Gecko/20100101 Firefox/54.0"
178.190.90.2 - - [04/Aug/2017:08:56:28 +0200] "GET /binaries/easy-drivers---skarabela-gro/kurse2017pdf.pdf HTTP/1.1" 200 317866 "http://www.easydrivers.at/skarabela.gross-enzersdorf/10247800" "Mozilla/5.0 (Windows NT 6.1; WOW64; rv:54.0) Gecko/20100101 Firefox/54.0"
77.119.130.26 - - [04/Aug/2017:08:56:28 +0200] "GET /fuehrerscheine/motorrad/A1 HTTP/1.1" 200 4089 "http://www.easydrivers.at/fuehrerscheine/motorrad?channel=fullversion" "Mozilla/5.0 (Linux; Android 7.0; SAMSUNG SM-G930F Build/NRD90M) AppleWebKit/537.36 (KHTML, like Gecko) SamsungBrowser/5.4 Chrome/51.0.2704.106 Mobile Safari/537.36"
77.119.130.26 - - [04/Aug/2017:08:56:30 +0200] "GET /javascript/product.js HTTP/1.1" 200 139 "http://www.easydrivers.at/fuehrerscheine/motorrad/A1" "Mozilla/5.0 (Linux; Android 7.0; SAMSUNG SM-G930F Build/NRD90M) AppleWebKit/537.36 (KHTML, like Gecko) SamsungBrowser/5.4 Chrome/51.0.2704.106 Mobile Safari/537.36"
77.119.130.26 - - [04/Aug/2017:08:56:30 +0200] "GET /binaries/easy-drivers-portal/motorrad2jpg.jpg HTTP/1.1" 200 45802 "http://www.easydrivers.at/fuehrerscheine/motorrad/A1" "Mozilla/5.0 (Linux; Android 7.0; SAMSUNG SM-G930F Build/NRD90M) AppleWebKit/537.36 (KHTML, like Gecko) SamsungBrowser/5.4 Chrome/51.0.2704.106 Mobile Safari/537.36"
77.119.130.26 - - [04/Aug/2017:08:56:30 +0200] "GET /img/arrow-left.png HTTP/1.1" 200 1015 "http://www.easydrivers.at/css/style.css" "Mozilla/5.0 (Linux; Android 7.0; SAMSUNG SM-G930F Build/NRD90M) AppleWebKit/537.36 (KHTML, like Gecko) SamsungBrowser/5.4 Chrome/51.0.2704.106 Mobile Safari/537.36"
77.119.130.26 - - [04/Aug/2017:08:56:30 +0200] "GET /img/arrow-up.png HTTP/1.1" 200 1081 "http://www.easydrivers.at/css/style.css" "Mozilla/5.0 (Linux; Android 7.0; SAMSUNG SM-G930F Build/NRD90M) AppleWebKit/537.36 (KHTML, like Gecko) SamsungBrowser/5.4 Chrome/51.0.2704.106 Mobile Safari/537.36"
188.23.102.9 - - [04/Aug/2017:08:56:30 +0200] "GET /krems HTTP/1.1" 200 3773 "-" "Mozilla/5.0 (Windows NT 6.1; WOW64; Trident/7.0; rv:11.0) like Gecko"
91.141.2.166 - - [04/Aug/2017:08:56:32 +0200] "POST /loadkursliste HTTP/1.1" 200 459 "http://www.easydrivers.at/schwechat/kursauswahl" "Mozilla/5.0 (Linux; Android 7.0; SAMSUNG SM-G920F Build/NRD90M) AppleWebKit/537.36 (KHTML, like Gecko) SamsungBrowser/5.4 Chrome/51.0.2704.106 Mobile Safari/537.36"
35.192.105.150 - - [04/Aug/2017:08:56:39 +0200] "GET / HTTP/1.1" 301 293 "-" "Mozilla/5.0 (Windows NT 6.3; WOW64) AppleWebKit/537.36 (KHTML, like Gecko) Chrome/62.0.3176.0 Safari/537.36"
91.141.2.166 - - [04/Aug/2017:08:56:37 +0200] "GET /schwechat/10280263?FS=A HTTP/1.1" 200 3347 "http://www.easydrivers.at/schwechat/kursauswahl" "Mozilla/5.0 (Linux; Android 7.0; SAMSUNG SM-G920F Build/NRD90M) AppleWebKit/537.36 (KHTML, like Gecko) SamsungBrowser/5.4 Chrome/51.0.2704.106 Mobile Safari/537.36"
91.141.2.166 - - [04/Aug/2017:08:56:40 +0200] "GET /img/mobile/kursicon-share.png HTTP/1.1" 200 2065 "http://www.easydrivers.at/schwechat/10280263?FS=A" "Mozilla/5.0 (Linux; Android 7.0; SAMSUNG SM-G920F Build/NRD90M) AppleWebKit/537.36 (KHTML, like Gecko) SamsungBrowser/5.4 Chrome/51.0.2704.106 Mobile Safari/537.36"
91.141.2.166 - - [04/Aug/2017:08:56:40 +0200] "GET /img/mobile/kursicon-phone.png HTTP/1.1" 200 1932 "http://www.easydrivers.at/schwechat/10280263?FS=A" "Mozilla/5.0 (Linux; Android 7.0; SAMSUNG SM-G920F Build/NRD90M) AppleWebKit/537.36 (KHTML, like Gecko) SamsungBrowser/5.4 Chrome/51.0.2704.106 Mobile Safari/537.36"
91.141.2.166 - - [04/Aug/2017:08:56:40 +0200] "GET /img/ED_Logo.png HTTP/1.1" 200 3385 "http://www.easydrivers.at/schwechat/10280263?FS=A" "Mozilla/5.0 (Linux; Android 7.0; SAMSUNG SM-G920F Build/NRD90M) AppleWebKit/537.36 (KHTML, like Gecko) SamsungBrowser/5.4 Chrome/51.0.2704.106 Mobile Safari/537.36"
91.141.2.166 - - [04/Aug/2017:08:56:40 +0200] "GET /img/mobile/smallicon-phone.png HTTP/1.1" 200 1311 "http://www.easydrivers.at/schwechat/10280263?FS=A" "Mozilla/5.0 (Linux; Android 7.0; SAMSUNG SM-G920F Build/NRD90M) AppleWebKit/537.36 (KHTML, like Gecko) SamsungBrowser/5.4 Chrome/51.0.2704.106 Mobile Safari/537.36"
91.141.2.166 - - [04/Aug/2017:08:56:40 +0200] "GET /img/mobile/smallicon-mail.png HTTP/1.1" 200 1335 "http://www.easydrivers.at/schwechat/10280263?FS=A" "Mozilla/5.0 (Linux; Android 7.0; SAMSUNG SM-G920F Build/NRD90M) AppleWebKit/537.36 (KHTML, like Gecko) SamsungBrowser/5.4 Chrome/51.0.2704.106 Mobile Safari/537.36"
91.141.2.166 - - [04/Aug/2017:08:56:40 +0200] "GET /img/mobile/pfeil-rechts-small.png HTTP/1.1" 200 1056 "http://www.easydrivers.at/css/mobile.css" "Mozilla/5.0 (Linux; Android 7.0; SAMSUNG SM-G920F Build/NRD90M) AppleWebKit/537.36 (KHTML, like Gecko) SamsungBrowser/5.4 Chrome/51.0.2704.106 Mobile Safari/537.36"
35.192.105.150 - - [04/Aug/2017:08:56:40 +0200] "GET / HTTP/1.1" 200 4410 "-" "Mozilla/5.0 (Windows NT 6.3; WOW64) AppleWebKit/537.36 (KHTML, like Gecko) Chrome/62.0.3176.0 Safari/537.36"
35.192.105.150 - - [04/Aug/2017:08:56:42 +0200] "GET /css/style.css HTTP/1.1" 200 5004 "http://www.easydrivers.at/" "Mozilla/5.0 (Windows NT 6.3; WOW64) AppleWebKit/537.36 (KHTML, like Gecko) Chrome/62.0.3176.0 Safari/537.36"
35.192.105.150 - - [04/Aug/2017:08:56:42 +0200] "GET /javascript/jquery.customSelect.min.js HTTP/1.1" 200 912 "http://www.easydrivers.at/" "Mozilla/5.0 (Windows NT 6.3; WOW64) AppleWebKit/537.36 (KHTML, like Gecko) Chrome/62.0.3176.0 Safari/537.36"
35.192.105.150 - - [04/Aug/2017:08:56:42 +0200] "GET /javascript/jquery.simplemodal.js HTTP/1.1" 200 3070 "http://www.easydrivers.at/" "Mozilla/5.0 (Windows NT 6.3; WOW64) AppleWebKit/537.36 (KHTML, like Gecko) Chrome/62.0.3176.0 Safari/537.36"
35.192.105.150 - - [04/Aug/2017:08:56:42 +0200] "GET /javascript/jquery.cookie.js HTTP/1.1" 200 863 "http://www.easydrivers.at/" "Mozilla/5.0 (Windows NT 6.3; WOW64) AppleWebKit/537.36 (KHTML, like Gecko) Chrome/62.0.3176.0 Safari/537.36"
35.192.105.150 - - [04/Aug/2017:08:56:42 +0200] "GET /javascript/portal.js?1221842734 HTTP/1.1" 200 3529 "http://www.easydrivers.at/" "Mozilla/5.0 (Windows NT 6.3; WOW64) AppleWebKit/537.36 (KHTML, like Gecko) Chrome/62.0.3176.0 Safari/537.36"
35.192.105.150 - - [04/Aug/2017:08:56:43 +0200] "GET /javascript/homesearch.js HTTP/1.1" 200 393 "http://www.easydrivers.at/" "Mozilla/5.0 (Windows NT 6.3; WOW64) AppleWebKit/537.36 (KHTML, like Gecko) Chrome/62.0.3176.0 Safari/537.36"
35.192.105.150 - - [04/Aug/2017:08:56:43 +0200] "GET /javascript/lazyload.js HTTP/1.1" 200 1170 "http://www.easydrivers.at/" "Mozilla/5.0 (Windows NT 6.3; WOW64) AppleWebKit/537.36 (KHTML, like Gecko) Chrome/62.0.3176.0 Safari/537.36"
