212.95.7.108 - - [04/Aug/2017:08:01:34 +0200] "GET /img/mobile/facebook-icon.png HTTP/1.1" 200 1902 "http://www.easydrivers.at/" "Mozilla/5.0 (iPhone; CPU iPhone OS 10_3_2 like Mac OS X) AppleWebKit/603.2.4 (KHTML, like Gecko) Version/10.0 Mobile/14F89 Safari/602.1"
212.95.7.108 - - [04/Aug/2017:08:01:34 +0200] "GET /img/mobile/widget-icon-app.png HTTP/1.1" 200 3458 "http://www.easydrivers.at/" "Mozilla/5.0 (iPhone; CPU iPhone OS 10_3_2 like Mac OS X) AppleWebKit/603.2.4 (KHTML, like Gecko) Version/10.0 Mobile/14F89 Safari/602.1"
212.95.7.108 - - [04/Aug/2017:08:01:34 +0200] "GET /img/mobile/bg-header.jpg HTTP/1.1" 200 19741 "http://www.easydrivers.at/" "Mozilla/5.0 (iPhone; CPU iPhone OS 10_3_2 like Mac OS X) AppleWebKit/603.2.4 (KHTML, like Gecko) Version/10.0 Mobile/14F89 Safari/602.1"
212.95.7.108 - - [04/Aug/2017:08:01:34 +0200] "GET /img/mobile/bg-menu.jpg HTTP/1.1" 200 1698 "http://www.easydrivers.at/" "Mozilla/5.0 (iPhone; CPU iPhone OS 10_3_2 like Mac OS X) AppleWebKit/603.2.4 (KHTML, like Gecko) Version/10.0 Mobile/14F89 Safari/602.1"
212.95.7.108 - - [04/Aug/2017:08:01:34 +0200] "GET /img/mobile/bg-top-section.jpg HTTP/1.1" 200 21711 "http://www.easydrivers.at/" "Mozilla/5.0 (iPhone; CPU iPhone OS 10_3_2 like Mac OS X) AppleWebKit/603.2.4 (KHTML, like Gecko) Version/10.0 Mobile/14F89 Safari/602.1"
212.95.7.108 - - [04/Aug/2017:08:01:34 +0200] "GET /img/mobile/pfeil-rechts.png HTTP/1.1" 200 1228 "http://www.easydrivers.at/" "Mozilla/5.0 (iPhone; CPU iPhone OS 10_3_2 like Mac OS X) AppleWebKit/603.2.4 (KHTML, like Gecko) Version/10.0 Mobile/14F89 Safari/602.1"
188.23.102.9 - - [04/Aug/2017:08:01:36 +0200] "GET /fahrschulen HTTP/1.1" 200 3923 "http://www.easydrivers.at/krems" "Mozilla/5.0 (Windows NT 6.1; WOW64; rv:54.0) Gecko/20100101 Firefox/54.0"
194.8.61.5 - - [04/Aug/2017:08:01:37 +0200] "GET /download.php?id=10247296 HTTP/1.1" 200 588486 "http://www.easydrivers.at/pruefprotokoll" "Mozilla/5.0 (Windows NT 6.1; WOW64; Trident/7.0; rv:11.0) like Gecko"
194.118.193.232 - - [04/Aug/2017:08:01:36 +0200] "GET /fuehrerscheine/auto HTTP/1.1" 200 5440 "http://www.easydrivers.at/wr.neustadt" "Mozilla/5.0 (iPhone; CPU iPhone OS 10_3_2 like Mac OS X) AppleWebKit/603.2.4 (KHTML, like Gecko) Version/10.0 Mobile/14F89 Safari/602.1"
194.118.193.232 - - [04/Aug/2017:08:01:38 +0200] "GET /javascript/mobile-license.js HTTP/1.1" 200 216 "http://www.easydrivers.at/fuehrerscheine/auto" "Mozilla/5.0 (iPhone; CPU iPhone OS 10_3_2 like Mac OS X) AppleWebKit/603.2.4 (KHTML, like Gecko) Version/10.0 Mobile/14F89 Safari/602.1"
194.118.193.232 - - [04/Aug/2017:08:01:38 +0200] "GET /img/mobile/bg-yellow.jpg HTTP/1.1" 200 1569 "http://www.easydrivers.at/fuehrerscheine/auto" "Mozilla/5.0 (iPhone; CPU iPhone OS 10_3_2 like Mac OS X) AppleWebKit/603.2.4 (KHTML, like Gecko) Version/10.0 Mobile/14F89 Safari/602.1"
194.118.193.232 - - [04/Aug/2017:08:01:38 +0200] "GET /img/mobile/weiter-button.png HTTP/1.1" 200 1670 "http://www.easydrivers.at/fuehrerscheine/auto" "Mozilla/5.0 (iPhone; CPU iPhone OS 10_3_2 like Mac OS X) AppleWebKit/603.2.4 (KHTML, like Gecko) Version/10.0 Mobile/14F89 Safari/602.1"
194.118.193.232 - - [04/Aug/2017:08:01:41 +0200] "GET /img/mobile/pfeil-links-small.png HTTP/1.1" 200 1065 "http://www.easydrivers.at/fuehrerscheine/auto" "Mozilla/5.0 (iPhone; CPU iPhone OS 10_3_2 like Mac OS X) AppleWebKit/603.2.4 (KHTML, like Gecko) Version/10.0 Mobile/14F89 Safari/602.1"
194.118.193.232 - - [04/Aug/2017:08:01:41 +0200] "GET /img/mobile/pfeil-rechts-small.png HTTP/1.1" 200 1056 "http://www.easydrivers.at/fuehrerscheine/auto" "Mozilla/5.0 (iPhone; CPU iPhone OS 10_3_2 like Mac OS X) AppleWebKit/603.2.4 (KHTML, like Gecko) Version/10.0 Mobile/14F89 Safari/602.1"
188.23.102.9 - - [04/Aug/2017:08:01:41 +0200] "POST /fahrschulen/3500 HTTP/1.1" 200 3096 "http://www.easydrivers.at/fahrschulen" "Mozilla/5.0 (Windows NT 6.1; WOW64; rv:54.0) Gecko/20100101 Firefox/54.0"
193.228.112.247 - - [04/Aug/2017:08:01:44 +0200] "GET / HTTP/1.1" 200 4410 "http://www.easydrivers.at/klagenfurt/kursauswahl" "Mozilla/5.0 (Windows NT 6.1; Trident/7.0; rv:11.0) like Gecko"
212.95.7.108 - - [04/Aug/2017:08:01:44 +0200] "GET /links HTTP/1.1" 200 1980 "http://www.easydrivers.at/" "Mozilla/5.0 (iPhone; CPU iPhone OS 10_3_2 like Mac OS X) AppleWebKit/603.2.4 (KHTML, like Gecko) Version/10.0 Mobile/14F89 Safari/602.1"
91.113.242.150 - - [04/Aug/2017:08:01:46 +0200] "GET /fuehrerscheine/motorrad HTTP/1.1" 200 2889 "http://www.easydrivers.at/fuehrerscheine/motorrad/C111" "Mozilla/5.0 (Windows NT 6.1; WOW64; rv:54.0) Gecko/20100101 Firefox/54.0"
91.113.242.150 - - [04/Aug/2017:08:01:48 +0200] "GET /binaries/easy-drivers-portal/motorrad8jpg-2.jpg HTTP/1.1" 200 78776 "http://www.easydrivers.at/fuehrerscheine/motorrad" "Mozilla/5.0 (Windows NT 6.1; WOW64; rv:54.0) Gecko/20100101 Firefox/54.0"
188.23.102.9 - - [04/Aug/2017:08:01:46 +0200] "GET /krems HTTP/1.1" 200 3773 "http://www.easydrivers.at/fahrschulen/3500" "Mozilla/5.0 (Windows NT 6.1; WOW64; rv:54.0) Gecko/20100101 Firefox/54.0"
91.113.242.150 - - [04/Aug/2017:08:01:52 +0200] "GET / HTTP/1.1" 200 4410 "http://www.easydrivers.at/fuehrerscheine/motorrad" "Mozilla/5.0 (Windows NT 6.1; WOW64; rv:54.0) Gecko/20100101 Firefox/54.0"
193.228.112.247 - - [04/Aug/2017:08:01:52 +0200] "GET /ueberuns HTTP/1.1" 200 3256 "http://www.easydrivers.at/" "Mozilla/5.0 (Windows NT 6.1; Trident/7.0; rv:11.0) like Gecko"
193.228.112.247 - - [04/Aug/2017:08:01:53 +0200] "GET /css/history.css HTTP/1.1" 200 609 "http://www.easydrivers.at/ueberuns" "Mozilla/5.0 (Windows NT 6.1; Trident/7.0; rv:11.0) like Gecko"
193.228.112.247 - - [04/Aug/2017:08:01:53 +0200] "GET /javascript/history.js HTTP/1.1" 200 967 "http://www.easydrivers.at/ueberuns" "Mozilla/5.0 (Windows NT 6.1; Trident/7.0; rv:11.0) like Gecko"
193.228.112.247 - - [04/Aug/2017:08:01:53 +0200] "GET /binaries/easy-drivers-portal/edwebhistoryillu392x3924jpg.jpg HTTP/1.1" 200 35765 "http://www.easydrivers.at/ueberuns" "Mozilla/5.0 (Windows NT 6.1; Trident/7.0; rv:11.0) like Gecko"
193.228.112.247 - - [04/Aug/2017:08:01:53 +0200] "GET /binaries/easy-drivers-portal/edwebhistoryillu392x3922jpg.jpg HTTP/1.1" 200 32209 "http://www.easydrivers.at/ueberuns" "Mozilla/5.0 (Windows NT 6.1; Trident/7.0; rv:11.0) like Gecko"
91.113.242.150 - - [04/Aug/2017:08:01:53 +0200] "GET /javascript/homesearch.js HTTP/1.1" 200 393 "http://www.easydrivers.at/" "Mozilla/5.0 (Windows NT 6.1; WOW64; rv:54.0) Gecko/20100101 Firefox/54.0"
193.228.112.247 - - [04/Aug/2017:08:01:53 +0200] "GET /binaries/easy-drivers-portal/edwebhistoryillu392x3923jpg.jpg HTTP/1.1" 200 54656 "http://www.easydrivers.at/ueberuns" "Mozilla/5.0 (Windows NT 6.1; Trident/7.0; rv:11.0) like Gecko"
193.228.112.247 - - [04/Aug/2017:08:01:53 +0200] "GET /binaries/easy-drivers-portal/edwebhistoryillu392x3925jpg.jpg HTTP/1.1" 200 31708 "http://www.easydrivers.at/ueberuns" "Mozilla/5.0 (Windows NT 6.1; Trident/7.0; rv:11.0) like Gecko"
193.228.112.247 - - [04/Aug/2017:08:01:53 +0200] "GET /binaries/easy-drivers-portal/edwebhistoryillu392x3926jpg.jpg HTTP/1.1" 200 41118 "http://www.easydrivers.at/ueberuns" "Mozilla/5.0 (Windows NT 6.1; Trident/7.0; rv:11.0) like Gecko"
193.228.112.247 - - [04/Aug/2017:08:01:53 +0200] "GET /binaries/easy-drivers-portal/edwebhistoryillu392x392radjpg.jpg HTTP/1.1" 200 124939 "http://www.easydrivers.at/ueberuns" "Mozilla/5.0 (Windows NT 6.1; Trident/7.0; rv:11.0) like Gecko"
193.228.112.247 - - [04/Aug/2017:08:01:53 +0200] "GET /binaries/easy-drivers-portal/edwebhistoryillu392x3928jpg.jpg HTTP/1.1" 200 38907 "http://www.easydrivers.at/ueberuns" "Mozilla/5.0 (Windows NT 6.1; Trident/7.0; rv:11.0) like Gecko"
193.228.112.247 - - [04/Aug/2017:08:01:53 +0200] "GET /binaries/easy-drivers-portal/edwebhistoryillu392x3929jpg.jpg HTTP/1.1" 200 31823 "http://www.easydrivers.at/ueberuns" "Mozilla/5.0 (Windows NT 6.1; Trident/7.0; rv:11.0) like Gecko"
91.113.242.150 - - [04/Aug/2017:08:01:53 +0200] "GET /binaries/easy-drivers-portal/edradfahrschullogowidget160x90pxpng.png HTTP/1.1" 200 23394 "http://www.easydrivers.at/" "Mozilla/5.0 (Windows NT 6.1; WOW64; rv:54.0) Gecko/20100101 Firefox/54.0"
193.228.112.247 - - [04/Aug/2017:08:01:53 +0200] "GET /binaries/easy-drivers-portal/edwebhistoryillu392x39211jpg.jpg HTTP/1.1" 200 36282 "http://www.easydrivers.at/ueberuns" "Mozilla/5.0 (Windows NT 6.1; Trident/7.0; rv:11.0) like Gecko"
194.118.193.232 - - [04/Aug/2017:08:01:52 +0200] "POST / HTTP/1.1" 200 3572 "http://www.easydrivers.at/fuehrerscheine/auto" "Mozilla/5.0 (iPhone; CPU iPhone OS 10_3_2 like Mac OS X) AppleWebKit/603.2.4 (KHTML, like Gecko) Version/10.0 Mobile/14F89 Safari/602.1"
193.228.112.247 - - [04/Aug/2017:08:01:53 +0200] "GET /binaries/easy-drivers-portal/edwebhistoryillu392x3927jpg.jpg HTTP/1.1" 200 71377 "http://www.easydrivers.at/ueberuns" "Mozilla/5.0 (Windows NT 6.1; Trident/7.0; rv:11.0) like Gecko"
193.228.112.247 - - [04/Aug/2017:08:01:54 +0200] "GET /binaries/easy-drivers-portal/edwebhistoryillu392x39210jpg.jpg HTTP/1.1" 200 19475 "http://www.easydrivers.at/ueberuns" "Mozilla/5.0 (Windows NT 6.1; Trident/7.0; rv:11.0) like Gecko"
193.228.112.247 - - [04/Aug/2017:08:01:54 +0200] "GET /binaries/easy-drivers-portal/edwebhistoryillu392x39220kpng.png HTTP/1.1" 200 49333 "http://www.easydrivers.at/ueberuns" "Mozilla/5.0 (Windows NT 6.1; Trident/7.0; rv:11.0) like Gecko"
91.113.242.150 - - [04/Aug/2017:08:01:54 +0200] "GET /img/black-dots-vertical.png HTTP/1.1" 200 1165 "http://www.easydrivers.at/css/style.css" "Mozilla/5.0 (Windows NT 6.1; WOW64; rv:54.0) Gecko/20100101 Firefox/54.0"
91.113.242.150 - - [04/Aug/2017:08:01:54 +0200] "GET /img/selection-box-button.png HTTP/1.1" 200 1079 "http://www.easydrivers.at/css/style.css" "Mozilla/5.0 (Windows NT 6.1; WOW64; rv:54.0) Gecko/20100101 Firefox/54.0"
194.118.193.232 - - [04/Aug/2017:08:01:54 +0200] "GET /javascript/mobile-homesearch.js HTTP/1.1" 200 340 "http://www.easydrivers.at/" "Mozilla/5.0 (iPhone; CPU iPhone OS 10_3_2 like Mac OS X) AppleWebKit/603.2.4 (KHTML, like Gecko) Version/10.0 Mobile/14F89 Safari/602.1"
188.23.102.9 - - [04/Aug/2017:08:01:52 +0200] "GET /krems/10276251 HTTP/1.1" 200 4604 "http://www.easydrivers.at/krems" "Mozilla/5.0 (Windows NT 6.1; WOW64; rv:54.0) Gecko/20100101 Firefox/54.0"
188.23.102.9 - - [04/Aug/2017:08:01:55 +0200] "GET /binaries/easy-drivers-krems/kremsedwebheader830x3003jpg.jpg HTTP/1.1" 200 54462 "http://www.easydrivers.at/krems/10276251" "Mozilla/5.0 (Windows NT 6.1; WOW64; rv:54.0) Gecko/20100101 Firefox/54.0"
212.95.7.108 - - [04/Aug/2017:08:01:55 +0200] "GET /fahrschulen HTTP/1.1" 200 2459 "http://www.easydrivers.at/links" "Mozilla/5.0 (iPhone; CPU iPhone OS 10_3_2 like Mac OS X) AppleWebKit/603.2.4 (KHTML, like Gecko) Version/10.0 Mobile/14F89 Safari/602.1"
212.95.7.108 - - [04/Aug/2017:08:01:57 +0200] "GET /javascript/mobile-fahrschulen.js HTTP/1.1" 200 404 "http://www.easydrivers.at/fahrschulen" "Mozilla/5.0 (iPhone; CPU iPhone OS 10_3_2 like Mac OS X) AppleWebKit/603.2.4 (KHTML, like Gecko) Version/10.0 Mobile/14F89 Safari/602.1"
212.95.7.108 - - [04/Aug/2017:08:01:57 +0200] "GET /img/mobile/pfeil-rechts-small.png HTTP/1.1" 200 1056 "http://www.easydrivers.at/fahrschulen" "Mozilla/5.0 (iPhone; CPU iPhone OS 10_3_2 like Mac OS X) AppleWebKit/603.2.4 (KHTML, like Gecko) Version/10.0 Mobile/14F89 Safari/602.1"
212.95.7.108 - - [04/Aug/2017:08:01:58 +0200] "POST /fahrschulen/niederoesterreich HTTP/1.1" 200 5719 "http://www.easydrivers.at/fahrschulen" "Mozilla/5.0 (iPhone; CPU iPhone OS 10_3_2 like Mac OS X) AppleWebKit/603.2.4 (KHTML, like Gecko) Version/10.0 Mobile/14F89 Safari/602.1"
212.95.7.108 - - [04/Aug/2017:08:02:01 +0200] "GET /img/mobile/smallicon-address.png HTTP/1.1" 200 1424 "http://www.easydrivers.at/fahrschulen/niederoesterreich" "Mozilla/5.0 (iPhone; CPU iPhone OS 10_3_2 like Mac OS X) AppleWebKit/603.2.4 (KHTML, like Gecko) Version/10.0 Mobile/14F89 Safari/602.1"
212.95.7.108 - - [04/Aug/2017:08:02:01 +0200] "GET /img/mobile/googlemaps-pin.png HTTP/1.1" 200 1597 "http://www.easydrivers.at/fahrschulen/niederoesterreich" "Mozilla/5.0 (iPhone; CPU iPhone OS 10_3_2 like Mac OS X) AppleWebKit/603.2.4 (KHTML, like Gecko) Version/10.0 Mobile/14F89 Safari/602.1"
212.95.7.108 - - [04/Aug/2017:08:02:01 +0200] "GET /img/mobile/smallicon-phone.png HTTP/1.1" 200 1311 "http://www.easydrivers.at/fahrschulen/niederoesterreich" "Mozilla/5.0 (iPhone; CPU iPhone OS 10_3_2 like Mac OS X) AppleWebKit/603.2.4 (KHTML, like Gecko) Version/10.0 Mobile/14F89 Safari/602.1"
212.95.7.108 - - [04/Aug/2017:08:02:01 +0200] "GET /img/mobile/smallicon-time.png HTTP/1.1" 200 1328 "http://www.easydrivers.at/fahrschulen/niederoesterreich" "Mozilla/5.0 (iPhone; CPU iPhone OS 10_3_2 like Mac OS X) AppleWebKit/603.2.4 (KHTML, like Gecko) Version/10.0 Mobile/14F89 Safari/602.1"
212.95.7.108 - - [04/Aug/2017:08:02:01 +0200] "GET /img/mobile/smallicon-mail.png HTTP/1.1" 200 1335 "http://www.easydrivers.at/fahrschulen/niederoesterreich" "Mozilla/5.0 (iPhone; CPU iPhone OS 10_3_2 like Mac OS X) AppleWebKit/603.2.4 (KHTML, like Gecko) Version/10.0 Mobile/14F89 Safari/602.1"
212.95.7.108 - - [04/Aug/2017:08:02:01 +0200] "GET /img/mobile/pfeil-links-small.png HTTP/1.1" 200 1065 "http://www.easydrivers.at/fahrschulen/niederoesterreich" "Mozilla/5.0 (iPhone; CPU iPhone OS 10_3_2 like Mac OS X) AppleWebKit/603.2.4 (KHTML, like Gecko) Version/10.0 Mobile/14F89 Safari/602.1"
212.95.7.108 - - [04/Aug/2017:08:02:01 +0200] "GET /img/mobile/bg-yellow.jpg HTTP/1.1" 200 1569 "http://www.easydrivers.at/fahrschulen/niederoesterreich" "Mozilla/5.0 (iPhone; CPU iPhone OS 10_3_2 like Mac OS X) AppleWebKit/603.2.4 (KHTML, like Gecko) Version/10.0 Mobile/14F89 Safari/602.1"
212.95.7.108 - - [04/Aug/2017:08:02:01 +0200] "GET /img/mobile/weiter-button.png HTTP/1.1" 200 1670 "http://www.easydrivers.at/fahrschulen/niederoesterreich" "Mozilla/5.0 (iPhone; CPU iPhone OS 10_3_2 like Mac OS X) AppleWebKit/603.2.4 (KHTML, like Gecko) Version/10.0 Mobile/14F89 Safari/602.1"
188.23.102.9 - - [04/Aug/2017:08:02:02 +0200] "POST /loadkursliste HTTP/1.1" 200 807 "http://www.easydrivers.at/krems/10276251" "Mozilla/5.0 (Windows NT 6.1; WOW64; rv:54.0) Gecko/20100101 Firefox/54.0"
80.110.93.200 - - [04/Aug/2017:08:02:05 +0200] "GET /reumannplatz HTTP/1.1" 200 2817 "http://m.facebook.com/" "Mozilla/5.0 (Linux; Android 7.0; SM-G920F Build/NRD90M; wv) AppleWebKit/537.36 (KHTML, like Gecko) Version/4.0 Chrome/59.0.3071.125 Mobile Safari/537.36 [FB_IAB/FB4A;FBAV/135.0.0.22.90;]"
80.110.93.200 - - [04/Aug/2017:08:02:07 +0200] "GET /css/mobile.css HTTP/1.1" 200 2852 "http://www.easydrivers.at/reumannplatz" "Mozilla/5.0 (Linux; Android 7.0; SM-G920F Build/NRD90M; wv) AppleWebKit/537.36 (KHTML, like Gecko) Version/4.0 Chrome/59.0.3071.125 Mobile Safari/537.36 [FB_IAB/FB4A;FBAV/135.0.0.22.90;]"
80.110.93.200 - - [04/Aug/2017:08:02:07 +0200] "GET /javascript/jquery.cookie.js HTTP/1.1" 200 863 "http://www.easydrivers.at/reumannplatz" "Mozilla/5.0 (Linux; Android 7.0; SM-G920F Build/NRD90M; wv) AppleWebKit/537.36 (KHTML, like Gecko) Version/4.0 Chrome/59.0.3071.125 Mobile Safari/537.36 [FB_IAB/FB4A;FBAV/135.0.0.22.90;]"
80.110.93.200 - - [04/Aug/2017:08:02:07 +0200] "GET /javascript/mobile-menu.js HTTP/1.1" 200 1634 "http://www.easydrivers.at/reumannplatz" "Mozilla/5.0 (Linux; Android 7.0; SM-G920F Build/NRD90M; wv) AppleWebKit/537.36 (KHTML, like Gecko) Version/4.0 Chrome/59.0.3071.125 Mobile Safari/537.36 [FB_IAB/FB4A;FBAV/135.0.0.22.90;]"
80.110.93.200 - - [04/Aug/2017:08:02:07 +0200] "GET /javascript/jquery.simplemodal.js HTTP/1.1" 200 3070 "http://www.easydrivers.at/reumannplatz" "Mozilla/5.0 (Linux; Android 7.0; SM-G920F Build/NRD90M; wv) AppleWebKit/537.36 (KHTML, like Gecko) Version/4.0 Chrome/59.0.3071.125 Mobile Safari/537.36 [FB_IAB/FB4A;FBAV/135.0.0.22.90;]"
80.110.93.200 - - [04/Aug/2017:08:02:07 +0200] "GET /javascript/jquery-1.9.1.min.js HTTP/1.1" 200 32731 "http://www.easydrivers.at/reumannplatz" "Mozilla/5.0 (Linux; Android 7.0; SM-G920F Build/NRD90M; wv) AppleWebKit/537.36 (KHTML, like Gecko) Version/4.0 Chrome/59.0.3071.125 Mobile Safari/537.36 [FB_IAB/FB4A;FBAV/135.0.0.22.90;]"
193.228.112.247 - - [04/Aug/2017:08:02:06 +0200] "GET /links HTTP/1.1" 200 2317 "http://www.easydrivers.at/ueberuns" "Mozilla/5.0 (Windows NT 6.1; Trident/7.0; rv:11.0) like Gecko"
193.228.112.247 - - [04/Aug/2017:08:02:08 +0200] "GET /binaries/easy-drivers-portal/motorrad7jpg.jpg HTTP/1.1" 200 102681 "http://www.easydrivers.at/links" "Mozilla/5.0 (Windows NT 6.1; Trident/7.0; rv:11.0) like Gecko"
91.113.242.150 - - [04/Aug/2017:08:02:09 +0200] "POST /suche HTTP/1.1" 200 5681 "http://www.easydrivers.at/" "Mozilla/5.0 (Windows NT 6.1; WOW64; rv:54.0) Gecko/20100101 Firefox/54.0"
91.113.242.150 - - [04/Aug/2017:08:02:11 +0200] "GET /img/smallicon-address.png HTTP/1.1" 200 1211 "http://www.easydrivers.at/suche" "Mozilla/5.0 (Windows NT 6.1; WOW64; rv:54.0) Gecko/20100101 Firefox/54.0"
91.113.242.150 - - [04/Aug/2017:08:02:11 +0200] "GET /img/smallicon-phone.png HTTP/1.1" 200 3056 "http://www.easydrivers.at/suche" "Mozilla/5.0 (Windows NT 6.1; WOW64; rv:54.0) Gecko/20100101 Firefox/54.0"
91.113.242.150 - - [04/Aug/2017:08:02:11 +0200] "GET /javascript/suche.js HTTP/1.1" 200 209 "http://www.easydrivers.at/suche" "Mozilla/5.0 (Windows NT 6.1; WOW64; rv:54.0) Gecko/20100101 Firefox/54.0"
91.113.242.150 - - [04/Aug/2017:08:02:11 +0200] "GET /img/smallicon-time.png HTTP/1.1" 200 1262 "http://www.easydrivers.at/suche" "Mozilla/5.0 (Windows NT 6.1; WOW64; rv:54.0) Gecko/20100101 Firefox/54.0"
91.113.242.150 - - [04/Aug/2017:08:02:11 +0200] "GET /img/smallicon-mail.png HTTP/1.1" 200 1341 "http://www.easydrivers.at/suche" "Mozilla/5.0 (Windows NT 6.1; WOW64; rv:54.0) Gecko/20100101 Firefox/54.0"
91.113.242.150 - - [04/Aug/2017:08:02:11 +0200] "GET /binaries/easy-drivers-portal/motorrad4jpg.jpg HTTP/1.1" 200 110277 "http://www.easydrivers.at/suche" "Mozilla/5.0 (Windows NT 6.1; WOW64; rv:54.0) Gecko/20100101 Firefox/54.0"
193.228.112.247 - - [04/Aug/2017:08:02:15 +0200] "GET / HTTP/1.1" 200 4410 "http://www.easydrivers.at/links" "Mozilla/5.0 (Windows NT 6.1; Trident/7.0; rv:11.0) like Gecko"
91.113.242.150 - - [04/Aug/2017:08:02:17 +0200] "GET / HTTP/1.1" 200 4410 "http://www.easydrivers.at/suche" "Mozilla/5.0 (Windows NT 6.1; WOW64; rv:54.0) Gecko/20100101 Firefox/54.0"
193.187.3.11 - - [04/Aug/2017:08:02:18 +0200] "GET /steyr HTTP/1.1" 200 3704 "http://www.google.at/url?sa=t&rct=j&q=&esrc=s&source=web&cd=1&ved=0ahUKEwiFm8rn87zVAhVFWRoKHSq8AX8QFgguMAA&url=http%3A%2F%2Fwww.easydrivers.at%2Fsteyr&usg=AFQjCNF2NdskKOmj2sxAEl66xhcReWCE7g" "Mozilla/5.0 (Windows NT 6.1; Trident/7.0; rv:11.0) like Gecko"
193.187.3.11 - - [04/Aug/2017:08:02:20 +0200] "GET /css/style.css HTTP/1.1" 200 5004 "http://www.easydrivers.at/steyr" "Mozilla/5.0 (Windows NT 6.1; Trident/7.0; rv:11.0) like Gecko"
193.187.3.11 - - [04/Aug/2017:08:02:20 +0200] "GET /javascript/jquery.simplemodal.js HTTP/1.1" 200 3070 "http://www.easydrivers.at/steyr" "Mozilla/5.0 (Windows NT 6.1; Trident/7.0; rv:11.0) like Gecko"
193.187.3.11 - - [04/Aug/2017:08:02:20 +0200] "GET /javascript/portal.js?1221842734 HTTP/1.1" 200 3529 "http://www.easydrivers.at/steyr" "Mozilla/5.0 (Windows NT 6.1; Trident/7.0; rv:11.0) like Gecko"
193.187.3.11 - - [04/Aug/2017:08:02:20 +0200] "GET /javascript/jquery.cookie.js HTTP/1.1" 200 863 "http://www.easydrivers.at/steyr" "Mozilla/5.0 (Windows NT 6.1; Trident/7.0; rv:11.0) like Gecko"
193.187.3.11 - - [04/Aug/2017:08:02:20 +0200] "GET /img/close-button.png HTTP/1.1" 200 2237 "http://www.easydrivers.at/steyr" "Mozilla/5.0 (Windows NT 6.1; Trident/7.0; rv:11.0) like Gecko"
193.187.3.11 - - [04/Aug/2017:08:02:20 +0200] "GET /img/facebook-icon.png HTTP/1.1" 200 1506 "http://www.easydrivers.at/steyr" "Mozilla/5.0 (Windows NT 6.1; Trident/7.0; rv:11.0) like Gecko"
193.187.3.11 - - [04/Aug/2017:08:02:20 +0200] "GET /img/info-button.png HTTP/1.1" 200 738 "http://www.easydrivers.at/steyr" "Mozilla/5.0 (Windows NT 6.1; Trident/7.0; rv:11.0) like Gecko"
193.187.3.11 - - [04/Aug/2017:08:02:20 +0200] "GET /cache/emu/images/easy-drivers-portal10255541/easy-1jpg_120_90_0.jpg HTTP/1.1" 200 2330 "http://www.easydrivers.at/steyr" "Mozilla/5.0 (Windows NT 6.1; Trident/7.0; rv:11.0) like Gecko"
193.187.3.11 - - [04/Aug/2017:08:02:20 +0200] "GET /img/locator-icon.png HTTP/1.1" 200 1377 "http://www.easydrivers.at/steyr" "Mozilla/5.0 (Windows NT 6.1; Trident/7.0; rv:11.0) like Gecko"
193.187.3.11 - - [04/Aug/2017:08:02:20 +0200] "GET /cache/emu/images/easy-drivers-portal10280554/i-3_135_90_0.jpg HTTP/1.1" 200 4419 "http://www.easydrivers.at/steyr" "Mozilla/5.0 (Windows NT 6.1; Trident/7.0; rv:11.0) like Gecko"
193.187.3.11 - - [04/Aug/2017:08:02:20 +0200] "GET /binaries/easy-drivers-portal/widget-icon-apppng.png HTTP/1.1" 200 2432 "http://www.easydrivers.at/steyr" "Mozilla/5.0 (Windows NT 6.1; Trident/7.0; rv:11.0) like Gecko"
193.187.3.11 - - [04/Aug/2017:08:02:20 +0200] "GET /img/schweiz-icon.png HTTP/1.1" 200 1504 "http://www.easydrivers.at/steyr" "Mozilla/5.0 (Windows NT 6.1; Trident/7.0; rv:11.0) like Gecko"
193.187.3.11 - - [04/Aug/2017:08:02:20 +0200] "GET /javascript/fahrschule.js HTTP/1.1" 200 462 "http://www.easydrivers.at/steyr" "Mozilla/5.0 (Windows NT 6.1; Trident/7.0; rv:11.0) like Gecko"
193.187.3.11 - - [04/Aug/2017:08:02:20 +0200] "GET /img/kursicon-phone-pink.png HTTP/1.1" 200 1286 "http://www.easydrivers.at/steyr" "Mozilla/5.0 (Windows NT 6.1; Trident/7.0; rv:11.0) like Gecko"
193.187.3.11 - - [04/Aug/2017:08:02:20 +0200] "GET /img/kursicon-download-pink.png HTTP/1.1" 200 1213 "http://www.easydrivers.at/steyr" "Mozilla/5.0 (Windows NT 6.1; Trident/7.0; rv:11.0) like Gecko"
193.187.3.11 - - [04/Aug/2017:08:02:20 +0200] "GET /img/kursicon-share-pink.png HTTP/1.1" 200 1277 "http://www.easydrivers.at/steyr" "Mozilla/5.0 (Windows NT 6.1; Trident/7.0; rv:11.0) like Gecko"
193.187.3.11 - - [04/Aug/2017:08:02:20 +0200] "GET /img/yellow-dots-vertical.png HTTP/1.1" 200 981 "http://www.easydrivers.at/steyr" "Mozilla/5.0 (Windows NT 6.1; Trident/7.0; rv:11.0) like Gecko"
193.187.3.11 - - [04/Aug/2017:08:02:20 +0200] "GET /img/bg-header.jpg HTTP/1.1" 200 38680 "http://www.easydrivers.at/steyr" "Mozilla/5.0 (Windows NT 6.1; Trident/7.0; rv:11.0) like Gecko"
193.187.3.11 - - [04/Aug/2017:08:02:20 +0200] "GET /img/bg-top-section.jpg HTTP/1.1" 200 82172 "http://www.easydrivers.at/steyr" "Mozilla/5.0 (Windows NT 6.1; Trident/7.0; rv:11.0) like Gecko"
194.118.193.232 - - [04/Aug/2017:08:02:25 +0200] "GET /img/loading-bars.gif HTTP/1.1" 200 3951 "http://www.easydrivers.at/" "Mozilla/5.0 (iPhone; CPU iPhone OS 10_3_2 like Mac OS X) AppleWebKit/603.2.4 (KHTML, like Gecko) Version/10.0 Mobile/14F89 Safari/602.1"
193.228.112.247 - - [04/Aug/2017:08:02:23 +0200] "GET /ueberuns HTTP/1.1" 200 3256 "http://www.easydrivers.at/" "Mozilla/5.0 (Windows NT 6.1; Trident/7.0; rv:11.0) like Gecko"
193.228.112.247 - - [04/Aug/2017:08:02:24 +0200] "GET /ueberuns HTTP/1.1" 200 3256 "http://www.easydrivers.at/" "Mozilla/5.0 (Windows NT 6.1; Trident/7.0; rv:11.0) like Gecko"
194.118.193.232 - - [04/Aug/2017:08:02:25 +0200] "POST /suche HTTP/1.1" 200 4683 "http://www.easydrivers.at/" "Mozilla/5.0 (iPhone; CPU iPhone OS 10_3_2 like Mac OS X) AppleWebKit/603.2.4 (KHTML, like Gecko) Version/10.0 Mobile/14F89 Safari/602.1"
194.118.193.232 - - [04/Aug/2017:08:02:27 +0200] "GET /javascript/mobile-kurs-suchergebnis.js HTTP/1.1" 200 382 "http://www.easydrivers.at/suche" "Mozilla/5.0 (iPhone; CPU iPhone OS 10_3_2 like Mac OS X) AppleWebKit/603.2.4 (KHTML, like Gecko) Version/10.0 Mobile/14F89 Safari/602.1"
194.118.193.232 - - [04/Aug/2017:08:02:27 +0200] "GET /img/mobile/smallicon-address.png HTTP/1.1" 200 1424 "http://www.easydrivers.at/suche" "Mozilla/5.0 (iPhone; CPU iPhone OS 10_3_2 like Mac OS X) AppleWebKit/603.2.4 (KHTML, like Gecko) Version/10.0 Mobile/14F89 Safari/602.1"
194.118.193.232 - - [04/Aug/2017:08:02:27 +0200] "GET /img/mobile/smallicon-time.png HTTP/1.1" 200 1328 "http://www.easydrivers.at/suche" "Mozilla/5.0 (iPhone; CPU iPhone OS 10_3_2 like Mac OS X) AppleWebKit/603.2.4 (KHTML, like Gecko) Version/10.0 Mobile/14F89 Safari/602.1"
194.118.193.232 - - [04/Aug/2017:08:02:27 +0200] "GET /img/mobile/smallicon-phone.png HTTP/1.1" 200 1311 "http://www.easydrivers.at/suche" "Mozilla/5.0 (iPhone; CPU iPhone OS 10_3_2 like Mac OS X) AppleWebKit/603.2.4 (KHTML, like Gecko) Version/10.0 Mobile/14F89 Safari/602.1"
194.118.193.232 - - [04/Aug/2017:08:02:27 +0200] "GET /img/mobile/smallicon-mail.png HTTP/1.1" 200 1335 "http://www.easydrivers.at/suche" "Mozilla/5.0 (iPhone; CPU iPhone OS 10_3_2 like Mac OS X) AppleWebKit/603.2.4 (KHTML, like Gecko) Version/10.0 Mobile/14F89 Safari/602.1"
193.228.112.247 - - [04/Aug/2017:08:02:25 +0200] "GET /ueberuns HTTP/1.1" 200 3256 "http://www.easydrivers.at/" "Mozilla/5.0 (Windows NT 6.1; Trident/7.0; rv:11.0) like Gecko"
193.228.112.247 - - [04/Aug/2017:08:02:26 +0200] "GET /ueberuns HTTP/1.1" 200 3256 "http://www.easydrivers.at/" "Mozilla/5.0 (Windows NT 6.1; Trident/7.0; rv:11.0) like Gecko"
193.228.112.247 - - [04/Aug/2017:08:02:25 +0200] "GET /ueberuns HTTP/1.1" 200 3256 "http://www.easydrivers.at/" "Mozilla/5.0 (Windows NT 6.1; Trident/7.0; rv:11.0) like Gecko"
91.113.242.150 - - [04/Aug/2017:08:02:31 +0200] "GET /fuehrerscheine/auto HTTP/1.1" 200 3366 "http://www.easydrivers.at/" "Mozilla/5.0 (Windows NT 6.1; WOW64; rv:54.0) Gecko/20100101 Firefox/54.0"
193.228.112.247 - - [04/Aug/2017:08:02:26 +0200] "GET /ueberuns HTTP/1.1" 200 3256 "http://www.easydrivers.at/" "Mozilla/5.0 (Windows NT 6.1; Trident/7.0; rv:11.0) like Gecko"
193.187.3.11 - - [04/Aug/2017:08:02:30 +0200] "GET /steyr HTTP/1.1" 200 3704 "http://www.easydrivers.at/steyr" "Mozilla/5.0 (Windows NT 6.1; Trident/7.0; rv:11.0) like Gecko"
91.113.242.150 - - [04/Aug/2017:08:02:32 +0200] "GET /binaries/easy-drivers-portal/pkw4jpg.jpg HTTP/1.1" 200 125726 "http://www.easydrivers.at/fuehrerscheine/auto" "Mozilla/5.0 (Windows NT 6.1; WOW64; rv:54.0) Gecko/20100101 Firefox/54.0"
91.113.242.150 - - [04/Aug/2017:08:02:37 +0200] "GET /fuehrerscheine/motorrad HTTP/1.1" 200 2887 "http://www.easydrivers.at/fuehrerscheine/auto" "Mozilla/5.0 (Windows NT 6.1; WOW64; rv:54.0) Gecko/20100101 Firefox/54.0"
91.113.242.150 - - [04/Aug/2017:08:02:39 +0200] "GET /fuehrerscheine/motorrad/C111 HTTP/1.1" 200 3635 "http://www.easydrivers.at/fuehrerscheine/motorrad" "Mozilla/5.0 (Windows NT 6.1; WOW64; rv:54.0) Gecko/20100101 Firefox/54.0"
188.23.102.9 - - [04/Aug/2017:08:02:40 +0200] "GET /krems/AM-Kurs-August-2017?FS=AM-M HTTP/1.1" 200 5289 "http://www.easydrivers.at/krems/10276251" "Mozilla/5.0 (Windows NT 6.1; WOW64; rv:54.0) Gecko/20100101 Firefox/54.0"
193.187.3.11 - - [04/Aug/2017:08:02:40 +0200] "GET /ueberuns HTTP/1.1" 200 3256 "http://www.easydrivers.at/steyr" "Mozilla/5.0 (Windows NT 6.1; Trident/7.0; rv:11.0) like Gecko"
193.187.3.11 - - [04/Aug/2017:08:02:42 +0200] "GET /css/history.css HTTP/1.1" 200 609 "http://www.easydrivers.at/ueberuns" "Mozilla/5.0 (Windows NT 6.1; Trident/7.0; rv:11.0) like Gecko"
193.187.3.11 - - [04/Aug/2017:08:02:42 +0200] "GET /javascript/history.js HTTP/1.1" 200 967 "http://www.easydrivers.at/ueberuns" "Mozilla/5.0 (Windows NT 6.1; Trident/7.0; rv:11.0) like Gecko"
193.187.3.11 - - [04/Aug/2017:08:02:42 +0200] "GET /binaries/easy-drivers-portal/edwebhistoryillu392x3922jpg.jpg HTTP/1.1" 200 32209 "http://www.easydrivers.at/ueberuns" "Mozilla/5.0 (Windows NT 6.1; Trident/7.0; rv:11.0) like Gecko"
188.23.102.9 - - [04/Aug/2017:08:02:42 +0200] "GET /javascript/suche.js HTTP/1.1" 200 209 "http://www.easydrivers.at/krems/AM-Kurs-August-2017?FS=AM-M" "Mozilla/5.0 (Windows NT 6.1; WOW64; rv:54.0) Gecko/20100101 Firefox/54.0"
193.187.3.11 - - [04/Aug/2017:08:02:42 +0200] "GET /binaries/easy-drivers-portal/edwebhistoryillu392x3924jpg.jpg HTTP/1.1" 200 35765 "http://www.easydrivers.at/ueberuns" "Mozilla/5.0 (Windows NT 6.1; Trident/7.0; rv:11.0) like Gecko"
193.187.3.11 - - [04/Aug/2017:08:02:42 +0200] "GET /binaries/easy-drivers-portal/edwebhistoryillu392x3925jpg.jpg HTTP/1.1" 200 31708 "http://www.easydrivers.at/ueberuns" "Mozilla/5.0 (Windows NT 6.1; Trident/7.0; rv:11.0) like Gecko"
193.187.3.11 - - [04/Aug/2017:08:02:42 +0200] "GET /binaries/easy-drivers-portal/edwebhistoryillu392x3926jpg.jpg HTTP/1.1" 200 41118 "http://www.easydrivers.at/ueberuns" "Mozilla/5.0 (Windows NT 6.1; Trident/7.0; rv:11.0) like Gecko"
193.187.3.11 - - [04/Aug/2017:08:02:42 +0200] "GET /binaries/easy-drivers-portal/edwebhistoryillu392x3928jpg.jpg HTTP/1.1" 200 38907 "http://www.easydrivers.at/ueberuns" "Mozilla/5.0 (Windows NT 6.1; Trident/7.0; rv:11.0) like Gecko"
193.187.3.11 - - [04/Aug/2017:08:02:42 +0200] "GET /binaries/easy-drivers-portal/edwebhistoryillu392x3923jpg.jpg HTTP/1.1" 200 54656 "http://www.easydrivers.at/ueberuns" "Mozilla/5.0 (Windows NT 6.1; Trident/7.0; rv:11.0) like Gecko"
193.187.3.11 - - [04/Aug/2017:08:02:42 +0200] "GET /binaries/easy-drivers-portal/edwebhistoryillu392x3929jpg.jpg HTTP/1.1" 200 31823 "http://www.easydrivers.at/ueberuns" "Mozilla/5.0 (Windows NT 6.1; Trident/7.0; rv:11.0) like Gecko"
193.187.3.11 - - [04/Aug/2017:08:02:42 +0200] "GET /binaries/easy-drivers-portal/edwebhistoryillu392x3927jpg.jpg HTTP/1.1" 200 71377 "http://www.easydrivers.at/ueberuns" "Mozilla/5.0 (Windows NT 6.1; Trident/7.0; rv:11.0) like Gecko"
193.187.3.11 - - [04/Aug/2017:08:02:42 +0200] "GET /binaries/easy-drivers-portal/edwebhistoryillu392x392radjpg.jpg HTTP/1.1" 200 124939 "http://www.easydrivers.at/ueberuns" "Mozilla/5.0 (Windows NT 6.1; Trident/7.0; rv:11.0) like Gecko"
193.187.3.11 - - [04/Aug/2017:08:02:42 +0200] "GET /binaries/easy-drivers-portal/edwebhistoryillu392x39211jpg.jpg HTTP/1.1" 200 36282 "http://www.easydrivers.at/ueberuns" "Mozilla/5.0 (Windows NT 6.1; Trident/7.0; rv:11.0) like Gecko"
193.187.3.11 - - [04/Aug/2017:08:02:42 +0200] "GET /binaries/easy-drivers-portal/edwebhistoryillu392x39210jpg.jpg HTTP/1.1" 200 19475 "http://www.easydrivers.at/ueberuns" "Mozilla/5.0 (Windows NT 6.1; Trident/7.0; rv:11.0) like Gecko"
193.187.3.11 - - [04/Aug/2017:08:02:42 +0200] "GET /binaries/easy-drivers-portal/edwebhistoryillu392x39220kpng.png HTTP/1.1" 200 49333 "http://www.easydrivers.at/ueberuns" "Mozilla/5.0 (Windows NT 6.1; Trident/7.0; rv:11.0) like Gecko"
188.23.102.9 - - [04/Aug/2017:08:02:42 +0200] "GET /img/arrow-up.png HTTP/1.1" 200 1081 "http://www.easydrivers.at/css/style.css" "Mozilla/5.0 (Windows NT 6.1; WOW64; rv:54.0) Gecko/20100101 Firefox/54.0"
194.118.193.232 - - [04/Aug/2017:08:02:41 +0200] "POST /loadkursliste HTTP/1.1" 200 647 "http://www.easydrivers.at/suche" "Mozilla/5.0 (iPhone; CPU iPhone OS 10_3_2 like Mac OS X) AppleWebKit/603.2.4 (KHTML, like Gecko) Version/10.0 Mobile/14F89 Safari/602.1"
91.113.242.150 - - [04/Aug/2017:08:02:46 +0200] "POST / HTTP/1.1" 200 4416 "http://www.easydrivers.at/fuehrerscheine/motorrad/C111" "Mozilla/5.0 (Windows NT 6.1; WOW64; rv:54.0) Gecko/20100101 Firefox/54.0"
188.23.102.9 - - [04/Aug/2017:08:02:49 +0200] "GET /krems/aktionen HTTP/1.1" 200 3473 "http://www.easydrivers.at/krems/B-Ferienkurs-August-2017?FS=B-L17" "Mozilla/5.0 (Windows NT 6.1; WOW64; Trident/7.0; rv:11.0) like Gecko"
188.23.102.9 - - [04/Aug/2017:08:02:51 +0200] "GET /binaries/easy-drivers-krems/kremsedwebheader830x3004jpg.jpg HTTP/1.1" 200 50530 "http://www.easydrivers.at/krems/aktionen" "Mozilla/5.0 (Windows NT 6.1; WOW64; Trident/7.0; rv:11.0) like Gecko"
91.113.242.150 - - [04/Aug/2017:08:02:52 +0200] "POST /suche HTTP/1.1" 200 4143 "http://www.easydrivers.at/" "Mozilla/5.0 (Windows NT 6.1; WOW64; rv:54.0) Gecko/20100101 Firefox/54.0"
91.113.242.150 - - [04/Aug/2017:08:02:54 +0200] "GET /binaries/easy-drivers-portal/motorrad1jpg.jpg HTTP/1.1" 200 125850 "http://www.easydrivers.at/suche" "Mozilla/5.0 (Windows NT 6.1; WOW64; rv:54.0) Gecko/20100101 Firefox/54.0"
40.77.167.183 - - [04/Aug/2017:08:03:01 +0200] "GET /uploads/pdfs/hartberg/schnellkurs_29.05.2017_B.pdf HTTP/1.1" 200 32200 "-" "Mozilla/5.0 (compatible; bingbot/2.0; +http://www.bing.com/bingbot.htm)"
194.118.193.232 - - [04/Aug/2017:08:03:01 +0200] "GET /fuehrerscheine/auto HTTP/1.1" 200 5440 "http://www.easydrivers.at/suche" "Mozilla/5.0 (iPhone; CPU iPhone OS 10_3_2 like Mac OS X) AppleWebKit/603.2.4 (KHTML, like Gecko) Version/10.0 Mobile/14F89 Safari/602.1"
91.113.242.150 - - [04/Aug/2017:08:03:03 +0200] "POST /loadkursliste HTTP/1.1" 200 662 "http://www.easydrivers.at/suche" "Mozilla/5.0 (Windows NT 6.1; WOW64; rv:54.0) Gecko/20100101 Firefox/54.0"
193.187.3.11 - - [04/Aug/2017:08:03:05 +0200] "GET /steyr/Inhaberdaten HTTP/1.1" 200 3754 "http://www.google.at/url?sa=t&rct=j&q=&esrc=s&source=web&cd=2&ved=0ahUKEwi4ir__87zVAhVEVhoKHTPICXAQFggzMAE&url=http%3A%2F%2Fwww.easydrivers.at%2Fsteyr%2FInhaberdaten&usg=AFQjCNEAls3z5WQN8XX02jskxdVicO1Tsw" "Mozilla/5.0 (Windows NT 6.1; Trident/7.0; rv:11.0) like Gecko"
193.187.3.11 - - [04/Aug/2017:08:03:07 +0200] "GET /binaries/easy-drivers-portal/motorrad3jpg.jpg HTTP/1.1" 200 111280 "http://www.easydrivers.at/steyr/Inhaberdaten" "Mozilla/5.0 (Windows NT 6.1; Trident/7.0; rv:11.0) like Gecko"
193.187.3.11 - - [04/Aug/2017:08:03:07 +0200] "GET /img/smallicon-phone.png HTTP/1.1" 200 3056 "http://www.easydrivers.at/steyr/Inhaberdaten" "Mozilla/5.0 (Windows NT 6.1; Trident/7.0; rv:11.0) like Gecko"
193.187.3.11 - - [04/Aug/2017:08:03:07 +0200] "GET /img/smallicon-fax.png HTTP/1.1" 200 1205 "http://www.easydrivers.at/steyr/Inhaberdaten" "Mozilla/5.0 (Windows NT 6.1; Trident/7.0; rv:11.0) like Gecko"
193.187.3.11 - - [04/Aug/2017:08:03:07 +0200] "GET /img/top-image-overlay.png HTTP/1.1" 200 20650 "http://www.easydrivers.at/steyr/Inhaberdaten" "Mozilla/5.0 (Windows NT 6.1; Trident/7.0; rv:11.0) like Gecko"
188.23.102.9 - - [04/Aug/2017:08:03:19 +0200] "GET /krems/B-Ferienkurs-August-2017?FS=B-L17 HTTP/1.1" 200 5914 "http://www.easydrivers.at/krems/10276251" "Mozilla/5.0 (Windows NT 6.1; WOW64; Trident/7.0; rv:11.0) like Gecko"
188.23.102.9 - - [04/Aug/2017:08:03:21 +0200] "GET /binaries/easy-drivers-portal/pkw8jpg-1.jpg HTTP/1.1" 200 77231 "http://www.easydrivers.at/krems/B-Ferienkurs-August-2017?FS=B-L17" "Mozilla/5.0 (Windows NT 6.1; WOW64; Trident/7.0; rv:11.0) like Gecko"
193.187.3.11 - - [04/Aug/2017:08:03:29 +0200] "GET /steyr/ HTTP/1.1" 301 137 "http://www.google.at/url?sa=t&rct=j&q=&esrc=s&source=web&cd=15&ved=0ahUKEwje4sGK9LzVAhWDBBoKHaThCoQQ_BcIfjAO&url=http%3A%2F%2Fwww.easydrivers.at%2Fsteyr%2F&usg=AFQjCNHl-xXwzrxSLGcIdbA6qb4It0_Nbg" "Mozilla/5.0 (Windows NT 6.1; Trident/7.0; rv:11.0) like Gecko"
188.23.102.9 - - [04/Aug/2017:08:03:27 +0200] "GET /krems/10276251 HTTP/1.1" 200 4604 "http://www.easydrivers.at/krems/B-Ferienkurs-August-2017?FS=B-L17" "Mozilla/5.0 (Windows NT 6.1; WOW64; Trident/7.0; rv:11.0) like Gecko"
193.187.3.11 - - [04/Aug/2017:08:03:29 +0200] "GET /steyr HTTP/1.1" 200 3704 "http://www.google.at/url?sa=t&rct=j&q=&esrc=s&source=web&cd=15&ved=0ahUKEwje4sGK9LzVAhWDBBoKHaThCoQQ_BcIfjAO&url=http%3A%2F%2Fwww.easydrivers.at%2Fsteyr%2F&usg=AFQjCNHl-xXwzrxSLGcIdbA6qb4It0_Nbg" "Mozilla/5.0 (Windows NT 6.1; Trident/7.0; rv:11.0) like Gecko"
188.23.102.9 - - [04/Aug/2017:08:03:30 +0200] "POST /loadkursliste HTTP/1.1" 200 930 "http://www.easydrivers.at/krems/10276251" "Mozilla/5.0 (Windows NT 6.1; WOW64; Trident/7.0; rv:11.0) like Gecko"
193.187.3.11 - - [04/Aug/2017:08:03:41 +0200] "GET /img/smallicon-person.png HTTP/1.1" 200 1141 "http://www.easydrivers.at/steyr" "Mozilla/5.0 (Windows NT 6.1; Trident/7.0; rv:11.0) like Gecko"
193.187.3.11 - - [04/Aug/2017:08:03:41 +0200] "GET /img/smallicon-time.png HTTP/1.1" 200 1262 "http://www.easydrivers.at/steyr" "Mozilla/5.0 (Windows NT 6.1; Trident/7.0; rv:11.0) like Gecko"
199.30.25.177 - - [04/Aug/2017:08:03:44 +0200] "GET /neunkirchen/kursauswahl HTTP/1.1" 200 11236 "-" "Mozilla/5.0 (Windows NT 6.1; WOW64) AppleWebKit/534+ (KHTML, like Gecko) BingPreview/1.0b"
188.23.102.9 - - [04/Aug/2017:08:03:47 +0200] "POST /loadkursliste HTTP/1.1" 200 705 "http://www.easydrivers.at/krems/10276251" "Mozilla/5.0 (Windows NT 6.1; WOW64; Trident/7.0; rv:11.0) like Gecko"
188.23.102.9 - - [04/Aug/2017:08:03:53 +0200] "GET /krems/A-Kurs-August-2017?FS=A HTTP/1.1" 200 5988 "http://www.easydrivers.at/krems/10276251" "Mozilla/5.0 (Windows NT 6.1; WOW64; Trident/7.0; rv:11.0) like Gecko"
88.117.208.86 - - [04/Aug/2017:08:03:54 +0200] "GET / HTTP/1.1" 200 4410 "-" "Mozilla/5.0 (Windows NT 10.0; Win64; x64) AppleWebKit/537.36 (KHTML, like Gecko) Chrome/51.0.2704.79 Safari/537.36 Edge/14.14393"
188.23.102.9 - - [04/Aug/2017:08:03:55 +0200] "GET /binaries/easy-drivers-portal/motorrad7jpg.jpg HTTP/1.1" 200 102681 "http://www.easydrivers.at/krems/A-Kurs-August-2017?FS=A" "Mozilla/5.0 (Windows NT 6.1; WOW64; Trident/7.0; rv:11.0) like Gecko"
88.117.208.86 - - [04/Aug/2017:08:03:55 +0200] "GET /css/style.css HTTP/1.1" 200 5004 "http://www.easydrivers.at/" "Mozilla/5.0 (Windows NT 10.0; Win64; x64) AppleWebKit/537.36 (KHTML, like Gecko) Chrome/51.0.2704.79 Safari/537.36 Edge/14.14393"
88.117.208.86 - - [04/Aug/2017:08:03:56 +0200] "GET /css/print.css HTTP/1.1" 200 967 "http://www.easydrivers.at/" "Mozilla/5.0 (Windows NT 10.0; Win64; x64) AppleWebKit/537.36 (KHTML, like Gecko) Chrome/51.0.2704.79 Safari/537.36 Edge/14.14393"
88.117.208.86 - - [04/Aug/2017:08:03:56 +0200] "GET /javascript/jquery.customSelect.min.js HTTP/1.1" 200 912 "http://www.easydrivers.at/" "Mozilla/5.0 (Windows NT 10.0; Win64; x64) AppleWebKit/537.36 (KHTML, like Gecko) Chrome/51.0.2704.79 Safari/537.36 Edge/14.14393"
88.117.208.86 - - [04/Aug/2017:08:03:56 +0200] "GET /javascript/jquery.simplemodal.js HTTP/1.1" 200 3070 "http://www.easydrivers.at/" "Mozilla/5.0 (Windows NT 10.0; Win64; x64) AppleWebKit/537.36 (KHTML, like Gecko) Chrome/51.0.2704.79 Safari/537.36 Edge/14.14393"
88.117.208.86 - - [04/Aug/2017:08:03:56 +0200] "GET /javascript/lazyload.js HTTP/1.1" 200 1170 "http://www.easydrivers.at/" "Mozilla/5.0 (Windows NT 10.0; Win64; x64) AppleWebKit/537.36 (KHTML, like Gecko) Chrome/51.0.2704.79 Safari/537.36 Edge/14.14393"
88.117.208.86 - - [04/Aug/2017:08:03:56 +0200] "GET /javascript/jquery.cookie.js HTTP/1.1" 200 863 "http://www.easydrivers.at/" "Mozilla/5.0 (Windows NT 10.0; Win64; x64) AppleWebKit/537.36 (KHTML, like Gecko) Chrome/51.0.2704.79 Safari/537.36 Edge/14.14393"
88.117.208.86 - - [04/Aug/2017:08:03:56 +0200] "GET /javascript/portal.js?1221842734 HTTP/1.1" 200 3529 "http://www.easydrivers.at/" "Mozilla/5.0 (Windows NT 10.0; Win64; x64) AppleWebKit/537.36 (KHTML, like Gecko) Chrome/51.0.2704.79 Safari/537.36 Edge/14.14393"
88.117.208.86 - - [04/Aug/2017:08:03:56 +0200] "GET /img/close-button.png HTTP/1.1" 200 2237 "http://www.easydrivers.at/" "Mozilla/5.0 (Windows NT 10.0; Win64; x64) AppleWebKit/537.36 (KHTML, like Gecko) Chrome/51.0.2704.79 Safari/537.36 Edge/14.14393"
88.117.208.86 - - [04/Aug/2017:08:03:56 +0200] "GET /img/facebook-icon.png HTTP/1.1" 200 1506 "http://www.easydrivers.at/" "Mozilla/5.0 (Windows NT 10.0; Win64; x64) AppleWebKit/537.36 (KHTML, like Gecko) Chrome/51.0.2704.79 Safari/537.36 Edge/14.14393"
88.117.208.86 - - [04/Aug/2017:08:03:56 +0200] "GET /img/submit-button.png HTTP/1.1" 200 1958 "http://www.easydrivers.at/" "Mozilla/5.0 (Windows NT 10.0; Win64; x64) AppleWebKit/537.36 (KHTML, like Gecko) Chrome/51.0.2704.79 Safari/537.36 Edge/14.14393"
88.117.208.86 - - [04/Aug/2017:08:03:56 +0200] "GET /binaries/easy-drivers-portal/widget-icon-trainingpng.png HTTP/1.1" 200 2662 "http://www.easydrivers.at/" "Mozilla/5.0 (Windows NT 10.0; Win64; x64) AppleWebKit/537.36 (KHTML, like Gecko) Chrome/51.0.2704.79 Safari/537.36 Edge/14.14393"
88.117.208.86 - - [04/Aug/2017:08:03:56 +0200] "GET /javascript/homesearch.js HTTP/1.1" 200 393 "http://www.easydrivers.at/" "Mozilla/5.0 (Windows NT 10.0; Win64; x64) AppleWebKit/537.36 (KHTML, like Gecko) Chrome/51.0.2704.79 Safari/537.36 Edge/14.14393"
88.117.208.86 - - [04/Aug/2017:08:03:56 +0200] "GET /img/empty.gif HTTP/1.1" 200 43 "http://www.easydrivers.at/" "Mozilla/5.0 (Windows NT 10.0; Win64; x64) AppleWebKit/537.36 (KHTML, like Gecko) Chrome/51.0.2704.79 Safari/537.36 Edge/14.14393"
88.117.208.86 - - [04/Aug/2017:08:03:56 +0200] "GET /img/schweiz-icon.png HTTP/1.1" 200 1504 "http://www.easydrivers.at/" "Mozilla/5.0 (Windows NT 10.0; Win64; x64) AppleWebKit/537.36 (KHTML, like Gecko) Chrome/51.0.2704.79 Safari/537.36 Edge/14.14393"
88.117.208.86 - - [04/Aug/2017:08:03:56 +0200] "GET /binaries/easy-drivers-portal/widget-icon-apppng.png HTTP/1.1" 200 2432 "http://www.easydrivers.at/" "Mozilla/5.0 (Windows NT 10.0; Win64; x64) AppleWebKit/537.36 (KHTML, like Gecko) Chrome/51.0.2704.79 Safari/537.36 Edge/14.14393"
88.117.208.86 - - [04/Aug/2017:08:03:56 +0200] "GET /binaries/easy-drivers-portal/edradfahrschullogowidget160x90pxpng.png HTTP/1.1" 200 23394 "http://www.easydrivers.at/" "Mozilla/5.0 (Windows NT 10.0; Win64; x64) AppleWebKit/537.36 (KHTML, like Gecko) Chrome/51.0.2704.79 Safari/537.36 Edge/14.14393"
88.117.208.86 - - [04/Aug/2017:08:03:56 +0200] "GET /binaries/easy-drivers-portal/widget-icon-expertspng.png HTTP/1.1" 200 2159 "http://www.easydrivers.at/" "Mozilla/5.0 (Windows NT 10.0; Win64; x64) AppleWebKit/537.36 (KHTML, like Gecko) Chrome/51.0.2704.79 Safari/537.36 Edge/14.14393"
88.117.208.86 - - [04/Aug/2017:08:03:59 +0200] "GET /img/new_favicon.ico HTTP/1.1" 200 1150 "-" "Mozilla/5.0 (Windows NT 10.0; Win64; x64) AppleWebKit/537.36 (KHTML, like Gecko) Chrome/51.0.2704.79 Safari/537.36 Edge/14.14393"
88.117.208.86 - - [04/Aug/2017:08:03:59 +0200] "GET /img/kursicon-print-pink.png HTTP/1.1" 200 1125 "http://www.easydrivers.at/" "Mozilla/5.0 (Windows NT 10.0; Win64; x64) AppleWebKit/537.36 (KHTML, like Gecko) Chrome/51.0.2704.79 Safari/537.36 Edge/14.14393"
88.117.208.86 - - [04/Aug/2017:08:03:59 +0200] "GET /img/kursicon-share-pink.png HTTP/1.1" 200 1277 "http://www.easydrivers.at/" "Mozilla/5.0 (Windows NT 10.0; Win64; x64) AppleWebKit/537.36 (KHTML, like Gecko) Chrome/51.0.2704.79 Safari/537.36 Edge/14.14393"
88.117.208.86 - - [04/Aug/2017:08:03:59 +0200] "GET /img/kursicon-download-pink.png HTTP/1.1" 200 1213 "http://www.easydrivers.at/" "Mozilla/5.0 (Windows NT 10.0; Win64; x64) AppleWebKit/537.36 (KHTML, like Gecko) Chrome/51.0.2704.79 Safari/537.36 Edge/14.14393"
88.117.208.86 - - [04/Aug/2017:08:03:59 +0200] "GET /img/kursicon-phone-pink.png HTTP/1.1" 200 1286 "http://www.easydrivers.at/" "Mozilla/5.0 (Windows NT 10.0; Win64; x64) AppleWebKit/537.36 (KHTML, like Gecko) Chrome/51.0.2704.79 Safari/537.36 Edge/14.14393"
88.117.208.86 - - [04/Aug/2017:08:03:59 +0200] "GET /img/bg-header.jpg HTTP/1.1" 200 38680 "http://www.easydrivers.at/" "Mozilla/5.0 (Windows NT 10.0; Win64; x64) AppleWebKit/537.36 (KHTML, like Gecko) Chrome/51.0.2704.79 Safari/537.36 Edge/14.14393"
88.117.208.86 - - [04/Aug/2017:08:03:59 +0200] "GET /img/ED_Logo.png HTTP/1.1" 200 3385 "http://www.easydrivers.at/" "Mozilla/5.0 (Windows NT 10.0; Win64; x64) AppleWebKit/537.36 (KHTML, like Gecko) Chrome/51.0.2704.79 Safari/537.36 Edge/14.14393"
88.117.208.86 - - [04/Aug/2017:08:03:59 +0200] "GET /img/purple-dots-horizontal.png HTTP/1.1" 200 977 "http://www.easydrivers.at/" "Mozilla/5.0 (Windows NT 10.0; Win64; x64) AppleWebKit/537.36 (KHTML, like Gecko) Chrome/51.0.2704.79 Safari/537.36 Edge/14.14393"
88.117.208.86 - - [04/Aug/2017:08:03:59 +0200] "GET /img/yellow-dots-vertical.png HTTP/1.1" 200 981 "http://www.easydrivers.at/" "Mozilla/5.0 (Windows NT 10.0; Win64; x64) AppleWebKit/537.36 (KHTML, like Gecko) Chrome/51.0.2704.79 Safari/537.36 Edge/14.14393"
88.117.208.86 - - [04/Aug/2017:08:03:59 +0200] "GET /img/black-dots-vertical.png HTTP/1.1" 200 1165 "http://www.easydrivers.at/" "Mozilla/5.0 (Windows NT 10.0; Win64; x64) AppleWebKit/537.36 (KHTML, like Gecko) Chrome/51.0.2704.79 Safari/537.36 Edge/14.14393"
88.117.208.86 - - [04/Aug/2017:08:03:59 +0200] "GET /img/bg-footer.jpg HTTP/1.1" 200 31770 "http://www.easydrivers.at/" "Mozilla/5.0 (Windows NT 10.0; Win64; x64) AppleWebKit/537.36 (KHTML, like Gecko) Chrome/51.0.2704.79 Safari/537.36 Edge/14.14393"
88.117.208.86 - - [04/Aug/2017:08:03:59 +0200] "GET /img/selection-box-button.png HTTP/1.1" 200 1079 "http://www.easydrivers.at/" "Mozilla/5.0 (Windows NT 10.0; Win64; x64) AppleWebKit/537.36 (KHTML, like Gecko) Chrome/51.0.2704.79 Safari/537.36 Edge/14.14393"
88.117.208.86 - - [04/Aug/2017:08:03:59 +0200] "GET /img/bg-top-section.jpg HTTP/1.1" 200 82172 "http://www.easydrivers.at/" "Mozilla/5.0 (Windows NT 10.0; Win64; x64) AppleWebKit/537.36 (KHTML, like Gecko) Chrome/51.0.2704.79 Safari/537.36 Edge/14.14393"
178.154.171.84 - - [04/Aug/2017:08:04:05 +0200] "GET /hollabrunn/oktoberkurs?FS=BE96 HTTP/1.1" 404 3457 "-" "Mozilla/5.0 (compatible; YandexBot/3.0; +http://yandex.com/bots)"
5.45.207.60 - - [04/Aug/2017:08:04:08 +0200] "GET /brigittenau/10242580?FS=B-L17 HTTP/1.1" 410 3422 "-" "Mozilla/5.0 (compatible; YandexBot/3.0; +http://yandex.com/bots)"
194.153.217.248 - - [04/Aug/2017:08:04:13 +0200] "GET /moedling?gclid=EAIaIQobChMIy8iPoPS81QIViLvtCh0pnAdoEAAYASAAEgK1tvD_BwE HTTP/1.1" 200 3745 "-" "Mozilla/5.0 (Windows NT 6.1; WOW64; Trident/7.0; rv:11.0) like Gecko"
194.153.217.248 - - [04/Aug/2017:08:04:16 +0200] "GET /img/close-button.png HTTP/1.1" 200 2237 "http://www.easydrivers.at/moedling?gclid=EAIaIQobChMIy8iPoPS81QIViLvtCh0pnAdoEAAYASAAEgK1tvD_BwE" "Mozilla/5.0 (Windows NT 6.1; WOW64; Trident/7.0; rv:11.0) like Gecko"
194.153.217.248 - - [04/Aug/2017:08:04:16 +0200] "GET /img/facebook-icon.png HTTP/1.1" 200 1506 "http://www.easydrivers.at/moedling?gclid=EAIaIQobChMIy8iPoPS81QIViLvtCh0pnAdoEAAYASAAEgK1tvD_BwE" "Mozilla/5.0 (Windows NT 6.1; WOW64; Trident/7.0; rv:11.0) like Gecko"
194.153.217.248 - - [04/Aug/2017:08:04:16 +0200] "GET /img/locator-icon.png HTTP/1.1" 200 1377 "http://www.easydrivers.at/moedling?gclid=EAIaIQobChMIy8iPoPS81QIViLvtCh0pnAdoEAAYASAAEgK1tvD_BwE" "Mozilla/5.0 (Windows NT 6.1; WOW64; Trident/7.0; rv:11.0) like Gecko"
194.153.217.248 - - [04/Aug/2017:08:04:16 +0200] "GET /img/info-button.png HTTP/1.1" 200 738 "http://www.easydrivers.at/moedling?gclid=EAIaIQobChMIy8iPoPS81QIViLvtCh0pnAdoEAAYASAAEgK1tvD_BwE" "Mozilla/5.0 (Windows NT 6.1; WOW64; Trident/7.0; rv:11.0) like Gecko"
194.153.217.248 - - [04/Aug/2017:08:04:16 +0200] "GET /img/close-button-small.png HTTP/1.1" 200 1671 "http://www.easydrivers.at/moedling?gclid=EAIaIQobChMIy8iPoPS81QIViLvtCh0pnAdoEAAYASAAEgK1tvD_BwE" "Mozilla/5.0 (Windows NT 6.1; WOW64; Trident/7.0; rv:11.0) like Gecko"
194.153.217.248 - - [04/Aug/2017:08:04:16 +0200] "GET /img/submit-button.png HTTP/1.1" 200 1958 "http://www.easydrivers.at/moedling?gclid=EAIaIQobChMIy8iPoPS81QIViLvtCh0pnAdoEAAYASAAEgK1tvD_BwE" "Mozilla/5.0 (Windows NT 6.1; WOW64; Trident/7.0; rv:11.0) like Gecko"
194.153.217.248 - - [04/Aug/2017:08:04:16 +0200] "GET /cache/emu/images/easy-drivers-portal10244068/jetztanmeldenjpg_160_90_0.jpg HTTP/1.1" 200 4162 "http://www.easydrivers.at/moedling?gclid=EAIaIQobChMIy8iPoPS81QIViLvtCh0pnAdoEAAYASAAEgK1tvD_BwE" "Mozilla/5.0 (Windows NT 6.1; WOW64; Trident/7.0; rv:11.0) like Gecko"
194.153.217.248 - - [04/Aug/2017:08:04:16 +0200] "GET /cache/emu/images/easy-drivers-portal10244080/fuehrerscheinbjpg_160_90_0.jpg HTTP/1.1" 200 4032 "http://www.easydrivers.at/moedling?gclid=EAIaIQobChMIy8iPoPS81QIViLvtCh0pnAdoEAAYASAAEgK1tvD_BwE" "Mozilla/5.0 (Windows NT 6.1; WOW64; Trident/7.0; rv:11.0) like Gecko"
194.153.217.248 - - [04/Aug/2017:08:04:16 +0200] "GET /img/empty.gif HTTP/1.1" 200 43 "http://www.easydrivers.at/moedling?gclid=EAIaIQobChMIy8iPoPS81QIViLvtCh0pnAdoEAAYASAAEgK1tvD_BwE" "Mozilla/5.0 (Windows NT 6.1; WOW64; Trident/7.0; rv:11.0) like Gecko"
194.153.217.248 - - [04/Aug/2017:08:04:16 +0200] "GET /cache/emu/images/easy-drivers-portal10244079/fuehrerscheinajpg_160_90_0.jpg HTTP/1.1" 200 3719 "http://www.easydrivers.at/moedling?gclid=EAIaIQobChMIy8iPoPS81QIViLvtCh0pnAdoEAAYASAAEgK1tvD_BwE" "Mozilla/5.0 (Windows NT 6.1; WOW64; Trident/7.0; rv:11.0) like Gecko"
194.153.217.248 - - [04/Aug/2017:08:04:16 +0200] "GET /img/schweiz-icon.png HTTP/1.1" 200 1504 "http://www.easydrivers.at/moedling?gclid=EAIaIQobChMIy8iPoPS81QIViLvtCh0pnAdoEAAYASAAEgK1tvD_BwE" "Mozilla/5.0 (Windows NT 6.1; WOW64; Trident/7.0; rv:11.0) like Gecko"
194.153.217.248 - - [04/Aug/2017:08:04:16 +0200] "GET /img/kursicon-print-pink.png HTTP/1.1" 200 1125 "http://www.easydrivers.at/moedling?gclid=EAIaIQobChMIy8iPoPS81QIViLvtCh0pnAdoEAAYASAAEgK1tvD_BwE" "Mozilla/5.0 (Windows NT 6.1; WOW64; Trident/7.0; rv:11.0) like Gecko"
194.153.217.248 - - [04/Aug/2017:08:04:16 +0200] "GET /img/kursicon-phone-pink.png HTTP/1.1" 200 1286 "http://www.easydrivers.at/moedling?gclid=EAIaIQobChMIy8iPoPS81QIViLvtCh0pnAdoEAAYASAAEgK1tvD_BwE" "Mozilla/5.0 (Windows NT 6.1; WOW64; Trident/7.0; rv:11.0) like Gecko"
194.153.217.248 - - [04/Aug/2017:08:04:16 +0200] "GET /img/kursicon-download-pink.png HTTP/1.1" 200 1213 "http://www.easydrivers.at/moedling?gclid=EAIaIQobChMIy8iPoPS81QIViLvtCh0pnAdoEAAYASAAEgK1tvD_BwE" "Mozilla/5.0 (Windows NT 6.1; WOW64; Trident/7.0; rv:11.0) like Gecko"
194.153.217.248 - - [04/Aug/2017:08:04:16 +0200] "GET /img/kursicon-share-pink.png HTTP/1.1" 200 1277 "http://www.easydrivers.at/moedling?gclid=EAIaIQobChMIy8iPoPS81QIViLvtCh0pnAdoEAAYASAAEgK1tvD_BwE" "Mozilla/5.0 (Windows NT 6.1; WOW64; Trident/7.0; rv:11.0) like Gecko"
194.153.217.248 - - [04/Aug/2017:08:04:16 +0200] "GET /img/purple-dots-horizontal.png HTTP/1.1" 200 977 "http://www.easydrivers.at/moedling?gclid=EAIaIQobChMIy8iPoPS81QIViLvtCh0pnAdoEAAYASAAEgK1tvD_BwE" "Mozilla/5.0 (Windows NT 6.1; WOW64; Trident/7.0; rv:11.0) like Gecko"
194.153.217.248 - - [04/Aug/2017:08:04:16 +0200] "GET /img/ED_Logo.png HTTP/1.1" 200 3385 "http://www.easydrivers.at/moedling?gclid=EAIaIQobChMIy8iPoPS81QIViLvtCh0pnAdoEAAYASAAEgK1tvD_BwE" "Mozilla/5.0 (Windows NT 6.1; WOW64; Trident/7.0; rv:11.0) like Gecko"
