194.107.148.4 - - [04/Aug/2017:08:51:58 +0200] "GET /schwechat/kursauswahl HTTP/1.1" 200 4791 "http://www.easydrivers.at/schwechat/10280392?FS=A1L17" "Mozilla/5.0 (Windows NT 6.1; Trident/7.0; rv:11.0) like Gecko"
194.107.148.4 - - [04/Aug/2017:08:52:01 +0200] "POST /loadkursliste HTTP/1.1" 200 890 "http://www.easydrivers.at/schwechat/kursauswahl" "Mozilla/5.0 (Windows NT 6.1; Trident/7.0; rv:11.0) like Gecko"
216.244.66.249 - - [04/Aug/2017:08:53:03 +0200] "GET /robots.txt HTTP/1.1" 200 178 "-" "Mozilla/5.0 (compatible; DotBot/1.1; http://www.opensiteexplorer.org/dotbot, help@moz.com)"
195.8.212.30 - - [04/Aug/2017:08:53:07 +0200] "GET / HTTP/1.1" 200 4410 "http://www.google.at/url?sa=t&rct=j&q=&esrc=s&source=web&cd=1&ved=0ahUKEwjRnLaX_7zVAhUDHxoKHToGDHgQFggtMAA&url=http%3A%2F%2Fwww.easydrivers.at%2F&usg=AFQjCNE_iL6XJJtFF7fWfQkUoVbc7TZvBQ" "Mozilla/5.0 (Windows NT 6.1; WOW64; Trident/7.0; rv:11.0) like Gecko"
195.8.212.30 - - [04/Aug/2017:08:53:09 +0200] "GET /css/style.css HTTP/1.1" 304 - "http://www.easydrivers.at/" "Mozilla/5.0 (Windows NT 6.1; WOW64; Trident/7.0; rv:11.0) like Gecko"
195.8.212.30 - - [04/Aug/2017:08:53:09 +0200] "GET /css/print.css HTTP/1.1" 304 - "http://www.easydrivers.at/" "Mozilla/5.0 (Windows NT 6.1; WOW64; Trident/7.0; rv:11.0) like Gecko"
195.8.212.30 - - [04/Aug/2017:08:53:09 +0200] "GET /javascript/jquery.customSelect.min.js HTTP/1.1" 304 - "http://www.easydrivers.at/" "Mozilla/5.0 (Windows NT 6.1; WOW64; Trident/7.0; rv:11.0) like Gecko"
195.8.212.30 - - [04/Aug/2017:08:53:09 +0200] "GET /javascript/jquery.simplemodal.js HTTP/1.1" 304 - "http://www.easydrivers.at/" "Mozilla/5.0 (Windows NT 6.1; WOW64; Trident/7.0; rv:11.0) like Gecko"
195.8.212.30 - - [04/Aug/2017:08:53:09 +0200] "GET /javascript/jquery.cookie.js HTTP/1.1" 304 - "http://www.easydrivers.at/" "Mozilla/5.0 (Windows NT 6.1; WOW64; Trident/7.0; rv:11.0) like Gecko"
195.8.212.30 - - [04/Aug/2017:08:53:09 +0200] "GET /javascript/lazyload.js HTTP/1.1" 304 - "http://www.easydrivers.at/" "Mozilla/5.0 (Windows NT 6.1; WOW64; Trident/7.0; rv:11.0) like Gecko"
195.8.212.30 - - [04/Aug/2017:08:53:09 +0200] "GET /javascript/portal.js?1221842734 HTTP/1.1" 200 3529 "http://www.easydrivers.at/" "Mozilla/5.0 (Windows NT 6.1; WOW64; Trident/7.0; rv:11.0) like Gecko"
195.8.212.30 - - [04/Aug/2017:08:53:09 +0200] "GET /img/close-button.png HTTP/1.1" 304 - "http://www.easydrivers.at/" "Mozilla/5.0 (Windows NT 6.1; WOW64; Trident/7.0; rv:11.0) like Gecko"
195.8.212.30 - - [04/Aug/2017:08:53:09 +0200] "GET /img/facebook-icon.png HTTP/1.1" 304 - "http://www.easydrivers.at/" "Mozilla/5.0 (Windows NT 6.1; WOW64; Trident/7.0; rv:11.0) like Gecko"
195.8.212.30 - - [04/Aug/2017:08:53:09 +0200] "GET /javascript/homesearch.js HTTP/1.1" 304 - "http://www.easydrivers.at/" "Mozilla/5.0 (Windows NT 6.1; WOW64; Trident/7.0; rv:11.0) like Gecko"
195.8.212.30 - - [04/Aug/2017:08:53:09 +0200] "GET /binaries/easy-drivers-portal/widget-icon-expertspng.png HTTP/1.1" 304 - "http://www.easydrivers.at/" "Mozilla/5.0 (Windows NT 6.1; WOW64; Trident/7.0; rv:11.0) like Gecko"
195.8.212.30 - - [04/Aug/2017:08:53:09 +0200] "GET /binaries/easy-drivers-portal/widget-icon-apppng.png HTTP/1.1" 304 - "http://www.easydrivers.at/" "Mozilla/5.0 (Windows NT 6.1; WOW64; Trident/7.0; rv:11.0) like Gecko"
195.8.212.30 - - [04/Aug/2017:08:53:09 +0200] "GET /img/empty.gif HTTP/1.1" 304 - "http://www.easydrivers.at/" "Mozilla/5.0 (Windows NT 6.1; WOW64; Trident/7.0; rv:11.0) like Gecko"
195.8.212.30 - - [04/Aug/2017:08:53:09 +0200] "GET /img/submit-button.png HTTP/1.1" 304 - "http://www.easydrivers.at/" "Mozilla/5.0 (Windows NT 6.1; WOW64; Trident/7.0; rv:11.0) like Gecko"
195.8.212.30 - - [04/Aug/2017:08:53:09 +0200] "GET /binaries/easy-drivers-portal/widget-icon-trainingpng.png HTTP/1.1" 304 - "http://www.easydrivers.at/" "Mozilla/5.0 (Windows NT 6.1; WOW64; Trident/7.0; rv:11.0) like Gecko"
195.8.212.30 - - [04/Aug/2017:08:53:09 +0200] "GET /img/schweiz-icon.png HTTP/1.1" 304 - "http://www.easydrivers.at/" "Mozilla/5.0 (Windows NT 6.1; WOW64; Trident/7.0; rv:11.0) like Gecko"
195.8.212.30 - - [04/Aug/2017:08:53:09 +0200] "GET /binaries/easy-drivers-portal/edradfahrschullogowidget160x90pxpng.png HTTP/1.1" 304 - "http://www.easydrivers.at/" "Mozilla/5.0 (Windows NT 6.1; WOW64; Trident/7.0; rv:11.0) like Gecko"
195.8.212.30 - - [04/Aug/2017:08:53:09 +0200] "GET /img/bg-header.jpg HTTP/1.1" 304 - "http://www.easydrivers.at/" "Mozilla/5.0 (Windows NT 6.1; WOW64; Trident/7.0; rv:11.0) like Gecko"
195.8.212.30 - - [04/Aug/2017:08:53:09 +0200] "GET /img/bg-top-section.jpg HTTP/1.1" 304 - "http://www.easydrivers.at/" "Mozilla/5.0 (Windows NT 6.1; WOW64; Trident/7.0; rv:11.0) like Gecko"
195.8.212.30 - - [04/Aug/2017:08:53:09 +0200] "GET /img/kursicon-print-pink.png HTTP/1.1" 304 - "http://www.easydrivers.at/" "Mozilla/5.0 (Windows NT 6.1; WOW64; Trident/7.0; rv:11.0) like Gecko"
195.8.212.30 - - [04/Aug/2017:08:53:09 +0200] "GET /img/kursicon-phone-pink.png HTTP/1.1" 304 - "http://www.easydrivers.at/" "Mozilla/5.0 (Windows NT 6.1; WOW64; Trident/7.0; rv:11.0) like Gecko"
195.8.212.30 - - [04/Aug/2017:08:53:09 +0200] "GET /img/purple-dots-horizontal.png HTTP/1.1" 304 - "http://www.easydrivers.at/" "Mozilla/5.0 (Windows NT 6.1; WOW64; Trident/7.0; rv:11.0) like Gecko"
195.8.212.30 - - [04/Aug/2017:08:53:09 +0200] "GET /img/yellow-dots-vertical.png HTTP/1.1" 304 - "http://www.easydrivers.at/" "Mozilla/5.0 (Windows NT 6.1; WOW64; Trident/7.0; rv:11.0) like Gecko"
195.8.212.30 - - [04/Aug/2017:08:53:09 +0200] "GET /img/bg-footer.jpg HTTP/1.1" 304 - "http://www.easydrivers.at/" "Mozilla/5.0 (Windows NT 6.1; WOW64; Trident/7.0; rv:11.0) like Gecko"
195.8.212.30 - - [04/Aug/2017:08:53:09 +0200] "GET /img/kursicon-share-pink.png HTTP/1.1" 304 - "http://www.easydrivers.at/" "Mozilla/5.0 (Windows NT 6.1; WOW64; Trident/7.0; rv:11.0) like Gecko"
195.8.212.30 - - [04/Aug/2017:08:53:09 +0200] "GET /img/black-dots-vertical.png HTTP/1.1" 304 - "http://www.easydrivers.at/" "Mozilla/5.0 (Windows NT 6.1; WOW64; Trident/7.0; rv:11.0) like Gecko"
195.8.212.30 - - [04/Aug/2017:08:53:09 +0200] "GET /img/kursicon-download-pink.png HTTP/1.1" 304 - "http://www.easydrivers.at/" "Mozilla/5.0 (Windows NT 6.1; WOW64; Trident/7.0; rv:11.0) like Gecko"
195.8.212.30 - - [04/Aug/2017:08:53:09 +0200] "GET /img/selection-box-button.png HTTP/1.1" 304 - "http://www.easydrivers.at/" "Mozilla/5.0 (Windows NT 6.1; WOW64; Trident/7.0; rv:11.0) like Gecko"
195.8.212.30 - - [04/Aug/2017:08:53:09 +0200] "GET /img/ED_Logo.png HTTP/1.1" 304 - "http://www.easydrivers.at/" "Mozilla/5.0 (Windows NT 6.1; WOW64; Trident/7.0; rv:11.0) like Gecko"
195.8.212.30 - - [04/Aug/2017:08:53:10 +0200] "GET /img/new_favicon.ico HTTP/1.1" 304 - "-" "Mozilla/5.0 (Windows NT 6.1; Win64; x64; Trident/7.0; rv:11.0) like Gecko"
212.95.7.29 - - [04/Aug/2017:08:53:23 +0200] "GET /innsbruck HTTP/1.1" 200 2847 "https://www.google.it/" "Mozilla/5.0 (Linux; Android 7.0; EVA-L09 Build/HUAWEIEVA-L09) AppleWebKit/537.36 (KHTML, like Gecko) Chrome/59.0.3071.125 Mobile Safari/537.36"
212.95.7.29 - - [04/Aug/2017:08:53:26 +0200] "GET /css/mobile.css HTTP/1.1" 200 2852 "http://www.easydrivers.at/innsbruck" "Mozilla/5.0 (Linux; Android 7.0; EVA-L09 Build/HUAWEIEVA-L09) AppleWebKit/537.36 (KHTML, like Gecko) Chrome/59.0.3071.125 Mobile Safari/537.36"
212.95.7.29 - - [04/Aug/2017:08:53:26 +0200] "GET /javascript/jquery.cookie.js HTTP/1.1" 200 863 "http://www.easydrivers.at/innsbruck" "Mozilla/5.0 (Linux; Android 7.0; EVA-L09 Build/HUAWEIEVA-L09) AppleWebKit/537.36 (KHTML, like Gecko) Chrome/59.0.3071.125 Mobile Safari/537.36"
212.95.7.29 - - [04/Aug/2017:08:53:26 +0200] "GET /javascript/mobile-menu.js HTTP/1.1" 200 1634 "http://www.easydrivers.at/innsbruck" "Mozilla/5.0 (Linux; Android 7.0; EVA-L09 Build/HUAWEIEVA-L09) AppleWebKit/537.36 (KHTML, like Gecko) Chrome/59.0.3071.125 Mobile Safari/537.36"
212.95.7.29 - - [04/Aug/2017:08:53:26 +0200] "GET /javascript/jquery.simplemodal.js HTTP/1.1" 200 3070 "http://www.easydrivers.at/innsbruck" "Mozilla/5.0 (Linux; Android 7.0; EVA-L09 Build/HUAWEIEVA-L09) AppleWebKit/537.36 (KHTML, like Gecko) Chrome/59.0.3071.125 Mobile Safari/537.36"
212.95.7.29 - - [04/Aug/2017:08:53:26 +0200] "GET /javascript/jquery-1.9.1.min.js HTTP/1.1" 200 32731 "http://www.easydrivers.at/innsbruck" "Mozilla/5.0 (Linux; Android 7.0; EVA-L09 Build/HUAWEIEVA-L09) AppleWebKit/537.36 (KHTML, like Gecko) Chrome/59.0.3071.125 Mobile Safari/537.36"
212.95.7.29 - - [04/Aug/2017:08:53:26 +0200] "GET /javascript/mobile-fahrschule.js HTTP/1.1" 200 328 "http://www.easydrivers.at/innsbruck" "Mozilla/5.0 (Linux; Android 7.0; EVA-L09 Build/HUAWEIEVA-L09) AppleWebKit/537.36 (KHTML, like Gecko) Chrome/59.0.3071.125 Mobile Safari/537.36"
212.95.7.29 - - [04/Aug/2017:08:53:26 +0200] "GET /javascript/lazyload.js HTTP/1.1" 200 1170 "http://www.easydrivers.at/innsbruck" "Mozilla/5.0 (Linux; Android 7.0; EVA-L09 Build/HUAWEIEVA-L09) AppleWebKit/537.36 (KHTML, like Gecko) Chrome/59.0.3071.125 Mobile Safari/537.36"
212.95.7.29 - - [04/Aug/2017:08:53:26 +0200] "GET /img/mobile/easydrivers-logo-mobile.png HTTP/1.1" 200 10766 "http://www.easydrivers.at/innsbruck" "Mozilla/5.0 (Linux; Android 7.0; EVA-L09 Build/HUAWEIEVA-L09) AppleWebKit/537.36 (KHTML, like Gecko) Chrome/59.0.3071.125 Mobile Safari/537.36"
212.95.7.29 - - [04/Aug/2017:08:53:26 +0200] "GET /img/mobile/close-button.png HTTP/1.1" 200 2411 "http://www.easydrivers.at/innsbruck" "Mozilla/5.0 (Linux; Android 7.0; EVA-L09 Build/HUAWEIEVA-L09) AppleWebKit/537.36 (KHTML, like Gecko) Chrome/59.0.3071.125 Mobile Safari/537.36"
212.95.7.29 - - [04/Aug/2017:08:53:26 +0200] "GET /img/mobile/info-button.png HTTP/1.1" 200 1549 "http://www.easydrivers.at/innsbruck" "Mozilla/5.0 (Linux; Android 7.0; EVA-L09 Build/HUAWEIEVA-L09) AppleWebKit/537.36 (KHTML, like Gecko) Chrome/59.0.3071.125 Mobile Safari/537.36"
212.95.7.29 - - [04/Aug/2017:08:53:26 +0200] "GET /img/mobile/facebook-icon.png HTTP/1.1" 200 1902 "http://www.easydrivers.at/innsbruck" "Mozilla/5.0 (Linux; Android 7.0; EVA-L09 Build/HUAWEIEVA-L09) AppleWebKit/537.36 (KHTML, like Gecko) Chrome/59.0.3071.125 Mobile Safari/537.36"
212.95.7.29 - - [04/Aug/2017:08:53:26 +0200] "GET /img/mobile/menu-button.png HTTP/1.1" 200 1746 "http://www.easydrivers.at/innsbruck" "Mozilla/5.0 (Linux; Android 7.0; EVA-L09 Build/HUAWEIEVA-L09) AppleWebKit/537.36 (KHTML, like Gecko) Chrome/59.0.3071.125 Mobile Safari/537.36"
212.95.7.29 - - [04/Aug/2017:08:53:26 +0200] "GET /img/mobile/bg-top-section.jpg HTTP/1.1" 200 21711 "http://www.easydrivers.at/css/mobile.css" "Mozilla/5.0 (Linux; Android 7.0; EVA-L09 Build/HUAWEIEVA-L09) AppleWebKit/537.36 (KHTML, like Gecko) Chrome/59.0.3071.125 Mobile Safari/537.36"
212.95.7.29 - - [04/Aug/2017:08:53:26 +0200] "GET /img/mobile/info-close-button.png HTTP/1.1" 200 1721 "http://www.easydrivers.at/innsbruck" "Mozilla/5.0 (Linux; Android 7.0; EVA-L09 Build/HUAWEIEVA-L09) AppleWebKit/537.36 (KHTML, like Gecko) Chrome/59.0.3071.125 Mobile Safari/537.36"
212.95.7.29 - - [04/Aug/2017:08:53:26 +0200] "GET /img/mobile/widget-icon-app.png HTTP/1.1" 200 3458 "http://www.easydrivers.at/innsbruck" "Mozilla/5.0 (Linux; Android 7.0; EVA-L09 Build/HUAWEIEVA-L09) AppleWebKit/537.36 (KHTML, like Gecko) Chrome/59.0.3071.125 Mobile Safari/537.36"
212.95.7.29 - - [04/Aug/2017:08:53:26 +0200] "GET /img/mobile/pfeil-rechts.png HTTP/1.1" 200 1228 "http://www.easydrivers.at/css/mobile.css" "Mozilla/5.0 (Linux; Android 7.0; EVA-L09 Build/HUAWEIEVA-L09) AppleWebKit/537.36 (KHTML, like Gecko) Chrome/59.0.3071.125 Mobile Safari/537.36"
212.95.7.29 - - [04/Aug/2017:08:53:26 +0200] "GET /img/mobile/bg-header.jpg HTTP/1.1" 200 19741 "http://www.easydrivers.at/css/mobile.css" "Mozilla/5.0 (Linux; Android 7.0; EVA-L09 Build/HUAWEIEVA-L09) AppleWebKit/537.36 (KHTML, like Gecko) Chrome/59.0.3071.125 Mobile Safari/537.36"
212.95.7.29 - - [04/Aug/2017:08:53:26 +0200] "GET /img/smallicon-person.png HTTP/1.1" 200 1141 "http://www.easydrivers.at/innsbruck" "Mozilla/5.0 (Linux; Android 7.0; EVA-L09 Build/HUAWEIEVA-L09) AppleWebKit/537.36 (KHTML, like Gecko) Chrome/59.0.3071.125 Mobile Safari/537.36"
212.95.7.29 - - [04/Aug/2017:08:53:26 +0200] "GET /img/smallicon-address.png HTTP/1.1" 200 1211 "http://www.easydrivers.at/innsbruck" "Mozilla/5.0 (Linux; Android 7.0; EVA-L09 Build/HUAWEIEVA-L09) AppleWebKit/537.36 (KHTML, like Gecko) Chrome/59.0.3071.125 Mobile Safari/537.36"
212.95.7.29 - - [04/Aug/2017:08:53:26 +0200] "GET /img/mobile/googlemaps-pin.png HTTP/1.1" 200 1597 "http://www.easydrivers.at/innsbruck" "Mozilla/5.0 (Linux; Android 7.0; EVA-L09 Build/HUAWEIEVA-L09) AppleWebKit/537.36 (KHTML, like Gecko) Chrome/59.0.3071.125 Mobile Safari/537.36"
212.95.7.29 - - [04/Aug/2017:08:53:26 +0200] "GET /img/smallicon-time.png HTTP/1.1" 200 1262 "http://www.easydrivers.at/innsbruck" "Mozilla/5.0 (Linux; Android 7.0; EVA-L09 Build/HUAWEIEVA-L09) AppleWebKit/537.36 (KHTML, like Gecko) Chrome/59.0.3071.125 Mobile Safari/537.36"
212.95.7.29 - - [04/Aug/2017:08:53:26 +0200] "GET /img/smallicon-phone.png HTTP/1.1" 200 3056 "http://www.easydrivers.at/innsbruck" "Mozilla/5.0 (Linux; Android 7.0; EVA-L09 Build/HUAWEIEVA-L09) AppleWebKit/537.36 (KHTML, like Gecko) Chrome/59.0.3071.125 Mobile Safari/537.36"
212.95.7.29 - - [04/Aug/2017:08:53:26 +0200] "GET /img/smallicon-mail.png HTTP/1.1" 200 1341 "http://www.easydrivers.at/innsbruck" "Mozilla/5.0 (Linux; Android 7.0; EVA-L09 Build/HUAWEIEVA-L09) AppleWebKit/537.36 (KHTML, like Gecko) Chrome/59.0.3071.125 Mobile Safari/537.36"
212.95.7.29 - - [04/Aug/2017:08:53:26 +0200] "GET /img/mobile/bg-menu.jpg HTTP/1.1" 200 1698 "http://www.easydrivers.at/css/mobile.css" "Mozilla/5.0 (Linux; Android 7.0; EVA-L09 Build/HUAWEIEVA-L09) AppleWebKit/537.36 (KHTML, like Gecko) Chrome/59.0.3071.125 Mobile Safari/537.36"
212.95.7.29 - - [04/Aug/2017:08:53:27 +0200] "GET /img/favicon.ico HTTP/1.1" 404 300 "http://www.easydrivers.at/innsbruck" "Mozilla/5.0 (Linux; Android 7.0; EVA-L09 Build/HUAWEIEVA-L09) AppleWebKit/537.36 (KHTML, like Gecko) Chrome/59.0.3071.125 Mobile Safari/537.36"
212.95.7.29 - - [04/Aug/2017:08:53:36 +0200] "GET /fuehrerscheine/mofa HTTP/1.1" 200 2991 "http://www.easydrivers.at/innsbruck" "Mozilla/5.0 (Linux; Android 7.0; EVA-L09 Build/HUAWEIEVA-L09) AppleWebKit/537.36 (KHTML, like Gecko) Chrome/59.0.3071.125 Mobile Safari/537.36"
212.95.7.29 - - [04/Aug/2017:08:53:38 +0200] "GET /javascript/mobile-license.js HTTP/1.1" 200 216 "http://www.easydrivers.at/fuehrerscheine/mofa" "Mozilla/5.0 (Linux; Android 7.0; EVA-L09 Build/HUAWEIEVA-L09) AppleWebKit/537.36 (KHTML, like Gecko) Chrome/59.0.3071.125 Mobile Safari/537.36"
212.95.7.29 - - [04/Aug/2017:08:53:38 +0200] "GET /img/mobile/bg-yellow.jpg HTTP/1.1" 200 1569 "http://www.easydrivers.at/css/mobile.css" "Mozilla/5.0 (Linux; Android 7.0; EVA-L09 Build/HUAWEIEVA-L09) AppleWebKit/537.36 (KHTML, like Gecko) Chrome/59.0.3071.125 Mobile Safari/537.36"
212.95.7.29 - - [04/Aug/2017:08:53:38 +0200] "GET /img/mobile/weiter-button.png HTTP/1.1" 200 1670 "http://www.easydrivers.at/css/mobile.css" "Mozilla/5.0 (Linux; Android 7.0; EVA-L09 Build/HUAWEIEVA-L09) AppleWebKit/537.36 (KHTML, like Gecko) Chrome/59.0.3071.125 Mobile Safari/537.36"
212.95.7.29 - - [04/Aug/2017:08:53:45 +0200] "GET /img/mobile/pfeil-links-small.png HTTP/1.1" 200 1065 "http://www.easydrivers.at/css/mobile.css" "Mozilla/5.0 (Linux; Android 7.0; EVA-L09 Build/HUAWEIEVA-L09) AppleWebKit/537.36 (KHTML, like Gecko) Chrome/59.0.3071.125 Mobile Safari/537.36"
212.95.7.29 - - [04/Aug/2017:08:53:45 +0200] "GET /img/mobile/pfeil-rechts-small.png HTTP/1.1" 200 1056 "http://www.easydrivers.at/css/mobile.css" "Mozilla/5.0 (Linux; Android 7.0; EVA-L09 Build/HUAWEIEVA-L09) AppleWebKit/537.36 (KHTML, like Gecko) Chrome/59.0.3071.125 Mobile Safari/537.36"
37.9.113.102 - - [04/Aug/2017:08:53:49 +0200] "GET /berndorf/Intensivkurs_8_Einheiten_Maerz_2017?FS=BPlus HTTP/1.1" 410 3490 "-" "Mozilla/5.0 (compatible; YandexBot/3.0; +http://yandex.com/bots)"
66.249.70.10 - - [04/Aug/2017:08:53:49 +0200] "GET /klagenfurt/10248801 HTTP/1.1" 200 2997 "-" "Mozilla/5.0 (compatible; Googlebot/2.1; +http://www.google.com/bot.html)"
188.22.115.185 - - [04/Aug/2017:08:54:15 +0200] "GET /amstetten HTTP/1.1" 200 3655 "https://www.google.at/" "Mozilla/5.0 (Windows NT 10.0; Win64; x64) AppleWebKit/537.36 (KHTML, like Gecko) Chrome/59.0.3071.115 Safari/537.36"
212.95.7.29 - - [04/Aug/2017:08:54:26 +0200] "GET /ueberuns HTTP/1.1" 200 3286 "http://www.easydrivers.at/fuehrerscheine/mofa" "Mozilla/5.0 (Linux; Android 7.0; EVA-L09 Build/HUAWEIEVA-L09) AppleWebKit/537.36 (KHTML, like Gecko) Chrome/59.0.3071.125 Mobile Safari/537.36"
212.95.7.29 - - [04/Aug/2017:08:54:28 +0200] "GET /binaries/easy-drivers-portal/edwebhistoryillu392x3922jpg.jpg HTTP/1.1" 200 32209 "http://www.easydrivers.at/ueberuns" "Mozilla/5.0 (Linux; Android 7.0; EVA-L09 Build/HUAWEIEVA-L09) AppleWebKit/537.36 (KHTML, like Gecko) Chrome/59.0.3071.125 Mobile Safari/537.36"
212.95.7.29 - - [04/Aug/2017:08:54:28 +0200] "GET /binaries/easy-drivers-portal/edwebhistoryillu392x3923jpg.jpg HTTP/1.1" 200 54656 "http://www.easydrivers.at/ueberuns" "Mozilla/5.0 (Linux; Android 7.0; EVA-L09 Build/HUAWEIEVA-L09) AppleWebKit/537.36 (KHTML, like Gecko) Chrome/59.0.3071.125 Mobile Safari/537.36"
212.95.7.29 - - [04/Aug/2017:08:54:28 +0200] "GET /binaries/easy-drivers-portal/edwebhistoryillu392x3924jpg.jpg HTTP/1.1" 200 35765 "http://www.easydrivers.at/ueberuns" "Mozilla/5.0 (Linux; Android 7.0; EVA-L09 Build/HUAWEIEVA-L09) AppleWebKit/537.36 (KHTML, like Gecko) Chrome/59.0.3071.125 Mobile Safari/537.36"
212.95.7.29 - - [04/Aug/2017:08:54:28 +0200] "GET /binaries/easy-drivers-portal/edwebhistoryillu392x392radjpg.jpg HTTP/1.1" 200 124939 "http://www.easydrivers.at/ueberuns" "Mozilla/5.0 (Linux; Android 7.0; EVA-L09 Build/HUAWEIEVA-L09) AppleWebKit/537.36 (KHTML, like Gecko) Chrome/59.0.3071.125 Mobile Safari/537.36"
212.95.7.29 - - [04/Aug/2017:08:54:28 +0200] "GET /binaries/easy-drivers-portal/edwebhistoryillu392x3926jpg.jpg HTTP/1.1" 200 41118 "http://www.easydrivers.at/ueberuns" "Mozilla/5.0 (Linux; Android 7.0; EVA-L09 Build/HUAWEIEVA-L09) AppleWebKit/537.36 (KHTML, like Gecko) Chrome/59.0.3071.125 Mobile Safari/537.36"
212.95.7.29 - - [04/Aug/2017:08:54:28 +0200] "GET /binaries/easy-drivers-portal/edwebhistoryillu392x3925jpg.jpg HTTP/1.1" 200 31708 "http://www.easydrivers.at/ueberuns" "Mozilla/5.0 (Linux; Android 7.0; EVA-L09 Build/HUAWEIEVA-L09) AppleWebKit/537.36 (KHTML, like Gecko) Chrome/59.0.3071.125 Mobile Safari/537.36"
212.95.7.29 - - [04/Aug/2017:08:54:28 +0200] "GET /binaries/easy-drivers-portal/edwebhistoryillu392x3927jpg.jpg HTTP/1.1" 200 71377 "http://www.easydrivers.at/ueberuns" "Mozilla/5.0 (Linux; Android 7.0; EVA-L09 Build/HUAWEIEVA-L09) AppleWebKit/537.36 (KHTML, like Gecko) Chrome/59.0.3071.125 Mobile Safari/537.36"
212.95.7.29 - - [04/Aug/2017:08:54:28 +0200] "GET /binaries/easy-drivers-portal/edwebhistoryillu392x3928jpg.jpg HTTP/1.1" 200 38907 "http://www.easydrivers.at/ueberuns" "Mozilla/5.0 (Linux; Android 7.0; EVA-L09 Build/HUAWEIEVA-L09) AppleWebKit/537.36 (KHTML, like Gecko) Chrome/59.0.3071.125 Mobile Safari/537.36"
178.190.90.2 - - [04/Aug/2017:08:54:26 +0200] "GET /skarabela.gross-enzersdorf/aktionen HTTP/1.1" 200 3003 "https://www.google.at/" "Mozilla/5.0 (Windows NT 6.1; WOW64; rv:54.0) Gecko/20100101 Firefox/54.0"
212.95.7.29 - - [04/Aug/2017:08:54:28 +0200] "GET /binaries/easy-drivers-portal/edwebhistoryillu392x3929jpg.jpg HTTP/1.1" 200 31823 "http://www.easydrivers.at/ueberuns" "Mozilla/5.0 (Linux; Android 7.0; EVA-L09 Build/HUAWEIEVA-L09) AppleWebKit/537.36 (KHTML, like Gecko) Chrome/59.0.3071.125 Mobile Safari/537.36"
212.95.7.29 - - [04/Aug/2017:08:54:28 +0200] "GET /binaries/easy-drivers-portal/edwebhistoryillu392x39211jpg.jpg HTTP/1.1" 200 36282 "http://www.easydrivers.at/ueberuns" "Mozilla/5.0 (Linux; Android 7.0; EVA-L09 Build/HUAWEIEVA-L09) AppleWebKit/537.36 (KHTML, like Gecko) Chrome/59.0.3071.125 Mobile Safari/537.36"
212.95.7.29 - - [04/Aug/2017:08:54:28 +0200] "GET /binaries/easy-drivers-portal/edwebhistoryillu392x39210jpg.jpg HTTP/1.1" 200 19475 "http://www.easydrivers.at/ueberuns" "Mozilla/5.0 (Linux; Android 7.0; EVA-L09 Build/HUAWEIEVA-L09) AppleWebKit/537.36 (KHTML, like Gecko) Chrome/59.0.3071.125 Mobile Safari/537.36"
212.95.7.29 - - [04/Aug/2017:08:54:28 +0200] "GET /binaries/easy-drivers-portal/edwebhistoryillu392x39220kpng.png HTTP/1.1" 200 49333 "http://www.easydrivers.at/ueberuns" "Mozilla/5.0 (Linux; Android 7.0; EVA-L09 Build/HUAWEIEVA-L09) AppleWebKit/537.36 (KHTML, like Gecko) Chrome/59.0.3071.125 Mobile Safari/537.36"
178.190.90.2 - - [04/Aug/2017:08:54:26 +0200] "GET /skarabela.gross-enzersdorf/aktionen HTTP/1.1" 200 3003 "https://www.google.at/" "Mozilla/5.0 (Windows NT 6.1; WOW64; rv:54.0) Gecko/20100101 Firefox/54.0"
178.190.90.2 - - [04/Aug/2017:08:54:28 +0200] "GET /css/style.css HTTP/1.1" 200 5004 "http://www.easydrivers.at/skarabela.gross-enzersdorf/aktionen" "Mozilla/5.0 (Windows NT 6.1; WOW64; rv:54.0) Gecko/20100101 Firefox/54.0"
178.190.90.2 - - [04/Aug/2017:08:54:28 +0200] "GET /css/print.css HTTP/1.1" 200 967 "http://www.easydrivers.at/skarabela.gross-enzersdorf/aktionen" "Mozilla/5.0 (Windows NT 6.1; WOW64; rv:54.0) Gecko/20100101 Firefox/54.0"
178.190.90.2 - - [04/Aug/2017:08:54:28 +0200] "GET /javascript/jquery.customSelect.min.js HTTP/1.1" 200 912 "http://www.easydrivers.at/skarabela.gross-enzersdorf/aktionen" "Mozilla/5.0 (Windows NT 6.1; WOW64; rv:54.0) Gecko/20100101 Firefox/54.0"
178.190.90.2 - - [04/Aug/2017:08:54:28 +0200] "GET /javascript/jquery.simplemodal.js HTTP/1.1" 200 3070 "http://www.easydrivers.at/skarabela.gross-enzersdorf/aktionen" "Mozilla/5.0 (Windows NT 6.1; WOW64; rv:54.0) Gecko/20100101 Firefox/54.0"
178.190.90.2 - - [04/Aug/2017:08:54:28 +0200] "GET /javascript/jquery.cookie.js HTTP/1.1" 200 863 "http://www.easydrivers.at/skarabela.gross-enzersdorf/aktionen" "Mozilla/5.0 (Windows NT 6.1; WOW64; rv:54.0) Gecko/20100101 Firefox/54.0"
178.190.90.2 - - [04/Aug/2017:08:54:28 +0200] "GET /javascript/portal.js?1221842734 HTTP/1.1" 200 3529 "http://www.easydrivers.at/skarabela.gross-enzersdorf/aktionen" "Mozilla/5.0 (Windows NT 6.1; WOW64; rv:54.0) Gecko/20100101 Firefox/54.0"
178.190.90.2 - - [04/Aug/2017:08:54:28 +0200] "GET /javascript/lazyload.js HTTP/1.1" 200 1170 "http://www.easydrivers.at/skarabela.gross-enzersdorf/aktionen" "Mozilla/5.0 (Windows NT 6.1; WOW64; rv:54.0) Gecko/20100101 Firefox/54.0"
178.190.90.2 - - [04/Aug/2017:08:54:28 +0200] "GET /javascript/fahrschule.js HTTP/1.1" 200 462 "http://www.easydrivers.at/skarabela.gross-enzersdorf/aktionen" "Mozilla/5.0 (Windows NT 6.1; WOW64; rv:54.0) Gecko/20100101 Firefox/54.0"
178.190.90.2 - - [04/Aug/2017:08:54:28 +0200] "GET /img/close-button.png HTTP/1.1" 200 2237 "http://www.easydrivers.at/skarabela.gross-enzersdorf/aktionen" "Mozilla/5.0 (Windows NT 6.1; WOW64; rv:54.0) Gecko/20100101 Firefox/54.0"
178.190.90.2 - - [04/Aug/2017:08:54:28 +0200] "GET /img/facebook-icon.png HTTP/1.1" 200 1506 "http://www.easydrivers.at/skarabela.gross-enzersdorf/aktionen" "Mozilla/5.0 (Windows NT 6.1; WOW64; rv:54.0) Gecko/20100101 Firefox/54.0"
178.190.90.2 - - [04/Aug/2017:08:54:28 +0200] "GET /img/info-button.png HTTP/1.1" 200 738 "http://www.easydrivers.at/skarabela.gross-enzersdorf/aktionen" "Mozilla/5.0 (Windows NT 6.1; WOW64; rv:54.0) Gecko/20100101 Firefox/54.0"
178.190.90.2 - - [04/Aug/2017:08:54:28 +0200] "GET /img/locator-icon.png HTTP/1.1" 200 1377 "http://www.easydrivers.at/skarabela.gross-enzersdorf/aktionen" "Mozilla/5.0 (Windows NT 6.1; WOW64; rv:54.0) Gecko/20100101 Firefox/54.0"
178.190.90.2 - - [04/Aug/2017:08:54:28 +0200] "GET /img/close-button-small.png HTTP/1.1" 200 1671 "http://www.easydrivers.at/skarabela.gross-enzersdorf/aktionen" "Mozilla/5.0 (Windows NT 6.1; WOW64; rv:54.0) Gecko/20100101 Firefox/54.0"
178.190.90.2 - - [04/Aug/2017:08:54:28 +0200] "GET /img/schweiz-icon.png HTTP/1.1" 200 1504 "http://www.easydrivers.at/skarabela.gross-enzersdorf/aktionen" "Mozilla/5.0 (Windows NT 6.1; WOW64; rv:54.0) Gecko/20100101 Firefox/54.0"
178.190.90.2 - - [04/Aug/2017:08:54:28 +0200] "GET /binaries/easy-drivers-portal/motorrad6jpg.jpg HTTP/1.1" 200 83216 "http://www.easydrivers.at/skarabela.gross-enzersdorf/aktionen" "Mozilla/5.0 (Windows NT 6.1; WOW64; rv:54.0) Gecko/20100101 Firefox/54.0"
178.190.90.2 - - [04/Aug/2017:08:54:29 +0200] "GET /img/ED_Logo.png HTTP/1.1" 200 3385 "http://www.easydrivers.at/css/style.css" "Mozilla/5.0 (Windows NT 6.1; WOW64; rv:54.0) Gecko/20100101 Firefox/54.0"
178.190.90.2 - - [04/Aug/2017:08:54:29 +0200] "GET /img/new_favicon.ico HTTP/1.1" 200 1150 "-" "Mozilla/5.0 (Windows NT 6.1; WOW64; rv:54.0) Gecko/20100101 Firefox/54.0"
178.190.90.2 - - [04/Aug/2017:08:54:29 +0200] "GET /img/bg-header.jpg HTTP/1.1" 200 38680 "http://www.easydrivers.at/css/style.css" "Mozilla/5.0 (Windows NT 6.1; WOW64; rv:54.0) Gecko/20100101 Firefox/54.0"
178.190.90.2 - - [04/Aug/2017:08:54:29 +0200] "GET /img/purple-dots-horizontal.png HTTP/1.1" 200 977 "http://www.easydrivers.at/css/style.css" "Mozilla/5.0 (Windows NT 6.1; WOW64; rv:54.0) Gecko/20100101 Firefox/54.0"
178.190.90.2 - - [04/Aug/2017:08:54:29 +0200] "GET /img/top-image-overlay.png HTTP/1.1" 200 20650 "http://www.easydrivers.at/css/style.css" "Mozilla/5.0 (Windows NT 6.1; WOW64; rv:54.0) Gecko/20100101 Firefox/54.0"
178.190.90.2 - - [04/Aug/2017:08:54:29 +0200] "GET /img/bg-yellow.jpg HTTP/1.1" 200 2250 "http://www.easydrivers.at/css/style.css" "Mozilla/5.0 (Windows NT 6.1; WOW64; rv:54.0) Gecko/20100101 Firefox/54.0"
178.190.90.2 - - [04/Aug/2017:08:54:29 +0200] "GET /img/bg-top-section.jpg HTTP/1.1" 200 82172 "http://www.easydrivers.at/css/style.css" "Mozilla/5.0 (Windows NT 6.1; WOW64; rv:54.0) Gecko/20100101 Firefox/54.0"
178.190.90.2 - - [04/Aug/2017:08:54:29 +0200] "GET /img/bg-footer.jpg HTTP/1.1" 200 31770 "http://www.easydrivers.at/css/style.css" "Mozilla/5.0 (Windows NT 6.1; WOW64; rv:54.0) Gecko/20100101 Firefox/54.0"
178.190.90.2 - - [04/Aug/2017:08:54:29 +0200] "GET /img/kursicon-print-pink.png HTTP/1.1" 200 1125 "http://www.easydrivers.at/skarabela.gross-enzersdorf/aktionen" "Mozilla/5.0 (Windows NT 6.1; WOW64; rv:54.0) Gecko/20100101 Firefox/54.0"
178.190.90.2 - - [04/Aug/2017:08:54:29 +0200] "GET /img/kursicon-download-pink.png HTTP/1.1" 200 1213 "http://www.easydrivers.at/skarabela.gross-enzersdorf/aktionen" "Mozilla/5.0 (Windows NT 6.1; WOW64; rv:54.0) Gecko/20100101 Firefox/54.0"
178.190.90.2 - - [04/Aug/2017:08:54:29 +0200] "GET /img/kursicon-share-pink.png HTTP/1.1" 200 1277 "http://www.easydrivers.at/skarabela.gross-enzersdorf/aktionen" "Mozilla/5.0 (Windows NT 6.1; WOW64; rv:54.0) Gecko/20100101 Firefox/54.0"
178.190.90.2 - - [04/Aug/2017:08:54:29 +0200] "GET /img/kursicon-phone-pink.png HTTP/1.1" 200 1286 "http://www.easydrivers.at/skarabela.gross-enzersdorf/aktionen" "Mozilla/5.0 (Windows NT 6.1; WOW64; rv:54.0) Gecko/20100101 Firefox/54.0"
37.9.113.126 - - [04/Aug/2017:08:54:35 +0200] "GET /jennersdorf/10284425?FS=AvonA1 HTTP/1.1" 410 3388 "-" "Mozilla/5.0 (compatible; YandexBot/3.0; +http://yandex.com/bots)"
212.95.8.247 - - [04/Aug/2017:08:54:40 +0200] "GET /css/mobile.css HTTP/1.1" 200 2852 "https://www.google.at/search?q=fahrschule+m%C3%B6dling&oq=fahrschule+m%C3%B6&aqs=chrome.1.69i57j0l3.6323j0j4&client=ms-android-samsung&sourceid=chrome-mobile&ie=UTF-8" "Mozilla/5.0 (Linux; Android 6.0.1; SM-J510FN Build/MMB29M) AppleWebKit/537.36 (KHTML, like Gecko) Chrome/59.0.3071.125 Mobile Safari/537.36"
212.95.8.247 - - [04/Aug/2017:08:54:40 +0200] "GET /javascript/jquery-1.9.1.min.js HTTP/1.1" 200 32731 "https://www.google.at/search?q=fahrschule+m%C3%B6dling&oq=fahrschule+m%C3%B6&aqs=chrome.1.69i57j0l3.6323j0j4&client=ms-android-samsung&sourceid=chrome-mobile&ie=UTF-8" "Mozilla/5.0 (Linux; Android 6.0.1; SM-J510FN Build/MMB29M) AppleWebKit/537.36 (KHTML, like Gecko) Chrome/59.0.3071.125 Mobile Safari/537.36"
178.190.90.2 - - [04/Aug/2017:08:54:40 +0200] "GET /fuehrerscheine/auto HTTP/1.1" 200 3366 "http://www.easydrivers.at/skarabela.gross-enzersdorf/aktionen" "Mozilla/5.0 (Windows NT 6.1; WOW64; rv:54.0) Gecko/20100101 Firefox/54.0"
212.95.8.247 - - [04/Aug/2017:08:54:41 +0200] "GET /javascript/jquery.cookie.js HTTP/1.1" 200 863 "https://www.google.at/search?q=fahrschule+m%C3%B6dling&oq=fahrschule+m%C3%B6&aqs=chrome.1.69i57j0l3.6323j0j4&client=ms-android-samsung&sourceid=chrome-mobile&ie=UTF-8" "Mozilla/5.0 (Linux; Android 6.0.1; SM-J510FN Build/MMB29M) AppleWebKit/537.36 (KHTML, like Gecko) Chrome/59.0.3071.125 Mobile Safari/537.36"
212.95.8.247 - - [04/Aug/2017:08:54:41 +0200] "GET /javascript/mobile-menu.js HTTP/1.1" 200 1634 "https://www.google.at/search?q=fahrschule+m%C3%B6dling&oq=fahrschule+m%C3%B6&aqs=chrome.1.69i57j0l3.6323j0j4&client=ms-android-samsung&sourceid=chrome-mobile&ie=UTF-8" "Mozilla/5.0 (Linux; Android 6.0.1; SM-J510FN Build/MMB29M) AppleWebKit/537.36 (KHTML, like Gecko) Chrome/59.0.3071.125 Mobile Safari/537.36"
212.95.8.247 - - [04/Aug/2017:08:54:41 +0200] "GET /javascript/jquery.simplemodal.js HTTP/1.1" 200 3070 "https://www.google.at/search?q=fahrschule+m%C3%B6dling&oq=fahrschule+m%C3%B6&aqs=chrome.1.69i57j0l3.6323j0j4&client=ms-android-samsung&sourceid=chrome-mobile&ie=UTF-8" "Mozilla/5.0 (Linux; Android 6.0.1; SM-J510FN Build/MMB29M) AppleWebKit/537.36 (KHTML, like Gecko) Chrome/59.0.3071.125 Mobile Safari/537.36"
212.95.8.247 - - [04/Aug/2017:08:54:41 +0200] "GET /javascript/mobile-fahrschule.js HTTP/1.1" 200 328 "https://www.google.at/search?q=fahrschule+m%C3%B6dling&oq=fahrschule+m%C3%B6&aqs=chrome.1.69i57j0l3.6323j0j4&client=ms-android-samsung&sourceid=chrome-mobile&ie=UTF-8" "Mozilla/5.0 (Linux; Android 6.0.1; SM-J510FN Build/MMB29M) AppleWebKit/537.36 (KHTML, like Gecko) Chrome/59.0.3071.125 Mobile Safari/537.36"
178.190.90.2 - - [04/Aug/2017:08:54:42 +0200] "GET /javascript/license.js HTTP/1.1" 200 315 "http://www.easydrivers.at/fuehrerscheine/auto" "Mozilla/5.0 (Windows NT 6.1; WOW64; rv:54.0) Gecko/20100101 Firefox/54.0"
178.190.90.2 - - [04/Aug/2017:08:54:42 +0200] "GET /binaries/easy-drivers-portal/pkw1jpg.jpg HTTP/1.1" 200 88975 "http://www.easydrivers.at/fuehrerscheine/auto" "Mozilla/5.0 (Windows NT 6.1; WOW64; rv:54.0) Gecko/20100101 Firefox/54.0"
178.190.90.2 - - [04/Aug/2017:08:54:42 +0200] "GET /img/submit-button-small.png HTTP/1.1" 200 1456 "http://www.easydrivers.at/css/style.css" "Mozilla/5.0 (Windows NT 6.1; WOW64; rv:54.0) Gecko/20100101 Firefox/54.0"
212.95.8.247 - - [04/Aug/2017:08:54:41 +0200] "GET /moedling HTTP/1.1" 200 2970 "https://www.google.at/" "Mozilla/5.0 (Linux; Android 6.0.1; SM-J510FN Build/MMB29M) AppleWebKit/537.36 (KHTML, like Gecko) Chrome/59.0.3071.125 Mobile Safari/537.36"
212.95.7.29 - - [04/Aug/2017:08:54:42 +0200] "GET /fuehrerscheine/mofa HTTP/1.1" 200 2991 "http://www.easydrivers.at/innsbruck" "Mozilla/5.0 (Linux; Android 7.0; EVA-L09 Build/HUAWEIEVA-L09) AppleWebKit/537.36 (KHTML, like Gecko) Chrome/59.0.3071.125 Mobile Safari/537.36"
212.95.7.29 - - [04/Aug/2017:08:54:54 +0200] "GET / HTTP/1.1" 200 3564 "http://www.easydrivers.at/fuehrerscheine/mofa" "Mozilla/5.0 (Linux; Android 7.0; EVA-L09 Build/HUAWEIEVA-L09) AppleWebKit/537.36 (KHTML, like Gecko) Chrome/59.0.3071.125 Mobile Safari/537.36"
212.95.7.29 - - [04/Aug/2017:08:54:56 +0200] "GET /javascript/mobile-homesearch.js HTTP/1.1" 200 340 "http://www.easydrivers.at/" "Mozilla/5.0 (Linux; Android 7.0; EVA-L09 Build/HUAWEIEVA-L09) AppleWebKit/537.36 (KHTML, like Gecko) Chrome/59.0.3071.125 Mobile Safari/537.36"
178.190.90.2 - - [04/Aug/2017:08:54:58 +0200] "GET /fuehrerscheine/auto/B HTTP/1.1" 200 3732 "http://www.easydrivers.at/fuehrerscheine/auto" "Mozilla/5.0 (Windows NT 6.1; WOW64; rv:54.0) Gecko/20100101 Firefox/54.0"
178.190.90.2 - - [04/Aug/2017:08:54:59 +0200] "GET /javascript/product.js HTTP/1.1" 200 139 "http://www.easydrivers.at/fuehrerscheine/auto/B" "Mozilla/5.0 (Windows NT 6.1; WOW64; rv:54.0) Gecko/20100101 Firefox/54.0"
178.190.90.2 - - [04/Aug/2017:08:54:59 +0200] "GET /binaries/easy-drivers-portal/motorrad2jpg.jpg HTTP/1.1" 200 45802 "http://www.easydrivers.at/fuehrerscheine/auto/B" "Mozilla/5.0 (Windows NT 6.1; WOW64; rv:54.0) Gecko/20100101 Firefox/54.0"
178.190.90.2 - - [04/Aug/2017:08:55:00 +0200] "GET /img/arrow-left.png HTTP/1.1" 200 1015 "http://www.easydrivers.at/css/style.css" "Mozilla/5.0 (Windows NT 6.1; WOW64; rv:54.0) Gecko/20100101 Firefox/54.0"
178.190.90.2 - - [04/Aug/2017:08:55:00 +0200] "GET /img/arrow-up.png HTTP/1.1" 200 1081 "http://www.easydrivers.at/css/style.css" "Mozilla/5.0 (Windows NT 6.1; WOW64; rv:54.0) Gecko/20100101 Firefox/54.0"
212.95.7.29 - - [04/Aug/2017:08:55:09 +0200] "GET /innsbruck HTTP/1.1" 200 2847 "http://www.easydrivers.at/" "Mozilla/5.0 (Linux; Android 7.0; EVA-L09 Build/HUAWEIEVA-L09) AppleWebKit/537.36 (KHTML, like Gecko) Chrome/59.0.3071.125 Mobile Safari/537.36"
212.95.7.29 - - [04/Aug/2017:08:55:18 +0200] "GET /ueberuns HTTP/1.1" 200 3286 "http://www.easydrivers.at/innsbruck" "Mozilla/5.0 (Linux; Android 7.0; EVA-L09 Build/HUAWEIEVA-L09) AppleWebKit/537.36 (KHTML, like Gecko) Chrome/59.0.3071.125 Mobile Safari/537.36"
212.95.7.29 - - [04/Aug/2017:08:55:19 +0200] "GET /impressum HTTP/1.1" 200 5548 "http://www.easydrivers.at/innsbruck" "Mozilla/5.0 (Linux; Android 7.0; EVA-L09 Build/HUAWEIEVA-L09) AppleWebKit/537.36 (KHTML, like Gecko) Chrome/59.0.3071.125 Mobile Safari/537.36"
195.3.86.199 - - [04/Aug/2017:08:55:20 +0200] "GET /oberwart HTTP/1.1" 200 2912 "https://www.google.at/" "Mozilla/5.0 (iPhone; CPU iPhone OS 9_0_2 like Mac OS X) AppleWebKit/601.1.46 (KHTML, like Gecko) Version/9.0 Mobile/13A452 Safari/601.1"
195.3.86.199 - - [04/Aug/2017:08:55:23 +0200] "GET /css/mobile.css HTTP/1.1" 200 2852 "http://www.easydrivers.at/oberwart" "Mozilla/5.0 (iPhone; CPU iPhone OS 9_0_2 like Mac OS X) AppleWebKit/601.1.46 (KHTML, like Gecko) Version/9.0 Mobile/13A452 Safari/601.1"
195.3.86.199 - - [04/Aug/2017:08:55:23 +0200] "GET /javascript/jquery.simplemodal.js HTTP/1.1" 200 3070 "http://www.easydrivers.at/oberwart" "Mozilla/5.0 (iPhone; CPU iPhone OS 9_0_2 like Mac OS X) AppleWebKit/601.1.46 (KHTML, like Gecko) Version/9.0 Mobile/13A452 Safari/601.1"
195.3.86.199 - - [04/Aug/2017:08:55:23 +0200] "GET /javascript/jquery.cookie.js HTTP/1.1" 200 863 "http://www.easydrivers.at/oberwart" "Mozilla/5.0 (iPhone; CPU iPhone OS 9_0_2 like Mac OS X) AppleWebKit/601.1.46 (KHTML, like Gecko) Version/9.0 Mobile/13A452 Safari/601.1"
213.185.172.60 - - [04/Aug/2017:08:55:21 +0200] "GET /schwechat HTTP/1.1" 200 3628 "http://www.google.at/url?sa=t&rct=j&q=&esrc=s&source=web&cd=1&ved=0ahUKEwi1s7_R_7zVAhXLXhQKHTJQAXAQFggxMAA&url=http%3A%2F%2Fwww.easydrivers.at%2Fschwechat&usg=AFQjCNEITr5XV3Hz5jLZ8epTvKZtHle2iA" "Mozilla/5.0 (Windows NT 6.1; WOW64; Trident/7.0; rv:11.0) like Gecko"
178.190.90.2 - - [04/Aug/2017:08:55:21 +0200] "GET /fuehrerscheine/auto HTTP/1.1" 200 3366 "http://www.easydrivers.at/skarabela.gross-enzersdorf/aktionen" "Mozilla/5.0 (Windows NT 6.1; WOW64; rv:54.0) Gecko/20100101 Firefox/54.0"
195.3.86.199 - - [04/Aug/2017:08:55:23 +0200] "GET /javascript/lazyload.js HTTP/1.1" 200 1170 "http://www.easydrivers.at/oberwart" "Mozilla/5.0 (iPhone; CPU iPhone OS 9_0_2 like Mac OS X) AppleWebKit/601.1.46 (KHTML, like Gecko) Version/9.0 Mobile/13A452 Safari/601.1"
195.3.86.199 - - [04/Aug/2017:08:55:23 +0200] "GET /javascript/jquery-1.9.1.min.js HTTP/1.1" 200 32731 "http://www.easydrivers.at/oberwart" "Mozilla/5.0 (iPhone; CPU iPhone OS 9_0_2 like Mac OS X) AppleWebKit/601.1.46 (KHTML, like Gecko) Version/9.0 Mobile/13A452 Safari/601.1"
195.3.86.199 - - [04/Aug/2017:08:55:23 +0200] "GET /javascript/mobile-menu.js HTTP/1.1" 200 1634 "http://www.easydrivers.at/oberwart" "Mozilla/5.0 (iPhone; CPU iPhone OS 9_0_2 like Mac OS X) AppleWebKit/601.1.46 (KHTML, like Gecko) Version/9.0 Mobile/13A452 Safari/601.1"
195.3.86.199 - - [04/Aug/2017:08:55:23 +0200] "GET /javascript/mobile-fahrschule.js HTTP/1.1" 200 328 "http://www.easydrivers.at/oberwart" "Mozilla/5.0 (iPhone; CPU iPhone OS 9_0_2 like Mac OS X) AppleWebKit/601.1.46 (KHTML, like Gecko) Version/9.0 Mobile/13A452 Safari/601.1"
195.3.86.199 - - [04/Aug/2017:08:55:23 +0200] "GET /img/mobile/easydrivers-logo-mobile.png HTTP/1.1" 200 10766 "http://www.easydrivers.at/oberwart" "Mozilla/5.0 (iPhone; CPU iPhone OS 9_0_2 like Mac OS X) AppleWebKit/601.1.46 (KHTML, like Gecko) Version/9.0 Mobile/13A452 Safari/601.1"
213.185.172.60 - - [04/Aug/2017:08:55:23 +0200] "GET /img/close-button.png HTTP/1.1" 304 - "http://www.easydrivers.at/schwechat" "Mozilla/5.0 (Windows NT 6.1; WOW64; Trident/7.0; rv:11.0) like Gecko"
195.3.86.199 - - [04/Aug/2017:08:55:23 +0200] "GET /img/mobile/menu-button.png HTTP/1.1" 200 1746 "http://www.easydrivers.at/oberwart" "Mozilla/5.0 (iPhone; CPU iPhone OS 9_0_2 like Mac OS X) AppleWebKit/601.1.46 (KHTML, like Gecko) Version/9.0 Mobile/13A452 Safari/601.1"
213.185.172.60 - - [04/Aug/2017:08:55:23 +0200] "GET /img/locator-icon.png HTTP/1.1" 304 - "http://www.easydrivers.at/schwechat" "Mozilla/5.0 (Windows NT 6.1; WOW64; Trident/7.0; rv:11.0) like Gecko"
195.3.86.199 - - [04/Aug/2017:08:55:23 +0200] "GET /img/mobile/close-button.png HTTP/1.1" 200 2411 "http://www.easydrivers.at/oberwart" "Mozilla/5.0 (iPhone; CPU iPhone OS 9_0_2 like Mac OS X) AppleWebKit/601.1.46 (KHTML, like Gecko) Version/9.0 Mobile/13A452 Safari/601.1"
195.3.86.199 - - [04/Aug/2017:08:55:23 +0200] "GET /img/mobile/facebook-icon.png HTTP/1.1" 200 1902 "http://www.easydrivers.at/oberwart" "Mozilla/5.0 (iPhone; CPU iPhone OS 9_0_2 like Mac OS X) AppleWebKit/601.1.46 (KHTML, like Gecko) Version/9.0 Mobile/13A452 Safari/601.1"
195.3.86.199 - - [04/Aug/2017:08:55:23 +0200] "GET /img/mobile/info-button.png HTTP/1.1" 200 1549 "http://www.easydrivers.at/oberwart" "Mozilla/5.0 (iPhone; CPU iPhone OS 9_0_2 like Mac OS X) AppleWebKit/601.1.46 (KHTML, like Gecko) Version/9.0 Mobile/13A452 Safari/601.1"
195.3.86.199 - - [04/Aug/2017:08:55:23 +0200] "GET /img/mobile/info-close-button.png HTTP/1.1" 200 1721 "http://www.easydrivers.at/oberwart" "Mozilla/5.0 (iPhone; CPU iPhone OS 9_0_2 like Mac OS X) AppleWebKit/601.1.46 (KHTML, like Gecko) Version/9.0 Mobile/13A452 Safari/601.1"
195.3.86.199 - - [04/Aug/2017:08:55:23 +0200] "GET /img/smallicon-person.png HTTP/1.1" 200 1141 "http://www.easydrivers.at/oberwart" "Mozilla/5.0 (iPhone; CPU iPhone OS 9_0_2 like Mac OS X) AppleWebKit/601.1.46 (KHTML, like Gecko) Version/9.0 Mobile/13A452 Safari/601.1"
213.185.172.60 - - [04/Aug/2017:08:55:23 +0200] "GET /img/info-button.png HTTP/1.1" 304 - "http://www.easydrivers.at/schwechat" "Mozilla/5.0 (Windows NT 6.1; WOW64; Trident/7.0; rv:11.0) like Gecko"
195.3.86.199 - - [04/Aug/2017:08:55:23 +0200] "GET /img/smallicon-address.png HTTP/1.1" 200 1211 "http://www.easydrivers.at/oberwart" "Mozilla/5.0 (iPhone; CPU iPhone OS 9_0_2 like Mac OS X) AppleWebKit/601.1.46 (KHTML, like Gecko) Version/9.0 Mobile/13A452 Safari/601.1"
213.185.172.60 - - [04/Aug/2017:08:55:23 +0200] "GET /img/close-button-small.png HTTP/1.1" 304 - "http://www.easydrivers.at/schwechat" "Mozilla/5.0 (Windows NT 6.1; WOW64; Trident/7.0; rv:11.0) like Gecko"
195.3.86.199 - - [04/Aug/2017:08:55:23 +0200] "GET /img/mobile/googlemaps-pin.png HTTP/1.1" 200 1597 "http://www.easydrivers.at/oberwart" "Mozilla/5.0 (iPhone; CPU iPhone OS 9_0_2 like Mac OS X) AppleWebKit/601.1.46 (KHTML, like Gecko) Version/9.0 Mobile/13A452 Safari/601.1"
195.3.86.199 - - [04/Aug/2017:08:55:23 +0200] "GET /img/smallicon-time.png HTTP/1.1" 200 1262 "http://www.easydrivers.at/oberwart" "Mozilla/5.0 (iPhone; CPU iPhone OS 9_0_2 like Mac OS X) AppleWebKit/601.1.46 (KHTML, like Gecko) Version/9.0 Mobile/13A452 Safari/601.1"
195.3.86.199 - - [04/Aug/2017:08:55:23 +0200] "GET /img/smallicon-phone.png HTTP/1.1" 200 3056 "http://www.easydrivers.at/oberwart" "Mozilla/5.0 (iPhone; CPU iPhone OS 9_0_2 like Mac OS X) AppleWebKit/601.1.46 (KHTML, like Gecko) Version/9.0 Mobile/13A452 Safari/601.1"
213.185.172.60 - - [04/Aug/2017:08:55:23 +0200] "GET /img/submit-button.png HTTP/1.1" 304 - "http://www.easydrivers.at/schwechat" "Mozilla/5.0 (Windows NT 6.1; WOW64; Trident/7.0; rv:11.0) like Gecko"
213.185.172.60 - - [04/Aug/2017:08:55:23 +0200] "GET /cache/emu/images/easy-drivers-portal10244078/edlogoljpg_160_90_0.jpg HTTP/1.1" 200 2492 "http://www.easydrivers.at/schwechat" "Mozilla/5.0 (Windows NT 6.1; WOW64; Trident/7.0; rv:11.0) like Gecko"
195.3.86.199 - - [04/Aug/2017:08:55:23 +0200] "GET /img/smallicon-mail.png HTTP/1.1" 200 1341 "http://www.easydrivers.at/oberwart" "Mozilla/5.0 (iPhone; CPU iPhone OS 9_0_2 like Mac OS X) AppleWebKit/601.1.46 (KHTML, like Gecko) Version/9.0 Mobile/13A452 Safari/601.1"
213.185.172.60 - - [04/Aug/2017:08:55:23 +0200] "GET /img/empty.gif HTTP/1.1" 304 - "http://www.easydrivers.at/schwechat" "Mozilla/5.0 (Windows NT 6.1; WOW64; Trident/7.0; rv:11.0) like Gecko"
195.3.86.199 - - [04/Aug/2017:08:55:23 +0200] "GET /img/mobile/widget-icon-app.png HTTP/1.1" 200 3458 "http://www.easydrivers.at/oberwart" "Mozilla/5.0 (iPhone; CPU iPhone OS 9_0_2 like Mac OS X) AppleWebKit/601.1.46 (KHTML, like Gecko) Version/9.0 Mobile/13A452 Safari/601.1"
213.185.172.60 - - [04/Aug/2017:08:55:23 +0200] "GET /css/print.css HTTP/1.1" 200 967 "http://www.easydrivers.at/schwechat" "Mozilla/5.0 (Windows NT 6.1; WOW64; Trident/7.0; rv:11.0) like Gecko"
213.185.172.60 - - [04/Aug/2017:08:55:23 +0200] "GET /binaries/easy-drivers-portal/widget-icon-trainingpng.png HTTP/1.1" 304 - "http://www.easydrivers.at/schwechat" "Mozilla/5.0 (Windows NT 6.1; WOW64; Trident/7.0; rv:11.0) like Gecko"
213.185.172.60 - - [04/Aug/2017:08:55:23 +0200] "GET /binaries/easy-drivers-portal/widget-icon-apppng.png HTTP/1.1" 200 2432 "http://www.easydrivers.at/schwechat" "Mozilla/5.0 (Windows NT 6.1; WOW64; Trident/7.0; rv:11.0) like Gecko"
213.185.172.60 - - [04/Aug/2017:08:55:23 +0200] "GET /img/schweiz-icon.png HTTP/1.1" 304 - "http://www.easydrivers.at/schwechat" "Mozilla/5.0 (Windows NT 6.1; WOW64; Trident/7.0; rv:11.0) like Gecko"
213.185.172.60 - - [04/Aug/2017:08:55:23 +0200] "GET /javascript/jquery.customSelect.min.js HTTP/1.1" 200 912 "http://www.easydrivers.at/schwechat" "Mozilla/5.0 (Windows NT 6.1; WOW64; Trident/7.0; rv:11.0) like Gecko"
213.185.172.60 - - [04/Aug/2017:08:55:23 +0200] "GET /javascript/fahrschule.js HTTP/1.1" 200 462 "http://www.easydrivers.at/schwechat" "Mozilla/5.0 (Windows NT 6.1; WOW64; Trident/7.0; rv:11.0) like Gecko"
213.185.172.60 - - [04/Aug/2017:08:55:23 +0200] "GET /css/style.css HTTP/1.1" 200 5004 "http://www.easydrivers.at/schwechat" "Mozilla/5.0 (Windows NT 6.1; WOW64; Trident/7.0; rv:11.0) like Gecko"
213.185.172.60 - - [04/Aug/2017:08:55:23 +0200] "GET /javascript/jquery.simplemodal.js HTTP/1.1" 200 3070 "http://www.easydrivers.at/schwechat" "Mozilla/5.0 (Windows NT 6.1; WOW64; Trident/7.0; rv:11.0) like Gecko"
213.185.172.60 - - [04/Aug/2017:08:55:23 +0200] "GET /javascript/portal.js?1221842734 HTTP/1.1" 200 3529 "http://www.easydrivers.at/schwechat" "Mozilla/5.0 (Windows NT 6.1; WOW64; Trident/7.0; rv:11.0) like Gecko"
195.3.86.199 - - [04/Aug/2017:08:55:23 +0200] "GET /img/mobile/bg-header.jpg HTTP/1.1" 200 19741 "http://www.easydrivers.at/oberwart" "Mozilla/5.0 (iPhone; CPU iPhone OS 9_0_2 like Mac OS X) AppleWebKit/601.1.46 (KHTML, like Gecko) Version/9.0 Mobile/13A452 Safari/601.1"
195.3.86.199 - - [04/Aug/2017:08:55:23 +0200] "GET /img/mobile/bg-menu.jpg HTTP/1.1" 200 1698 "http://www.easydrivers.at/oberwart" "Mozilla/5.0 (iPhone; CPU iPhone OS 9_0_2 like Mac OS X) AppleWebKit/601.1.46 (KHTML, like Gecko) Version/9.0 Mobile/13A452 Safari/601.1"
195.3.86.199 - - [04/Aug/2017:08:55:23 +0200] "GET /img/mobile/bg-top-section.jpg HTTP/1.1" 200 21711 "http://www.easydrivers.at/oberwart" "Mozilla/5.0 (iPhone; CPU iPhone OS 9_0_2 like Mac OS X) AppleWebKit/601.1.46 (KHTML, like Gecko) Version/9.0 Mobile/13A452 Safari/601.1"
195.3.86.199 - - [04/Aug/2017:08:55:23 +0200] "GET /img/mobile/pfeil-rechts.png HTTP/1.1" 200 1228 "http://www.easydrivers.at/oberwart" "Mozilla/5.0 (iPhone; CPU iPhone OS 9_0_2 like Mac OS X) AppleWebKit/601.1.46 (KHTML, like Gecko) Version/9.0 Mobile/13A452 Safari/601.1"
213.185.172.60 - - [04/Aug/2017:08:55:23 +0200] "GET /javascript/lazyload.js HTTP/1.1" 200 1170 "http://www.easydrivers.at/schwechat" "Mozilla/5.0 (Windows NT 6.1; WOW64; Trident/7.0; rv:11.0) like Gecko"
213.185.172.60 - - [04/Aug/2017:08:55:23 +0200] "GET /javascript/jquery.cookie.js HTTP/1.1" 200 863 "http://www.easydrivers.at/schwechat" "Mozilla/5.0 (Windows NT 6.1; WOW64; Trident/7.0; rv:11.0) like Gecko"
213.185.172.60 - - [04/Aug/2017:08:55:23 +0200] "GET /img/facebook-icon.png HTTP/1.1" 304 - "http://www.easydrivers.at/schwechat" "Mozilla/5.0 (Windows NT 6.1; WOW64; Trident/7.0; rv:11.0) like Gecko"
178.190.90.2 - - [04/Aug/2017:08:55:23 +0200] "GET /binaries/easy-drivers-portal/pkw3jpg.jpg HTTP/1.1" 200 90539 "http://www.easydrivers.at/fuehrerscheine/auto" "Mozilla/5.0 (Windows NT 6.1; WOW64; rv:54.0) Gecko/20100101 Firefox/54.0"
213.185.172.60 - - [04/Aug/2017:08:55:23 +0200] "GET /img/kursicon-print-pink.png HTTP/1.1" 304 - "http://www.easydrivers.at/schwechat" "Mozilla/5.0 (Windows NT 6.1; WOW64; Trident/7.0; rv:11.0) like Gecko"
213.185.172.60 - - [04/Aug/2017:08:55:23 +0200] "GET /img/kursicon-download-pink.png HTTP/1.1" 304 - "http://www.easydrivers.at/schwechat" "Mozilla/5.0 (Windows NT 6.1; WOW64; Trident/7.0; rv:11.0) like Gecko"
213.185.172.60 - - [04/Aug/2017:08:55:23 +0200] "GET /img/kursicon-share-pink.png HTTP/1.1" 304 - "http://www.easydrivers.at/schwechat" "Mozilla/5.0 (Windows NT 6.1; WOW64; Trident/7.0; rv:11.0) like Gecko"
213.185.172.60 - - [04/Aug/2017:08:55:23 +0200] "GET /img/kursicon-phone-pink.png HTTP/1.1" 304 - "http://www.easydrivers.at/schwechat" "Mozilla/5.0 (Windows NT 6.1; WOW64; Trident/7.0; rv:11.0) like Gecko"
213.185.172.60 - - [04/Aug/2017:08:55:23 +0200] "GET /img/bg-header.jpg HTTP/1.1" 304 - "http://www.easydrivers.at/schwechat" "Mozilla/5.0 (Windows NT 6.1; WOW64; Trident/7.0; rv:11.0) like Gecko"
213.185.172.60 - - [04/Aug/2017:08:55:23 +0200] "GET /img/ED_Logo.png HTTP/1.1" 304 - "http://www.easydrivers.at/schwechat" "Mozilla/5.0 (Windows NT 6.1; WOW64; Trident/7.0; rv:11.0) like Gecko"
213.185.172.60 - - [04/Aug/2017:08:55:23 +0200] "GET /img/bg-footer.jpg HTTP/1.1" 304 - "http://www.easydrivers.at/schwechat" "Mozilla/5.0 (Windows NT 6.1; WOW64; Trident/7.0; rv:11.0) like Gecko"
213.185.172.60 - - [04/Aug/2017:08:55:23 +0200] "GET /img/yellow-dots-vertical.png HTTP/1.1" 304 - "http://www.easydrivers.at/schwechat" "Mozilla/5.0 (Windows NT 6.1; WOW64; Trident/7.0; rv:11.0) like Gecko"
213.185.172.60 - - [04/Aug/2017:08:55:23 +0200] "GET /img/purple-dots-horizontal.png HTTP/1.1" 304 - "http://www.easydrivers.at/schwechat" "Mozilla/5.0 (Windows NT 6.1; WOW64; Trident/7.0; rv:11.0) like Gecko"
213.185.172.60 - - [04/Aug/2017:08:55:23 +0200] "GET /img/bg-top-section.jpg HTTP/1.1" 304 - "http://www.easydrivers.at/schwechat" "Mozilla/5.0 (Windows NT 6.1; WOW64; Trident/7.0; rv:11.0) like Gecko"
213.185.172.60 - - [04/Aug/2017:08:55:24 +0200] "GET /img/new_favicon.ico HTTP/1.1" 304 - "-" "Mozilla/5.0 (Windows NT 6.1; Win64; x64; Trident/7.0; rv:11.0) like Gecko"
188.23.102.9 - - [04/Aug/2017:08:55:22 +0200] "GET /krems HTTP/1.1" 200 3773 "-" "Mozilla/5.0 (Windows NT 6.1; WOW64; Trident/7.0; rv:11.0) like Gecko"
77.119.130.26 - - [04/Aug/2017:08:55:24 +0200] "GET /st.poelten/ HTTP/1.1" 301 141 "https://www.google.at/" "Mozilla/5.0 (Linux; Android 7.0; SAMSUNG SM-G930F Build/NRD90M) AppleWebKit/537.36 (KHTML, like Gecko) SamsungBrowser/5.4 Chrome/51.0.2704.106 Mobile Safari/537.36"
77.119.130.26 - - [04/Aug/2017:08:55:24 +0200] "GET /st.poelten HTTP/1.1" 200 2943 "https://www.google.at/" "Mozilla/5.0 (Linux; Android 7.0; SAMSUNG SM-G930F Build/NRD90M) AppleWebKit/537.36 (KHTML, like Gecko) SamsungBrowser/5.4 Chrome/51.0.2704.106 Mobile Safari/537.36"
77.119.130.26 - - [04/Aug/2017:08:55:27 +0200] "GET /css/mobile.css HTTP/1.1" 200 2852 "http://www.easydrivers.at/st.poelten" "Mozilla/5.0 (Linux; Android 7.0; SAMSUNG SM-G930F Build/NRD90M) AppleWebKit/537.36 (KHTML, like Gecko) SamsungBrowser/5.4 Chrome/51.0.2704.106 Mobile Safari/537.36"
77.119.130.26 - - [04/Aug/2017:08:55:27 +0200] "GET /javascript/jquery.cookie.js HTTP/1.1" 200 863 "http://www.easydrivers.at/st.poelten" "Mozilla/5.0 (Linux; Android 7.0; SAMSUNG SM-G930F Build/NRD90M) AppleWebKit/537.36 (KHTML, like Gecko) SamsungBrowser/5.4 Chrome/51.0.2704.106 Mobile Safari/537.36"
77.119.130.26 - - [04/Aug/2017:08:55:27 +0200] "GET /javascript/mobile-menu.js HTTP/1.1" 200 1634 "http://www.easydrivers.at/st.poelten" "Mozilla/5.0 (Linux; Android 7.0; SAMSUNG SM-G930F Build/NRD90M) AppleWebKit/537.36 (KHTML, like Gecko) SamsungBrowser/5.4 Chrome/51.0.2704.106 Mobile Safari/537.36"
77.119.130.26 - - [04/Aug/2017:08:55:27 +0200] "GET /javascript/jquery-1.9.1.min.js HTTP/1.1" 200 32731 "http://www.easydrivers.at/st.poelten" "Mozilla/5.0 (Linux; Android 7.0; SAMSUNG SM-G930F Build/NRD90M) AppleWebKit/537.36 (KHTML, like Gecko) SamsungBrowser/5.4 Chrome/51.0.2704.106 Mobile Safari/537.36"
77.119.130.26 - - [04/Aug/2017:08:55:27 +0200] "GET /javascript/jquery.simplemodal.js HTTP/1.1" 200 3070 "http://www.easydrivers.at/st.poelten" "Mozilla/5.0 (Linux; Android 7.0; SAMSUNG SM-G930F Build/NRD90M) AppleWebKit/537.36 (KHTML, like Gecko) SamsungBrowser/5.4 Chrome/51.0.2704.106 Mobile Safari/537.36"
77.119.130.26 - - [04/Aug/2017:08:55:27 +0200] "GET /javascript/mobile-fahrschule.js HTTP/1.1" 200 328 "http://www.easydrivers.at/st.poelten" "Mozilla/5.0 (Linux; Android 7.0; SAMSUNG SM-G930F Build/NRD90M) AppleWebKit/537.36 (KHTML, like Gecko) SamsungBrowser/5.4 Chrome/51.0.2704.106 Mobile Safari/537.36"
