185.162.47.96 - - [04/Aug/2017:07:45:27 +0200] "GET /binaries/easy-drivers-portal/widget-icon-apppng.png HTTP/1.1" 200 2432 "http://www.easydrivers.at/" "Mozilla/5.0 (Windows NT 10.0; WOW64; rv:41.0) Gecko/20100101 Firefox/41.0"
178.190.5.26 - - [04/Aug/2017:07:45:27 +0200] "GET /cache/emu/images/10251866/_155_124.jpg HTTP/1.1" 200 2914 "http://www.easydrivers.at/ennstal.schladming/kk-07-08-2017?FS=B" "Mozilla/5.0 (Windows NT 6.0) AppleWebKit/537.36 (KHTML, like Gecko) Chrome/49.0.2623.112 Safari/537.36"
178.190.5.26 - - [04/Aug/2017:07:45:27 +0200] "GET /cache/emu/images/10251869/_155_124.jpg HTTP/1.1" 200 3095 "http://www.easydrivers.at/ennstal.schladming/kk-07-08-2017?FS=B" "Mozilla/5.0 (Windows NT 6.0) AppleWebKit/537.36 (KHTML, like Gecko) Chrome/49.0.2623.112 Safari/537.36"
178.190.5.26 - - [04/Aug/2017:07:45:27 +0200] "GET /cache/emu/images/10251867/_155_124.jpg HTTP/1.1" 200 3054 "http://www.easydrivers.at/ennstal.schladming/kk-07-08-2017?FS=B" "Mozilla/5.0 (Windows NT 6.0) AppleWebKit/537.36 (KHTML, like Gecko) Chrome/49.0.2623.112 Safari/537.36"
178.190.5.26 - - [04/Aug/2017:07:45:27 +0200] "GET /cache/emu/images/10251868/_155_124.jpg HTTP/1.1" 200 3386 "http://www.easydrivers.at/ennstal.schladming/kk-07-08-2017?FS=B" "Mozilla/5.0 (Windows NT 6.0) AppleWebKit/537.36 (KHTML, like Gecko) Chrome/49.0.2623.112 Safari/537.36"
178.190.5.26 - - [04/Aug/2017:07:45:27 +0200] "GET /binaries/easy-drivers-portal/pkw5jpg.jpg HTTP/1.1" 200 96177 "http://www.easydrivers.at/ennstal.schladming/kk-07-08-2017?FS=B" "Mozilla/5.0 (Windows NT 6.0) AppleWebKit/537.36 (KHTML, like Gecko) Chrome/49.0.2623.112 Safari/537.36"
178.190.5.26 - - [04/Aug/2017:07:45:28 +0200] "GET /img/arrow-left.png HTTP/1.1" 200 1015 "http://www.easydrivers.at/css/style.css" "Mozilla/5.0 (Windows NT 6.0) AppleWebKit/537.36 (KHTML, like Gecko) Chrome/49.0.2623.112 Safari/537.36"
178.190.5.26 - - [04/Aug/2017:07:45:28 +0200] "GET /img/smallicon-phone.png HTTP/1.1" 200 3056 "http://www.easydrivers.at/css/style.css" "Mozilla/5.0 (Windows NT 6.0) AppleWebKit/537.36 (KHTML, like Gecko) Chrome/49.0.2623.112 Safari/537.36"
178.190.5.26 - - [04/Aug/2017:07:45:28 +0200] "GET /img/smallicon-mail.png HTTP/1.1" 200 1341 "http://www.easydrivers.at/css/style.css" "Mozilla/5.0 (Windows NT 6.0) AppleWebKit/537.36 (KHTML, like Gecko) Chrome/49.0.2623.112 Safari/537.36"
178.190.5.26 - - [04/Aug/2017:07:45:28 +0200] "GET /img/arrow-up.png HTTP/1.1" 200 1081 "http://www.easydrivers.at/css/style.css" "Mozilla/5.0 (Windows NT 6.0) AppleWebKit/537.36 (KHTML, like Gecko) Chrome/49.0.2623.112 Safari/537.36"
185.162.47.96 - - [04/Aug/2017:07:45:27 +0200] "GET /binaries/easy-drivers-portal/edradfahrschullogowidget160x90pxpng.png HTTP/1.1" 200 23394 "http://www.easydrivers.at/" "Mozilla/5.0 (Windows NT 10.0; WOW64; rv:41.0) Gecko/20100101 Firefox/41.0"
185.162.47.96 - - [04/Aug/2017:07:45:28 +0200] "GET /img/purple-dots-horizontal.png HTTP/1.1" 200 977 "http://www.easydrivers.at/css/style.css" "Mozilla/5.0 (Windows NT 10.0; WOW64; rv:41.0) Gecko/20100101 Firefox/41.0"
185.162.47.96 - - [04/Aug/2017:07:45:28 +0200] "GET /img/yellow-dots-vertical.png HTTP/1.1" 200 981 "http://www.easydrivers.at/css/style.css" "Mozilla/5.0 (Windows NT 10.0; WOW64; rv:41.0) Gecko/20100101 Firefox/41.0"
185.162.47.96 - - [04/Aug/2017:07:45:28 +0200] "GET /img/selection-box-button.png HTTP/1.1" 200 1079 "http://www.easydrivers.at/css/style.css" "Mozilla/5.0 (Windows NT 10.0; WOW64; rv:41.0) Gecko/20100101 Firefox/41.0"
185.162.47.96 - - [04/Aug/2017:07:45:28 +0200] "GET /img/black-dots-vertical.png HTTP/1.1" 200 1165 "http://www.easydrivers.at/css/style.css" "Mozilla/5.0 (Windows NT 10.0; WOW64; rv:41.0) Gecko/20100101 Firefox/41.0"
185.162.47.96 - - [04/Aug/2017:07:45:28 +0200] "GET /img/bg-top-section.jpg HTTP/1.1" 200 82172 "http://www.easydrivers.at/css/style.css" "Mozilla/5.0 (Windows NT 10.0; WOW64; rv:41.0) Gecko/20100101 Firefox/41.0"
185.162.47.96 - - [04/Aug/2017:07:45:28 +0200] "GET /binaries/easy-drivers-portal/widget-icon-trainingpng.png HTTP/1.1" 200 2662 "http://www.easydrivers.at/" "Mozilla/5.0 (Windows NT 10.0; WOW64; rv:41.0) Gecko/20100101 Firefox/41.0"
185.162.47.96 - - [04/Aug/2017:07:45:28 +0200] "GET /img/schweiz-icon.png HTTP/1.1" 200 1504 "http://www.easydrivers.at/" "Mozilla/5.0 (Windows NT 10.0; WOW64; rv:41.0) Gecko/20100101 Firefox/41.0"
185.162.47.96 - - [04/Aug/2017:07:45:28 +0200] "GET /img/kursicon-print-pink.png HTTP/1.1" 200 1125 "http://www.easydrivers.at/" "Mozilla/5.0 (Windows NT 10.0; WOW64; rv:41.0) Gecko/20100101 Firefox/41.0"
185.162.47.96 - - [04/Aug/2017:07:45:28 +0200] "GET /img/kursicon-download-pink.png HTTP/1.1" 200 1213 "http://www.easydrivers.at/" "Mozilla/5.0 (Windows NT 10.0; WOW64; rv:41.0) Gecko/20100101 Firefox/41.0"
185.162.47.96 - - [04/Aug/2017:07:45:28 +0200] "GET /img/kursicon-phone-pink.png HTTP/1.1" 200 1286 "http://www.easydrivers.at/" "Mozilla/5.0 (Windows NT 10.0; WOW64; rv:41.0) Gecko/20100101 Firefox/41.0"
185.162.47.96 - - [04/Aug/2017:07:45:28 +0200] "GET /img/bg-footer.jpg HTTP/1.1" 200 31770 "http://www.easydrivers.at/css/style.css" "Mozilla/5.0 (Windows NT 10.0; WOW64; rv:41.0) Gecko/20100101 Firefox/41.0"
185.162.47.96 - - [04/Aug/2017:07:45:28 +0200] "GET /img/kursicon-share-pink.png HTTP/1.1" 200 1277 "http://www.easydrivers.at/" "Mozilla/5.0 (Windows NT 10.0; WOW64; rv:41.0) Gecko/20100101 Firefox/41.0"
185.162.47.96 - - [04/Aug/2017:07:45:28 +0200] "GET /css/print.css HTTP/1.1" 200 967 "http://www.easydrivers.at/" "Mozilla/5.0 (Windows NT 10.0; WOW64; rv:41.0) Gecko/20100101 Firefox/41.0"
178.190.5.26 - - [04/Aug/2017:07:45:26 +0200] "GET /ennstal.schladming/kurseennstal.schladming/kk-07-08-2017?FS=B&print=true HTTP/1.1" 200 5882 "http://www.easydrivers.at/ennstal.schladming/kurse" "Mozilla/5.0 (Windows NT 6.0) AppleWebKit/537.36 (KHTML, like Gecko) Chrome/49.0.2623.112 Safari/537.36"
178.190.5.26 - - [04/Aug/2017:07:45:30 +0200] "GET /img/smallicon-person-wbg.png HTTP/1.1" 200 452 "http://www.easydrivers.at/css/print.css" "Mozilla/5.0 (Windows NT 6.0) AppleWebKit/537.36 (KHTML, like Gecko) Chrome/49.0.2623.112 Safari/537.36"
178.190.5.26 - - [04/Aug/2017:07:45:30 +0200] "GET /binaries/easy-drivers-portal/pkw4jpg.jpg HTTP/1.1" 200 125726 "http://www.easydrivers.at/ennstal.schladming/kurseennstal.schladming/kk-07-08-2017?FS=B&print=true" "Mozilla/5.0 (Windows NT 6.0) AppleWebKit/537.36 (KHTML, like Gecko) Chrome/49.0.2623.112 Safari/537.36"
178.190.5.26 - - [04/Aug/2017:07:45:30 +0200] "GET /img/smallicon-address-wbg.png HTTP/1.1" 200 542 "http://www.easydrivers.at/css/print.css" "Mozilla/5.0 (Windows NT 6.0) AppleWebKit/537.36 (KHTML, like Gecko) Chrome/49.0.2623.112 Safari/537.36"
178.190.5.26 - - [04/Aug/2017:07:45:30 +0200] "GET /img/smallicon-time-wbg.png HTTP/1.1" 200 526 "http://www.easydrivers.at/css/print.css" "Mozilla/5.0 (Windows NT 6.0) AppleWebKit/537.36 (KHTML, like Gecko) Chrome/49.0.2623.112 Safari/537.36"
178.190.5.26 - - [04/Aug/2017:07:45:30 +0200] "GET /img/smallicon-phone-wbg.png HTTP/1.1" 200 430 "http://www.easydrivers.at/css/print.css" "Mozilla/5.0 (Windows NT 6.0) AppleWebKit/537.36 (KHTML, like Gecko) Chrome/49.0.2623.112 Safari/537.36"
178.190.5.26 - - [04/Aug/2017:07:45:30 +0200] "GET /img/smallicon-fax-wbg.png HTTP/1.1" 200 463 "http://www.easydrivers.at/css/print.css" "Mozilla/5.0 (Windows NT 6.0) AppleWebKit/537.36 (KHTML, like Gecko) Chrome/49.0.2623.112 Safari/537.36"
178.190.5.26 - - [04/Aug/2017:07:45:30 +0200] "GET /img/smallicon-mail-wbg.png HTTP/1.1" 200 487 "http://www.easydrivers.at/css/print.css" "Mozilla/5.0 (Windows NT 6.0) AppleWebKit/537.36 (KHTML, like Gecko) Chrome/49.0.2623.112 Safari/537.36"
178.190.5.26 - - [04/Aug/2017:07:45:30 +0200] "GET /css/fonts/AntennaCond-Black.ttf HTTP/1.1" 200 42476 "http://www.easydrivers.at/" "Mozilla/5.0 (Windows NT 6.0) AppleWebKit/537.36 (KHTML, like Gecko) Chrome/49.0.2623.112 Safari/537.36"
178.190.5.26 - - [04/Aug/2017:07:45:30 +0200] "GET /css/fonts/Arial.ttf HTTP/1.1" 200 773236 "http://www.easydrivers.at/" "Mozilla/5.0 (Windows NT 6.0) AppleWebKit/537.36 (KHTML, like Gecko) Chrome/49.0.2623.112 Safari/537.36"
46.125.249.36 - - [04/Aug/2017:07:45:42 +0200] "POST /loadkursliste HTTP/1.1" 200 833 "http://www.easydrivers.at/st.poelten/kursauswahl" "Mozilla/5.0 (iPhone; CPU iPhone OS 9_0 like Mac OS X) AppleWebKit/601.1.46 (KHTML, like Gecko) Version/9.0 Mobile/13A342 Safari/601.1"
194.29.99.50 - - [04/Aug/2017:07:45:42 +0200] "GET /bruck.leitha HTTP/1.1" 200 3478 "https://www.bing.com/" "Mozilla/5.0 (Windows NT 6.1; WOW64; Trident/7.0; rv:11.0) like Gecko"
194.29.99.50 - - [04/Aug/2017:07:45:44 +0200] "GET /img/close-button.png HTTP/1.1" 304 - "http://www.easydrivers.at/bruck.leitha" "Mozilla/5.0 (Windows NT 6.1; WOW64; Trident/7.0; rv:11.0) like Gecko"
194.29.99.50 - - [04/Aug/2017:07:45:44 +0200] "GET /img/info-button.png HTTP/1.1" 304 - "http://www.easydrivers.at/bruck.leitha" "Mozilla/5.0 (Windows NT 6.1; WOW64; Trident/7.0; rv:11.0) like Gecko"
194.29.99.50 - - [04/Aug/2017:07:45:44 +0200] "GET /img/facebook-icon.png HTTP/1.1" 304 - "http://www.easydrivers.at/bruck.leitha" "Mozilla/5.0 (Windows NT 6.1; WOW64; Trident/7.0; rv:11.0) like Gecko"
194.29.99.50 - - [04/Aug/2017:07:45:44 +0200] "GET /img/submit-button.png HTTP/1.1" 304 - "http://www.easydrivers.at/bruck.leitha" "Mozilla/5.0 (Windows NT 6.1; WOW64; Trident/7.0; rv:11.0) like Gecko"
194.29.99.50 - - [04/Aug/2017:07:45:44 +0200] "GET /img/locator-icon.png HTTP/1.1" 304 - "http://www.easydrivers.at/bruck.leitha" "Mozilla/5.0 (Windows NT 6.1; WOW64; Trident/7.0; rv:11.0) like Gecko"
194.29.99.50 - - [04/Aug/2017:07:45:44 +0200] "GET /img/close-button-small.png HTTP/1.1" 304 - "http://www.easydrivers.at/bruck.leitha" "Mozilla/5.0 (Windows NT 6.1; WOW64; Trident/7.0; rv:11.0) like Gecko"
194.29.99.50 - - [04/Aug/2017:07:45:44 +0200] "GET /binaries/easy-drivers-portal/widget-icon-apppng.png HTTP/1.1" 304 - "http://www.easydrivers.at/bruck.leitha" "Mozilla/5.0 (Windows NT 6.1; WOW64; Trident/7.0; rv:11.0) like Gecko"
194.29.99.50 - - [04/Aug/2017:07:45:44 +0200] "GET /img/schweiz-icon.png HTTP/1.1" 304 - "http://www.easydrivers.at/bruck.leitha" "Mozilla/5.0 (Windows NT 6.1; WOW64; Trident/7.0; rv:11.0) like Gecko"
194.29.99.50 - - [04/Aug/2017:07:45:44 +0200] "GET /binaries/easy-drivers-portal/widget-icon-trainingpng.png HTTP/1.1" 304 - "http://www.easydrivers.at/bruck.leitha" "Mozilla/5.0 (Windows NT 6.1; WOW64; Trident/7.0; rv:11.0) like Gecko"
194.29.99.50 - - [04/Aug/2017:07:45:44 +0200] "GET /img/bg-header.jpg HTTP/1.1" 304 - "http://www.easydrivers.at/bruck.leitha" "Mozilla/5.0 (Windows NT 6.1; WOW64; Trident/7.0; rv:11.0) like Gecko"
194.29.99.50 - - [04/Aug/2017:07:45:44 +0200] "GET /binaries/easy-drivers-portal/widget-icon-expertspng.png HTTP/1.1" 304 - "http://www.easydrivers.at/bruck.leitha" "Mozilla/5.0 (Windows NT 6.1; WOW64; Trident/7.0; rv:11.0) like Gecko"
194.29.99.50 - - [04/Aug/2017:07:45:44 +0200] "GET /img/empty.gif HTTP/1.1" 304 - "http://www.easydrivers.at/bruck.leitha" "Mozilla/5.0 (Windows NT 6.1; WOW64; Trident/7.0; rv:11.0) like Gecko"
194.29.99.50 - - [04/Aug/2017:07:45:44 +0200] "GET /img/kursicon-share-pink.png HTTP/1.1" 304 - "http://www.easydrivers.at/bruck.leitha" "Mozilla/5.0 (Windows NT 6.1; WOW64; Trident/7.0; rv:11.0) like Gecko"
194.29.99.50 - - [04/Aug/2017:07:45:44 +0200] "GET /img/yellow-dots-vertical.png HTTP/1.1" 304 - "http://www.easydrivers.at/bruck.leitha" "Mozilla/5.0 (Windows NT 6.1; WOW64; Trident/7.0; rv:11.0) like Gecko"
194.29.99.50 - - [04/Aug/2017:07:45:44 +0200] "GET /img/bg-top-section.jpg HTTP/1.1" 304 - "http://www.easydrivers.at/bruck.leitha" "Mozilla/5.0 (Windows NT 6.1; WOW64; Trident/7.0; rv:11.0) like Gecko"
194.29.99.50 - - [04/Aug/2017:07:45:44 +0200] "GET /img/kursicon-print-pink.png HTTP/1.1" 304 - "http://www.easydrivers.at/bruck.leitha" "Mozilla/5.0 (Windows NT 6.1; WOW64; Trident/7.0; rv:11.0) like Gecko"
194.29.99.50 - - [04/Aug/2017:07:45:44 +0200] "GET /img/purple-dots-horizontal.png HTTP/1.1" 304 - "http://www.easydrivers.at/bruck.leitha" "Mozilla/5.0 (Windows NT 6.1; WOW64; Trident/7.0; rv:11.0) like Gecko"
194.29.99.50 - - [04/Aug/2017:07:45:44 +0200] "GET /img/ED_Logo.png HTTP/1.1" 304 - "http://www.easydrivers.at/bruck.leitha" "Mozilla/5.0 (Windows NT 6.1; WOW64; Trident/7.0; rv:11.0) like Gecko"
194.29.99.50 - - [04/Aug/2017:07:45:44 +0200] "GET /img/kursicon-download-pink.png HTTP/1.1" 304 - "http://www.easydrivers.at/bruck.leitha" "Mozilla/5.0 (Windows NT 6.1; WOW64; Trident/7.0; rv:11.0) like Gecko"
194.29.99.50 - - [04/Aug/2017:07:45:44 +0200] "GET /img/bg-footer.jpg HTTP/1.1" 304 - "http://www.easydrivers.at/bruck.leitha" "Mozilla/5.0 (Windows NT 6.1; WOW64; Trident/7.0; rv:11.0) like Gecko"
194.29.99.50 - - [04/Aug/2017:07:45:44 +0200] "GET /img/kursicon-phone-pink.png HTTP/1.1" 304 - "http://www.easydrivers.at/bruck.leitha" "Mozilla/5.0 (Windows NT 6.1; WOW64; Trident/7.0; rv:11.0) like Gecko"
185.162.47.96 - - [04/Aug/2017:07:45:45 +0200] "GET /perg HTTP/1.1" 200 3511 "-" "Mozilla/5.0 (Windows NT 10.0; WOW64; rv:41.0) Gecko/20100101 Firefox/41.0"
185.162.47.96 - - [04/Aug/2017:07:45:47 +0200] "GET /css/style.css HTTP/1.1" 200 5004 "http://www.easydrivers.at/perg" "Mozilla/5.0 (Windows NT 10.0; WOW64; rv:41.0) Gecko/20100101 Firefox/41.0"
185.162.47.96 - - [04/Aug/2017:07:45:47 +0200] "GET /javascript/jquery.customSelect.min.js HTTP/1.1" 200 912 "http://www.easydrivers.at/perg" "Mozilla/5.0 (Windows NT 10.0; WOW64; rv:41.0) Gecko/20100101 Firefox/41.0"
185.162.47.96 - - [04/Aug/2017:07:45:47 +0200] "GET /javascript/jquery.simplemodal.js HTTP/1.1" 200 3070 "http://www.easydrivers.at/perg" "Mozilla/5.0 (Windows NT 10.0; WOW64; rv:41.0) Gecko/20100101 Firefox/41.0"
185.162.47.96 - - [04/Aug/2017:07:45:47 +0200] "GET /javascript/jquery.cookie.js HTTP/1.1" 200 863 "http://www.easydrivers.at/perg" "Mozilla/5.0 (Windows NT 10.0; WOW64; rv:41.0) Gecko/20100101 Firefox/41.0"
185.162.47.96 - - [04/Aug/2017:07:45:47 +0200] "GET /javascript/portal.js?1221842734 HTTP/1.1" 200 3529 "http://www.easydrivers.at/perg" "Mozilla/5.0 (Windows NT 10.0; WOW64; rv:41.0) Gecko/20100101 Firefox/41.0"
185.162.47.96 - - [04/Aug/2017:07:45:47 +0200] "GET /javascript/fahrschule.js HTTP/1.1" 200 462 "http://www.easydrivers.at/perg" "Mozilla/5.0 (Windows NT 10.0; WOW64; rv:41.0) Gecko/20100101 Firefox/41.0"
185.162.47.96 - - [04/Aug/2017:07:45:47 +0200] "GET /javascript/lazyload.js HTTP/1.1" 200 1170 "http://www.easydrivers.at/perg" "Mozilla/5.0 (Windows NT 10.0; WOW64; rv:41.0) Gecko/20100101 Firefox/41.0"
185.162.47.96 - - [04/Aug/2017:07:45:47 +0200] "GET /img/close-button.png HTTP/1.1" 200 2237 "http://www.easydrivers.at/perg" "Mozilla/5.0 (Windows NT 10.0; WOW64; rv:41.0) Gecko/20100101 Firefox/41.0"
185.162.47.96 - - [04/Aug/2017:07:45:47 +0200] "GET /img/facebook-icon.png HTTP/1.1" 200 1506 "http://www.easydrivers.at/perg" "Mozilla/5.0 (Windows NT 10.0; WOW64; rv:41.0) Gecko/20100101 Firefox/41.0"
185.162.47.96 - - [04/Aug/2017:07:45:47 +0200] "GET /img/info-button.png HTTP/1.1" 200 738 "http://www.easydrivers.at/perg" "Mozilla/5.0 (Windows NT 10.0; WOW64; rv:41.0) Gecko/20100101 Firefox/41.0"
185.162.47.96 - - [04/Aug/2017:07:45:47 +0200] "GET /img/locator-icon.png HTTP/1.1" 200 1377 "http://www.easydrivers.at/perg" "Mozilla/5.0 (Windows NT 10.0; WOW64; rv:41.0) Gecko/20100101 Firefox/41.0"
185.162.47.96 - - [04/Aug/2017:07:45:47 +0200] "GET /img/ED_Logo.png HTTP/1.1" 200 3385 "http://www.easydrivers.at/css/style.css" "Mozilla/5.0 (Windows NT 10.0; WOW64; rv:41.0) Gecko/20100101 Firefox/41.0"
185.162.47.96 - - [04/Aug/2017:07:45:47 +0200] "GET /img/purple-dots-horizontal.png HTTP/1.1" 200 977 "http://www.easydrivers.at/css/style.css" "Mozilla/5.0 (Windows NT 10.0; WOW64; rv:41.0) Gecko/20100101 Firefox/41.0"
185.162.47.96 - - [04/Aug/2017:07:45:47 +0200] "GET /img/schweiz-icon.png HTTP/1.1" 200 1504 "http://www.easydrivers.at/perg" "Mozilla/5.0 (Windows NT 10.0; WOW64; rv:41.0) Gecko/20100101 Firefox/41.0"
185.162.47.96 - - [04/Aug/2017:07:45:47 +0200] "GET /img/yellow-dots-vertical.png HTTP/1.1" 200 981 "http://www.easydrivers.at/css/style.css" "Mozilla/5.0 (Windows NT 10.0; WOW64; rv:41.0) Gecko/20100101 Firefox/41.0"
185.162.47.96 - - [04/Aug/2017:07:45:47 +0200] "GET /img/bg-header.jpg HTTP/1.1" 200 38680 "http://www.easydrivers.at/css/style.css" "Mozilla/5.0 (Windows NT 10.0; WOW64; rv:41.0) Gecko/20100101 Firefox/41.0"
185.162.47.96 - - [04/Aug/2017:07:45:47 +0200] "GET /img/bg-top-section.jpg HTTP/1.1" 200 82172 "http://www.easydrivers.at/css/style.css" "Mozilla/5.0 (Windows NT 10.0; WOW64; rv:41.0) Gecko/20100101 Firefox/41.0"
185.162.47.96 - - [04/Aug/2017:07:45:47 +0200] "GET /img/submit-button.png HTTP/1.1" 200 1958 "http://www.easydrivers.at/perg" "Mozilla/5.0 (Windows NT 10.0; WOW64; rv:41.0) Gecko/20100101 Firefox/41.0"
185.162.47.96 - - [04/Aug/2017:07:45:47 +0200] "GET /img/empty.gif HTTP/1.1" 200 43 "http://www.easydrivers.at/perg" "Mozilla/5.0 (Windows NT 10.0; WOW64; rv:41.0) Gecko/20100101 Firefox/41.0"
185.162.47.96 - - [04/Aug/2017:07:45:47 +0200] "GET /cache/emu/images/easy-drivers-portal10280700/fahrsicherheitstraining-foto-playpng_160_90_0.png HTTP/1.1" 200 28455 "http://www.easydrivers.at/perg" "Mozilla/5.0 (Windows NT 10.0; WOW64; rv:41.0) Gecko/20100101 Firefox/41.0"
185.162.47.96 - - [04/Aug/2017:07:45:47 +0200] "GET /img/bg-footer.jpg HTTP/1.1" 200 31770 "http://www.easydrivers.at/css/style.css" "Mozilla/5.0 (Windows NT 10.0; WOW64; rv:41.0) Gecko/20100101 Firefox/41.0"
185.162.47.96 - - [04/Aug/2017:07:45:48 +0200] "GET /img/close-button-small.png HTTP/1.1" 200 1671 "http://www.easydrivers.at/perg" "Mozilla/5.0 (Windows NT 10.0; WOW64; rv:41.0) Gecko/20100101 Firefox/41.0"
185.162.47.96 - - [04/Aug/2017:07:45:48 +0200] "GET /img/kursicon-print-pink.png HTTP/1.1" 200 1125 "http://www.easydrivers.at/perg" "Mozilla/5.0 (Windows NT 10.0; WOW64; rv:41.0) Gecko/20100101 Firefox/41.0"
185.162.47.96 - - [04/Aug/2017:07:45:48 +0200] "GET /img/kursicon-download-pink.png HTTP/1.1" 200 1213 "http://www.easydrivers.at/perg" "Mozilla/5.0 (Windows NT 10.0; WOW64; rv:41.0) Gecko/20100101 Firefox/41.0"
185.162.47.96 - - [04/Aug/2017:07:45:48 +0200] "GET /img/kursicon-share-pink.png HTTP/1.1" 200 1277 "http://www.easydrivers.at/perg" "Mozilla/5.0 (Windows NT 10.0; WOW64; rv:41.0) Gecko/20100101 Firefox/41.0"
185.162.47.96 - - [04/Aug/2017:07:45:48 +0200] "GET /img/kursicon-phone-pink.png HTTP/1.1" 200 1286 "http://www.easydrivers.at/perg" "Mozilla/5.0 (Windows NT 10.0; WOW64; rv:41.0) Gecko/20100101 Firefox/41.0"
185.162.47.96 - - [04/Aug/2017:07:45:48 +0200] "GET /css/print.css HTTP/1.1" 200 967 "http://www.easydrivers.at/perg" "Mozilla/5.0 (Windows NT 10.0; WOW64; rv:41.0) Gecko/20100101 Firefox/41.0"
91.113.255.164 - - [04/Aug/2017:07:46:10 +0200] "GET /voesendorf/10288807?FS=B&gclid=EAIaIQobChMI59-VmvC81QIVj24bCh0rKAd3EAAYASAAEgK-QPD_BwE HTTP/1.1" 200 5421 "https://www.google.at/" "Mozilla/5.0 (Windows NT 6.1; rv:54.0) Gecko/20100101 Firefox/54.0"
91.113.255.164 - - [04/Aug/2017:07:46:13 +0200] "GET /css/style.css HTTP/1.1" 200 5004 "http://www.easydrivers.at/voesendorf/10288807?FS=B&gclid=EAIaIQobChMI59-VmvC81QIVj24bCh0rKAd3EAAYASAAEgK-QPD_BwE" "Mozilla/5.0 (Windows NT 6.1; rv:54.0) Gecko/20100101 Firefox/54.0"
91.113.255.164 - - [04/Aug/2017:07:46:14 +0200] "GET /javascript/portal.js?1221842734 HTTP/1.1" 200 3529 "http://www.easydrivers.at/voesendorf/10288807?FS=B&gclid=EAIaIQobChMI59-VmvC81QIVj24bCh0rKAd3EAAYASAAEgK-QPD_BwE" "Mozilla/5.0 (Windows NT 6.1; rv:54.0) Gecko/20100101 Firefox/54.0"
91.113.255.164 - - [04/Aug/2017:07:46:14 +0200] "GET /javascript/jquery.cookie.js HTTP/1.1" 200 863 "http://www.easydrivers.at/voesendorf/10288807?FS=B&gclid=EAIaIQobChMI59-VmvC81QIVj24bCh0rKAd3EAAYASAAEgK-QPD_BwE" "Mozilla/5.0 (Windows NT 6.1; rv:54.0) Gecko/20100101 Firefox/54.0"
91.113.255.164 - - [04/Aug/2017:07:46:14 +0200] "GET /javascript/jquery.simplemodal.js HTTP/1.1" 200 3070 "http://www.easydrivers.at/voesendorf/10288807?FS=B&gclid=EAIaIQobChMI59-VmvC81QIVj24bCh0rKAd3EAAYASAAEgK-QPD_BwE" "Mozilla/5.0 (Windows NT 6.1; rv:54.0) Gecko/20100101 Firefox/54.0"
91.113.255.164 - - [04/Aug/2017:07:46:14 +0200] "GET /javascript/jquery.customSelect.min.js HTTP/1.1" 200 912 "http://www.easydrivers.at/voesendorf/10288807?FS=B&gclid=EAIaIQobChMI59-VmvC81QIVj24bCh0rKAd3EAAYASAAEgK-QPD_BwE" "Mozilla/5.0 (Windows NT 6.1; rv:54.0) Gecko/20100101 Firefox/54.0"
91.113.255.164 - - [04/Aug/2017:07:46:14 +0200] "GET /css/print.css HTTP/1.1" 200 967 "http://www.easydrivers.at/voesendorf/10288807?FS=B&gclid=EAIaIQobChMI59-VmvC81QIVj24bCh0rKAd3EAAYASAAEgK-QPD_BwE" "Mozilla/5.0 (Windows NT 6.1; rv:54.0) Gecko/20100101 Firefox/54.0"
178.190.5.26 - - [04/Aug/2017:07:46:12 +0200] "GET /ennstal.schladming/kurse HTTP/1.1" 200 4201 "http://www.easydrivers.at/ennstal.schladming/pruefungen" "Mozilla/5.0 (Windows NT 6.0) AppleWebKit/537.36 (KHTML, like Gecko) Chrome/49.0.2623.112 Safari/537.36"
178.190.5.26 - - [04/Aug/2017:07:46:15 +0200] "GET /binaries/easy-drivers-portal/traktor4jpg.jpg HTTP/1.1" 200 110863 "http://www.easydrivers.at/ennstal.schladming/kurse" "Mozilla/5.0 (Windows NT 6.0) AppleWebKit/537.36 (KHTML, like Gecko) Chrome/49.0.2623.112 Safari/537.36"
91.113.255.164 - - [04/Aug/2017:07:46:17 +0200] "GET /javascript/lazyload.js HTTP/1.1" 200 1170 "http://www.easydrivers.at/voesendorf/10288807?FS=B&gclid=EAIaIQobChMI59-VmvC81QIVj24bCh0rKAd3EAAYASAAEgK-QPD_BwE" "Mozilla/5.0 (Windows NT 6.1; rv:54.0) Gecko/20100101 Firefox/54.0"
178.190.5.26 - - [04/Aug/2017:07:46:15 +0200] "POST /loadkursliste HTTP/1.1" 200 952 "http://www.easydrivers.at/ennstal.schladming/kurse" "Mozilla/5.0 (Windows NT 6.0) AppleWebKit/537.36 (KHTML, like Gecko) Chrome/49.0.2623.112 Safari/537.36"
91.113.255.164 - - [04/Aug/2017:07:46:17 +0200] "GET /css/showLoading.css HTTP/1.1" 200 219 "http://www.easydrivers.at/voesendorf/10288807?FS=B&gclid=EAIaIQobChMI59-VmvC81QIVj24bCh0rKAd3EAAYASAAEgK-QPD_BwE" "Mozilla/5.0 (Windows NT 6.1; rv:54.0) Gecko/20100101 Firefox/54.0"
91.113.255.164 - - [04/Aug/2017:07:46:17 +0200] "GET /javascript/fahrschule.js HTTP/1.1" 200 462 "http://www.easydrivers.at/voesendorf/10288807?FS=B&gclid=EAIaIQobChMI59-VmvC81QIVj24bCh0rKAd3EAAYASAAEgK-QPD_BwE" "Mozilla/5.0 (Windows NT 6.1; rv:54.0) Gecko/20100101 Firefox/54.0"
91.113.255.164 - - [04/Aug/2017:07:46:17 +0200] "GET /javascript/suche.js HTTP/1.1" 200 209 "http://www.easydrivers.at/voesendorf/10288807?FS=B&gclid=EAIaIQobChMI59-VmvC81QIVj24bCh0rKAd3EAAYASAAEgK-QPD_BwE" "Mozilla/5.0 (Windows NT 6.1; rv:54.0) Gecko/20100101 Firefox/54.0"
91.113.255.164 - - [04/Aug/2017:07:46:17 +0200] "GET /javascript/jquery.showLoading.min.js HTTP/1.1" 200 1136 "http://www.easydrivers.at/voesendorf/10288807?FS=B&gclid=EAIaIQobChMI59-VmvC81QIVj24bCh0rKAd3EAAYASAAEgK-QPD_BwE" "Mozilla/5.0 (Windows NT 6.1; rv:54.0) Gecko/20100101 Firefox/54.0"
91.113.255.164 - - [04/Aug/2017:07:46:17 +0200] "GET /img/new_favicon.ico HTTP/1.1" 200 1150 "-" "Mozilla/5.0 (Windows NT 6.1; rv:54.0) Gecko/20100101 Firefox/54.0"
91.113.255.164 - - [04/Aug/2017:07:46:17 +0200] "GET /javascript/jquery.base64.min.js HTTP/1.1" 200 37135 "http://www.easydrivers.at/voesendorf/10288807?FS=B&gclid=EAIaIQobChMI59-VmvC81QIVj24bCh0rKAd3EAAYASAAEgK-QPD_BwE" "Mozilla/5.0 (Windows NT 6.1; rv:54.0) Gecko/20100101 Firefox/54.0"
194.29.99.50 - - [04/Aug/2017:07:46:17 +0200] "GET /ueberuns HTTP/1.1" 200 3256 "http://www.easydrivers.at/bruck.leitha" "Mozilla/5.0 (Windows NT 6.1; WOW64; Trident/7.0; rv:11.0) like Gecko"
194.29.99.50 - - [04/Aug/2017:07:46:18 +0200] "GET /javascript/history.js HTTP/1.1" 304 - "http://www.easydrivers.at/ueberuns" "Mozilla/5.0 (Windows NT 6.1; WOW64; Trident/7.0; rv:11.0) like Gecko"
194.29.99.50 - - [04/Aug/2017:07:46:18 +0200] "GET /binaries/easy-drivers-portal/edwebhistoryillu392x392radjpg.jpg HTTP/1.1" 304 - "http://www.easydrivers.at/ueberuns" "Mozilla/5.0 (Windows NT 6.1; WOW64; Trident/7.0; rv:11.0) like Gecko"
194.29.99.50 - - [04/Aug/2017:07:46:18 +0200] "GET /binaries/easy-drivers-portal/edwebhistoryillu392x3923jpg.jpg HTTP/1.1" 304 - "http://www.easydrivers.at/ueberuns" "Mozilla/5.0 (Windows NT 6.1; WOW64; Trident/7.0; rv:11.0) like Gecko"
194.29.99.50 - - [04/Aug/2017:07:46:18 +0200] "GET /binaries/easy-drivers-portal/edwebhistoryillu392x3922jpg.jpg HTTP/1.1" 304 - "http://www.easydrivers.at/ueberuns" "Mozilla/5.0 (Windows NT 6.1; WOW64; Trident/7.0; rv:11.0) like Gecko"
194.29.99.50 - - [04/Aug/2017:07:46:18 +0200] "GET /binaries/easy-drivers-portal/edwebhistoryillu392x3924jpg.jpg HTTP/1.1" 304 - "http://www.easydrivers.at/ueberuns" "Mozilla/5.0 (Windows NT 6.1; WOW64; Trident/7.0; rv:11.0) like Gecko"
194.29.99.50 - - [04/Aug/2017:07:46:18 +0200] "GET /binaries/easy-drivers-portal/edwebhistoryillu392x3925jpg.jpg HTTP/1.1" 304 - "http://www.easydrivers.at/ueberuns" "Mozilla/5.0 (Windows NT 6.1; WOW64; Trident/7.0; rv:11.0) like Gecko"
194.29.99.50 - - [04/Aug/2017:07:46:18 +0200] "GET /css/history.css HTTP/1.1" 304 - "http://www.easydrivers.at/ueberuns" "Mozilla/5.0 (Windows NT 6.1; WOW64; Trident/7.0; rv:11.0) like Gecko"
194.29.99.50 - - [04/Aug/2017:07:46:19 +0200] "GET /binaries/easy-drivers-portal/edwebhistoryillu392x3929jpg.jpg HTTP/1.1" 304 - "http://www.easydrivers.at/ueberuns" "Mozilla/5.0 (Windows NT 6.1; WOW64; Trident/7.0; rv:11.0) like Gecko"
194.29.99.50 - - [04/Aug/2017:07:46:19 +0200] "GET /binaries/easy-drivers-portal/edwebhistoryillu392x3926jpg.jpg HTTP/1.1" 304 - "http://www.easydrivers.at/ueberuns" "Mozilla/5.0 (Windows NT 6.1; WOW64; Trident/7.0; rv:11.0) like Gecko"
194.29.99.50 - - [04/Aug/2017:07:46:19 +0200] "GET /binaries/easy-drivers-portal/edwebhistoryillu392x39211jpg.jpg HTTP/1.1" 304 - "http://www.easydrivers.at/ueberuns" "Mozilla/5.0 (Windows NT 6.1; WOW64; Trident/7.0; rv:11.0) like Gecko"
194.29.99.50 - - [04/Aug/2017:07:46:19 +0200] "GET /binaries/easy-drivers-portal/edwebhistoryillu392x39220kpng.png HTTP/1.1" 304 - "http://www.easydrivers.at/ueberuns" "Mozilla/5.0 (Windows NT 6.1; WOW64; Trident/7.0; rv:11.0) like Gecko"
194.29.99.50 - - [04/Aug/2017:07:46:19 +0200] "GET /binaries/easy-drivers-portal/edwebhistoryillu392x3927jpg.jpg HTTP/1.1" 304 - "http://www.easydrivers.at/ueberuns" "Mozilla/5.0 (Windows NT 6.1; WOW64; Trident/7.0; rv:11.0) like Gecko"
194.29.99.50 - - [04/Aug/2017:07:46:19 +0200] "GET /binaries/easy-drivers-portal/edwebhistoryillu392x39210jpg.jpg HTTP/1.1" 304 - "http://www.easydrivers.at/ueberuns" "Mozilla/5.0 (Windows NT 6.1; WOW64; Trident/7.0; rv:11.0) like Gecko"
194.29.99.50 - - [04/Aug/2017:07:46:19 +0200] "GET /binaries/easy-drivers-portal/edwebhistoryillu392x3928jpg.jpg HTTP/1.1" 304 - "http://www.easydrivers.at/ueberuns" "Mozilla/5.0 (Windows NT 6.1; WOW64; Trident/7.0; rv:11.0) like Gecko"
91.113.255.164 - - [04/Aug/2017:07:46:19 +0200] "GET /img/info-button.png HTTP/1.1" 200 738 "http://www.easydrivers.at/voesendorf/10288807?FS=B&gclid=EAIaIQobChMI59-VmvC81QIVj24bCh0rKAd3EAAYASAAEgK-QPD_BwE" "Mozilla/5.0 (Windows NT 6.1; rv:54.0) Gecko/20100101 Firefox/54.0"
216.244.66.202 - - [04/Aug/2017:07:46:17 +0200] "GET /berndorf/A-Kurs-2-Einheiten-Juli-2014?FS=A2B HTTP/1.1" 410 11149 "-" "Mozilla/5.0 (compatible; DotBot/1.1; http://www.opensiteexplorer.org/dotbot, help@moz.com)"
91.113.255.164 - - [04/Aug/2017:07:46:19 +0200] "GET /img/kursicon-print.png HTTP/1.1" 200 1184 "http://www.easydrivers.at/voesendorf/10288807?FS=B&gclid=EAIaIQobChMI59-VmvC81QIVj24bCh0rKAd3EAAYASAAEgK-QPD_BwE" "Mozilla/5.0 (Windows NT 6.1; rv:54.0) Gecko/20100101 Firefox/54.0"
91.113.255.164 - - [04/Aug/2017:07:46:19 +0200] "GET /img/kursicon-download.png HTTP/1.1" 200 1218 "http://www.easydrivers.at/voesendorf/10288807?FS=B&gclid=EAIaIQobChMI59-VmvC81QIVj24bCh0rKAd3EAAYASAAEgK-QPD_BwE" "Mozilla/5.0 (Windows NT 6.1; rv:54.0) Gecko/20100101 Firefox/54.0"
91.113.255.164 - - [04/Aug/2017:07:46:19 +0200] "GET /img/close-button-small.png HTTP/1.1" 200 1671 "http://www.easydrivers.at/voesendorf/10288807?FS=B&gclid=EAIaIQobChMI59-VmvC81QIVj24bCh0rKAd3EAAYASAAEgK-QPD_BwE" "Mozilla/5.0 (Windows NT 6.1; rv:54.0) Gecko/20100101 Firefox/54.0"
91.113.255.164 - - [04/Aug/2017:07:46:19 +0200] "GET /binaries/easy-drivers-portal/pkw5jpg.jpg HTTP/1.1" 200 96177 "http://www.easydrivers.at/voesendorf/10288807?FS=B&gclid=EAIaIQobChMI59-VmvC81QIVj24bCh0rKAd3EAAYASAAEgK-QPD_BwE" "Mozilla/5.0 (Windows NT 6.1; rv:54.0) Gecko/20100101 Firefox/54.0"
91.113.255.164 - - [04/Aug/2017:07:46:19 +0200] "GET /img/locator-icon.png HTTP/1.1" 200 1377 "http://www.easydrivers.at/voesendorf/10288807?FS=B&gclid=EAIaIQobChMI59-VmvC81QIVj24bCh0rKAd3EAAYASAAEgK-QPD_BwE" "Mozilla/5.0 (Windows NT 6.1; rv:54.0) Gecko/20100101 Firefox/54.0"
91.113.255.164 - - [04/Aug/2017:07:46:21 +0200] "GET /img/ED_Logo.png HTTP/1.1" 200 3385 "http://www.easydrivers.at/css/style.css" "Mozilla/5.0 (Windows NT 6.1; rv:54.0) Gecko/20100101 Firefox/54.0"
91.113.255.164 - - [04/Aug/2017:07:46:21 +0200] "GET /img/bg-header.jpg HTTP/1.1" 200 38680 "http://www.easydrivers.at/css/style.css" "Mozilla/5.0 (Windows NT 6.1; rv:54.0) Gecko/20100101 Firefox/54.0"
91.113.255.164 - - [04/Aug/2017:07:46:21 +0200] "GET /img/submit-button.png HTTP/1.1" 200 1958 "http://www.easydrivers.at/voesendorf/10288807?FS=B&gclid=EAIaIQobChMI59-VmvC81QIVj24bCh0rKAd3EAAYASAAEgK-QPD_BwE" "Mozilla/5.0 (Windows NT 6.1; rv:54.0) Gecko/20100101 Firefox/54.0"
91.113.255.164 - - [04/Aug/2017:07:46:21 +0200] "GET /img/top-image-overlay.png HTTP/1.1" 200 20650 "http://www.easydrivers.at/css/style.css" "Mozilla/5.0 (Windows NT 6.1; rv:54.0) Gecko/20100101 Firefox/54.0"
91.113.255.164 - - [04/Aug/2017:07:46:21 +0200] "GET /img/purple-dots-horizontal.png HTTP/1.1" 200 977 "http://www.easydrivers.at/css/style.css" "Mozilla/5.0 (Windows NT 6.1; rv:54.0) Gecko/20100101 Firefox/54.0"
91.113.255.164 - - [04/Aug/2017:07:46:21 +0200] "GET /img/bg-top-section.jpg HTTP/1.1" 200 82172 "http://www.easydrivers.at/css/style.css" "Mozilla/5.0 (Windows NT 6.1; rv:54.0) Gecko/20100101 Firefox/54.0"
91.113.255.164 - - [04/Aug/2017:07:46:22 +0200] "GET /img/arrow-up.png HTTP/1.1" 200 1081 "http://www.easydrivers.at/css/style.css" "Mozilla/5.0 (Windows NT 6.1; rv:54.0) Gecko/20100101 Firefox/54.0"
91.113.255.164 - - [04/Aug/2017:07:46:22 +0200] "GET /img/bg-footer.jpg HTTP/1.1" 200 31770 "http://www.easydrivers.at/css/style.css" "Mozilla/5.0 (Windows NT 6.1; rv:54.0) Gecko/20100101 Firefox/54.0"
91.113.255.164 - - [04/Aug/2017:07:46:22 +0200] "GET /img/arrow-left.png HTTP/1.1" 200 1015 "http://www.easydrivers.at/css/style.css" "Mozilla/5.0 (Windows NT 6.1; rv:54.0) Gecko/20100101 Firefox/54.0"
91.113.255.164 - - [04/Aug/2017:07:46:22 +0200] "GET /img/smallicon-phone.png HTTP/1.1" 200 3056 "http://www.easydrivers.at/css/style.css" "Mozilla/5.0 (Windows NT 6.1; rv:54.0) Gecko/20100101 Firefox/54.0"
91.113.255.164 - - [04/Aug/2017:07:46:22 +0200] "GET /img/bg-yellow.jpg HTTP/1.1" 200 2250 "http://www.easydrivers.at/css/style.css" "Mozilla/5.0 (Windows NT 6.1; rv:54.0) Gecko/20100101 Firefox/54.0"
91.113.255.164 - - [04/Aug/2017:07:46:22 +0200] "GET /img/smallicon-mail.png HTTP/1.1" 200 1341 "http://www.easydrivers.at/css/style.css" "Mozilla/5.0 (Windows NT 6.1; rv:54.0) Gecko/20100101 Firefox/54.0"
91.113.255.164 - - [04/Aug/2017:07:46:23 +0200] "GET /img/kursicon-print-pink.png HTTP/1.1" 200 1125 "http://www.easydrivers.at/voesendorf/10288807?FS=B&gclid=EAIaIQobChMI59-VmvC81QIVj24bCh0rKAd3EAAYASAAEgK-QPD_BwE" "Mozilla/5.0 (Windows NT 6.1; rv:54.0) Gecko/20100101 Firefox/54.0"
91.113.255.164 - - [04/Aug/2017:07:46:23 +0200] "GET /img/kursicon-download-pink.png HTTP/1.1" 200 1213 "http://www.easydrivers.at/voesendorf/10288807?FS=B&gclid=EAIaIQobChMI59-VmvC81QIVj24bCh0rKAd3EAAYASAAEgK-QPD_BwE" "Mozilla/5.0 (Windows NT 6.1; rv:54.0) Gecko/20100101 Firefox/54.0"
91.113.255.164 - - [04/Aug/2017:07:46:23 +0200] "GET /img/kursicon-share-pink.png HTTP/1.1" 200 1277 "http://www.easydrivers.at/voesendorf/10288807?FS=B&gclid=EAIaIQobChMI59-VmvC81QIVj24bCh0rKAd3EAAYASAAEgK-QPD_BwE" "Mozilla/5.0 (Windows NT 6.1; rv:54.0) Gecko/20100101 Firefox/54.0"
91.113.255.164 - - [04/Aug/2017:07:46:23 +0200] "GET /img/kursicon-phone-pink.png HTTP/1.1" 200 1286 "http://www.easydrivers.at/voesendorf/10288807?FS=B&gclid=EAIaIQobChMI59-VmvC81QIVj24bCh0rKAd3EAAYASAAEgK-QPD_BwE" "Mozilla/5.0 (Windows NT 6.1; rv:54.0) Gecko/20100101 Firefox/54.0"
91.113.255.164 - - [04/Aug/2017:07:46:23 +0200] "GET /img/close-button.png HTTP/1.1" 200 2237 "http://www.easydrivers.at/voesendorf/10288807?FS=B&gclid=EAIaIQobChMI59-VmvC81QIVj24bCh0rKAd3EAAYASAAEgK-QPD_BwE" "Mozilla/5.0 (Windows NT 6.1; rv:54.0) Gecko/20100101 Firefox/54.0"
91.113.255.164 - - [04/Aug/2017:07:46:23 +0200] "GET /img/facebook-icon.png HTTP/1.1" 200 1506 "http://www.easydrivers.at/voesendorf/10288807?FS=B&gclid=EAIaIQobChMI59-VmvC81QIVj24bCh0rKAd3EAAYASAAEgK-QPD_BwE" "Mozilla/5.0 (Windows NT 6.1; rv:54.0) Gecko/20100101 Firefox/54.0"
91.113.255.164 - - [04/Aug/2017:07:46:24 +0200] "GET /img/kursicon-share.png HTTP/1.1" 200 1302 "http://www.easydrivers.at/voesendorf/10288807?FS=B&gclid=EAIaIQobChMI59-VmvC81QIVj24bCh0rKAd3EAAYASAAEgK-QPD_BwE" "Mozilla/5.0 (Windows NT 6.1; rv:54.0) Gecko/20100101 Firefox/54.0"
91.113.255.164 - - [04/Aug/2017:07:46:24 +0200] "GET /img/kursicon-phone.png HTTP/1.1" 200 1287 "http://www.easydrivers.at/voesendorf/10288807?FS=B&gclid=EAIaIQobChMI59-VmvC81QIVj24bCh0rKAd3EAAYASAAEgK-QPD_BwE" "Mozilla/5.0 (Windows NT 6.1; rv:54.0) Gecko/20100101 Firefox/54.0"
91.113.255.164 - - [04/Aug/2017:07:46:24 +0200] "GET /img/schweiz-icon.png HTTP/1.1" 200 1504 "http://www.easydrivers.at/voesendorf/10288807?FS=B&gclid=EAIaIQobChMI59-VmvC81QIVj24bCh0rKAd3EAAYASAAEgK-QPD_BwE" "Mozilla/5.0 (Windows NT 6.1; rv:54.0) Gecko/20100101 Firefox/54.0"
185.180.12.132 - - [04/Aug/2017:07:46:23 +0200] "GET /fuehrerscheine/motorrad/C111 HTTP/1.1" 200 8761 "https://www.google.at/" "Mozilla/5.0 (Linux; Android 7.0; SAMSUNG SM-G930A Build/NRD90M) AppleWebKit/537.36 (KHTML, like Gecko) SamsungBrowser/5.4 Chrome/51.0.2704.106 Mobile Safari/537.36"
185.180.12.132 - - [04/Aug/2017:07:46:25 +0200] "GET /css/mobile.css HTTP/1.1" 200 13499 "http://www.easydrivers.at/fuehrerscheine/motorrad/C111" "Mozilla/5.0 (Linux; Android 7.0; SAMSUNG SM-G930A Build/NRD90M) AppleWebKit/537.36 (KHTML, like Gecko) SamsungBrowser/5.4 Chrome/51.0.2704.106 Mobile Safari/537.36"
185.180.12.132 - - [04/Aug/2017:07:46:25 +0200] "GET /javascript/jquery-1.9.1.min.js HTTP/1.1" 200 92630 "http://www.easydrivers.at/fuehrerscheine/motorrad/C111" "Mozilla/5.0 (Linux; Android 7.0; SAMSUNG SM-G930A Build/NRD90M) AppleWebKit/537.36 (KHTML, like Gecko) SamsungBrowser/5.4 Chrome/51.0.2704.106 Mobile Safari/537.36"
185.180.12.132 - - [04/Aug/2017:07:46:25 +0200] "GET /javascript/jquery.cookie.js HTTP/1.1" 200 1876 "http://www.easydrivers.at/fuehrerscheine/motorrad/C111" "Mozilla/5.0 (Linux; Android 7.0; SAMSUNG SM-G930A Build/NRD90M) AppleWebKit/537.36 (KHTML, like Gecko) SamsungBrowser/5.4 Chrome/51.0.2704.106 Mobile Safari/537.36"
185.180.12.132 - - [04/Aug/2017:07:46:25 +0200] "GET /javascript/jquery.simplemodal.js HTTP/1.1" 200 9776 "http://www.easydrivers.at/fuehrerscheine/motorrad/C111" "Mozilla/5.0 (Linux; Android 7.0; SAMSUNG SM-G930A Build/NRD90M) AppleWebKit/537.36 (KHTML, like Gecko) SamsungBrowser/5.4 Chrome/51.0.2704.106 Mobile Safari/537.36"
185.180.12.132 - - [04/Aug/2017:07:46:25 +0200] "GET /javascript/lazyload.js HTTP/1.1" 200 2726 "http://www.easydrivers.at/fuehrerscheine/motorrad/C111" "Mozilla/5.0 (Linux; Android 7.0; SAMSUNG SM-G930A Build/NRD90M) AppleWebKit/537.36 (KHTML, like Gecko) SamsungBrowser/5.4 Chrome/51.0.2704.106 Mobile Safari/537.36"
185.180.12.132 - - [04/Aug/2017:07:46:25 +0200] "GET /javascript/mobile-menu.js HTTP/1.1" 200 4534 "http://www.easydrivers.at/fuehrerscheine/motorrad/C111" "Mozilla/5.0 (Linux; Android 7.0; SAMSUNG SM-G930A Build/NRD90M) AppleWebKit/537.36 (KHTML, like Gecko) SamsungBrowser/5.4 Chrome/51.0.2704.106 Mobile Safari/537.36"
194.29.99.50 - - [04/Aug/2017:07:46:24 +0200] "GET /impressum HTTP/1.1" 200 5874 "http://www.easydrivers.at/ueberuns" "Mozilla/5.0 (Windows NT 6.1; WOW64; Trident/7.0; rv:11.0) like Gecko"
194.29.99.50 - - [04/Aug/2017:07:46:26 +0200] "GET /img/top-image-overlay.png HTTP/1.1" 304 - "http://www.easydrivers.at/impressum" "Mozilla/5.0 (Windows NT 6.1; WOW64; Trident/7.0; rv:11.0) like Gecko"
185.180.12.132 - - [04/Aug/2017:07:46:26 +0200] "GET /img/mobile/bg-header.jpg HTTP/1.1" 200 19741 "http://www.easydrivers.at/fuehrerscheine/motorrad/C111" "Mozilla/5.0 (Linux; Android 7.0; SAMSUNG SM-G930A Build/NRD90M) AppleWebKit/537.36 (KHTML, like Gecko) SamsungBrowser/5.4 Chrome/51.0.2704.106 Mobile Safari/537.36"
185.180.12.132 - - [04/Aug/2017:07:46:26 +0200] "GET /img/mobile/menu-button.png HTTP/1.1" 200 1746 "http://www.easydrivers.at/fuehrerscheine/motorrad/C111" "Mozilla/5.0 (Linux; Android 7.0; SAMSUNG SM-G930A Build/NRD90M) AppleWebKit/537.36 (KHTML, like Gecko) SamsungBrowser/5.4 Chrome/51.0.2704.106 Mobile Safari/537.36"
185.180.12.132 - - [04/Aug/2017:07:46:26 +0200] "GET /img/mobile/close-button.png HTTP/1.1" 200 2411 "http://www.easydrivers.at/fuehrerscheine/motorrad/C111" "Mozilla/5.0 (Linux; Android 7.0; SAMSUNG SM-G930A Build/NRD90M) AppleWebKit/537.36 (KHTML, like Gecko) SamsungBrowser/5.4 Chrome/51.0.2704.106 Mobile Safari/537.36"
185.180.12.132 - - [04/Aug/2017:07:46:27 +0200] "GET /img/mobile/easydrivers-logo-mobile.png HTTP/1.1" 200 10766 "http://www.easydrivers.at/fuehrerscheine/motorrad/C111" "Mozilla/5.0 (Linux; Android 7.0; SAMSUNG SM-G930A Build/NRD90M) AppleWebKit/537.36 (KHTML, like Gecko) SamsungBrowser/5.4 Chrome/51.0.2704.106 Mobile Safari/537.36"
185.180.12.132 - - [04/Aug/2017:07:46:27 +0200] "GET /img/mobile/bg-menu.jpg HTTP/1.1" 200 1698 "http://www.easydrivers.at/fuehrerscheine/motorrad/C111" "Mozilla/5.0 (Linux; Android 7.0; SAMSUNG SM-G930A Build/NRD90M) AppleWebKit/537.36 (KHTML, like Gecko) SamsungBrowser/5.4 Chrome/51.0.2704.106 Mobile Safari/537.36"
185.180.12.132 - - [04/Aug/2017:07:46:27 +0200] "GET /img/mobile/facebook-icon.png HTTP/1.1" 200 1902 "http://www.easydrivers.at/fuehrerscheine/motorrad/C111" "Mozilla/5.0 (Linux; Android 7.0; SAMSUNG SM-G930A Build/NRD90M) AppleWebKit/537.36 (KHTML, like Gecko) SamsungBrowser/5.4 Chrome/51.0.2704.106 Mobile Safari/537.36"
185.180.12.132 - - [04/Aug/2017:07:46:27 +0200] "GET /img/mobile/pfeil-links-small.png HTTP/1.1" 200 1065 "http://www.easydrivers.at/fuehrerscheine/motorrad/C111" "Mozilla/5.0 (Linux; Android 7.0; SAMSUNG SM-G930A Build/NRD90M) AppleWebKit/537.36 (KHTML, like Gecko) SamsungBrowser/5.4 Chrome/51.0.2704.106 Mobile Safari/537.36"
185.180.12.132 - - [04/Aug/2017:07:46:27 +0200] "GET /img/mobile/bg-yellow.jpg HTTP/1.1" 200 1569 "http://www.easydrivers.at/fuehrerscheine/motorrad/C111" "Mozilla/5.0 (Linux; Android 7.0; SAMSUNG SM-G930A Build/NRD90M) AppleWebKit/537.36 (KHTML, like Gecko) SamsungBrowser/5.4 Chrome/51.0.2704.106 Mobile Safari/537.36"
178.190.5.26 - - [04/Aug/2017:07:46:24 +0200] "GET /ennstal.schladming/pruefungen HTTP/1.1" 200 3235 "https://www.google.at/" "Mozilla/5.0 (Windows NT 6.0) AppleWebKit/537.36 (KHTML, like Gecko) Chrome/49.0.2623.112 Safari/537.36"
178.190.5.26 - - [04/Aug/2017:07:46:27 +0200] "GET /binaries/easy-drivers-portal/motorrad6jpg.jpg HTTP/1.1" 200 83216 "http://www.easydrivers.at/ennstal.schladming/pruefungen" "Mozilla/5.0 (Windows NT 6.0) AppleWebKit/537.36 (KHTML, like Gecko) Chrome/49.0.2623.112 Safari/537.36"
185.180.12.132 - - [04/Aug/2017:07:46:27 +0200] "GET /img/mobile/pfeil-rechts-small.png HTTP/1.1" 200 1056 "http://www.easydrivers.at/fuehrerscheine/motorrad/C111" "Mozilla/5.0 (Linux; Android 7.0; SAMSUNG SM-G930A Build/NRD90M) AppleWebKit/537.36 (KHTML, like Gecko) SamsungBrowser/5.4 Chrome/51.0.2704.106 Mobile Safari/537.36"
216.244.66.202 - - [04/Aug/2017:07:46:26 +0200] "GET /brigittenau/10242628 HTTP/1.1" 410 11050 "-" "Mozilla/5.0 (compatible; DotBot/1.1; http://www.opensiteexplorer.org/dotbot, help@moz.com)"
178.190.5.26 - - [04/Aug/2017:07:46:31 +0200] "GET /ennstal.schladming/kurse HTTP/1.1" 200 4200 "http://www.easydrivers.at/ennstal.schladming/pruefungen" "Mozilla/5.0 (Windows NT 6.0) AppleWebKit/537.36 (KHTML, like Gecko) Chrome/49.0.2623.112 Safari/537.36"
178.190.5.26 - - [04/Aug/2017:07:46:34 +0200] "POST /loadkursliste HTTP/1.1" 200 952 "http://www.easydrivers.at/ennstal.schladming/kurse" "Mozilla/5.0 (Windows NT 6.0) AppleWebKit/537.36 (KHTML, like Gecko) Chrome/49.0.2623.112 Safari/537.36"
178.190.5.26 - - [04/Aug/2017:07:46:42 +0200] "POST /loadkursliste HTTP/1.1" 200 959 "http://www.easydrivers.at/ennstal.schladming/kurse" "Mozilla/5.0 (Windows NT 6.0) AppleWebKit/537.36 (KHTML, like Gecko) Chrome/49.0.2623.112 Safari/537.36"
40.77.167.99 - - [04/Aug/2017:07:46:45 +0200] "GET /guessing/10284389?FS=B-L HTTP/1.1" 410 3406 "-" "Mozilla/5.0 (compatible; bingbot/2.0; +http://www.bing.com/bingbot.htm)"
178.190.5.26 - - [04/Aug/2017:07:46:48 +0200] "GET /ennstal.schladming/kk-07-08-2017?FS=B-L17 HTTP/1.1" 200 6218 "http://www.easydrivers.at/ennstal.schladming/kurse" "Mozilla/5.0 (Windows NT 6.0) AppleWebKit/537.36 (KHTML, like Gecko) Chrome/49.0.2623.112 Safari/537.36"
178.190.5.26 - - [04/Aug/2017:07:46:50 +0200] "GET /binaries/easy-drivers-portal/pkw1jpg.jpg HTTP/1.1" 200 88975 "http://www.easydrivers.at/ennstal.schladming/kk-07-08-2017?FS=B-L17" "Mozilla/5.0 (Windows NT 6.0) AppleWebKit/537.36 (KHTML, like Gecko) Chrome/49.0.2623.112 Safari/537.36"
178.190.5.26 - - [04/Aug/2017:07:46:49 +0200] "GET /ennstal.schladming/kurseennstal.schladming/kk-07-08-2017?FS=B-L17&print=true HTTP/1.1" 200 6244 "http://www.easydrivers.at/ennstal.schladming/kurse" "Mozilla/5.0 (Windows NT 6.0) AppleWebKit/537.36 (KHTML, like Gecko) Chrome/49.0.2623.112 Safari/537.36"
178.190.5.26 - - [04/Aug/2017:07:46:52 +0200] "GET /binaries/easy-drivers-portal/pkw3jpg.jpg HTTP/1.1" 200 90539 "http://www.easydrivers.at/ennstal.schladming/kurseennstal.schladming/kk-07-08-2017?FS=B-L17&print=true" "Mozilla/5.0 (Windows NT 6.0) AppleWebKit/537.36 (KHTML, like Gecko) Chrome/49.0.2623.112 Safari/537.36"
213.225.7.147 - - [04/Aug/2017:07:46:59 +0200] "GET / HTTP/1.1" 200 3564 "-" "Mozilla/5.0 (Linux; Android 7.0; SAMSUNG SM-G930F/G930FXXU1DQB7 Build/NRD90M) AppleWebKit/537.36 (KHTML, like Gecko) SamsungBrowser/5.0 Chrome/51.0.2704.106 Mobile Safari/537.36"
213.225.7.147 - - [04/Aug/2017:07:47:01 +0200] "GET /javascript/mobile-homesearch.js HTTP/1.1" 200 340 "http://www.easydrivers.at/" "Mozilla/5.0 (Linux; Android 7.0; SAMSUNG SM-G930F/G930FXXU1DQB7 Build/NRD90M) AppleWebKit/537.36 (KHTML, like Gecko) SamsungBrowser/5.0 Chrome/51.0.2704.106 Mobile Safari/537.36"
213.225.7.147 - - [04/Aug/2017:07:47:01 +0200] "GET /img/mobile/widget-icon-app.png HTTP/1.1" 200 3458 "http://www.easydrivers.at/" "Mozilla/5.0 (Linux; Android 7.0; SAMSUNG SM-G930F/G930FXXU1DQB7 Build/NRD90M) AppleWebKit/537.36 (KHTML, like Gecko) SamsungBrowser/5.0 Chrome/51.0.2704.106 Mobile Safari/537.36"
213.225.7.147 - - [04/Aug/2017:07:47:01 +0200] "GET /img/mobile/pfeil-rechts.png HTTP/1.1" 200 1228 "http://www.easydrivers.at/css/mobile.css" "Mozilla/5.0 (Linux; Android 7.0; SAMSUNG SM-G930F/G930FXXU1DQB7 Build/NRD90M) AppleWebKit/537.36 (KHTML, like Gecko) SamsungBrowser/5.0 Chrome/51.0.2704.106 Mobile Safari/537.36"
213.225.7.147 - - [04/Aug/2017:07:47:02 +0200] "GET /img/favicon.ico HTTP/1.1" 404 300 "http://www.easydrivers.at/" "Mozilla/5.0 (Linux; Android 7.0; SAMSUNG SM-G930F/G930FXXU1DQB7 Build/NRD90M) AppleWebKit/537.36 (KHTML, like Gecko) SamsungBrowser/5.0 Chrome/51.0.2704.106 Mobile Safari/537.36"
213.225.7.147 - - [04/Aug/2017:07:47:14 +0200] "GET /krems HTTP/1.1" 200 2934 "http://www.easydrivers.at/" "Mozilla/5.0 (Linux; Android 7.0; SAMSUNG SM-G930F/G930FXXU1DQB7 Build/NRD90M) AppleWebKit/537.36 (KHTML, like Gecko) SamsungBrowser/5.0 Chrome/51.0.2704.106 Mobile Safari/537.36"
46.125.249.36 - - [04/Aug/2017:07:47:18 +0200] "GET /st.poelten HTTP/1.1" 200 3648 "-" "Mozilla/5.0 (iPhone; CPU iPhone OS 9_0 like Mac OS X) AppleWebKit/601.1.46 (KHTML, like Gecko) Version/9.0 Mobile/13A342 Safari/601.1"
46.125.249.36 - - [04/Aug/2017:07:47:20 +0200] "GET /img/empty.gif HTTP/1.1" 200 43 "http://www.easydrivers.at/st.poelten" "Mozilla/5.0 (iPhone; CPU iPhone OS 9_0 like Mac OS X) AppleWebKit/601.1.46 (KHTML, like Gecko) Version/9.0 Mobile/13A342 Safari/601.1"
46.125.249.36 - - [04/Aug/2017:07:47:20 +0200] "GET /binaries/easy-drivers-portal/widget-icon-trainingpng.png HTTP/1.1" 200 2662 "http://www.easydrivers.at/st.poelten" "Mozilla/5.0 (iPhone; CPU iPhone OS 9_0 like Mac OS X) AppleWebKit/601.1.46 (KHTML, like Gecko) Version/9.0 Mobile/13A342 Safari/601.1"
46.125.249.36 - - [04/Aug/2017:07:47:20 +0200] "GET /binaries/easy-drivers-st-p/whatsappgrafikpng.png HTTP/1.1" 200 8909 "http://www.easydrivers.at/st.poelten" "Mozilla/5.0 (iPhone; CPU iPhone OS 9_0 like Mac OS X) AppleWebKit/601.1.46 (KHTML, like Gecko) Version/9.0 Mobile/13A342 Safari/601.1"
46.125.249.36 - - [04/Aug/2017:07:47:20 +0200] "GET /binaries/easy-drivers-portal/widgetfrequencypng-1.png HTTP/1.1" 200 34655 "http://www.easydrivers.at/st.poelten" "Mozilla/5.0 (iPhone; CPU iPhone OS 9_0 like Mac OS X) AppleWebKit/601.1.46 (KHTML, like Gecko) Version/9.0 Mobile/13A342 Safari/601.1"
46.125.249.36 - - [04/Aug/2017:07:47:20 +0200] "GET /binaries/easy-drivers-zwettl/partnerbonuspng.png HTTP/1.1" 200 8241 "http://www.easydrivers.at/st.poelten" "Mozilla/5.0 (iPhone; CPU iPhone OS 9_0 like Mac OS X) AppleWebKit/601.1.46 (KHTML, like Gecko) Version/9.0 Mobile/13A342 Safari/601.1"
46.125.249.36 - - [04/Aug/2017:07:47:20 +0200] "GET /img/yellow-dots-vertical.png HTTP/1.1" 200 981 "http://www.easydrivers.at/st.poelten" "Mozilla/5.0 (iPhone; CPU iPhone OS 9_0 like Mac OS X) AppleWebKit/601.1.46 (KHTML, like Gecko) Version/9.0 Mobile/13A342 Safari/601.1"
46.125.249.36 - - [04/Aug/2017:07:47:26 +0200] "POST /st.poelten/kursauswahl HTTP/1.1" 200 4392 "http://www.easydrivers.at/st.poelten" "Mozilla/5.0 (iPhone; CPU iPhone OS 9_0 like Mac OS X) AppleWebKit/601.1.46 (KHTML, like Gecko) Version/9.0 Mobile/13A342 Safari/601.1"
46.125.249.36 - - [04/Aug/2017:07:47:29 +0200] "GET /binaries/easy-drivers-portal/pkw6jpg.jpg HTTP/1.1" 200 75742 "http://www.easydrivers.at/st.poelten/kursauswahl" "Mozilla/5.0 (iPhone; CPU iPhone OS 9_0 like Mac OS X) AppleWebKit/601.1.46 (KHTML, like Gecko) Version/9.0 Mobile/13A342 Safari/601.1"
46.125.249.36 - - [04/Aug/2017:07:47:29 +0200] "POST /loadkursliste HTTP/1.1" 200 833 "http://www.easydrivers.at/st.poelten/kursauswahl" "Mozilla/5.0 (iPhone; CPU iPhone OS 9_0 like Mac OS X) AppleWebKit/601.1.46 (KHTML, like Gecko) Version/9.0 Mobile/13A342 Safari/601.1"
213.240.101.74 - - [04/Aug/2017:07:47:34 +0200] "GET /binaries/easy-drivers-pankl-mariazell/fahrpr.pdf HTTP/1.1" 200 193072 "https://www.google.at/" "Mozilla/5.0 (iPhone; CPU iPhone OS 10_3_3 like Mac OS X) AppleWebKit/602.1.50 (KHTML, like Gecko) GSA/31.0.161834491 Mobile/14G60 Safari/602.1"
213.225.7.147 - - [04/Aug/2017:07:47:34 +0200] "POST /krems/kursauswahl HTTP/1.1" 200 2936 "http://www.easydrivers.at/krems" "Mozilla/5.0 (Linux; Android 7.0; SAMSUNG SM-G930F/G930FXXU1DQB7 Build/NRD90M) AppleWebKit/537.36 (KHTML, like Gecko) SamsungBrowser/5.0 Chrome/51.0.2704.106 Mobile Safari/537.36"
46.125.249.36 - - [04/Aug/2017:07:47:38 +0200] "POST /loadkursliste HTTP/1.1" 200 605 "http://www.easydrivers.at/st.poelten/kursauswahl" "Mozilla/5.0 (iPhone; CPU iPhone OS 9_0 like Mac OS X) AppleWebKit/601.1.46 (KHTML, like Gecko) Version/9.0 Mobile/13A342 Safari/601.1"
213.225.7.147 - - [04/Aug/2017:07:47:47 +0200] "POST /loadkursliste HTTP/1.1" 200 643 "http://www.easydrivers.at/krems/kursauswahl" "Mozilla/5.0 (Linux; Android 7.0; SAMSUNG SM-G930F/G930FXXU1DQB7 Build/NRD90M) AppleWebKit/537.36 (KHTML, like Gecko) SamsungBrowser/5.0 Chrome/51.0.2704.106 Mobile Safari/537.36"
213.225.7.147 - - [04/Aug/2017:07:48:04 +0200] "GET /krems/AM-Kurs-August-2017?FS=AM-M HTTP/1.1" 200 3197 "http://www.easydrivers.at/krems/kursauswahl" "Mozilla/5.0 (Linux; Android 7.0; SAMSUNG SM-G930F/G930FXXU1DQB7 Build/NRD90M) AppleWebKit/537.36 (KHTML, like Gecko) SamsungBrowser/5.0 Chrome/51.0.2704.106 Mobile Safari/537.36"
213.225.13.33 - - [04/Aug/2017:07:48:06 +0200] "GET / HTTP/1.1" 200 3564 "https://www.google.at/" "Mozilla/5.0 (iPhone; CPU iPhone OS 10_3_3 like Mac OS X) AppleWebKit/603.3.8 (KHTML, like Gecko) Version/10.0 Mobile/14G60 Safari/602.1"
213.225.13.33 - - [04/Aug/2017:07:48:08 +0200] "GET /css/mobile.css HTTP/1.1" 200 2852 "http://www.easydrivers.at/" "Mozilla/5.0 (iPhone; CPU iPhone OS 10_3_3 like Mac OS X) AppleWebKit/603.3.8 (KHTML, like Gecko) Version/10.0 Mobile/14G60 Safari/602.1"
213.225.13.33 - - [04/Aug/2017:07:48:08 +0200] "GET /javascript/jquery.cookie.js HTTP/1.1" 200 863 "http://www.easydrivers.at/" "Mozilla/5.0 (iPhone; CPU iPhone OS 10_3_3 like Mac OS X) AppleWebKit/603.3.8 (KHTML, like Gecko) Version/10.0 Mobile/14G60 Safari/602.1"
213.225.13.33 - - [04/Aug/2017:07:48:08 +0200] "GET /javascript/mobile-menu.js HTTP/1.1" 200 1634 "http://www.easydrivers.at/" "Mozilla/5.0 (iPhone; CPU iPhone OS 10_3_3 like Mac OS X) AppleWebKit/603.3.8 (KHTML, like Gecko) Version/10.0 Mobile/14G60 Safari/602.1"
213.225.13.33 - - [04/Aug/2017:07:48:08 +0200] "GET /javascript/jquery-1.9.1.min.js HTTP/1.1" 200 32731 "http://www.easydrivers.at/" "Mozilla/5.0 (iPhone; CPU iPhone OS 10_3_3 like Mac OS X) AppleWebKit/603.3.8 (KHTML, like Gecko) Version/10.0 Mobile/14G60 Safari/602.1"
213.225.13.33 - - [04/Aug/2017:07:48:08 +0200] "GET /javascript/jquery.simplemodal.js HTTP/1.1" 200 3070 "http://www.easydrivers.at/" "Mozilla/5.0 (iPhone; CPU iPhone OS 10_3_3 like Mac OS X) AppleWebKit/603.3.8 (KHTML, like Gecko) Version/10.0 Mobile/14G60 Safari/602.1"
