178.115.131.12 - - [11/Aug/2017:07:56:41 +0200] "GET /javascript/lazyload.js HTTP/1.1" 200 1170 "http://www.easydrivers.at/fahrschulen/niederoesterreich" "Mozilla/5.0 (Linux; Android 7.1.2; GT-I8190 Build/NJH47B; wv) AppleWebKit/537.36 (KHTML, like Gecko) Version/4.0 Chrome/59.0.3071.92 Mobile Safari/537.36"
178.115.130.74 - - [11/Aug/2017:07:56:41 +0200] "GET /img/smallicon-mail.png HTTP/1.1" 200 1341 "http://www.easydrivers.at/easy_drivers_st._peterau" "Mozilla/5.0 (Linux; Android 5.1; HUAWEI RIO-L01 Build/HuaweiRIO-L01) AppleWebKit/537.36 (KHTML, like Gecko) Chrome/59.0.3071.125 Mobile Safari/537.36"
178.115.130.74 - - [11/Aug/2017:07:56:41 +0200] "GET /img/mobile/widget-icon-app.png HTTP/1.1" 200 3458 "http://www.easydrivers.at/easy_drivers_st._peterau" "Mozilla/5.0 (Linux; Android 5.1; HUAWEI RIO-L01 Build/HuaweiRIO-L01) AppleWebKit/537.36 (KHTML, like Gecko) Chrome/59.0.3071.125 Mobile Safari/537.36"
178.115.130.74 - - [11/Aug/2017:07:56:45 +0200] "GET /img/mobile/bg-header.jpg HTTP/1.1" 200 19741 "http://www.easydrivers.at/css/mobile.css" "Mozilla/5.0 (Linux; Android 5.1; HUAWEI RIO-L01 Build/HuaweiRIO-L01) AppleWebKit/537.36 (KHTML, like Gecko) Chrome/59.0.3071.125 Mobile Safari/537.36"
178.115.130.74 - - [11/Aug/2017:07:56:45 +0200] "GET /img/mobile/bg-menu.jpg HTTP/1.1" 200 1698 "http://www.easydrivers.at/css/mobile.css" "Mozilla/5.0 (Linux; Android 5.1; HUAWEI RIO-L01 Build/HuaweiRIO-L01) AppleWebKit/537.36 (KHTML, like Gecko) Chrome/59.0.3071.125 Mobile Safari/537.36"
178.115.130.74 - - [11/Aug/2017:07:56:45 +0200] "GET /img/mobile/bg-top-section.jpg HTTP/1.1" 200 21711 "http://www.easydrivers.at/css/mobile.css" "Mozilla/5.0 (Linux; Android 5.1; HUAWEI RIO-L01 Build/HuaweiRIO-L01) AppleWebKit/537.36 (KHTML, like Gecko) Chrome/59.0.3071.125 Mobile Safari/537.36"
194.29.99.50 - - [11/Aug/2017:07:56:43 +0200] "GET /ueberuns HTTP/1.1" 200 3256 "http://www.easydrivers.at/ueberuns" "Mozilla/5.0 (Windows NT 6.1; Trident/7.0; rv:11.0) like Gecko"
178.115.130.74 - - [11/Aug/2017:07:56:45 +0200] "GET /img/mobile/pfeil-rechts.png HTTP/1.1" 200 1228 "http://www.easydrivers.at/css/mobile.css" "Mozilla/5.0 (Linux; Android 5.1; HUAWEI RIO-L01 Build/HuaweiRIO-L01) AppleWebKit/537.36 (KHTML, like Gecko) Chrome/59.0.3071.125 Mobile Safari/537.36"
66.249.66.75 - - [11/Aug/2017:07:56:46 +0200] "GET /bruck.leitha/10279728?FS=DD195-B HTTP/1.1" 500 625 "-" "Mozilla/5.0 (Linux; Android 6.0.1; Nexus 5X Build/MMB29P) AppleWebKit/537.36 (KHTML, like Gecko) Chrome/41.0.2272.96 Mobile Safari/537.36 (compatible; Googlebot/2.1; +http://www.google.com/bot.html)"
178.115.131.12 - - [11/Aug/2017:07:56:48 +0200] "GET /img/mobile/easydrivers-logo-mobile.png HTTP/1.1" 200 10766 "http://www.easydrivers.at/fahrschulen/niederoesterreich" "Mozilla/5.0 (Linux; Android 7.1.2; GT-I8190 Build/NJH47B; wv) AppleWebKit/537.36 (KHTML, like Gecko) Version/4.0 Chrome/59.0.3071.92 Mobile Safari/537.36"
194.29.99.50 - - [11/Aug/2017:07:56:48 +0200] "GET /fahrschulen HTTP/1.1" 200 3923 "http://www.easydrivers.at/ueberuns" "Mozilla/5.0 (Windows NT 6.1; Trident/7.0; rv:11.0) like Gecko"
178.115.131.12 - - [11/Aug/2017:07:56:52 +0200] "GET /img/mobile/menu-button.png HTTP/1.1" 200 1746 "http://www.easydrivers.at/fahrschulen/niederoesterreich" "Mozilla/5.0 (Linux; Android 7.1.2; GT-I8190 Build/NJH47B; wv) AppleWebKit/537.36 (KHTML, like Gecko) Version/4.0 Chrome/59.0.3071.92 Mobile Safari/537.36"
178.115.131.12 - - [11/Aug/2017:07:56:52 +0200] "GET /img/mobile/close-button.png HTTP/1.1" 200 2411 "http://www.easydrivers.at/fahrschulen/niederoesterreich" "Mozilla/5.0 (Linux; Android 7.1.2; GT-I8190 Build/NJH47B; wv) AppleWebKit/537.36 (KHTML, like Gecko) Version/4.0 Chrome/59.0.3071.92 Mobile Safari/537.36"
178.115.131.12 - - [11/Aug/2017:07:56:52 +0200] "GET /img/mobile/facebook-icon.png HTTP/1.1" 200 1902 "http://www.easydrivers.at/fahrschulen/niederoesterreich" "Mozilla/5.0 (Linux; Android 7.1.2; GT-I8190 Build/NJH47B; wv) AppleWebKit/537.36 (KHTML, like Gecko) Version/4.0 Chrome/59.0.3071.92 Mobile Safari/537.36"
178.115.131.12 - - [11/Aug/2017:07:56:52 +0200] "GET /img/mobile/smallicon-address.png HTTP/1.1" 200 1424 "http://www.easydrivers.at/fahrschulen/niederoesterreich" "Mozilla/5.0 (Linux; Android 7.1.2; GT-I8190 Build/NJH47B; wv) AppleWebKit/537.36 (KHTML, like Gecko) Version/4.0 Chrome/59.0.3071.92 Mobile Safari/537.36"
178.115.131.12 - - [11/Aug/2017:07:56:52 +0200] "GET /img/mobile/googlemaps-pin.png HTTP/1.1" 200 1597 "http://www.easydrivers.at/fahrschulen/niederoesterreich" "Mozilla/5.0 (Linux; Android 7.1.2; GT-I8190 Build/NJH47B; wv) AppleWebKit/537.36 (KHTML, like Gecko) Version/4.0 Chrome/59.0.3071.92 Mobile Safari/537.36"
178.115.131.12 - - [11/Aug/2017:07:56:52 +0200] "GET /img/mobile/smallicon-time.png HTTP/1.1" 200 1328 "http://www.easydrivers.at/fahrschulen/niederoesterreich" "Mozilla/5.0 (Linux; Android 7.1.2; GT-I8190 Build/NJH47B; wv) AppleWebKit/537.36 (KHTML, like Gecko) Version/4.0 Chrome/59.0.3071.92 Mobile Safari/537.36"
194.29.99.50 - - [11/Aug/2017:07:56:52 +0200] "GET / HTTP/1.1" 200 4409 "http://www.easydrivers.at/fahrschulen" "Mozilla/5.0 (Windows NT 6.1; Trident/7.0; rv:11.0) like Gecko"
178.115.130.74 - - [11/Aug/2017:07:56:56 +0200] "GET /img/favicon.ico HTTP/1.1" 404 300 "http://www.easydrivers.at/easy_drivers_st._peterau" "Mozilla/5.0 (Linux; Android 5.1; HUAWEI RIO-L01 Build/HuaweiRIO-L01) AppleWebKit/537.36 (KHTML, like Gecko) Chrome/59.0.3071.125 Mobile Safari/537.36"
178.115.131.12 - - [11/Aug/2017:07:56:58 +0200] "GET /img/mobile/smallicon-phone.png HTTP/1.1" 200 1311 "http://www.easydrivers.at/fahrschulen/niederoesterreich" "Mozilla/5.0 (Linux; Android 7.1.2; GT-I8190 Build/NJH47B; wv) AppleWebKit/537.36 (KHTML, like Gecko) Version/4.0 Chrome/59.0.3071.92 Mobile Safari/537.36"
178.115.131.12 - - [11/Aug/2017:07:56:58 +0200] "GET /img/mobile/smallicon-mail.png HTTP/1.1" 200 1335 "http://www.easydrivers.at/fahrschulen/niederoesterreich" "Mozilla/5.0 (Linux; Android 7.1.2; GT-I8190 Build/NJH47B; wv) AppleWebKit/537.36 (KHTML, like Gecko) Version/4.0 Chrome/59.0.3071.92 Mobile Safari/537.36"
178.115.130.74 - - [11/Aug/2017:07:56:58 +0200] "GET /ueberuns HTTP/1.1" 200 3286 "http://www.easydrivers.at/easy_drivers_st._peterau" "Mozilla/5.0 (Linux; Android 5.1; HUAWEI RIO-L01 Build/HuaweiRIO-L01) AppleWebKit/537.36 (KHTML, like Gecko) Chrome/59.0.3071.125 Mobile Safari/537.36"
178.115.131.12 - - [11/Aug/2017:07:57:00 +0200] "GET /img/mobile/bg-menu.jpg HTTP/1.1" 200 1698 "http://www.easydrivers.at/css/mobile.css" "Mozilla/5.0 (Linux; Android 7.1.2; GT-I8190 Build/NJH47B; wv) AppleWebKit/537.36 (KHTML, like Gecko) Version/4.0 Chrome/59.0.3071.92 Mobile Safari/537.36"
178.115.131.12 - - [11/Aug/2017:07:57:01 +0200] "GET /img/mobile/pfeil-links-small.png HTTP/1.1" 200 1065 "http://www.easydrivers.at/css/mobile.css" "Mozilla/5.0 (Linux; Android 7.1.2; GT-I8190 Build/NJH47B; wv) AppleWebKit/537.36 (KHTML, like Gecko) Version/4.0 Chrome/59.0.3071.92 Mobile Safari/537.36"
178.115.131.12 - - [11/Aug/2017:07:57:01 +0200] "GET /img/mobile/bg-yellow.jpg HTTP/1.1" 200 1569 "http://www.easydrivers.at/css/mobile.css" "Mozilla/5.0 (Linux; Android 7.1.2; GT-I8190 Build/NJH47B; wv) AppleWebKit/537.36 (KHTML, like Gecko) Version/4.0 Chrome/59.0.3071.92 Mobile Safari/537.36"
178.115.130.74 - - [11/Aug/2017:07:57:01 +0200] "GET /binaries/easy-drivers-portal/edwebhistoryillu392x3922jpg.jpg HTTP/1.1" 200 32209 "http://www.easydrivers.at/ueberuns" "Mozilla/5.0 (Linux; Android 5.1; HUAWEI RIO-L01 Build/HuaweiRIO-L01) AppleWebKit/537.36 (KHTML, like Gecko) Chrome/59.0.3071.125 Mobile Safari/537.36"
178.115.130.74 - - [11/Aug/2017:07:57:01 +0200] "GET /binaries/easy-drivers-portal/edwebhistoryillu392x3923jpg.jpg HTTP/1.1" 200 54656 "http://www.easydrivers.at/ueberuns" "Mozilla/5.0 (Linux; Android 5.1; HUAWEI RIO-L01 Build/HuaweiRIO-L01) AppleWebKit/537.36 (KHTML, like Gecko) Chrome/59.0.3071.125 Mobile Safari/537.36"
178.165.128.166 - - [11/Aug/2017:07:57:01 +0200] "GET /fuehrerscheine/motorrad HTTP/1.1" 200 2885 "http://www.easydrivers.at/moedling?gclid=EAIaIQobChMIxKTYxb_O1QIVrxbTCh0LEgWzEAAYASAAEgI9jvD_BwE" "Mozilla/5.0 (iPad; CPU OS 10_3_2 like Mac OS X) AppleWebKit/603.2.4 (KHTML, like Gecko) Version/10.0 Mobile/14F89 Safari/602.1"
178.115.130.74 - - [11/Aug/2017:07:57:03 +0200] "GET /binaries/easy-drivers-portal/edwebhistoryillu392x3927jpg.jpg HTTP/1.1" 200 71377 "http://www.easydrivers.at/ueberuns" "Mozilla/5.0 (Linux; Android 5.1; HUAWEI RIO-L01 Build/HuaweiRIO-L01) AppleWebKit/537.36 (KHTML, like Gecko) Chrome/59.0.3071.125 Mobile Safari/537.36"
178.115.131.12 - - [11/Aug/2017:07:57:05 +0200] "GET /img/mobile/weiter-button.png HTTP/1.1" 200 1670 "http://www.easydrivers.at/css/mobile.css" "Mozilla/5.0 (Linux; Android 7.1.2; GT-I8190 Build/NJH47B; wv) AppleWebKit/537.36 (KHTML, like Gecko) Version/4.0 Chrome/59.0.3071.92 Mobile Safari/537.36"
178.115.130.74 - - [11/Aug/2017:07:57:05 +0200] "GET /binaries/easy-drivers-portal/edwebhistoryillu392x3928jpg.jpg HTTP/1.1" 200 38907 "http://www.easydrivers.at/ueberuns" "Mozilla/5.0 (Linux; Android 5.1; HUAWEI RIO-L01 Build/HuaweiRIO-L01) AppleWebKit/537.36 (KHTML, like Gecko) Chrome/59.0.3071.125 Mobile Safari/537.36"
178.115.130.74 - - [11/Aug/2017:07:57:11 +0200] "GET /binaries/easy-drivers-portal/edwebhistoryillu392x39211jpg.jpg HTTP/1.1" 200 36282 "http://www.easydrivers.at/ueberuns" "Mozilla/5.0 (Linux; Android 5.1; HUAWEI RIO-L01 Build/HuaweiRIO-L01) AppleWebKit/537.36 (KHTML, like Gecko) Chrome/59.0.3071.125 Mobile Safari/537.36"
178.115.131.12 - - [11/Aug/2017:07:57:00 +0200] "GET /img/mobile/bg-header.jpg HTTP/1.1" 200 19741 "http://www.easydrivers.at/css/mobile.css" "Mozilla/5.0 (Linux; Android 7.1.2; GT-I8190 Build/NJH47B; wv) AppleWebKit/537.36 (KHTML, like Gecko) Version/4.0 Chrome/59.0.3071.92 Mobile Safari/537.36"
178.115.130.74 - - [11/Aug/2017:07:57:01 +0200] "GET /binaries/easy-drivers-portal/edwebhistoryillu392x392radjpg.jpg HTTP/1.1" 200 124939 "http://www.easydrivers.at/ueberuns" "Mozilla/5.0 (Linux; Android 5.1; HUAWEI RIO-L01 Build/HuaweiRIO-L01) AppleWebKit/537.36 (KHTML, like Gecko) Chrome/59.0.3071.125 Mobile Safari/537.36"
178.115.130.74 - - [11/Aug/2017:07:57:13 +0200] "GET /binaries/easy-drivers-portal/edwebhistoryillu392x39210jpg.jpg HTTP/1.1" 200 19475 "http://www.easydrivers.at/ueberuns" "Mozilla/5.0 (Linux; Android 5.1; HUAWEI RIO-L01 Build/HuaweiRIO-L01) AppleWebKit/537.36 (KHTML, like Gecko) Chrome/59.0.3071.125 Mobile Safari/537.36"
178.115.130.74 - - [11/Aug/2017:07:57:15 +0200] "GET /binaries/easy-drivers-portal/edwebhistoryillu392x39220kpng.png HTTP/1.1" 200 49333 "http://www.easydrivers.at/ueberuns" "Mozilla/5.0 (Linux; Android 5.1; HUAWEI RIO-L01 Build/HuaweiRIO-L01) AppleWebKit/537.36 (KHTML, like Gecko) Chrome/59.0.3071.125 Mobile Safari/537.36"
178.115.130.74 - - [11/Aug/2017:07:57:01 +0200] "GET /binaries/easy-drivers-portal/edwebhistoryillu392x3924jpg.jpg HTTP/1.1" 200 35765 "http://www.easydrivers.at/ueberuns" "Mozilla/5.0 (Linux; Android 5.1; HUAWEI RIO-L01 Build/HuaweiRIO-L01) AppleWebKit/537.36 (KHTML, like Gecko) Chrome/59.0.3071.125 Mobile Safari/537.36"
178.115.130.74 - - [11/Aug/2017:07:57:19 +0200] "GET /easy_drivers_st._peterau HTTP/1.1" 200 2972 "http://www.google.at/" "Mozilla/5.0 (Linux; Android 5.1; HUAWEI RIO-L01 Build/HuaweiRIO-L01) AppleWebKit/537.36 (KHTML, like Gecko) Chrome/59.0.3071.125 Mobile Safari/537.36"
178.115.130.74 - - [11/Aug/2017:07:57:09 +0200] "GET /binaries/easy-drivers-portal/edwebhistoryillu392x3929jpg.jpg HTTP/1.1" 200 31823 "http://www.easydrivers.at/ueberuns" "Mozilla/5.0 (Linux; Android 5.1; HUAWEI RIO-L01 Build/HuaweiRIO-L01) AppleWebKit/537.36 (KHTML, like Gecko) Chrome/59.0.3071.125 Mobile Safari/537.36"
178.115.130.74 - - [11/Aug/2017:07:57:01 +0200] "GET /binaries/easy-drivers-portal/edwebhistoryillu392x3925jpg.jpg HTTP/1.1" 200 31708 "http://www.easydrivers.at/ueberuns" "Mozilla/5.0 (Linux; Android 5.1; HUAWEI RIO-L01 Build/HuaweiRIO-L01) AppleWebKit/537.36 (KHTML, like Gecko) Chrome/59.0.3071.125 Mobile Safari/537.36"
77.119.131.7 - - [11/Aug/2017:07:57:28 +0200] "GET /spittelau HTTP/1.1" 200 2907 "http://m.facebook.com/" "Mozilla/5.0 (Linux; Android 7.0; HUAWEI VNS-L21 Build/HUAWEIVNS-L21; wv) AppleWebKit/537.36 (KHTML, like Gecko) Version/4.0 Chrome/59.0.3071.125 Mobile Safari/537.36 [FB_IAB/FB4A;FBAV/136.0.0.22.91;]"
77.119.131.7 - - [11/Aug/2017:07:57:31 +0200] "GET /javascript/mobile-menu.js HTTP/1.1" 200 1634 "http://www.easydrivers.at/spittelau" "Mozilla/5.0 (Linux; Android 7.0; HUAWEI VNS-L21 Build/HUAWEIVNS-L21; wv) AppleWebKit/537.36 (KHTML, like Gecko) Version/4.0 Chrome/59.0.3071.125 Mobile Safari/537.36 [FB_IAB/FB4A;FBAV/136.0.0.22.91;]"
77.119.131.7 - - [11/Aug/2017:07:57:31 +0200] "GET /javascript/jquery.cookie.js HTTP/1.1" 200 863 "http://www.easydrivers.at/spittelau" "Mozilla/5.0 (Linux; Android 7.0; HUAWEI VNS-L21 Build/HUAWEIVNS-L21; wv) AppleWebKit/537.36 (KHTML, like Gecko) Version/4.0 Chrome/59.0.3071.125 Mobile Safari/537.36 [FB_IAB/FB4A;FBAV/136.0.0.22.91;]"
77.119.131.7 - - [11/Aug/2017:07:57:31 +0200] "GET /css/mobile.css HTTP/1.1" 200 2852 "http://www.easydrivers.at/spittelau" "Mozilla/5.0 (Linux; Android 7.0; HUAWEI VNS-L21 Build/HUAWEIVNS-L21; wv) AppleWebKit/537.36 (KHTML, like Gecko) Version/4.0 Chrome/59.0.3071.125 Mobile Safari/537.36 [FB_IAB/FB4A;FBAV/136.0.0.22.91;]"
77.119.131.7 - - [11/Aug/2017:07:57:31 +0200] "GET /javascript/jquery.simplemodal.js HTTP/1.1" 200 3070 "http://www.easydrivers.at/spittelau" "Mozilla/5.0 (Linux; Android 7.0; HUAWEI VNS-L21 Build/HUAWEIVNS-L21; wv) AppleWebKit/537.36 (KHTML, like Gecko) Version/4.0 Chrome/59.0.3071.125 Mobile Safari/537.36 [FB_IAB/FB4A;FBAV/136.0.0.22.91;]"
77.119.131.7 - - [11/Aug/2017:07:57:31 +0200] "GET /javascript/jquery-1.9.1.min.js HTTP/1.1" 200 32731 "http://www.easydrivers.at/spittelau" "Mozilla/5.0 (Linux; Android 7.0; HUAWEI VNS-L21 Build/HUAWEIVNS-L21; wv) AppleWebKit/537.36 (KHTML, like Gecko) Version/4.0 Chrome/59.0.3071.125 Mobile Safari/537.36 [FB_IAB/FB4A;FBAV/136.0.0.22.91;]"
178.115.130.74 - - [11/Aug/2017:07:57:01 +0200] "GET /binaries/easy-drivers-portal/edwebhistoryillu392x3926jpg.jpg HTTP/1.1" 200 41118 "http://www.easydrivers.at/ueberuns" "Mozilla/5.0 (Linux; Android 5.1; HUAWEI RIO-L01 Build/HuaweiRIO-L01) AppleWebKit/537.36 (KHTML, like Gecko) Chrome/59.0.3071.125 Mobile Safari/537.36"
77.119.131.7 - - [11/Aug/2017:07:57:31 +0200] "GET /javascript/mobile-fahrschule.js HTTP/1.1" 200 328 "http://www.easydrivers.at/spittelau" "Mozilla/5.0 (Linux; Android 7.0; HUAWEI VNS-L21 Build/HUAWEIVNS-L21; wv) AppleWebKit/537.36 (KHTML, like Gecko) Version/4.0 Chrome/59.0.3071.125 Mobile Safari/537.36 [FB_IAB/FB4A;FBAV/136.0.0.22.91;]"
77.119.131.7 - - [11/Aug/2017:07:57:31 +0200] "GET /javascript/lazyload.js HTTP/1.1" 200 1170 "http://www.easydrivers.at/spittelau" "Mozilla/5.0 (Linux; Android 7.0; HUAWEI VNS-L21 Build/HUAWEIVNS-L21; wv) AppleWebKit/537.36 (KHTML, like Gecko) Version/4.0 Chrome/59.0.3071.125 Mobile Safari/537.36 [FB_IAB/FB4A;FBAV/136.0.0.22.91;]"
77.119.131.7 - - [11/Aug/2017:07:57:31 +0200] "GET /img/mobile/easydrivers-logo-mobile.png HTTP/1.1" 200 10766 "http://www.easydrivers.at/spittelau" "Mozilla/5.0 (Linux; Android 7.0; HUAWEI VNS-L21 Build/HUAWEIVNS-L21; wv) AppleWebKit/537.36 (KHTML, like Gecko) Version/4.0 Chrome/59.0.3071.125 Mobile Safari/537.36 [FB_IAB/FB4A;FBAV/136.0.0.22.91;]"
77.119.131.7 - - [11/Aug/2017:07:57:31 +0200] "GET /img/mobile/menu-button.png HTTP/1.1" 200 1746 "http://www.easydrivers.at/spittelau" "Mozilla/5.0 (Linux; Android 7.0; HUAWEI VNS-L21 Build/HUAWEIVNS-L21; wv) AppleWebKit/537.36 (KHTML, like Gecko) Version/4.0 Chrome/59.0.3071.125 Mobile Safari/537.36 [FB_IAB/FB4A;FBAV/136.0.0.22.91;]"
77.119.131.7 - - [11/Aug/2017:07:57:31 +0200] "GET /img/mobile/facebook-icon.png HTTP/1.1" 200 1902 "http://www.easydrivers.at/spittelau" "Mozilla/5.0 (Linux; Android 7.0; HUAWEI VNS-L21 Build/HUAWEIVNS-L21; wv) AppleWebKit/537.36 (KHTML, like Gecko) Version/4.0 Chrome/59.0.3071.125 Mobile Safari/537.36 [FB_IAB/FB4A;FBAV/136.0.0.22.91;]"
77.119.131.7 - - [11/Aug/2017:07:57:31 +0200] "GET /img/mobile/info-button.png HTTP/1.1" 200 1549 "http://www.easydrivers.at/spittelau" "Mozilla/5.0 (Linux; Android 7.0; HUAWEI VNS-L21 Build/HUAWEIVNS-L21; wv) AppleWebKit/537.36 (KHTML, like Gecko) Version/4.0 Chrome/59.0.3071.125 Mobile Safari/537.36 [FB_IAB/FB4A;FBAV/136.0.0.22.91;]"
77.119.131.7 - - [11/Aug/2017:07:57:31 +0200] "GET /img/mobile/info-close-button.png HTTP/1.1" 200 1721 "http://www.easydrivers.at/spittelau" "Mozilla/5.0 (Linux; Android 7.0; HUAWEI VNS-L21 Build/HUAWEIVNS-L21; wv) AppleWebKit/537.36 (KHTML, like Gecko) Version/4.0 Chrome/59.0.3071.125 Mobile Safari/537.36 [FB_IAB/FB4A;FBAV/136.0.0.22.91;]"
77.119.131.7 - - [11/Aug/2017:07:57:31 +0200] "GET /img/mobile/close-button.png HTTP/1.1" 200 2411 "http://www.easydrivers.at/spittelau" "Mozilla/5.0 (Linux; Android 7.0; HUAWEI VNS-L21 Build/HUAWEIVNS-L21; wv) AppleWebKit/537.36 (KHTML, like Gecko) Version/4.0 Chrome/59.0.3071.125 Mobile Safari/537.36 [FB_IAB/FB4A;FBAV/136.0.0.22.91;]"
77.119.131.7 - - [11/Aug/2017:07:57:31 +0200] "GET /img/smallicon-person.png HTTP/1.1" 200 1141 "http://www.easydrivers.at/spittelau" "Mozilla/5.0 (Linux; Android 7.0; HUAWEI VNS-L21 Build/HUAWEIVNS-L21; wv) AppleWebKit/537.36 (KHTML, like Gecko) Version/4.0 Chrome/59.0.3071.125 Mobile Safari/537.36 [FB_IAB/FB4A;FBAV/136.0.0.22.91;]"
77.119.131.7 - - [11/Aug/2017:07:57:31 +0200] "GET /img/smallicon-address.png HTTP/1.1" 200 1211 "http://www.easydrivers.at/spittelau" "Mozilla/5.0 (Linux; Android 7.0; HUAWEI VNS-L21 Build/HUAWEIVNS-L21; wv) AppleWebKit/537.36 (KHTML, like Gecko) Version/4.0 Chrome/59.0.3071.125 Mobile Safari/537.36 [FB_IAB/FB4A;FBAV/136.0.0.22.91;]"
77.119.131.7 - - [11/Aug/2017:07:57:31 +0200] "GET /img/mobile/googlemaps-pin.png HTTP/1.1" 200 1597 "http://www.easydrivers.at/spittelau" "Mozilla/5.0 (Linux; Android 7.0; HUAWEI VNS-L21 Build/HUAWEIVNS-L21; wv) AppleWebKit/537.36 (KHTML, like Gecko) Version/4.0 Chrome/59.0.3071.125 Mobile Safari/537.36 [FB_IAB/FB4A;FBAV/136.0.0.22.91;]"
77.119.131.7 - - [11/Aug/2017:07:57:31 +0200] "GET /img/smallicon-phone.png HTTP/1.1" 200 3056 "http://www.easydrivers.at/spittelau" "Mozilla/5.0 (Linux; Android 7.0; HUAWEI VNS-L21 Build/HUAWEIVNS-L21; wv) AppleWebKit/537.36 (KHTML, like Gecko) Version/4.0 Chrome/59.0.3071.125 Mobile Safari/537.36 [FB_IAB/FB4A;FBAV/136.0.0.22.91;]"
77.119.131.7 - - [11/Aug/2017:07:57:31 +0200] "GET /img/smallicon-time.png HTTP/1.1" 200 1262 "http://www.easydrivers.at/spittelau" "Mozilla/5.0 (Linux; Android 7.0; HUAWEI VNS-L21 Build/HUAWEIVNS-L21; wv) AppleWebKit/537.36 (KHTML, like Gecko) Version/4.0 Chrome/59.0.3071.125 Mobile Safari/537.36 [FB_IAB/FB4A;FBAV/136.0.0.22.91;]"
77.119.131.7 - - [11/Aug/2017:07:57:31 +0200] "GET /img/mobile/widget-icon-app.png HTTP/1.1" 200 3458 "http://www.easydrivers.at/spittelau" "Mozilla/5.0 (Linux; Android 7.0; HUAWEI VNS-L21 Build/HUAWEIVNS-L21; wv) AppleWebKit/537.36 (KHTML, like Gecko) Version/4.0 Chrome/59.0.3071.125 Mobile Safari/537.36 [FB_IAB/FB4A;FBAV/136.0.0.22.91;]"
77.119.131.7 - - [11/Aug/2017:07:57:31 +0200] "GET /img/smallicon-mail.png HTTP/1.1" 200 1341 "http://www.easydrivers.at/spittelau" "Mozilla/5.0 (Linux; Android 7.0; HUAWEI VNS-L21 Build/HUAWEIVNS-L21; wv) AppleWebKit/537.36 (KHTML, like Gecko) Version/4.0 Chrome/59.0.3071.125 Mobile Safari/537.36 [FB_IAB/FB4A;FBAV/136.0.0.22.91;]"
77.119.131.7 - - [11/Aug/2017:07:57:31 +0200] "GET /img/mobile/bg-header.jpg HTTP/1.1" 200 19741 "http://www.easydrivers.at/css/mobile.css" "Mozilla/5.0 (Linux; Android 7.0; HUAWEI VNS-L21 Build/HUAWEIVNS-L21; wv) AppleWebKit/537.36 (KHTML, like Gecko) Version/4.0 Chrome/59.0.3071.125 Mobile Safari/537.36 [FB_IAB/FB4A;FBAV/136.0.0.22.91;]"
77.119.131.7 - - [11/Aug/2017:07:57:31 +0200] "GET /img/mobile/bg-menu.jpg HTTP/1.1" 200 1698 "http://www.easydrivers.at/css/mobile.css" "Mozilla/5.0 (Linux; Android 7.0; HUAWEI VNS-L21 Build/HUAWEIVNS-L21; wv) AppleWebKit/537.36 (KHTML, like Gecko) Version/4.0 Chrome/59.0.3071.125 Mobile Safari/537.36 [FB_IAB/FB4A;FBAV/136.0.0.22.91;]"
77.119.131.7 - - [11/Aug/2017:07:57:31 +0200] "GET /img/mobile/bg-top-section.jpg HTTP/1.1" 200 21711 "http://www.easydrivers.at/css/mobile.css" "Mozilla/5.0 (Linux; Android 7.0; HUAWEI VNS-L21 Build/HUAWEIVNS-L21; wv) AppleWebKit/537.36 (KHTML, like Gecko) Version/4.0 Chrome/59.0.3071.125 Mobile Safari/537.36 [FB_IAB/FB4A;FBAV/136.0.0.22.91;]"
77.119.131.7 - - [11/Aug/2017:07:57:31 +0200] "GET /img/mobile/pfeil-rechts.png HTTP/1.1" 200 1228 "http://www.easydrivers.at/css/mobile.css" "Mozilla/5.0 (Linux; Android 7.0; HUAWEI VNS-L21 Build/HUAWEIVNS-L21; wv) AppleWebKit/537.36 (KHTML, like Gecko) Version/4.0 Chrome/59.0.3071.125 Mobile Safari/537.36 [FB_IAB/FB4A;FBAV/136.0.0.22.91;]"
77.119.131.7 - - [11/Aug/2017:07:57:32 +0200] "GET /img/favicon.ico HTTP/1.1" 404 300 "http://www.easydrivers.at/spittelau" "Mozilla/5.0 (Linux; Android 7.0; HUAWEI VNS-L21 Build/HUAWEIVNS-L21; wv) AppleWebKit/537.36 (KHTML, like Gecko) Version/4.0 Chrome/59.0.3071.125 Mobile Safari/537.36 [FB_IAB/FB4A;FBAV/136.0.0.22.91;]"
178.115.131.12 - - [11/Aug/2017:07:57:43 +0200] "GET /img/favicon.ico HTTP/1.1" 404 300 "http://www.easydrivers.at/fahrschulen/niederoesterreich" "Mozilla/5.0 (Linux; Android 7.1.2; GT-I8190 Build/NJH47B; wv) AppleWebKit/537.36 (KHTML, like Gecko) Version/4.0 Chrome/59.0.3071.92 Mobile Safari/537.36"
194.156.48.150 - - [11/Aug/2017:07:57:54 +0200] "GET /javascript/fahrschule.js HTTP/1.1" 200 1024 "-" "Mozilla/4.0 (compatible;)"
157.55.39.210 - - [11/Aug/2017:07:58:23 +0200] "GET /fahrschulen HTTP/1.1" 200 3923 "-" "Mozilla/5.0 (compatible; bingbot/2.0; +http://www.bing.com/bingbot.htm)"
88.117.166.170 - - [11/Aug/2017:07:58:25 +0200] "GET /fuehrerscheine/auto HTTP/1.1" 200 3366 "-" "Mozilla/5.0 (Windows NT 10.0; WOW64; Trident/7.0; rv:11.0) like Gecko"
88.117.166.170 - - [11/Aug/2017:07:58:27 +0200] "GET /binaries/easy-drivers-portal/pkw3jpg.jpg HTTP/1.1" 200 90539 "http://www.easydrivers.at/fuehrerscheine/auto" "Mozilla/5.0 (Windows NT 10.0; WOW64; Trident/7.0; rv:11.0) like Gecko"
88.117.166.170 - - [11/Aug/2017:07:58:32 +0200] "GET /fahrschulen HTTP/1.1" 200 3923 "http://www.easydrivers.at/fuehrerscheine/auto" "Mozilla/5.0 (Windows NT 10.0; WOW64; Trident/7.0; rv:11.0) like Gecko"
88.117.166.170 - - [11/Aug/2017:07:58:33 +0200] "GET /javascript/fahrschulen.js HTTP/1.1" 200 470 "http://www.easydrivers.at/fahrschulen" "Mozilla/5.0 (Windows NT 10.0; WOW64; Trident/7.0; rv:11.0) like Gecko"
88.117.166.170 - - [11/Aug/2017:07:58:33 +0200] "GET /img/austria-map.jpg HTTP/1.1" 200 57110 "http://www.easydrivers.at/fahrschulen" "Mozilla/5.0 (Windows NT 10.0; WOW64; Trident/7.0; rv:11.0) like Gecko"
88.117.166.170 - - [11/Aug/2017:07:58:33 +0200] "GET /img/austria-map-burgenland.png HTTP/1.1" 200 10146 "http://www.easydrivers.at/fahrschulen" "Mozilla/5.0 (Windows NT 10.0; WOW64; Trident/7.0; rv:11.0) like Gecko"
88.117.166.170 - - [11/Aug/2017:07:58:33 +0200] "GET /img/austria-map-kaernten.png HTTP/1.1" 200 9968 "http://www.easydrivers.at/fahrschulen" "Mozilla/5.0 (Windows NT 10.0; WOW64; Trident/7.0; rv:11.0) like Gecko"
88.117.166.170 - - [11/Aug/2017:07:58:33 +0200] "GET /img/austria-map-noe.png HTTP/1.1" 200 17166 "http://www.easydrivers.at/fahrschulen" "Mozilla/5.0 (Windows NT 10.0; WOW64; Trident/7.0; rv:11.0) like Gecko"
88.117.166.170 - - [11/Aug/2017:07:58:33 +0200] "GET /img/austria-map-ooe.png HTTP/1.1" 200 14597 "http://www.easydrivers.at/fahrschulen" "Mozilla/5.0 (Windows NT 10.0; WOW64; Trident/7.0; rv:11.0) like Gecko"
88.117.166.170 - - [11/Aug/2017:07:58:33 +0200] "GET /img/austria-map-salzburg.png HTTP/1.1" 200 13786 "http://www.easydrivers.at/fahrschulen" "Mozilla/5.0 (Windows NT 10.0; WOW64; Trident/7.0; rv:11.0) like Gecko"
88.117.166.170 - - [11/Aug/2017:07:58:33 +0200] "GET /img/austria-map-steiermark.png HTTP/1.1" 200 14192 "http://www.easydrivers.at/fahrschulen" "Mozilla/5.0 (Windows NT 10.0; WOW64; Trident/7.0; rv:11.0) like Gecko"
88.117.166.170 - - [11/Aug/2017:07:58:33 +0200] "GET /img/austria-map-tirol.png HTTP/1.1" 200 13911 "http://www.easydrivers.at/fahrschulen" "Mozilla/5.0 (Windows NT 10.0; WOW64; Trident/7.0; rv:11.0) like Gecko"
88.117.166.170 - - [11/Aug/2017:07:58:33 +0200] "GET /img/austria-map-vorarlberg.png HTTP/1.1" 200 5780 "http://www.easydrivers.at/fahrschulen" "Mozilla/5.0 (Windows NT 10.0; WOW64; Trident/7.0; rv:11.0) like Gecko"
88.117.166.170 - - [11/Aug/2017:07:58:33 +0200] "GET /img/austria-map-wien.png HTTP/1.1" 200 2864 "http://www.easydrivers.at/fahrschulen" "Mozilla/5.0 (Windows NT 10.0; WOW64; Trident/7.0; rv:11.0) like Gecko"
216.244.66.249 - - [11/Aug/2017:07:58:31 +0200] "GET /bludenz/Schnellkurs-B-2014-02-03 HTTP/1.1" 410 11076 "-" "Mozilla/5.0 (compatible; DotBot/1.1; http://www.opensiteexplorer.org/dotbot, help@moz.com)"
88.117.166.170 - - [11/Aug/2017:07:58:39 +0200] "GET /fuehrerscheine/auto HTTP/1.1" 200 3367 "-" "Mozilla/5.0 (Windows NT 10.0; WOW64; Trident/7.0; rv:11.0) like Gecko"
88.117.166.170 - - [11/Aug/2017:07:58:40 +0200] "GET /binaries/easy-drivers-portal/pkw8jpg-1.jpg HTTP/1.1" 200 77231 "http://www.easydrivers.at/fuehrerscheine/auto" "Mozilla/5.0 (Windows NT 10.0; WOW64; Trident/7.0; rv:11.0) like Gecko"
88.117.166.170 - - [11/Aug/2017:07:58:43 +0200] "GET /hollabrunn/kurse HTTP/1.1" 200 4893 "-" "Mozilla/5.0 (Windows NT 10.0; WOW64; Trident/7.0; rv:11.0) like Gecko"
88.117.166.170 - - [11/Aug/2017:07:58:46 +0200] "GET /binaries/easy-drivers-portal/motorrad7jpg.jpg HTTP/1.1" 200 102681 "http://www.easydrivers.at/hollabrunn/kurse" "Mozilla/5.0 (Windows NT 10.0; WOW64; Trident/7.0; rv:11.0) like Gecko"
216.244.66.249 - - [11/Aug/2017:07:58:44 +0200] "GET /bludenz/Traktorkurs-F-2014-04-04 HTTP/1.1" 410 11076 "-" "Mozilla/5.0 (compatible; DotBot/1.1; http://www.opensiteexplorer.org/dotbot, help@moz.com)"
88.117.166.170 - - [11/Aug/2017:07:58:46 +0200] "POST /loadkursliste HTTP/1.1" 200 641 "http://www.easydrivers.at/hollabrunn/kurse" "Mozilla/5.0 (Windows NT 10.0; WOW64; Trident/7.0; rv:11.0) like Gecko"
88.117.166.170 - - [11/Aug/2017:07:58:50 +0200] "GET /hollabrunn HTTP/1.1" 200 3764 "http://www.easydrivers.at/hollabrunn/kurse" "Mozilla/5.0 (Windows NT 10.0; WOW64; Trident/7.0; rv:11.0) like Gecko"
216.244.66.249 - - [11/Aug/2017:07:58:55 +0200] "GET /ennstal.schladming/ostern_2014 HTTP/1.1" 410 11408 "-" "Mozilla/5.0 (compatible; DotBot/1.1; http://www.opensiteexplorer.org/dotbot, help@moz.com)"
216.244.66.249 - - [11/Aug/2017:07:59:05 +0200] "GET /hartberg/10250417 HTTP/1.1" 410 10937 "-" "Mozilla/5.0 (compatible; DotBot/1.1; http://www.opensiteexplorer.org/dotbot, help@moz.com)"
216.244.66.249 - - [11/Aug/2017:07:59:13 +0200] "GET /moedling/Mofa_Day/ HTTP/1.1" 200 15960 "-" "Mozilla/5.0 (compatible; DotBot/1.1; http://www.opensiteexplorer.org/dotbot, help@moz.com)"
216.244.66.249 - - [11/Aug/2017:07:59:18 +0200] "GET /salzburg.eigenstiller/ HTTP/1.1" 200 15964 "-" "Mozilla/5.0 (compatible; DotBot/1.1; http://www.opensiteexplorer.org/dotbot, help@moz.com)"
88.117.208.86 - - [11/Aug/2017:07:59:31 +0200] "GET /hartberg HTTP/1.1" 200 3678 "-" "Mozilla/5.0 (Windows NT 6.0) AppleWebKit/537.36 (KHTML, like Gecko) Chrome/49.0.2623.112 Safari/537.36"
88.117.208.86 - - [11/Aug/2017:07:59:34 +0200] "GET /cache/emu/images/easy-drivers-portal10289535/vespa_114_90_0.jpg HTTP/1.1" 304 - "http://www.easydrivers.at/hartberg" "Mozilla/5.0 (Windows NT 6.0) AppleWebKit/537.36 (KHTML, like Gecko) Chrome/49.0.2623.112 Safari/537.36"
207.46.13.140 - - [11/Aug/2017:07:59:47 +0200] "GET /feldkirch/LKWAnhaengerkursCE42852?FS=CCE95 HTTP/1.1" 410 3391 "-" "Mozilla/5.0 (compatible; bingbot/2.0; +http://www.bing.com/bingbot.htm)"
193.83.211.35 - - [11/Aug/2017:07:59:50 +0200] "GET /krems?utm_source=Facebook&utm_medium=PPL&utm_campaign=1091570810971668&utm_content=CTA HTTP/1.1" 200 2934 "http://instagram.com/" "Mozilla/5.0 (Linux; Android 7.0; SM-G930F Build/NRD90M; wv) AppleWebKit/537.36 (KHTML, like Gecko) Version/4.0 Chrome/59.0.3071.125 Mobile Safari/537.36 Instagram 10.33.0 Android (24/7.0; 480dpi; 1080x1920; samsung; SM-G930F; herolte; samsungexynos8890; de_AT)"
85.158.226.1 - - [11/Aug/2017:08:00:18 +0200] "GET / HTTP/1.1" 200 4409 "https://www.bing.com/" "Mozilla/5.0 (Windows NT 6.1; WOW64; Trident/7.0; rv:11.0) like Gecko"
85.158.226.1 - - [11/Aug/2017:08:00:19 +0200] "GET /css/style.css HTTP/1.1" 304 - "http://www.easydrivers.at/" "Mozilla/5.0 (Windows NT 6.1; WOW64; Trident/7.0; rv:11.0) like Gecko"
85.158.226.1 - - [11/Aug/2017:08:00:19 +0200] "GET /css/print.css HTTP/1.1" 304 - "http://www.easydrivers.at/" "Mozilla/5.0 (Windows NT 6.1; WOW64; Trident/7.0; rv:11.0) like Gecko"
85.158.226.1 - - [11/Aug/2017:08:00:19 +0200] "GET /javascript/jquery.customSelect.min.js HTTP/1.1" 304 - "http://www.easydrivers.at/" "Mozilla/5.0 (Windows NT 6.1; WOW64; Trident/7.0; rv:11.0) like Gecko"
85.158.226.1 - - [11/Aug/2017:08:00:19 +0200] "GET /javascript/jquery.cookie.js HTTP/1.1" 304 - "http://www.easydrivers.at/" "Mozilla/5.0 (Windows NT 6.1; WOW64; Trident/7.0; rv:11.0) like Gecko"
85.158.226.1 - - [11/Aug/2017:08:00:19 +0200] "GET /javascript/portal.js?1221842734 HTTP/1.1" 304 - "http://www.easydrivers.at/" "Mozilla/5.0 (Windows NT 6.1; WOW64; Trident/7.0; rv:11.0) like Gecko"
85.158.226.1 - - [11/Aug/2017:08:00:19 +0200] "GET /javascript/lazyload.js HTTP/1.1" 304 - "http://www.easydrivers.at/" "Mozilla/5.0 (Windows NT 6.1; WOW64; Trident/7.0; rv:11.0) like Gecko"
85.158.226.1 - - [11/Aug/2017:08:00:19 +0200] "GET /javascript/jquery.simplemodal.js HTTP/1.1" 304 - "http://www.easydrivers.at/" "Mozilla/5.0 (Windows NT 6.1; WOW64; Trident/7.0; rv:11.0) like Gecko"
85.158.226.1 - - [11/Aug/2017:08:00:19 +0200] "GET /img/close-button.png HTTP/1.1" 304 - "http://www.easydrivers.at/" "Mozilla/5.0 (Windows NT 6.1; WOW64; Trident/7.0; rv:11.0) like Gecko"
85.158.226.1 - - [11/Aug/2017:08:00:19 +0200] "GET /img/facebook-icon.png HTTP/1.1" 304 - "http://www.easydrivers.at/" "Mozilla/5.0 (Windows NT 6.1; WOW64; Trident/7.0; rv:11.0) like Gecko"
85.158.226.1 - - [11/Aug/2017:08:00:19 +0200] "GET /binaries/easy-drivers-portal/widget-icon-expertspng.png HTTP/1.1" 304 - "http://www.easydrivers.at/" "Mozilla/5.0 (Windows NT 6.1; WOW64; Trident/7.0; rv:11.0) like Gecko"
85.158.226.1 - - [11/Aug/2017:08:00:19 +0200] "GET /binaries/easy-drivers-portal/edradfahrschullogowidget160x90pxpng.png HTTP/1.1" 304 - "http://www.easydrivers.at/" "Mozilla/5.0 (Windows NT 6.1; WOW64; Trident/7.0; rv:11.0) like Gecko"
85.158.226.1 - - [11/Aug/2017:08:00:19 +0200] "GET /javascript/homesearch.js HTTP/1.1" 304 - "http://www.easydrivers.at/" "Mozilla/5.0 (Windows NT 6.1; WOW64; Trident/7.0; rv:11.0) like Gecko"
85.158.226.1 - - [11/Aug/2017:08:00:19 +0200] "GET /img/submit-button.png HTTP/1.1" 304 - "http://www.easydrivers.at/" "Mozilla/5.0 (Windows NT 6.1; WOW64; Trident/7.0; rv:11.0) like Gecko"
85.158.226.1 - - [11/Aug/2017:08:00:19 +0200] "GET /img/empty.gif HTTP/1.1" 304 - "http://www.easydrivers.at/" "Mozilla/5.0 (Windows NT 6.1; WOW64; Trident/7.0; rv:11.0) like Gecko"
85.158.226.1 - - [11/Aug/2017:08:00:19 +0200] "GET /binaries/easy-drivers-portal/widget-icon-apppng.png HTTP/1.1" 304 - "http://www.easydrivers.at/" "Mozilla/5.0 (Windows NT 6.1; WOW64; Trident/7.0; rv:11.0) like Gecko"
85.158.226.1 - - [11/Aug/2017:08:00:19 +0200] "GET /binaries/easy-drivers-portal/widget-icon-trainingpng.png HTTP/1.1" 304 - "http://www.easydrivers.at/" "Mozilla/5.0 (Windows NT 6.1; WOW64; Trident/7.0; rv:11.0) like Gecko"
85.158.226.1 - - [11/Aug/2017:08:00:19 +0200] "GET /img/schweiz-icon.png HTTP/1.1" 304 - "http://www.easydrivers.at/" "Mozilla/5.0 (Windows NT 6.1; WOW64; Trident/7.0; rv:11.0) like Gecko"
85.158.226.1 - - [11/Aug/2017:08:00:19 +0200] "GET /img/bg-header.jpg HTTP/1.1" 304 - "http://www.easydrivers.at/" "Mozilla/5.0 (Windows NT 6.1; WOW64; Trident/7.0; rv:11.0) like Gecko"
85.158.226.1 - - [11/Aug/2017:08:00:19 +0200] "GET /img/bg-top-section.jpg HTTP/1.1" 304 - "http://www.easydrivers.at/" "Mozilla/5.0 (Windows NT 6.1; WOW64; Trident/7.0; rv:11.0) like Gecko"
85.158.226.1 - - [11/Aug/2017:08:00:20 +0200] "GET /img/kursicon-print-pink.png HTTP/1.1" 304 - "http://www.easydrivers.at/" "Mozilla/5.0 (Windows NT 6.1; WOW64; Trident/7.0; rv:11.0) like Gecko"
85.158.226.1 - - [11/Aug/2017:08:00:20 +0200] "GET /img/kursicon-download-pink.png HTTP/1.1" 304 - "http://www.easydrivers.at/" "Mozilla/5.0 (Windows NT 6.1; WOW64; Trident/7.0; rv:11.0) like Gecko"
85.158.226.1 - - [11/Aug/2017:08:00:20 +0200] "GET /img/kursicon-share-pink.png HTTP/1.1" 304 - "http://www.easydrivers.at/" "Mozilla/5.0 (Windows NT 6.1; WOW64; Trident/7.0; rv:11.0) like Gecko"
85.158.226.1 - - [11/Aug/2017:08:00:20 +0200] "GET /img/kursicon-phone-pink.png HTTP/1.1" 304 - "http://www.easydrivers.at/" "Mozilla/5.0 (Windows NT 6.1; WOW64; Trident/7.0; rv:11.0) like Gecko"
85.158.226.1 - - [11/Aug/2017:08:00:20 +0200] "GET /img/selection-box-button.png HTTP/1.1" 304 - "http://www.easydrivers.at/" "Mozilla/5.0 (Windows NT 6.1; WOW64; Trident/7.0; rv:11.0) like Gecko"
85.158.226.1 - - [11/Aug/2017:08:00:20 +0200] "GET /img/bg-footer.jpg HTTP/1.1" 304 - "http://www.easydrivers.at/" "Mozilla/5.0 (Windows NT 6.1; WOW64; Trident/7.0; rv:11.0) like Gecko"
85.158.226.1 - - [11/Aug/2017:08:00:20 +0200] "GET /img/ED_Logo.png HTTP/1.1" 304 - "http://www.easydrivers.at/" "Mozilla/5.0 (Windows NT 6.1; WOW64; Trident/7.0; rv:11.0) like Gecko"
85.158.226.1 - - [11/Aug/2017:08:00:20 +0200] "GET /img/purple-dots-horizontal.png HTTP/1.1" 304 - "http://www.easydrivers.at/" "Mozilla/5.0 (Windows NT 6.1; WOW64; Trident/7.0; rv:11.0) like Gecko"
85.158.226.1 - - [11/Aug/2017:08:00:20 +0200] "GET /img/yellow-dots-vertical.png HTTP/1.1" 304 - "http://www.easydrivers.at/" "Mozilla/5.0 (Windows NT 6.1; WOW64; Trident/7.0; rv:11.0) like Gecko"
85.158.226.1 - - [11/Aug/2017:08:00:20 +0200] "GET /img/black-dots-vertical.png HTTP/1.1" 304 - "http://www.easydrivers.at/" "Mozilla/5.0 (Windows NT 6.1; WOW64; Trident/7.0; rv:11.0) like Gecko"
85.158.226.1 - - [11/Aug/2017:08:00:20 +0200] "GET /img/new_favicon.ico HTTP/1.1" 304 - "-" "Mozilla/5.0 (Windows NT 6.1; Win64; x64; Trident/7.0; rv:11.0) like Gecko"
178.191.110.161 - - [11/Aug/2017:08:00:27 +0200] "GET /steyr/ HTTP/1.1" 301 137 "https://www.google.at/" "Mozilla/5.0 (iPhone; CPU iPhone OS 10_3_3 like Mac OS X) AppleWebKit/603.3.8 (KHTML, like Gecko) Version/10.0 Mobile/14G60 Safari/602.1"
207.46.13.127 - - [11/Aug/2017:08:00:30 +0200] "GET /javascript/fahrschule.js HTTP/1.1" 200 462 "-" "Mozilla/5.0 (compatible; bingbot/2.0; +http://www.bing.com/bingbot.htm)"
178.191.110.161 - - [11/Aug/2017:08:00:28 +0200] "GET /steyr HTTP/1.1" 200 2943 "https://www.google.at/" "Mozilla/5.0 (iPhone; CPU iPhone OS 10_3_3 like Mac OS X) AppleWebKit/603.3.8 (KHTML, like Gecko) Version/10.0 Mobile/14G60 Safari/602.1"
178.191.110.161 - - [11/Aug/2017:08:00:30 +0200] "GET /css/mobile.css HTTP/1.1" 200 2852 "http://www.easydrivers.at/steyr" "Mozilla/5.0 (iPhone; CPU iPhone OS 10_3_3 like Mac OS X) AppleWebKit/603.3.8 (KHTML, like Gecko) Version/10.0 Mobile/14G60 Safari/602.1"
178.191.110.161 - - [11/Aug/2017:08:00:30 +0200] "GET /javascript/jquery.cookie.js HTTP/1.1" 200 863 "http://www.easydrivers.at/steyr" "Mozilla/5.0 (iPhone; CPU iPhone OS 10_3_3 like Mac OS X) AppleWebKit/603.3.8 (KHTML, like Gecko) Version/10.0 Mobile/14G60 Safari/602.1"
178.191.110.161 - - [11/Aug/2017:08:00:30 +0200] "GET /javascript/mobile-menu.js HTTP/1.1" 200 1634 "http://www.easydrivers.at/steyr" "Mozilla/5.0 (iPhone; CPU iPhone OS 10_3_3 like Mac OS X) AppleWebKit/603.3.8 (KHTML, like Gecko) Version/10.0 Mobile/14G60 Safari/602.1"
178.191.110.161 - - [11/Aug/2017:08:00:30 +0200] "GET /javascript/jquery-1.9.1.min.js HTTP/1.1" 200 32731 "http://www.easydrivers.at/steyr" "Mozilla/5.0 (iPhone; CPU iPhone OS 10_3_3 like Mac OS X) AppleWebKit/603.3.8 (KHTML, like Gecko) Version/10.0 Mobile/14G60 Safari/602.1"
178.191.110.161 - - [11/Aug/2017:08:00:30 +0200] "GET /javascript/jquery.simplemodal.js HTTP/1.1" 200 3070 "http://www.easydrivers.at/steyr" "Mozilla/5.0 (iPhone; CPU iPhone OS 10_3_3 like Mac OS X) AppleWebKit/603.3.8 (KHTML, like Gecko) Version/10.0 Mobile/14G60 Safari/602.1"
178.191.110.161 - - [11/Aug/2017:08:00:30 +0200] "GET /javascript/lazyload.js HTTP/1.1" 200 1170 "http://www.easydrivers.at/steyr" "Mozilla/5.0 (iPhone; CPU iPhone OS 10_3_3 like Mac OS X) AppleWebKit/603.3.8 (KHTML, like Gecko) Version/10.0 Mobile/14G60 Safari/602.1"
178.191.110.161 - - [11/Aug/2017:08:00:30 +0200] "GET /javascript/mobile-fahrschule.js HTTP/1.1" 200 328 "http://www.easydrivers.at/steyr" "Mozilla/5.0 (iPhone; CPU iPhone OS 10_3_3 like Mac OS X) AppleWebKit/603.3.8 (KHTML, like Gecko) Version/10.0 Mobile/14G60 Safari/602.1"
178.191.110.161 - - [11/Aug/2017:08:00:30 +0200] "GET /img/mobile/easydrivers-logo-mobile.png HTTP/1.1" 200 10766 "http://www.easydrivers.at/steyr" "Mozilla/5.0 (iPhone; CPU iPhone OS 10_3_3 like Mac OS X) AppleWebKit/603.3.8 (KHTML, like Gecko) Version/10.0 Mobile/14G60 Safari/602.1"
178.191.110.161 - - [11/Aug/2017:08:00:30 +0200] "GET /img/mobile/menu-button.png HTTP/1.1" 200 1746 "http://www.easydrivers.at/steyr" "Mozilla/5.0 (iPhone; CPU iPhone OS 10_3_3 like Mac OS X) AppleWebKit/603.3.8 (KHTML, like Gecko) Version/10.0 Mobile/14G60 Safari/602.1"
178.191.110.161 - - [11/Aug/2017:08:00:30 +0200] "GET /img/mobile/close-button.png HTTP/1.1" 200 2411 "http://www.easydrivers.at/steyr" "Mozilla/5.0 (iPhone; CPU iPhone OS 10_3_3 like Mac OS X) AppleWebKit/603.3.8 (KHTML, like Gecko) Version/10.0 Mobile/14G60 Safari/602.1"
178.191.110.161 - - [11/Aug/2017:08:00:30 +0200] "GET /img/mobile/facebook-icon.png HTTP/1.1" 200 1902 "http://www.easydrivers.at/steyr" "Mozilla/5.0 (iPhone; CPU iPhone OS 10_3_3 like Mac OS X) AppleWebKit/603.3.8 (KHTML, like Gecko) Version/10.0 Mobile/14G60 Safari/602.1"
178.191.110.161 - - [11/Aug/2017:08:00:30 +0200] "GET /img/mobile/info-button.png HTTP/1.1" 200 1549 "http://www.easydrivers.at/steyr" "Mozilla/5.0 (iPhone; CPU iPhone OS 10_3_3 like Mac OS X) AppleWebKit/603.3.8 (KHTML, like Gecko) Version/10.0 Mobile/14G60 Safari/602.1"
178.191.110.161 - - [11/Aug/2017:08:00:30 +0200] "GET /img/mobile/info-close-button.png HTTP/1.1" 200 1721 "http://www.easydrivers.at/steyr" "Mozilla/5.0 (iPhone; CPU iPhone OS 10_3_3 like Mac OS X) AppleWebKit/603.3.8 (KHTML, like Gecko) Version/10.0 Mobile/14G60 Safari/602.1"
178.191.110.161 - - [11/Aug/2017:08:00:30 +0200] "GET /img/smallicon-person.png HTTP/1.1" 200 1141 "http://www.easydrivers.at/steyr" "Mozilla/5.0 (iPhone; CPU iPhone OS 10_3_3 like Mac OS X) AppleWebKit/603.3.8 (KHTML, like Gecko) Version/10.0 Mobile/14G60 Safari/602.1"
178.191.110.161 - - [11/Aug/2017:08:00:30 +0200] "GET /img/smallicon-address.png HTTP/1.1" 200 1211 "http://www.easydrivers.at/steyr" "Mozilla/5.0 (iPhone; CPU iPhone OS 10_3_3 like Mac OS X) AppleWebKit/603.3.8 (KHTML, like Gecko) Version/10.0 Mobile/14G60 Safari/602.1"
178.191.110.161 - - [11/Aug/2017:08:00:30 +0200] "GET /img/mobile/googlemaps-pin.png HTTP/1.1" 200 1597 "http://www.easydrivers.at/steyr" "Mozilla/5.0 (iPhone; CPU iPhone OS 10_3_3 like Mac OS X) AppleWebKit/603.3.8 (KHTML, like Gecko) Version/10.0 Mobile/14G60 Safari/602.1"
178.191.110.161 - - [11/Aug/2017:08:00:30 +0200] "GET /img/smallicon-time.png HTTP/1.1" 200 1262 "http://www.easydrivers.at/steyr" "Mozilla/5.0 (iPhone; CPU iPhone OS 10_3_3 like Mac OS X) AppleWebKit/603.3.8 (KHTML, like Gecko) Version/10.0 Mobile/14G60 Safari/602.1"
178.191.110.161 - - [11/Aug/2017:08:00:30 +0200] "GET /img/smallicon-phone.png HTTP/1.1" 200 3056 "http://www.easydrivers.at/steyr" "Mozilla/5.0 (iPhone; CPU iPhone OS 10_3_3 like Mac OS X) AppleWebKit/603.3.8 (KHTML, like Gecko) Version/10.0 Mobile/14G60 Safari/602.1"
178.191.110.161 - - [11/Aug/2017:08:00:30 +0200] "GET /img/smallicon-mail.png HTTP/1.1" 200 1341 "http://www.easydrivers.at/steyr" "Mozilla/5.0 (iPhone; CPU iPhone OS 10_3_3 like Mac OS X) AppleWebKit/603.3.8 (KHTML, like Gecko) Version/10.0 Mobile/14G60 Safari/602.1"
178.191.110.161 - - [11/Aug/2017:08:00:30 +0200] "GET /img/mobile/widget-icon-app.png HTTP/1.1" 200 3458 "http://www.easydrivers.at/steyr" "Mozilla/5.0 (iPhone; CPU iPhone OS 10_3_3 like Mac OS X) AppleWebKit/603.3.8 (KHTML, like Gecko) Version/10.0 Mobile/14G60 Safari/602.1"
178.191.110.161 - - [11/Aug/2017:08:00:30 +0200] "GET /img/mobile/bg-header.jpg HTTP/1.1" 200 19741 "http://www.easydrivers.at/steyr" "Mozilla/5.0 (iPhone; CPU iPhone OS 10_3_3 like Mac OS X) AppleWebKit/603.3.8 (KHTML, like Gecko) Version/10.0 Mobile/14G60 Safari/602.1"
178.191.110.161 - - [11/Aug/2017:08:00:30 +0200] "GET /img/mobile/bg-menu.jpg HTTP/1.1" 200 1698 "http://www.easydrivers.at/steyr" "Mozilla/5.0 (iPhone; CPU iPhone OS 10_3_3 like Mac OS X) AppleWebKit/603.3.8 (KHTML, like Gecko) Version/10.0 Mobile/14G60 Safari/602.1"
178.191.110.161 - - [11/Aug/2017:08:00:30 +0200] "GET /img/mobile/bg-top-section.jpg HTTP/1.1" 200 21711 "http://www.easydrivers.at/steyr" "Mozilla/5.0 (iPhone; CPU iPhone OS 10_3_3 like Mac OS X) AppleWebKit/603.3.8 (KHTML, like Gecko) Version/10.0 Mobile/14G60 Safari/602.1"
178.191.110.161 - - [11/Aug/2017:08:00:30 +0200] "GET /img/mobile/pfeil-rechts.png HTTP/1.1" 200 1228 "http://www.easydrivers.at/steyr" "Mozilla/5.0 (iPhone; CPU iPhone OS 10_3_3 like Mac OS X) AppleWebKit/603.3.8 (KHTML, like Gecko) Version/10.0 Mobile/14G60 Safari/602.1"
66.249.92.136 - - [11/Aug/2017:08:00:54 +0200] "GET /moedling/10288740?FS=B HTTP/1.1" 500 625 "-" "Mozilla/5.0 (iPhone; CPU iPhone OS 9_1 like Mac OS X) AppleWebKit/601.1.46 (KHTML, like Gecko) Version/9.0 Mobile/13B143 Safari/601.1 (compatible; AdsBot-Google-Mobile; +http://www.google.com/mobile/adsbot.html)"
178.191.110.161 - - [11/Aug/2017:08:00:56 +0200] "GET /steyr HTTP/1.1" 200 2943 "https://www.google.at/" "Mozilla/5.0 (iPhone; CPU iPhone OS 10_3_3 like Mac OS X) AppleWebKit/603.3.8 (KHTML, like Gecko) Version/10.0 Mobile/14G60 Safari/602.1"
66.249.92.138 - - [11/Aug/2017:08:01:05 +0200] "GET /moedling/10288740?FS=B HTTP/1.1" 500 625 "-" "Mozilla/5.0 (iPhone; CPU iPhone OS 9_1 like Mac OS X) AppleWebKit/601.1.46 (KHTML, like Gecko) Version/9.0 Mobile/13B143 Safari/601.1 (compatible; AdsBot-Google-Mobile; +http://www.google.com/mobile/adsbot.html)"
194.37.230.40 - - [11/Aug/2017:08:01:08 +0200] "GET /fuehrerscheine/auto/B-L17 HTTP/1.1" 200 4096 "http://www.easydrivers.at/fuehrerscheine/auto" "Mozilla/5.0 (Windows NT 6.1; Trident/7.0; rv:11.0) like Gecko"
194.37.230.40 - - [11/Aug/2017:08:01:09 +0200] "GET /css/style.css HTTP/1.1" 304 - "http://www.easydrivers.at/fuehrerscheine/auto/B-L17" "Mozilla/5.0 (Windows NT 6.1; Trident/7.0; rv:11.0) like Gecko"
194.37.230.40 - - [11/Aug/2017:08:01:09 +0200] "GET /img/close-button.png HTTP/1.1" 304 - "http://www.easydrivers.at/fuehrerscheine/auto/B-L17" "Mozilla/5.0 (Windows NT 6.1; Trident/7.0; rv:11.0) like Gecko"
194.37.230.40 - - [11/Aug/2017:08:01:09 +0200] "GET /javascript/jquery.simplemodal.js HTTP/1.1" 304 - "http://www.easydrivers.at/fuehrerscheine/auto/B-L17" "Mozilla/5.0 (Windows NT 6.1; Trident/7.0; rv:11.0) like Gecko"
194.37.230.40 - - [11/Aug/2017:08:01:09 +0200] "GET /javascript/jquery.customSelect.min.js HTTP/1.1" 304 - "http://www.easydrivers.at/fuehrerscheine/auto/B-L17" "Mozilla/5.0 (Windows NT 6.1; Trident/7.0; rv:11.0) like Gecko"
194.37.230.40 - - [11/Aug/2017:08:01:09 +0200] "GET /javascript/lazyload.js HTTP/1.1" 304 - "http://www.easydrivers.at/fuehrerscheine/auto/B-L17" "Mozilla/5.0 (Windows NT 6.1; Trident/7.0; rv:11.0) like Gecko"
194.37.230.40 - - [11/Aug/2017:08:01:09 +0200] "GET /img/facebook-icon.png HTTP/1.1" 304 - "http://www.easydrivers.at/fuehrerscheine/auto/B-L17" "Mozilla/5.0 (Windows NT 6.1; Trident/7.0; rv:11.0) like Gecko"
194.37.230.40 - - [11/Aug/2017:08:01:09 +0200] "GET /img/schweiz-icon.png HTTP/1.1" 304 - "http://www.easydrivers.at/fuehrerscheine/auto/B-L17" "Mozilla/5.0 (Windows NT 6.1; Trident/7.0; rv:11.0) like Gecko"
194.37.230.40 - - [11/Aug/2017:08:01:09 +0200] "GET /javascript/portal.js?1221842734 HTTP/1.1" 304 - "http://www.easydrivers.at/fuehrerscheine/auto/B-L17" "Mozilla/5.0 (Windows NT 6.1; Trident/7.0; rv:11.0) like Gecko"
194.37.230.40 - - [11/Aug/2017:08:01:09 +0200] "GET /javascript/jquery.cookie.js HTTP/1.1" 304 - "http://www.easydrivers.at/fuehrerscheine/auto/B-L17" "Mozilla/5.0 (Windows NT 6.1; Trident/7.0; rv:11.0) like Gecko"
194.37.230.40 - - [11/Aug/2017:08:01:09 +0200] "GET /css/print.css HTTP/1.1" 304 - "http://www.easydrivers.at/fuehrerscheine/auto/B-L17" "Mozilla/5.0 (Windows NT 6.1; Trident/7.0; rv:11.0) like Gecko"
194.37.230.40 - - [11/Aug/2017:08:01:09 +0200] "GET /binaries/easy-drivers-portal/motorrad7jpg.jpg HTTP/1.1" 200 102681 "http://www.easydrivers.at/fuehrerscheine/auto/B-L17" "Mozilla/5.0 (Windows NT 6.1; Trident/7.0; rv:11.0) like Gecko"
194.37.230.40 - - [11/Aug/2017:08:01:09 +0200] "GET /javascript/product.js HTTP/1.1" 304 - "http://www.easydrivers.at/fuehrerscheine/auto/B-L17" "Mozilla/5.0 (Windows NT 6.1; Trident/7.0; rv:11.0) like Gecko"
194.37.230.40 - - [11/Aug/2017:08:01:09 +0200] "GET /img/bg-header.jpg HTTP/1.1" 304 - "http://www.easydrivers.at/fuehrerscheine/auto/B-L17" "Mozilla/5.0 (Windows NT 6.1; Trident/7.0; rv:11.0) like Gecko"
194.37.230.40 - - [11/Aug/2017:08:01:09 +0200] "GET /img/kursicon-share-pink.png HTTP/1.1" 304 - "http://www.easydrivers.at/fuehrerscheine/auto/B-L17" "Mozilla/5.0 (Windows NT 6.1; Trident/7.0; rv:11.0) like Gecko"
194.37.230.40 - - [11/Aug/2017:08:01:09 +0200] "GET /img/kursicon-phone-pink.png HTTP/1.1" 304 - "http://www.easydrivers.at/fuehrerscheine/auto/B-L17" "Mozilla/5.0 (Windows NT 6.1; Trident/7.0; rv:11.0) like Gecko"
194.37.230.40 - - [11/Aug/2017:08:01:09 +0200] "GET /img/kursicon-download-pink.png HTTP/1.1" 304 - "http://www.easydrivers.at/fuehrerscheine/auto/B-L17" "Mozilla/5.0 (Windows NT 6.1; Trident/7.0; rv:11.0) like Gecko"
194.37.230.40 - - [11/Aug/2017:08:01:09 +0200] "GET /img/kursicon-print-pink.png HTTP/1.1" 304 - "http://www.easydrivers.at/fuehrerscheine/auto/B-L17" "Mozilla/5.0 (Windows NT 6.1; Trident/7.0; rv:11.0) like Gecko"
194.37.230.40 - - [11/Aug/2017:08:01:09 +0200] "GET /img/bg-yellow.jpg HTTP/1.1" 304 - "http://www.easydrivers.at/fuehrerscheine/auto/B-L17" "Mozilla/5.0 (Windows NT 6.1; Trident/7.0; rv:11.0) like Gecko"
194.37.230.40 - - [11/Aug/2017:08:01:09 +0200] "GET /img/bg-footer.jpg HTTP/1.1" 304 - "http://www.easydrivers.at/fuehrerscheine/auto/B-L17" "Mozilla/5.0 (Windows NT 6.1; Trident/7.0; rv:11.0) like Gecko"
194.37.230.40 - - [11/Aug/2017:08:01:09 +0200] "GET /img/ED_Logo.png HTTP/1.1" 304 - "http://www.easydrivers.at/fuehrerscheine/auto/B-L17" "Mozilla/5.0 (Windows NT 6.1; Trident/7.0; rv:11.0) like Gecko"
194.37.230.40 - - [11/Aug/2017:08:01:09 +0200] "GET /img/arrow-up.png HTTP/1.1" 304 - "http://www.easydrivers.at/fuehrerscheine/auto/B-L17" "Mozilla/5.0 (Windows NT 6.1; Trident/7.0; rv:11.0) like Gecko"
194.37.230.40 - - [11/Aug/2017:08:01:09 +0200] "GET /img/arrow-left.png HTTP/1.1" 304 - "http://www.easydrivers.at/fuehrerscheine/auto/B-L17" "Mozilla/5.0 (Windows NT 6.1; Trident/7.0; rv:11.0) like Gecko"
66.249.92.136 - - [11/Aug/2017:08:01:16 +0200] "GET /moedling/10288740?FS=B HTTP/1.1" 500 625 "-" "Mozilla/5.0 (iPhone; CPU iPhone OS 9_1 like Mac OS X) AppleWebKit/601.1.46 (KHTML, like Gecko) Version/9.0 Mobile/13B143 Safari/601.1 (compatible; AdsBot-Google-Mobile; +http://www.google.com/mobile/adsbot.html)"
194.37.230.40 - - [11/Aug/2017:08:01:39 +0200] "GET /fuehrerscheine/auto HTTP/1.1" 200 3366 "http://www.easydrivers.at/fuehrerscheine/auto/B-L17" "Mozilla/5.0 (Windows NT 6.1; Trident/7.0; rv:11.0) like Gecko"
194.37.230.40 - - [11/Aug/2017:08:01:41 +0200] "GET /css/style.css HTTP/1.1" 304 - "http://www.easydrivers.at/fuehrerscheine/auto" "Mozilla/5.0 (Windows NT 6.1; Trident/7.0; rv:11.0) like Gecko"
194.37.230.40 - - [11/Aug/2017:08:01:41 +0200] "GET /css/print.css HTTP/1.1" 304 - "http://www.easydrivers.at/fuehrerscheine/auto" "Mozilla/5.0 (Windows NT 6.1; Trident/7.0; rv:11.0) like Gecko"
194.37.230.40 - - [11/Aug/2017:08:01:41 +0200] "GET /javascript/jquery.customSelect.min.js HTTP/1.1" 304 - "http://www.easydrivers.at/fuehrerscheine/auto" "Mozilla/5.0 (Windows NT 6.1; Trident/7.0; rv:11.0) like Gecko"
194.37.230.40 - - [11/Aug/2017:08:01:41 +0200] "GET /javascript/jquery.simplemodal.js HTTP/1.1" 304 - "http://www.easydrivers.at/fuehrerscheine/auto" "Mozilla/5.0 (Windows NT 6.1; Trident/7.0; rv:11.0) like Gecko"
194.37.230.40 - - [11/Aug/2017:08:01:41 +0200] "GET /javascript/jquery.cookie.js HTTP/1.1" 304 - "http://www.easydrivers.at/fuehrerscheine/auto" "Mozilla/5.0 (Windows NT 6.1; Trident/7.0; rv:11.0) like Gecko"
194.37.230.40 - - [11/Aug/2017:08:01:41 +0200] "GET /javascript/portal.js?1221842734 HTTP/1.1" 304 - "http://www.easydrivers.at/fuehrerscheine/auto" "Mozilla/5.0 (Windows NT 6.1; Trident/7.0; rv:11.0) like Gecko"
194.37.230.40 - - [11/Aug/2017:08:01:41 +0200] "GET /javascript/lazyload.js HTTP/1.1" 304 - "http://www.easydrivers.at/fuehrerscheine/auto" "Mozilla/5.0 (Windows NT 6.1; Trident/7.0; rv:11.0) like Gecko"
194.37.230.40 - - [11/Aug/2017:08:01:41 +0200] "GET /img/close-button.png HTTP/1.1" 304 - "http://www.easydrivers.at/fuehrerscheine/auto" "Mozilla/5.0 (Windows NT 6.1; Trident/7.0; rv:11.0) like Gecko"
194.37.230.40 - - [11/Aug/2017:08:01:41 +0200] "GET /img/facebook-icon.png HTTP/1.1" 304 - "http://www.easydrivers.at/fuehrerscheine/auto" "Mozilla/5.0 (Windows NT 6.1; Trident/7.0; rv:11.0) like Gecko"
194.37.230.40 - - [11/Aug/2017:08:01:41 +0200] "GET /img/schweiz-icon.png HTTP/1.1" 304 - "http://www.easydrivers.at/fuehrerscheine/auto" "Mozilla/5.0 (Windows NT 6.1; Trident/7.0; rv:11.0) like Gecko"
194.37.230.40 - - [11/Aug/2017:08:01:41 +0200] "GET /javascript/license.js HTTP/1.1" 304 - "http://www.easydrivers.at/fuehrerscheine/auto" "Mozilla/5.0 (Windows NT 6.1; Trident/7.0; rv:11.0) like Gecko"
