194.118.250.58 - - [11/Aug/2017:07:18:42 +0200] "GET /bludenz HTTP/1.1" 200 3597 "-" "Mozilla/5.0 (iPad; CPU OS 10_3_3 like Mac OS X) AppleWebKit/603.3.8 (KHTML, like Gecko) Version/10.0 Mobile/14G60 Safari/602.1"
194.118.250.58 - - [11/Aug/2017:07:18:45 +0200] "GET /css/print.css HTTP/1.1" 200 967 "http://www.easydrivers.at/bludenz" "Mozilla/5.0 (iPad; CPU OS 10_3_3 like Mac OS X) AppleWebKit/603.3.8 (KHTML, like Gecko) Version/10.0 Mobile/14G60 Safari/602.1"
194.118.250.58 - - [11/Aug/2017:07:18:45 +0200] "GET /javascript/jquery.customSelect.min.js HTTP/1.1" 200 912 "http://www.easydrivers.at/bludenz" "Mozilla/5.0 (iPad; CPU OS 10_3_3 like Mac OS X) AppleWebKit/603.3.8 (KHTML, like Gecko) Version/10.0 Mobile/14G60 Safari/602.1"
194.118.250.58 - - [11/Aug/2017:07:18:45 +0200] "GET /css/style.css HTTP/1.1" 200 5004 "http://www.easydrivers.at/bludenz" "Mozilla/5.0 (iPad; CPU OS 10_3_3 like Mac OS X) AppleWebKit/603.3.8 (KHTML, like Gecko) Version/10.0 Mobile/14G60 Safari/602.1"
194.118.250.58 - - [11/Aug/2017:07:18:45 +0200] "GET /javascript/jquery.simplemodal.js HTTP/1.1" 200 3070 "http://www.easydrivers.at/bludenz" "Mozilla/5.0 (iPad; CPU OS 10_3_3 like Mac OS X) AppleWebKit/603.3.8 (KHTML, like Gecko) Version/10.0 Mobile/14G60 Safari/602.1"
194.118.250.58 - - [11/Aug/2017:07:18:45 +0200] "GET /javascript/jquery.cookie.js HTTP/1.1" 200 863 "http://www.easydrivers.at/bludenz" "Mozilla/5.0 (iPad; CPU OS 10_3_3 like Mac OS X) AppleWebKit/603.3.8 (KHTML, like Gecko) Version/10.0 Mobile/14G60 Safari/602.1"
194.118.250.58 - - [11/Aug/2017:07:18:45 +0200] "GET /javascript/portal.js?1221842734 HTTP/1.1" 200 3529 "http://www.easydrivers.at/bludenz" "Mozilla/5.0 (iPad; CPU OS 10_3_3 like Mac OS X) AppleWebKit/603.3.8 (KHTML, like Gecko) Version/10.0 Mobile/14G60 Safari/602.1"
194.118.250.58 - - [11/Aug/2017:07:18:45 +0200] "GET /javascript/lazyload.js HTTP/1.1" 200 1170 "http://www.easydrivers.at/bludenz" "Mozilla/5.0 (iPad; CPU OS 10_3_3 like Mac OS X) AppleWebKit/603.3.8 (KHTML, like Gecko) Version/10.0 Mobile/14G60 Safari/602.1"
194.118.250.58 - - [11/Aug/2017:07:18:45 +0200] "GET /javascript/fahrschule.js HTTP/1.1" 200 462 "http://www.easydrivers.at/bludenz" "Mozilla/5.0 (iPad; CPU OS 10_3_3 like Mac OS X) AppleWebKit/603.3.8 (KHTML, like Gecko) Version/10.0 Mobile/14G60 Safari/602.1"
194.118.250.58 - - [11/Aug/2017:07:18:45 +0200] "GET /img/facebook-icon.png HTTP/1.1" 200 1506 "http://www.easydrivers.at/bludenz" "Mozilla/5.0 (iPad; CPU OS 10_3_3 like Mac OS X) AppleWebKit/603.3.8 (KHTML, like Gecko) Version/10.0 Mobile/14G60 Safari/602.1"
194.118.250.58 - - [11/Aug/2017:07:18:45 +0200] "GET /img/close-button.png HTTP/1.1" 200 2237 "http://www.easydrivers.at/bludenz" "Mozilla/5.0 (iPad; CPU OS 10_3_3 like Mac OS X) AppleWebKit/603.3.8 (KHTML, like Gecko) Version/10.0 Mobile/14G60 Safari/602.1"
194.118.250.58 - - [11/Aug/2017:07:18:45 +0200] "GET /img/locator-icon.png HTTP/1.1" 200 1377 "http://www.easydrivers.at/bludenz" "Mozilla/5.0 (iPad; CPU OS 10_3_3 like Mac OS X) AppleWebKit/603.3.8 (KHTML, like Gecko) Version/10.0 Mobile/14G60 Safari/602.1"
194.118.250.58 - - [11/Aug/2017:07:18:45 +0200] "GET /img/info-button.png HTTP/1.1" 200 738 "http://www.easydrivers.at/bludenz" "Mozilla/5.0 (iPad; CPU OS 10_3_3 like Mac OS X) AppleWebKit/603.3.8 (KHTML, like Gecko) Version/10.0 Mobile/14G60 Safari/602.1"
194.118.250.58 - - [11/Aug/2017:07:18:45 +0200] "GET /img/close-button-small.png HTTP/1.1" 200 1671 "http://www.easydrivers.at/bludenz" "Mozilla/5.0 (iPad; CPU OS 10_3_3 like Mac OS X) AppleWebKit/603.3.8 (KHTML, like Gecko) Version/10.0 Mobile/14G60 Safari/602.1"
194.118.250.58 - - [11/Aug/2017:07:18:45 +0200] "GET /img/submit-button.png HTTP/1.1" 200 1958 "http://www.easydrivers.at/bludenz" "Mozilla/5.0 (iPad; CPU OS 10_3_3 like Mac OS X) AppleWebKit/603.3.8 (KHTML, like Gecko) Version/10.0 Mobile/14G60 Safari/602.1"
194.118.250.58 - - [11/Aug/2017:07:18:45 +0200] "GET /img/empty.gif HTTP/1.1" 200 43 "http://www.easydrivers.at/bludenz" "Mozilla/5.0 (iPad; CPU OS 10_3_3 like Mac OS X) AppleWebKit/603.3.8 (KHTML, like Gecko) Version/10.0 Mobile/14G60 Safari/602.1"
194.118.250.58 - - [11/Aug/2017:07:18:45 +0200] "GET /cache/emu/images/easy-drivers-portal10241568/schnellkursjpg_160_90_0.jpg HTTP/1.1" 200 4159 "http://www.easydrivers.at/bludenz" "Mozilla/5.0 (iPad; CPU OS 10_3_3 like Mac OS X) AppleWebKit/603.3.8 (KHTML, like Gecko) Version/10.0 Mobile/14G60 Safari/602.1"
194.118.250.58 - - [11/Aug/2017:07:18:45 +0200] "GET /binaries/easy-drivers-portal/widget-icon-trainingpng.png HTTP/1.1" 200 2662 "http://www.easydrivers.at/bludenz" "Mozilla/5.0 (iPad; CPU OS 10_3_3 like Mac OS X) AppleWebKit/603.3.8 (KHTML, like Gecko) Version/10.0 Mobile/14G60 Safari/602.1"
194.118.250.58 - - [11/Aug/2017:07:18:45 +0200] "GET /img/schweiz-icon.png HTTP/1.1" 200 1504 "http://www.easydrivers.at/bludenz" "Mozilla/5.0 (iPad; CPU OS 10_3_3 like Mac OS X) AppleWebKit/603.3.8 (KHTML, like Gecko) Version/10.0 Mobile/14G60 Safari/602.1"
194.118.250.58 - - [11/Aug/2017:07:18:45 +0200] "GET /binaries/easy-drivers-portal/widget-icon-apppng.png HTTP/1.1" 200 2432 "http://www.easydrivers.at/bludenz" "Mozilla/5.0 (iPad; CPU OS 10_3_3 like Mac OS X) AppleWebKit/603.3.8 (KHTML, like Gecko) Version/10.0 Mobile/14G60 Safari/602.1"
194.118.250.58 - - [11/Aug/2017:07:18:45 +0200] "GET /img/bg-header.jpg HTTP/1.1" 200 38680 "http://www.easydrivers.at/bludenz" "Mozilla/5.0 (iPad; CPU OS 10_3_3 like Mac OS X) AppleWebKit/603.3.8 (KHTML, like Gecko) Version/10.0 Mobile/14G60 Safari/602.1"
194.118.250.58 - - [11/Aug/2017:07:18:45 +0200] "GET /img/ED_Logo.png HTTP/1.1" 200 3385 "http://www.easydrivers.at/bludenz" "Mozilla/5.0 (iPad; CPU OS 10_3_3 like Mac OS X) AppleWebKit/603.3.8 (KHTML, like Gecko) Version/10.0 Mobile/14G60 Safari/602.1"
194.118.250.58 - - [11/Aug/2017:07:18:45 +0200] "GET /img/purple-dots-horizontal.png HTTP/1.1" 200 977 "http://www.easydrivers.at/bludenz" "Mozilla/5.0 (iPad; CPU OS 10_3_3 like Mac OS X) AppleWebKit/603.3.8 (KHTML, like Gecko) Version/10.0 Mobile/14G60 Safari/602.1"
194.118.250.58 - - [11/Aug/2017:07:18:45 +0200] "GET /img/yellow-dots-vertical.png HTTP/1.1" 200 981 "http://www.easydrivers.at/bludenz" "Mozilla/5.0 (iPad; CPU OS 10_3_3 like Mac OS X) AppleWebKit/603.3.8 (KHTML, like Gecko) Version/10.0 Mobile/14G60 Safari/602.1"
194.118.250.58 - - [11/Aug/2017:07:18:45 +0200] "GET /img/bg-footer.jpg HTTP/1.1" 200 31770 "http://www.easydrivers.at/bludenz" "Mozilla/5.0 (iPad; CPU OS 10_3_3 like Mac OS X) AppleWebKit/603.3.8 (KHTML, like Gecko) Version/10.0 Mobile/14G60 Safari/602.1"
194.118.250.58 - - [11/Aug/2017:07:18:45 +0200] "GET /img/kursicon-download-pink.png HTTP/1.1" 200 1213 "http://www.easydrivers.at/bludenz" "Mozilla/5.0 (iPad; CPU OS 10_3_3 like Mac OS X) AppleWebKit/603.3.8 (KHTML, like Gecko) Version/10.0 Mobile/14G60 Safari/602.1"
194.118.250.58 - - [11/Aug/2017:07:18:45 +0200] "GET /img/kursicon-print-pink.png HTTP/1.1" 200 1125 "http://www.easydrivers.at/bludenz" "Mozilla/5.0 (iPad; CPU OS 10_3_3 like Mac OS X) AppleWebKit/603.3.8 (KHTML, like Gecko) Version/10.0 Mobile/14G60 Safari/602.1"
194.118.250.58 - - [11/Aug/2017:07:18:45 +0200] "GET /img/bg-top-section.jpg HTTP/1.1" 200 82172 "http://www.easydrivers.at/bludenz" "Mozilla/5.0 (iPad; CPU OS 10_3_3 like Mac OS X) AppleWebKit/603.3.8 (KHTML, like Gecko) Version/10.0 Mobile/14G60 Safari/602.1"
194.118.250.58 - - [11/Aug/2017:07:18:45 +0200] "GET /img/kursicon-share-pink.png HTTP/1.1" 200 1277 "http://www.easydrivers.at/bludenz" "Mozilla/5.0 (iPad; CPU OS 10_3_3 like Mac OS X) AppleWebKit/603.3.8 (KHTML, like Gecko) Version/10.0 Mobile/14G60 Safari/602.1"
194.118.250.58 - - [11/Aug/2017:07:18:45 +0200] "GET /img/kursicon-phone-pink.png HTTP/1.1" 200 1286 "http://www.easydrivers.at/bludenz" "Mozilla/5.0 (iPad; CPU OS 10_3_3 like Mac OS X) AppleWebKit/603.3.8 (KHTML, like Gecko) Version/10.0 Mobile/14G60 Safari/602.1"
91.141.2.49 - - [11/Aug/2017:07:18:44 +0200] "GET /voesendorf/10288807?FS=B HTTP/1.1" 200 3124 "http://www.easydrivers.at/voesendorf/kursauswahl" "Mozilla/5.0 (Linux; Android 7.0; SM-G920F Build/NRD90M) AppleWebKit/537.36 (KHTML, like Gecko) Chrome/59.0.3071.125 Mobile Safari/537.36"
91.141.2.49 - - [11/Aug/2017:07:18:47 +0200] "GET /img/mobile/kursicon-share.png HTTP/1.1" 200 2065 "http://www.easydrivers.at/voesendorf/10288807?FS=B" "Mozilla/5.0 (Linux; Android 7.0; SM-G920F Build/NRD90M) AppleWebKit/537.36 (KHTML, like Gecko) Chrome/59.0.3071.125 Mobile Safari/537.36"
91.141.2.49 - - [11/Aug/2017:07:18:47 +0200] "GET /img/mobile/kursicon-phone.png HTTP/1.1" 200 1932 "http://www.easydrivers.at/voesendorf/10288807?FS=B" "Mozilla/5.0 (Linux; Android 7.0; SM-G920F Build/NRD90M) AppleWebKit/537.36 (KHTML, like Gecko) Chrome/59.0.3071.125 Mobile Safari/537.36"
91.141.2.49 - - [11/Aug/2017:07:18:47 +0200] "GET /img/mobile/smallicon-mail.png HTTP/1.1" 200 1335 "http://www.easydrivers.at/voesendorf/10288807?FS=B" "Mozilla/5.0 (Linux; Android 7.0; SM-G920F Build/NRD90M) AppleWebKit/537.36 (KHTML, like Gecko) Chrome/59.0.3071.125 Mobile Safari/537.36"
91.141.2.49 - - [11/Aug/2017:07:18:47 +0200] "GET /img/mobile/smallicon-phone.png HTTP/1.1" 200 1311 "http://www.easydrivers.at/voesendorf/10288807?FS=B" "Mozilla/5.0 (Linux; Android 7.0; SM-G920F Build/NRD90M) AppleWebKit/537.36 (KHTML, like Gecko) Chrome/59.0.3071.125 Mobile Safari/537.36"
91.141.2.49 - - [11/Aug/2017:07:18:47 +0200] "GET /img/mobile/pfeil-rechts-small.png HTTP/1.1" 200 1056 "http://www.easydrivers.at/css/mobile.css" "Mozilla/5.0 (Linux; Android 7.0; SM-G920F Build/NRD90M) AppleWebKit/537.36 (KHTML, like Gecko) Chrome/59.0.3071.125 Mobile Safari/537.36"
212.17.106.18 - - [11/Aug/2017:07:18:45 +0200] "GET /dornbirn/10266951 HTTP/1.1" 200 3335 "http://www.easydrivers.at/dornbirn" "Mozilla/5.0 (Windows NT 6.3; WOW64; Trident/7.0; rv:11.0) like Gecko"
212.17.106.18 - - [11/Aug/2017:07:18:48 +0200] "GET /javascript/mobile-menu.js HTTP/1.1" 200 1634 "http://www.easydrivers.at/dornbirn/10266951" "Mozilla/5.0 (Windows NT 6.3; WOW64; Trident/7.0; rv:11.0) like Gecko"
212.17.106.18 - - [11/Aug/2017:07:18:48 +0200] "GET /css/mobile.css HTTP/1.1" 200 2852 "http://www.easydrivers.at/dornbirn/10266951" "Mozilla/5.0 (Windows NT 6.3; WOW64; Trident/7.0; rv:11.0) like Gecko"
212.17.106.18 - - [11/Aug/2017:07:18:48 +0200] "GET /img/mobile/easydrivers-logo-mobile.png HTTP/1.1" 200 10766 "http://www.easydrivers.at/dornbirn/10266951" "Mozilla/5.0 (Windows NT 6.3; WOW64; Trident/7.0; rv:11.0) like Gecko"
212.17.106.18 - - [11/Aug/2017:07:18:48 +0200] "GET /img/mobile/close-button.png HTTP/1.1" 200 2411 "http://www.easydrivers.at/dornbirn/10266951" "Mozilla/5.0 (Windows NT 6.3; WOW64; Trident/7.0; rv:11.0) like Gecko"
212.17.106.18 - - [11/Aug/2017:07:18:48 +0200] "GET /img/mobile/menu-button.png HTTP/1.1" 200 1746 "http://www.easydrivers.at/dornbirn/10266951" "Mozilla/5.0 (Windows NT 6.3; WOW64; Trident/7.0; rv:11.0) like Gecko"
212.17.106.18 - - [11/Aug/2017:07:18:48 +0200] "GET /javascript/mobile-fahrschule.js HTTP/1.1" 200 328 "http://www.easydrivers.at/dornbirn/10266951" "Mozilla/5.0 (Windows NT 6.3; WOW64; Trident/7.0; rv:11.0) like Gecko"
212.17.106.18 - - [11/Aug/2017:07:18:48 +0200] "GET /img/mobile/info-button.png HTTP/1.1" 200 1549 "http://www.easydrivers.at/dornbirn/10266951" "Mozilla/5.0 (Windows NT 6.3; WOW64; Trident/7.0; rv:11.0) like Gecko"
212.17.106.18 - - [11/Aug/2017:07:18:48 +0200] "GET /img/mobile/facebook-icon.png HTTP/1.1" 200 1902 "http://www.easydrivers.at/dornbirn/10266951" "Mozilla/5.0 (Windows NT 6.3; WOW64; Trident/7.0; rv:11.0) like Gecko"
212.17.106.18 - - [11/Aug/2017:07:18:48 +0200] "GET /javascript/jquery-1.9.1.min.js HTTP/1.1" 200 32731 "http://www.easydrivers.at/dornbirn/10266951" "Mozilla/5.0 (Windows NT 6.3; WOW64; Trident/7.0; rv:11.0) like Gecko"
212.17.106.18 - - [11/Aug/2017:07:18:48 +0200] "GET /img/mobile/info-close-button.png HTTP/1.1" 200 1721 "http://www.easydrivers.at/dornbirn/10266951" "Mozilla/5.0 (Windows NT 6.3; WOW64; Trident/7.0; rv:11.0) like Gecko"
212.17.106.18 - - [11/Aug/2017:07:18:48 +0200] "GET /img/smallicon-person.png HTTP/1.1" 200 1141 "http://www.easydrivers.at/dornbirn/10266951" "Mozilla/5.0 (Windows NT 6.3; WOW64; Trident/7.0; rv:11.0) like Gecko"
212.17.106.18 - - [11/Aug/2017:07:18:48 +0200] "GET /img/mobile/googlemaps-pin.png HTTP/1.1" 200 1597 "http://www.easydrivers.at/dornbirn/10266951" "Mozilla/5.0 (Windows NT 6.3; WOW64; Trident/7.0; rv:11.0) like Gecko"
212.17.106.18 - - [11/Aug/2017:07:18:48 +0200] "GET /binaries/easy-drivers-portal/edlogoljpg.jpg HTTP/1.1" 200 24176 "http://www.easydrivers.at/dornbirn/10266951" "Mozilla/5.0 (Windows NT 6.3; WOW64; Trident/7.0; rv:11.0) like Gecko"
212.17.106.18 - - [11/Aug/2017:07:18:48 +0200] "GET /img/mobile/bg-header.jpg HTTP/1.1" 200 19741 "http://www.easydrivers.at/dornbirn/10266951" "Mozilla/5.0 (Windows NT 6.3; WOW64; Trident/7.0; rv:11.0) like Gecko"
212.17.106.18 - - [11/Aug/2017:07:18:48 +0200] "GET /binaries/easy-drivers-rudi-dornbirn/img9323-1-427x640jpg.jpg HTTP/1.1" 200 212945 "http://www.easydrivers.at/dornbirn/10266951" "Mozilla/5.0 (Windows NT 6.3; WOW64; Trident/7.0; rv:11.0) like Gecko"
212.17.106.18 - - [11/Aug/2017:07:18:48 +0200] "GET /img/mobile/bg-menu.jpg HTTP/1.1" 200 1698 "http://www.easydrivers.at/dornbirn/10266951" "Mozilla/5.0 (Windows NT 6.3; WOW64; Trident/7.0; rv:11.0) like Gecko"
212.17.106.18 - - [11/Aug/2017:07:18:48 +0200] "GET /binaries/easy-drivers-rudi-dornbirn/img9286---kopie-2-1-430x640jpg-1.jpg HTTP/1.1" 200 255819 "http://www.easydrivers.at/dornbirn/10266951" "Mozilla/5.0 (Windows NT 6.3; WOW64; Trident/7.0; rv:11.0) like Gecko"
212.17.106.18 - - [11/Aug/2017:07:18:48 +0200] "GET /img/mobile/bg-top-section.jpg HTTP/1.1" 200 21711 "http://www.easydrivers.at/dornbirn/10266951" "Mozilla/5.0 (Windows NT 6.3; WOW64; Trident/7.0; rv:11.0) like Gecko"
212.17.106.18 - - [11/Aug/2017:07:18:48 +0200] "GET /binaries/easy-drivers-rudi-dornbirn/rosi-1-427x640jpg-2.jpg HTTP/1.1" 200 223141 "http://www.easydrivers.at/dornbirn/10266951" "Mozilla/5.0 (Windows NT 6.3; WOW64; Trident/7.0; rv:11.0) like Gecko"
212.17.106.18 - - [11/Aug/2017:07:18:48 +0200] "GET /binaries/easy-drivers-rudi-dornbirn/flatz-beate-1jpg-1.jpg HTTP/1.1" 200 913360 "http://www.easydrivers.at/dornbirn/10266951" "Mozilla/5.0 (Windows NT 6.3; WOW64; Trident/7.0; rv:11.0) like Gecko"
212.17.106.18 - - [11/Aug/2017:07:18:48 +0200] "GET /binaries/easy-drivers-rudi-dornbirn/g-4.jpg HTTP/1.1" 200 215261 "http://www.easydrivers.at/dornbirn/10266951" "Mozilla/5.0 (Windows NT 6.3; WOW64; Trident/7.0; rv:11.0) like Gecko"
212.17.106.18 - - [11/Aug/2017:07:18:48 +0200] "GET /binaries/easy-drivers-rudi-dornbirn/gohm-helga-1jpg.jpg HTTP/1.1" 200 459281 "http://www.easydrivers.at/dornbirn/10266951" "Mozilla/5.0 (Windows NT 6.3; WOW64; Trident/7.0; rv:11.0) like Gecko"
212.17.106.18 - - [11/Aug/2017:07:18:49 +0200] "GET /binaries/easy-drivers-rudi-dornbirn/holzer-sonja-1-427x640jpg.jpg HTTP/1.1" 200 206759 "http://www.easydrivers.at/dornbirn/10266951" "Mozilla/5.0 (Windows NT 6.3; WOW64; Trident/7.0; rv:11.0) like Gecko"
212.17.106.18 - - [11/Aug/2017:07:18:49 +0200] "GET /binaries/easy-drivers-rudi-dornbirn/img9604-2-1jpg.jpg HTTP/1.1" 200 590880 "http://www.easydrivers.at/dornbirn/10266951" "Mozilla/5.0 (Windows NT 6.3; WOW64; Trident/7.0; rv:11.0) like Gecko"
212.17.106.18 - - [11/Aug/2017:07:18:50 +0200] "GET /binaries/easy-drivers-rudi-dornbirn/img9615-2-1jpg-1.jpg HTTP/1.1" 200 579848 "http://www.easydrivers.at/dornbirn/10266951" "Mozilla/5.0 (Windows NT 6.3; WOW64; Trident/7.0; rv:11.0) like Gecko"
212.17.106.18 - - [11/Aug/2017:07:18:48 +0200] "GET /binaries/easy-drivers-rudi-dornbirn/grabherr-reinhardjpg.jpg HTTP/1.1" 200 4848959 "http://www.easydrivers.at/dornbirn/10266951" "Mozilla/5.0 (Windows NT 6.3; WOW64; Trident/7.0; rv:11.0) like Gecko"
212.17.106.18 - - [11/Aug/2017:07:18:51 +0200] "GET /binaries/easy-drivers-rudi-dornbirn/wohlgenannt-kurt-427x640-1jpg.jpg HTTP/1.1" 200 104589 "http://www.easydrivers.at/dornbirn/10266951" "Mozilla/5.0 (Windows NT 6.3; WOW64; Trident/7.0; rv:11.0) like Gecko"
212.17.106.18 - - [11/Aug/2017:07:18:48 +0200] "GET /binaries/easy-drivers-rudi-dornbirn/folie-linojpg.jpg HTTP/1.1" 200 4878191 "http://www.easydrivers.at/dornbirn/10266951" "Mozilla/5.0 (Windows NT 6.3; WOW64; Trident/7.0; rv:11.0) like Gecko"
212.17.106.18 - - [11/Aug/2017:07:18:49 +0200] "GET /binaries/easy-drivers-rudi-dornbirn/hagen-edijpg.jpg HTTP/1.1" 200 4616881 "http://www.easydrivers.at/dornbirn/10266951" "Mozilla/5.0 (Windows NT 6.3; WOW64; Trident/7.0; rv:11.0) like Gecko"
212.17.106.18 - - [11/Aug/2017:07:18:48 +0200] "GET /binaries/easy-drivers-rudi-dornbirn/conti-rudijpg.jpg HTTP/1.1" 200 5550134 "http://www.easydrivers.at/dornbirn/10266951" "Mozilla/5.0 (Windows NT 6.3; WOW64; Trident/7.0; rv:11.0) like Gecko"
212.17.106.18 - - [11/Aug/2017:07:18:51 +0200] "GET /binaries/easy-drivers-rudi-dornbirn/omeradzic-zineta-1-427x640jpg.jpg HTTP/1.1" 200 214317 "http://www.easydrivers.at/dornbirn/10266951" "Mozilla/5.0 (Windows NT 6.3; WOW64; Trident/7.0; rv:11.0) like Gecko"
212.17.106.18 - - [11/Aug/2017:07:18:50 +0200] "GET /binaries/easy-drivers-rudi-dornbirn/lang-sonja-1jpg.jpg HTTP/1.1" 200 1469264 "http://www.easydrivers.at/dornbirn/10266951" "Mozilla/5.0 (Windows NT 6.3; WOW64; Trident/7.0; rv:11.0) like Gecko"
216.244.66.249 - - [11/Aug/2017:07:18:49 +0200] "GET /hartberg/10250456 HTTP/1.1" 410 10937 "-" "Mozilla/5.0 (compatible; DotBot/1.1; http://www.opensiteexplorer.org/dotbot, help@moz.com)"
212.17.106.18 - - [11/Aug/2017:07:18:50 +0200] "GET /binaries/easy-drivers-rudi-dornbirn/pedrazza-werner-1jpg.jpg HTTP/1.1" 200 1698564 "http://www.easydrivers.at/dornbirn/10266951" "Mozilla/5.0 (Windows NT 6.3; WOW64; Trident/7.0; rv:11.0) like Gecko"
194.118.250.58 - - [11/Aug/2017:07:18:52 +0200] "GET /img/loading-bars.gif HTTP/1.1" 200 3951 "http://www.easydrivers.at/bludenz" "Mozilla/5.0 (iPad; CPU OS 10_3_3 like Mac OS X) AppleWebKit/603.3.8 (KHTML, like Gecko) Version/10.0 Mobile/14G60 Safari/602.1"
212.17.106.18 - - [11/Aug/2017:07:18:49 +0200] "GET /binaries/easy-drivers-rudi-dornbirn/karitnig-heinzjpg.jpg HTTP/1.1" 200 5778208 "http://www.easydrivers.at/dornbirn/10266951" "Mozilla/5.0 (Windows NT 6.3; WOW64; Trident/7.0; rv:11.0) like Gecko"
212.17.106.18 - - [11/Aug/2017:07:18:51 +0200] "GET /binaries/easy-drivers-rudi-dornbirn/winder-martinjpg-1.jpg HTTP/1.1" 200 6712766 "http://www.easydrivers.at/dornbirn/10266951" "Mozilla/5.0 (Windows NT 6.3; WOW64; Trident/7.0; rv:11.0) like Gecko"
194.118.250.58 - - [11/Aug/2017:07:18:52 +0200] "POST /bludenz/kursauswahl HTTP/1.1" 200 4096 "http://www.easydrivers.at/bludenz" "Mozilla/5.0 (iPad; CPU OS 10_3_3 like Mac OS X) AppleWebKit/603.3.8 (KHTML, like Gecko) Version/10.0 Mobile/14G60 Safari/602.1"
194.118.250.58 - - [11/Aug/2017:07:18:54 +0200] "GET /javascript/jquery.showLoading.min.js HTTP/1.1" 200 1136 "http://www.easydrivers.at/bludenz/kursauswahl" "Mozilla/5.0 (iPad; CPU OS 10_3_3 like Mac OS X) AppleWebKit/603.3.8 (KHTML, like Gecko) Version/10.0 Mobile/14G60 Safari/602.1"
194.118.250.58 - - [11/Aug/2017:07:18:54 +0200] "GET /css/showLoading.css HTTP/1.1" 200 219 "http://www.easydrivers.at/bludenz/kursauswahl" "Mozilla/5.0 (iPad; CPU OS 10_3_3 like Mac OS X) AppleWebKit/603.3.8 (KHTML, like Gecko) Version/10.0 Mobile/14G60 Safari/602.1"
194.118.250.58 - - [11/Aug/2017:07:18:54 +0200] "GET /javascript/jquery.base64.min.js HTTP/1.1" 200 37135 "http://www.easydrivers.at/bludenz/kursauswahl" "Mozilla/5.0 (iPad; CPU OS 10_3_3 like Mac OS X) AppleWebKit/603.3.8 (KHTML, like Gecko) Version/10.0 Mobile/14G60 Safari/602.1"
194.118.250.58 - - [11/Aug/2017:07:18:54 +0200] "GET /img/top-image-overlay.png HTTP/1.1" 200 20650 "http://www.easydrivers.at/bludenz/kursauswahl" "Mozilla/5.0 (iPad; CPU OS 10_3_3 like Mac OS X) AppleWebKit/603.3.8 (KHTML, like Gecko) Version/10.0 Mobile/14G60 Safari/602.1"
194.118.250.58 - - [11/Aug/2017:07:18:54 +0200] "GET /img/arrow-left.png HTTP/1.1" 200 1015 "http://www.easydrivers.at/bludenz/kursauswahl" "Mozilla/5.0 (iPad; CPU OS 10_3_3 like Mac OS X) AppleWebKit/603.3.8 (KHTML, like Gecko) Version/10.0 Mobile/14G60 Safari/602.1"
194.118.250.58 - - [11/Aug/2017:07:18:54 +0200] "GET /img/bg-yellow.jpg HTTP/1.1" 200 2250 "http://www.easydrivers.at/bludenz/kursauswahl" "Mozilla/5.0 (iPad; CPU OS 10_3_3 like Mac OS X) AppleWebKit/603.3.8 (KHTML, like Gecko) Version/10.0 Mobile/14G60 Safari/602.1"
194.118.250.58 - - [11/Aug/2017:07:18:54 +0200] "GET /binaries/easy-drivers-portal/bus5jpg.jpg HTTP/1.1" 200 79783 "http://www.easydrivers.at/bludenz/kursauswahl" "Mozilla/5.0 (iPad; CPU OS 10_3_3 like Mac OS X) AppleWebKit/603.3.8 (KHTML, like Gecko) Version/10.0 Mobile/14G60 Safari/602.1"
91.141.2.49 - - [11/Aug/2017:07:18:53 +0200] "GET /voesendorf?gclid=Cj0KCQjwiLDMBRDFARIsACNmiX-UyLjkLziVo6xXxb1lbezK6Jm5_6Z9IfbHelZJSglzsWNUfsxH1oQaAo4NEALw_wcB HTTP/1.1" 200 2967 "android-app://com.google.android.googlequicksearchbox" "Mozilla/5.0 (Linux; Android 7.0; SM-G920F Build/NRD90M) AppleWebKit/537.36 (KHTML, like Gecko) Chrome/59.0.3071.125 Mobile Safari/537.36"
212.17.106.18 - - [11/Aug/2017:07:18:51 +0200] "GET /binaries/easy-drivers-rudi-dornbirn/img9371---kopie-1-1jpg.jpg HTTP/1.1" 200 4872117 "http://www.easydrivers.at/dornbirn/10266951" "Mozilla/5.0 (Windows NT 6.3; WOW64; Trident/7.0; rv:11.0) like Gecko"
212.17.106.18 - - [11/Aug/2017:07:18:56 +0200] "GET /img/favicon.ico HTTP/1.1" 404 300 "-" "Mozilla/5.0 (Windows NT 6.3; WOW64; Trident/7.0; rv:11.0) like Gecko"
212.17.106.18 - - [11/Aug/2017:07:18:56 +0200] "GET /favicon.ico HTTP/1.1" 200 1150 "-" "Mozilla/5.0 (Windows NT 6.3; WOW64; Trident/7.0; rv:11.0) like Gecko"
91.141.2.49 - - [11/Aug/2017:07:18:58 +0200] "POST /voesendorf/kursauswahl HTTP/1.1" 200 3150 "http://www.easydrivers.at/voesendorf?gclid=Cj0KCQjwiLDMBRDFARIsACNmiX-UyLjkLziVo6xXxb1lbezK6Jm5_6Z9IfbHelZJSglzsWNUfsxH1oQaAo4NEALw_wcB" "Mozilla/5.0 (Linux; Android 7.0; SM-G920F Build/NRD90M) AppleWebKit/537.36 (KHTML, like Gecko) Chrome/59.0.3071.125 Mobile Safari/537.36"
91.141.2.49 - - [11/Aug/2017:07:18:59 +0200] "POST /voesendorf/kursauswahl HTTP/1.1" 200 3150 "http://www.easydrivers.at/voesendorf?gclid=Cj0KCQjwiLDMBRDFARIsACNmiX-UyLjkLziVo6xXxb1lbezK6Jm5_6Z9IfbHelZJSglzsWNUfsxH1oQaAo4NEALw_wcB" "Mozilla/5.0 (Linux; Android 7.0; SM-G920F Build/NRD90M) AppleWebKit/537.36 (KHTML, like Gecko) Chrome/59.0.3071.125 Mobile Safari/537.36"
216.244.66.249 - - [11/Aug/2017:07:19:00 +0200] "GET /hartberg/10250477?FS=CCE HTTP/1.1" 410 10937 "-" "Mozilla/5.0 (compatible; DotBot/1.1; http://www.opensiteexplorer.org/dotbot, help@moz.com)"
194.118.250.58 - - [11/Aug/2017:07:19:01 +0200] "POST /loadkursliste HTTP/1.1" 200 688 "http://www.easydrivers.at/bludenz/kursauswahl" "Mozilla/5.0 (iPad; CPU OS 10_3_3 like Mac OS X) AppleWebKit/603.3.8 (KHTML, like Gecko) Version/10.0 Mobile/14G60 Safari/602.1"
194.118.250.58 - - [11/Aug/2017:07:19:03 +0200] "GET /img/kursicon-print.png HTTP/1.1" 200 1184 "http://www.easydrivers.at/bludenz/kursauswahl" "Mozilla/5.0 (iPad; CPU OS 10_3_3 like Mac OS X) AppleWebKit/603.3.8 (KHTML, like Gecko) Version/10.0 Mobile/14G60 Safari/602.1"
194.118.250.58 - - [11/Aug/2017:07:19:03 +0200] "GET /img/kursicon-download.png HTTP/1.1" 200 1218 "http://www.easydrivers.at/bludenz/kursauswahl" "Mozilla/5.0 (iPad; CPU OS 10_3_3 like Mac OS X) AppleWebKit/603.3.8 (KHTML, like Gecko) Version/10.0 Mobile/14G60 Safari/602.1"
194.118.250.58 - - [11/Aug/2017:07:19:03 +0200] "GET /img/kursicon-phone.png HTTP/1.1" 200 1287 "http://www.easydrivers.at/bludenz/kursauswahl" "Mozilla/5.0 (iPad; CPU OS 10_3_3 like Mac OS X) AppleWebKit/603.3.8 (KHTML, like Gecko) Version/10.0 Mobile/14G60 Safari/602.1"
194.118.250.58 - - [11/Aug/2017:07:19:03 +0200] "GET /img/kursicon-share.png HTTP/1.1" 200 1302 "http://www.easydrivers.at/bludenz/kursauswahl" "Mozilla/5.0 (iPad; CPU OS 10_3_3 like Mac OS X) AppleWebKit/603.3.8 (KHTML, like Gecko) Version/10.0 Mobile/14G60 Safari/602.1"
91.141.2.49 - - [11/Aug/2017:07:19:02 +0200] "POST /loadkursliste HTTP/1.1" 200 538 "http://www.easydrivers.at/voesendorf/kursauswahl" "Mozilla/5.0 (Linux; Android 7.0; SM-G920F Build/NRD90M) AppleWebKit/537.36 (KHTML, like Gecko) Chrome/59.0.3071.125 Mobile Safari/537.36"
216.244.66.249 - - [11/Aug/2017:07:19:13 +0200] "GET /kapfenberg.pankl/10241950?FS=A HTTP/1.1" 410 11176 "-" "Mozilla/5.0 (compatible; DotBot/1.1; http://www.opensiteexplorer.org/dotbot, help@moz.com)"
91.141.2.49 - - [11/Aug/2017:07:19:17 +0200] "GET /voesendorf/10281942?FS=B HTTP/1.1" 200 3127 "http://www.easydrivers.at/voesendorf/kursauswahl" "Mozilla/5.0 (Linux; Android 7.0; SM-G920F Build/NRD90M) AppleWebKit/537.36 (KHTML, like Gecko) Chrome/59.0.3071.125 Mobile Safari/537.36"
194.118.250.58 - - [11/Aug/2017:07:19:18 +0200] "GET /bludenz/kursauswahlbludenz/LKWKursCD20170901?FS=DD195-B&print=true HTTP/1.1" 200 6182 "http://www.easydrivers.at/bludenz/kursauswahl" "Mozilla/5.0 (iPad; CPU OS 10_3_3 like Mac OS X) AppleWebKit/603.3.8 (KHTML, like Gecko) Version/10.0 Mobile/14G60 Safari/602.1"
194.118.250.58 - - [11/Aug/2017:07:19:20 +0200] "GET /img/smallicon-person-wbg.png HTTP/1.1" 200 452 "http://www.easydrivers.at/bludenz/kursauswahlbludenz/LKWKursCD20170901?FS=DD195-B&print=true" "Mozilla/5.0 (iPad; CPU OS 10_3_3 like Mac OS X) AppleWebKit/603.3.8 (KHTML, like Gecko) Version/10.0 Mobile/14G60 Safari/602.1"
194.118.250.58 - - [11/Aug/2017:07:19:20 +0200] "GET /javascript/suche.js HTTP/1.1" 200 209 "http://www.easydrivers.at/bludenz/kursauswahlbludenz/LKWKursCD20170901?FS=DD195-B&print=true" "Mozilla/5.0 (iPad; CPU OS 10_3_3 like Mac OS X) AppleWebKit/603.3.8 (KHTML, like Gecko) Version/10.0 Mobile/14G60 Safari/602.1"
194.118.250.58 - - [11/Aug/2017:07:19:20 +0200] "GET /img/smallicon-address-wbg.png HTTP/1.1" 200 542 "http://www.easydrivers.at/bludenz/kursauswahlbludenz/LKWKursCD20170901?FS=DD195-B&print=true" "Mozilla/5.0 (iPad; CPU OS 10_3_3 like Mac OS X) AppleWebKit/603.3.8 (KHTML, like Gecko) Version/10.0 Mobile/14G60 Safari/602.1"
194.118.250.58 - - [11/Aug/2017:07:19:20 +0200] "GET /img/smallicon-phone-wbg.png HTTP/1.1" 200 430 "http://www.easydrivers.at/bludenz/kursauswahlbludenz/LKWKursCD20170901?FS=DD195-B&print=true" "Mozilla/5.0 (iPad; CPU OS 10_3_3 like Mac OS X) AppleWebKit/603.3.8 (KHTML, like Gecko) Version/10.0 Mobile/14G60 Safari/602.1"
194.118.250.58 - - [11/Aug/2017:07:19:20 +0200] "GET /img/smallicon-mail-wbg.png HTTP/1.1" 200 487 "http://www.easydrivers.at/bludenz/kursauswahlbludenz/LKWKursCD20170901?FS=DD195-B&print=true" "Mozilla/5.0 (iPad; CPU OS 10_3_3 like Mac OS X) AppleWebKit/603.3.8 (KHTML, like Gecko) Version/10.0 Mobile/14G60 Safari/602.1"
194.118.250.58 - - [11/Aug/2017:07:19:20 +0200] "GET /img/smallicon-time-wbg.png HTTP/1.1" 200 526 "http://www.easydrivers.at/bludenz/kursauswahlbludenz/LKWKursCD20170901?FS=DD195-B&print=true" "Mozilla/5.0 (iPad; CPU OS 10_3_3 like Mac OS X) AppleWebKit/603.3.8 (KHTML, like Gecko) Version/10.0 Mobile/14G60 Safari/602.1"
194.118.250.58 - - [11/Aug/2017:07:19:20 +0200] "GET /img/smallicon-fax-wbg.png HTTP/1.1" 200 463 "http://www.easydrivers.at/bludenz/kursauswahlbludenz/LKWKursCD20170901?FS=DD195-B&print=true" "Mozilla/5.0 (iPad; CPU OS 10_3_3 like Mac OS X) AppleWebKit/603.3.8 (KHTML, like Gecko) Version/10.0 Mobile/14G60 Safari/602.1"
194.118.250.58 - - [11/Aug/2017:07:19:20 +0200] "GET /cache/emu/images/10245252/_115_167.jpg HTTP/1.1" 200 4799 "http://www.easydrivers.at/bludenz/kursauswahlbludenz/LKWKursCD20170901?FS=DD195-B&print=true" "Mozilla/5.0 (iPad; CPU OS 10_3_3 like Mac OS X) AppleWebKit/603.3.8 (KHTML, like Gecko) Version/10.0 Mobile/14G60 Safari/602.1"
194.118.250.58 - - [11/Aug/2017:07:19:20 +0200] "GET /cache/emu/images/10245249/_116_167.jpg HTTP/1.1" 200 4815 "http://www.easydrivers.at/bludenz/kursauswahlbludenz/LKWKursCD20170901?FS=DD195-B&print=true" "Mozilla/5.0 (iPad; CPU OS 10_3_3 like Mac OS X) AppleWebKit/603.3.8 (KHTML, like Gecko) Version/10.0 Mobile/14G60 Safari/602.1"
194.118.250.58 - - [11/Aug/2017:07:19:20 +0200] "GET /binaries/easy-drivers-portal/bus3jpg.jpg HTTP/1.1" 200 130692 "http://www.easydrivers.at/bludenz/kursauswahlbludenz/LKWKursCD20170901?FS=DD195-B&print=true" "Mozilla/5.0 (iPad; CPU OS 10_3_3 like Mac OS X) AppleWebKit/603.3.8 (KHTML, like Gecko) Version/10.0 Mobile/14G60 Safari/602.1"
194.118.250.58 - - [11/Aug/2017:07:19:20 +0200] "GET /cache/emu/images/10247581/_134_167.jpg HTTP/1.1" 200 4278 "http://www.easydrivers.at/bludenz/kursauswahlbludenz/LKWKursCD20170901?FS=DD195-B&print=true" "Mozilla/5.0 (iPad; CPU OS 10_3_3 like Mac OS X) AppleWebKit/603.3.8 (KHTML, like Gecko) Version/10.0 Mobile/14G60 Safari/602.1"
194.118.250.58 - - [11/Aug/2017:07:19:20 +0200] "GET /cache/emu/images/10265700/_111_167.jpg HTTP/1.1" 200 3774 "http://www.easydrivers.at/bludenz/kursauswahlbludenz/LKWKursCD20170901?FS=DD195-B&print=true" "Mozilla/5.0 (iPad; CPU OS 10_3_3 like Mac OS X) AppleWebKit/603.3.8 (KHTML, like Gecko) Version/10.0 Mobile/14G60 Safari/602.1"
194.118.250.58 - - [11/Aug/2017:07:19:20 +0200] "GET /cache/emu/images/10245251/_115_167.jpg HTTP/1.1" 200 3968 "http://www.easydrivers.at/bludenz/kursauswahlbludenz/LKWKursCD20170901?FS=DD195-B&print=true" "Mozilla/5.0 (iPad; CPU OS 10_3_3 like Mac OS X) AppleWebKit/603.3.8 (KHTML, like Gecko) Version/10.0 Mobile/14G60 Safari/602.1"
194.118.250.58 - - [11/Aug/2017:07:19:20 +0200] "GET /cache/emu/images/10265702/_110_167.jpg HTTP/1.1" 200 3735 "http://www.easydrivers.at/bludenz/kursauswahlbludenz/LKWKursCD20170901?FS=DD195-B&print=true" "Mozilla/5.0 (iPad; CPU OS 10_3_3 like Mac OS X) AppleWebKit/603.3.8 (KHTML, like Gecko) Version/10.0 Mobile/14G60 Safari/602.1"
194.118.250.58 - - [11/Aug/2017:07:19:20 +0200] "GET /css/fonts/AntennaCond-Black.svg HTTP/1.1" 200 41176 "http://www.easydrivers.at/bludenz/kursauswahlbludenz/LKWKursCD20170901?FS=DD195-B&print=true" "Mozilla/5.0 (iPad; CPU OS 10_3_3 like Mac OS X) AppleWebKit/603.3.8 (KHTML, like Gecko) Version/10.0 Mobile/14G60 Safari/602.1"
194.118.250.58 - - [11/Aug/2017:07:19:21 +0200] "GET /css/fonts/AntennaCond-Black.ttf HTTP/1.1" 200 42476 "http://www.easydrivers.at/bludenz/kursauswahlbludenz/LKWKursCD20170901?FS=DD195-B&print=true" "Mozilla/5.0 (iPad; CPU OS 10_3_3 like Mac OS X) AppleWebKit/603.3.8 (KHTML, like Gecko) Version/10.0 Mobile/14G60 Safari/602.1"
194.118.250.58 - - [11/Aug/2017:07:19:20 +0200] "GET /css/fonts/Arial.ttf HTTP/1.1" 200 773236 "http://www.easydrivers.at/bludenz/kursauswahlbludenz/LKWKursCD20170901?FS=DD195-B&print=true" "Mozilla/5.0 (iPad; CPU OS 10_3_3 like Mac OS X) AppleWebKit/603.3.8 (KHTML, like Gecko) Version/10.0 Mobile/14G60 Safari/602.1"
216.244.66.249 - - [11/Aug/2017:07:19:24 +0200] "GET /schwechat/10229935?FS=BE HTTP/1.1" 410 11209 "-" "Mozilla/5.0 (compatible; DotBot/1.1; http://www.opensiteexplorer.org/dotbot, help@moz.com)"
91.141.2.49 - - [11/Aug/2017:07:19:27 +0200] "GET /voesendorf?gclid=Cj0KCQjwiLDMBRDFARIsACNmiX-UyLjkLziVo6xXxb1lbezK6Jm5_6Z9IfbHelZJSglzsWNUfsxH1oQaAo4NEALw_wcB HTTP/1.1" 200 2967 "android-app://com.google.android.googlequicksearchbox" "Mozilla/5.0 (Linux; Android 7.0; SM-G920F Build/NRD90M) AppleWebKit/537.36 (KHTML, like Gecko) Chrome/59.0.3071.125 Mobile Safari/537.36"
216.244.66.249 - - [11/Aug/2017:07:19:34 +0200] "GET /schwechat/10247165?FS=BE96 HTTP/1.1" 410 11209 "-" "Mozilla/5.0 (compatible; DotBot/1.1; http://www.opensiteexplorer.org/dotbot, help@moz.com)"
216.244.66.249 - - [11/Aug/2017:07:19:42 +0200] "GET /st.valentin/18_08_2014?FS=B-L HTTP/1.1" 410 11164 "-" "Mozilla/5.0 (compatible; DotBot/1.1; http://www.opensiteexplorer.org/dotbot, help@moz.com)"
193.187.3.11 - - [11/Aug/2017:07:19:47 +0200] "GET /voesendorf/10288810?FS=B&gclid=EAIaIQobChMI9aOOrLfO1QIVDjPTCh3M_Qk-EAAYASAAEgKS4_D_BwE HTTP/1.1" 200 5422 "-" "Mozilla/5.0 (Windows NT 6.1; Trident/7.0; rv:11.0) like Gecko"
193.187.3.11 - - [11/Aug/2017:07:19:49 +0200] "GET /css/style.css HTTP/1.1" 200 5004 "http://www.easydrivers.at/voesendorf/10288810?FS=B&gclid=EAIaIQobChMI9aOOrLfO1QIVDjPTCh3M_Qk-EAAYASAAEgKS4_D_BwE" "Mozilla/5.0 (Windows NT 6.1; Trident/7.0; rv:11.0) like Gecko"
193.187.3.11 - - [11/Aug/2017:07:19:49 +0200] "GET /javascript/jquery.cookie.js HTTP/1.1" 200 863 "http://www.easydrivers.at/voesendorf/10288810?FS=B&gclid=EAIaIQobChMI9aOOrLfO1QIVDjPTCh3M_Qk-EAAYASAAEgKS4_D_BwE" "Mozilla/5.0 (Windows NT 6.1; Trident/7.0; rv:11.0) like Gecko"
193.187.3.11 - - [11/Aug/2017:07:19:49 +0200] "GET /javascript/lazyload.js HTTP/1.1" 200 1170 "http://www.easydrivers.at/voesendorf/10288810?FS=B&gclid=EAIaIQobChMI9aOOrLfO1QIVDjPTCh3M_Qk-EAAYASAAEgKS4_D_BwE" "Mozilla/5.0 (Windows NT 6.1; Trident/7.0; rv:11.0) like Gecko"
193.187.3.11 - - [11/Aug/2017:07:19:49 +0200] "GET /javascript/portal.js?1221842734 HTTP/1.1" 200 3529 "http://www.easydrivers.at/voesendorf/10288810?FS=B&gclid=EAIaIQobChMI9aOOrLfO1QIVDjPTCh3M_Qk-EAAYASAAEgKS4_D_BwE" "Mozilla/5.0 (Windows NT 6.1; Trident/7.0; rv:11.0) like Gecko"
193.187.3.11 - - [11/Aug/2017:07:19:49 +0200] "GET /javascript/jquery.showLoading.min.js HTTP/1.1" 200 1136 "http://www.easydrivers.at/voesendorf/10288810?FS=B&gclid=EAIaIQobChMI9aOOrLfO1QIVDjPTCh3M_Qk-EAAYASAAEgKS4_D_BwE" "Mozilla/5.0 (Windows NT 6.1; Trident/7.0; rv:11.0) like Gecko"
193.187.3.11 - - [11/Aug/2017:07:19:49 +0200] "GET /img/locator-icon.png HTTP/1.1" 200 1377 "http://www.easydrivers.at/voesendorf/10288810?FS=B&gclid=EAIaIQobChMI9aOOrLfO1QIVDjPTCh3M_Qk-EAAYASAAEgKS4_D_BwE" "Mozilla/5.0 (Windows NT 6.1; Trident/7.0; rv:11.0) like Gecko"
193.187.3.11 - - [11/Aug/2017:07:19:49 +0200] "GET /img/close-button-small.png HTTP/1.1" 200 1671 "http://www.easydrivers.at/voesendorf/10288810?FS=B&gclid=EAIaIQobChMI9aOOrLfO1QIVDjPTCh3M_Qk-EAAYASAAEgKS4_D_BwE" "Mozilla/5.0 (Windows NT 6.1; Trident/7.0; rv:11.0) like Gecko"
193.187.3.11 - - [11/Aug/2017:07:19:49 +0200] "GET /binaries/easy-drivers-portal/pkw5jpg.jpg HTTP/1.1" 200 96177 "http://www.easydrivers.at/voesendorf/10288810?FS=B&gclid=EAIaIQobChMI9aOOrLfO1QIVDjPTCh3M_Qk-EAAYASAAEgKS4_D_BwE" "Mozilla/5.0 (Windows NT 6.1; Trident/7.0; rv:11.0) like Gecko"
193.187.3.11 - - [11/Aug/2017:07:19:49 +0200] "GET /javascript/jquery.base64.min.js HTTP/1.1" 200 37135 "http://www.easydrivers.at/voesendorf/10288810?FS=B&gclid=EAIaIQobChMI9aOOrLfO1QIVDjPTCh3M_Qk-EAAYASAAEgKS4_D_BwE" "Mozilla/5.0 (Windows NT 6.1; Trident/7.0; rv:11.0) like Gecko"
193.187.3.11 - - [11/Aug/2017:07:19:49 +0200] "GET /img/kursicon-download.png HTTP/1.1" 200 1218 "http://www.easydrivers.at/voesendorf/10288810?FS=B&gclid=EAIaIQobChMI9aOOrLfO1QIVDjPTCh3M_Qk-EAAYASAAEgKS4_D_BwE" "Mozilla/5.0 (Windows NT 6.1; Trident/7.0; rv:11.0) like Gecko"
193.187.3.11 - - [11/Aug/2017:07:19:49 +0200] "GET /img/kursicon-phone.png HTTP/1.1" 304 - "http://www.easydrivers.at/voesendorf/10288810?FS=B&gclid=EAIaIQobChMI9aOOrLfO1QIVDjPTCh3M_Qk-EAAYASAAEgKS4_D_BwE" "Mozilla/5.0 (Windows NT 6.1; Trident/7.0; rv:11.0) like Gecko"
193.187.3.11 - - [11/Aug/2017:07:19:49 +0200] "GET /img/kursicon-share.png HTTP/1.1" 304 - "http://www.easydrivers.at/voesendorf/10288810?FS=B&gclid=EAIaIQobChMI9aOOrLfO1QIVDjPTCh3M_Qk-EAAYASAAEgKS4_D_BwE" "Mozilla/5.0 (Windows NT 6.1; Trident/7.0; rv:11.0) like Gecko"
193.187.3.11 - - [11/Aug/2017:07:19:49 +0200] "GET /img/submit-button.png HTTP/1.1" 200 1958 "http://www.easydrivers.at/voesendorf/10288810?FS=B&gclid=EAIaIQobChMI9aOOrLfO1QIVDjPTCh3M_Qk-EAAYASAAEgKS4_D_BwE" "Mozilla/5.0 (Windows NT 6.1; Trident/7.0; rv:11.0) like Gecko"
193.187.3.11 - - [11/Aug/2017:07:19:49 +0200] "GET /css/showLoading.css HTTP/1.1" 200 219 "http://www.easydrivers.at/voesendorf/10288810?FS=B&gclid=EAIaIQobChMI9aOOrLfO1QIVDjPTCh3M_Qk-EAAYASAAEgKS4_D_BwE" "Mozilla/5.0 (Windows NT 6.1; Trident/7.0; rv:11.0) like Gecko"
193.187.3.11 - - [11/Aug/2017:07:19:50 +0200] "GET /img/bg-yellow.jpg HTTP/1.1" 304 - "http://www.easydrivers.at/voesendorf/10288810?FS=B&gclid=EAIaIQobChMI9aOOrLfO1QIVDjPTCh3M_Qk-EAAYASAAEgKS4_D_BwE" "Mozilla/5.0 (Windows NT 6.1; Trident/7.0; rv:11.0) like Gecko"
193.187.3.11 - - [11/Aug/2017:07:19:50 +0200] "GET /img/purple-dots-horizontal.png HTTP/1.1" 200 977 "http://www.easydrivers.at/voesendorf/10288810?FS=B&gclid=EAIaIQobChMI9aOOrLfO1QIVDjPTCh3M_Qk-EAAYASAAEgKS4_D_BwE" "Mozilla/5.0 (Windows NT 6.1; Trident/7.0; rv:11.0) like Gecko"
193.187.3.11 - - [11/Aug/2017:07:19:50 +0200] "GET /img/bg-header.jpg HTTP/1.1" 200 38680 "http://www.easydrivers.at/voesendorf/10288810?FS=B&gclid=EAIaIQobChMI9aOOrLfO1QIVDjPTCh3M_Qk-EAAYASAAEgKS4_D_BwE" "Mozilla/5.0 (Windows NT 6.1; Trident/7.0; rv:11.0) like Gecko"
193.187.3.11 - - [11/Aug/2017:07:19:50 +0200] "GET /img/bg-top-section.jpg HTTP/1.1" 200 82172 "http://www.easydrivers.at/voesendorf/10288810?FS=B&gclid=EAIaIQobChMI9aOOrLfO1QIVDjPTCh3M_Qk-EAAYASAAEgKS4_D_BwE" "Mozilla/5.0 (Windows NT 6.1; Trident/7.0; rv:11.0) like Gecko"
216.244.66.249 - - [11/Aug/2017:07:19:51 +0200] "GET /st.valentin/27_06_2014?FS=B-L17 HTTP/1.1" 410 11164 "-" "Mozilla/5.0 (compatible; DotBot/1.1; http://www.opensiteexplorer.org/dotbot, help@moz.com)"
164.132.161.33 - - [11/Aug/2017:07:19:59 +0200] "GET /dornbirn/ HTTP/1.1" 301 140 "-" "Mozilla/5.0 (compatible; AhrefsBot/5.2; +http://ahrefs.com/robot/)"
216.244.66.249 - - [11/Aug/2017:07:20:00 +0200] "GET /hartberg/10245677?FS=F HTTP/1.1" 410 10937 "-" "Mozilla/5.0 (compatible; DotBot/1.1; http://www.opensiteexplorer.org/dotbot, help@moz.com)"
216.244.66.249 - - [11/Aug/2017:07:20:09 +0200] "GET /bludenz/Grundkurs-B-2014-04-15 HTTP/1.1" 410 11074 "-" "Mozilla/5.0 (compatible; DotBot/1.1; http://www.opensiteexplorer.org/dotbot, help@moz.com)"
216.244.66.249 - - [11/Aug/2017:07:20:18 +0200] "GET /bludenz/LKW_Kurs_CD_2014_09_01?FS=DD195-C HTTP/1.1" 410 11074 "-" "Mozilla/5.0 (compatible; DotBot/1.1; http://www.opensiteexplorer.org/dotbot, help@moz.com)"
193.187.3.11 - - [11/Aug/2017:07:20:22 +0200] "GET /skarabela.gross-enzersdorf/ HTTP/1.1" 301 152 "http://www.google.at/url?sa=t&rct=j&q=&esrc=s&source=web&cd=15&ved=0ahUKEwjt7Iqst87VAhUJAxoKHWVfBdYQ_BcIlwEwDg&url=http%3A%2F%2Fwww.easydrivers.at%2Fskarabela.gross-enzersdorf%2F&usg=AFQjCNEpq5qbiZaiMUmv3eoB7ajYoMw0WA" "Mozilla/5.0 (Windows NT 6.1; Trident/7.0; rv:11.0) like Gecko"
193.187.3.11 - - [11/Aug/2017:07:20:22 +0200] "GET /skarabela.gross-enzersdorf HTTP/1.1" 200 3623 "http://www.google.at/url?sa=t&rct=j&q=&esrc=s&source=web&cd=15&ved=0ahUKEwjt7Iqst87VAhUJAxoKHWVfBdYQ_BcIlwEwDg&url=http%3A%2F%2Fwww.easydrivers.at%2Fskarabela.gross-enzersdorf%2F&usg=AFQjCNEpq5qbiZaiMUmv3eoB7ajYoMw0WA" "Mozilla/5.0 (Windows NT 6.1; Trident/7.0; rv:11.0) like Gecko"
193.187.3.11 - - [11/Aug/2017:07:20:24 +0200] "GET /cache/emu/images/easy-drivers-portal10248413/facebookjpg_68_90_0.jpg HTTP/1.1" 200 1760 "http://www.easydrivers.at/skarabela.gross-enzersdorf" "Mozilla/5.0 (Windows NT 6.1; Trident/7.0; rv:11.0) like Gecko"
193.187.3.11 - - [11/Aug/2017:07:20:24 +0200] "GET /binaries/easy-drivers-portal/widget-icon-apppng.png HTTP/1.1" 200 2432 "http://www.easydrivers.at/skarabela.gross-enzersdorf" "Mozilla/5.0 (Windows NT 6.1; Trident/7.0; rv:11.0) like Gecko"
216.244.66.249 - - [11/Aug/2017:07:20:27 +0200] "GET /brigittenau/10242529?FS=BL1796 HTTP/1.1" 410 11050 "-" "Mozilla/5.0 (compatible; DotBot/1.1; http://www.opensiteexplorer.org/dotbot, help@moz.com)"
40.77.167.127 - - [11/Aug/2017:07:20:29 +0200] "GET /enns/Inhaberdaten HTTP/1.1" 200 3701 "-" "Mozilla/5.0 (compatible; bingbot/2.0; +http://www.bing.com/bingbot.htm)"
216.244.66.249 - - [11/Aug/2017:07:20:35 +0200] "GET /bruck.leitha/10229185?FS=F HTTP/1.1" 410 10999 "-" "Mozilla/5.0 (compatible; DotBot/1.1; http://www.opensiteexplorer.org/dotbot, help@moz.com)"
216.244.66.249 - - [11/Aug/2017:07:20:44 +0200] "GET /ennstal.schladming/kk_21.07.2014?FS=BF HTTP/1.1" 410 11410 "-" "Mozilla/5.0 (compatible; DotBot/1.1; http://www.opensiteexplorer.org/dotbot, help@moz.com)"
193.187.3.11 - - [11/Aug/2017:07:20:46 +0200] "GET /skarabela.gross-enzersdorf/kurse HTTP/1.1" 200 4723 "http://www.easydrivers.at/skarabela.gross-enzersdorf" "Mozilla/5.0 (Windows NT 6.1; Trident/7.0; rv:11.0) like Gecko"
193.187.3.11 - - [11/Aug/2017:07:20:49 +0200] "GET /binaries/easy-drivers-portal/traktor5jpg.jpg HTTP/1.1" 200 119320 "http://www.easydrivers.at/skarabela.gross-enzersdorf/kurse" "Mozilla/5.0 (Windows NT 6.1; Trident/7.0; rv:11.0) like Gecko"
216.244.66.249 - - [11/Aug/2017:07:20:53 +0200] "GET /tell-a-friend.html?tx_cmbmc_taf%5Bvideo%5D=86 HTTP/1.1" 301 435 "-" "Mozilla/5.0 (compatible; DotBot/1.1; http://www.opensiteexplorer.org/dotbot, help@moz.com)"
178.191.253.111 - - [11/Aug/2017:07:20:54 +0200] "GET /voesendorf?gclid=EAIaIQobChMI6dn9s7fO1QIVw5kbCh109AnMEAAYAyAAEgLUkPD_BwE HTTP/1.1" 200 2967 "-" "Mozilla/5.0 (iPhone; CPU iPhone OS 10_3_2 like Mac OS X) AppleWebKit/602.1.50 (KHTML, like Gecko) GSA/31.0.161834491 Mobile/14F89 Safari/602.1"
178.191.253.111 - - [11/Aug/2017:07:20:57 +0200] "GET /javascript/jquery-1.9.1.min.js HTTP/1.1" 200 32731 "http://www.easydrivers.at/voesendorf?gclid=EAIaIQobChMI6dn9s7fO1QIVw5kbCh109AnMEAAYAyAAEgLUkPD_BwE" "Mozilla/5.0 (iPhone; CPU iPhone OS 10_3_2 like Mac OS X) AppleWebKit/602.1.50 (KHTML, like Gecko) GSA/31.0.161834491 Mobile/14F89 Safari/602.1"
178.191.253.111 - - [11/Aug/2017:07:20:57 +0200] "GET /javascript/mobile-menu.js HTTP/1.1" 200 1634 "http://www.easydrivers.at/voesendorf?gclid=EAIaIQobChMI6dn9s7fO1QIVw5kbCh109AnMEAAYAyAAEgLUkPD_BwE" "Mozilla/5.0 (iPhone; CPU iPhone OS 10_3_2 like Mac OS X) AppleWebKit/602.1.50 (KHTML, like Gecko) GSA/31.0.161834491 Mobile/14F89 Safari/602.1"
178.191.253.111 - - [11/Aug/2017:07:20:57 +0200] "GET /javascript/jquery.simplemodal.js HTTP/1.1" 200 3070 "http://www.easydrivers.at/voesendorf?gclid=EAIaIQobChMI6dn9s7fO1QIVw5kbCh109AnMEAAYAyAAEgLUkPD_BwE" "Mozilla/5.0 (iPhone; CPU iPhone OS 10_3_2 like Mac OS X) AppleWebKit/602.1.50 (KHTML, like Gecko) GSA/31.0.161834491 Mobile/14F89 Safari/602.1"
178.191.253.111 - - [11/Aug/2017:07:20:57 +0200] "GET /img/mobile/menu-button.png HTTP/1.1" 200 1746 "http://www.easydrivers.at/voesendorf?gclid=EAIaIQobChMI6dn9s7fO1QIVw5kbCh109AnMEAAYAyAAEgLUkPD_BwE" "Mozilla/5.0 (iPhone; CPU iPhone OS 10_3_2 like Mac OS X) AppleWebKit/602.1.50 (KHTML, like Gecko) GSA/31.0.161834491 Mobile/14F89 Safari/602.1"
178.191.253.111 - - [11/Aug/2017:07:20:57 +0200] "GET /img/mobile/facebook-icon.png HTTP/1.1" 200 1902 "http://www.easydrivers.at/voesendorf?gclid=EAIaIQobChMI6dn9s7fO1QIVw5kbCh109AnMEAAYAyAAEgLUkPD_BwE" "Mozilla/5.0 (iPhone; CPU iPhone OS 10_3_2 like Mac OS X) AppleWebKit/602.1.50 (KHTML, like Gecko) GSA/31.0.161834491 Mobile/14F89 Safari/602.1"
178.191.253.111 - - [11/Aug/2017:07:20:57 +0200] "GET /img/mobile/info-button.png HTTP/1.1" 200 1549 "http://www.easydrivers.at/voesendorf?gclid=EAIaIQobChMI6dn9s7fO1QIVw5kbCh109AnMEAAYAyAAEgLUkPD_BwE" "Mozilla/5.0 (iPhone; CPU iPhone OS 10_3_2 like Mac OS X) AppleWebKit/602.1.50 (KHTML, like Gecko) GSA/31.0.161834491 Mobile/14F89 Safari/602.1"
178.191.253.111 - - [11/Aug/2017:07:20:57 +0200] "GET /img/mobile/info-close-button.png HTTP/1.1" 200 1721 "http://www.easydrivers.at/voesendorf?gclid=EAIaIQobChMI6dn9s7fO1QIVw5kbCh109AnMEAAYAyAAEgLUkPD_BwE" "Mozilla/5.0 (iPhone; CPU iPhone OS 10_3_2 like Mac OS X) AppleWebKit/602.1.50 (KHTML, like Gecko) GSA/31.0.161834491 Mobile/14F89 Safari/602.1"
178.191.253.111 - - [11/Aug/2017:07:20:57 +0200] "GET /img/smallicon-person.png HTTP/1.1" 200 1141 "http://www.easydrivers.at/voesendorf?gclid=EAIaIQobChMI6dn9s7fO1QIVw5kbCh109AnMEAAYAyAAEgLUkPD_BwE" "Mozilla/5.0 (iPhone; CPU iPhone OS 10_3_2 like Mac OS X) AppleWebKit/602.1.50 (KHTML, like Gecko) GSA/31.0.161834491 Mobile/14F89 Safari/602.1"
178.191.253.111 - - [11/Aug/2017:07:20:57 +0200] "GET /img/smallicon-address.png HTTP/1.1" 200 1211 "http://www.easydrivers.at/voesendorf?gclid=EAIaIQobChMI6dn9s7fO1QIVw5kbCh109AnMEAAYAyAAEgLUkPD_BwE" "Mozilla/5.0 (iPhone; CPU iPhone OS 10_3_2 like Mac OS X) AppleWebKit/602.1.50 (KHTML, like Gecko) GSA/31.0.161834491 Mobile/14F89 Safari/602.1"
178.191.253.111 - - [11/Aug/2017:07:20:57 +0200] "GET /img/smallicon-time.png HTTP/1.1" 200 1262 "http://www.easydrivers.at/voesendorf?gclid=EAIaIQobChMI6dn9s7fO1QIVw5kbCh109AnMEAAYAyAAEgLUkPD_BwE" "Mozilla/5.0 (iPhone; CPU iPhone OS 10_3_2 like Mac OS X) AppleWebKit/602.1.50 (KHTML, like Gecko) GSA/31.0.161834491 Mobile/14F89 Safari/602.1"
178.191.253.111 - - [11/Aug/2017:07:20:57 +0200] "GET /img/smallicon-phone.png HTTP/1.1" 200 3056 "http://www.easydrivers.at/voesendorf?gclid=EAIaIQobChMI6dn9s7fO1QIVw5kbCh109AnMEAAYAyAAEgLUkPD_BwE" "Mozilla/5.0 (iPhone; CPU iPhone OS 10_3_2 like Mac OS X) AppleWebKit/602.1.50 (KHTML, like Gecko) GSA/31.0.161834491 Mobile/14F89 Safari/602.1"
178.191.253.111 - - [11/Aug/2017:07:20:57 +0200] "GET /img/smallicon-mail.png HTTP/1.1" 200 1341 "http://www.easydrivers.at/voesendorf?gclid=EAIaIQobChMI6dn9s7fO1QIVw5kbCh109AnMEAAYAyAAEgLUkPD_BwE" "Mozilla/5.0 (iPhone; CPU iPhone OS 10_3_2 like Mac OS X) AppleWebKit/602.1.50 (KHTML, like Gecko) GSA/31.0.161834491 Mobile/14F89 Safari/602.1"
178.191.253.111 - - [11/Aug/2017:07:20:57 +0200] "GET /img/mobile/bg-menu.jpg HTTP/1.1" 200 1698 "http://www.easydrivers.at/voesendorf?gclid=EAIaIQobChMI6dn9s7fO1QIVw5kbCh109AnMEAAYAyAAEgLUkPD_BwE" "Mozilla/5.0 (iPhone; CPU iPhone OS 10_3_2 like Mac OS X) AppleWebKit/602.1.50 (KHTML, like Gecko) GSA/31.0.161834491 Mobile/14F89 Safari/602.1"
178.191.253.111 - - [11/Aug/2017:07:20:57 +0200] "GET /img/mobile/bg-top-section.jpg HTTP/1.1" 200 21711 "http://www.easydrivers.at/voesendorf?gclid=EAIaIQobChMI6dn9s7fO1QIVw5kbCh109AnMEAAYAyAAEgLUkPD_BwE" "Mozilla/5.0 (iPhone; CPU iPhone OS 10_3_2 like Mac OS X) AppleWebKit/602.1.50 (KHTML, like Gecko) GSA/31.0.161834491 Mobile/14F89 Safari/602.1"
178.191.253.111 - - [11/Aug/2017:07:20:57 +0200] "GET /img/mobile/pfeil-rechts.png HTTP/1.1" 200 1228 "http://www.easydrivers.at/voesendorf?gclid=EAIaIQobChMI6dn9s7fO1QIVw5kbCh109AnMEAAYAyAAEgLUkPD_BwE" "Mozilla/5.0 (iPhone; CPU iPhone OS 10_3_2 like Mac OS X) AppleWebKit/602.1.50 (KHTML, like Gecko) GSA/31.0.161834491 Mobile/14F89 Safari/602.1"
178.191.253.111 - - [11/Aug/2017:07:21:02 +0200] "POST /voesendorf/kursauswahl HTTP/1.1" 200 3150 "http://www.easydrivers.at/voesendorf?gclid=EAIaIQobChMI6dn9s7fO1QIVw5kbCh109AnMEAAYAyAAEgLUkPD_BwE" "Mozilla/5.0 (iPhone; CPU iPhone OS 10_3_2 like Mac OS X) AppleWebKit/602.1.50 (KHTML, like Gecko) GSA/31.0.161834491 Mobile/14F89 Safari/602.1"
178.191.253.111 - - [11/Aug/2017:07:21:05 +0200] "GET /javascript/mobile-fahrschule-kurs-suchergebnis.js HTTP/1.1" 200 274 "http://www.easydrivers.at/voesendorf/kursauswahl" "Mozilla/5.0 (iPhone; CPU iPhone OS 10_3_2 like Mac OS X) AppleWebKit/602.1.50 (KHTML, like Gecko) GSA/31.0.161834491 Mobile/14F89 Safari/602.1"
178.191.253.111 - - [11/Aug/2017:07:21:05 +0200] "GET /img/mobile/pfeil-links-small.png HTTP/1.1" 200 1065 "http://www.easydrivers.at/voesendorf/kursauswahl" "Mozilla/5.0 (iPhone; CPU iPhone OS 10_3_2 like Mac OS X) AppleWebKit/602.1.50 (KHTML, like Gecko) GSA/31.0.161834491 Mobile/14F89 Safari/602.1"
178.191.253.111 - - [11/Aug/2017:07:21:05 +0200] "GET /img/loading-bars.gif HTTP/1.1" 200 3951 "http://www.easydrivers.at/voesendorf/kursauswahl" "Mozilla/5.0 (iPhone; CPU iPhone OS 10_3_2 like Mac OS X) AppleWebKit/602.1.50 (KHTML, like Gecko) GSA/31.0.161834491 Mobile/14F89 Safari/602.1"
178.191.253.111 - - [11/Aug/2017:07:21:06 +0200] "POST /loadkursliste HTTP/1.1" 200 538 "http://www.easydrivers.at/voesendorf/kursauswahl" "Mozilla/5.0 (iPhone; CPU iPhone OS 10_3_2 like Mac OS X) AppleWebKit/602.1.50 (KHTML, like Gecko) GSA/31.0.161834491 Mobile/14F89 Safari/602.1"
207.46.13.127 - - [11/Aug/2017:07:21:09 +0200] "GET /langenlois/B-Kurs-November-2017?FS=A1 HTTP/1.1" 200 5807 "-" "Mozilla/5.0 (compatible; bingbot/2.0; +http://www.bing.com/bingbot.htm)"
66.249.66.72 - - [11/Aug/2017:07:21:37 +0200] "GET /poechlarn/10259240?FS=B-L17 HTTP/1.1" 410 3403 "-" "Mozilla/5.0 (compatible; Googlebot/2.1; +http://www.google.com/bot.html)"
178.191.253.111 - - [11/Aug/2017:07:21:55 +0200] "GET /voesendorf/Aktionen HTTP/1.1" 200 3625 "http://www.easydrivers.at/voesendorf/kursauswahl" "Mozilla/5.0 (iPhone; CPU iPhone OS 10_3_2 like Mac OS X) AppleWebKit/602.1.50 (KHTML, like Gecko) GSA/31.0.161834491 Mobile/14F89 Safari/602.1"
157.55.39.210 - - [11/Aug/2017:07:22:29 +0200] "GET /jennersdorf/10284437?FS=BCE HTTP/1.1" 410 3403 "-" "Mozilla/5.0 (compatible; bingbot/2.0; +http://www.bing.com/bingbot.htm)"
40.77.167.127 - - [11/Aug/2017:07:22:45 +0200] "GET /gmuend/10285078?FS=F HTTP/1.1" 200 5542 "-" "Mozilla/5.0 (compatible; bingbot/2.0; +http://www.bing.com/bingbot.htm)"
37.9.113.102 - - [11/Aug/2017:07:22:59 +0200] "GET /robots.txt HTTP/1.1" 200 178 "-" "Mozilla/5.0 (compatible; YandexBot/3.0; +http://yandex.com/bots)"
37.9.113.102 - - [11/Aug/2017:07:23:03 +0200] "GET /bludenz/GrundkursB20170307?FS=BF HTTP/1.1" 410 3437 "-" "Mozilla/5.0 (compatible; YandexBot/3.0; +http://yandex.com/bots)"
207.46.13.127 - - [11/Aug/2017:07:23:15 +0200] "GET /retz/10284853?FS=BL1796 HTTP/1.1" 200 6024 "-" "Mozilla/5.0 (compatible; bingbot/2.0; +http://www.bing.com/bingbot.htm)"
193.187.3.11 - - [11/Aug/2017:07:23:25 +0200] "POST /loadkursliste HTTP/1.1" 200 516 "http://www.easydrivers.at/skarabela.gross-enzersdorf/kurse" "Mozilla/5.0 (Windows NT 6.1; Trident/7.0; rv:11.0) like Gecko"
213.225.0.134 - - [11/Aug/2017:07:23:54 +0200] "GET /kapfenberg.pankl HTTP/1.1" 200 2994 "http://m.facebook.com/" "Mozilla/5.0 (Linux; Android 6.0.1; SM-G900F Build/MMB29M; wv) AppleWebKit/537.36 (KHTML, like Gecko) Version/4.0 Chrome/59.0.3071.125 Mobile Safari/537.36 [FB_IAB/FB4A;FBAV/134.0.0.25.91;]"
80.121.20.220 - - [11/Aug/2017:07:23:57 +0200] "GET / HTTP/1.1" 200 4409 "-" "Mozilla/5.0 (Windows NT 6.0) AppleWebKit/537.36 (KHTML, like Gecko) Chrome/49.0.2623.112 Safari/537.36"
