213.208.129.140 - - [11/Aug/2017:08:35:51 +0200] "GET /binaries/easy-drivers-portal/edwebhistoryillu392x39210jpg.jpg HTTP/1.1" 200 19475 "http://www.easydrivers.at/ueberuns" "Mozilla/5.0 (Windows NT 6.1; Win64; x64; rv:54.0) Gecko/20100101 Firefox/54.0"
213.208.129.140 - - [11/Aug/2017:08:35:51 +0200] "GET /binaries/easy-drivers-portal/edwebhistoryillu392x39220kpng.png HTTP/1.1" 200 49333 "http://www.easydrivers.at/ueberuns" "Mozilla/5.0 (Windows NT 6.1; Win64; x64; rv:54.0) Gecko/20100101 Firefox/54.0"
46.74.168.127 - - [11/Aug/2017:08:35:54 +0200] "GET /img/mobile/bg-header.jpg HTTP/1.1" 200 19741 "http://www.easydrivers.at/hartberg" "Mozilla/5.0 (iPhone; CPU iPhone OS 10_3_2 like Mac OS X) AppleWebKit/603.2.4 (KHTML, like Gecko) Version/10.0 Mobile/14F89 Safari/602.1"
46.74.168.127 - - [11/Aug/2017:08:35:54 +0200] "GET /img/mobile/bg-top-section.jpg HTTP/1.1" 200 21711 "http://www.easydrivers.at/hartberg" "Mozilla/5.0 (iPhone; CPU iPhone OS 10_3_2 like Mac OS X) AppleWebKit/603.2.4 (KHTML, like Gecko) Version/10.0 Mobile/14F89 Safari/602.1"
46.74.168.127 - - [11/Aug/2017:08:35:54 +0200] "GET /img/mobile/bg-menu.jpg HTTP/1.1" 200 1698 "http://www.easydrivers.at/hartberg" "Mozilla/5.0 (iPhone; CPU iPhone OS 10_3_2 like Mac OS X) AppleWebKit/603.2.4 (KHTML, like Gecko) Version/10.0 Mobile/14F89 Safari/602.1"
46.74.168.127 - - [11/Aug/2017:08:35:54 +0200] "GET /img/mobile/pfeil-rechts.png HTTP/1.1" 200 1228 "http://www.easydrivers.at/hartberg" "Mozilla/5.0 (iPhone; CPU iPhone OS 10_3_2 like Mac OS X) AppleWebKit/603.2.4 (KHTML, like Gecko) Version/10.0 Mobile/14F89 Safari/602.1"
188.20.77.206 - - [11/Aug/2017:08:35:53 +0200] "GET / HTTP/1.0" 200 4409 "https://www.google.at" "Mozilla/5.0 (X11; Ubuntu; Linux i686; rv:40.0) Gecko/20100101 Firefox/40.0"
188.20.77.206 - - [11/Aug/2017:08:35:54 +0200] "GET /javascript/portal.js?1221842734 HTTP/1.0" 304 - "http://www.easydrivers.at/" "Mozilla/5.0 (X11; Ubuntu; Linux i686; rv:40.0) Gecko/20100101 Firefox/40.0"
188.20.77.206 - - [11/Aug/2017:08:35:54 +0200] "GET /binaries/easy-drivers-portal/edradfahrschullogowidget160x90pxpng.png HTTP/1.0" 304 - "http://www.easydrivers.at/" "Mozilla/5.0 (X11; Ubuntu; Linux i686; rv:40.0) Gecko/20100101 Firefox/40.0"
213.208.129.140 - - [11/Aug/2017:08:36:00 +0200] "GET /ueberuns HTTP/1.1" 200 3256 "http://www.easydrivers.at/ueberuns" "Mozilla/5.0 (Windows NT 6.1; Win64; x64; rv:54.0) Gecko/20100101 Firefox/54.0"
213.208.129.140 - - [11/Aug/2017:08:36:01 +0200] "GET /fahrschulen HTTP/1.1" 200 3923 "http://www.easydrivers.at/ueberuns" "Mozilla/5.0 (Windows NT 6.1; Win64; x64; rv:54.0) Gecko/20100101 Firefox/54.0"
213.208.129.140 - - [11/Aug/2017:08:36:03 +0200] "GET /javascript/fahrschulen.js HTTP/1.1" 200 470 "http://www.easydrivers.at/fahrschulen" "Mozilla/5.0 (Windows NT 6.1; Win64; x64; rv:54.0) Gecko/20100101 Firefox/54.0"
213.208.129.140 - - [11/Aug/2017:08:36:03 +0200] "GET /img/austria-map-burgenland.png HTTP/1.1" 200 10146 "http://www.easydrivers.at/fahrschulen" "Mozilla/5.0 (Windows NT 6.1; Win64; x64; rv:54.0) Gecko/20100101 Firefox/54.0"
213.208.129.140 - - [11/Aug/2017:08:36:03 +0200] "GET /img/austria-map-kaernten.png HTTP/1.1" 200 9968 "http://www.easydrivers.at/fahrschulen" "Mozilla/5.0 (Windows NT 6.1; Win64; x64; rv:54.0) Gecko/20100101 Firefox/54.0"
213.208.129.140 - - [11/Aug/2017:08:36:03 +0200] "GET /img/austria-map-noe.png HTTP/1.1" 200 17166 "http://www.easydrivers.at/fahrschulen" "Mozilla/5.0 (Windows NT 6.1; Win64; x64; rv:54.0) Gecko/20100101 Firefox/54.0"
213.208.129.140 - - [11/Aug/2017:08:36:03 +0200] "GET /img/austria-map-ooe.png HTTP/1.1" 200 14597 "http://www.easydrivers.at/fahrschulen" "Mozilla/5.0 (Windows NT 6.1; Win64; x64; rv:54.0) Gecko/20100101 Firefox/54.0"
213.208.129.140 - - [11/Aug/2017:08:36:03 +0200] "GET /img/austria-map-salzburg.png HTTP/1.1" 200 13786 "http://www.easydrivers.at/fahrschulen" "Mozilla/5.0 (Windows NT 6.1; Win64; x64; rv:54.0) Gecko/20100101 Firefox/54.0"
213.208.129.140 - - [11/Aug/2017:08:36:03 +0200] "GET /img/austria-map-steiermark.png HTTP/1.1" 200 14192 "http://www.easydrivers.at/fahrschulen" "Mozilla/5.0 (Windows NT 6.1; Win64; x64; rv:54.0) Gecko/20100101 Firefox/54.0"
213.208.129.140 - - [11/Aug/2017:08:36:03 +0200] "GET /img/austria-map-tirol.png HTTP/1.1" 200 13911 "http://www.easydrivers.at/fahrschulen" "Mozilla/5.0 (Windows NT 6.1; Win64; x64; rv:54.0) Gecko/20100101 Firefox/54.0"
213.208.129.140 - - [11/Aug/2017:08:36:03 +0200] "GET /img/austria-map.jpg HTTP/1.1" 200 57110 "http://www.easydrivers.at/fahrschulen" "Mozilla/5.0 (Windows NT 6.1; Win64; x64; rv:54.0) Gecko/20100101 Firefox/54.0"
213.208.129.140 - - [11/Aug/2017:08:36:03 +0200] "GET /img/austria-map-vorarlberg.png HTTP/1.1" 200 5780 "http://www.easydrivers.at/fahrschulen" "Mozilla/5.0 (Windows NT 6.1; Win64; x64; rv:54.0) Gecko/20100101 Firefox/54.0"
213.208.129.140 - - [11/Aug/2017:08:36:03 +0200] "GET /img/austria-map-wien.png HTTP/1.1" 200 2864 "http://www.easydrivers.at/fahrschulen" "Mozilla/5.0 (Windows NT 6.1; Win64; x64; rv:54.0) Gecko/20100101 Firefox/54.0"
213.208.129.140 - - [11/Aug/2017:08:36:03 +0200] "GET /img/submit-button-small.png HTTP/1.1" 200 1456 "http://www.easydrivers.at/fahrschulen" "Mozilla/5.0 (Windows NT 6.1; Win64; x64; rv:54.0) Gecko/20100101 Firefox/54.0"
165.225.72.116 - - [11/Aug/2017:08:36:03 +0200] "GET /linz HTTP/1.1" 200 3374 "http://www.easydrivers.at/linz" "Mozilla/5.0 (Windows NT 6.1; Win64; x64) AppleWebKit/537.36 (KHTML, like Gecko) Chrome/60.0.3112.90 Safari/537.36"
213.208.129.140 - - [11/Aug/2017:08:36:05 +0200] "POST /fahrschulen/2070 HTTP/1.1" 200 2853 "http://www.easydrivers.at/fahrschulen" "Mozilla/5.0 (Windows NT 6.1; Win64; x64; rv:54.0) Gecko/20100101 Firefox/54.0"
213.208.129.140 - - [11/Aug/2017:08:36:07 +0200] "GET /img/smallicon-phone.png HTTP/1.1" 200 3056 "http://www.easydrivers.at/fahrschulen/2070" "Mozilla/5.0 (Windows NT 6.1; Win64; x64; rv:54.0) Gecko/20100101 Firefox/54.0"
213.208.129.140 - - [11/Aug/2017:08:36:07 +0200] "GET /img/smallicon-address.png HTTP/1.1" 200 1211 "http://www.easydrivers.at/fahrschulen/2070" "Mozilla/5.0 (Windows NT 6.1; Win64; x64; rv:54.0) Gecko/20100101 Firefox/54.0"
213.208.129.140 - - [11/Aug/2017:08:36:07 +0200] "GET /img/smallicon-time.png HTTP/1.1" 200 1262 "http://www.easydrivers.at/fahrschulen/2070" "Mozilla/5.0 (Windows NT 6.1; Win64; x64; rv:54.0) Gecko/20100101 Firefox/54.0"
213.208.129.140 - - [11/Aug/2017:08:36:07 +0200] "GET /img/smallicon-mail.png HTTP/1.1" 200 1341 "http://www.easydrivers.at/fahrschulen/2070" "Mozilla/5.0 (Windows NT 6.1; Win64; x64; rv:54.0) Gecko/20100101 Firefox/54.0"
195.69.193.50 - - [11/Aug/2017:08:36:08 +0200] "GET / HTTP/1.1" 200 4409 "-" "Mozilla/5.0 (Windows NT 6.1; WOW64; Trident/7.0; rv:11.0) like Gecko"
195.69.193.50 - - [11/Aug/2017:08:36:10 +0200] "GET /css/style.css HTTP/1.1" 304 - "http://www.easydrivers.at/" "Mozilla/5.0 (Windows NT 6.1; WOW64; Trident/7.0; rv:11.0) like Gecko"
195.69.193.50 - - [11/Aug/2017:08:36:10 +0200] "GET /img/close-button.png HTTP/1.1" 304 - "http://www.easydrivers.at/" "Mozilla/5.0 (Windows NT 6.1; WOW64; Trident/7.0; rv:11.0) like Gecko"
195.69.193.50 - - [11/Aug/2017:08:36:10 +0200] "GET /img/facebook-icon.png HTTP/1.1" 304 - "http://www.easydrivers.at/" "Mozilla/5.0 (Windows NT 6.1; WOW64; Trident/7.0; rv:11.0) like Gecko"
195.69.193.50 - - [11/Aug/2017:08:36:10 +0200] "GET /img/submit-button.png HTTP/1.1" 304 - "http://www.easydrivers.at/" "Mozilla/5.0 (Windows NT 6.1; WOW64; Trident/7.0; rv:11.0) like Gecko"
195.69.193.50 - - [11/Aug/2017:08:36:10 +0200] "GET /binaries/easy-drivers-portal/widget-icon-trainingpng.png HTTP/1.1" 304 - "http://www.easydrivers.at/" "Mozilla/5.0 (Windows NT 6.1; WOW64; Trident/7.0; rv:11.0) like Gecko"
195.69.193.50 - - [11/Aug/2017:08:36:10 +0200] "GET /img/empty.gif HTTP/1.1" 304 - "http://www.easydrivers.at/" "Mozilla/5.0 (Windows NT 6.1; WOW64; Trident/7.0; rv:11.0) like Gecko"
195.69.193.50 - - [11/Aug/2017:08:36:10 +0200] "GET /binaries/easy-drivers-portal/widget-icon-expertspng.png HTTP/1.1" 304 - "http://www.easydrivers.at/" "Mozilla/5.0 (Windows NT 6.1; WOW64; Trident/7.0; rv:11.0) like Gecko"
195.69.193.50 - - [11/Aug/2017:08:36:10 +0200] "GET /binaries/easy-drivers-portal/widget-icon-apppng.png HTTP/1.1" 200 2432 "http://www.easydrivers.at/" "Mozilla/5.0 (Windows NT 6.1; WOW64; Trident/7.0; rv:11.0) like Gecko"
195.69.193.50 - - [11/Aug/2017:08:36:11 +0200] "GET /binaries/easy-drivers-portal/edradfahrschullogowidget160x90pxpng.png HTTP/1.1" 304 - "http://www.easydrivers.at/" "Mozilla/5.0 (Windows NT 6.1; WOW64; Trident/7.0; rv:11.0) like Gecko"
195.69.193.50 - - [11/Aug/2017:08:36:11 +0200] "GET /img/schweiz-icon.png HTTP/1.1" 304 - "http://www.easydrivers.at/" "Mozilla/5.0 (Windows NT 6.1; WOW64; Trident/7.0; rv:11.0) like Gecko"
195.69.193.50 - - [11/Aug/2017:08:36:11 +0200] "GET /img/bg-header.jpg HTTP/1.1" 304 - "http://www.easydrivers.at/" "Mozilla/5.0 (Windows NT 6.1; WOW64; Trident/7.0; rv:11.0) like Gecko"
195.69.193.50 - - [11/Aug/2017:08:36:11 +0200] "GET /img/bg-top-section.jpg HTTP/1.1" 200 82172 "http://www.easydrivers.at/" "Mozilla/5.0 (Windows NT 6.1; WOW64; Trident/7.0; rv:11.0) like Gecko"
195.69.193.50 - - [11/Aug/2017:08:36:11 +0200] "GET /img/kursicon-print-pink.png HTTP/1.1" 304 - "http://www.easydrivers.at/" "Mozilla/5.0 (Windows NT 6.1; WOW64; Trident/7.0; rv:11.0) like Gecko"
195.69.193.50 - - [11/Aug/2017:08:36:11 +0200] "GET /img/kursicon-download-pink.png HTTP/1.1" 304 - "http://www.easydrivers.at/" "Mozilla/5.0 (Windows NT 6.1; WOW64; Trident/7.0; rv:11.0) like Gecko"
195.69.193.50 - - [11/Aug/2017:08:36:11 +0200] "GET /img/kursicon-share-pink.png HTTP/1.1" 304 - "http://www.easydrivers.at/" "Mozilla/5.0 (Windows NT 6.1; WOW64; Trident/7.0; rv:11.0) like Gecko"
195.69.193.50 - - [11/Aug/2017:08:36:11 +0200] "GET /img/kursicon-phone-pink.png HTTP/1.1" 304 - "http://www.easydrivers.at/" "Mozilla/5.0 (Windows NT 6.1; WOW64; Trident/7.0; rv:11.0) like Gecko"
195.69.193.50 - - [11/Aug/2017:08:36:11 +0200] "GET /img/yellow-dots-vertical.png HTTP/1.1" 304 - "http://www.easydrivers.at/" "Mozilla/5.0 (Windows NT 6.1; WOW64; Trident/7.0; rv:11.0) like Gecko"
195.69.193.50 - - [11/Aug/2017:08:36:11 +0200] "GET /img/bg-footer.jpg HTTP/1.1" 304 - "http://www.easydrivers.at/" "Mozilla/5.0 (Windows NT 6.1; WOW64; Trident/7.0; rv:11.0) like Gecko"
195.69.193.50 - - [11/Aug/2017:08:36:11 +0200] "GET /img/ED_Logo.png HTTP/1.1" 304 - "http://www.easydrivers.at/" "Mozilla/5.0 (Windows NT 6.1; WOW64; Trident/7.0; rv:11.0) like Gecko"
195.69.193.50 - - [11/Aug/2017:08:36:11 +0200] "GET /img/selection-box-button.png HTTP/1.1" 304 - "http://www.easydrivers.at/" "Mozilla/5.0 (Windows NT 6.1; WOW64; Trident/7.0; rv:11.0) like Gecko"
195.69.193.50 - - [11/Aug/2017:08:36:11 +0200] "GET /img/purple-dots-horizontal.png HTTP/1.1" 304 - "http://www.easydrivers.at/" "Mozilla/5.0 (Windows NT 6.1; WOW64; Trident/7.0; rv:11.0) like Gecko"
195.69.193.50 - - [11/Aug/2017:08:36:11 +0200] "GET /img/black-dots-vertical.png HTTP/1.1" 304 - "http://www.easydrivers.at/" "Mozilla/5.0 (Windows NT 6.1; WOW64; Trident/7.0; rv:11.0) like Gecko"
213.208.129.140 - - [11/Aug/2017:08:36:14 +0200] "GET /fahrschulen HTTP/1.1" 200 3923 "http://www.easydrivers.at/ueberuns" "Mozilla/5.0 (Windows NT 6.1; Win64; x64; rv:54.0) Gecko/20100101 Firefox/54.0"
213.208.129.140 - - [11/Aug/2017:08:36:15 +0200] "GET /fahrschulen HTTP/1.1" 200 3923 "http://www.easydrivers.at/ueberuns" "Mozilla/5.0 (Windows NT 6.1; Win64; x64; rv:54.0) Gecko/20100101 Firefox/54.0"
213.208.129.140 - - [11/Aug/2017:08:36:21 +0200] "GET /retz HTTP/1.1" 200 3453 "https://www.google.at/" "Mozilla/5.0 (Windows NT 6.1; Win64; x64; rv:54.0) Gecko/20100101 Firefox/54.0"
185.22.232.106 - - [11/Aug/2017:08:36:23 +0200] "GET /fuehrerscheine/lkw HTTP/1.1" 200 2679 "-" "Mozilla/5.0 (Windows NT 6.1; WOW64) AppleWebKit/537.56 (KHTML, like Gecko) Chrome/56.0.1750.154 Safari/537.36"
46.74.168.127 - - [11/Aug/2017:08:36:23 +0200] "POST /hartberg/kursauswahl HTTP/1.1" 200 2897 "http://www.easydrivers.at/hartberg" "Mozilla/5.0 (iPhone; CPU iPhone OS 10_3_2 like Mac OS X) AppleWebKit/603.2.4 (KHTML, like Gecko) Version/10.0 Mobile/14F89 Safari/602.1"
46.74.168.127 - - [11/Aug/2017:08:36:25 +0200] "GET /img/mobile/bg-yellow.jpg HTTP/1.1" 200 1569 "http://www.easydrivers.at/hartberg/kursauswahl" "Mozilla/5.0 (iPhone; CPU iPhone OS 10_3_2 like Mac OS X) AppleWebKit/603.2.4 (KHTML, like Gecko) Version/10.0 Mobile/14F89 Safari/602.1"
46.74.168.127 - - [11/Aug/2017:08:36:25 +0200] "GET /javascript/mobile-fahrschule-kurs-suchergebnis.js HTTP/1.1" 200 274 "http://www.easydrivers.at/hartberg/kursauswahl" "Mozilla/5.0 (iPhone; CPU iPhone OS 10_3_2 like Mac OS X) AppleWebKit/603.2.4 (KHTML, like Gecko) Version/10.0 Mobile/14F89 Safari/602.1"
46.74.168.127 - - [11/Aug/2017:08:36:25 +0200] "GET /img/mobile/pfeil-links-small.png HTTP/1.1" 200 1065 "http://www.easydrivers.at/hartberg/kursauswahl" "Mozilla/5.0 (iPhone; CPU iPhone OS 10_3_2 like Mac OS X) AppleWebKit/603.2.4 (KHTML, like Gecko) Version/10.0 Mobile/14F89 Safari/602.1"
46.74.168.127 - - [11/Aug/2017:08:36:25 +0200] "GET /img/loading-bars.gif HTTP/1.1" 200 3951 "http://www.easydrivers.at/hartberg/kursauswahl" "Mozilla/5.0 (iPhone; CPU iPhone OS 10_3_2 like Mac OS X) AppleWebKit/603.2.4 (KHTML, like Gecko) Version/10.0 Mobile/14F89 Safari/602.1"
40.77.167.127 - - [11/Aug/2017:08:36:25 +0200] "GET /bludenz/GrundkursB20170919?FS=A2BF HTTP/1.1" 200 6039 "-" "Mozilla/5.0 (compatible; bingbot/2.0; +http://www.bing.com/bingbot.htm)"
194.37.230.142 - - [11/Aug/2017:08:36:31 +0200] "GET /binaries/easy-drivers-portal/pkw6jpg.jpg HTTP/1.1" 304 - "-" "Mozilla/4.0 (compatible;)"
193.239.226.41 - - [11/Aug/2017:08:36:32 +0200] "GET /fuehrerscheine/traktor HTTP/1.1" 200 2594 "http://www.google.at/url?sa=t&rct=j&q=&esrc=s&source=web&cd=1&ved=0ahUKEwi-3IeDx87VAhVKExoKHTcKDgYQFggmMAA&url=http%3A%2F%2Fwww.easydrivers.at%2Ffuehrerscheine%2Ftraktor&usg=AFQjCNG65yxZZ_G6GFCv5GUPy-N4m6WryA" "Mozilla/5.0 (Windows NT 6.1; WOW64; Trident/7.0; rv:11.0) like Gecko"
193.239.226.41 - - [11/Aug/2017:08:36:34 +0200] "GET /css/style.css HTTP/1.1" 200 5004 "http://www.easydrivers.at/fuehrerscheine/traktor" "Mozilla/5.0 (Windows NT 6.1; WOW64; Trident/7.0; rv:11.0) like Gecko"
193.239.226.41 - - [11/Aug/2017:08:36:34 +0200] "GET /css/print.css HTTP/1.1" 200 967 "http://www.easydrivers.at/fuehrerscheine/traktor" "Mozilla/5.0 (Windows NT 6.1; WOW64; Trident/7.0; rv:11.0) like Gecko"
193.239.226.41 - - [11/Aug/2017:08:36:34 +0200] "GET /javascript/jquery.customSelect.min.js HTTP/1.1" 200 912 "http://www.easydrivers.at/fuehrerscheine/traktor" "Mozilla/5.0 (Windows NT 6.1; WOW64; Trident/7.0; rv:11.0) like Gecko"
193.239.226.41 - - [11/Aug/2017:08:36:34 +0200] "GET /javascript/lazyload.js HTTP/1.1" 200 1170 "http://www.easydrivers.at/fuehrerscheine/traktor" "Mozilla/5.0 (Windows NT 6.1; WOW64; Trident/7.0; rv:11.0) like Gecko"
193.239.226.41 - - [11/Aug/2017:08:36:34 +0200] "GET /javascript/license.js HTTP/1.1" 200 315 "http://www.easydrivers.at/fuehrerscheine/traktor" "Mozilla/5.0 (Windows NT 6.1; WOW64; Trident/7.0; rv:11.0) like Gecko"
193.239.226.41 - - [11/Aug/2017:08:36:34 +0200] "GET /javascript/portal.js?1221842734 HTTP/1.1" 200 3529 "http://www.easydrivers.at/fuehrerscheine/traktor" "Mozilla/5.0 (Windows NT 6.1; WOW64; Trident/7.0; rv:11.0) like Gecko"
193.239.226.41 - - [11/Aug/2017:08:36:34 +0200] "GET /javascript/jquery.cookie.js HTTP/1.1" 200 863 "http://www.easydrivers.at/fuehrerscheine/traktor" "Mozilla/5.0 (Windows NT 6.1; WOW64; Trident/7.0; rv:11.0) like Gecko"
193.239.226.41 - - [11/Aug/2017:08:36:34 +0200] "GET /img/facebook-icon.png HTTP/1.1" 200 1506 "http://www.easydrivers.at/fuehrerscheine/traktor" "Mozilla/5.0 (Windows NT 6.1; WOW64; Trident/7.0; rv:11.0) like Gecko"
193.239.226.41 - - [11/Aug/2017:08:36:34 +0200] "GET /img/schweiz-icon.png HTTP/1.1" 200 1504 "http://www.easydrivers.at/fuehrerscheine/traktor" "Mozilla/5.0 (Windows NT 6.1; WOW64; Trident/7.0; rv:11.0) like Gecko"
193.239.226.41 - - [11/Aug/2017:08:36:34 +0200] "GET /img/close-button.png HTTP/1.1" 200 2237 "http://www.easydrivers.at/fuehrerscheine/traktor" "Mozilla/5.0 (Windows NT 6.1; WOW64; Trident/7.0; rv:11.0) like Gecko"
193.239.226.41 - - [11/Aug/2017:08:36:34 +0200] "GET /javascript/jquery.simplemodal.js HTTP/1.1" 200 3070 "http://www.easydrivers.at/fuehrerscheine/traktor" "Mozilla/5.0 (Windows NT 6.1; WOW64; Trident/7.0; rv:11.0) like Gecko"
193.239.226.41 - - [11/Aug/2017:08:36:34 +0200] "GET /binaries/easy-drivers-portal/traktor4jpg.jpg HTTP/1.1" 200 110863 "http://www.easydrivers.at/fuehrerscheine/traktor" "Mozilla/5.0 (Windows NT 6.1; WOW64; Trident/7.0; rv:11.0) like Gecko"
193.239.226.41 - - [11/Aug/2017:08:36:34 +0200] "GET /img/kursicon-print-pink.png HTTP/1.1" 200 1125 "http://www.easydrivers.at/fuehrerscheine/traktor" "Mozilla/5.0 (Windows NT 6.1; WOW64; Trident/7.0; rv:11.0) like Gecko"
193.239.226.41 - - [11/Aug/2017:08:36:34 +0200] "GET /img/kursicon-download-pink.png HTTP/1.1" 200 1213 "http://www.easydrivers.at/fuehrerscheine/traktor" "Mozilla/5.0 (Windows NT 6.1; WOW64; Trident/7.0; rv:11.0) like Gecko"
193.239.226.41 - - [11/Aug/2017:08:36:34 +0200] "GET /img/kursicon-share-pink.png HTTP/1.1" 200 1277 "http://www.easydrivers.at/fuehrerscheine/traktor" "Mozilla/5.0 (Windows NT 6.1; WOW64; Trident/7.0; rv:11.0) like Gecko"
193.239.226.41 - - [11/Aug/2017:08:36:34 +0200] "GET /img/kursicon-phone-pink.png HTTP/1.1" 200 1286 "http://www.easydrivers.at/fuehrerscheine/traktor" "Mozilla/5.0 (Windows NT 6.1; WOW64; Trident/7.0; rv:11.0) like Gecko"
193.239.226.41 - - [11/Aug/2017:08:36:34 +0200] "GET /img/bg-yellow.jpg HTTP/1.1" 200 2250 "http://www.easydrivers.at/fuehrerscheine/traktor" "Mozilla/5.0 (Windows NT 6.1; WOW64; Trident/7.0; rv:11.0) like Gecko"
193.239.226.41 - - [11/Aug/2017:08:36:34 +0200] "GET /img/submit-button-small.png HTTP/1.1" 200 1456 "http://www.easydrivers.at/fuehrerscheine/traktor" "Mozilla/5.0 (Windows NT 6.1; WOW64; Trident/7.0; rv:11.0) like Gecko"
193.239.226.41 - - [11/Aug/2017:08:36:34 +0200] "GET /img/bg-header.jpg HTTP/1.1" 200 38680 "http://www.easydrivers.at/fuehrerscheine/traktor" "Mozilla/5.0 (Windows NT 6.1; WOW64; Trident/7.0; rv:11.0) like Gecko"
193.239.226.41 - - [11/Aug/2017:08:36:34 +0200] "GET /img/ED_Logo.png HTTP/1.1" 200 3385 "http://www.easydrivers.at/fuehrerscheine/traktor" "Mozilla/5.0 (Windows NT 6.1; WOW64; Trident/7.0; rv:11.0) like Gecko"
193.239.226.41 - - [11/Aug/2017:08:36:34 +0200] "GET /img/bg-footer.jpg HTTP/1.1" 200 31770 "http://www.easydrivers.at/fuehrerscheine/traktor" "Mozilla/5.0 (Windows NT 6.1; WOW64; Trident/7.0; rv:11.0) like Gecko"
77.119.240.183 - - [11/Aug/2017:08:36:37 +0200] "GET /fuehrerscheine/motorrad HTTP/1.1" 200 2887 "https://www.google.at/" "Mozilla/5.0 (Windows NT 10.0) AppleWebKit/537.36 (KHTML, like Gecko) Chrome/60.0.3112.90 Safari/537.36"
77.119.240.183 - - [11/Aug/2017:08:36:39 +0200] "GET /img/close-button.png HTTP/1.1" 200 2237 "http://www.easydrivers.at/fuehrerscheine/motorrad" "Mozilla/5.0 (Windows NT 10.0) AppleWebKit/537.36 (KHTML, like Gecko) Chrome/60.0.3112.90 Safari/537.36"
77.119.240.183 - - [11/Aug/2017:08:36:39 +0200] "GET /img/facebook-icon.png HTTP/1.1" 200 1506 "http://www.easydrivers.at/fuehrerscheine/motorrad" "Mozilla/5.0 (Windows NT 10.0) AppleWebKit/537.36 (KHTML, like Gecko) Chrome/60.0.3112.90 Safari/537.36"
77.119.240.183 - - [11/Aug/2017:08:36:39 +0200] "GET /img/schweiz-icon.png HTTP/1.1" 200 1504 "http://www.easydrivers.at/fuehrerscheine/motorrad" "Mozilla/5.0 (Windows NT 10.0) AppleWebKit/537.36 (KHTML, like Gecko) Chrome/60.0.3112.90 Safari/537.36"
77.119.240.183 - - [11/Aug/2017:08:36:39 +0200] "GET /img/bg-yellow.jpg HTTP/1.1" 200 2250 "http://www.easydrivers.at/css/style.css" "Mozilla/5.0 (Windows NT 10.0) AppleWebKit/537.36 (KHTML, like Gecko) Chrome/60.0.3112.90 Safari/537.36"
77.119.240.183 - - [11/Aug/2017:08:36:39 +0200] "GET /binaries/easy-drivers-portal/motorrad7jpg.jpg HTTP/1.1" 200 102681 "http://www.easydrivers.at/fuehrerscheine/motorrad" "Mozilla/5.0 (Windows NT 10.0) AppleWebKit/537.36 (KHTML, like Gecko) Chrome/60.0.3112.90 Safari/537.36"
77.119.240.183 - - [11/Aug/2017:08:36:39 +0200] "GET /img/bg-header.jpg HTTP/1.1" 200 38680 "http://www.easydrivers.at/css/style.css" "Mozilla/5.0 (Windows NT 10.0) AppleWebKit/537.36 (KHTML, like Gecko) Chrome/60.0.3112.90 Safari/537.36"
77.119.240.183 - - [11/Aug/2017:08:36:42 +0200] "GET /img/ED_Logo.png HTTP/1.1" 200 3385 "http://www.easydrivers.at/css/style.css" "Mozilla/5.0 (Windows NT 10.0) AppleWebKit/537.36 (KHTML, like Gecko) Chrome/60.0.3112.90 Safari/537.36"
77.119.240.183 - - [11/Aug/2017:08:36:42 +0200] "GET /img/bg-footer.jpg HTTP/1.1" 200 31770 "http://www.easydrivers.at/css/style.css" "Mozilla/5.0 (Windows NT 10.0) AppleWebKit/537.36 (KHTML, like Gecko) Chrome/60.0.3112.90 Safari/537.36"
213.208.129.140 - - [11/Aug/2017:08:36:40 +0200] "GET /retz/kurse HTTP/1.1" 200 4368 "http://www.easydrivers.at/retz" "Mozilla/5.0 (Windows NT 6.1; Win64; x64; rv:54.0) Gecko/20100101 Firefox/54.0"
213.208.129.140 - - [11/Aug/2017:08:36:43 +0200] "GET /binaries/easy-drivers-portal/traktor5jpg.jpg HTTP/1.1" 200 119320 "http://www.easydrivers.at/retz/kurse" "Mozilla/5.0 (Windows NT 6.1; Win64; x64; rv:54.0) Gecko/20100101 Firefox/54.0"
77.119.240.183 - - [11/Aug/2017:08:36:51 +0200] "GET /fuehrerscheine/motorrad/A HTTP/1.1" 200 4200 "http://www.easydrivers.at/fuehrerscheine/motorrad" "Mozilla/5.0 (Windows NT 10.0) AppleWebKit/537.36 (KHTML, like Gecko) Chrome/60.0.3112.90 Safari/537.36"
213.208.129.140 - - [11/Aug/2017:08:36:54 +0200] "POST /loadkursliste HTTP/1.1" 200 755 "http://www.easydrivers.at/retz/kurse" "Mozilla/5.0 (Windows NT 6.1; Win64; x64; rv:54.0) Gecko/20100101 Firefox/54.0"
207.46.13.140 - - [11/Aug/2017:08:36:58 +0200] "GET /fuehrerscheine/auto/BBE HTTP/1.1" 200 3915 "-" "Mozilla/5.0 (compatible; bingbot/2.0; +http://www.bing.com/bingbot.htm)"
46.74.168.127 - - [11/Aug/2017:08:37:01 +0200] "POST /loadkursliste HTTP/1.1" 200 494 "http://www.easydrivers.at/hartberg/kursauswahl" "Mozilla/5.0 (iPhone; CPU iPhone OS 10_3_2 like Mac OS X) AppleWebKit/603.2.4 (KHTML, like Gecko) Version/10.0 Mobile/14F89 Safari/602.1"
213.225.34.113 - - [11/Aug/2017:08:37:03 +0200] "GET /dornbirn HTTP/1.1" 200 3036 "http://www.google.at/" "Mozilla/5.0 (Linux; Android 7.0; SM-G935F Build/NRD90M) AppleWebKit/537.36 (KHTML, like Gecko) Chrome/59.0.3071.125 Mobile Safari/537.36"
213.225.34.113 - - [11/Aug/2017:08:37:07 +0200] "GET /img/favicon.ico HTTP/1.1" 404 300 "http://www.easydrivers.at/dornbirn" "Mozilla/5.0 (Linux; Android 7.0; SM-G935F Build/NRD90M) AppleWebKit/537.36 (KHTML, like Gecko) Chrome/59.0.3071.125 Mobile Safari/537.36"
66.249.66.72 - - [11/Aug/2017:08:37:05 +0200] "GET /hartberg HTTP/1.1" 200 3678 "-" "Mozilla/5.0 (compatible; Googlebot/2.1; +http://www.google.com/bot.html)"
165.225.72.116 - - [11/Aug/2017:08:37:07 +0200] "GET /ueberuns HTTP/1.1" 200 3256 "http://www.easydrivers.at/linz" "Mozilla/5.0 (Windows NT 6.1; Win64; x64) AppleWebKit/537.36 (KHTML, like Gecko) Chrome/60.0.3112.90 Safari/537.36"
165.225.72.116 - - [11/Aug/2017:08:37:09 +0200] "GET /css/history.css HTTP/1.1" 200 609 "http://www.easydrivers.at/ueberuns" "Mozilla/5.0 (Windows NT 6.1; Win64; x64) AppleWebKit/537.36 (KHTML, like Gecko) Chrome/60.0.3112.90 Safari/537.36"
165.225.72.116 - - [11/Aug/2017:08:37:09 +0200] "GET /javascript/history.js HTTP/1.1" 200 967 "http://www.easydrivers.at/ueberuns" "Mozilla/5.0 (Windows NT 6.1; Win64; x64) AppleWebKit/537.36 (KHTML, like Gecko) Chrome/60.0.3112.90 Safari/537.36"
165.225.72.116 - - [11/Aug/2017:08:37:09 +0200] "GET /binaries/easy-drivers-portal/edwebhistoryillu392x3922jpg.jpg HTTP/1.1" 200 32209 "http://www.easydrivers.at/ueberuns" "Mozilla/5.0 (Windows NT 6.1; Win64; x64) AppleWebKit/537.36 (KHTML, like Gecko) Chrome/60.0.3112.90 Safari/537.36"
165.225.72.116 - - [11/Aug/2017:08:37:09 +0200] "GET /binaries/easy-drivers-portal/edwebhistoryillu392x3924jpg.jpg HTTP/1.1" 200 35765 "http://www.easydrivers.at/ueberuns" "Mozilla/5.0 (Windows NT 6.1; Win64; x64) AppleWebKit/537.36 (KHTML, like Gecko) Chrome/60.0.3112.90 Safari/537.36"
165.225.72.116 - - [11/Aug/2017:08:37:09 +0200] "GET /binaries/easy-drivers-portal/edwebhistoryillu392x3925jpg.jpg HTTP/1.1" 200 31708 "http://www.easydrivers.at/ueberuns" "Mozilla/5.0 (Windows NT 6.1; Win64; x64) AppleWebKit/537.36 (KHTML, like Gecko) Chrome/60.0.3112.90 Safari/537.36"
165.225.72.116 - - [11/Aug/2017:08:37:09 +0200] "GET /binaries/easy-drivers-portal/edwebhistoryillu392x3923jpg.jpg HTTP/1.1" 200 54656 "http://www.easydrivers.at/ueberuns" "Mozilla/5.0 (Windows NT 6.1; Win64; x64) AppleWebKit/537.36 (KHTML, like Gecko) Chrome/60.0.3112.90 Safari/537.36"
165.225.72.116 - - [11/Aug/2017:08:37:09 +0200] "GET /binaries/easy-drivers-portal/edwebhistoryillu392x3926jpg.jpg HTTP/1.1" 200 41118 "http://www.easydrivers.at/ueberuns" "Mozilla/5.0 (Windows NT 6.1; Win64; x64) AppleWebKit/537.36 (KHTML, like Gecko) Chrome/60.0.3112.90 Safari/537.36"
165.225.72.116 - - [11/Aug/2017:08:37:09 +0200] "GET /binaries/easy-drivers-portal/edwebhistoryillu392x392radjpg.jpg HTTP/1.1" 200 124939 "http://www.easydrivers.at/ueberuns" "Mozilla/5.0 (Windows NT 6.1; Win64; x64) AppleWebKit/537.36 (KHTML, like Gecko) Chrome/60.0.3112.90 Safari/537.36"
165.225.72.116 - - [11/Aug/2017:08:37:09 +0200] "GET /binaries/easy-drivers-portal/edwebhistoryillu392x3929jpg.jpg HTTP/1.1" 200 31823 "http://www.easydrivers.at/ueberuns" "Mozilla/5.0 (Windows NT 6.1; Win64; x64) AppleWebKit/537.36 (KHTML, like Gecko) Chrome/60.0.3112.90 Safari/537.36"
165.225.72.116 - - [11/Aug/2017:08:37:09 +0200] "GET /binaries/easy-drivers-portal/edwebhistoryillu392x39210jpg.jpg HTTP/1.1" 200 19475 "http://www.easydrivers.at/ueberuns" "Mozilla/5.0 (Windows NT 6.1; Win64; x64) AppleWebKit/537.36 (KHTML, like Gecko) Chrome/60.0.3112.90 Safari/537.36"
165.225.72.116 - - [11/Aug/2017:08:37:09 +0200] "GET /binaries/easy-drivers-portal/edwebhistoryillu392x3927jpg.jpg HTTP/1.1" 200 71377 "http://www.easydrivers.at/ueberuns" "Mozilla/5.0 (Windows NT 6.1; Win64; x64) AppleWebKit/537.36 (KHTML, like Gecko) Chrome/60.0.3112.90 Safari/537.36"
165.225.72.116 - - [11/Aug/2017:08:37:09 +0200] "GET /binaries/easy-drivers-portal/edwebhistoryillu392x3928jpg.jpg HTTP/1.1" 200 38907 "http://www.easydrivers.at/ueberuns" "Mozilla/5.0 (Windows NT 6.1; Win64; x64) AppleWebKit/537.36 (KHTML, like Gecko) Chrome/60.0.3112.90 Safari/537.36"
165.225.72.116 - - [11/Aug/2017:08:37:09 +0200] "GET /binaries/easy-drivers-portal/edwebhistoryillu392x39211jpg.jpg HTTP/1.1" 200 36282 "http://www.easydrivers.at/ueberuns" "Mozilla/5.0 (Windows NT 6.1; Win64; x64) AppleWebKit/537.36 (KHTML, like Gecko) Chrome/60.0.3112.90 Safari/537.36"
165.225.72.116 - - [11/Aug/2017:08:37:10 +0200] "GET /binaries/easy-drivers-portal/edwebhistoryillu392x39220kpng.png HTTP/1.1" 200 49333 "http://www.easydrivers.at/ueberuns" "Mozilla/5.0 (Windows NT 6.1; Win64; x64) AppleWebKit/537.36 (KHTML, like Gecko) Chrome/60.0.3112.90 Safari/537.36"
165.225.72.116 - - [11/Aug/2017:08:37:13 +0200] "GET /linz HTTP/1.1" 200 3374 "http://www.easydrivers.at/linz" "Mozilla/5.0 (Windows NT 6.1; Win64; x64) AppleWebKit/537.36 (KHTML, like Gecko) Chrome/60.0.3112.90 Safari/537.36"
193.239.226.41 - - [11/Aug/2017:08:37:15 +0200] "GET /img/new_favicon.ico HTTP/1.1" 200 1150 "-" "Mozilla/5.0 (Windows NT 6.1; WOW64; Trident/7.0; rv:11.0) like Gecko"
165.225.72.116 - - [11/Aug/2017:08:37:15 +0200] "GET /fahrschulen HTTP/1.1" 200 3923 "http://www.easydrivers.at/ueberuns" "Mozilla/5.0 (Windows NT 6.1; Win64; x64) AppleWebKit/537.36 (KHTML, like Gecko) Chrome/60.0.3112.90 Safari/537.36"
165.225.72.116 - - [11/Aug/2017:08:37:17 +0200] "GET /javascript/fahrschulen.js HTTP/1.1" 200 470 "http://www.easydrivers.at/fahrschulen" "Mozilla/5.0 (Windows NT 6.1; Win64; x64) AppleWebKit/537.36 (KHTML, like Gecko) Chrome/60.0.3112.90 Safari/537.36"
165.225.72.116 - - [11/Aug/2017:08:37:17 +0200] "GET /img/austria-map-burgenland.png HTTP/1.1" 200 10146 "http://www.easydrivers.at/fahrschulen" "Mozilla/5.0 (Windows NT 6.1; Win64; x64) AppleWebKit/537.36 (KHTML, like Gecko) Chrome/60.0.3112.90 Safari/537.36"
165.225.72.116 - - [11/Aug/2017:08:37:17 +0200] "GET /img/austria-map-kaernten.png HTTP/1.1" 200 9968 "http://www.easydrivers.at/fahrschulen" "Mozilla/5.0 (Windows NT 6.1; Win64; x64) AppleWebKit/537.36 (KHTML, like Gecko) Chrome/60.0.3112.90 Safari/537.36"
165.225.72.116 - - [11/Aug/2017:08:37:17 +0200] "GET /img/austria-map-noe.png HTTP/1.1" 200 17166 "http://www.easydrivers.at/fahrschulen" "Mozilla/5.0 (Windows NT 6.1; Win64; x64) AppleWebKit/537.36 (KHTML, like Gecko) Chrome/60.0.3112.90 Safari/537.36"
165.225.72.116 - - [11/Aug/2017:08:37:17 +0200] "GET /img/austria-map-ooe.png HTTP/1.1" 200 14597 "http://www.easydrivers.at/fahrschulen" "Mozilla/5.0 (Windows NT 6.1; Win64; x64) AppleWebKit/537.36 (KHTML, like Gecko) Chrome/60.0.3112.90 Safari/537.36"
165.225.72.116 - - [11/Aug/2017:08:37:17 +0200] "GET /img/austria-map.jpg HTTP/1.1" 200 57110 "http://www.easydrivers.at/fahrschulen" "Mozilla/5.0 (Windows NT 6.1; Win64; x64) AppleWebKit/537.36 (KHTML, like Gecko) Chrome/60.0.3112.90 Safari/537.36"
165.225.72.116 - - [11/Aug/2017:08:37:17 +0200] "GET /img/austria-map-salzburg.png HTTP/1.1" 200 13786 "http://www.easydrivers.at/fahrschulen" "Mozilla/5.0 (Windows NT 6.1; Win64; x64) AppleWebKit/537.36 (KHTML, like Gecko) Chrome/60.0.3112.90 Safari/537.36"
165.225.72.116 - - [11/Aug/2017:08:37:17 +0200] "GET /img/austria-map-steiermark.png HTTP/1.1" 200 14192 "http://www.easydrivers.at/fahrschulen" "Mozilla/5.0 (Windows NT 6.1; Win64; x64) AppleWebKit/537.36 (KHTML, like Gecko) Chrome/60.0.3112.90 Safari/537.36"
165.225.72.116 - - [11/Aug/2017:08:37:17 +0200] "GET /img/austria-map-tirol.png HTTP/1.1" 200 13911 "http://www.easydrivers.at/fahrschulen" "Mozilla/5.0 (Windows NT 6.1; Win64; x64) AppleWebKit/537.36 (KHTML, like Gecko) Chrome/60.0.3112.90 Safari/537.36"
165.225.72.116 - - [11/Aug/2017:08:37:17 +0200] "GET /img/austria-map-vorarlberg.png HTTP/1.1" 200 5780 "http://www.easydrivers.at/fahrschulen" "Mozilla/5.0 (Windows NT 6.1; Win64; x64) AppleWebKit/537.36 (KHTML, like Gecko) Chrome/60.0.3112.90 Safari/537.36"
165.225.72.116 - - [11/Aug/2017:08:37:17 +0200] "GET /img/austria-map-wien.png HTTP/1.1" 200 2864 "http://www.easydrivers.at/fahrschulen" "Mozilla/5.0 (Windows NT 6.1; Win64; x64) AppleWebKit/537.36 (KHTML, like Gecko) Chrome/60.0.3112.90 Safari/537.36"
165.225.72.116 - - [11/Aug/2017:08:37:17 +0200] "GET /img/submit-button-small.png HTTP/1.1" 200 1456 "http://www.easydrivers.at/fahrschulen" "Mozilla/5.0 (Windows NT 6.1; Win64; x64) AppleWebKit/537.36 (KHTML, like Gecko) Chrome/60.0.3112.90 Safari/537.36"
213.208.129.140 - - [11/Aug/2017:08:37:17 +0200] "POST /loadkursliste HTTP/1.1" 200 763 "http://www.easydrivers.at/retz/kurse" "Mozilla/5.0 (Windows NT 6.1; Win64; x64; rv:54.0) Gecko/20100101 Firefox/54.0"
165.225.72.116 - - [11/Aug/2017:08:37:19 +0200] "POST /fahrschulen/oberoesterreich HTTP/1.1" 200 3100 "http://www.easydrivers.at/fahrschulen" "Mozilla/5.0 (Windows NT 6.1; Win64; x64) AppleWebKit/537.36 (KHTML, like Gecko) Chrome/60.0.3112.90 Safari/537.36"
165.225.72.116 - - [11/Aug/2017:08:37:20 +0200] "GET /img/smallicon-address.png HTTP/1.1" 200 1211 "http://www.easydrivers.at/fahrschulen/oberoesterreich" "Mozilla/5.0 (Windows NT 6.1; Win64; x64) AppleWebKit/537.36 (KHTML, like Gecko) Chrome/60.0.3112.90 Safari/537.36"
165.225.72.116 - - [11/Aug/2017:08:37:20 +0200] "GET /img/smallicon-time.png HTTP/1.1" 200 1262 "http://www.easydrivers.at/fahrschulen/oberoesterreich" "Mozilla/5.0 (Windows NT 6.1; Win64; x64) AppleWebKit/537.36 (KHTML, like Gecko) Chrome/60.0.3112.90 Safari/537.36"
217.250.169.207 - - [11/Aug/2017:08:37:19 +0200] "GET /brigittenau HTTP/1.1" 200 3701 "-" "Mozilla/5.0 (Windows; U; Windows NT 6.0; de; rv:1.9.2.3) Gecko/20100401 Firefox/3.6.3 ( .NET CLR 3.5.30729)"
213.208.129.140 - - [11/Aug/2017:08:37:20 +0200] "POST /loadkursliste HTTP/1.1" 200 759 "http://www.easydrivers.at/retz/kurse" "Mozilla/5.0 (Windows NT 6.1; Win64; x64; rv:54.0) Gecko/20100101 Firefox/54.0"
165.225.72.116 - - [11/Aug/2017:08:37:23 +0200] "GET /linz HTTP/1.1" 200 3374 "http://www.easydrivers.at/fahrschulen/oberoesterreich" "Mozilla/5.0 (Windows NT 6.1; Win64; x64) AppleWebKit/537.36 (KHTML, like Gecko) Chrome/60.0.3112.90 Safari/537.36"
193.239.226.41 - - [11/Aug/2017:08:37:27 +0200] "GET /fuehrerscheine/traktor/F-Plus HTTP/1.1" 200 3712 "http://www.easydrivers.at/fuehrerscheine/traktor" "Mozilla/5.0 (Windows NT 6.1; WOW64; Trident/7.0; rv:11.0) like Gecko"
193.239.226.41 - - [11/Aug/2017:08:37:28 +0200] "GET /javascript/product.js HTTP/1.1" 200 139 "http://www.easydrivers.at/fuehrerscheine/traktor/F-Plus" "Mozilla/5.0 (Windows NT 6.1; WOW64; Trident/7.0; rv:11.0) like Gecko"
193.239.226.41 - - [11/Aug/2017:08:37:28 +0200] "GET /binaries/easy-drivers-portal/traktor5jpg.jpg HTTP/1.1" 200 119320 "http://www.easydrivers.at/fuehrerscheine/traktor/F-Plus" "Mozilla/5.0 (Windows NT 6.1; WOW64; Trident/7.0; rv:11.0) like Gecko"
193.239.226.41 - - [11/Aug/2017:08:37:29 +0200] "GET /img/arrow-left.png HTTP/1.1" 200 1015 "http://www.easydrivers.at/fuehrerscheine/traktor/F-Plus" "Mozilla/5.0 (Windows NT 6.1; WOW64; Trident/7.0; rv:11.0) like Gecko"
193.239.226.41 - - [11/Aug/2017:08:37:29 +0200] "GET /img/arrow-up.png HTTP/1.1" 200 1081 "http://www.easydrivers.at/fuehrerscheine/traktor/F-Plus" "Mozilla/5.0 (Windows NT 6.1; WOW64; Trident/7.0; rv:11.0) like Gecko"
77.119.240.183 - - [11/Aug/2017:08:37:30 +0200] "GET /fuehrerscheine/motorrad HTTP/1.1" 200 2887 "https://www.google.at/" "Mozilla/5.0 (Windows NT 10.0) AppleWebKit/537.36 (KHTML, like Gecko) Chrome/60.0.3112.90 Safari/537.36"
77.119.240.183 - - [11/Aug/2017:08:37:31 +0200] "GET /binaries/easy-drivers-portal/motorrad4jpg.jpg HTTP/1.1" 200 110277 "http://www.easydrivers.at/fuehrerscheine/motorrad" "Mozilla/5.0 (Windows NT 10.0) AppleWebKit/537.36 (KHTML, like Gecko) Chrome/60.0.3112.90 Safari/537.36"
165.225.72.116 - - [11/Aug/2017:08:37:34 +0200] "GET /img/smallicon-person.png HTTP/1.1" 200 1141 "http://www.easydrivers.at/css/style.css" "Mozilla/5.0 (Windows NT 6.1; Win64; x64) AppleWebKit/537.36 (KHTML, like Gecko) Chrome/60.0.3112.90 Safari/537.36"
165.225.72.116 - - [11/Aug/2017:08:37:34 +0200] "GET /img/smallicon-fax.png HTTP/1.1" 200 1205 "http://www.easydrivers.at/css/style.css" "Mozilla/5.0 (Windows NT 6.1; Win64; x64) AppleWebKit/537.36 (KHTML, like Gecko) Chrome/60.0.3112.90 Safari/537.36"
193.239.226.41 - - [11/Aug/2017:08:38:13 +0200] "POST / HTTP/1.1" 200 4415 "http://www.easydrivers.at/fuehrerscheine/traktor/F-Plus" "Mozilla/5.0 (Windows NT 6.1; WOW64; Trident/7.0; rv:11.0) like Gecko"
193.239.226.41 - - [11/Aug/2017:08:38:15 +0200] "GET /binaries/easy-drivers-portal/widget-icon-expertspng.png HTTP/1.1" 200 2159 "http://www.easydrivers.at/" "Mozilla/5.0 (Windows NT 6.1; WOW64; Trident/7.0; rv:11.0) like Gecko"
193.239.226.41 - - [11/Aug/2017:08:38:15 +0200] "GET /img/submit-button.png HTTP/1.1" 200 1958 "http://www.easydrivers.at/" "Mozilla/5.0 (Windows NT 6.1; WOW64; Trident/7.0; rv:11.0) like Gecko"
193.239.226.41 - - [11/Aug/2017:08:38:15 +0200] "GET /javascript/homesearch.js HTTP/1.1" 200 393 "http://www.easydrivers.at/" "Mozilla/5.0 (Windows NT 6.1; WOW64; Trident/7.0; rv:11.0) like Gecko"
193.239.226.41 - - [11/Aug/2017:08:38:15 +0200] "GET /binaries/easy-drivers-portal/widget-icon-trainingpng.png HTTP/1.1" 200 2662 "http://www.easydrivers.at/" "Mozilla/5.0 (Windows NT 6.1; WOW64; Trident/7.0; rv:11.0) like Gecko"
193.239.226.41 - - [11/Aug/2017:08:38:15 +0200] "GET /img/empty.gif HTTP/1.1" 200 43 "http://www.easydrivers.at/" "Mozilla/5.0 (Windows NT 6.1; WOW64; Trident/7.0; rv:11.0) like Gecko"
193.239.226.41 - - [11/Aug/2017:08:38:15 +0200] "GET /binaries/easy-drivers-portal/widget-icon-apppng.png HTTP/1.1" 200 2432 "http://www.easydrivers.at/" "Mozilla/5.0 (Windows NT 6.1; WOW64; Trident/7.0; rv:11.0) like Gecko"
193.239.226.41 - - [11/Aug/2017:08:38:15 +0200] "GET /binaries/easy-drivers-portal/edradfahrschullogowidget160x90pxpng.png HTTP/1.1" 200 23394 "http://www.easydrivers.at/" "Mozilla/5.0 (Windows NT 6.1; WOW64; Trident/7.0; rv:11.0) like Gecko"
193.239.226.41 - - [11/Aug/2017:08:38:15 +0200] "GET /img/bg-top-section.jpg HTTP/1.1" 200 82172 "http://www.easydrivers.at/" "Mozilla/5.0 (Windows NT 6.1; WOW64; Trident/7.0; rv:11.0) like Gecko"
193.239.226.41 - - [11/Aug/2017:08:38:15 +0200] "GET /img/yellow-dots-vertical.png HTTP/1.1" 200 981 "http://www.easydrivers.at/" "Mozilla/5.0 (Windows NT 6.1; WOW64; Trident/7.0; rv:11.0) like Gecko"
193.239.226.41 - - [11/Aug/2017:08:38:15 +0200] "GET /img/purple-dots-horizontal.png HTTP/1.1" 200 977 "http://www.easydrivers.at/" "Mozilla/5.0 (Windows NT 6.1; WOW64; Trident/7.0; rv:11.0) like Gecko"
193.239.226.41 - - [11/Aug/2017:08:38:15 +0200] "GET /img/black-dots-vertical.png HTTP/1.1" 200 1165 "http://www.easydrivers.at/" "Mozilla/5.0 (Windows NT 6.1; WOW64; Trident/7.0; rv:11.0) like Gecko"
193.239.226.41 - - [11/Aug/2017:08:38:15 +0200] "GET /img/selection-box-button.png HTTP/1.1" 200 1079 "http://www.easydrivers.at/" "Mozilla/5.0 (Windows NT 6.1; WOW64; Trident/7.0; rv:11.0) like Gecko"
93.82.192.170 - - [11/Aug/2017:08:38:16 +0200] "GET / HTTP/1.1" 200 4409 "http://www.google.at/url?sa=t&rct=j&q=&esrc=s&source=web&cd=1&ved=0ahUKEwihg4v2yM7VAhWlBcAKHXToBpoQFggmMAA&url=http%3A%2F%2Fwww.easydrivers.at%2F&usg=AFQjCNE_iL6XJJtFF7fWfQkUoVbc7TZvBQ" "Mozilla/5.0 (Windows NT 6.1; WOW64; Trident/7.0; FSTE; rv:11.0) like Gecko"
93.82.192.170 - - [11/Aug/2017:08:38:18 +0200] "GET /css/style.css HTTP/1.1" 304 - "http://www.easydrivers.at/" "Mozilla/5.0 (Windows NT 6.1; WOW64; Trident/7.0; FSTE; rv:11.0) like Gecko"
93.82.192.170 - - [11/Aug/2017:08:38:18 +0200] "GET /javascript/portal.js?1221842734 HTTP/1.1" 304 - "http://www.easydrivers.at/" "Mozilla/5.0 (Windows NT 6.1; WOW64; Trident/7.0; FSTE; rv:11.0) like Gecko"
93.82.192.170 - - [11/Aug/2017:08:38:18 +0200] "GET /img/close-button.png HTTP/1.1" 200 2237 "http://www.easydrivers.at/" "Mozilla/5.0 (Windows NT 6.1; WOW64; Trident/7.0; FSTE; rv:11.0) like Gecko"
93.82.192.170 - - [11/Aug/2017:08:38:18 +0200] "GET /img/facebook-icon.png HTTP/1.1" 200 1506 "http://www.easydrivers.at/" "Mozilla/5.0 (Windows NT 6.1; WOW64; Trident/7.0; FSTE; rv:11.0) like Gecko"
93.82.192.170 - - [11/Aug/2017:08:38:18 +0200] "GET /img/submit-button.png HTTP/1.1" 200 1958 "http://www.easydrivers.at/" "Mozilla/5.0 (Windows NT 6.1; WOW64; Trident/7.0; FSTE; rv:11.0) like Gecko"
93.82.192.170 - - [11/Aug/2017:08:38:18 +0200] "GET /binaries/easy-drivers-portal/widget-icon-trainingpng.png HTTP/1.1" 200 2662 "http://www.easydrivers.at/" "Mozilla/5.0 (Windows NT 6.1; WOW64; Trident/7.0; FSTE; rv:11.0) like Gecko"
93.82.192.170 - - [11/Aug/2017:08:38:18 +0200] "GET /img/empty.gif HTTP/1.1" 200 43 "http://www.easydrivers.at/" "Mozilla/5.0 (Windows NT 6.1; WOW64; Trident/7.0; FSTE; rv:11.0) like Gecko"
93.82.192.170 - - [11/Aug/2017:08:38:18 +0200] "GET /binaries/easy-drivers-portal/widget-icon-expertspng.png HTTP/1.1" 200 2159 "http://www.easydrivers.at/" "Mozilla/5.0 (Windows NT 6.1; WOW64; Trident/7.0; FSTE; rv:11.0) like Gecko"
93.82.192.170 - - [11/Aug/2017:08:38:18 +0200] "GET /binaries/easy-drivers-portal/widget-icon-apppng.png HTTP/1.1" 200 2432 "http://www.easydrivers.at/" "Mozilla/5.0 (Windows NT 6.1; WOW64; Trident/7.0; FSTE; rv:11.0) like Gecko"
93.82.192.170 - - [11/Aug/2017:08:38:18 +0200] "GET /img/schweiz-icon.png HTTP/1.1" 200 1504 "http://www.easydrivers.at/" "Mozilla/5.0 (Windows NT 6.1; WOW64; Trident/7.0; FSTE; rv:11.0) like Gecko"
93.82.192.170 - - [11/Aug/2017:08:38:18 +0200] "GET /binaries/easy-drivers-portal/edradfahrschullogowidget160x90pxpng.png HTTP/1.1" 200 23394 "http://www.easydrivers.at/" "Mozilla/5.0 (Windows NT 6.1; WOW64; Trident/7.0; FSTE; rv:11.0) like Gecko"
193.239.226.41 - - [11/Aug/2017:08:38:20 +0200] "GET /img/loading-bars.gif HTTP/1.1" 200 3951 "http://www.easydrivers.at/" "Mozilla/5.0 (Windows NT 6.1; WOW64; Trident/7.0; rv:11.0) like Gecko"
93.82.192.170 - - [11/Aug/2017:08:38:21 +0200] "GET /img/kursicon-print-pink.png HTTP/1.1" 200 1125 "http://www.easydrivers.at/" "Mozilla/5.0 (Windows NT 6.1; WOW64; Trident/7.0; FSTE; rv:11.0) like Gecko"
93.82.192.170 - - [11/Aug/2017:08:38:21 +0200] "GET /img/kursicon-download-pink.png HTTP/1.1" 200 1213 "http://www.easydrivers.at/" "Mozilla/5.0 (Windows NT 6.1; WOW64; Trident/7.0; FSTE; rv:11.0) like Gecko"
93.82.192.170 - - [11/Aug/2017:08:38:21 +0200] "GET /img/kursicon-share-pink.png HTTP/1.1" 200 1277 "http://www.easydrivers.at/" "Mozilla/5.0 (Windows NT 6.1; WOW64; Trident/7.0; FSTE; rv:11.0) like Gecko"
93.82.192.170 - - [11/Aug/2017:08:38:21 +0200] "GET /img/kursicon-phone-pink.png HTTP/1.1" 200 1286 "http://www.easydrivers.at/" "Mozilla/5.0 (Windows NT 6.1; WOW64; Trident/7.0; FSTE; rv:11.0) like Gecko"
93.82.192.170 - - [11/Aug/2017:08:38:21 +0200] "GET /img/bg-header.jpg HTTP/1.1" 200 38680 "http://www.easydrivers.at/" "Mozilla/5.0 (Windows NT 6.1; WOW64; Trident/7.0; FSTE; rv:11.0) like Gecko"
93.82.192.170 - - [11/Aug/2017:08:38:21 +0200] "GET /img/bg-top-section.jpg HTTP/1.1" 200 82172 "http://www.easydrivers.at/" "Mozilla/5.0 (Windows NT 6.1; WOW64; Trident/7.0; FSTE; rv:11.0) like Gecko"
93.82.192.170 - - [11/Aug/2017:08:38:21 +0200] "GET /img/yellow-dots-vertical.png HTTP/1.1" 200 981 "http://www.easydrivers.at/" "Mozilla/5.0 (Windows NT 6.1; WOW64; Trident/7.0; FSTE; rv:11.0) like Gecko"
93.82.192.170 - - [11/Aug/2017:08:38:21 +0200] "GET /img/purple-dots-horizontal.png HTTP/1.1" 200 977 "http://www.easydrivers.at/" "Mozilla/5.0 (Windows NT 6.1; WOW64; Trident/7.0; FSTE; rv:11.0) like Gecko"
93.82.192.170 - - [11/Aug/2017:08:38:21 +0200] "GET /img/ED_Logo.png HTTP/1.1" 200 3385 "http://www.easydrivers.at/" "Mozilla/5.0 (Windows NT 6.1; WOW64; Trident/7.0; FSTE; rv:11.0) like Gecko"
93.82.192.170 - - [11/Aug/2017:08:38:21 +0200] "GET /img/black-dots-vertical.png HTTP/1.1" 200 1165 "http://www.easydrivers.at/" "Mozilla/5.0 (Windows NT 6.1; WOW64; Trident/7.0; FSTE; rv:11.0) like Gecko"
93.82.192.170 - - [11/Aug/2017:08:38:21 +0200] "GET /img/selection-box-button.png HTTP/1.1" 200 1079 "http://www.easydrivers.at/" "Mozilla/5.0 (Windows NT 6.1; WOW64; Trident/7.0; FSTE; rv:11.0) like Gecko"
93.82.192.170 - - [11/Aug/2017:08:38:21 +0200] "GET /img/bg-footer.jpg HTTP/1.1" 200 31770 "http://www.easydrivers.at/" "Mozilla/5.0 (Windows NT 6.1; WOW64; Trident/7.0; FSTE; rv:11.0) like Gecko"
93.82.192.170 - - [11/Aug/2017:08:38:21 +0200] "GET /img/new_favicon.ico HTTP/1.1" 200 1150 "-" "Mozilla/5.0 (Windows NT 6.1; WOW64; Trident/7.0; FSTE; rv:11.0) like Gecko"
193.239.226.41 - - [11/Aug/2017:08:38:20 +0200] "POST /suche HTTP/1.1" 200 4283 "http://www.easydrivers.at/" "Mozilla/5.0 (Windows NT 6.1; WOW64; Trident/7.0; rv:11.0) like Gecko"
193.239.226.41 - - [11/Aug/2017:08:38:22 +0200] "GET /img/smallicon-phone.png HTTP/1.1" 200 3056 "http://www.easydrivers.at/suche" "Mozilla/5.0 (Windows NT 6.1; WOW64; Trident/7.0; rv:11.0) like Gecko"
193.239.226.41 - - [11/Aug/2017:08:38:22 +0200] "GET /img/smallicon-address.png HTTP/1.1" 200 1211 "http://www.easydrivers.at/suche" "Mozilla/5.0 (Windows NT 6.1; WOW64; Trident/7.0; rv:11.0) like Gecko"
193.239.226.41 - - [11/Aug/2017:08:38:22 +0200] "GET /img/smallicon-time.png HTTP/1.1" 200 1262 "http://www.easydrivers.at/suche" "Mozilla/5.0 (Windows NT 6.1; WOW64; Trident/7.0; rv:11.0) like Gecko"
193.239.226.41 - - [11/Aug/2017:08:38:22 +0200] "GET /img/smallicon-mail.png HTTP/1.1" 200 1341 "http://www.easydrivers.at/suche" "Mozilla/5.0 (Windows NT 6.1; WOW64; Trident/7.0; rv:11.0) like Gecko"
193.239.226.41 - - [11/Aug/2017:08:38:22 +0200] "GET /img/locator-icon.png HTTP/1.1" 200 1377 "http://www.easydrivers.at/suche" "Mozilla/5.0 (Windows NT 6.1; WOW64; Trident/7.0; rv:11.0) like Gecko"
193.239.226.41 - - [11/Aug/2017:08:38:22 +0200] "GET /css/showLoading.css HTTP/1.1" 200 219 "http://www.easydrivers.at/suche" "Mozilla/5.0 (Windows NT 6.1; WOW64; Trident/7.0; rv:11.0) like Gecko"
193.239.226.41 - - [11/Aug/2017:08:38:22 +0200] "GET /javascript/suche.js HTTP/1.1" 200 209 "http://www.easydrivers.at/suche" "Mozilla/5.0 (Windows NT 6.1; WOW64; Trident/7.0; rv:11.0) like Gecko"
193.239.226.41 - - [11/Aug/2017:08:38:22 +0200] "GET /javascript/jquery.showLoading.min.js HTTP/1.1" 200 1136 "http://www.easydrivers.at/suche" "Mozilla/5.0 (Windows NT 6.1; WOW64; Trident/7.0; rv:11.0) like Gecko"
193.239.226.41 - - [11/Aug/2017:08:38:22 +0200] "GET /binaries/easy-drivers-portal/traktor2jpg.jpg HTTP/1.1" 200 130773 "http://www.easydrivers.at/suche" "Mozilla/5.0 (Windows NT 6.1; WOW64; Trident/7.0; rv:11.0) like Gecko"
193.239.226.41 - - [11/Aug/2017:08:38:22 +0200] "GET /javascript/jquery.base64.min.js HTTP/1.1" 200 37135 "http://www.easydrivers.at/suche" "Mozilla/5.0 (Windows NT 6.1; WOW64; Trident/7.0; rv:11.0) like Gecko"
207.46.13.45 - - [11/Aug/2017:08:38:28 +0200] "GET /robots.txt HTTP/1.1" 200 101 "-" "Mozilla/5.0 (compatible; bingbot/2.0; +http://www.bing.com/bingbot.htm)"
157.55.39.210 - - [11/Aug/2017:08:38:28 +0200] "GET /gmuend/10285075?FS=AM-M1 HTTP/1.1" 410 3409 "-" "Mozilla/5.0 (compatible; bingbot/2.0; +http://www.bing.com/bingbot.htm)"
193.239.226.41 - - [11/Aug/2017:08:38:30 +0200] "POST /loadkursliste HTTP/1.1" 200 585 "http://www.easydrivers.at/suche" "Mozilla/5.0 (Windows NT 6.1; WOW64; Trident/7.0; rv:11.0) like Gecko"
193.239.226.41 - - [11/Aug/2017:08:38:31 +0200] "GET /img/kursicon-download.png HTTP/1.1" 200 1218 "http://www.easydrivers.at/suche" "Mozilla/5.0 (Windows NT 6.1; WOW64; Trident/7.0; rv:11.0) like Gecko"
193.239.226.41 - - [11/Aug/2017:08:38:31 +0200] "GET /img/kursicon-share.png HTTP/1.1" 200 1302 "http://www.easydrivers.at/suche" "Mozilla/5.0 (Windows NT 6.1; WOW64; Trident/7.0; rv:11.0) like Gecko"
193.239.226.41 - - [11/Aug/2017:08:38:31 +0200] "GET /img/kursicon-phone.png HTTP/1.1" 200 1287 "http://www.easydrivers.at/suche" "Mozilla/5.0 (Windows NT 6.1; WOW64; Trident/7.0; rv:11.0) like Gecko"
193.239.226.41 - - [11/Aug/2017:08:38:31 +0200] "GET /img/kursicon-print.png HTTP/1.1" 200 1184 "http://www.easydrivers.at/suche" "Mozilla/5.0 (Windows NT 6.1; WOW64; Trident/7.0; rv:11.0) like Gecko"
93.82.192.170 - - [11/Aug/2017:08:38:29 +0200] "GET /fuehrerscheine/auto HTTP/1.1" 200 3366 "http://www.easydrivers.at/" "Mozilla/5.0 (Windows NT 6.1; WOW64; Trident/7.0; FSTE; rv:11.0) like Gecko"
93.82.192.170 - - [11/Aug/2017:08:38:31 +0200] "GET /javascript/license.js HTTP/1.1" 200 315 "http://www.easydrivers.at/fuehrerscheine/auto" "Mozilla/5.0 (Windows NT 6.1; WOW64; Trident/7.0; FSTE; rv:11.0) like Gecko"
93.82.192.170 - - [11/Aug/2017:08:38:31 +0200] "GET /binaries/easy-drivers-portal/pkw4jpg.jpg HTTP/1.1" 200 125726 "http://www.easydrivers.at/fuehrerscheine/auto" "Mozilla/5.0 (Windows NT 6.1; WOW64; Trident/7.0; FSTE; rv:11.0) like Gecko"
93.82.192.170 - - [11/Aug/2017:08:38:31 +0200] "GET /img/submit-button-small.png HTTP/1.1" 200 1456 "http://www.easydrivers.at/fuehrerscheine/auto" "Mozilla/5.0 (Windows NT 6.1; WOW64; Trident/7.0; FSTE; rv:11.0) like Gecko"
93.82.192.170 - - [11/Aug/2017:08:38:31 +0200] "GET /img/bg-yellow.jpg HTTP/1.1" 200 2250 "http://www.easydrivers.at/fuehrerscheine/auto" "Mozilla/5.0 (Windows NT 6.1; WOW64; Trident/7.0; FSTE; rv:11.0) like Gecko"
93.82.192.170 - - [11/Aug/2017:08:38:33 +0200] "GET /links HTTP/1.1" 200 2317 "http://www.easydrivers.at/fuehrerscheine/auto" "Mozilla/5.0 (Windows NT 6.1; WOW64; Trident/7.0; FSTE; rv:11.0) like Gecko"
93.82.192.170 - - [11/Aug/2017:08:38:34 +0200] "GET /binaries/easy-drivers-portal/motorrad4jpg.jpg HTTP/1.1" 200 110277 "http://www.easydrivers.at/links" "Mozilla/5.0 (Windows NT 6.1; WOW64; Trident/7.0; FSTE; rv:11.0) like Gecko"
93.82.192.170 - - [11/Aug/2017:08:38:34 +0200] "GET /img/top-image-overlay.png HTTP/1.1" 200 20650 "http://www.easydrivers.at/links" "Mozilla/5.0 (Windows NT 6.1; WOW64; Trident/7.0; FSTE; rv:11.0) like Gecko"
46.74.168.127 - - [11/Aug/2017:08:38:36 +0200] "POST /loadkursliste HTTP/1.1" 200 500 "http://www.easydrivers.at/hartberg/kursauswahl" "Mozilla/5.0 (iPhone; CPU iPhone OS 10_3_2 like Mac OS X) AppleWebKit/603.2.4 (KHTML, like Gecko) Version/10.0 Mobile/14F89 Safari/602.1"
207.46.13.127 - - [11/Aug/2017:08:38:37 +0200] "GET /poechlarn/10282729?FS=AM-M1 HTTP/1.1" 410 3405 "-" "Mozilla/5.0 (compatible; bingbot/2.0; +http://www.bing.com/bingbot.htm)"
93.82.192.170 - - [11/Aug/2017:08:38:43 +0200] "GET /fuehrerscheine/auto HTTP/1.1" 200 3366 "http://www.easydrivers.at/links" "Mozilla/5.0 (Windows NT 6.1; WOW64; Trident/7.0; FSTE; rv:11.0) like Gecko"
93.82.192.170 - - [11/Aug/2017:08:39:01 +0200] "GET /fahrschulen HTTP/1.1" 200 3923 "http://www.easydrivers.at/fuehrerscheine/auto" "Mozilla/5.0 (Windows NT 6.1; WOW64; Trident/7.0; FSTE; rv:11.0) like Gecko"
93.82.192.170 - - [11/Aug/2017:08:39:03 +0200] "GET /javascript/fahrschulen.js HTTP/1.1" 200 470 "http://www.easydrivers.at/fahrschulen" "Mozilla/5.0 (Windows NT 6.1; WOW64; Trident/7.0; FSTE; rv:11.0) like Gecko"
93.82.192.170 - - [11/Aug/2017:08:39:03 +0200] "GET /img/austria-map-kaernten.png HTTP/1.1" 200 9968 "http://www.easydrivers.at/fahrschulen" "Mozilla/5.0 (Windows NT 6.1; WOW64; Trident/7.0; FSTE; rv:11.0) like Gecko"
93.82.192.170 - - [11/Aug/2017:08:39:03 +0200] "GET /img/austria-map-burgenland.png HTTP/1.1" 200 10146 "http://www.easydrivers.at/fahrschulen" "Mozilla/5.0 (Windows NT 6.1; WOW64; Trident/7.0; FSTE; rv:11.0) like Gecko"
93.82.192.170 - - [11/Aug/2017:08:39:03 +0200] "GET /img/austria-map-noe.png HTTP/1.1" 200 17166 "http://www.easydrivers.at/fahrschulen" "Mozilla/5.0 (Windows NT 6.1; WOW64; Trident/7.0; FSTE; rv:11.0) like Gecko"
