178.165.129.9 - - [11/Aug/2017:06:43:36 +0200] "GET /img/mobile/googlemaps-pin.png HTTP/1.1" 200 1597 "http://www.easydrivers.at/leonding" "Mozilla/5.0 (iPhone; CPU iPhone OS 10_3_3 like Mac OS X) AppleWebKit/603.3.8 (KHTML, like Gecko) Version/10.0 Mobile/14G60 Safari/602.1"
178.165.129.9 - - [11/Aug/2017:06:43:36 +0200] "GET /img/smallicon-time.png HTTP/1.1" 200 1262 "http://www.easydrivers.at/leonding" "Mozilla/5.0 (iPhone; CPU iPhone OS 10_3_3 like Mac OS X) AppleWebKit/603.3.8 (KHTML, like Gecko) Version/10.0 Mobile/14G60 Safari/602.1"
178.165.129.9 - - [11/Aug/2017:06:43:36 +0200] "GET /img/smallicon-phone.png HTTP/1.1" 200 3056 "http://www.easydrivers.at/leonding" "Mozilla/5.0 (iPhone; CPU iPhone OS 10_3_3 like Mac OS X) AppleWebKit/603.3.8 (KHTML, like Gecko) Version/10.0 Mobile/14G60 Safari/602.1"
178.165.129.9 - - [11/Aug/2017:06:43:36 +0200] "GET /img/smallicon-mail.png HTTP/1.1" 200 1341 "http://www.easydrivers.at/leonding" "Mozilla/5.0 (iPhone; CPU iPhone OS 10_3_3 like Mac OS X) AppleWebKit/603.3.8 (KHTML, like Gecko) Version/10.0 Mobile/14G60 Safari/602.1"
89.104.3.178 - - [11/Aug/2017:06:43:41 +0200] "GET /fuehrerscheine/traktor HTTP/1.1" 200 2594 "http://www.easydrivers.at/fahrschulen" "Mozilla/5.0 (Linux; Android 6.0.1; E5823 Build/32.2.A.5.11) AppleWebKit/537.36 (KHTML, like Gecko) Chrome/59.0.3071.125 Mobile Safari/537.36"
80.110.119.173 - - [11/Aug/2017:06:43:41 +0200] "GET /am.spitz/10281084?FS=B HTTP/1.1" 200 3231 "http://www.easydrivers.at/am.spitz/kurse" "Mozilla/5.0 (iPhone; CPU iPhone OS 10_3_2 like Mac OS X) AppleWebKit/603.2.4 (KHTML, like Gecko) Version/10.0 Mobile/14F89 Safari/602.1"
80.110.119.173 - - [11/Aug/2017:06:43:43 +0200] "GET /img/mobile/kursicon-phone.png HTTP/1.1" 200 1932 "http://www.easydrivers.at/am.spitz/10281084?FS=B" "Mozilla/5.0 (iPhone; CPU iPhone OS 10_3_2 like Mac OS X) AppleWebKit/603.2.4 (KHTML, like Gecko) Version/10.0 Mobile/14F89 Safari/602.1"
80.110.119.173 - - [11/Aug/2017:06:43:43 +0200] "GET /img/mobile/smallicon-phone.png HTTP/1.1" 200 1311 "http://www.easydrivers.at/am.spitz/10281084?FS=B" "Mozilla/5.0 (iPhone; CPU iPhone OS 10_3_2 like Mac OS X) AppleWebKit/603.2.4 (KHTML, like Gecko) Version/10.0 Mobile/14F89 Safari/602.1"
80.110.119.173 - - [11/Aug/2017:06:43:43 +0200] "GET /img/mobile/smallicon-mail.png HTTP/1.1" 200 1335 "http://www.easydrivers.at/am.spitz/10281084?FS=B" "Mozilla/5.0 (iPhone; CPU iPhone OS 10_3_2 like Mac OS X) AppleWebKit/603.2.4 (KHTML, like Gecko) Version/10.0 Mobile/14F89 Safari/602.1"
80.110.119.173 - - [11/Aug/2017:06:43:43 +0200] "GET /img/mobile/kursicon-share.png HTTP/1.1" 200 2065 "http://www.easydrivers.at/am.spitz/10281084?FS=B" "Mozilla/5.0 (iPhone; CPU iPhone OS 10_3_2 like Mac OS X) AppleWebKit/603.2.4 (KHTML, like Gecko) Version/10.0 Mobile/14F89 Safari/602.1"
80.110.119.173 - - [11/Aug/2017:06:43:43 +0200] "GET /img/mobile/pfeil-rechts-small.png HTTP/1.1" 200 1056 "http://www.easydrivers.at/am.spitz/10281084?FS=B" "Mozilla/5.0 (iPhone; CPU iPhone OS 10_3_2 like Mac OS X) AppleWebKit/603.2.4 (KHTML, like Gecko) Version/10.0 Mobile/14F89 Safari/602.1"
80.110.119.173 - - [11/Aug/2017:06:43:43 +0200] "GET /img/mobile/pfeil-links-small.png HTTP/1.1" 200 1065 "http://www.easydrivers.at/am.spitz/10281084?FS=B" "Mozilla/5.0 (iPhone; CPU iPhone OS 10_3_2 like Mac OS X) AppleWebKit/603.2.4 (KHTML, like Gecko) Version/10.0 Mobile/14F89 Safari/602.1"
89.104.3.178 - - [11/Aug/2017:06:43:48 +0200] "GET /fuehrerscheine/traktor/F-Plus HTTP/1.1" 200 3712 "http://www.easydrivers.at/fuehrerscheine/traktor" "Mozilla/5.0 (Linux; Android 6.0.1; E5823 Build/32.2.A.5.11) AppleWebKit/537.36 (KHTML, like Gecko) Chrome/59.0.3071.125 Mobile Safari/537.36"
89.104.3.178 - - [11/Aug/2017:06:43:49 +0200] "GET /javascript/product.js HTTP/1.1" 200 139 "http://www.easydrivers.at/fuehrerscheine/traktor/F-Plus" "Mozilla/5.0 (Linux; Android 6.0.1; E5823 Build/32.2.A.5.11) AppleWebKit/537.36 (KHTML, like Gecko) Chrome/59.0.3071.125 Mobile Safari/537.36"
89.104.3.178 - - [11/Aug/2017:06:43:49 +0200] "GET /img/arrow-left.png HTTP/1.1" 200 1015 "http://www.easydrivers.at/css/style.css" "Mozilla/5.0 (Linux; Android 6.0.1; E5823 Build/32.2.A.5.11) AppleWebKit/537.36 (KHTML, like Gecko) Chrome/59.0.3071.125 Mobile Safari/537.36"
89.104.3.178 - - [11/Aug/2017:06:43:49 +0200] "GET /img/arrow-up.png HTTP/1.1" 200 1081 "http://www.easydrivers.at/css/style.css" "Mozilla/5.0 (Linux; Android 6.0.1; E5823 Build/32.2.A.5.11) AppleWebKit/537.36 (KHTML, like Gecko) Chrome/59.0.3071.125 Mobile Safari/537.36"
89.104.3.178 - - [11/Aug/2017:06:43:49 +0200] "GET /binaries/easy-drivers-portal/traktor2jpg.jpg HTTP/1.1" 200 130773 "http://www.easydrivers.at/fuehrerscheine/traktor/F-Plus" "Mozilla/5.0 (Linux; Android 6.0.1; E5823 Build/32.2.A.5.11) AppleWebKit/537.36 (KHTML, like Gecko) Chrome/59.0.3071.125 Mobile Safari/537.36"
89.104.3.178 - - [11/Aug/2017:06:44:02 +0200] "GET /fuehrerscheine/traktor HTTP/1.1" 200 2594 "http://www.easydrivers.at/fahrschulen" "Mozilla/5.0 (Linux; Android 6.0.1; E5823 Build/32.2.A.5.11) AppleWebKit/537.36 (KHTML, like Gecko) Chrome/59.0.3071.125 Mobile Safari/537.36"
89.104.3.178 - - [11/Aug/2017:06:44:04 +0200] "GET /binaries/easy-drivers-portal/traktor6jpg.jpg HTTP/1.1" 200 98615 "http://www.easydrivers.at/fuehrerscheine/traktor" "Mozilla/5.0 (Linux; Android 6.0.1; E5823 Build/32.2.A.5.11) AppleWebKit/537.36 (KHTML, like Gecko) Chrome/59.0.3071.125 Mobile Safari/537.36"
178.165.129.9 - - [11/Aug/2017:06:44:02 +0200] "GET /leonding/buerokraft_gesucht HTTP/1.1" 200 3220 "http://www.easydrivers.at/leonding" "Mozilla/5.0 (iPhone; CPU iPhone OS 10_3_3 like Mac OS X) AppleWebKit/603.3.8 (KHTML, like Gecko) Version/10.0 Mobile/14G60 Safari/602.1"
80.110.119.173 - - [11/Aug/2017:06:44:11 +0200] "POST /am.spitz/kursauswahl HTTP/1.1" 200 2977 "http://www.easydrivers.at/am.spitz" "Mozilla/5.0 (iPhone; CPU iPhone OS 10_3_2 like Mac OS X) AppleWebKit/603.2.4 (KHTML, like Gecko) Version/10.0 Mobile/14F89 Safari/602.1"
80.110.119.173 - - [11/Aug/2017:06:44:14 +0200] "POST /loadkursliste HTTP/1.1" 200 797 "http://www.easydrivers.at/am.spitz/kursauswahl" "Mozilla/5.0 (iPhone; CPU iPhone OS 10_3_2 like Mac OS X) AppleWebKit/603.2.4 (KHTML, like Gecko) Version/10.0 Mobile/14F89 Safari/602.1"
80.110.119.173 - - [11/Aug/2017:06:44:28 +0200] "GET /am.spitz/aktionen HTTP/1.1" 200 2848 "http://www.easydrivers.at/am.spitz" "Mozilla/5.0 (iPhone; CPU iPhone OS 10_3_2 like Mac OS X) AppleWebKit/603.2.4 (KHTML, like Gecko) Version/10.0 Mobile/14F89 Safari/602.1"
80.110.119.173 - - [11/Aug/2017:06:44:54 +0200] "GET /am.spitz/ HTTP/1.1" 301 140 "https://www.google.at/" "Mozilla/5.0 (iPhone; CPU iPhone OS 10_3_2 like Mac OS X) AppleWebKit/603.2.4 (KHTML, like Gecko) Version/10.0 Mobile/14F89 Safari/602.1"
80.110.119.173 - - [11/Aug/2017:06:44:54 +0200] "GET /am.spitz HTTP/1.1" 200 2872 "https://www.google.at/" "Mozilla/5.0 (iPhone; CPU iPhone OS 10_3_2 like Mac OS X) AppleWebKit/603.2.4 (KHTML, like Gecko) Version/10.0 Mobile/14F89 Safari/602.1"
80.110.119.173 - - [11/Aug/2017:06:45:01 +0200] "GET /am.spitz HTTP/1.1" 200 2872 "http://www.easydrivers.at/am.spitz" "Mozilla/5.0 (iPhone; CPU iPhone OS 10_3_2 like Mac OS X) AppleWebKit/603.2.4 (KHTML, like Gecko) Version/10.0 Mobile/14F89 Safari/602.1"
80.110.119.173 - - [11/Aug/2017:06:45:09 +0200] "GET /am.spitz/ HTTP/1.1" 301 140 "https://www.google.at/" "Mozilla/5.0 (iPhone; CPU iPhone OS 10_3_2 like Mac OS X) AppleWebKit/603.2.4 (KHTML, like Gecko) Version/10.0 Mobile/14F89 Safari/602.1"
80.110.119.173 - - [11/Aug/2017:06:45:09 +0200] "GET /am.spitz HTTP/1.1" 200 2872 "https://www.google.at/" "Mozilla/5.0 (iPhone; CPU iPhone OS 10_3_2 like Mac OS X) AppleWebKit/603.2.4 (KHTML, like Gecko) Version/10.0 Mobile/14F89 Safari/602.1"
178.165.129.9 - - [11/Aug/2017:06:45:18 +0200] "GET /leonding HTTP/1.1" 200 2923 "http://www.easydrivers.at/leonding/buerokraft_gesucht" "Mozilla/5.0 (iPhone; CPU iPhone OS 10_3_3 like Mac OS X) AppleWebKit/603.3.8 (KHTML, like Gecko) Version/10.0 Mobile/14G60 Safari/602.1"
80.110.119.173 - - [11/Aug/2017:06:45:20 +0200] "GET /fuehrerscheine/auto HTTP/1.1" 200 5440 "http://www.easydrivers.at/am.spitz" "Mozilla/5.0 (iPhone; CPU iPhone OS 10_3_2 like Mac OS X) AppleWebKit/603.2.4 (KHTML, like Gecko) Version/10.0 Mobile/14F89 Safari/602.1"
80.110.119.173 - - [11/Aug/2017:06:45:22 +0200] "GET /javascript/mobile-license.js HTTP/1.1" 200 216 "http://www.easydrivers.at/fuehrerscheine/auto" "Mozilla/5.0 (iPhone; CPU iPhone OS 10_3_2 like Mac OS X) AppleWebKit/603.2.4 (KHTML, like Gecko) Version/10.0 Mobile/14F89 Safari/602.1"
80.110.119.173 - - [11/Aug/2017:06:45:22 +0200] "GET /img/mobile/weiter-button.png HTTP/1.1" 200 1670 "http://www.easydrivers.at/fuehrerscheine/auto" "Mozilla/5.0 (iPhone; CPU iPhone OS 10_3_2 like Mac OS X) AppleWebKit/603.2.4 (KHTML, like Gecko) Version/10.0 Mobile/14F89 Safari/602.1"
178.165.129.9 - - [11/Aug/2017:06:45:22 +0200] "GET /leonding/kurse HTTP/1.1" 200 3143 "http://www.easydrivers.at/leonding" "Mozilla/5.0 (iPhone; CPU iPhone OS 10_3_3 like Mac OS X) AppleWebKit/603.3.8 (KHTML, like Gecko) Version/10.0 Mobile/14G60 Safari/602.1"
178.165.129.9 - - [11/Aug/2017:06:45:25 +0200] "GET /img/mobile/bg-yellow.jpg HTTP/1.1" 200 1569 "http://www.easydrivers.at/leonding/kurse" "Mozilla/5.0 (iPhone; CPU iPhone OS 10_3_3 like Mac OS X) AppleWebKit/603.3.8 (KHTML, like Gecko) Version/10.0 Mobile/14G60 Safari/602.1"
178.165.129.9 - - [11/Aug/2017:06:45:25 +0200] "GET /javascript/mobile-fahrschule-kurs-suchergebnis.js HTTP/1.1" 200 274 "http://www.easydrivers.at/leonding/kurse" "Mozilla/5.0 (iPhone; CPU iPhone OS 10_3_3 like Mac OS X) AppleWebKit/603.3.8 (KHTML, like Gecko) Version/10.0 Mobile/14G60 Safari/602.1"
178.165.129.9 - - [11/Aug/2017:06:45:25 +0200] "GET /img/loading-bars.gif HTTP/1.1" 200 3951 "http://www.easydrivers.at/leonding/kurse" "Mozilla/5.0 (iPhone; CPU iPhone OS 10_3_3 like Mac OS X) AppleWebKit/603.3.8 (KHTML, like Gecko) Version/10.0 Mobile/14G60 Safari/602.1"
66.249.66.75 - - [11/Aug/2017:06:45:47 +0200] "GET /bruck.leitha/10280224?FS=AM-M HTTP/1.1" 500 625 "-" "Mozilla/5.0 (Linux; Android 6.0.1; Nexus 5X Build/MMB29P) AppleWebKit/537.36 (KHTML, like Gecko) Chrome/41.0.2272.96 Mobile Safari/537.36 (compatible; Googlebot/2.1; +http://www.google.com/bot.html)"
207.46.13.140 - - [11/Aug/2017:06:45:46 +0200] "GET /feldkirch/GrundkursB43038?FS=BL1796 HTTP/1.1" 200 6075 "-" "Mozilla/5.0 (compatible; bingbot/2.0; +http://www.bing.com/bingbot.htm)"
188.23.196.191 - - [11/Aug/2017:06:45:56 +0200] "GET / HTTP/1.1" 200 4409 "-" "Mozilla/5.0 (Windows NT 10.0; Win64; x64) AppleWebKit/537.36 (KHTML, like Gecko) Chrome/60.0.3112.90 Safari/537.36"
188.68.48.243 - - [11/Aug/2017:06:46:08 +0200] "GET / HTTP/1.1" 301 382 "-" "Mozilla/5.0 (Windows NT 10.0; Win64; x64) AppleWebKit/537.36 (KHTML, like Gecko) Chrome/58.0.3029.110 Safari/537.36"
188.68.48.243 - - [11/Aug/2017:06:46:08 +0200] "GET / HTTP/1.1" 200 15942 "-" "Mozilla/5.0 (Windows NT 10.0; Win64; x64) AppleWebKit/537.36 (KHTML, like Gecko) Chrome/58.0.3029.110 Safari/537.36"
188.68.48.243 - - [11/Aug/2017:06:46:14 +0200] "GET / HTTP/1.1" 200 15936 "-" "Mozilla/5.0 (Windows NT 10.0; Win64; x64) AppleWebKit/537.36 (KHTML, like Gecko) Chrome/58.0.3029.110 Safari/537.36"
212.95.7.21 - - [11/Aug/2017:06:46:38 +0200] "GET /krems?gclid=Cj0KCQjwiLDMBRDFARIsACNmiX_072MQGpurKOsLJ2scgkncoFJjHPgG9SzVnsoOeGs0bQDY_WlsFzYaAgT3EALw_wcB HTTP/1.1" 200 2934 "https://www.google.at/" "Mozilla/5.0 (Linux; Android 7.0; EVA-L09 Build/HUAWEIEVA-L09) AppleWebKit/537.36 (KHTML, like Gecko) Chrome/59.0.3071.125 Mobile Safari/537.36"
212.95.7.21 - - [11/Aug/2017:06:46:40 +0200] "GET /css/mobile.css HTTP/1.1" 200 2852 "http://www.easydrivers.at/krems?gclid=Cj0KCQjwiLDMBRDFARIsACNmiX_072MQGpurKOsLJ2scgkncoFJjHPgG9SzVnsoOeGs0bQDY_WlsFzYaAgT3EALw_wcB" "Mozilla/5.0 (Linux; Android 7.0; EVA-L09 Build/HUAWEIEVA-L09) AppleWebKit/537.36 (KHTML, like Gecko) Chrome/59.0.3071.125 Mobile Safari/537.36"
212.95.7.21 - - [11/Aug/2017:06:46:40 +0200] "GET /javascript/jquery-1.9.1.min.js HTTP/1.1" 200 32731 "http://www.easydrivers.at/krems?gclid=Cj0KCQjwiLDMBRDFARIsACNmiX_072MQGpurKOsLJ2scgkncoFJjHPgG9SzVnsoOeGs0bQDY_WlsFzYaAgT3EALw_wcB" "Mozilla/5.0 (Linux; Android 7.0; EVA-L09 Build/HUAWEIEVA-L09) AppleWebKit/537.36 (KHTML, like Gecko) Chrome/59.0.3071.125 Mobile Safari/537.36"
212.95.7.21 - - [11/Aug/2017:06:46:41 +0200] "GET /javascript/jquery.cookie.js HTTP/1.1" 200 863 "http://www.easydrivers.at/krems?gclid=Cj0KCQjwiLDMBRDFARIsACNmiX_072MQGpurKOsLJ2scgkncoFJjHPgG9SzVnsoOeGs0bQDY_WlsFzYaAgT3EALw_wcB" "Mozilla/5.0 (Linux; Android 7.0; EVA-L09 Build/HUAWEIEVA-L09) AppleWebKit/537.36 (KHTML, like Gecko) Chrome/59.0.3071.125 Mobile Safari/537.36"
212.95.7.21 - - [11/Aug/2017:06:46:41 +0200] "GET /javascript/mobile-menu.js HTTP/1.1" 200 1634 "http://www.easydrivers.at/krems?gclid=Cj0KCQjwiLDMBRDFARIsACNmiX_072MQGpurKOsLJ2scgkncoFJjHPgG9SzVnsoOeGs0bQDY_WlsFzYaAgT3EALw_wcB" "Mozilla/5.0 (Linux; Android 7.0; EVA-L09 Build/HUAWEIEVA-L09) AppleWebKit/537.36 (KHTML, like Gecko) Chrome/59.0.3071.125 Mobile Safari/537.36"
212.95.7.21 - - [11/Aug/2017:06:46:41 +0200] "GET /javascript/jquery.simplemodal.js HTTP/1.1" 200 3070 "http://www.easydrivers.at/krems?gclid=Cj0KCQjwiLDMBRDFARIsACNmiX_072MQGpurKOsLJ2scgkncoFJjHPgG9SzVnsoOeGs0bQDY_WlsFzYaAgT3EALw_wcB" "Mozilla/5.0 (Linux; Android 7.0; EVA-L09 Build/HUAWEIEVA-L09) AppleWebKit/537.36 (KHTML, like Gecko) Chrome/59.0.3071.125 Mobile Safari/537.36"
212.95.7.21 - - [11/Aug/2017:06:46:41 +0200] "GET /javascript/mobile-fahrschule.js HTTP/1.1" 200 328 "http://www.easydrivers.at/krems?gclid=Cj0KCQjwiLDMBRDFARIsACNmiX_072MQGpurKOsLJ2scgkncoFJjHPgG9SzVnsoOeGs0bQDY_WlsFzYaAgT3EALw_wcB" "Mozilla/5.0 (Linux; Android 7.0; EVA-L09 Build/HUAWEIEVA-L09) AppleWebKit/537.36 (KHTML, like Gecko) Chrome/59.0.3071.125 Mobile Safari/537.36"
212.95.7.21 - - [11/Aug/2017:06:46:41 +0200] "GET /javascript/lazyload.js HTTP/1.1" 200 1170 "http://www.easydrivers.at/krems?gclid=Cj0KCQjwiLDMBRDFARIsACNmiX_072MQGpurKOsLJ2scgkncoFJjHPgG9SzVnsoOeGs0bQDY_WlsFzYaAgT3EALw_wcB" "Mozilla/5.0 (Linux; Android 7.0; EVA-L09 Build/HUAWEIEVA-L09) AppleWebKit/537.36 (KHTML, like Gecko) Chrome/59.0.3071.125 Mobile Safari/537.36"
212.95.7.21 - - [11/Aug/2017:06:46:41 +0200] "GET /img/mobile/menu-button.png HTTP/1.1" 200 1746 "http://www.easydrivers.at/krems?gclid=Cj0KCQjwiLDMBRDFARIsACNmiX_072MQGpurKOsLJ2scgkncoFJjHPgG9SzVnsoOeGs0bQDY_WlsFzYaAgT3EALw_wcB" "Mozilla/5.0 (Linux; Android 7.0; EVA-L09 Build/HUAWEIEVA-L09) AppleWebKit/537.36 (KHTML, like Gecko) Chrome/59.0.3071.125 Mobile Safari/537.36"
212.95.7.21 - - [11/Aug/2017:06:46:41 +0200] "GET /img/mobile/easydrivers-logo-mobile.png HTTP/1.1" 200 10766 "http://www.easydrivers.at/krems?gclid=Cj0KCQjwiLDMBRDFARIsACNmiX_072MQGpurKOsLJ2scgkncoFJjHPgG9SzVnsoOeGs0bQDY_WlsFzYaAgT3EALw_wcB" "Mozilla/5.0 (Linux; Android 7.0; EVA-L09 Build/HUAWEIEVA-L09) AppleWebKit/537.36 (KHTML, like Gecko) Chrome/59.0.3071.125 Mobile Safari/537.36"
212.95.7.21 - - [11/Aug/2017:06:46:41 +0200] "GET /img/mobile/close-button.png HTTP/1.1" 200 2411 "http://www.easydrivers.at/krems?gclid=Cj0KCQjwiLDMBRDFARIsACNmiX_072MQGpurKOsLJ2scgkncoFJjHPgG9SzVnsoOeGs0bQDY_WlsFzYaAgT3EALw_wcB" "Mozilla/5.0 (Linux; Android 7.0; EVA-L09 Build/HUAWEIEVA-L09) AppleWebKit/537.36 (KHTML, like Gecko) Chrome/59.0.3071.125 Mobile Safari/537.36"
212.95.7.21 - - [11/Aug/2017:06:46:41 +0200] "GET /img/mobile/facebook-icon.png HTTP/1.1" 200 1902 "http://www.easydrivers.at/krems?gclid=Cj0KCQjwiLDMBRDFARIsACNmiX_072MQGpurKOsLJ2scgkncoFJjHPgG9SzVnsoOeGs0bQDY_WlsFzYaAgT3EALw_wcB" "Mozilla/5.0 (Linux; Android 7.0; EVA-L09 Build/HUAWEIEVA-L09) AppleWebKit/537.36 (KHTML, like Gecko) Chrome/59.0.3071.125 Mobile Safari/537.36"
212.95.7.21 - - [11/Aug/2017:06:46:41 +0200] "GET /img/mobile/info-button.png HTTP/1.1" 200 1549 "http://www.easydrivers.at/krems?gclid=Cj0KCQjwiLDMBRDFARIsACNmiX_072MQGpurKOsLJ2scgkncoFJjHPgG9SzVnsoOeGs0bQDY_WlsFzYaAgT3EALw_wcB" "Mozilla/5.0 (Linux; Android 7.0; EVA-L09 Build/HUAWEIEVA-L09) AppleWebKit/537.36 (KHTML, like Gecko) Chrome/59.0.3071.125 Mobile Safari/537.36"
212.95.7.21 - - [11/Aug/2017:06:46:41 +0200] "GET /img/mobile/bg-top-section.jpg HTTP/1.1" 200 21711 "http://www.easydrivers.at/css/mobile.css" "Mozilla/5.0 (Linux; Android 7.0; EVA-L09 Build/HUAWEIEVA-L09) AppleWebKit/537.36 (KHTML, like Gecko) Chrome/59.0.3071.125 Mobile Safari/537.36"
212.95.7.21 - - [11/Aug/2017:06:46:41 +0200] "GET /img/mobile/bg-header.jpg HTTP/1.1" 200 19741 "http://www.easydrivers.at/css/mobile.css" "Mozilla/5.0 (Linux; Android 7.0; EVA-L09 Build/HUAWEIEVA-L09) AppleWebKit/537.36 (KHTML, like Gecko) Chrome/59.0.3071.125 Mobile Safari/537.36"
212.95.7.21 - - [11/Aug/2017:06:46:41 +0200] "GET /img/mobile/pfeil-rechts.png HTTP/1.1" 200 1228 "http://www.easydrivers.at/css/mobile.css" "Mozilla/5.0 (Linux; Android 7.0; EVA-L09 Build/HUAWEIEVA-L09) AppleWebKit/537.36 (KHTML, like Gecko) Chrome/59.0.3071.125 Mobile Safari/537.36"
212.95.7.21 - - [11/Aug/2017:06:46:41 +0200] "GET /img/smallicon-person.png HTTP/1.1" 200 1141 "http://www.easydrivers.at/krems?gclid=Cj0KCQjwiLDMBRDFARIsACNmiX_072MQGpurKOsLJ2scgkncoFJjHPgG9SzVnsoOeGs0bQDY_WlsFzYaAgT3EALw_wcB" "Mozilla/5.0 (Linux; Android 7.0; EVA-L09 Build/HUAWEIEVA-L09) AppleWebKit/537.36 (KHTML, like Gecko) Chrome/59.0.3071.125 Mobile Safari/537.36"
212.95.7.21 - - [11/Aug/2017:06:46:41 +0200] "GET /img/smallicon-address.png HTTP/1.1" 200 1211 "http://www.easydrivers.at/krems?gclid=Cj0KCQjwiLDMBRDFARIsACNmiX_072MQGpurKOsLJ2scgkncoFJjHPgG9SzVnsoOeGs0bQDY_WlsFzYaAgT3EALw_wcB" "Mozilla/5.0 (Linux; Android 7.0; EVA-L09 Build/HUAWEIEVA-L09) AppleWebKit/537.36 (KHTML, like Gecko) Chrome/59.0.3071.125 Mobile Safari/537.36"
212.95.7.21 - - [11/Aug/2017:06:46:41 +0200] "GET /img/mobile/info-close-button.png HTTP/1.1" 200 1721 "http://www.easydrivers.at/krems?gclid=Cj0KCQjwiLDMBRDFARIsACNmiX_072MQGpurKOsLJ2scgkncoFJjHPgG9SzVnsoOeGs0bQDY_WlsFzYaAgT3EALw_wcB" "Mozilla/5.0 (Linux; Android 7.0; EVA-L09 Build/HUAWEIEVA-L09) AppleWebKit/537.36 (KHTML, like Gecko) Chrome/59.0.3071.125 Mobile Safari/537.36"
212.95.7.21 - - [11/Aug/2017:06:46:41 +0200] "GET /img/mobile/googlemaps-pin.png HTTP/1.1" 200 1597 "http://www.easydrivers.at/krems?gclid=Cj0KCQjwiLDMBRDFARIsACNmiX_072MQGpurKOsLJ2scgkncoFJjHPgG9SzVnsoOeGs0bQDY_WlsFzYaAgT3EALw_wcB" "Mozilla/5.0 (Linux; Android 7.0; EVA-L09 Build/HUAWEIEVA-L09) AppleWebKit/537.36 (KHTML, like Gecko) Chrome/59.0.3071.125 Mobile Safari/537.36"
212.95.7.21 - - [11/Aug/2017:06:46:41 +0200] "GET /img/smallicon-time.png HTTP/1.1" 200 1262 "http://www.easydrivers.at/krems?gclid=Cj0KCQjwiLDMBRDFARIsACNmiX_072MQGpurKOsLJ2scgkncoFJjHPgG9SzVnsoOeGs0bQDY_WlsFzYaAgT3EALw_wcB" "Mozilla/5.0 (Linux; Android 7.0; EVA-L09 Build/HUAWEIEVA-L09) AppleWebKit/537.36 (KHTML, like Gecko) Chrome/59.0.3071.125 Mobile Safari/537.36"
212.95.7.21 - - [11/Aug/2017:06:46:41 +0200] "GET /img/smallicon-phone.png HTTP/1.1" 200 3056 "http://www.easydrivers.at/krems?gclid=Cj0KCQjwiLDMBRDFARIsACNmiX_072MQGpurKOsLJ2scgkncoFJjHPgG9SzVnsoOeGs0bQDY_WlsFzYaAgT3EALw_wcB" "Mozilla/5.0 (Linux; Android 7.0; EVA-L09 Build/HUAWEIEVA-L09) AppleWebKit/537.36 (KHTML, like Gecko) Chrome/59.0.3071.125 Mobile Safari/537.36"
212.95.7.21 - - [11/Aug/2017:06:46:41 +0200] "GET /img/smallicon-mail.png HTTP/1.1" 200 1341 "http://www.easydrivers.at/krems?gclid=Cj0KCQjwiLDMBRDFARIsACNmiX_072MQGpurKOsLJ2scgkncoFJjHPgG9SzVnsoOeGs0bQDY_WlsFzYaAgT3EALw_wcB" "Mozilla/5.0 (Linux; Android 7.0; EVA-L09 Build/HUAWEIEVA-L09) AppleWebKit/537.36 (KHTML, like Gecko) Chrome/59.0.3071.125 Mobile Safari/537.36"
212.95.7.21 - - [11/Aug/2017:06:46:41 +0200] "GET /img/mobile/widget-icon-app.png HTTP/1.1" 200 3458 "http://www.easydrivers.at/krems?gclid=Cj0KCQjwiLDMBRDFARIsACNmiX_072MQGpurKOsLJ2scgkncoFJjHPgG9SzVnsoOeGs0bQDY_WlsFzYaAgT3EALw_wcB" "Mozilla/5.0 (Linux; Android 7.0; EVA-L09 Build/HUAWEIEVA-L09) AppleWebKit/537.36 (KHTML, like Gecko) Chrome/59.0.3071.125 Mobile Safari/537.36"
212.95.7.21 - - [11/Aug/2017:06:46:41 +0200] "GET /img/mobile/bg-menu.jpg HTTP/1.1" 200 1698 "http://www.easydrivers.at/css/mobile.css" "Mozilla/5.0 (Linux; Android 7.0; EVA-L09 Build/HUAWEIEVA-L09) AppleWebKit/537.36 (KHTML, like Gecko) Chrome/59.0.3071.125 Mobile Safari/537.36"
212.95.7.21 - - [11/Aug/2017:06:46:42 +0200] "GET /img/favicon.ico HTTP/1.1" 404 300 "http://www.easydrivers.at/krems?gclid=Cj0KCQjwiLDMBRDFARIsACNmiX_072MQGpurKOsLJ2scgkncoFJjHPgG9SzVnsoOeGs0bQDY_WlsFzYaAgT3EALw_wcB" "Mozilla/5.0 (Linux; Android 7.0; EVA-L09 Build/HUAWEIEVA-L09) AppleWebKit/537.36 (KHTML, like Gecko) Chrome/59.0.3071.125 Mobile Safari/537.36"
95.108.213.30 - - [11/Aug/2017:06:46:43 +0200] "GET /horn/10284679?FS=F HTTP/1.1" 410 3391 "-" "Mozilla/5.0 (compatible; YandexBot/3.0; +http://yandex.com/bots)"
188.22.253.175 - - [11/Aug/2017:06:46:47 +0200] "GET / HTTP/1.1" 200 4409 "-" "Mozilla/5.0 (Windows NT 10.0; Win64; x64) AppleWebKit/537.36 (KHTML, like Gecko) Chrome/52.0.2743.116 Safari/537.36 Edge/15.15063"
216.244.66.202 - - [11/Aug/2017:06:47:01 +0200] "GET /berndorf/A-Kurs-2-Einheiten-September-2014?FS=A2B HTTP/1.1" 410 11154 "-" "Mozilla/5.0 (compatible; DotBot/1.1; http://www.opensiteexplorer.org/dotbot, help@moz.com)"
194.29.99.50 - - [11/Aug/2017:06:47:02 +0200] "GET /fuehrerscheine/lkw HTTP/1.1" 200 2679 "http://www.google.at/url?sa=t&rct=j&q=&esrc=s&source=web&cd=4&ved=0ahUKEwicl7bir87VAhWDyRoKHaLpD9MQFgg5MAM&url=http%3A%2F%2Fwww.easydrivers.at%2Ffuehrerscheine%2Flkw&usg=AFQjCNE6-GR5UGXOxorODzeHXRxf6iLD9g" "Mozilla/5.0 (Windows NT 6.1; Trident/7.0; rv:11.0) like Gecko"
194.29.99.50 - - [11/Aug/2017:06:47:04 +0200] "GET /css/style.css HTTP/1.1" 304 - "http://www.easydrivers.at/fuehrerscheine/lkw" "Mozilla/5.0 (Windows NT 6.1; Trident/7.0; rv:11.0) like Gecko"
194.29.99.50 - - [11/Aug/2017:06:47:04 +0200] "GET /javascript/portal.js?1221842734 HTTP/1.1" 304 - "http://www.easydrivers.at/fuehrerscheine/lkw" "Mozilla/5.0 (Windows NT 6.1; Trident/7.0; rv:11.0) like Gecko"
194.29.99.50 - - [11/Aug/2017:06:47:04 +0200] "GET /img/facebook-icon.png HTTP/1.1" 304 - "http://www.easydrivers.at/fuehrerscheine/lkw" "Mozilla/5.0 (Windows NT 6.1; Trident/7.0; rv:11.0) like Gecko"
194.29.99.50 - - [11/Aug/2017:06:47:04 +0200] "GET /img/close-button.png HTTP/1.1" 304 - "http://www.easydrivers.at/fuehrerscheine/lkw" "Mozilla/5.0 (Windows NT 6.1; Trident/7.0; rv:11.0) like Gecko"
194.29.99.50 - - [11/Aug/2017:06:47:04 +0200] "GET /img/schweiz-icon.png HTTP/1.1" 304 - "http://www.easydrivers.at/fuehrerscheine/lkw" "Mozilla/5.0 (Windows NT 6.1; Trident/7.0; rv:11.0) like Gecko"
194.29.99.50 - - [11/Aug/2017:06:47:04 +0200] "GET /binaries/easy-drivers-portal/lkw3jpg.jpg HTTP/1.1" 200 66609 "http://www.easydrivers.at/fuehrerscheine/lkw" "Mozilla/5.0 (Windows NT 6.1; Trident/7.0; rv:11.0) like Gecko"
194.29.99.50 - - [11/Aug/2017:06:47:04 +0200] "GET /img/kursicon-print-pink.png HTTP/1.1" 304 - "http://www.easydrivers.at/fuehrerscheine/lkw" "Mozilla/5.0 (Windows NT 6.1; Trident/7.0; rv:11.0) like Gecko"
194.29.99.50 - - [11/Aug/2017:06:47:04 +0200] "GET /img/kursicon-download-pink.png HTTP/1.1" 304 - "http://www.easydrivers.at/fuehrerscheine/lkw" "Mozilla/5.0 (Windows NT 6.1; Trident/7.0; rv:11.0) like Gecko"
194.29.99.50 - - [11/Aug/2017:06:47:04 +0200] "GET /img/kursicon-share-pink.png HTTP/1.1" 304 - "http://www.easydrivers.at/fuehrerscheine/lkw" "Mozilla/5.0 (Windows NT 6.1; Trident/7.0; rv:11.0) like Gecko"
194.29.99.50 - - [11/Aug/2017:06:47:04 +0200] "GET /img/kursicon-phone-pink.png HTTP/1.1" 304 - "http://www.easydrivers.at/fuehrerscheine/lkw" "Mozilla/5.0 (Windows NT 6.1; Trident/7.0; rv:11.0) like Gecko"
194.29.99.50 - - [11/Aug/2017:06:47:04 +0200] "GET /img/ED_Logo.png HTTP/1.1" 304 - "http://www.easydrivers.at/fuehrerscheine/lkw" "Mozilla/5.0 (Windows NT 6.1; Trident/7.0; rv:11.0) like Gecko"
194.29.99.50 - - [11/Aug/2017:06:47:04 +0200] "GET /img/bg-footer.jpg HTTP/1.1" 304 - "http://www.easydrivers.at/fuehrerscheine/lkw" "Mozilla/5.0 (Windows NT 6.1; Trident/7.0; rv:11.0) like Gecko"
194.29.99.50 - - [11/Aug/2017:06:47:04 +0200] "GET /img/bg-header.jpg HTTP/1.1" 304 - "http://www.easydrivers.at/fuehrerscheine/lkw" "Mozilla/5.0 (Windows NT 6.1; Trident/7.0; rv:11.0) like Gecko"
194.29.99.50 - - [11/Aug/2017:06:47:04 +0200] "GET /img/submit-button-small.png HTTP/1.1" 304 - "http://www.easydrivers.at/fuehrerscheine/lkw" "Mozilla/5.0 (Windows NT 6.1; Trident/7.0; rv:11.0) like Gecko"
194.29.99.50 - - [11/Aug/2017:06:47:04 +0200] "GET /img/bg-yellow.jpg HTTP/1.1" 304 - "http://www.easydrivers.at/fuehrerscheine/lkw" "Mozilla/5.0 (Windows NT 6.1; Trident/7.0; rv:11.0) like Gecko"
216.244.66.202 - - [11/Aug/2017:06:47:10 +0200] "GET /berndorf/Intensivkurs-8-Einheiten-Dezember-2014?FS=B-L HTTP/1.1" 410 11159 "-" "Mozilla/5.0 (compatible; DotBot/1.1; http://www.opensiteexplorer.org/dotbot, help@moz.com)"
216.244.66.202 - - [11/Aug/2017:06:47:19 +0200] "GET /dornbirn/10248246?FS=A2B HTTP/1.1" 410 11567 "-" "Mozilla/5.0 (compatible; DotBot/1.1; http://www.opensiteexplorer.org/dotbot, help@moz.com)"
194.29.99.50 - - [11/Aug/2017:06:47:21 +0200] "GET /fuehrerscheine/lkw/C HTTP/1.1" 200 3779 "http://www.easydrivers.at/fuehrerscheine/lkw" "Mozilla/5.0 (Windows NT 6.1; Trident/7.0; rv:11.0) like Gecko"
194.29.99.50 - - [11/Aug/2017:06:47:22 +0200] "GET /javascript/product.js HTTP/1.1" 304 - "http://www.easydrivers.at/fuehrerscheine/lkw/C" "Mozilla/5.0 (Windows NT 6.1; Trident/7.0; rv:11.0) like Gecko"
194.29.99.50 - - [11/Aug/2017:06:47:22 +0200] "GET /binaries/easy-drivers-portal/lkw5jpg.jpg HTTP/1.1" 200 78806 "http://www.easydrivers.at/fuehrerscheine/lkw/C" "Mozilla/5.0 (Windows NT 6.1; Trident/7.0; rv:11.0) like Gecko"
194.29.99.50 - - [11/Aug/2017:06:47:22 +0200] "GET /img/arrow-left.png HTTP/1.1" 304 - "http://www.easydrivers.at/fuehrerscheine/lkw/C" "Mozilla/5.0 (Windows NT 6.1; Trident/7.0; rv:11.0) like Gecko"
194.29.99.50 - - [11/Aug/2017:06:47:22 +0200] "GET /img/arrow-up.png HTTP/1.1" 304 - "http://www.easydrivers.at/fuehrerscheine/lkw/C" "Mozilla/5.0 (Windows NT 6.1; Trident/7.0; rv:11.0) like Gecko"
216.244.66.202 - - [11/Aug/2017:06:47:28 +0200] "GET /ennstal.schladming/ostern_2014?FS=BC HTTP/1.1" 410 11408 "-" "Mozilla/5.0 (compatible; DotBot/1.1; http://www.opensiteexplorer.org/dotbot, help@moz.com)"
66.249.93.78 - - [11/Aug/2017:06:47:34 +0200] "GET /css/mobile.css HTTP/1.1" 200 2852 "https://www.google.at/search?ei=2zaNWf3rBsj-acjyobgN&q=easy+drivers&oq=easy+dr&gs_l=mobile-gws-serp.1.0.0i131k1j0l4.2366.5031.0.6344.8.8.0.5.5.0.210.1023.0j7j1.8.0....0...1.1j4.64.mobile-gws-serp..0.8.475.3..41j0i67k1j0i10i67k1.NLvWFATJ9KI" "Mozilla/5.0 (Linux; Android 7.0; VTR-L09 Build/HUAWEIVTR-L09) AppleWebKit/537.36 (KHTML, like Gecko) Chrome/60.0.3112.78 Mobile Safari/537.36"
66.249.93.74 - - [11/Aug/2017:06:47:34 +0200] "GET /javascript/jquery.cookie.js HTTP/1.1" 200 863 "https://www.google.at/search?ei=2zaNWf3rBsj-acjyobgN&q=easy+drivers&oq=easy+dr&gs_l=mobile-gws-serp.1.0.0i131k1j0l4.2366.5031.0.6344.8.8.0.5.5.0.210.1023.0j7j1.8.0....0...1.1j4.64.mobile-gws-serp..0.8.475.3..41j0i67k1j0i10i67k1.NLvWFATJ9KI" "Mozilla/5.0 (Linux; Android 7.0; VTR-L09 Build/HUAWEIVTR-L09) AppleWebKit/537.36 (KHTML, like Gecko) Chrome/60.0.3112.78 Mobile Safari/537.36"
66.249.93.76 - - [11/Aug/2017:06:47:34 +0200] "GET /javascript/mobile-homesearch.js HTTP/1.1" 200 340 "https://www.google.at/search?ei=2zaNWf3rBsj-acjyobgN&q=easy+drivers&oq=easy+dr&gs_l=mobile-gws-serp.1.0.0i131k1j0l4.2366.5031.0.6344.8.8.0.5.5.0.210.1023.0j7j1.8.0....0...1.1j4.64.mobile-gws-serp..0.8.475.3..41j0i67k1j0i10i67k1.NLvWFATJ9KI" "Mozilla/5.0 (Linux; Android 7.0; VTR-L09 Build/HUAWEIVTR-L09) AppleWebKit/537.36 (KHTML, like Gecko) Chrome/60.0.3112.78 Mobile Safari/537.36"
66.249.93.76 - - [11/Aug/2017:06:47:34 +0200] "GET /javascript/mobile-menu.js HTTP/1.1" 200 1634 "https://www.google.at/search?ei=2zaNWf3rBsj-acjyobgN&q=easy+drivers&oq=easy+dr&gs_l=mobile-gws-serp.1.0.0i131k1j0l4.2366.5031.0.6344.8.8.0.5.5.0.210.1023.0j7j1.8.0....0...1.1j4.64.mobile-gws-serp..0.8.475.3..41j0i67k1j0i10i67k1.NLvWFATJ9KI" "Mozilla/5.0 (Linux; Android 7.0; VTR-L09 Build/HUAWEIVTR-L09) AppleWebKit/537.36 (KHTML, like Gecko) Chrome/60.0.3112.78 Mobile Safari/537.36"
66.249.93.78 - - [11/Aug/2017:06:47:34 +0200] "GET /javascript/jquery.simplemodal.js HTTP/1.1" 200 3070 "https://www.google.at/search?ei=2zaNWf3rBsj-acjyobgN&q=easy+drivers&oq=easy+dr&gs_l=mobile-gws-serp.1.0.0i131k1j0l4.2366.5031.0.6344.8.8.0.5.5.0.210.1023.0j7j1.8.0....0...1.1j4.64.mobile-gws-serp..0.8.475.3..41j0i67k1j0i10i67k1.NLvWFATJ9KI" "Mozilla/5.0 (Linux; Android 7.0; VTR-L09 Build/HUAWEIVTR-L09) AppleWebKit/537.36 (KHTML, like Gecko) Chrome/60.0.3112.78 Mobile Safari/537.36"
66.249.93.78 - - [11/Aug/2017:06:47:34 +0200] "GET /javascript/jquery-1.9.1.min.js HTTP/1.1" 200 32731 "https://www.google.at/search?ei=2zaNWf3rBsj-acjyobgN&q=easy+drivers&oq=easy+dr&gs_l=mobile-gws-serp.1.0.0i131k1j0l4.2366.5031.0.6344.8.8.0.5.5.0.210.1023.0j7j1.8.0....0...1.1j4.64.mobile-gws-serp..0.8.475.3..41j0i67k1j0i10i67k1.NLvWFATJ9KI" "Mozilla/5.0 (Linux; Android 7.0; VTR-L09 Build/HUAWEIVTR-L09) AppleWebKit/537.36 (KHTML, like Gecko) Chrome/60.0.3112.78 Mobile Safari/537.36"
66.249.93.74 - - [11/Aug/2017:06:47:34 +0200] "GET / HTTP/1.1" 200 3564 "https://www.google.at/" "Mozilla/5.0 (Linux; Android 7.0; VTR-L09 Build/HUAWEIVTR-L09) AppleWebKit/537.36 (KHTML, like Gecko) Chrome/60.0.3112.78 Mobile Safari/537.36"
66.249.93.74 - - [11/Aug/2017:06:47:36 +0200] "GET /javascript/lazyload.js HTTP/1.1" 200 1170 "http://www.easydrivers.at/" "Mozilla/5.0 (Linux; Android 7.0; VTR-L09 Build/HUAWEIVTR-L09) AppleWebKit/537.36 (KHTML, like Gecko) Chrome/60.0.3112.78 Mobile Safari/537.36"
66.249.93.74 - - [11/Aug/2017:06:47:36 +0200] "GET /img/mobile/easydrivers-logo-mobile.png HTTP/1.1" 200 10766 "http://www.easydrivers.at/" "Mozilla/5.0 (Linux; Android 7.0; VTR-L09 Build/HUAWEIVTR-L09) AppleWebKit/537.36 (KHTML, like Gecko) Chrome/60.0.3112.78 Mobile Safari/537.36"
66.249.93.78 - - [11/Aug/2017:06:47:36 +0200] "GET /img/mobile/widget-icon-app.png HTTP/1.1" 200 3458 "http://www.easydrivers.at/" "Mozilla/5.0 (Linux; Android 7.0; VTR-L09 Build/HUAWEIVTR-L09) AppleWebKit/537.36 (KHTML, like Gecko) Chrome/60.0.3112.78 Mobile Safari/537.36"
66.249.93.76 - - [11/Aug/2017:06:47:36 +0200] "GET /img/mobile/close-button.png HTTP/1.1" 200 2411 "http://www.easydrivers.at/" "Mozilla/5.0 (Linux; Android 7.0; VTR-L09 Build/HUAWEIVTR-L09) AppleWebKit/537.36 (KHTML, like Gecko) Chrome/60.0.3112.78 Mobile Safari/537.36"
66.249.93.78 - - [11/Aug/2017:06:47:36 +0200] "GET /img/mobile/menu-button.png HTTP/1.1" 200 1746 "http://www.easydrivers.at/" "Mozilla/5.0 (Linux; Android 7.0; VTR-L09 Build/HUAWEIVTR-L09) AppleWebKit/537.36 (KHTML, like Gecko) Chrome/60.0.3112.78 Mobile Safari/537.36"
66.249.93.74 - - [11/Aug/2017:06:47:36 +0200] "GET /img/mobile/bg-header.jpg HTTP/1.1" 200 19741 "http://www.easydrivers.at/css/mobile.css" "Mozilla/5.0 (Linux; Android 7.0; VTR-L09 Build/HUAWEIVTR-L09) AppleWebKit/537.36 (KHTML, like Gecko) Chrome/60.0.3112.78 Mobile Safari/537.36"
66.249.93.74 - - [11/Aug/2017:06:47:36 +0200] "GET /img/mobile/bg-top-section.jpg HTTP/1.1" 200 21711 "http://www.easydrivers.at/css/mobile.css" "Mozilla/5.0 (Linux; Android 7.0; VTR-L09 Build/HUAWEIVTR-L09) AppleWebKit/537.36 (KHTML, like Gecko) Chrome/60.0.3112.78 Mobile Safari/537.36"
66.249.93.76 - - [11/Aug/2017:06:47:36 +0200] "GET /img/mobile/pfeil-rechts.png HTTP/1.1" 200 1228 "http://www.easydrivers.at/css/mobile.css" "Mozilla/5.0 (Linux; Android 7.0; VTR-L09 Build/HUAWEIVTR-L09) AppleWebKit/537.36 (KHTML, like Gecko) Chrome/60.0.3112.78 Mobile Safari/537.36"
66.249.93.74 - - [11/Aug/2017:06:47:36 +0200] "GET /img/mobile/facebook-icon.png HTTP/1.1" 200 1902 "http://www.easydrivers.at/" "Mozilla/5.0 (Linux; Android 7.0; VTR-L09 Build/HUAWEIVTR-L09) AppleWebKit/537.36 (KHTML, like Gecko) Chrome/60.0.3112.78 Mobile Safari/537.36"
66.249.93.74 - - [11/Aug/2017:06:47:36 +0200] "GET /img/mobile/bg-menu.jpg HTTP/1.1" 200 1698 "http://www.easydrivers.at/css/mobile.css" "Mozilla/5.0 (Linux; Android 7.0; VTR-L09 Build/HUAWEIVTR-L09) AppleWebKit/537.36 (KHTML, like Gecko) Chrome/60.0.3112.78 Mobile Safari/537.36"
66.249.93.78 - - [11/Aug/2017:06:47:36 +0200] "GET /img/favicon.ico HTTP/1.1" 404 300 "http://www.easydrivers.at/" "Mozilla/5.0 (Linux; Android 7.0; VTR-L09 Build/HUAWEIVTR-L09) AppleWebKit/537.36 (KHTML, like Gecko) Chrome/60.0.3112.78 Mobile Safari/537.36"
216.244.66.202 - - [11/Aug/2017:06:47:37 +0200] "GET /hartberg/10245715?FS=A2BF HTTP/1.1" 410 10937 "-" "Mozilla/5.0 (compatible; DotBot/1.1; http://www.opensiteexplorer.org/dotbot, help@moz.com)"
66.249.93.76 - - [11/Aug/2017:06:47:46 +0200] "GET /innsbruck HTTP/1.1" 200 2847 "http://www.easydrivers.at/" "Mozilla/5.0 (Linux; Android 7.0; VTR-L09 Build/HUAWEIVTR-L09) AppleWebKit/537.36 (KHTML, like Gecko) Chrome/60.0.3112.78 Mobile Safari/537.36"
66.249.93.78 - - [11/Aug/2017:06:47:48 +0200] "GET /javascript/mobile-fahrschule.js HTTP/1.1" 200 328 "http://www.easydrivers.at/innsbruck" "Mozilla/5.0 (Linux; Android 7.0; VTR-L09 Build/HUAWEIVTR-L09) AppleWebKit/537.36 (KHTML, like Gecko) Chrome/60.0.3112.78 Mobile Safari/537.36"
66.249.93.76 - - [11/Aug/2017:06:47:49 +0200] "GET /img/mobile/info-button.png HTTP/1.1" 200 1549 "http://www.easydrivers.at/innsbruck" "Mozilla/5.0 (Linux; Android 7.0; VTR-L09 Build/HUAWEIVTR-L09) AppleWebKit/537.36 (KHTML, like Gecko) Chrome/60.0.3112.78 Mobile Safari/537.36"
66.249.93.76 - - [11/Aug/2017:06:47:49 +0200] "GET /img/mobile/info-close-button.png HTTP/1.1" 200 1721 "http://www.easydrivers.at/innsbruck" "Mozilla/5.0 (Linux; Android 7.0; VTR-L09 Build/HUAWEIVTR-L09) AppleWebKit/537.36 (KHTML, like Gecko) Chrome/60.0.3112.78 Mobile Safari/537.36"
66.249.93.78 - - [11/Aug/2017:06:47:49 +0200] "GET /img/smallicon-person.png HTTP/1.1" 200 1141 "http://www.easydrivers.at/innsbruck" "Mozilla/5.0 (Linux; Android 7.0; VTR-L09 Build/HUAWEIVTR-L09) AppleWebKit/537.36 (KHTML, like Gecko) Chrome/60.0.3112.78 Mobile Safari/537.36"
66.249.93.78 - - [11/Aug/2017:06:47:49 +0200] "GET /img/smallicon-address.png HTTP/1.1" 200 1211 "http://www.easydrivers.at/innsbruck" "Mozilla/5.0 (Linux; Android 7.0; VTR-L09 Build/HUAWEIVTR-L09) AppleWebKit/537.36 (KHTML, like Gecko) Chrome/60.0.3112.78 Mobile Safari/537.36"
66.249.93.74 - - [11/Aug/2017:06:47:49 +0200] "GET /img/mobile/googlemaps-pin.png HTTP/1.1" 200 1597 "http://www.easydrivers.at/innsbruck" "Mozilla/5.0 (Linux; Android 7.0; VTR-L09 Build/HUAWEIVTR-L09) AppleWebKit/537.36 (KHTML, like Gecko) Chrome/60.0.3112.78 Mobile Safari/537.36"
66.249.93.78 - - [11/Aug/2017:06:47:49 +0200] "GET /img/smallicon-time.png HTTP/1.1" 200 1262 "http://www.easydrivers.at/innsbruck" "Mozilla/5.0 (Linux; Android 7.0; VTR-L09 Build/HUAWEIVTR-L09) AppleWebKit/537.36 (KHTML, like Gecko) Chrome/60.0.3112.78 Mobile Safari/537.36"
66.249.93.78 - - [11/Aug/2017:06:47:49 +0200] "GET /img/smallicon-phone.png HTTP/1.1" 200 3056 "http://www.easydrivers.at/innsbruck" "Mozilla/5.0 (Linux; Android 7.0; VTR-L09 Build/HUAWEIVTR-L09) AppleWebKit/537.36 (KHTML, like Gecko) Chrome/60.0.3112.78 Mobile Safari/537.36"
66.249.93.74 - - [11/Aug/2017:06:47:49 +0200] "GET /img/smallicon-mail.png HTTP/1.1" 200 1341 "http://www.easydrivers.at/innsbruck" "Mozilla/5.0 (Linux; Android 7.0; VTR-L09 Build/HUAWEIVTR-L09) AppleWebKit/537.36 (KHTML, like Gecko) Chrome/60.0.3112.78 Mobile Safari/537.36"
216.244.66.202 - - [11/Aug/2017:06:47:47 +0200] "GET /hartberg/10245715?FS=F HTTP/1.1" 410 10937 "-" "Mozilla/5.0 (compatible; DotBot/1.1; http://www.opensiteexplorer.org/dotbot, help@moz.com)"
216.244.66.202 - - [11/Aug/2017:06:47:56 +0200] "GET /kapfenberg.pankl/10241926?FS=AM HTTP/1.1" 410 11176 "-" "Mozilla/5.0 (compatible; DotBot/1.1; http://www.opensiteexplorer.org/dotbot, help@moz.com)"
66.249.93.76 - - [11/Aug/2017:06:47:57 +0200] "GET /innsbruck/kurse HTTP/1.1" 200 2812 "http://www.easydrivers.at/innsbruck" "Mozilla/5.0 (Linux; Android 7.0; VTR-L09 Build/HUAWEIVTR-L09) AppleWebKit/537.36 (KHTML, like Gecko) Chrome/60.0.3112.78 Mobile Safari/537.36"
66.249.93.74 - - [11/Aug/2017:06:47:59 +0200] "GET /javascript/mobile-fahrschule-kurs-suchergebnis.js HTTP/1.1" 200 274 "http://www.easydrivers.at/innsbruck/kurse" "Mozilla/5.0 (Linux; Android 7.0; VTR-L09 Build/HUAWEIVTR-L09) AppleWebKit/537.36 (KHTML, like Gecko) Chrome/60.0.3112.78 Mobile Safari/537.36"
66.249.93.78 - - [11/Aug/2017:06:47:59 +0200] "GET /img/mobile/bg-yellow.jpg HTTP/1.1" 200 1569 "http://www.easydrivers.at/css/mobile.css" "Mozilla/5.0 (Linux; Android 7.0; VTR-L09 Build/HUAWEIVTR-L09) AppleWebKit/537.36 (KHTML, like Gecko) Chrome/60.0.3112.78 Mobile Safari/537.36"
66.249.93.78 - - [11/Aug/2017:06:47:59 +0200] "GET /img/loading-bars.gif HTTP/1.1" 200 3951 "http://www.easydrivers.at/css/mobile.css" "Mozilla/5.0 (Linux; Android 7.0; VTR-L09 Build/HUAWEIVTR-L09) AppleWebKit/537.36 (KHTML, like Gecko) Chrome/60.0.3112.78 Mobile Safari/537.36"
188.22.193.18 - - [11/Aug/2017:06:48:03 +0200] "POST /loadkursliste HTTP/1.1" 200 562 "http://www.easydrivers.at/innsbruck/kurse" "Mozilla/5.0 (Linux; Android 7.0; VTR-L09 Build/HUAWEIVTR-L09) AppleWebKit/537.36 (KHTML, like Gecko) Chrome/60.0.3112.78 Mobile Safari/537.36"
216.244.66.202 - - [11/Aug/2017:06:48:05 +0200] "GET /leonding/10249899?FS=BE96 HTTP/1.1" 410 11102 "-" "Mozilla/5.0 (compatible; DotBot/1.1; http://www.opensiteexplorer.org/dotbot, help@moz.com)"
216.244.66.202 - - [11/Aug/2017:06:48:13 +0200] "GET /leonding/10249901?FS=BPlus HTTP/1.1" 410 11102 "-" "Mozilla/5.0 (compatible; DotBot/1.1; http://www.opensiteexplorer.org/dotbot, help@moz.com)"
216.244.66.202 - - [11/Aug/2017:06:48:22 +0200] "GET /leonding/10249911?FS=A HTTP/1.1" 410 11102 "-" "Mozilla/5.0 (compatible; DotBot/1.1; http://www.opensiteexplorer.org/dotbot, help@moz.com)"
66.249.93.78 - - [11/Aug/2017:06:48:23 +0200] "GET /innsbruck/10267287?FS=B HTTP/1.1" 200 3262 "http://www.easydrivers.at/innsbruck/kurse" "Mozilla/5.0 (Linux; Android 7.0; VTR-L09 Build/HUAWEIVTR-L09) AppleWebKit/537.36 (KHTML, like Gecko) Chrome/60.0.3112.78 Mobile Safari/537.36"
66.249.93.78 - - [11/Aug/2017:06:48:26 +0200] "GET /img/mobile/kursicon-share.png HTTP/1.1" 200 2065 "http://www.easydrivers.at/innsbruck/10267287?FS=B" "Mozilla/5.0 (Linux; Android 7.0; VTR-L09 Build/HUAWEIVTR-L09) AppleWebKit/537.36 (KHTML, like Gecko) Chrome/60.0.3112.78 Mobile Safari/537.36"
66.249.93.74 - - [11/Aug/2017:06:48:26 +0200] "GET /img/mobile/smallicon-mail.png HTTP/1.1" 200 1335 "http://www.easydrivers.at/innsbruck/10267287?FS=B" "Mozilla/5.0 (Linux; Android 7.0; VTR-L09 Build/HUAWEIVTR-L09) AppleWebKit/537.36 (KHTML, like Gecko) Chrome/60.0.3112.78 Mobile Safari/537.36"
66.249.93.78 - - [11/Aug/2017:06:48:26 +0200] "GET /img/mobile/kursicon-phone.png HTTP/1.1" 200 1932 "http://www.easydrivers.at/innsbruck/10267287?FS=B" "Mozilla/5.0 (Linux; Android 7.0; VTR-L09 Build/HUAWEIVTR-L09) AppleWebKit/537.36 (KHTML, like Gecko) Chrome/60.0.3112.78 Mobile Safari/537.36"
66.249.93.74 - - [11/Aug/2017:06:48:26 +0200] "GET /img/mobile/smallicon-phone.png HTTP/1.1" 200 1311 "http://www.easydrivers.at/innsbruck/10267287?FS=B" "Mozilla/5.0 (Linux; Android 7.0; VTR-L09 Build/HUAWEIVTR-L09) AppleWebKit/537.36 (KHTML, like Gecko) Chrome/60.0.3112.78 Mobile Safari/537.36"
66.249.93.78 - - [11/Aug/2017:06:48:26 +0200] "GET /img/mobile/pfeil-links-small.png HTTP/1.1" 200 1065 "http://www.easydrivers.at/css/mobile.css" "Mozilla/5.0 (Linux; Android 7.0; VTR-L09 Build/HUAWEIVTR-L09) AppleWebKit/537.36 (KHTML, like Gecko) Chrome/60.0.3112.78 Mobile Safari/537.36"
66.249.93.76 - - [11/Aug/2017:06:48:26 +0200] "GET /img/mobile/pfeil-rechts-small.png HTTP/1.1" 200 1056 "http://www.easydrivers.at/css/mobile.css" "Mozilla/5.0 (Linux; Android 7.0; VTR-L09 Build/HUAWEIVTR-L09) AppleWebKit/537.36 (KHTML, like Gecko) Chrome/60.0.3112.78 Mobile Safari/537.36"
216.244.66.202 - - [11/Aug/2017:06:48:31 +0200] "GET /bludenz/LKW-Kurs-CD-2014-06-02?FS=DD195-B HTTP/1.1" 410 11074 "-" "Mozilla/5.0 (compatible; DotBot/1.1; http://www.opensiteexplorer.org/dotbot, help@moz.com)"
37.9.113.188 - - [11/Aug/2017:06:48:37 +0200] "GET /brigittenau/10280880?FS=BE96 HTTP/1.1" 410 3423 "-" "Mozilla/5.0 (compatible; YandexBot/3.0; +http://yandex.com/bots)"
216.244.66.202 - - [11/Aug/2017:06:48:40 +0200] "GET /linz/10250927 HTTP/1.1" 410 11048 "-" "Mozilla/5.0 (compatible; DotBot/1.1; http://www.opensiteexplorer.org/dotbot, help@moz.com)"
216.244.66.202 - - [11/Aug/2017:06:48:49 +0200] "GET /moedling/10243685?FS=F HTTP/1.1" 410 11110 "-" "Mozilla/5.0 (compatible; DotBot/1.1; http://www.opensiteexplorer.org/dotbot, help@moz.com)"
216.244.66.202 - - [11/Aug/2017:06:48:57 +0200] "GET /moedling/10243709?FS=DD195-C HTTP/1.1" 410 11110 "-" "Mozilla/5.0 (compatible; DotBot/1.1; http://www.opensiteexplorer.org/dotbot, help@moz.com)"
216.244.66.202 - - [11/Aug/2017:06:49:06 +0200] "GET /st.peter.au/kurse HTTP/1.1" 200 8167 "-" "Mozilla/5.0 (compatible; DotBot/1.1; http://www.opensiteexplorer.org/dotbot, help@moz.com)"
51.255.65.29 - - [11/Aug/2017:06:49:12 +0200] "GET /bei.der.wu/kurse/ HTTP/1.1" 200 4420 "-" "Mozilla/5.0 (compatible; AhrefsBot/5.2; +http://ahrefs.com/robot/)"
40.77.167.127 - - [11/Aug/2017:06:49:49 +0200] "GET /guessing/10284398?FS=F HTTP/1.1" 200 5341 "-" "Mozilla/5.0 (compatible; bingbot/2.0; +http://www.bing.com/bingbot.htm)"
208.124.112.211 - - [11/Aug/2017:06:50:36 +0200] "HEAD / HTTP/1.1" 501 - "-" "Mozilla/5.0 (Linux; Android 4.4; Nexus 5 Build/LMY48B ) AppleWebKit/537.36 (KHTML, like Gecko) Version/4.0 Chrome/30.0.0.0 Mobile Safari/537.36"
66.249.66.72 - - [11/Aug/2017:06:50:44 +0200] "GET /schwechat/10280305?FS=BE96 HTTP/1.1" 500 625 "-" "Mozilla/5.0 (Linux; Android 6.0.1; Nexus 5X Build/MMB29P) AppleWebKit/537.36 (KHTML, like Gecko) Chrome/41.0.2272.96 Mobile Safari/537.36 (compatible; Googlebot/2.1; +http://www.google.com/bot.html)"
207.46.13.140 - - [11/Aug/2017:06:50:53 +0200] "GET /eisenstadt/Motorrad_August_2017?FS=A HTTP/1.1" 200 6125 "-" "Mozilla/5.0 (compatible; bingbot/2.0; +http://www.bing.com/bingbot.htm)"
194.29.99.50 - - [11/Aug/2017:06:50:59 +0200] "GET /fuehrerscheine/lkw HTTP/1.1" 200 2679 "http://www.easydrivers.at/fuehrerscheine/lkw/C" "Mozilla/5.0 (Windows NT 6.1; Trident/7.0; rv:11.0) like Gecko"
194.29.99.50 - - [11/Aug/2017:06:51:01 +0200] "GET /binaries/easy-drivers-portal/lkw4jpg.jpg HTTP/1.1" 200 118819 "http://www.easydrivers.at/fuehrerscheine/lkw" "Mozilla/5.0 (Windows NT 6.1; Trident/7.0; rv:11.0) like Gecko"
192.157.254.197 - - [11/Aug/2017:06:51:11 +0200] "HEAD / HTTP/1.1" 501 - "https://www.inboundlinks.win/InboundLinks/www.easydrivers.at" "Mozilla/5.0 (compatible; MSIE 9.0; Windows NT 6.1; WOW64; Trident/5.0)"
194.29.99.50 - - [11/Aug/2017:06:51:15 +0200] "GET /fuehrerscheine/lkw/CCE HTTP/1.1" 200 4159 "http://www.easydrivers.at/fuehrerscheine/lkw" "Mozilla/5.0 (Windows NT 6.1; Trident/7.0; rv:11.0) like Gecko"
194.29.99.50 - - [11/Aug/2017:06:51:16 +0200] "GET /binaries/easy-drivers-portal/lkw2jpg.jpg HTTP/1.1" 200 96752 "http://www.easydrivers.at/fuehrerscheine/lkw/CCE" "Mozilla/5.0 (Windows NT 6.1; Trident/7.0; rv:11.0) like Gecko"
194.29.99.50 - - [11/Aug/2017:06:51:41 +0200] "GET /fuehrerscheine/lkw HTTP/1.1" 200 2679 "http://www.easydrivers.at/fuehrerscheine/lkw/C" "Mozilla/5.0 (Windows NT 6.1; Trident/7.0; rv:11.0) like Gecko"
194.29.99.50 - - [11/Aug/2017:06:51:43 +0200] "GET /binaries/easy-drivers-portal/lkw1jpg.jpg HTTP/1.1" 200 71423 "http://www.easydrivers.at/fuehrerscheine/lkw" "Mozilla/5.0 (Windows NT 6.1; Trident/7.0; rv:11.0) like Gecko"
144.76.185.46 - - [11/Aug/2017:06:51:45 +0200] "GET /robots.txt HTTP/1.1" 200 178 "-" "Mozilla/5.0 (compatible; MetaJobBot; http://www.metajob.at/crawler)"
144.76.185.46 - - [11/Aug/2017:06:51:45 +0200] "GET / HTTP/1.1" 200 4409 "-" "Mozilla/5.0 (compatible; MetaJobBot; http://www.metajob.at/crawler)"
194.29.99.50 - - [11/Aug/2017:06:51:52 +0200] "GET /fuehrerscheine/lkw/C HTTP/1.1" 200 3779 "http://www.easydrivers.at/fuehrerscheine/lkw" "Mozilla/5.0 (Windows NT 6.1; Trident/7.0; rv:11.0) like Gecko"
207.46.13.127 - - [11/Aug/2017:06:52:09 +0200] "GET /feldkirch/MopedkursM43038?FS=AM-M HTTP/1.1" 200 5126 "-" "Mozilla/5.0 (compatible; bingbot/2.0; +http://www.bing.com/bingbot.htm)"
194.29.99.50 - - [11/Aug/2017:06:52:16 +0200] "GET /st.poelten HTTP/1.1" 200 3648 "http://www.bing.com/search?q=fahrschule+st.+p%C3%B6lten+c1&src=IE-TopResult&FORM=IETR02&conversationid=" "Mozilla/5.0 (Windows NT 6.1; Trident/7.0; rv:11.0) like Gecko"
194.29.99.50 - - [11/Aug/2017:06:52:18 +0200] "GET /img/info-button.png HTTP/1.1" 304 - "http://www.easydrivers.at/st.poelten" "Mozilla/5.0 (Windows NT 6.1; Trident/7.0; rv:11.0) like Gecko"
194.29.99.50 - - [11/Aug/2017:06:52:18 +0200] "GET /img/locator-icon.png HTTP/1.1" 304 - "http://www.easydrivers.at/st.poelten" "Mozilla/5.0 (Windows NT 6.1; Trident/7.0; rv:11.0) like Gecko"
194.29.99.50 - - [11/Aug/2017:06:52:18 +0200] "GET /img/submit-button.png HTTP/1.1" 304 - "http://www.easydrivers.at/st.poelten" "Mozilla/5.0 (Windows NT 6.1; Trident/7.0; rv:11.0) like Gecko"
194.29.99.50 - - [11/Aug/2017:06:52:18 +0200] "GET /img/close-button-small.png HTTP/1.1" 304 - "http://www.easydrivers.at/st.poelten" "Mozilla/5.0 (Windows NT 6.1; Trident/7.0; rv:11.0) like Gecko"
194.29.99.50 - - [11/Aug/2017:06:52:18 +0200] "GET /binaries/easy-drivers-zwettl/partnerbonuspng.png HTTP/1.1" 304 - "http://www.easydrivers.at/st.poelten" "Mozilla/5.0 (Windows NT 6.1; Trident/7.0; rv:11.0) like Gecko"
194.29.99.50 - - [11/Aug/2017:06:52:18 +0200] "GET /img/empty.gif HTTP/1.1" 304 - "http://www.easydrivers.at/st.poelten" "Mozilla/5.0 (Windows NT 6.1; Trident/7.0; rv:11.0) like Gecko"
194.29.99.50 - - [11/Aug/2017:06:52:18 +0200] "GET /binaries/easy-drivers-portal/widget-icon-trainingpng.png HTTP/1.1" 304 - "http://www.easydrivers.at/st.poelten" "Mozilla/5.0 (Windows NT 6.1; Trident/7.0; rv:11.0) like Gecko"
194.29.99.50 - - [11/Aug/2017:06:52:18 +0200] "GET /binaries/easy-drivers-st-p/whatsappgrafikpng.png HTTP/1.1" 304 - "http://www.easydrivers.at/st.poelten" "Mozilla/5.0 (Windows NT 6.1; Trident/7.0; rv:11.0) like Gecko"
194.29.99.50 - - [11/Aug/2017:06:52:18 +0200] "GET /img/bg-top-section.jpg HTTP/1.1" 304 - "http://www.easydrivers.at/st.poelten" "Mozilla/5.0 (Windows NT 6.1; Trident/7.0; rv:11.0) like Gecko"
194.29.99.50 - - [11/Aug/2017:06:52:18 +0200] "GET /binaries/easy-drivers-portal/widgetfrequencypng-1.png HTTP/1.1" 304 - "http://www.easydrivers.at/st.poelten" "Mozilla/5.0 (Windows NT 6.1; Trident/7.0; rv:11.0) like Gecko"
194.29.99.50 - - [11/Aug/2017:06:52:18 +0200] "GET /img/purple-dots-horizontal.png HTTP/1.1" 304 - "http://www.easydrivers.at/st.poelten" "Mozilla/5.0 (Windows NT 6.1; Trident/7.0; rv:11.0) like Gecko"
194.29.99.50 - - [11/Aug/2017:06:52:18 +0200] "GET /img/yellow-dots-vertical.png HTTP/1.1" 304 - "http://www.easydrivers.at/st.poelten" "Mozilla/5.0 (Windows NT 6.1; Trident/7.0; rv:11.0) like Gecko"
194.29.99.50 - - [11/Aug/2017:06:52:42 +0200] "GET /fuehrerscheine/lkw HTTP/1.1" 200 2679 "http://www.easydrivers.at/st.poelten" "Mozilla/5.0 (Windows NT 6.1; Trident/7.0; rv:11.0) like Gecko"
194.29.99.50 - - [11/Aug/2017:06:52:47 +0200] "GET /fuehrerscheine/lkw/C HTTP/1.1" 200 3779 "http://www.easydrivers.at/fuehrerscheine/lkw" "Mozilla/5.0 (Windows NT 6.1; Trident/7.0; rv:11.0) like Gecko"
194.29.99.50 - - [11/Aug/2017:06:53:05 +0200] "GET /fuehrerscheine/lkw HTTP/1.1" 200 2679 "http://www.easydrivers.at/st.poelten" "Mozilla/5.0 (Windows NT 6.1; Trident/7.0; rv:11.0) like Gecko"
194.29.99.50 - - [11/Aug/2017:06:53:07 +0200] "GET /st.poelten HTTP/1.1" 200 3648 "http://www.bing.com/search?q=fahrschule+st.+p%C3%B6lten+c1&src=IE-TopResult&FORM=IETR02&conversationid=" "Mozilla/5.0 (Windows NT 6.1; Trident/7.0; rv:11.0) like Gecko"
93.82.122.90 - - [11/Aug/2017:06:53:36 +0200] "GET /fahrschulen HTTP/1.1" 200 2459 "-" "Mozilla/5.0 (Linux; Android 6.0.1; SAMSUNG SM-J500FN Build/MMB29M) AppleWebKit/537.36 (KHTML, like Gecko) SamsungBrowser/5.4 Chrome/51.0.2704.106 Mobile Safari/537.36"
93.82.122.90 - - [11/Aug/2017:06:53:38 +0200] "GET /img/favicon.ico HTTP/1.1" 404 300 "-" "Dalvik/2.1.0 (Linux; U; Android 6.0.1; SM-J500FN Build/MMB29M)"
216.244.66.249 - - [11/Aug/2017:06:53:51 +0200] "GET /robots.txt HTTP/1.1" 200 178 "-" "Mozilla/5.0 (compatible; DotBot/1.1; http://www.opensiteexplorer.org/dotbot, help@moz.com)"
66.249.66.75 - - [11/Aug/2017:06:54:03 +0200] "GET /ennstal.schladming/ HTTP/1.1" 301 147 "-" "Mozilla/5.0 (compatible; Googlebot/2.1; +http://www.google.com/bot.html)"
66.249.66.75 - - [11/Aug/2017:06:54:04 +0200] "GET /ennstal.schladming HTTP/1.1" 200 3622 "-" "Mozilla/5.0 (compatible; Googlebot/2.1; +http://www.google.com/bot.html)"
216.244.66.202 - - [11/Aug/2017:06:55:00 +0200] "GET /ybbs/ HTTP/1.1" 301 145 "-" "Mozilla/5.0 (compatible; DotBot/1.1; http://www.opensiteexplorer.org/dotbot, help@moz.com)"
207.46.13.140 - - [11/Aug/2017:06:55:05 +0200] "GET /perg/10255207 HTTP/1.1" 200 2925 "-" "Mozilla/5.0 (compatible; bingbot/2.0; +http://www.bing.com/bingbot.htm)"
207.46.13.140 - - [11/Aug/2017:06:55:08 +0200] "GET /oberwart/schnellkurs_14.08.2017?FS=A2BF HTTP/1.1" 200 6046 "-" "Mozilla/5.0 (compatible; bingbot/2.0; +http://www.bing.com/bingbot.htm)"
66.249.66.72 - - [11/Aug/2017:06:55:57 +0200] "GET /amstetten/osterkurs?FS=A HTTP/1.1" 500 625 "-" "Mozilla/5.0 (Linux; Android 6.0.1; Nexus 5X Build/MMB29P) AppleWebKit/537.36 (KHTML, like Gecko) Chrome/41.0.2272.96 Mobile Safari/537.36 (compatible; Googlebot/2.1; +http://www.google.com/bot.html)"
91.141.3.183 - - [11/Aug/2017:06:56:48 +0200] "GET /schwechat?gclid=EAIaIQobChMI0bX80LHO1QIVKzPTCh3RHwGjEAAYASAAEgJJR_D_BwE HTTP/1.1" 200 3054 "https://www.google.at/" "Mozilla/5.0 (Linux; Android 7.0; SAMSUNG SM-G925F Build/NRD90M) AppleWebKit/537.36 (KHTML, like Gecko) SamsungBrowser/5.4 Chrome/51.0.2704.106 Mobile Safari/537.36"
