213.162.68.61 - - [16/Aug/2017:06:37:00 +0200] "POST /krems/kursauswahl HTTP/1.1" 200 3036 "http://www.easydrivers.at/krems?gclid=CjwKCAjwt8rMBRBOEiwA2F2biDvluccpOT4IkQRkDhCXlibQXnWIe9iR8d-idV0FcfRoO7HKU0qAWRoCPdcQAvD_BwE" "Mozilla/5.0 (Linux; Android 7.0; SAMSUNG SM-G955F/XXU1AQF7 Build/NRD90M) AppleWebKit/537.36 (KHTML, like Gecko) SamsungBrowser/5.4 Chrome/51.0.2704.106 Mobile Safari/537.36"
213.162.68.61 - - [16/Aug/2017:06:37:01 +0200] "POST /krems/kursauswahl HTTP/1.1" 200 3036 "http://www.easydrivers.at/krems?gclid=CjwKCAjwt8rMBRBOEiwA2F2biDvluccpOT4IkQRkDhCXlibQXnWIe9iR8d-idV0FcfRoO7HKU0qAWRoCPdcQAvD_BwE" "Mozilla/5.0 (Linux; Android 7.0; SAMSUNG SM-G955F/XXU1AQF7 Build/NRD90M) AppleWebKit/537.36 (KHTML, like Gecko) SamsungBrowser/5.4 Chrome/51.0.2704.106 Mobile Safari/537.36"
66.249.66.87 - - [16/Aug/2017:06:37:05 +0200] "GET / HTTP/1.1" 200 3564 "-" "Mozilla/5.0 (Linux; Android 6.0.1; Nexus 5X Build/MMB29P) AppleWebKit/537.36 (KHTML, like Gecko) Chrome/41.0.2272.96 Mobile Safari/537.36 (compatible; Googlebot/2.1; +http://www.google.com/bot.html)"
213.162.68.61 - - [16/Aug/2017:06:37:01 +0200] "POST /krems/kursauswahl HTTP/1.1" 200 3036 "http://www.easydrivers.at/krems?gclid=CjwKCAjwt8rMBRBOEiwA2F2biDvluccpOT4IkQRkDhCXlibQXnWIe9iR8d-idV0FcfRoO7HKU0qAWRoCPdcQAvD_BwE" "Mozilla/5.0 (Linux; Android 7.0; SAMSUNG SM-G955F/XXU1AQF7 Build/NRD90M) AppleWebKit/537.36 (KHTML, like Gecko) SamsungBrowser/5.4 Chrome/51.0.2704.106 Mobile Safari/537.36"
213.162.68.61 - - [16/Aug/2017:06:37:01 +0200] "POST /krems/kursauswahl HTTP/1.1" 200 3036 "http://www.easydrivers.at/krems?gclid=CjwKCAjwt8rMBRBOEiwA2F2biDvluccpOT4IkQRkDhCXlibQXnWIe9iR8d-idV0FcfRoO7HKU0qAWRoCPdcQAvD_BwE" "Mozilla/5.0 (Linux; Android 7.0; SAMSUNG SM-G955F/XXU1AQF7 Build/NRD90M) AppleWebKit/537.36 (KHTML, like Gecko) SamsungBrowser/5.4 Chrome/51.0.2704.106 Mobile Safari/537.36"
213.162.68.61 - - [16/Aug/2017:06:37:03 +0200] "POST /krems/kursauswahl HTTP/1.1" 200 3036 "http://www.easydrivers.at/krems?gclid=CjwKCAjwt8rMBRBOEiwA2F2biDvluccpOT4IkQRkDhCXlibQXnWIe9iR8d-idV0FcfRoO7HKU0qAWRoCPdcQAvD_BwE" "Mozilla/5.0 (Linux; Android 7.0; SAMSUNG SM-G955F/XXU1AQF7 Build/NRD90M) AppleWebKit/537.36 (KHTML, like Gecko) SamsungBrowser/5.4 Chrome/51.0.2704.106 Mobile Safari/537.36"
213.162.68.61 - - [16/Aug/2017:06:37:06 +0200] "POST /krems/kursauswahl HTTP/1.1" 200 3036 "http://www.easydrivers.at/krems?gclid=CjwKCAjwt8rMBRBOEiwA2F2biDvluccpOT4IkQRkDhCXlibQXnWIe9iR8d-idV0FcfRoO7HKU0qAWRoCPdcQAvD_BwE" "Mozilla/5.0 (Linux; Android 7.0; SAMSUNG SM-G955F/XXU1AQF7 Build/NRD90M) AppleWebKit/537.36 (KHTML, like Gecko) SamsungBrowser/5.4 Chrome/51.0.2704.106 Mobile Safari/537.36"
213.162.68.61 - - [16/Aug/2017:06:37:01 +0200] "POST /krems/kursauswahl HTTP/1.1" 200 3036 "http://www.easydrivers.at/krems?gclid=CjwKCAjwt8rMBRBOEiwA2F2biDvluccpOT4IkQRkDhCXlibQXnWIe9iR8d-idV0FcfRoO7HKU0qAWRoCPdcQAvD_BwE" "Mozilla/5.0 (Linux; Android 7.0; SAMSUNG SM-G955F/XXU1AQF7 Build/NRD90M) AppleWebKit/537.36 (KHTML, like Gecko) SamsungBrowser/5.4 Chrome/51.0.2704.106 Mobile Safari/537.36"
188.23.48.213 - - [16/Aug/2017:06:37:18 +0200] "GET /ennstal.schladming/ HTTP/1.1" 301 147 "-" "Mozilla/5.0 (Linux; U; Android 4.2.2; de-at; GT-I8200 Build/JDQ39) AppleWebKit/534.30 (KHTML, like Gecko) Version/4.0 Mobile Safari/534.30"
213.162.68.61 - - [16/Aug/2017:06:37:07 +0200] "POST /krems/kursauswahl HTTP/1.1" 200 3036 "http://www.easydrivers.at/krems?gclid=CjwKCAjwt8rMBRBOEiwA2F2biDvluccpOT4IkQRkDhCXlibQXnWIe9iR8d-idV0FcfRoO7HKU0qAWRoCPdcQAvD_BwE" "Mozilla/5.0 (Linux; Android 7.0; SAMSUNG SM-G955F/XXU1AQF7 Build/NRD90M) AppleWebKit/537.36 (KHTML, like Gecko) SamsungBrowser/5.4 Chrome/51.0.2704.106 Mobile Safari/537.36"
188.23.48.213 - - [16/Aug/2017:06:37:18 +0200] "GET /ennstal.schladming HTTP/1.1" 200 2924 "-" "Mozilla/5.0 (Linux; U; Android 4.2.2; de-at; GT-I8200 Build/JDQ39) AppleWebKit/534.30 (KHTML, like Gecko) Version/4.0 Mobile Safari/534.30"
188.23.48.213 - - [16/Aug/2017:06:37:21 +0200] "GET /css/mobile.css HTTP/1.1" 200 2852 "http://www.easydrivers.at/ennstal.schladming" "Mozilla/5.0 (Linux; U; Android 4.2.2; de-at; GT-I8200 Build/JDQ39) AppleWebKit/534.30 (KHTML, like Gecko) Version/4.0 Mobile Safari/534.30"
188.23.48.213 - - [16/Aug/2017:06:37:21 +0200] "GET /javascript/jquery.cookie.js HTTP/1.1" 200 863 "http://www.easydrivers.at/ennstal.schladming" "Mozilla/5.0 (Linux; U; Android 4.2.2; de-at; GT-I8200 Build/JDQ39) AppleWebKit/534.30 (KHTML, like Gecko) Version/4.0 Mobile Safari/534.30"
188.23.48.213 - - [16/Aug/2017:06:37:21 +0200] "GET /javascript/mobile-menu.js HTTP/1.1" 200 1634 "http://www.easydrivers.at/ennstal.schladming" "Mozilla/5.0 (Linux; U; Android 4.2.2; de-at; GT-I8200 Build/JDQ39) AppleWebKit/534.30 (KHTML, like Gecko) Version/4.0 Mobile Safari/534.30"
188.23.48.213 - - [16/Aug/2017:06:37:21 +0200] "GET /javascript/jquery.simplemodal.js HTTP/1.1" 200 3070 "http://www.easydrivers.at/ennstal.schladming" "Mozilla/5.0 (Linux; U; Android 4.2.2; de-at; GT-I8200 Build/JDQ39) AppleWebKit/534.30 (KHTML, like Gecko) Version/4.0 Mobile Safari/534.30"
188.23.48.213 - - [16/Aug/2017:06:37:21 +0200] "GET /javascript/lazyload.js HTTP/1.1" 200 1170 "http://www.easydrivers.at/ennstal.schladming" "Mozilla/5.0 (Linux; U; Android 4.2.2; de-at; GT-I8200 Build/JDQ39) AppleWebKit/534.30 (KHTML, like Gecko) Version/4.0 Mobile Safari/534.30"
188.23.48.213 - - [16/Aug/2017:06:37:21 +0200] "GET /javascript/mobile-fahrschule.js HTTP/1.1" 200 328 "http://www.easydrivers.at/ennstal.schladming" "Mozilla/5.0 (Linux; U; Android 4.2.2; de-at; GT-I8200 Build/JDQ39) AppleWebKit/534.30 (KHTML, like Gecko) Version/4.0 Mobile Safari/534.30"
188.23.48.213 - - [16/Aug/2017:06:37:21 +0200] "GET /javascript/jquery-1.9.1.min.js HTTP/1.1" 200 32731 "http://www.easydrivers.at/ennstal.schladming" "Mozilla/5.0 (Linux; U; Android 4.2.2; de-at; GT-I8200 Build/JDQ39) AppleWebKit/534.30 (KHTML, like Gecko) Version/4.0 Mobile Safari/534.30"
213.162.68.61 - - [16/Aug/2017:06:37:15 +0200] "GET /krems?gclid=CjwKCAjwt8rMBRBOEiwA2F2biMnL5sdrck6OaOEQkdLzE_ScXdjkAIP6A9TZEgLAqrGdwWevmwx6EBoCLbcQAvD_BwE HTTP/1.1" 200 2934 "-" "Mozilla/5.0 (Linux; Android 7.0; SAMSUNG SM-G955F/XXU1AQF7 Build/NRD90M) AppleWebKit/537.36 (KHTML, like Gecko) SamsungBrowser/5.4 Chrome/51.0.2704.106 Mobile Safari/537.36"
188.23.48.213 - - [16/Aug/2017:06:37:21 +0200] "GET /img/mobile/easydrivers-logo-mobile.png HTTP/1.1" 200 10766 "http://www.easydrivers.at/ennstal.schladming" "Mozilla/5.0 (Linux; U; Android 4.2.2; de-at; GT-I8200 Build/JDQ39) AppleWebKit/534.30 (KHTML, like Gecko) Version/4.0 Mobile Safari/534.30"
188.23.48.213 - - [16/Aug/2017:06:37:21 +0200] "GET /img/mobile/menu-button.png HTTP/1.1" 200 1746 "http://www.easydrivers.at/ennstal.schladming" "Mozilla/5.0 (Linux; U; Android 4.2.2; de-at; GT-I8200 Build/JDQ39) AppleWebKit/534.30 (KHTML, like Gecko) Version/4.0 Mobile Safari/534.30"
188.23.48.213 - - [16/Aug/2017:06:37:21 +0200] "GET /img/mobile/close-button.png HTTP/1.1" 200 2411 "http://www.easydrivers.at/ennstal.schladming" "Mozilla/5.0 (Linux; U; Android 4.2.2; de-at; GT-I8200 Build/JDQ39) AppleWebKit/534.30 (KHTML, like Gecko) Version/4.0 Mobile Safari/534.30"
188.23.48.213 - - [16/Aug/2017:06:37:21 +0200] "GET /img/mobile/bg-menu.jpg HTTP/1.1" 200 1698 "http://www.easydrivers.at/ennstal.schladming" "Mozilla/5.0 (Linux; U; Android 4.2.2; de-at; GT-I8200 Build/JDQ39) AppleWebKit/534.30 (KHTML, like Gecko) Version/4.0 Mobile Safari/534.30"
188.23.48.213 - - [16/Aug/2017:06:37:22 +0200] "GET /img/mobile/facebook-icon.png HTTP/1.1" 200 1902 "http://www.easydrivers.at/ennstal.schladming" "Mozilla/5.0 (Linux; U; Android 4.2.2; de-at; GT-I8200 Build/JDQ39) AppleWebKit/534.30 (KHTML, like Gecko) Version/4.0 Mobile Safari/534.30"
188.23.48.213 - - [16/Aug/2017:06:37:22 +0200] "GET /img/mobile/info-button.png HTTP/1.1" 200 1549 "http://www.easydrivers.at/ennstal.schladming" "Mozilla/5.0 (Linux; U; Android 4.2.2; de-at; GT-I8200 Build/JDQ39) AppleWebKit/534.30 (KHTML, like Gecko) Version/4.0 Mobile Safari/534.30"
188.23.48.213 - - [16/Aug/2017:06:37:22 +0200] "GET /img/mobile/info-close-button.png HTTP/1.1" 200 1721 "http://www.easydrivers.at/ennstal.schladming" "Mozilla/5.0 (Linux; U; Android 4.2.2; de-at; GT-I8200 Build/JDQ39) AppleWebKit/534.30 (KHTML, like Gecko) Version/4.0 Mobile Safari/534.30"
188.23.48.213 - - [16/Aug/2017:06:37:22 +0200] "GET /img/smallicon-person.png HTTP/1.1" 200 1141 "http://www.easydrivers.at/ennstal.schladming" "Mozilla/5.0 (Linux; U; Android 4.2.2; de-at; GT-I8200 Build/JDQ39) AppleWebKit/534.30 (KHTML, like Gecko) Version/4.0 Mobile Safari/534.30"
188.23.48.213 - - [16/Aug/2017:06:37:22 +0200] "GET /img/smallicon-address.png HTTP/1.1" 200 1211 "http://www.easydrivers.at/ennstal.schladming" "Mozilla/5.0 (Linux; U; Android 4.2.2; de-at; GT-I8200 Build/JDQ39) AppleWebKit/534.30 (KHTML, like Gecko) Version/4.0 Mobile Safari/534.30"
188.23.48.213 - - [16/Aug/2017:06:37:22 +0200] "GET /img/mobile/googlemaps-pin.png HTTP/1.1" 200 1597 "http://www.easydrivers.at/ennstal.schladming" "Mozilla/5.0 (Linux; U; Android 4.2.2; de-at; GT-I8200 Build/JDQ39) AppleWebKit/534.30 (KHTML, like Gecko) Version/4.0 Mobile Safari/534.30"
188.23.48.213 - - [16/Aug/2017:06:37:22 +0200] "GET /img/smallicon-time.png HTTP/1.1" 200 1262 "http://www.easydrivers.at/ennstal.schladming" "Mozilla/5.0 (Linux; U; Android 4.2.2; de-at; GT-I8200 Build/JDQ39) AppleWebKit/534.30 (KHTML, like Gecko) Version/4.0 Mobile Safari/534.30"
188.23.48.213 - - [16/Aug/2017:06:37:22 +0200] "GET /img/smallicon-phone.png HTTP/1.1" 200 3056 "http://www.easydrivers.at/ennstal.schladming" "Mozilla/5.0 (Linux; U; Android 4.2.2; de-at; GT-I8200 Build/JDQ39) AppleWebKit/534.30 (KHTML, like Gecko) Version/4.0 Mobile Safari/534.30"
188.23.48.213 - - [16/Aug/2017:06:37:22 +0200] "GET /img/smallicon-mail.png HTTP/1.1" 200 1341 "http://www.easydrivers.at/ennstal.schladming" "Mozilla/5.0 (Linux; U; Android 4.2.2; de-at; GT-I8200 Build/JDQ39) AppleWebKit/534.30 (KHTML, like Gecko) Version/4.0 Mobile Safari/534.30"
188.23.48.213 - - [16/Aug/2017:06:37:22 +0200] "GET /img/mobile/widget-icon-app.png HTTP/1.1" 200 3458 "http://www.easydrivers.at/ennstal.schladming" "Mozilla/5.0 (Linux; U; Android 4.2.2; de-at; GT-I8200 Build/JDQ39) AppleWebKit/534.30 (KHTML, like Gecko) Version/4.0 Mobile Safari/534.30"
188.23.48.213 - - [16/Aug/2017:06:37:21 +0200] "GET /img/mobile/bg-header.jpg HTTP/1.1" 200 19741 "http://www.easydrivers.at/ennstal.schladming" "Mozilla/5.0 (Linux; U; Android 4.2.2; de-at; GT-I8200 Build/JDQ39) AppleWebKit/534.30 (KHTML, like Gecko) Version/4.0 Mobile Safari/534.30"
188.23.48.213 - - [16/Aug/2017:06:37:22 +0200] "GET /img/mobile/pfeil-rechts.png HTTP/1.1" 200 1228 "http://www.easydrivers.at/ennstal.schladming" "Mozilla/5.0 (Linux; U; Android 4.2.2; de-at; GT-I8200 Build/JDQ39) AppleWebKit/534.30 (KHTML, like Gecko) Version/4.0 Mobile Safari/534.30"
188.23.48.213 - - [16/Aug/2017:06:37:22 +0200] "GET /img/mobile/bg-top-section.jpg HTTP/1.1" 200 21711 "http://www.easydrivers.at/ennstal.schladming" "Mozilla/5.0 (Linux; U; Android 4.2.2; de-at; GT-I8200 Build/JDQ39) AppleWebKit/534.30 (KHTML, like Gecko) Version/4.0 Mobile Safari/534.30"
188.23.48.213 - - [16/Aug/2017:06:37:23 +0200] "GET /img/favicon.ico HTTP/1.1" 404 300 "http://www.easydrivers.at/ennstal.schladming" "Mozilla/5.0 (Linux; U; Android 4.2.2; de-at; GT-I8200 Build/JDQ39) AppleWebKit/534.30 (KHTML, like Gecko) Version/4.0 Mobile Safari/534.30"
213.162.68.61 - - [16/Aug/2017:06:37:07 +0200] "POST /krems/kursauswahl HTTP/1.1" 200 3036 "http://www.easydrivers.at/krems?gclid=CjwKCAjwt8rMBRBOEiwA2F2biDvluccpOT4IkQRkDhCXlibQXnWIe9iR8d-idV0FcfRoO7HKU0qAWRoCPdcQAvD_BwE" "Mozilla/5.0 (Linux; Android 7.0; SAMSUNG SM-G955F/XXU1AQF7 Build/NRD90M) AppleWebKit/537.36 (KHTML, like Gecko) SamsungBrowser/5.4 Chrome/51.0.2704.106 Mobile Safari/537.36"
213.162.68.61 - - [16/Aug/2017:06:37:25 +0200] "POST /krems/kursauswahl HTTP/1.1" 200 3036 "http://www.easydrivers.at/krems?gclid=CjwKCAjwt8rMBRBOEiwA2F2biMnL5sdrck6OaOEQkdLzE_ScXdjkAIP6A9TZEgLAqrGdwWevmwx6EBoCLbcQAvD_BwE" "Mozilla/5.0 (Linux; Android 7.0; SAMSUNG SM-G955F/XXU1AQF7 Build/NRD90M) AppleWebKit/537.36 (KHTML, like Gecko) SamsungBrowser/5.4 Chrome/51.0.2704.106 Mobile Safari/537.36"
217.182.132.92 - - [16/Aug/2017:06:37:26 +0200] "GET /reumannplatz HTTP/1.1" 200 3347 "-" "Mozilla/5.0 (compatible; AhrefsBot/5.2; +http://ahrefs.com/robot/)"
188.23.48.213 - - [16/Aug/2017:06:37:27 +0200] "GET /ennstal.schladming/pruefungen HTTP/1.1" 200 2810 "http://www.easydrivers.at/ennstal.schladming" "Mozilla/5.0 (Linux; U; Android 4.2.2; de-at; GT-I8200 Build/JDQ39) AppleWebKit/534.30 (KHTML, like Gecko) Version/4.0 Mobile Safari/534.30"
213.162.68.61 - - [16/Aug/2017:06:37:28 +0200] "POST /loadkursliste HTTP/1.1" 200 567 "http://www.easydrivers.at/krems/kursauswahl" "Mozilla/5.0 (Linux; Android 7.0; SAMSUNG SM-G955F/XXU1AQF7 Build/NRD90M) AppleWebKit/537.36 (KHTML, like Gecko) SamsungBrowser/5.4 Chrome/51.0.2704.106 Mobile Safari/537.36"
157.55.39.246 - - [16/Aug/2017:06:37:42 +0200] "GET /st.poelten HTTP/1.1" 200 3648 "-" "Mozilla/5.0 (compatible; bingbot/2.0; +http://www.bing.com/bingbot.htm)"
213.162.68.61 - - [16/Aug/2017:06:38:13 +0200] "GET /krems/A-Kurs-September-2017?FS=A HTTP/1.1" 200 3205 "http://www.easydrivers.at/krems/kursauswahl" "Mozilla/5.0 (Linux; Android 7.0; SAMSUNG SM-G955F/XXU1AQF7 Build/NRD90M) AppleWebKit/537.36 (KHTML, like Gecko) SamsungBrowser/5.4 Chrome/51.0.2704.106 Mobile Safari/537.36"
213.162.68.61 - - [16/Aug/2017:06:38:13 +0200] "GET /krems/A-Kurs-September-2017?FS=A HTTP/1.1" 200 3205 "http://www.easydrivers.at/krems/kursauswahl" "Mozilla/5.0 (Linux; Android 7.0; SAMSUNG SM-G955F/XXU1AQF7 Build/NRD90M) AppleWebKit/537.36 (KHTML, like Gecko) SamsungBrowser/5.4 Chrome/51.0.2704.106 Mobile Safari/537.36"
213.162.68.61 - - [16/Aug/2017:06:38:13 +0200] "GET /krems/A-Kurs-September-2017?FS=A HTTP/1.1" 200 3205 "http://www.easydrivers.at/krems/kursauswahl" "Mozilla/5.0 (Linux; Android 7.0; SAMSUNG SM-G955F/XXU1AQF7 Build/NRD90M) AppleWebKit/537.36 (KHTML, like Gecko) SamsungBrowser/5.4 Chrome/51.0.2704.106 Mobile Safari/537.36"
213.162.68.61 - - [16/Aug/2017:06:38:14 +0200] "GET /krems/A-Kurs-September-2017?FS=A HTTP/1.1" 200 3205 "http://www.easydrivers.at/krems/kursauswahl" "Mozilla/5.0 (Linux; Android 7.0; SAMSUNG SM-G955F/XXU1AQF7 Build/NRD90M) AppleWebKit/537.36 (KHTML, like Gecko) SamsungBrowser/5.4 Chrome/51.0.2704.106 Mobile Safari/537.36"
46.125.249.48 - - [16/Aug/2017:06:38:40 +0200] "GET /img/loading-bars.gif HTTP/1.1" 200 3951 "http://www.easydrivers.at/gmuend/kursauswahl" "Mozilla/5.0 (iPad; CPU OS 10_3_1 like Mac OS X) AppleWebKit/600.1.4 (KHTML, like Gecko) GSA/20.3.136880903 Mobile/14E304 Safari/600.1.4"
46.125.249.48 - - [16/Aug/2017:06:38:40 +0200] "POST /loadkursliste HTTP/1.1" 200 790 "http://www.easydrivers.at/gmuend/kursauswahl" "Mozilla/5.0 (iPad; CPU OS 10_3_1 like Mac OS X) AppleWebKit/600.1.4 (KHTML, like Gecko) GSA/20.3.136880903 Mobile/14E304 Safari/600.1.4"
46.125.249.48 - - [16/Aug/2017:06:38:42 +0200] "GET /img/kursicon-print.png HTTP/1.1" 200 1184 "http://www.easydrivers.at/gmuend/kursauswahl" "Mozilla/5.0 (iPad; CPU OS 10_3_1 like Mac OS X) AppleWebKit/600.1.4 (KHTML, like Gecko) GSA/20.3.136880903 Mobile/14E304 Safari/600.1.4"
46.125.249.48 - - [16/Aug/2017:06:38:42 +0200] "GET /img/kursicon-download.png HTTP/1.1" 200 1218 "http://www.easydrivers.at/gmuend/kursauswahl" "Mozilla/5.0 (iPad; CPU OS 10_3_1 like Mac OS X) AppleWebKit/600.1.4 (KHTML, like Gecko) GSA/20.3.136880903 Mobile/14E304 Safari/600.1.4"
46.125.249.48 - - [16/Aug/2017:06:38:42 +0200] "GET /img/kursicon-share.png HTTP/1.1" 200 1302 "http://www.easydrivers.at/gmuend/kursauswahl" "Mozilla/5.0 (iPad; CPU OS 10_3_1 like Mac OS X) AppleWebKit/600.1.4 (KHTML, like Gecko) GSA/20.3.136880903 Mobile/14E304 Safari/600.1.4"
46.125.249.48 - - [16/Aug/2017:06:38:42 +0200] "GET /img/kursicon-phone.png HTTP/1.1" 200 1287 "http://www.easydrivers.at/gmuend/kursauswahl" "Mozilla/5.0 (iPad; CPU OS 10_3_1 like Mac OS X) AppleWebKit/600.1.4 (KHTML, like Gecko) GSA/20.3.136880903 Mobile/14E304 Safari/600.1.4"
46.125.249.48 - - [16/Aug/2017:06:39:14 +0200] "GET /gmuend/kursauswahlgmuend/10285078?FS=B-L&print=true HTTP/1.1" 200 6069 "http://www.easydrivers.at/gmuend/kursauswahl" "Mozilla/5.0 (iPad; CPU OS 10_3_1 like Mac OS X) AppleWebKit/600.1.4 (KHTML, like Gecko) GSA/20.3.136880903 Mobile/14E304 Safari/600.1.4"
46.125.249.48 - - [16/Aug/2017:06:39:16 +0200] "GET /javascript/suche.js HTTP/1.1" 200 209 "http://www.easydrivers.at/gmuend/kursauswahlgmuend/10285078?FS=B-L&print=true" "Mozilla/5.0 (iPad; CPU OS 10_3_1 like Mac OS X) AppleWebKit/600.1.4 (KHTML, like Gecko) GSA/20.3.136880903 Mobile/14E304 Safari/600.1.4"
46.125.249.48 - - [16/Aug/2017:06:39:16 +0200] "GET /cache/emu/images/10266562/_155_155.jpg HTTP/1.1" 200 5640 "http://www.easydrivers.at/gmuend/kursauswahlgmuend/10285078?FS=B-L&print=true" "Mozilla/5.0 (iPad; CPU OS 10_3_1 like Mac OS X) AppleWebKit/600.1.4 (KHTML, like Gecko) GSA/20.3.136880903 Mobile/14E304 Safari/600.1.4"
46.125.249.48 - - [16/Aug/2017:06:39:16 +0200] "GET /cache/emu/images/10252437/_155_155.jpg HTTP/1.1" 200 6070 "http://www.easydrivers.at/gmuend/kursauswahlgmuend/10285078?FS=B-L&print=true" "Mozilla/5.0 (iPad; CPU OS 10_3_1 like Mac OS X) AppleWebKit/600.1.4 (KHTML, like Gecko) GSA/20.3.136880903 Mobile/14E304 Safari/600.1.4"
46.125.249.48 - - [16/Aug/2017:06:39:16 +0200] "GET /cache/emu/images/10266563/_155_155.jpg HTTP/1.1" 200 5758 "http://www.easydrivers.at/gmuend/kursauswahlgmuend/10285078?FS=B-L&print=true" "Mozilla/5.0 (iPad; CPU OS 10_3_1 like Mac OS X) AppleWebKit/600.1.4 (KHTML, like Gecko) GSA/20.3.136880903 Mobile/14E304 Safari/600.1.4"
46.125.249.48 - - [16/Aug/2017:06:39:16 +0200] "GET /cache/emu/images/10252438/_155_155.jpg HTTP/1.1" 200 5640 "http://www.easydrivers.at/gmuend/kursauswahlgmuend/10285078?FS=B-L&print=true" "Mozilla/5.0 (iPad; CPU OS 10_3_1 like Mac OS X) AppleWebKit/600.1.4 (KHTML, like Gecko) GSA/20.3.136880903 Mobile/14E304 Safari/600.1.4"
46.125.249.48 - - [16/Aug/2017:06:39:16 +0200] "GET /img/smallicon-person-wbg.png HTTP/1.1" 200 452 "http://www.easydrivers.at/gmuend/kursauswahlgmuend/10285078?FS=B-L&print=true" "Mozilla/5.0 (iPad; CPU OS 10_3_1 like Mac OS X) AppleWebKit/600.1.4 (KHTML, like Gecko) GSA/20.3.136880903 Mobile/14E304 Safari/600.1.4"
46.125.249.48 - - [16/Aug/2017:06:39:16 +0200] "GET /img/smallicon-address-wbg.png HTTP/1.1" 200 542 "http://www.easydrivers.at/gmuend/kursauswahlgmuend/10285078?FS=B-L&print=true" "Mozilla/5.0 (iPad; CPU OS 10_3_1 like Mac OS X) AppleWebKit/600.1.4 (KHTML, like Gecko) GSA/20.3.136880903 Mobile/14E304 Safari/600.1.4"
46.125.249.48 - - [16/Aug/2017:06:39:16 +0200] "GET /binaries/easy-drivers-portal/pkw8jpg-1.jpg HTTP/1.1" 200 77231 "http://www.easydrivers.at/gmuend/kursauswahlgmuend/10285078?FS=B-L&print=true" "Mozilla/5.0 (iPad; CPU OS 10_3_1 like Mac OS X) AppleWebKit/600.1.4 (KHTML, like Gecko) GSA/20.3.136880903 Mobile/14E304 Safari/600.1.4"
46.125.249.48 - - [16/Aug/2017:06:39:16 +0200] "GET /img/smallicon-phone-wbg.png HTTP/1.1" 200 430 "http://www.easydrivers.at/gmuend/kursauswahlgmuend/10285078?FS=B-L&print=true" "Mozilla/5.0 (iPad; CPU OS 10_3_1 like Mac OS X) AppleWebKit/600.1.4 (KHTML, like Gecko) GSA/20.3.136880903 Mobile/14E304 Safari/600.1.4"
46.125.249.48 - - [16/Aug/2017:06:39:16 +0200] "GET /img/smallicon-time-wbg.png HTTP/1.1" 200 526 "http://www.easydrivers.at/gmuend/kursauswahlgmuend/10285078?FS=B-L&print=true" "Mozilla/5.0 (iPad; CPU OS 10_3_1 like Mac OS X) AppleWebKit/600.1.4 (KHTML, like Gecko) GSA/20.3.136880903 Mobile/14E304 Safari/600.1.4"
46.125.249.48 - - [16/Aug/2017:06:39:16 +0200] "GET /img/smallicon-mail-wbg.png HTTP/1.1" 200 487 "http://www.easydrivers.at/gmuend/kursauswahlgmuend/10285078?FS=B-L&print=true" "Mozilla/5.0 (iPad; CPU OS 10_3_1 like Mac OS X) AppleWebKit/600.1.4 (KHTML, like Gecko) GSA/20.3.136880903 Mobile/14E304 Safari/600.1.4"
46.125.249.48 - - [16/Aug/2017:06:39:16 +0200] "GET /img/smallicon-fax-wbg.png HTTP/1.1" 200 463 "http://www.easydrivers.at/gmuend/kursauswahlgmuend/10285078?FS=B-L&print=true" "Mozilla/5.0 (iPad; CPU OS 10_3_1 like Mac OS X) AppleWebKit/600.1.4 (KHTML, like Gecko) GSA/20.3.136880903 Mobile/14E304 Safari/600.1.4"
46.125.249.48 - - [16/Aug/2017:06:39:17 +0200] "GET /css/fonts/AntennaCond-Black.svg HTTP/1.1" 200 41176 "http://www.easydrivers.at/gmuend/kursauswahlgmuend/10285078?FS=B-L&print=true" "Mozilla/5.0 (iPad; CPU OS 10_3_1 like Mac OS X) AppleWebKit/600.1.4 (KHTML, like Gecko) GSA/20.3.136880903 Mobile/14E304 Safari/600.1.4"
46.125.249.48 - - [16/Aug/2017:06:39:17 +0200] "GET /css/fonts/AntennaCond-Black.ttf HTTP/1.1" 200 42476 "http://www.easydrivers.at/gmuend/kursauswahlgmuend/10285078?FS=B-L&print=true" "Mozilla/5.0 (iPad; CPU OS 10_3_1 like Mac OS X) AppleWebKit/600.1.4 (KHTML, like Gecko) GSA/20.3.136880903 Mobile/14E304 Safari/600.1.4"
46.125.249.48 - - [16/Aug/2017:06:39:17 +0200] "GET /css/fonts/Arial.ttf HTTP/1.1" 200 773236 "http://www.easydrivers.at/gmuend/kursauswahlgmuend/10285078?FS=B-L&print=true" "Mozilla/5.0 (iPad; CPU OS 10_3_1 like Mac OS X) AppleWebKit/600.1.4 (KHTML, like Gecko) GSA/20.3.136880903 Mobile/14E304 Safari/600.1.4"
207.46.13.14 - - [16/Aug/2017:06:39:27 +0200] "GET /fahrschulen HTTP/1.1" 200 3923 "-" "Mozilla/5.0 (compatible; bingbot/2.0; +http://www.bing.com/bingbot.htm)"
213.225.4.233 - - [16/Aug/2017:06:39:37 +0200] "GET / HTTP/1.1" 200 3564 "-" "Mozilla/5.0 (Linux; Android 5.1.1; SM-G388F Build/LMY48B) AppleWebKit/537.36 (KHTML, like Gecko) Chrome/51.0.2704.81 Mobile Safari/537.36"
213.162.68.61 - - [16/Aug/2017:06:39:36 +0200] "GET /krems?gclid=CjwKCAjwt8rMBRBOEiwA2F2biMnL5sdrck6OaOEQkdLzE_ScXdjkAIP6A9TZEgLAqrGdwWevmwx6EBoCLbcQAvD_BwE HTTP/1.1" 200 2934 "-" "Mozilla/5.0 (Linux; Android 7.0; SAMSUNG SM-G955F/XXU1AQF7 Build/NRD90M) AppleWebKit/537.36 (KHTML, like Gecko) SamsungBrowser/5.4 Chrome/51.0.2704.106 Mobile Safari/537.36"
178.137.4.41 - - [16/Aug/2017:06:41:19 +0200] "GET /fuehrerscheine/traktor/ HTTP/1.1" 200 16356 "https://letsart.ru/" "Mozilla/4.0 (compatible; MSIE 5.5; Windows 98)"
178.137.4.41 - - [16/Aug/2017:06:41:20 +0200] "GET /fuehrerscheine/traktor/ HTTP/1.1" 200 16356 "https://letsart.ru/" "Mozilla/4.0 (compatible; MSIE 5.5; Windows 98)"
178.137.4.41 - - [16/Aug/2017:06:41:21 +0200] "GET /fuehrerscheine/traktor/ HTTP/1.1" 200 16356 "https://letsart.ru/" "Mozilla/4.0 (compatible; MSIE 5.5; Windows 98)"
46.125.249.48 - - [16/Aug/2017:06:41:33 +0200] "POST /gmuend/kursauswahl HTTP/1.1" 200 4586 "http://www.easydrivers.at/gmuend" "Mozilla/5.0 (iPad; CPU OS 10_3_1 like Mac OS X) AppleWebKit/600.1.4 (KHTML, like Gecko) GSA/20.3.136880903 Mobile/14E304 Safari/600.1.4"
46.125.249.48 - - [16/Aug/2017:06:41:36 +0200] "GET /gmuend HTTP/1.1" 200 3476 "https://www.google.at/" "Mozilla/5.0 (iPad; CPU OS 10_3_1 like Mac OS X) AppleWebKit/600.1.4 (KHTML, like Gecko) GSA/20.3.136880903 Mobile/14E304 Safari/600.1.4"
217.149.172.135 - - [16/Aug/2017:06:41:57 +0200] "GET /hollabrunn HTTP/1.1" 200 3764 "https://www.google.at/" "Mozilla/5.0 (Windows NT 10.0; Win64; x64) AppleWebKit/537.36 (KHTML, like Gecko) Chrome/60.0.3112.90 Safari/537.36"
217.149.172.135 - - [16/Aug/2017:06:42:06 +0200] "GET /hollabrunn/kurse HTTP/1.1" 200 4889 "http://www.easydrivers.at/hollabrunn" "Mozilla/5.0 (Windows NT 10.0; Win64; x64) AppleWebKit/537.36 (KHTML, like Gecko) Chrome/60.0.3112.90 Safari/537.36"
217.182.132.152 - - [16/Aug/2017:06:42:08 +0200] "GET /dornbirn/10267041 HTTP/1.1" 200 3097 "-" "Mozilla/5.0 (compatible; AhrefsBot/5.2; +http://ahrefs.com/robot/)"
217.149.172.135 - - [16/Aug/2017:06:42:18 +0200] "POST /loadkursliste HTTP/1.1" 200 482 "http://www.easydrivers.at/hollabrunn/kurse" "Mozilla/5.0 (Windows NT 10.0; Win64; x64) AppleWebKit/537.36 (KHTML, like Gecko) Chrome/60.0.3112.90 Safari/537.36"
213.225.4.233 - - [16/Aug/2017:06:42:19 +0200] "GET /moedling HTTP/1.1" 200 2970 "-" "Mozilla/5.0 (Linux; Android 5.1.1; SM-G388F Build/LMY48B) AppleWebKit/537.36 (KHTML, like Gecko) Chrome/51.0.2704.81 Mobile Safari/537.36"
213.225.4.233 - - [16/Aug/2017:06:42:22 +0200] "GET /img/favicon.ico HTTP/1.1" 404 300 "http://www.easydrivers.at/moedling" "Mozilla/5.0 (Linux; Android 5.1.1; SM-G388F Build/LMY48B) AppleWebKit/537.36 (KHTML, like Gecko) Chrome/51.0.2704.81 Mobile Safari/537.36"
217.149.172.135 - - [16/Aug/2017:06:43:21 +0200] "GET /hollabrunn HTTP/1.1" 200 3764 "https://www.google.at/" "Mozilla/5.0 (Windows NT 10.0; Win64; x64) AppleWebKit/537.36 (KHTML, like Gecko) Chrome/60.0.3112.90 Safari/537.36"
66.249.66.81 - - [16/Aug/2017:06:43:24 +0200] "GET / HTTP/1.1" 200 3565 "-" "Mozilla/5.0 (Linux; Android 6.0.1; Nexus 5X Build/MMB29P) AppleWebKit/537.36 (KHTML, like Gecko) Chrome/41.0.2272.96 Mobile Safari/537.36 (compatible; Googlebot/2.1; +http://www.google.com/bot.html)"
46.246.63.154 - - [16/Aug/2017:06:44:39 +0200] "GET / HTTP/1.1" 200 15942 "-" "Mozilla/5.0 (X11; Linux x86_64) AppleWebKit/537.31 (KHTML, like Gecko) Chrome/26.0.1410.63 Safari/537.31"
213.147.161.167 - - [16/Aug/2017:06:45:18 +0200] "GET /skarabela.gross-enzersdorf HTTP/1.1" 200 2970 "-" "Mozilla/5.0 (Linux; Android 7.0; SM-G935F Build/NRD90M) AppleWebKit/537.36 (KHTML, like Gecko) Chrome/59.0.3071.125 Mobile Safari/537.36"
213.147.161.167 - - [16/Aug/2017:06:45:21 +0200] "GET /img/favicon.ico HTTP/1.1" 404 300 "http://www.easydrivers.at/skarabela.gross-enzersdorf" "Mozilla/5.0 (Linux; Android 7.0; SM-G935F Build/NRD90M) AppleWebKit/537.36 (KHTML, like Gecko) Chrome/59.0.3071.125 Mobile Safari/537.36"
213.225.6.15 - - [16/Aug/2017:06:45:32 +0200] "GET /dornbirn/aktionen HTTP/1.1" 200 2656 "https://www.google.at/" "Mozilla/5.0 (iPhone; CPU iPhone OS 10_3_3 like Mac OS X) AppleWebKit/603.3.8 (KHTML, like Gecko) Version/10.0 Mobile/14G60 Safari/602.1"
213.225.6.15 - - [16/Aug/2017:06:45:34 +0200] "GET /javascript/jquery.cookie.js HTTP/1.1" 200 863 "http://www.easydrivers.at/dornbirn/aktionen" "Mozilla/5.0 (iPhone; CPU iPhone OS 10_3_3 like Mac OS X) AppleWebKit/603.3.8 (KHTML, like Gecko) Version/10.0 Mobile/14G60 Safari/602.1"
213.225.6.15 - - [16/Aug/2017:06:45:34 +0200] "GET /javascript/mobile-menu.js HTTP/1.1" 200 1634 "http://www.easydrivers.at/dornbirn/aktionen" "Mozilla/5.0 (iPhone; CPU iPhone OS 10_3_3 like Mac OS X) AppleWebKit/603.3.8 (KHTML, like Gecko) Version/10.0 Mobile/14G60 Safari/602.1"
213.225.6.15 - - [16/Aug/2017:06:45:34 +0200] "GET /css/mobile.css HTTP/1.1" 200 2852 "http://www.easydrivers.at/dornbirn/aktionen" "Mozilla/5.0 (iPhone; CPU iPhone OS 10_3_3 like Mac OS X) AppleWebKit/603.3.8 (KHTML, like Gecko) Version/10.0 Mobile/14G60 Safari/602.1"
213.225.6.15 - - [16/Aug/2017:06:45:34 +0200] "GET /javascript/jquery-1.9.1.min.js HTTP/1.1" 200 32731 "http://www.easydrivers.at/dornbirn/aktionen" "Mozilla/5.0 (iPhone; CPU iPhone OS 10_3_3 like Mac OS X) AppleWebKit/603.3.8 (KHTML, like Gecko) Version/10.0 Mobile/14G60 Safari/602.1"
213.225.6.15 - - [16/Aug/2017:06:45:35 +0200] "GET /javascript/jquery.simplemodal.js HTTP/1.1" 200 3070 "http://www.easydrivers.at/dornbirn/aktionen" "Mozilla/5.0 (iPhone; CPU iPhone OS 10_3_3 like Mac OS X) AppleWebKit/603.3.8 (KHTML, like Gecko) Version/10.0 Mobile/14G60 Safari/602.1"
213.225.6.15 - - [16/Aug/2017:06:45:35 +0200] "GET /javascript/mobile-fahrschule.js HTTP/1.1" 200 328 "http://www.easydrivers.at/dornbirn/aktionen" "Mozilla/5.0 (iPhone; CPU iPhone OS 10_3_3 like Mac OS X) AppleWebKit/603.3.8 (KHTML, like Gecko) Version/10.0 Mobile/14G60 Safari/602.1"
213.225.6.15 - - [16/Aug/2017:06:45:35 +0200] "GET /img/mobile/easydrivers-logo-mobile.png HTTP/1.1" 200 10766 "http://www.easydrivers.at/dornbirn/aktionen" "Mozilla/5.0 (iPhone; CPU iPhone OS 10_3_3 like Mac OS X) AppleWebKit/603.3.8 (KHTML, like Gecko) Version/10.0 Mobile/14G60 Safari/602.1"
213.225.6.15 - - [16/Aug/2017:06:45:35 +0200] "GET /javascript/lazyload.js HTTP/1.1" 200 1170 "http://www.easydrivers.at/dornbirn/aktionen" "Mozilla/5.0 (iPhone; CPU iPhone OS 10_3_3 like Mac OS X) AppleWebKit/603.3.8 (KHTML, like Gecko) Version/10.0 Mobile/14G60 Safari/602.1"
213.225.6.15 - - [16/Aug/2017:06:45:35 +0200] "GET /img/mobile/menu-button.png HTTP/1.1" 200 1746 "http://www.easydrivers.at/dornbirn/aktionen" "Mozilla/5.0 (iPhone; CPU iPhone OS 10_3_3 like Mac OS X) AppleWebKit/603.3.8 (KHTML, like Gecko) Version/10.0 Mobile/14G60 Safari/602.1"
213.225.6.15 - - [16/Aug/2017:06:45:35 +0200] "GET /img/mobile/close-button.png HTTP/1.1" 200 2411 "http://www.easydrivers.at/dornbirn/aktionen" "Mozilla/5.0 (iPhone; CPU iPhone OS 10_3_3 like Mac OS X) AppleWebKit/603.3.8 (KHTML, like Gecko) Version/10.0 Mobile/14G60 Safari/602.1"
213.225.6.15 - - [16/Aug/2017:06:45:35 +0200] "GET /img/mobile/facebook-icon.png HTTP/1.1" 200 1902 "http://www.easydrivers.at/dornbirn/aktionen" "Mozilla/5.0 (iPhone; CPU iPhone OS 10_3_3 like Mac OS X) AppleWebKit/603.3.8 (KHTML, like Gecko) Version/10.0 Mobile/14G60 Safari/602.1"
213.225.6.15 - - [16/Aug/2017:06:45:35 +0200] "GET /img/mobile/info-button.png HTTP/1.1" 200 1549 "http://www.easydrivers.at/dornbirn/aktionen" "Mozilla/5.0 (iPhone; CPU iPhone OS 10_3_3 like Mac OS X) AppleWebKit/603.3.8 (KHTML, like Gecko) Version/10.0 Mobile/14G60 Safari/602.1"
213.225.6.15 - - [16/Aug/2017:06:45:35 +0200] "GET /img/mobile/info-close-button.png HTTP/1.1" 200 1721 "http://www.easydrivers.at/dornbirn/aktionen" "Mozilla/5.0 (iPhone; CPU iPhone OS 10_3_3 like Mac OS X) AppleWebKit/603.3.8 (KHTML, like Gecko) Version/10.0 Mobile/14G60 Safari/602.1"
213.225.6.15 - - [16/Aug/2017:06:45:35 +0200] "GET /img/smallicon-person.png HTTP/1.1" 200 1141 "http://www.easydrivers.at/dornbirn/aktionen" "Mozilla/5.0 (iPhone; CPU iPhone OS 10_3_3 like Mac OS X) AppleWebKit/603.3.8 (KHTML, like Gecko) Version/10.0 Mobile/14G60 Safari/602.1"
213.225.6.15 - - [16/Aug/2017:06:45:35 +0200] "GET /img/smallicon-address.png HTTP/1.1" 200 1211 "http://www.easydrivers.at/dornbirn/aktionen" "Mozilla/5.0 (iPhone; CPU iPhone OS 10_3_3 like Mac OS X) AppleWebKit/603.3.8 (KHTML, like Gecko) Version/10.0 Mobile/14G60 Safari/602.1"
213.225.6.15 - - [16/Aug/2017:06:45:35 +0200] "GET /img/mobile/googlemaps-pin.png HTTP/1.1" 200 1597 "http://www.easydrivers.at/dornbirn/aktionen" "Mozilla/5.0 (iPhone; CPU iPhone OS 10_3_3 like Mac OS X) AppleWebKit/603.3.8 (KHTML, like Gecko) Version/10.0 Mobile/14G60 Safari/602.1"
213.225.6.15 - - [16/Aug/2017:06:45:35 +0200] "GET /img/smallicon-time.png HTTP/1.1" 200 1262 "http://www.easydrivers.at/dornbirn/aktionen" "Mozilla/5.0 (iPhone; CPU iPhone OS 10_3_3 like Mac OS X) AppleWebKit/603.3.8 (KHTML, like Gecko) Version/10.0 Mobile/14G60 Safari/602.1"
213.225.6.15 - - [16/Aug/2017:06:45:35 +0200] "GET /img/smallicon-phone.png HTTP/1.1" 200 3056 "http://www.easydrivers.at/dornbirn/aktionen" "Mozilla/5.0 (iPhone; CPU iPhone OS 10_3_3 like Mac OS X) AppleWebKit/603.3.8 (KHTML, like Gecko) Version/10.0 Mobile/14G60 Safari/602.1"
213.225.6.15 - - [16/Aug/2017:06:45:35 +0200] "GET /img/mobile/bg-header.jpg HTTP/1.1" 200 19741 "http://www.easydrivers.at/dornbirn/aktionen" "Mozilla/5.0 (iPhone; CPU iPhone OS 10_3_3 like Mac OS X) AppleWebKit/603.3.8 (KHTML, like Gecko) Version/10.0 Mobile/14G60 Safari/602.1"
213.225.6.15 - - [16/Aug/2017:06:45:35 +0200] "GET /img/smallicon-mail.png HTTP/1.1" 200 1341 "http://www.easydrivers.at/dornbirn/aktionen" "Mozilla/5.0 (iPhone; CPU iPhone OS 10_3_3 like Mac OS X) AppleWebKit/603.3.8 (KHTML, like Gecko) Version/10.0 Mobile/14G60 Safari/602.1"
213.225.6.15 - - [16/Aug/2017:06:45:35 +0200] "GET /img/mobile/bg-menu.jpg HTTP/1.1" 200 1698 "http://www.easydrivers.at/dornbirn/aktionen" "Mozilla/5.0 (iPhone; CPU iPhone OS 10_3_3 like Mac OS X) AppleWebKit/603.3.8 (KHTML, like Gecko) Version/10.0 Mobile/14G60 Safari/602.1"
213.225.6.15 - - [16/Aug/2017:06:45:35 +0200] "GET /img/mobile/bg-top-section.jpg HTTP/1.1" 200 21711 "http://www.easydrivers.at/dornbirn/aktionen" "Mozilla/5.0 (iPhone; CPU iPhone OS 10_3_3 like Mac OS X) AppleWebKit/603.3.8 (KHTML, like Gecko) Version/10.0 Mobile/14G60 Safari/602.1"
216.244.66.249 - - [16/Aug/2017:06:45:40 +0200] "GET /linz/aktionen HTTP/1.1" 200 8861 "-" "Mozilla/5.0 (compatible; DotBot/1.1; http://www.opensiteexplorer.org/dotbot, help@moz.com)"
207.46.13.127 - - [16/Aug/2017:06:45:41 +0200] "GET /waidhofen.thaya/10285219?FS=AM HTTP/1.1" 200 5518 "-" "Mozilla/5.0 (compatible; bingbot/2.0; +http://www.bing.com/bingbot.htm)"
157.55.39.246 - - [16/Aug/2017:06:45:57 +0200] "GET /javascript/jquery.base64.min.js HTTP/1.1" 200 37135 "-" "Mozilla/5.0 (compatible; bingbot/2.0; +http://www.bing.com/bingbot.htm)"
157.55.39.246 - - [16/Aug/2017:06:45:58 +0200] "GET /javascript/jquery.showLoading.min.js HTTP/1.1" 200 1136 "-" "Mozilla/5.0 (compatible; bingbot/2.0; +http://www.bing.com/bingbot.htm)"
213.225.6.15 - - [16/Aug/2017:06:45:59 +0200] "GET /dornbirn/aktionen HTTP/1.1" 200 2656 "http://www.easydrivers.at/dornbirn/aktionen" "Mozilla/5.0 (iPhone; CPU iPhone OS 10_3_3 like Mac OS X) AppleWebKit/603.3.8 (KHTML, like Gecko) Version/10.0 Mobile/14G60 Safari/602.1"
213.225.6.15 - - [16/Aug/2017:06:46:11 +0200] "GET /fuehrerscheine/auto HTTP/1.1" 200 5440 "http://www.easydrivers.at/dornbirn/aktionen" "Mozilla/5.0 (iPhone; CPU iPhone OS 10_3_3 like Mac OS X) AppleWebKit/603.3.8 (KHTML, like Gecko) Version/10.0 Mobile/14G60 Safari/602.1"
213.225.6.15 - - [16/Aug/2017:06:46:13 +0200] "GET /javascript/mobile-license.js HTTP/1.1" 200 216 "http://www.easydrivers.at/fuehrerscheine/auto" "Mozilla/5.0 (iPhone; CPU iPhone OS 10_3_3 like Mac OS X) AppleWebKit/603.3.8 (KHTML, like Gecko) Version/10.0 Mobile/14G60 Safari/602.1"
213.225.6.15 - - [16/Aug/2017:06:46:13 +0200] "GET /img/mobile/weiter-button.png HTTP/1.1" 200 1670 "http://www.easydrivers.at/fuehrerscheine/auto" "Mozilla/5.0 (iPhone; CPU iPhone OS 10_3_3 like Mac OS X) AppleWebKit/603.3.8 (KHTML, like Gecko) Version/10.0 Mobile/14G60 Safari/602.1"
213.225.6.15 - - [16/Aug/2017:06:46:13 +0200] "GET /img/mobile/bg-yellow.jpg HTTP/1.1" 200 1569 "http://www.easydrivers.at/fuehrerscheine/auto" "Mozilla/5.0 (iPhone; CPU iPhone OS 10_3_3 like Mac OS X) AppleWebKit/603.3.8 (KHTML, like Gecko) Version/10.0 Mobile/14G60 Safari/602.1"
213.225.6.15 - - [16/Aug/2017:06:46:18 +0200] "GET /img/mobile/pfeil-rechts-small.png HTTP/1.1" 200 1056 "http://www.easydrivers.at/fuehrerscheine/auto" "Mozilla/5.0 (iPhone; CPU iPhone OS 10_3_3 like Mac OS X) AppleWebKit/603.3.8 (KHTML, like Gecko) Version/10.0 Mobile/14G60 Safari/602.1"
213.225.6.15 - - [16/Aug/2017:06:46:18 +0200] "GET /img/mobile/pfeil-links-small.png HTTP/1.1" 200 1065 "http://www.easydrivers.at/fuehrerscheine/auto" "Mozilla/5.0 (iPhone; CPU iPhone OS 10_3_3 like Mac OS X) AppleWebKit/603.3.8 (KHTML, like Gecko) Version/10.0 Mobile/14G60 Safari/602.1"
213.225.6.15 - - [16/Aug/2017:06:46:27 +0200] "POST / HTTP/1.1" 200 3572 "http://www.easydrivers.at/fuehrerscheine/auto" "Mozilla/5.0 (iPhone; CPU iPhone OS 10_3_3 like Mac OS X) AppleWebKit/603.3.8 (KHTML, like Gecko) Version/10.0 Mobile/14G60 Safari/602.1"
213.225.6.15 - - [16/Aug/2017:06:46:29 +0200] "GET /img/mobile/widget-icon-app.png HTTP/1.1" 200 3458 "http://www.easydrivers.at/" "Mozilla/5.0 (iPhone; CPU iPhone OS 10_3_3 like Mac OS X) AppleWebKit/603.3.8 (KHTML, like Gecko) Version/10.0 Mobile/14G60 Safari/602.1"
213.225.6.15 - - [16/Aug/2017:06:46:29 +0200] "GET /javascript/mobile-homesearch.js HTTP/1.1" 200 340 "http://www.easydrivers.at/" "Mozilla/5.0 (iPhone; CPU iPhone OS 10_3_3 like Mac OS X) AppleWebKit/603.3.8 (KHTML, like Gecko) Version/10.0 Mobile/14G60 Safari/602.1"
213.225.6.15 - - [16/Aug/2017:06:46:29 +0200] "GET /img/mobile/pfeil-rechts.png HTTP/1.1" 200 1228 "http://www.easydrivers.at/" "Mozilla/5.0 (iPhone; CPU iPhone OS 10_3_3 like Mac OS X) AppleWebKit/603.3.8 (KHTML, like Gecko) Version/10.0 Mobile/14G60 Safari/602.1"
213.225.6.15 - - [16/Aug/2017:06:46:42 +0200] "GET /dornbirn HTTP/1.1" 200 3036 "http://www.easydrivers.at/" "Mozilla/5.0 (iPhone; CPU iPhone OS 10_3_3 like Mac OS X) AppleWebKit/603.3.8 (KHTML, like Gecko) Version/10.0 Mobile/14G60 Safari/602.1"
213.225.6.15 - - [16/Aug/2017:06:46:50 +0200] "POST /dornbirn/kursauswahl HTTP/1.1" 200 3217 "http://www.easydrivers.at/dornbirn" "Mozilla/5.0 (iPhone; CPU iPhone OS 10_3_3 like Mac OS X) AppleWebKit/603.3.8 (KHTML, like Gecko) Version/10.0 Mobile/14G60 Safari/602.1"
213.225.6.15 - - [16/Aug/2017:06:46:52 +0200] "GET /javascript/mobile-fahrschule-kurs-suchergebnis.js HTTP/1.1" 200 274 "http://www.easydrivers.at/dornbirn/kursauswahl" "Mozilla/5.0 (iPhone; CPU iPhone OS 10_3_3 like Mac OS X) AppleWebKit/603.3.8 (KHTML, like Gecko) Version/10.0 Mobile/14G60 Safari/602.1"
213.225.6.15 - - [16/Aug/2017:06:46:52 +0200] "GET /img/loading-bars.gif HTTP/1.1" 200 3951 "http://www.easydrivers.at/dornbirn/kursauswahl" "Mozilla/5.0 (iPhone; CPU iPhone OS 10_3_3 like Mac OS X) AppleWebKit/603.3.8 (KHTML, like Gecko) Version/10.0 Mobile/14G60 Safari/602.1"
213.225.6.15 - - [16/Aug/2017:06:47:02 +0200] "POST /loadkursliste HTTP/1.1" 200 578 "http://www.easydrivers.at/dornbirn/kursauswahl" "Mozilla/5.0 (iPhone; CPU iPhone OS 10_3_3 like Mac OS X) AppleWebKit/603.3.8 (KHTML, like Gecko) Version/10.0 Mobile/14G60 Safari/602.1"
213.225.39.209 - - [16/Aug/2017:06:47:36 +0200] "GET / HTTP/1.1" 200 3564 "http://www.google.at/" "Mozilla/5.0 (Linux; Android 4.4.4; SM-G388F Build/KTU84P) AppleWebKit/537.36 (KHTML, like Gecko) Chrome/58.0.3029.83 Mobile Safari/537.36"
213.225.39.209 - - [16/Aug/2017:06:47:38 +0200] "GET /javascript/jquery.cookie.js HTTP/1.1" 200 863 "http://www.easydrivers.at/" "Mozilla/5.0 (Linux; Android 4.4.4; SM-G388F Build/KTU84P) AppleWebKit/537.36 (KHTML, like Gecko) Chrome/58.0.3029.83 Mobile Safari/537.36"
213.225.39.209 - - [16/Aug/2017:06:47:38 +0200] "GET /css/mobile.css HTTP/1.1" 200 2852 "http://www.easydrivers.at/" "Mozilla/5.0 (Linux; Android 4.4.4; SM-G388F Build/KTU84P) AppleWebKit/537.36 (KHTML, like Gecko) Chrome/58.0.3029.83 Mobile Safari/537.36"
213.225.39.209 - - [16/Aug/2017:06:47:38 +0200] "GET /javascript/mobile-menu.js HTTP/1.1" 200 1634 "http://www.easydrivers.at/" "Mozilla/5.0 (Linux; Android 4.4.4; SM-G388F Build/KTU84P) AppleWebKit/537.36 (KHTML, like Gecko) Chrome/58.0.3029.83 Mobile Safari/537.36"
213.225.39.209 - - [16/Aug/2017:06:47:38 +0200] "GET /javascript/jquery.simplemodal.js HTTP/1.1" 200 3070 "http://www.easydrivers.at/" "Mozilla/5.0 (Linux; Android 4.4.4; SM-G388F Build/KTU84P) AppleWebKit/537.36 (KHTML, like Gecko) Chrome/58.0.3029.83 Mobile Safari/537.36"
213.225.39.209 - - [16/Aug/2017:06:47:38 +0200] "GET /javascript/jquery-1.9.1.min.js HTTP/1.1" 200 32731 "http://www.easydrivers.at/" "Mozilla/5.0 (Linux; Android 4.4.4; SM-G388F Build/KTU84P) AppleWebKit/537.36 (KHTML, like Gecko) Chrome/58.0.3029.83 Mobile Safari/537.36"
213.225.39.209 - - [16/Aug/2017:06:47:38 +0200] "GET /javascript/mobile-homesearch.js HTTP/1.1" 200 340 "http://www.easydrivers.at/" "Mozilla/5.0 (Linux; Android 4.4.4; SM-G388F Build/KTU84P) AppleWebKit/537.36 (KHTML, like Gecko) Chrome/58.0.3029.83 Mobile Safari/537.36"
213.225.39.209 - - [16/Aug/2017:06:47:38 +0200] "GET /javascript/lazyload.js HTTP/1.1" 200 1170 "http://www.easydrivers.at/" "Mozilla/5.0 (Linux; Android 4.4.4; SM-G388F Build/KTU84P) AppleWebKit/537.36 (KHTML, like Gecko) Chrome/58.0.3029.83 Mobile Safari/537.36"
213.225.39.209 - - [16/Aug/2017:06:47:38 +0200] "GET /img/mobile/easydrivers-logo-mobile.png HTTP/1.1" 200 10766 "http://www.easydrivers.at/" "Mozilla/5.0 (Linux; Android 4.4.4; SM-G388F Build/KTU84P) AppleWebKit/537.36 (KHTML, like Gecko) Chrome/58.0.3029.83 Mobile Safari/537.36"
213.225.39.209 - - [16/Aug/2017:06:47:38 +0200] "GET /img/mobile/close-button.png HTTP/1.1" 200 2411 "http://www.easydrivers.at/" "Mozilla/5.0 (Linux; Android 4.4.4; SM-G388F Build/KTU84P) AppleWebKit/537.36 (KHTML, like Gecko) Chrome/58.0.3029.83 Mobile Safari/537.36"
213.225.39.209 - - [16/Aug/2017:06:47:38 +0200] "GET /img/mobile/facebook-icon.png HTTP/1.1" 200 1902 "http://www.easydrivers.at/" "Mozilla/5.0 (Linux; Android 4.4.4; SM-G388F Build/KTU84P) AppleWebKit/537.36 (KHTML, like Gecko) Chrome/58.0.3029.83 Mobile Safari/537.36"
213.225.39.209 - - [16/Aug/2017:06:47:38 +0200] "GET /img/mobile/menu-button.png HTTP/1.1" 200 1746 "http://www.easydrivers.at/" "Mozilla/5.0 (Linux; Android 4.4.4; SM-G388F Build/KTU84P) AppleWebKit/537.36 (KHTML, like Gecko) Chrome/58.0.3029.83 Mobile Safari/537.36"
213.225.39.209 - - [16/Aug/2017:06:47:38 +0200] "GET /img/mobile/widget-icon-app.png HTTP/1.1" 200 3458 "http://www.easydrivers.at/" "Mozilla/5.0 (Linux; Android 4.4.4; SM-G388F Build/KTU84P) AppleWebKit/537.36 (KHTML, like Gecko) Chrome/58.0.3029.83 Mobile Safari/537.36"
213.225.39.209 - - [16/Aug/2017:06:47:38 +0200] "GET /img/mobile/bg-header.jpg HTTP/1.1" 200 19741 "http://www.easydrivers.at/css/mobile.css" "Mozilla/5.0 (Linux; Android 4.4.4; SM-G388F Build/KTU84P) AppleWebKit/537.36 (KHTML, like Gecko) Chrome/58.0.3029.83 Mobile Safari/537.36"
213.225.39.209 - - [16/Aug/2017:06:47:38 +0200] "GET /img/mobile/bg-top-section.jpg HTTP/1.1" 200 21711 "http://www.easydrivers.at/css/mobile.css" "Mozilla/5.0 (Linux; Android 4.4.4; SM-G388F Build/KTU84P) AppleWebKit/537.36 (KHTML, like Gecko) Chrome/58.0.3029.83 Mobile Safari/537.36"
213.225.39.209 - - [16/Aug/2017:06:47:38 +0200] "GET /img/mobile/bg-menu.jpg HTTP/1.1" 200 1698 "http://www.easydrivers.at/css/mobile.css" "Mozilla/5.0 (Linux; Android 4.4.4; SM-G388F Build/KTU84P) AppleWebKit/537.36 (KHTML, like Gecko) Chrome/58.0.3029.83 Mobile Safari/537.36"
213.225.39.209 - - [16/Aug/2017:06:47:38 +0200] "GET /img/mobile/pfeil-rechts.png HTTP/1.1" 200 1228 "http://www.easydrivers.at/css/mobile.css" "Mozilla/5.0 (Linux; Android 4.4.4; SM-G388F Build/KTU84P) AppleWebKit/537.36 (KHTML, like Gecko) Chrome/58.0.3029.83 Mobile Safari/537.36"
213.225.6.15 - - [16/Aug/2017:06:47:37 +0200] "GET /links HTTP/1.1" 200 1980 "http://www.easydrivers.at/dornbirn/kursauswahl" "Mozilla/5.0 (iPhone; CPU iPhone OS 10_3_3 like Mac OS X) AppleWebKit/603.3.8 (KHTML, like Gecko) Version/10.0 Mobile/14G60 Safari/602.1"
213.225.39.209 - - [16/Aug/2017:06:47:39 +0200] "GET /img/favicon.ico HTTP/1.1" 404 300 "http://www.easydrivers.at/" "Mozilla/5.0 (Linux; Android 4.4.4; SM-G388F Build/KTU84P) AppleWebKit/537.36 (KHTML, like Gecko) Chrome/58.0.3029.83 Mobile Safari/537.36"
213.150.232.31 - - [16/Aug/2017:06:47:39 +0200] "GET /fuehrerscheine/traktor HTTP/1.1" 200 2869 "android-app://com.google.android.googlequicksearchbox" "Mozilla/5.0 (Linux; Android 6.0.1; SM-A320FL Build/MMB29K) AppleWebKit/537.36 (KHTML, like Gecko) Chrome/59.0.3071.125 Mobile Safari/537.36"
213.150.232.31 - - [16/Aug/2017:06:47:40 +0200] "GET /css/mobile.css HTTP/1.1" 200 2852 "http://www.easydrivers.at/fuehrerscheine/traktor" "Mozilla/5.0 (Linux; Android 6.0.1; SM-A320FL Build/MMB29K) AppleWebKit/537.36 (KHTML, like Gecko) Chrome/59.0.3071.125 Mobile Safari/537.36"
213.150.232.31 - - [16/Aug/2017:06:47:40 +0200] "GET /javascript/jquery.cookie.js HTTP/1.1" 200 863 "http://www.easydrivers.at/fuehrerscheine/traktor" "Mozilla/5.0 (Linux; Android 6.0.1; SM-A320FL Build/MMB29K) AppleWebKit/537.36 (KHTML, like Gecko) Chrome/59.0.3071.125 Mobile Safari/537.36"
213.150.232.31 - - [16/Aug/2017:06:47:40 +0200] "GET /javascript/mobile-menu.js HTTP/1.1" 200 1634 "http://www.easydrivers.at/fuehrerscheine/traktor" "Mozilla/5.0 (Linux; Android 6.0.1; SM-A320FL Build/MMB29K) AppleWebKit/537.36 (KHTML, like Gecko) Chrome/59.0.3071.125 Mobile Safari/537.36"
213.150.232.31 - - [16/Aug/2017:06:47:40 +0200] "GET /javascript/jquery-1.9.1.min.js HTTP/1.1" 200 32731 "http://www.easydrivers.at/fuehrerscheine/traktor" "Mozilla/5.0 (Linux; Android 6.0.1; SM-A320FL Build/MMB29K) AppleWebKit/537.36 (KHTML, like Gecko) Chrome/59.0.3071.125 Mobile Safari/537.36"
213.150.232.31 - - [16/Aug/2017:06:47:40 +0200] "GET /javascript/jquery.simplemodal.js HTTP/1.1" 200 3070 "http://www.easydrivers.at/fuehrerscheine/traktor" "Mozilla/5.0 (Linux; Android 6.0.1; SM-A320FL Build/MMB29K) AppleWebKit/537.36 (KHTML, like Gecko) Chrome/59.0.3071.125 Mobile Safari/537.36"
213.150.232.31 - - [16/Aug/2017:06:47:41 +0200] "GET /javascript/mobile-license.js HTTP/1.1" 200 216 "http://www.easydrivers.at/fuehrerscheine/traktor" "Mozilla/5.0 (Linux; Android 6.0.1; SM-A320FL Build/MMB29K) AppleWebKit/537.36 (KHTML, like Gecko) Chrome/59.0.3071.125 Mobile Safari/537.36"
213.150.232.31 - - [16/Aug/2017:06:47:41 +0200] "GET /javascript/lazyload.js HTTP/1.1" 200 1170 "http://www.easydrivers.at/fuehrerscheine/traktor" "Mozilla/5.0 (Linux; Android 6.0.1; SM-A320FL Build/MMB29K) AppleWebKit/537.36 (KHTML, like Gecko) Chrome/59.0.3071.125 Mobile Safari/537.36"
213.150.232.31 - - [16/Aug/2017:06:47:41 +0200] "GET /img/mobile/easydrivers-logo-mobile.png HTTP/1.1" 200 10766 "http://www.easydrivers.at/fuehrerscheine/traktor" "Mozilla/5.0 (Linux; Android 6.0.1; SM-A320FL Build/MMB29K) AppleWebKit/537.36 (KHTML, like Gecko) Chrome/59.0.3071.125 Mobile Safari/537.36"
213.150.232.31 - - [16/Aug/2017:06:47:41 +0200] "GET /img/mobile/menu-button.png HTTP/1.1" 200 1746 "http://www.easydrivers.at/fuehrerscheine/traktor" "Mozilla/5.0 (Linux; Android 6.0.1; SM-A320FL Build/MMB29K) AppleWebKit/537.36 (KHTML, like Gecko) Chrome/59.0.3071.125 Mobile Safari/537.36"
213.150.232.31 - - [16/Aug/2017:06:47:41 +0200] "GET /img/mobile/close-button.png HTTP/1.1" 200 2411 "http://www.easydrivers.at/fuehrerscheine/traktor" "Mozilla/5.0 (Linux; Android 6.0.1; SM-A320FL Build/MMB29K) AppleWebKit/537.36 (KHTML, like Gecko) Chrome/59.0.3071.125 Mobile Safari/537.36"
213.150.232.31 - - [16/Aug/2017:06:47:41 +0200] "GET /img/mobile/facebook-icon.png HTTP/1.1" 200 1902 "http://www.easydrivers.at/fuehrerscheine/traktor" "Mozilla/5.0 (Linux; Android 6.0.1; SM-A320FL Build/MMB29K) AppleWebKit/537.36 (KHTML, like Gecko) Chrome/59.0.3071.125 Mobile Safari/537.36"
213.150.232.31 - - [16/Aug/2017:06:47:41 +0200] "GET /img/mobile/bg-header.jpg HTTP/1.1" 200 19741 "http://www.easydrivers.at/css/mobile.css" "Mozilla/5.0 (Linux; Android 6.0.1; SM-A320FL Build/MMB29K) AppleWebKit/537.36 (KHTML, like Gecko) Chrome/59.0.3071.125 Mobile Safari/537.36"
213.150.232.31 - - [16/Aug/2017:06:47:41 +0200] "GET /img/mobile/weiter-button.png HTTP/1.1" 200 1670 "http://www.easydrivers.at/css/mobile.css" "Mozilla/5.0 (Linux; Android 6.0.1; SM-A320FL Build/MMB29K) AppleWebKit/537.36 (KHTML, like Gecko) Chrome/59.0.3071.125 Mobile Safari/537.36"
213.150.232.31 - - [16/Aug/2017:06:47:41 +0200] "GET /img/mobile/bg-yellow.jpg HTTP/1.1" 200 1569 "http://www.easydrivers.at/css/mobile.css" "Mozilla/5.0 (Linux; Android 6.0.1; SM-A320FL Build/MMB29K) AppleWebKit/537.36 (KHTML, like Gecko) Chrome/59.0.3071.125 Mobile Safari/537.36"
213.150.232.31 - - [16/Aug/2017:06:47:41 +0200] "GET /img/mobile/bg-menu.jpg HTTP/1.1" 200 1698 "http://www.easydrivers.at/css/mobile.css" "Mozilla/5.0 (Linux; Android 6.0.1; SM-A320FL Build/MMB29K) AppleWebKit/537.36 (KHTML, like Gecko) Chrome/59.0.3071.125 Mobile Safari/537.36"
213.150.232.31 - - [16/Aug/2017:06:47:41 +0200] "GET /img/favicon.ico HTTP/1.1" 404 300 "http://www.easydrivers.at/fuehrerscheine/traktor" "Mozilla/5.0 (Linux; Android 6.0.1; SM-A320FL Build/MMB29K) AppleWebKit/537.36 (KHTML, like Gecko) Chrome/59.0.3071.125 Mobile Safari/537.36"
213.150.232.31 - - [16/Aug/2017:06:47:46 +0200] "GET /img/mobile/pfeil-links-small.png HTTP/1.1" 200 1065 "http://www.easydrivers.at/css/mobile.css" "Mozilla/5.0 (Linux; Android 6.0.1; SM-A320FL Build/MMB29K) AppleWebKit/537.36 (KHTML, like Gecko) Chrome/59.0.3071.125 Mobile Safari/537.36"
213.150.232.31 - - [16/Aug/2017:06:47:46 +0200] "GET /img/mobile/pfeil-rechts-small.png HTTP/1.1" 200 1056 "http://www.easydrivers.at/css/mobile.css" "Mozilla/5.0 (Linux; Android 6.0.1; SM-A320FL Build/MMB29K) AppleWebKit/537.36 (KHTML, like Gecko) Chrome/59.0.3071.125 Mobile Safari/537.36"
213.225.6.15 - - [16/Aug/2017:06:47:50 +0200] "GET /fuehrerscheinerwerb HTTP/1.1" 200 1855 "http://www.easydrivers.at/links" "Mozilla/5.0 (iPhone; CPU iPhone OS 10_3_3 like Mac OS X) AppleWebKit/603.3.8 (KHTML, like Gecko) Version/10.0 Mobile/14G60 Safari/602.1"
213.225.6.15 - - [16/Aug/2017:06:47:55 +0200] "GET /download.php?id=10288448 HTTP/1.1" 200 2431753 "http://www.easydrivers.at/fuehrerscheinerwerb" "Mozilla/5.0 (iPhone; CPU iPhone OS 10_3_3 like Mac OS X) AppleWebKit/603.3.8 (KHTML, like Gecko) Version/10.0 Mobile/14G60 Safari/602.1"
178.115.130.172 - - [16/Aug/2017:06:48:01 +0200] "GET /schwechat/10280392?FS=B-L17 HTTP/1.1" 200 3415 "http://www.easydrivers.at/suche" "Mozilla/5.0 (iPhone; CPU iPhone OS 10_2_1 like Mac OS X) AppleWebKit/602.4.6 (KHTML, like Gecko) Version/10.0 Mobile/14D27 Safari/602.1"
213.225.6.15 - - [16/Aug/2017:06:48:32 +0200] "GET /ueberuns HTTP/1.1" 200 3286 "http://www.easydrivers.at/fuehrerscheinerwerb" "Mozilla/5.0 (iPhone; CPU iPhone OS 10_3_3 like Mac OS X) AppleWebKit/603.3.8 (KHTML, like Gecko) Version/10.0 Mobile/14G60 Safari/602.1"
213.225.6.15 - - [16/Aug/2017:06:48:34 +0200] "GET /binaries/easy-drivers-portal/edwebhistoryillu392x3922jpg.jpg HTTP/1.1" 200 32209 "http://www.easydrivers.at/ueberuns" "Mozilla/5.0 (iPhone; CPU iPhone OS 10_3_3 like Mac OS X) AppleWebKit/603.3.8 (KHTML, like Gecko) Version/10.0 Mobile/14G60 Safari/602.1"
213.225.6.15 - - [16/Aug/2017:06:48:34 +0200] "GET /binaries/easy-drivers-portal/edwebhistoryillu392x3923jpg.jpg HTTP/1.1" 200 54656 "http://www.easydrivers.at/ueberuns" "Mozilla/5.0 (iPhone; CPU iPhone OS 10_3_3 like Mac OS X) AppleWebKit/603.3.8 (KHTML, like Gecko) Version/10.0 Mobile/14G60 Safari/602.1"
213.225.6.15 - - [16/Aug/2017:06:48:34 +0200] "GET /binaries/easy-drivers-portal/edwebhistoryillu392x3924jpg.jpg HTTP/1.1" 200 35765 "http://www.easydrivers.at/ueberuns" "Mozilla/5.0 (iPhone; CPU iPhone OS 10_3_3 like Mac OS X) AppleWebKit/603.3.8 (KHTML, like Gecko) Version/10.0 Mobile/14G60 Safari/602.1"
