80.240.227.53 - - [16/Aug/2017:08:42:37 +0200] "GET /fuehrerscheine/mofa/AM-M HTTP/1.1" 200 3470 "http://www.easydrivers.at/fuehrerscheine/mofa" "Mozilla/5.0 (Windows NT 6.1; WOW64; Trident/7.0; rv:11.0) like Gecko"
217.149.172.138 - - [16/Aug/2017:08:42:40 +0200] "GET /fahrschulen HTTP/1.1" 200 3923 "http://ed.activities.at/entry.php?id=11677" "Mozilla/5.0 (Macintosh; Intel Mac OS X 10_12_6) AppleWebKit/537.36 (KHTML, like Gecko) Chrome/60.0.3112.90 Safari/537.36"
217.149.172.138 - - [16/Aug/2017:08:42:41 +0200] "GET /img/austria-map.jpg HTTP/1.1" 200 57110 "http://www.easydrivers.at/fahrschulen" "Mozilla/5.0 (Macintosh; Intel Mac OS X 10_12_6) AppleWebKit/537.36 (KHTML, like Gecko) Chrome/60.0.3112.90 Safari/537.36"
217.149.172.138 - - [16/Aug/2017:08:42:41 +0200] "GET /img/austria-map-burgenland.png HTTP/1.1" 200 10146 "http://www.easydrivers.at/fahrschulen" "Mozilla/5.0 (Macintosh; Intel Mac OS X 10_12_6) AppleWebKit/537.36 (KHTML, like Gecko) Chrome/60.0.3112.90 Safari/537.36"
217.149.172.138 - - [16/Aug/2017:08:42:41 +0200] "GET /img/austria-map-kaernten.png HTTP/1.1" 200 9968 "http://www.easydrivers.at/fahrschulen" "Mozilla/5.0 (Macintosh; Intel Mac OS X 10_12_6) AppleWebKit/537.36 (KHTML, like Gecko) Chrome/60.0.3112.90 Safari/537.36"
217.149.172.138 - - [16/Aug/2017:08:42:42 +0200] "GET /img/austria-map-noe.png HTTP/1.1" 200 17166 "http://www.easydrivers.at/fahrschulen" "Mozilla/5.0 (Macintosh; Intel Mac OS X 10_12_6) AppleWebKit/537.36 (KHTML, like Gecko) Chrome/60.0.3112.90 Safari/537.36"
217.149.172.138 - - [16/Aug/2017:08:42:42 +0200] "GET /img/austria-map-ooe.png HTTP/1.1" 200 14597 "http://www.easydrivers.at/fahrschulen" "Mozilla/5.0 (Macintosh; Intel Mac OS X 10_12_6) AppleWebKit/537.36 (KHTML, like Gecko) Chrome/60.0.3112.90 Safari/537.36"
217.149.172.138 - - [16/Aug/2017:08:42:42 +0200] "GET /img/austria-map-salzburg.png HTTP/1.1" 200 13786 "http://www.easydrivers.at/fahrschulen" "Mozilla/5.0 (Macintosh; Intel Mac OS X 10_12_6) AppleWebKit/537.36 (KHTML, like Gecko) Chrome/60.0.3112.90 Safari/537.36"
217.149.172.138 - - [16/Aug/2017:08:42:42 +0200] "GET /img/austria-map-steiermark.png HTTP/1.1" 200 14192 "http://www.easydrivers.at/fahrschulen" "Mozilla/5.0 (Macintosh; Intel Mac OS X 10_12_6) AppleWebKit/537.36 (KHTML, like Gecko) Chrome/60.0.3112.90 Safari/537.36"
217.149.172.138 - - [16/Aug/2017:08:42:42 +0200] "GET /img/austria-map-tirol.png HTTP/1.1" 200 13911 "http://www.easydrivers.at/fahrschulen" "Mozilla/5.0 (Macintosh; Intel Mac OS X 10_12_6) AppleWebKit/537.36 (KHTML, like Gecko) Chrome/60.0.3112.90 Safari/537.36"
217.149.172.138 - - [16/Aug/2017:08:42:42 +0200] "GET /img/austria-map-vorarlberg.png HTTP/1.1" 200 5780 "http://www.easydrivers.at/fahrschulen" "Mozilla/5.0 (Macintosh; Intel Mac OS X 10_12_6) AppleWebKit/537.36 (KHTML, like Gecko) Chrome/60.0.3112.90 Safari/537.36"
217.149.172.138 - - [16/Aug/2017:08:42:42 +0200] "GET /img/austria-map-wien.png HTTP/1.1" 200 2864 "http://www.easydrivers.at/fahrschulen" "Mozilla/5.0 (Macintosh; Intel Mac OS X 10_12_6) AppleWebKit/537.36 (KHTML, like Gecko) Chrome/60.0.3112.90 Safari/537.36"
185.15.237.100 - - [16/Aug/2017:08:42:43 +0200] "GET /ueberuns HTTP/1.1" 200 3256 "http://www.easydrivers.at/skarabela.gross-enzersdorf" "Mozilla/5.0 (Windows NT 6.3; WOW64; Trident/7.0; rv:11.0) like Gecko"
185.15.237.100 - - [16/Aug/2017:08:42:44 +0200] "GET /css/history.css HTTP/1.1" 200 609 "http://www.easydrivers.at/ueberuns" "Mozilla/5.0 (Windows NT 6.3; WOW64; Trident/7.0; rv:11.0) like Gecko"
185.15.237.100 - - [16/Aug/2017:08:42:45 +0200] "GET /binaries/easy-drivers-portal/edwebhistoryillu392x3922jpg.jpg HTTP/1.1" 200 32209 "http://www.easydrivers.at/ueberuns" "Mozilla/5.0 (Windows NT 6.3; WOW64; Trident/7.0; rv:11.0) like Gecko"
185.15.237.100 - - [16/Aug/2017:08:42:45 +0200] "GET /javascript/history.js HTTP/1.1" 200 967 "http://www.easydrivers.at/ueberuns" "Mozilla/5.0 (Windows NT 6.3; WOW64; Trident/7.0; rv:11.0) like Gecko"
185.15.237.100 - - [16/Aug/2017:08:42:45 +0200] "GET /binaries/easy-drivers-portal/edwebhistoryillu392x3923jpg.jpg HTTP/1.1" 200 54656 "http://www.easydrivers.at/ueberuns" "Mozilla/5.0 (Windows NT 6.3; WOW64; Trident/7.0; rv:11.0) like Gecko"
185.15.237.100 - - [16/Aug/2017:08:42:45 +0200] "GET /binaries/easy-drivers-portal/edwebhistoryillu392x392radjpg.jpg HTTP/1.1" 200 124939 "http://www.easydrivers.at/ueberuns" "Mozilla/5.0 (Windows NT 6.3; WOW64; Trident/7.0; rv:11.0) like Gecko"
185.15.237.100 - - [16/Aug/2017:08:42:45 +0200] "GET /binaries/easy-drivers-portal/edwebhistoryillu392x3924jpg.jpg HTTP/1.1" 200 35765 "http://www.easydrivers.at/ueberuns" "Mozilla/5.0 (Windows NT 6.3; WOW64; Trident/7.0; rv:11.0) like Gecko"
185.15.237.100 - - [16/Aug/2017:08:42:45 +0200] "GET /binaries/easy-drivers-portal/edwebhistoryillu392x3925jpg.jpg HTTP/1.1" 200 31708 "http://www.easydrivers.at/ueberuns" "Mozilla/5.0 (Windows NT 6.3; WOW64; Trident/7.0; rv:11.0) like Gecko"
185.15.237.100 - - [16/Aug/2017:08:42:45 +0200] "GET /binaries/easy-drivers-portal/edwebhistoryillu392x3926jpg.jpg HTTP/1.1" 200 41118 "http://www.easydrivers.at/ueberuns" "Mozilla/5.0 (Windows NT 6.3; WOW64; Trident/7.0; rv:11.0) like Gecko"
185.15.237.100 - - [16/Aug/2017:08:42:46 +0200] "GET /binaries/easy-drivers-portal/edwebhistoryillu392x3928jpg.jpg HTTP/1.1" 200 38907 "http://www.easydrivers.at/ueberuns" "Mozilla/5.0 (Windows NT 6.3; WOW64; Trident/7.0; rv:11.0) like Gecko"
185.15.237.100 - - [16/Aug/2017:08:42:46 +0200] "GET /binaries/easy-drivers-portal/edwebhistoryillu392x3927jpg.jpg HTTP/1.1" 200 71377 "http://www.easydrivers.at/ueberuns" "Mozilla/5.0 (Windows NT 6.3; WOW64; Trident/7.0; rv:11.0) like Gecko"
185.15.237.100 - - [16/Aug/2017:08:42:46 +0200] "GET /binaries/easy-drivers-portal/edwebhistoryillu392x39220kpng.png HTTP/1.1" 200 49333 "http://www.easydrivers.at/ueberuns" "Mozilla/5.0 (Windows NT 6.3; WOW64; Trident/7.0; rv:11.0) like Gecko"
185.15.237.100 - - [16/Aug/2017:08:42:46 +0200] "GET /binaries/easy-drivers-portal/edwebhistoryillu392x3929jpg.jpg HTTP/1.1" 200 31823 "http://www.easydrivers.at/ueberuns" "Mozilla/5.0 (Windows NT 6.3; WOW64; Trident/7.0; rv:11.0) like Gecko"
185.15.237.100 - - [16/Aug/2017:08:42:46 +0200] "GET /binaries/easy-drivers-portal/edwebhistoryillu392x39211jpg.jpg HTTP/1.1" 200 36282 "http://www.easydrivers.at/ueberuns" "Mozilla/5.0 (Windows NT 6.3; WOW64; Trident/7.0; rv:11.0) like Gecko"
185.15.237.100 - - [16/Aug/2017:08:42:47 +0200] "GET /binaries/easy-drivers-portal/edwebhistoryillu392x39210jpg.jpg HTTP/1.1" 200 19475 "http://www.easydrivers.at/ueberuns" "Mozilla/5.0 (Windows NT 6.3; WOW64; Trident/7.0; rv:11.0) like Gecko"
185.15.237.100 - - [16/Aug/2017:08:42:53 +0200] "GET /impressum HTTP/1.1" 200 5875 "http://www.easydrivers.at/ueberuns" "Mozilla/5.0 (Windows NT 6.3; WOW64; Trident/7.0; rv:11.0) like Gecko"
185.15.237.100 - - [16/Aug/2017:08:42:55 +0200] "GET /binaries/easy-drivers-portal/motorrad6jpg.jpg HTTP/1.1" 200 83216 "http://www.easydrivers.at/impressum" "Mozilla/5.0 (Windows NT 6.3; WOW64; Trident/7.0; rv:11.0) like Gecko"
217.149.172.138 - - [16/Aug/2017:08:42:54 +0200] "GET / HTTP/1.1" 200 4409 "-" "Mozilla/5.0 (Macintosh; Intel Mac OS X 10_12_6) AppleWebKit/537.36 (KHTML, like Gecko) Chrome/60.0.3112.90 Safari/537.36"
185.15.237.100 - - [16/Aug/2017:08:42:56 +0200] "GET /img/top-image-overlay.png HTTP/1.1" 200 20650 "http://www.easydrivers.at/impressum" "Mozilla/5.0 (Windows NT 6.3; WOW64; Trident/7.0; rv:11.0) like Gecko"
85.158.137.195 - - [16/Aug/2017:08:42:54 +0200] "GET /perg/10254706 HTTP/1.1" 200 2948 "http://www.google.at/url?sa=t&rct=j&q=&esrc=s&source=web&cd=1&ved=0ahUKEwiaioyjk9vVAhVBvxQKHQ_KAT8QFggrMAA&url=http%3A%2F%2Fwww.easydrivers.at%2Fperg%2F10254706&usg=AFQjCNHsQFtEfMyFBZnCmX3KWLCOx1CiXg" "Mozilla/5.0 (Windows NT 6.3; WOW64; Trident/7.0; rv:11.0) like Gecko"
85.158.137.195 - - [16/Aug/2017:08:42:57 +0200] "GET /css/print.css HTTP/1.1" 200 967 "http://www.easydrivers.at/perg/10254706" "Mozilla/5.0 (Windows NT 6.3; WOW64; Trident/7.0; rv:11.0) like Gecko"
85.158.137.195 - - [16/Aug/2017:08:42:57 +0200] "GET /javascript/portal.js?1221842734 HTTP/1.1" 200 3529 "http://www.easydrivers.at/perg/10254706" "Mozilla/5.0 (Windows NT 6.3; WOW64; Trident/7.0; rv:11.0) like Gecko"
85.158.137.195 - - [16/Aug/2017:08:42:57 +0200] "GET /css/style.css HTTP/1.1" 200 5004 "http://www.easydrivers.at/perg/10254706" "Mozilla/5.0 (Windows NT 6.3; WOW64; Trident/7.0; rv:11.0) like Gecko"
85.158.137.195 - - [16/Aug/2017:08:42:57 +0200] "GET /javascript/lazyload.js HTTP/1.1" 200 1170 "http://www.easydrivers.at/perg/10254706" "Mozilla/5.0 (Windows NT 6.3; WOW64; Trident/7.0; rv:11.0) like Gecko"
85.158.137.195 - - [16/Aug/2017:08:42:57 +0200] "GET /javascript/jquery.customSelect.min.js HTTP/1.1" 304 - "http://www.easydrivers.at/perg/10254706" "Mozilla/5.0 (Windows NT 6.3; WOW64; Trident/7.0; rv:11.0) like Gecko"
85.158.137.195 - - [16/Aug/2017:08:42:57 +0200] "GET /javascript/jquery.cookie.js HTTP/1.1" 200 863 "http://www.easydrivers.at/perg/10254706" "Mozilla/5.0 (Windows NT 6.3; WOW64; Trident/7.0; rv:11.0) like Gecko"
85.158.137.195 - - [16/Aug/2017:08:42:57 +0200] "GET /javascript/jquery.simplemodal.js HTTP/1.1" 200 3070 "http://www.easydrivers.at/perg/10254706" "Mozilla/5.0 (Windows NT 6.3; WOW64; Trident/7.0; rv:11.0) like Gecko"
85.158.137.195 - - [16/Aug/2017:08:42:57 +0200] "GET /img/close-button.png HTTP/1.1" 200 2237 "http://www.easydrivers.at/perg/10254706" "Mozilla/5.0 (Windows NT 6.3; WOW64; Trident/7.0; rv:11.0) like Gecko"
85.158.137.195 - - [16/Aug/2017:08:42:57 +0200] "GET /img/facebook-icon.png HTTP/1.1" 304 - "http://www.easydrivers.at/perg/10254706" "Mozilla/5.0 (Windows NT 6.3; WOW64; Trident/7.0; rv:11.0) like Gecko"
85.158.137.195 - - [16/Aug/2017:08:42:57 +0200] "GET /img/info-button.png HTTP/1.1" 200 738 "http://www.easydrivers.at/perg/10254706" "Mozilla/5.0 (Windows NT 6.3; WOW64; Trident/7.0; rv:11.0) like Gecko"
85.158.137.195 - - [16/Aug/2017:08:42:57 +0200] "GET /img/locator-icon.png HTTP/1.1" 200 1377 "http://www.easydrivers.at/perg/10254706" "Mozilla/5.0 (Windows NT 6.3; WOW64; Trident/7.0; rv:11.0) like Gecko"
85.158.137.195 - - [16/Aug/2017:08:42:57 +0200] "GET /javascript/fahrschule.js HTTP/1.1" 304 - "http://www.easydrivers.at/perg/10254706" "Mozilla/5.0 (Windows NT 6.3; WOW64; Trident/7.0; rv:11.0) like Gecko"
85.158.137.195 - - [16/Aug/2017:08:42:57 +0200] "GET /img/close-button-small.png HTTP/1.1" 304 - "http://www.easydrivers.at/perg/10254706" "Mozilla/5.0 (Windows NT 6.3; WOW64; Trident/7.0; rv:11.0) like Gecko"
85.158.137.195 - - [16/Aug/2017:08:42:57 +0200] "GET /img/schweiz-icon.png HTTP/1.1" 304 - "http://www.easydrivers.at/perg/10254706" "Mozilla/5.0 (Windows NT 6.3; WOW64; Trident/7.0; rv:11.0) like Gecko"
85.158.137.195 - - [16/Aug/2017:08:42:57 +0200] "GET /binaries/easy-drivers-portal/moped1jpg.jpg HTTP/1.1" 200 60962 "http://www.easydrivers.at/perg/10254706" "Mozilla/5.0 (Windows NT 6.3; WOW64; Trident/7.0; rv:11.0) like Gecko"
85.158.137.195 - - [16/Aug/2017:08:42:57 +0200] "GET /binaries/10254712.jpg HTTP/1.1" 200 179072 "http://www.easydrivers.at/perg/10254706" "Mozilla/5.0 (Windows NT 6.3; WOW64; Trident/7.0; rv:11.0) like Gecko"
85.158.137.195 - - [16/Aug/2017:08:42:57 +0200] "GET /img/kursicon-print-pink.png HTTP/1.1" 200 1125 "http://www.easydrivers.at/perg/10254706" "Mozilla/5.0 (Windows NT 6.3; WOW64; Trident/7.0; rv:11.0) like Gecko"
85.158.137.195 - - [16/Aug/2017:08:42:57 +0200] "GET /img/top-image-overlay.png HTTP/1.1" 304 - "http://www.easydrivers.at/perg/10254706" "Mozilla/5.0 (Windows NT 6.3; WOW64; Trident/7.0; rv:11.0) like Gecko"
85.158.137.195 - - [16/Aug/2017:08:42:57 +0200] "GET /img/purple-dots-horizontal.png HTTP/1.1" 200 977 "http://www.easydrivers.at/perg/10254706" "Mozilla/5.0 (Windows NT 6.3; WOW64; Trident/7.0; rv:11.0) like Gecko"
85.158.137.195 - - [16/Aug/2017:08:42:57 +0200] "GET /img/kursicon-phone-pink.png HTTP/1.1" 304 - "http://www.easydrivers.at/perg/10254706" "Mozilla/5.0 (Windows NT 6.3; WOW64; Trident/7.0; rv:11.0) like Gecko"
85.158.137.195 - - [16/Aug/2017:08:42:57 +0200] "GET /img/kursicon-download-pink.png HTTP/1.1" 200 1213 "http://www.easydrivers.at/perg/10254706" "Mozilla/5.0 (Windows NT 6.3; WOW64; Trident/7.0; rv:11.0) like Gecko"
85.158.137.195 - - [16/Aug/2017:08:42:57 +0200] "GET /img/ED_Logo.png HTTP/1.1" 200 3385 "http://www.easydrivers.at/perg/10254706" "Mozilla/5.0 (Windows NT 6.3; WOW64; Trident/7.0; rv:11.0) like Gecko"
85.158.137.195 - - [16/Aug/2017:08:42:57 +0200] "GET /img/kursicon-share-pink.png HTTP/1.1" 304 - "http://www.easydrivers.at/perg/10254706" "Mozilla/5.0 (Windows NT 6.3; WOW64; Trident/7.0; rv:11.0) like Gecko"
85.158.137.195 - - [16/Aug/2017:08:42:57 +0200] "GET /img/bg-top-section.jpg HTTP/1.1" 200 82172 "http://www.easydrivers.at/perg/10254706" "Mozilla/5.0 (Windows NT 6.3; WOW64; Trident/7.0; rv:11.0) like Gecko"
85.158.137.195 - - [16/Aug/2017:08:42:57 +0200] "GET /img/bg-header.jpg HTTP/1.1" 304 - "http://www.easydrivers.at/perg/10254706" "Mozilla/5.0 (Windows NT 6.3; WOW64; Trident/7.0; rv:11.0) like Gecko"
85.158.137.195 - - [16/Aug/2017:08:42:57 +0200] "GET /img/bg-footer.jpg HTTP/1.1" 304 - "http://www.easydrivers.at/perg/10254706" "Mozilla/5.0 (Windows NT 6.3; WOW64; Trident/7.0; rv:11.0) like Gecko"
85.158.137.195 - - [16/Aug/2017:08:42:57 +0200] "GET /img/new_favicon.ico HTTP/1.1" 304 - "-" "Mozilla/5.0 (Windows NT 6.3; WOW64; Trident/7.0; rv:11.0) like Gecko"
85.158.137.195 - - [16/Aug/2017:08:43:02 +0200] "GET /perg/aktionen HTTP/1.1" 200 2921 "http://www.easydrivers.at/perg/10254706" "Mozilla/5.0 (Windows NT 6.3; WOW64; Trident/7.0; rv:11.0) like Gecko"
85.158.137.195 - - [16/Aug/2017:08:43:04 +0200] "GET /binaries/easy-drivers-portal/motorrad2jpg.jpg HTTP/1.1" 200 45802 "http://www.easydrivers.at/perg/aktionen" "Mozilla/5.0 (Windows NT 6.3; WOW64; Trident/7.0; rv:11.0) like Gecko"
85.158.137.195 - - [16/Aug/2017:08:43:04 +0200] "GET /img/bg-yellow.jpg HTTP/1.1" 304 - "http://www.easydrivers.at/perg/aktionen" "Mozilla/5.0 (Windows NT 6.3; WOW64; Trident/7.0; rv:11.0) like Gecko"
85.158.137.195 - - [16/Aug/2017:08:43:07 +0200] "GET /perg/10254706 HTTP/1.1" 200 2947 "http://www.easydrivers.at/perg/aktionen" "Mozilla/5.0 (Windows NT 6.3; WOW64; Trident/7.0; rv:11.0) like Gecko"
85.158.137.195 - - [16/Aug/2017:08:43:09 +0200] "GET /binaries/easy-drivers-portal/pkw6jpg.jpg HTTP/1.1" 200 75742 "http://www.easydrivers.at/perg/10254706" "Mozilla/5.0 (Windows NT 6.3; WOW64; Trident/7.0; rv:11.0) like Gecko"
85.158.137.195 - - [16/Aug/2017:08:43:10 +0200] "GET /browserconfig.xml HTTP/1.1" 404 2359 "-" "Mozilla/5.0 (Windows NT 6.3; Win64; x64; Trident/7.0; rv:11.0) like Gecko"
213.147.161.173 - - [16/Aug/2017:08:43:11 +0200] "GET /img/mobile/close-button.png HTTP/1.1" 200 2411 "-" "Mozilla/5.0 (iPhone; CPU iPhone OS 10_2_1 like Mac OS X) AppleWebKit/602.4.6 (KHTML, like Gecko) Mobile/14D27 [FBAN/FBIOS;FBAV/134.0.0.51.89;FBBV/66179625;FBDV/iPhone8,4;FBMD/iPhone;FBSN/iOS;FBSV/10.2.1;FBSS/2;FBCR/Carrier;FBID/phone;FBLC/de_DE;FBOP/5;FBRV/66988719]"
80.240.227.53 - - [16/Aug/2017:08:43:17 +0200] "GET /fahrschulen HTTP/1.1" 200 3923 "http://www.easydrivers.at/fuehrerscheine/mofa/AM-M" "Mozilla/5.0 (Windows NT 6.1; WOW64; Trident/7.0; rv:11.0) like Gecko"
80.240.227.53 - - [16/Aug/2017:08:43:18 +0200] "GET /img/austria-map-ooe.png HTTP/1.1" 200 14597 "http://www.easydrivers.at/fahrschulen" "Mozilla/5.0 (Windows NT 6.1; WOW64; Trident/7.0; rv:11.0) like Gecko"
80.240.227.53 - - [16/Aug/2017:08:43:18 +0200] "GET /img/austria-map-noe.png HTTP/1.1" 200 17166 "http://www.easydrivers.at/fahrschulen" "Mozilla/5.0 (Windows NT 6.1; WOW64; Trident/7.0; rv:11.0) like Gecko"
80.240.227.53 - - [16/Aug/2017:08:43:18 +0200] "GET /img/austria-map.jpg HTTP/1.1" 200 57110 "http://www.easydrivers.at/fahrschulen" "Mozilla/5.0 (Windows NT 6.1; WOW64; Trident/7.0; rv:11.0) like Gecko"
80.240.227.53 - - [16/Aug/2017:08:43:18 +0200] "GET /img/austria-map-vorarlberg.png HTTP/1.1" 200 5780 "http://www.easydrivers.at/fahrschulen" "Mozilla/5.0 (Windows NT 6.1; WOW64; Trident/7.0; rv:11.0) like Gecko"
80.240.227.53 - - [16/Aug/2017:08:43:18 +0200] "GET /img/austria-map-steiermark.png HTTP/1.1" 200 14192 "http://www.easydrivers.at/fahrschulen" "Mozilla/5.0 (Windows NT 6.1; WOW64; Trident/7.0; rv:11.0) like Gecko"
80.240.227.53 - - [16/Aug/2017:08:43:18 +0200] "GET /img/austria-map-salzburg.png HTTP/1.1" 200 13786 "http://www.easydrivers.at/fahrschulen" "Mozilla/5.0 (Windows NT 6.1; WOW64; Trident/7.0; rv:11.0) like Gecko"
80.240.227.53 - - [16/Aug/2017:08:43:18 +0200] "GET /img/austria-map-tirol.png HTTP/1.1" 200 13911 "http://www.easydrivers.at/fahrschulen" "Mozilla/5.0 (Windows NT 6.1; WOW64; Trident/7.0; rv:11.0) like Gecko"
80.240.227.53 - - [16/Aug/2017:08:43:18 +0200] "GET /img/austria-map-wien.png HTTP/1.1" 200 2864 "http://www.easydrivers.at/fahrschulen" "Mozilla/5.0 (Windows NT 6.1; WOW64; Trident/7.0; rv:11.0) like Gecko"
80.240.227.53 - - [16/Aug/2017:08:43:18 +0200] "GET /javascript/fahrschulen.js HTTP/1.1" 200 470 "http://www.easydrivers.at/fahrschulen" "Mozilla/5.0 (Windows NT 6.1; WOW64; Trident/7.0; rv:11.0) like Gecko"
80.240.227.53 - - [16/Aug/2017:08:43:18 +0200] "GET /img/empty.gif HTTP/1.1" 304 - "http://www.easydrivers.at/fahrschulen" "Mozilla/5.0 (Windows NT 6.1; WOW64; Trident/7.0; rv:11.0) like Gecko"
80.240.227.53 - - [16/Aug/2017:08:43:18 +0200] "GET /img/austria-map-kaernten.png HTTP/1.1" 200 9968 "http://www.easydrivers.at/fahrschulen" "Mozilla/5.0 (Windows NT 6.1; WOW64; Trident/7.0; rv:11.0) like Gecko"
80.240.227.53 - - [16/Aug/2017:08:43:18 +0200] "GET /img/austria-map-burgenland.png HTTP/1.1" 200 10146 "http://www.easydrivers.at/fahrschulen" "Mozilla/5.0 (Windows NT 6.1; WOW64; Trident/7.0; rv:11.0) like Gecko"
80.240.227.53 - - [16/Aug/2017:08:43:19 +0200] "GET /img/purple-dots-horizontal.png HTTP/1.1" 304 - "http://www.easydrivers.at/fahrschulen" "Mozilla/5.0 (Windows NT 6.1; WOW64; Trident/7.0; rv:11.0) like Gecko"
81.217.167.30 - - [16/Aug/2017:08:43:19 +0200] "GET /schwechat HTTP/1.1" 301 299 "-" "Mozilla/5.0 (Windows NT 10.0; Win64; x64) AppleWebKit/537.36 (KHTML, like Gecko) Chrome/52.0.2743.116 Safari/537.36 Edge/15.15063"
217.149.172.138 - - [16/Aug/2017:08:43:18 +0200] "GET /links HTTP/1.1" 200 2317 "http://ed.activities.at/entry.php?id=11677" "Mozilla/5.0 (Macintosh; Intel Mac OS X 10_12_6) AppleWebKit/537.36 (KHTML, like Gecko) Chrome/60.0.3112.90 Safari/537.36"
217.149.172.138 - - [16/Aug/2017:08:43:19 +0200] "GET /img/top-image-overlay.png HTTP/1.1" 200 20650 "http://www.easydrivers.at/css/style.css" "Mozilla/5.0 (Macintosh; Intel Mac OS X 10_12_6) AppleWebKit/537.36 (KHTML, like Gecko) Chrome/60.0.3112.90 Safari/537.36"
217.149.172.138 - - [16/Aug/2017:08:43:19 +0200] "GET /binaries/easy-drivers-portal/motorrad6jpg.jpg HTTP/1.1" 200 83216 "http://www.easydrivers.at/links" "Mozilla/5.0 (Macintosh; Intel Mac OS X 10_12_6) AppleWebKit/537.36 (KHTML, like Gecko) Chrome/60.0.3112.90 Safari/537.36"
81.217.167.30 - - [16/Aug/2017:08:43:19 +0200] "GET /schwechat HTTP/1.1" 200 3509 "-" "Mozilla/5.0 (Windows NT 10.0; Win64; x64) AppleWebKit/537.36 (KHTML, like Gecko) Chrome/52.0.2743.116 Safari/537.36 Edge/15.15063"
217.250.173.83 - - [16/Aug/2017:08:43:22 +0200] "GET /reumannplatz HTTP/1.1" 200 3348 "-" "Mozilla/5.0 (Windows; U; Windows NT 6.0; de; rv:1.9.2.3) Gecko/20100401 Firefox/3.6.3 ( .NET CLR 3.5.30729)"
81.217.167.30 - - [16/Aug/2017:08:43:25 +0200] "GET /img/smallicon-person.png HTTP/1.1" 200 1141 "http://www.easydrivers.at/schwechat" "Mozilla/5.0 (Windows NT 10.0; Win64; x64) AppleWebKit/537.36 (KHTML, like Gecko) Chrome/52.0.2743.116 Safari/537.36 Edge/15.15063"
81.217.167.30 - - [16/Aug/2017:08:43:25 +0200] "GET /img/smallicon-fax.png HTTP/1.1" 200 1205 "http://www.easydrivers.at/schwechat" "Mozilla/5.0 (Windows NT 10.0; Win64; x64) AppleWebKit/537.36 (KHTML, like Gecko) Chrome/52.0.2743.116 Safari/537.36 Edge/15.15063"
80.240.227.53 - - [16/Aug/2017:08:43:25 +0200] "POST /fahrschulen/7000 HTTP/1.1" 200 3148 "http://www.easydrivers.at/fahrschulen" "Mozilla/5.0 (Windows NT 6.1; WOW64; Trident/7.0; rv:11.0) like Gecko"
66.249.66.72 - - [16/Aug/2017:08:43:24 +0200] "GET /amstetten HTTP/1.1" 200 3655 "-" "Mozilla/5.0 (compatible; Googlebot/2.1; +http://www.google.com/bot.html)"
80.240.227.53 - - [16/Aug/2017:08:43:26 +0200] "GET /img/smallicon-address.png HTTP/1.1" 200 1211 "http://www.easydrivers.at/fahrschulen/7000" "Mozilla/5.0 (Windows NT 6.1; WOW64; Trident/7.0; rv:11.0) like Gecko"
80.240.227.53 - - [16/Aug/2017:08:43:26 +0200] "GET /img/locator-icon.png HTTP/1.1" 200 1377 "http://www.easydrivers.at/fahrschulen/7000" "Mozilla/5.0 (Windows NT 6.1; WOW64; Trident/7.0; rv:11.0) like Gecko"
80.240.227.53 - - [16/Aug/2017:08:43:26 +0200] "GET /img/smallicon-time.png HTTP/1.1" 200 1262 "http://www.easydrivers.at/fahrschulen/7000" "Mozilla/5.0 (Windows NT 6.1; WOW64; Trident/7.0; rv:11.0) like Gecko"
80.240.227.53 - - [16/Aug/2017:08:43:26 +0200] "GET /img/smallicon-phone.png HTTP/1.1" 200 3056 "http://www.easydrivers.at/fahrschulen/7000" "Mozilla/5.0 (Windows NT 6.1; WOW64; Trident/7.0; rv:11.0) like Gecko"
80.240.227.53 - - [16/Aug/2017:08:43:26 +0200] "GET /img/smallicon-mail.png HTTP/1.1" 200 1341 "http://www.easydrivers.at/fahrschulen/7000" "Mozilla/5.0 (Windows NT 6.1; WOW64; Trident/7.0; rv:11.0) like Gecko"
217.149.172.138 - - [16/Aug/2017:08:43:28 +0200] "GET /ueberuns HTTP/1.1" 200 3256 "http://ed.activities.at/entry.php?id=11677" "Mozilla/5.0 (Macintosh; Intel Mac OS X 10_12_6) AppleWebKit/537.36 (KHTML, like Gecko) Chrome/60.0.3112.90 Safari/537.36"
178.115.131.127 - - [16/Aug/2017:08:43:32 +0200] "GET /st.poelten HTTP/1.1" 200 2943 "https://www.google.at/" "Mozilla/5.0 (Linux; Android 4.4.2; de-at; SAMSUNG GT-I9301I Build/KOT49H) AppleWebKit/537.36 (KHTML, like Gecko) Version/1.5 Chrome/28.0.1500.94 Mobile Safari/537.36"
213.147.161.173 - - [16/Aug/2017:08:43:41 +0200] "GET /img/mobile/menu-button.png HTTP/1.1" 200 1746 "-" "Mozilla/5.0 (iPhone; CPU iPhone OS 10_2_1 like Mac OS X) AppleWebKit/602.4.6 (KHTML, like Gecko) Mobile/14D27 [FBAN/FBIOS;FBAV/134.0.0.51.89;FBBV/66179625;FBDV/iPhone8,4;FBMD/iPhone;FBSN/iOS;FBSV/10.2.1;FBSS/2;FBCR/Carrier;FBID/phone;FBLC/de_DE;FBOP/5;FBRV/66988719]"
85.158.137.195 - - [16/Aug/2017:08:43:48 +0200] "GET /perg/10255207 HTTP/1.1" 200 2543 "http://www.easydrivers.at/perg/10254706" "Mozilla/5.0 (Windows NT 6.3; WOW64; Trident/7.0; rv:11.0) like Gecko"
85.158.137.195 - - [16/Aug/2017:08:43:50 +0200] "GET /css/mobile.css HTTP/1.1" 200 2852 "http://www.easydrivers.at/perg/10255207" "Mozilla/5.0 (Windows NT 6.3; WOW64; Trident/7.0; rv:11.0) like Gecko"
85.158.137.195 - - [16/Aug/2017:08:43:50 +0200] "GET /img/mobile/menu-button.png HTTP/1.1" 200 1746 "http://www.easydrivers.at/perg/10255207" "Mozilla/5.0 (Windows NT 6.3; WOW64; Trident/7.0; rv:11.0) like Gecko"
85.158.137.195 - - [16/Aug/2017:08:43:50 +0200] "GET /img/mobile/facebook-icon.png HTTP/1.1" 200 1902 "http://www.easydrivers.at/perg/10255207" "Mozilla/5.0 (Windows NT 6.3; WOW64; Trident/7.0; rv:11.0) like Gecko"
85.158.137.195 - - [16/Aug/2017:08:43:50 +0200] "GET /img/mobile/easydrivers-logo-mobile.png HTTP/1.1" 200 10766 "http://www.easydrivers.at/perg/10255207" "Mozilla/5.0 (Windows NT 6.3; WOW64; Trident/7.0; rv:11.0) like Gecko"
85.158.137.195 - - [16/Aug/2017:08:43:50 +0200] "GET /img/mobile/close-button.png HTTP/1.1" 200 2411 "http://www.easydrivers.at/perg/10255207" "Mozilla/5.0 (Windows NT 6.3; WOW64; Trident/7.0; rv:11.0) like Gecko"
85.158.137.195 - - [16/Aug/2017:08:43:50 +0200] "GET /javascript/jquery-1.9.1.min.js HTTP/1.1" 200 32731 "http://www.easydrivers.at/perg/10255207" "Mozilla/5.0 (Windows NT 6.3; WOW64; Trident/7.0; rv:11.0) like Gecko"
85.158.137.195 - - [16/Aug/2017:08:43:50 +0200] "GET /javascript/mobile-menu.js HTTP/1.1" 200 1634 "http://www.easydrivers.at/perg/10255207" "Mozilla/5.0 (Windows NT 6.3; WOW64; Trident/7.0; rv:11.0) like Gecko"
85.158.137.195 - - [16/Aug/2017:08:43:50 +0200] "GET /javascript/mobile-fahrschule.js HTTP/1.1" 200 328 "http://www.easydrivers.at/perg/10255207" "Mozilla/5.0 (Windows NT 6.3; WOW64; Trident/7.0; rv:11.0) like Gecko"
85.158.137.195 - - [16/Aug/2017:08:43:50 +0200] "GET /img/mobile/info-close-button.png HTTP/1.1" 200 1721 "http://www.easydrivers.at/perg/10255207" "Mozilla/5.0 (Windows NT 6.3; WOW64; Trident/7.0; rv:11.0) like Gecko"
85.158.137.195 - - [16/Aug/2017:08:43:50 +0200] "GET /img/mobile/googlemaps-pin.png HTTP/1.1" 200 1597 "http://www.easydrivers.at/perg/10255207" "Mozilla/5.0 (Windows NT 6.3; WOW64; Trident/7.0; rv:11.0) like Gecko"
85.158.137.195 - - [16/Aug/2017:08:43:50 +0200] "GET /img/smallicon-person.png HTTP/1.1" 200 1141 "http://www.easydrivers.at/perg/10255207" "Mozilla/5.0 (Windows NT 6.3; WOW64; Trident/7.0; rv:11.0) like Gecko"
85.158.137.195 - - [16/Aug/2017:08:43:50 +0200] "GET /img/mobile/info-button.png HTTP/1.1" 200 1549 "http://www.easydrivers.at/perg/10255207" "Mozilla/5.0 (Windows NT 6.3; WOW64; Trident/7.0; rv:11.0) like Gecko"
85.158.137.195 - - [16/Aug/2017:08:43:50 +0200] "GET /img/smallicon-address.png HTTP/1.1" 200 1211 "http://www.easydrivers.at/perg/10255207" "Mozilla/5.0 (Windows NT 6.3; WOW64; Trident/7.0; rv:11.0) like Gecko"
85.158.137.195 - - [16/Aug/2017:08:43:50 +0200] "GET /img/smallicon-time.png HTTP/1.1" 200 1262 "http://www.easydrivers.at/perg/10255207" "Mozilla/5.0 (Windows NT 6.3; WOW64; Trident/7.0; rv:11.0) like Gecko"
85.158.137.195 - - [16/Aug/2017:08:43:50 +0200] "GET /img/smallicon-mail.png HTTP/1.1" 200 1341 "http://www.easydrivers.at/perg/10255207" "Mozilla/5.0 (Windows NT 6.3; WOW64; Trident/7.0; rv:11.0) like Gecko"
85.158.137.195 - - [16/Aug/2017:08:43:50 +0200] "GET /img/smallicon-phone.png HTTP/1.1" 304 - "http://www.easydrivers.at/perg/10255207" "Mozilla/5.0 (Windows NT 6.3; WOW64; Trident/7.0; rv:11.0) like Gecko"
85.158.137.195 - - [16/Aug/2017:08:43:50 +0200] "GET /binaries/10255527.jpg HTTP/1.1" 200 296322 "http://www.easydrivers.at/perg/10255207" "Mozilla/5.0 (Windows NT 6.3; WOW64; Trident/7.0; rv:11.0) like Gecko"
85.158.137.195 - - [16/Aug/2017:08:43:51 +0200] "GET /img/mobile/bg-menu.jpg HTTP/1.1" 200 1698 "http://www.easydrivers.at/perg/10255207" "Mozilla/5.0 (Windows NT 6.3; WOW64; Trident/7.0; rv:11.0) like Gecko"
85.158.137.195 - - [16/Aug/2017:08:43:51 +0200] "GET /img/mobile/bg-top-section.jpg HTTP/1.1" 200 21711 "http://www.easydrivers.at/perg/10255207" "Mozilla/5.0 (Windows NT 6.3; WOW64; Trident/7.0; rv:11.0) like Gecko"
85.158.137.195 - - [16/Aug/2017:08:43:51 +0200] "GET /img/mobile/bg-header.jpg HTTP/1.1" 200 19741 "http://www.easydrivers.at/perg/10255207" "Mozilla/5.0 (Windows NT 6.3; WOW64; Trident/7.0; rv:11.0) like Gecko"
85.158.137.195 - - [16/Aug/2017:08:43:52 +0200] "GET /img/favicon.ico HTTP/1.1" 404 300 "-" "Mozilla/5.0 (Windows NT 6.3; WOW64; Trident/7.0; rv:11.0) like Gecko"
85.158.137.195 - - [16/Aug/2017:08:43:52 +0200] "GET /favicon.ico HTTP/1.1" 200 1150 "-" "Mozilla/5.0 (Windows NT 6.3; WOW64; Trident/7.0; rv:11.0) like Gecko"
178.115.131.127 - - [16/Aug/2017:08:43:53 +0200] "POST /st.poelten/kursauswahl HTTP/1.1" 200 2981 "http://www.easydrivers.at/st.poelten" "Mozilla/5.0 (Linux; Android 4.4.2; de-at; SAMSUNG GT-I9301I Build/KOT49H) AppleWebKit/537.36 (KHTML, like Gecko) Version/1.5 Chrome/28.0.1500.94 Mobile Safari/537.36"
178.115.131.127 - - [16/Aug/2017:08:43:56 +0200] "GET /javascript/mobile-fahrschule-kurs-suchergebnis.js HTTP/1.1" 200 274 "http://www.easydrivers.at/st.poelten/kursauswahl" "Mozilla/5.0 (Linux; Android 4.4.2; de-at; SAMSUNG GT-I9301I Build/KOT49H) AppleWebKit/537.36 (KHTML, like Gecko) Version/1.5 Chrome/28.0.1500.94 Mobile Safari/537.36"
178.115.131.127 - - [16/Aug/2017:08:43:56 +0200] "GET /img/mobile/pfeil-links-small.png HTTP/1.1" 200 1065 "http://www.easydrivers.at/st.poelten/kursauswahl" "Mozilla/5.0 (Linux; Android 4.4.2; de-at; SAMSUNG GT-I9301I Build/KOT49H) AppleWebKit/537.36 (KHTML, like Gecko) Version/1.5 Chrome/28.0.1500.94 Mobile Safari/537.36"
178.115.131.127 - - [16/Aug/2017:08:43:56 +0200] "GET /img/mobile/bg-yellow.jpg HTTP/1.1" 200 1569 "http://www.easydrivers.at/st.poelten/kursauswahl" "Mozilla/5.0 (Linux; Android 4.4.2; de-at; SAMSUNG GT-I9301I Build/KOT49H) AppleWebKit/537.36 (KHTML, like Gecko) Version/1.5 Chrome/28.0.1500.94 Mobile Safari/537.36"
178.115.131.127 - - [16/Aug/2017:08:43:56 +0200] "GET /img/loading-bars.gif HTTP/1.1" 200 3951 "http://www.easydrivers.at/st.poelten/kursauswahl" "Mozilla/5.0 (Linux; Android 4.4.2; de-at; SAMSUNG GT-I9301I Build/KOT49H) AppleWebKit/537.36 (KHTML, like Gecko) Version/1.5 Chrome/28.0.1500.94 Mobile Safari/537.36"
85.158.137.195 - - [16/Aug/2017:08:43:56 +0200] "GET /perg/aktionen HTTP/1.1" 200 2540 "http://www.easydrivers.at/perg/10255207" "Mozilla/5.0 (Windows NT 6.3; WOW64; Trident/7.0; rv:11.0) like Gecko"
85.158.137.195 - - [16/Aug/2017:08:43:59 +0200] "GET /img/favicon.ico HTTP/1.1" 404 300 "-" "Mozilla/5.0 (Windows NT 6.3; WOW64; Trident/7.0; rv:11.0) like Gecko"
85.158.137.195 - - [16/Aug/2017:08:43:59 +0200] "GET /browserconfig.xml HTTP/1.1" 404 2359 "-" "Mozilla/5.0 (Windows NT 6.3; Win64; x64; Trident/7.0; rv:11.0) like Gecko"
178.113.130.92 - - [16/Aug/2017:08:44:02 +0200] "GET / HTTP/1.1" 301 295 "-" "Mozilla/5.0 (Windows NT 6.1; Win64; x64) AppleWebKit/537.36 (KHTML, like Gecko) Chrome/60.0.3112.90 Safari/537.36"
85.158.137.195 - - [16/Aug/2017:08:44:00 +0200] "GET /perg/10255207 HTTP/1.1" 200 2543 "http://www.easydrivers.at/perg/10254706" "Mozilla/5.0 (Windows NT 6.3; WOW64; Trident/7.0; rv:11.0) like Gecko"
178.113.130.92 - - [16/Aug/2017:08:44:02 +0200] "GET / HTTP/1.1" 200 4409 "-" "Mozilla/5.0 (Windows NT 6.1; Win64; x64) AppleWebKit/537.36 (KHTML, like Gecko) Chrome/60.0.3112.90 Safari/537.36"
91.114.157.2 - - [16/Aug/2017:08:44:03 +0200] "GET / HTTP/1.1" 200 4409 "-" "Mozilla/5.0 (Macintosh; Intel Mac OS X 10_10_5) AppleWebKit/603.3.8 (KHTML, like Gecko) Version/10.1.2 Safari/603.3.8"
178.113.130.92 - - [16/Aug/2017:08:44:05 +0200] "GET /css/style.css HTTP/1.1" 200 5004 "http://www.easydrivers.at/" "Mozilla/5.0 (Windows NT 6.1; Win64; x64) AppleWebKit/537.36 (KHTML, like Gecko) Chrome/60.0.3112.90 Safari/537.36"
178.113.130.92 - - [16/Aug/2017:08:44:05 +0200] "GET /javascript/jquery.customSelect.min.js HTTP/1.1" 200 912 "http://www.easydrivers.at/" "Mozilla/5.0 (Windows NT 6.1; Win64; x64) AppleWebKit/537.36 (KHTML, like Gecko) Chrome/60.0.3112.90 Safari/537.36"
178.113.130.92 - - [16/Aug/2017:08:44:05 +0200] "GET /javascript/jquery.cookie.js HTTP/1.1" 200 863 "http://www.easydrivers.at/" "Mozilla/5.0 (Windows NT 6.1; Win64; x64) AppleWebKit/537.36 (KHTML, like Gecko) Chrome/60.0.3112.90 Safari/537.36"
178.113.130.92 - - [16/Aug/2017:08:44:05 +0200] "GET /javascript/jquery.simplemodal.js HTTP/1.1" 200 3070 "http://www.easydrivers.at/" "Mozilla/5.0 (Windows NT 6.1; Win64; x64) AppleWebKit/537.36 (KHTML, like Gecko) Chrome/60.0.3112.90 Safari/537.36"
178.113.130.92 - - [16/Aug/2017:08:44:05 +0200] "GET /javascript/portal.js?1221842734 HTTP/1.1" 200 3529 "http://www.easydrivers.at/" "Mozilla/5.0 (Windows NT 6.1; Win64; x64) AppleWebKit/537.36 (KHTML, like Gecko) Chrome/60.0.3112.90 Safari/537.36"
178.113.130.92 - - [16/Aug/2017:08:44:05 +0200] "GET /javascript/homesearch.js HTTP/1.1" 200 393 "http://www.easydrivers.at/" "Mozilla/5.0 (Windows NT 6.1; Win64; x64) AppleWebKit/537.36 (KHTML, like Gecko) Chrome/60.0.3112.90 Safari/537.36"
85.158.137.195 - - [16/Aug/2017:08:44:02 +0200] "GET /perg/10254706 HTTP/1.1" 200 2578 "http://www.easydrivers.at/perg/aktionen" "Mozilla/5.0 (Windows NT 6.3; WOW64; Trident/7.0; rv:11.0) like Gecko"
178.113.130.92 - - [16/Aug/2017:08:44:05 +0200] "GET /javascript/lazyload.js HTTP/1.1" 200 1170 "http://www.easydrivers.at/" "Mozilla/5.0 (Windows NT 6.1; Win64; x64) AppleWebKit/537.36 (KHTML, like Gecko) Chrome/60.0.3112.90 Safari/537.36"
178.113.130.92 - - [16/Aug/2017:08:44:05 +0200] "GET /img/facebook-icon.png HTTP/1.1" 200 1506 "http://www.easydrivers.at/" "Mozilla/5.0 (Windows NT 6.1; Win64; x64) AppleWebKit/537.36 (KHTML, like Gecko) Chrome/60.0.3112.90 Safari/537.36"
178.113.130.92 - - [16/Aug/2017:08:44:05 +0200] "GET /img/close-button.png HTTP/1.1" 200 2237 "http://www.easydrivers.at/" "Mozilla/5.0 (Windows NT 6.1; Win64; x64) AppleWebKit/537.36 (KHTML, like Gecko) Chrome/60.0.3112.90 Safari/537.36"
178.113.130.92 - - [16/Aug/2017:08:44:05 +0200] "GET /img/submit-button.png HTTP/1.1" 200 1958 "http://www.easydrivers.at/" "Mozilla/5.0 (Windows NT 6.1; Win64; x64) AppleWebKit/537.36 (KHTML, like Gecko) Chrome/60.0.3112.90 Safari/537.36"
178.113.130.92 - - [16/Aug/2017:08:44:05 +0200] "GET /binaries/easy-drivers-portal/widget-icon-trainingpng.png HTTP/1.1" 200 2662 "http://www.easydrivers.at/" "Mozilla/5.0 (Windows NT 6.1; Win64; x64) AppleWebKit/537.36 (KHTML, like Gecko) Chrome/60.0.3112.90 Safari/537.36"
178.113.130.92 - - [16/Aug/2017:08:44:06 +0200] "GET /img/ED_Logo.png HTTP/1.1" 200 3385 "http://www.easydrivers.at/css/style.css" "Mozilla/5.0 (Windows NT 6.1; Win64; x64) AppleWebKit/537.36 (KHTML, like Gecko) Chrome/60.0.3112.90 Safari/537.36"
178.113.130.92 - - [16/Aug/2017:08:44:06 +0200] "GET /img/yellow-dots-vertical.png HTTP/1.1" 200 981 "http://www.easydrivers.at/css/style.css" "Mozilla/5.0 (Windows NT 6.1; Win64; x64) AppleWebKit/537.36 (KHTML, like Gecko) Chrome/60.0.3112.90 Safari/537.36"
178.113.130.92 - - [16/Aug/2017:08:44:06 +0200] "GET /img/purple-dots-horizontal.png HTTP/1.1" 200 977 "http://www.easydrivers.at/css/style.css" "Mozilla/5.0 (Windows NT 6.1; Win64; x64) AppleWebKit/537.36 (KHTML, like Gecko) Chrome/60.0.3112.90 Safari/537.36"
178.113.130.92 - - [16/Aug/2017:08:44:06 +0200] "GET /img/selection-box-button.png HTTP/1.1" 200 1079 "http://www.easydrivers.at/css/style.css" "Mozilla/5.0 (Windows NT 6.1; Win64; x64) AppleWebKit/537.36 (KHTML, like Gecko) Chrome/60.0.3112.90 Safari/537.36"
178.113.130.92 - - [16/Aug/2017:08:44:06 +0200] "GET /img/empty.gif HTTP/1.1" 200 43 "http://www.easydrivers.at/" "Mozilla/5.0 (Windows NT 6.1; Win64; x64) AppleWebKit/537.36 (KHTML, like Gecko) Chrome/60.0.3112.90 Safari/537.36"
178.113.130.92 - - [16/Aug/2017:08:44:05 +0200] "GET /img/bg-header.jpg HTTP/1.1" 200 38680 "http://www.easydrivers.at/css/style.css" "Mozilla/5.0 (Windows NT 6.1; Win64; x64) AppleWebKit/537.36 (KHTML, like Gecko) Chrome/60.0.3112.90 Safari/537.36"
178.113.130.92 - - [16/Aug/2017:08:44:06 +0200] "GET /img/bg-top-section.jpg HTTP/1.1" 200 82172 "http://www.easydrivers.at/css/style.css" "Mozilla/5.0 (Windows NT 6.1; Win64; x64) AppleWebKit/537.36 (KHTML, like Gecko) Chrome/60.0.3112.90 Safari/537.36"
178.113.130.92 - - [16/Aug/2017:08:44:06 +0200] "GET /img/schweiz-icon.png HTTP/1.1" 200 1504 "http://www.easydrivers.at/" "Mozilla/5.0 (Windows NT 6.1; Win64; x64) AppleWebKit/537.36 (KHTML, like Gecko) Chrome/60.0.3112.90 Safari/537.36"
178.113.130.92 - - [16/Aug/2017:08:44:06 +0200] "GET /binaries/easy-drivers-portal/edradfahrschullogowidget160x90pxpng.png HTTP/1.1" 200 23394 "http://www.easydrivers.at/" "Mozilla/5.0 (Windows NT 6.1; Win64; x64) AppleWebKit/537.36 (KHTML, like Gecko) Chrome/60.0.3112.90 Safari/537.36"
178.113.130.92 - - [16/Aug/2017:08:44:06 +0200] "GET /binaries/easy-drivers-portal/widget-icon-expertspng.png HTTP/1.1" 200 2159 "http://www.easydrivers.at/" "Mozilla/5.0 (Windows NT 6.1; Win64; x64) AppleWebKit/537.36 (KHTML, like Gecko) Chrome/60.0.3112.90 Safari/537.36"
178.113.130.92 - - [16/Aug/2017:08:44:06 +0200] "GET /binaries/easy-drivers-portal/widget-icon-apppng.png HTTP/1.1" 200 2432 "http://www.easydrivers.at/" "Mozilla/5.0 (Windows NT 6.1; Win64; x64) AppleWebKit/537.36 (KHTML, like Gecko) Chrome/60.0.3112.90 Safari/537.36"
178.113.130.92 - - [16/Aug/2017:08:44:06 +0200] "GET /img/bg-footer.jpg HTTP/1.1" 200 31770 "http://www.easydrivers.at/css/style.css" "Mozilla/5.0 (Windows NT 6.1; Win64; x64) AppleWebKit/537.36 (KHTML, like Gecko) Chrome/60.0.3112.90 Safari/537.36"
178.113.130.92 - - [16/Aug/2017:08:44:07 +0200] "GET /img/black-dots-vertical.png HTTP/1.1" 200 1165 "http://www.easydrivers.at/css/style.css" "Mozilla/5.0 (Windows NT 6.1; Win64; x64) AppleWebKit/537.36 (KHTML, like Gecko) Chrome/60.0.3112.90 Safari/537.36"
178.113.130.92 - - [16/Aug/2017:08:44:07 +0200] "GET /img/kursicon-download-pink.png HTTP/1.1" 200 1213 "http://www.easydrivers.at/" "Mozilla/5.0 (Windows NT 6.1; Win64; x64) AppleWebKit/537.36 (KHTML, like Gecko) Chrome/60.0.3112.90 Safari/537.36"
178.113.130.92 - - [16/Aug/2017:08:44:07 +0200] "GET /img/kursicon-print-pink.png HTTP/1.1" 200 1125 "http://www.easydrivers.at/" "Mozilla/5.0 (Windows NT 6.1; Win64; x64) AppleWebKit/537.36 (KHTML, like Gecko) Chrome/60.0.3112.90 Safari/537.36"
178.113.130.92 - - [16/Aug/2017:08:44:07 +0200] "GET /img/kursicon-share-pink.png HTTP/1.1" 200 1277 "http://www.easydrivers.at/" "Mozilla/5.0 (Windows NT 6.1; Win64; x64) AppleWebKit/537.36 (KHTML, like Gecko) Chrome/60.0.3112.90 Safari/537.36"
178.113.130.92 - - [16/Aug/2017:08:44:07 +0200] "GET /img/kursicon-phone-pink.png HTTP/1.1" 200 1286 "http://www.easydrivers.at/" "Mozilla/5.0 (Windows NT 6.1; Win64; x64) AppleWebKit/537.36 (KHTML, like Gecko) Chrome/60.0.3112.90 Safari/537.36"
178.113.130.92 - - [16/Aug/2017:08:44:07 +0200] "GET /css/print.css HTTP/1.1" 200 967 "http://www.easydrivers.at/" "Mozilla/5.0 (Windows NT 6.1; Win64; x64) AppleWebKit/537.36 (KHTML, like Gecko) Chrome/60.0.3112.90 Safari/537.36"
178.113.130.92 - - [16/Aug/2017:08:44:07 +0200] "GET /img/new_favicon.ico HTTP/1.1" 200 1150 "http://www.easydrivers.at/" "Mozilla/5.0 (Windows NT 6.1; Win64; x64) AppleWebKit/537.36 (KHTML, like Gecko) Chrome/60.0.3112.90 Safari/537.36"
85.158.137.195 - - [16/Aug/2017:08:44:05 +0200] "GET /perg/aktionen HTTP/1.1" 200 2540 "http://www.easydrivers.at/perg/10254706" "Mozilla/5.0 (Windows NT 6.3; WOW64; Trident/7.0; rv:11.0) like Gecko"
85.158.137.195 - - [16/Aug/2017:08:44:07 +0200] "GET /perg/10254706 HTTP/1.1" 200 2578 "http://www.google.at/url?sa=t&rct=j&q=&esrc=s&source=web&cd=1&ved=0ahUKEwiaioyjk9vVAhVBvxQKHQ_KAT8QFggrMAA&url=http%3A%2F%2Fwww.easydrivers.at%2Fperg%2F10254706&usg=AFQjCNHsQFtEfMyFBZnCmX3KWLCOx1CiXg" "Mozilla/5.0 (Windows NT 6.3; WOW64; Trident/7.0; rv:11.0) like Gecko"
193.154.122.170 - - [16/Aug/2017:08:44:09 +0200] "GET /krems/aktionen?gclid=CjwKCAjwt8rMBRBOEiwA2F2biGIBLGEIINsyh0RKwH_FAdwiRfG51S8fqHyOdzEzgL6tybEFiXW2rhoCU3wQAvD_BwE HTTP/1.1" 200 3047 "android-app://com.google.android.googlequicksearchbox" "Mozilla/5.0 (Linux; Android 5.1.1; SM-J320FN Build/LMY47V) AppleWebKit/537.36 (KHTML, like Gecko) Chrome/59.0.3071.125 Mobile Safari/537.36"
213.147.161.173 - - [16/Aug/2017:08:44:11 +0200] "GET /img/mobile/facebook-icon.png HTTP/1.1" 200 1902 "-" "Mozilla/5.0 (iPhone; CPU iPhone OS 10_2_1 like Mac OS X) AppleWebKit/602.4.6 (KHTML, like Gecko) Mobile/14D27 [FBAN/FBIOS;FBAV/134.0.0.51.89;FBBV/66179625;FBDV/iPhone8,4;FBMD/iPhone;FBSN/iOS;FBSV/10.2.1;FBSS/2;FBCR/Carrier;FBID/phone;FBLC/de_DE;FBOP/5;FBRV/66988719]"
193.154.122.170 - - [16/Aug/2017:08:44:11 +0200] "GET /css/mobile.css HTTP/1.1" 200 2852 "http://www.easydrivers.at/krems/aktionen?gclid=CjwKCAjwt8rMBRBOEiwA2F2biGIBLGEIINsyh0RKwH_FAdwiRfG51S8fqHyOdzEzgL6tybEFiXW2rhoCU3wQAvD_BwE" "Mozilla/5.0 (Linux; Android 5.1.1; SM-J320FN Build/LMY47V) AppleWebKit/537.36 (KHTML, like Gecko) Chrome/59.0.3071.125 Mobile Safari/537.36"
193.154.122.170 - - [16/Aug/2017:08:44:11 +0200] "GET /javascript/jquery.cookie.js HTTP/1.1" 200 863 "http://www.easydrivers.at/krems/aktionen?gclid=CjwKCAjwt8rMBRBOEiwA2F2biGIBLGEIINsyh0RKwH_FAdwiRfG51S8fqHyOdzEzgL6tybEFiXW2rhoCU3wQAvD_BwE" "Mozilla/5.0 (Linux; Android 5.1.1; SM-J320FN Build/LMY47V) AppleWebKit/537.36 (KHTML, like Gecko) Chrome/59.0.3071.125 Mobile Safari/537.36"
193.154.122.170 - - [16/Aug/2017:08:44:11 +0200] "GET /javascript/jquery-1.9.1.min.js HTTP/1.1" 200 32731 "http://www.easydrivers.at/krems/aktionen?gclid=CjwKCAjwt8rMBRBOEiwA2F2biGIBLGEIINsyh0RKwH_FAdwiRfG51S8fqHyOdzEzgL6tybEFiXW2rhoCU3wQAvD_BwE" "Mozilla/5.0 (Linux; Android 5.1.1; SM-J320FN Build/LMY47V) AppleWebKit/537.36 (KHTML, like Gecko) Chrome/59.0.3071.125 Mobile Safari/537.36"
193.154.122.170 - - [16/Aug/2017:08:44:11 +0200] "GET /javascript/mobile-menu.js HTTP/1.1" 200 1634 "http://www.easydrivers.at/krems/aktionen?gclid=CjwKCAjwt8rMBRBOEiwA2F2biGIBLGEIINsyh0RKwH_FAdwiRfG51S8fqHyOdzEzgL6tybEFiXW2rhoCU3wQAvD_BwE" "Mozilla/5.0 (Linux; Android 5.1.1; SM-J320FN Build/LMY47V) AppleWebKit/537.36 (KHTML, like Gecko) Chrome/59.0.3071.125 Mobile Safari/537.36"
193.154.122.170 - - [16/Aug/2017:08:44:11 +0200] "GET /javascript/jquery.simplemodal.js HTTP/1.1" 200 3070 "http://www.easydrivers.at/krems/aktionen?gclid=CjwKCAjwt8rMBRBOEiwA2F2biGIBLGEIINsyh0RKwH_FAdwiRfG51S8fqHyOdzEzgL6tybEFiXW2rhoCU3wQAvD_BwE" "Mozilla/5.0 (Linux; Android 5.1.1; SM-J320FN Build/LMY47V) AppleWebKit/537.36 (KHTML, like Gecko) Chrome/59.0.3071.125 Mobile Safari/537.36"
193.154.122.170 - - [16/Aug/2017:08:44:11 +0200] "GET /javascript/mobile-fahrschule.js HTTP/1.1" 200 328 "http://www.easydrivers.at/krems/aktionen?gclid=CjwKCAjwt8rMBRBOEiwA2F2biGIBLGEIINsyh0RKwH_FAdwiRfG51S8fqHyOdzEzgL6tybEFiXW2rhoCU3wQAvD_BwE" "Mozilla/5.0 (Linux; Android 5.1.1; SM-J320FN Build/LMY47V) AppleWebKit/537.36 (KHTML, like Gecko) Chrome/59.0.3071.125 Mobile Safari/537.36"
193.154.122.170 - - [16/Aug/2017:08:44:11 +0200] "GET /javascript/lazyload.js HTTP/1.1" 200 1170 "http://www.easydrivers.at/krems/aktionen?gclid=CjwKCAjwt8rMBRBOEiwA2F2biGIBLGEIINsyh0RKwH_FAdwiRfG51S8fqHyOdzEzgL6tybEFiXW2rhoCU3wQAvD_BwE" "Mozilla/5.0 (Linux; Android 5.1.1; SM-J320FN Build/LMY47V) AppleWebKit/537.36 (KHTML, like Gecko) Chrome/59.0.3071.125 Mobile Safari/537.36"
193.154.122.170 - - [16/Aug/2017:08:44:11 +0200] "GET /img/mobile/easydrivers-logo-mobile.png HTTP/1.1" 200 10766 "http://www.easydrivers.at/krems/aktionen?gclid=CjwKCAjwt8rMBRBOEiwA2F2biGIBLGEIINsyh0RKwH_FAdwiRfG51S8fqHyOdzEzgL6tybEFiXW2rhoCU3wQAvD_BwE" "Mozilla/5.0 (Linux; Android 5.1.1; SM-J320FN Build/LMY47V) AppleWebKit/537.36 (KHTML, like Gecko) Chrome/59.0.3071.125 Mobile Safari/537.36"
193.154.122.170 - - [16/Aug/2017:08:44:12 +0200] "GET /img/mobile/menu-button.png HTTP/1.1" 200 1746 "http://www.easydrivers.at/krems/aktionen?gclid=CjwKCAjwt8rMBRBOEiwA2F2biGIBLGEIINsyh0RKwH_FAdwiRfG51S8fqHyOdzEzgL6tybEFiXW2rhoCU3wQAvD_BwE" "Mozilla/5.0 (Linux; Android 5.1.1; SM-J320FN Build/LMY47V) AppleWebKit/537.36 (KHTML, like Gecko) Chrome/59.0.3071.125 Mobile Safari/537.36"
193.154.122.170 - - [16/Aug/2017:08:44:12 +0200] "GET /img/mobile/close-button.png HTTP/1.1" 200 2411 "http://www.easydrivers.at/krems/aktionen?gclid=CjwKCAjwt8rMBRBOEiwA2F2biGIBLGEIINsyh0RKwH_FAdwiRfG51S8fqHyOdzEzgL6tybEFiXW2rhoCU3wQAvD_BwE" "Mozilla/5.0 (Linux; Android 5.1.1; SM-J320FN Build/LMY47V) AppleWebKit/537.36 (KHTML, like Gecko) Chrome/59.0.3071.125 Mobile Safari/537.36"
193.154.122.170 - - [16/Aug/2017:08:44:12 +0200] "GET /img/mobile/facebook-icon.png HTTP/1.1" 200 1902 "http://www.easydrivers.at/krems/aktionen?gclid=CjwKCAjwt8rMBRBOEiwA2F2biGIBLGEIINsyh0RKwH_FAdwiRfG51S8fqHyOdzEzgL6tybEFiXW2rhoCU3wQAvD_BwE" "Mozilla/5.0 (Linux; Android 5.1.1; SM-J320FN Build/LMY47V) AppleWebKit/537.36 (KHTML, like Gecko) Chrome/59.0.3071.125 Mobile Safari/537.36"
193.154.122.170 - - [16/Aug/2017:08:44:12 +0200] "GET /img/mobile/info-button.png HTTP/1.1" 200 1549 "http://www.easydrivers.at/krems/aktionen?gclid=CjwKCAjwt8rMBRBOEiwA2F2biGIBLGEIINsyh0RKwH_FAdwiRfG51S8fqHyOdzEzgL6tybEFiXW2rhoCU3wQAvD_BwE" "Mozilla/5.0 (Linux; Android 5.1.1; SM-J320FN Build/LMY47V) AppleWebKit/537.36 (KHTML, like Gecko) Chrome/59.0.3071.125 Mobile Safari/537.36"
193.154.122.170 - - [16/Aug/2017:08:44:12 +0200] "GET /img/mobile/info-close-button.png HTTP/1.1" 200 1721 "http://www.easydrivers.at/krems/aktionen?gclid=CjwKCAjwt8rMBRBOEiwA2F2biGIBLGEIINsyh0RKwH_FAdwiRfG51S8fqHyOdzEzgL6tybEFiXW2rhoCU3wQAvD_BwE" "Mozilla/5.0 (Linux; Android 5.1.1; SM-J320FN Build/LMY47V) AppleWebKit/537.36 (KHTML, like Gecko) Chrome/59.0.3071.125 Mobile Safari/537.36"
193.154.122.170 - - [16/Aug/2017:08:44:12 +0200] "GET /img/smallicon-person.png HTTP/1.1" 200 1141 "http://www.easydrivers.at/krems/aktionen?gclid=CjwKCAjwt8rMBRBOEiwA2F2biGIBLGEIINsyh0RKwH_FAdwiRfG51S8fqHyOdzEzgL6tybEFiXW2rhoCU3wQAvD_BwE" "Mozilla/5.0 (Linux; Android 5.1.1; SM-J320FN Build/LMY47V) AppleWebKit/537.36 (KHTML, like Gecko) Chrome/59.0.3071.125 Mobile Safari/537.36"
193.154.122.170 - - [16/Aug/2017:08:44:12 +0200] "GET /img/smallicon-address.png HTTP/1.1" 200 1211 "http://www.easydrivers.at/krems/aktionen?gclid=CjwKCAjwt8rMBRBOEiwA2F2biGIBLGEIINsyh0RKwH_FAdwiRfG51S8fqHyOdzEzgL6tybEFiXW2rhoCU3wQAvD_BwE" "Mozilla/5.0 (Linux; Android 5.1.1; SM-J320FN Build/LMY47V) AppleWebKit/537.36 (KHTML, like Gecko) Chrome/59.0.3071.125 Mobile Safari/537.36"
193.154.122.170 - - [16/Aug/2017:08:44:12 +0200] "GET /img/mobile/googlemaps-pin.png HTTP/1.1" 200 1597 "http://www.easydrivers.at/krems/aktionen?gclid=CjwKCAjwt8rMBRBOEiwA2F2biGIBLGEIINsyh0RKwH_FAdwiRfG51S8fqHyOdzEzgL6tybEFiXW2rhoCU3wQAvD_BwE" "Mozilla/5.0 (Linux; Android 5.1.1; SM-J320FN Build/LMY47V) AppleWebKit/537.36 (KHTML, like Gecko) Chrome/59.0.3071.125 Mobile Safari/537.36"
193.154.122.170 - - [16/Aug/2017:08:44:12 +0200] "GET /img/smallicon-time.png HTTP/1.1" 200 1262 "http://www.easydrivers.at/krems/aktionen?gclid=CjwKCAjwt8rMBRBOEiwA2F2biGIBLGEIINsyh0RKwH_FAdwiRfG51S8fqHyOdzEzgL6tybEFiXW2rhoCU3wQAvD_BwE" "Mozilla/5.0 (Linux; Android 5.1.1; SM-J320FN Build/LMY47V) AppleWebKit/537.36 (KHTML, like Gecko) Chrome/59.0.3071.125 Mobile Safari/537.36"
193.154.122.170 - - [16/Aug/2017:08:44:12 +0200] "GET /img/smallicon-phone.png HTTP/1.1" 200 3056 "http://www.easydrivers.at/krems/aktionen?gclid=CjwKCAjwt8rMBRBOEiwA2F2biGIBLGEIINsyh0RKwH_FAdwiRfG51S8fqHyOdzEzgL6tybEFiXW2rhoCU3wQAvD_BwE" "Mozilla/5.0 (Linux; Android 5.1.1; SM-J320FN Build/LMY47V) AppleWebKit/537.36 (KHTML, like Gecko) Chrome/59.0.3071.125 Mobile Safari/537.36"
193.154.122.170 - - [16/Aug/2017:08:44:12 +0200] "GET /img/smallicon-mail.png HTTP/1.1" 200 1341 "http://www.easydrivers.at/krems/aktionen?gclid=CjwKCAjwt8rMBRBOEiwA2F2biGIBLGEIINsyh0RKwH_FAdwiRfG51S8fqHyOdzEzgL6tybEFiXW2rhoCU3wQAvD_BwE" "Mozilla/5.0 (Linux; Android 5.1.1; SM-J320FN Build/LMY47V) AppleWebKit/537.36 (KHTML, like Gecko) Chrome/59.0.3071.125 Mobile Safari/537.36"
193.154.122.170 - - [16/Aug/2017:08:44:12 +0200] "GET /img/mobile/bg-header.jpg HTTP/1.1" 200 19741 "http://www.easydrivers.at/css/mobile.css" "Mozilla/5.0 (Linux; Android 5.1.1; SM-J320FN Build/LMY47V) AppleWebKit/537.36 (KHTML, like Gecko) Chrome/59.0.3071.125 Mobile Safari/537.36"
193.154.122.170 - - [16/Aug/2017:08:44:12 +0200] "GET /img/mobile/bg-menu.jpg HTTP/1.1" 200 1698 "http://www.easydrivers.at/css/mobile.css" "Mozilla/5.0 (Linux; Android 5.1.1; SM-J320FN Build/LMY47V) AppleWebKit/537.36 (KHTML, like Gecko) Chrome/59.0.3071.125 Mobile Safari/537.36"
193.154.122.170 - - [16/Aug/2017:08:44:12 +0200] "GET /img/mobile/bg-top-section.jpg HTTP/1.1" 200 21711 "http://www.easydrivers.at/css/mobile.css" "Mozilla/5.0 (Linux; Android 5.1.1; SM-J320FN Build/LMY47V) AppleWebKit/537.36 (KHTML, like Gecko) Chrome/59.0.3071.125 Mobile Safari/537.36"
193.154.122.170 - - [16/Aug/2017:08:44:13 +0200] "GET /img/favicon.ico HTTP/1.1" 404 300 "http://www.easydrivers.at/krems/aktionen?gclid=CjwKCAjwt8rMBRBOEiwA2F2biGIBLGEIINsyh0RKwH_FAdwiRfG51S8fqHyOdzEzgL6tybEFiXW2rhoCU3wQAvD_BwE" "Mozilla/5.0 (Linux; Android 5.1.1; SM-J320FN Build/LMY47V) AppleWebKit/537.36 (KHTML, like Gecko) Chrome/59.0.3071.125 Mobile Safari/537.36"
213.147.161.173 - - [16/Aug/2017:08:44:13 +0200] "GET /img/mobile/facebook-icon.png HTTP/1.1" 200 1902 "-" "Mozilla/5.0 (iPhone; CPU iPhone OS 10_2_1 like Mac OS X) AppleWebKit/602.4.6 (KHTML, like Gecko) Mobile/14D27 [FBAN/FBIOS;FBAV/134.0.0.51.89;FBBV/66179625;FBDV/iPhone8,4;FBMD/iPhone;FBSN/iOS;FBSV/10.2.1;FBSS/2;FBCR/Carrier;FBID/phone;FBLC/de_DE;FBOP/5;FBRV/66988719]"
85.158.137.195 - - [16/Aug/2017:08:44:13 +0200] "GET /steyr HTTP/1.1" 200 2943 "http://www.google.at/url?sa=t&rct=j&q=&esrc=s&source=web&cd=4&ved=0ahUKEwiaioyjk9vVAhVBvxQKHQ_KAT8QFgg8MAM&url=http%3A%2F%2Fwww.easydrivers.at%2Fsteyr&usg=AFQjCNF2NdskKOmj2sxAEl66xhcReWCE7g" "Mozilla/5.0 (Windows NT 6.3; WOW64; Trident/7.0; rv:11.0) like Gecko"
85.158.137.195 - - [16/Aug/2017:08:44:15 +0200] "GET /img/mobile/widget-icon-app.png HTTP/1.1" 200 3458 "http://www.easydrivers.at/steyr" "Mozilla/5.0 (Windows NT 6.3; WOW64; Trident/7.0; rv:11.0) like Gecko"
85.158.137.195 - - [16/Aug/2017:08:44:15 +0200] "GET /img/mobile/pfeil-rechts.png HTTP/1.1" 200 1228 "http://www.easydrivers.at/steyr" "Mozilla/5.0 (Windows NT 6.3; WOW64; Trident/7.0; rv:11.0) like Gecko"
85.158.137.195 - - [16/Aug/2017:08:44:16 +0200] "GET /img/favicon.ico HTTP/1.1" 404 300 "-" "Mozilla/5.0 (Windows NT 6.3; WOW64; Trident/7.0; rv:11.0) like Gecko"
178.115.131.127 - - [16/Aug/2017:08:44:19 +0200] "GET /st.poelten HTTP/1.1" 200 2943 "https://www.google.at/" "Mozilla/5.0 (Linux; Android 4.4.2; de-at; SAMSUNG GT-I9301I Build/KOT49H) AppleWebKit/537.36 (KHTML, like Gecko) Version/1.5 Chrome/28.0.1500.94 Mobile Safari/537.36"
85.158.137.195 - - [16/Aug/2017:08:44:21 +0200] "POST /steyr/kursauswahl HTTP/1.1" 200 3115 "http://www.easydrivers.at/steyr" "Mozilla/5.0 (Windows NT 6.3; WOW64; Trident/7.0; rv:11.0) like Gecko"
85.158.137.195 - - [16/Aug/2017:08:44:24 +0200] "GET /javascript/mobile-fahrschule-kurs-suchergebnis.js HTTP/1.1" 200 274 "http://www.easydrivers.at/steyr/kursauswahl" "Mozilla/5.0 (Windows NT 6.3; WOW64; Trident/7.0; rv:11.0) like Gecko"
85.158.137.195 - - [16/Aug/2017:08:44:24 +0200] "GET /img/mobile/pfeil-links-small.png HTTP/1.1" 200 1065 "http://www.easydrivers.at/steyr/kursauswahl" "Mozilla/5.0 (Windows NT 6.3; WOW64; Trident/7.0; rv:11.0) like Gecko"
85.158.137.195 - - [16/Aug/2017:08:44:24 +0200] "GET /img/mobile/bg-yellow.jpg HTTP/1.1" 200 1569 "http://www.easydrivers.at/steyr/kursauswahl" "Mozilla/5.0 (Windows NT 6.3; WOW64; Trident/7.0; rv:11.0) like Gecko"
