66.249.93.76 - - [16/Aug/2017:06:31:38 +0200] "GET /ennstal.bad.aussee/pruefungen HTTP/1.1" 200 2810 "android-app://com.google.android.googlequicksearchbox" "Mozilla/5.0 (Linux; Android 7.0; SM-G950F Build/NRD90M) AppleWebKit/537.36 (KHTML, like Gecko) Chrome/59.0.3071.125 Mobile Safari/537.36"
213.162.68.61 - - [16/Aug/2017:06:31:33 +0200] "POST /krems/kursauswahl HTTP/1.1" 200 3036 "http://www.easydrivers.at/krems?gclid=CjwKCAjwt8rMBRBOEiwA2F2biGDyTIiLv8sPzzuPo2y4NE_66qN__9mMuXVNR5LTY4DoiUF4HXbM3xoC69EQAvD_BwE" "Mozilla/5.0 (Linux; Android 7.0; SAMSUNG SM-G955F/XXU1AQF7 Build/NRD90M) AppleWebKit/537.36 (KHTML, like Gecko) SamsungBrowser/5.4 Chrome/51.0.2704.106 Mobile Safari/537.36"
213.162.68.61 - - [16/Aug/2017:06:31:35 +0200] "POST /krems/kursauswahl HTTP/1.1" 200 3036 "http://www.easydrivers.at/krems?gclid=CjwKCAjwt8rMBRBOEiwA2F2biGDyTIiLv8sPzzuPo2y4NE_66qN__9mMuXVNR5LTY4DoiUF4HXbM3xoC69EQAvD_BwE" "Mozilla/5.0 (Linux; Android 7.0; SAMSUNG SM-G955F/XXU1AQF7 Build/NRD90M) AppleWebKit/537.36 (KHTML, like Gecko) SamsungBrowser/5.4 Chrome/51.0.2704.106 Mobile Safari/537.36"
213.162.68.61 - - [16/Aug/2017:06:31:33 +0200] "POST /krems/kursauswahl HTTP/1.1" 200 3036 "http://www.easydrivers.at/krems?gclid=CjwKCAjwt8rMBRBOEiwA2F2biGDyTIiLv8sPzzuPo2y4NE_66qN__9mMuXVNR5LTY4DoiUF4HXbM3xoC69EQAvD_BwE" "Mozilla/5.0 (Linux; Android 7.0; SAMSUNG SM-G955F/XXU1AQF7 Build/NRD90M) AppleWebKit/537.36 (KHTML, like Gecko) SamsungBrowser/5.4 Chrome/51.0.2704.106 Mobile Safari/537.36"
213.162.68.61 - - [16/Aug/2017:06:31:34 +0200] "POST /krems/kursauswahl HTTP/1.1" 200 3036 "http://www.easydrivers.at/krems?gclid=CjwKCAjwt8rMBRBOEiwA2F2biGDyTIiLv8sPzzuPo2y4NE_66qN__9mMuXVNR5LTY4DoiUF4HXbM3xoC69EQAvD_BwE" "Mozilla/5.0 (Linux; Android 7.0; SAMSUNG SM-G955F/XXU1AQF7 Build/NRD90M) AppleWebKit/537.36 (KHTML, like Gecko) SamsungBrowser/5.4 Chrome/51.0.2704.106 Mobile Safari/537.36"
213.162.68.61 - - [16/Aug/2017:06:31:33 +0200] "POST /krems/kursauswahl HTTP/1.1" 200 3036 "http://www.easydrivers.at/krems?gclid=CjwKCAjwt8rMBRBOEiwA2F2biGDyTIiLv8sPzzuPo2y4NE_66qN__9mMuXVNR5LTY4DoiUF4HXbM3xoC69EQAvD_BwE" "Mozilla/5.0 (Linux; Android 7.0; SAMSUNG SM-G955F/XXU1AQF7 Build/NRD90M) AppleWebKit/537.36 (KHTML, like Gecko) SamsungBrowser/5.4 Chrome/51.0.2704.106 Mobile Safari/537.36"
213.162.68.61 - - [16/Aug/2017:06:31:34 +0200] "POST /krems/kursauswahl HTTP/1.1" 200 3036 "http://www.easydrivers.at/krems?gclid=CjwKCAjwt8rMBRBOEiwA2F2biGDyTIiLv8sPzzuPo2y4NE_66qN__9mMuXVNR5LTY4DoiUF4HXbM3xoC69EQAvD_BwE" "Mozilla/5.0 (Linux; Android 7.0; SAMSUNG SM-G955F/XXU1AQF7 Build/NRD90M) AppleWebKit/537.36 (KHTML, like Gecko) SamsungBrowser/5.4 Chrome/51.0.2704.106 Mobile Safari/537.36"
213.162.68.61 - - [16/Aug/2017:06:31:42 +0200] "POST /krems/kursauswahl HTTP/1.1" 200 3036 "http://www.easydrivers.at/krems?gclid=CjwKCAjwt8rMBRBOEiwA2F2biGDyTIiLv8sPzzuPo2y4NE_66qN__9mMuXVNR5LTY4DoiUF4HXbM3xoC69EQAvD_BwE" "Mozilla/5.0 (Linux; Android 7.0; SAMSUNG SM-G955F/XXU1AQF7 Build/NRD90M) AppleWebKit/537.36 (KHTML, like Gecko) SamsungBrowser/5.4 Chrome/51.0.2704.106 Mobile Safari/537.36"
213.162.68.61 - - [16/Aug/2017:06:31:35 +0200] "POST /krems/kursauswahl HTTP/1.1" 200 3036 "http://www.easydrivers.at/krems?gclid=CjwKCAjwt8rMBRBOEiwA2F2biGDyTIiLv8sPzzuPo2y4NE_66qN__9mMuXVNR5LTY4DoiUF4HXbM3xoC69EQAvD_BwE" "Mozilla/5.0 (Linux; Android 7.0; SAMSUNG SM-G955F/XXU1AQF7 Build/NRD90M) AppleWebKit/537.36 (KHTML, like Gecko) SamsungBrowser/5.4 Chrome/51.0.2704.106 Mobile Safari/537.36"
213.162.68.61 - - [16/Aug/2017:06:31:43 +0200] "POST /krems/kursauswahl HTTP/1.1" 200 3036 "http://www.easydrivers.at/krems?gclid=CjwKCAjwt8rMBRBOEiwA2F2biGDyTIiLv8sPzzuPo2y4NE_66qN__9mMuXVNR5LTY4DoiUF4HXbM3xoC69EQAvD_BwE" "Mozilla/5.0 (Linux; Android 7.0; SAMSUNG SM-G955F/XXU1AQF7 Build/NRD90M) AppleWebKit/537.36 (KHTML, like Gecko) SamsungBrowser/5.4 Chrome/51.0.2704.106 Mobile Safari/537.36"
213.162.68.61 - - [16/Aug/2017:06:31:43 +0200] "POST /krems/kursauswahl HTTP/1.1" 200 3036 "http://www.easydrivers.at/krems?gclid=CjwKCAjwt8rMBRBOEiwA2F2biGDyTIiLv8sPzzuPo2y4NE_66qN__9mMuXVNR5LTY4DoiUF4HXbM3xoC69EQAvD_BwE" "Mozilla/5.0 (Linux; Android 7.0; SAMSUNG SM-G955F/XXU1AQF7 Build/NRD90M) AppleWebKit/537.36 (KHTML, like Gecko) SamsungBrowser/5.4 Chrome/51.0.2704.106 Mobile Safari/537.36"
213.162.68.61 - - [16/Aug/2017:06:31:46 +0200] "POST /krems/kursauswahl HTTP/1.1" 200 3036 "http://www.easydrivers.at/krems?gclid=CjwKCAjwt8rMBRBOEiwA2F2biGDyTIiLv8sPzzuPo2y4NE_66qN__9mMuXVNR5LTY4DoiUF4HXbM3xoC69EQAvD_BwE" "Mozilla/5.0 (Linux; Android 7.0; SAMSUNG SM-G955F/XXU1AQF7 Build/NRD90M) AppleWebKit/537.36 (KHTML, like Gecko) SamsungBrowser/5.4 Chrome/51.0.2704.106 Mobile Safari/537.36"
213.162.68.61 - - [16/Aug/2017:06:31:35 +0200] "POST /krems/kursauswahl HTTP/1.1" 200 3036 "http://www.easydrivers.at/krems?gclid=CjwKCAjwt8rMBRBOEiwA2F2biGDyTIiLv8sPzzuPo2y4NE_66qN__9mMuXVNR5LTY4DoiUF4HXbM3xoC69EQAvD_BwE" "Mozilla/5.0 (Linux; Android 7.0; SAMSUNG SM-G955F/XXU1AQF7 Build/NRD90M) AppleWebKit/537.36 (KHTML, like Gecko) SamsungBrowser/5.4 Chrome/51.0.2704.106 Mobile Safari/537.36"
213.162.68.61 - - [16/Aug/2017:06:31:47 +0200] "POST /krems/kursauswahl HTTP/1.1" 200 3036 "http://www.easydrivers.at/krems?gclid=CjwKCAjwt8rMBRBOEiwA2F2biGDyTIiLv8sPzzuPo2y4NE_66qN__9mMuXVNR5LTY4DoiUF4HXbM3xoC69EQAvD_BwE" "Mozilla/5.0 (Linux; Android 7.0; SAMSUNG SM-G955F/XXU1AQF7 Build/NRD90M) AppleWebKit/537.36 (KHTML, like Gecko) SamsungBrowser/5.4 Chrome/51.0.2704.106 Mobile Safari/537.36"
213.162.68.61 - - [16/Aug/2017:06:31:46 +0200] "POST /krems/kursauswahl HTTP/1.1" 200 3036 "http://www.easydrivers.at/krems?gclid=CjwKCAjwt8rMBRBOEiwA2F2biGDyTIiLv8sPzzuPo2y4NE_66qN__9mMuXVNR5LTY4DoiUF4HXbM3xoC69EQAvD_BwE" "Mozilla/5.0 (Linux; Android 7.0; SAMSUNG SM-G955F/XXU1AQF7 Build/NRD90M) AppleWebKit/537.36 (KHTML, like Gecko) SamsungBrowser/5.4 Chrome/51.0.2704.106 Mobile Safari/537.36"
213.162.68.61 - - [16/Aug/2017:06:31:50 +0200] "POST /krems/kursauswahl HTTP/1.1" 200 3036 "http://www.easydrivers.at/krems?gclid=CjwKCAjwt8rMBRBOEiwA2F2biGDyTIiLv8sPzzuPo2y4NE_66qN__9mMuXVNR5LTY4DoiUF4HXbM3xoC69EQAvD_BwE" "Mozilla/5.0 (Linux; Android 7.0; SAMSUNG SM-G955F/XXU1AQF7 Build/NRD90M) AppleWebKit/537.36 (KHTML, like Gecko) SamsungBrowser/5.4 Chrome/51.0.2704.106 Mobile Safari/537.36"
213.162.68.61 - - [16/Aug/2017:06:31:53 +0200] "POST /krems/kursauswahl HTTP/1.1" 200 3036 "http://www.easydrivers.at/krems?gclid=CjwKCAjwt8rMBRBOEiwA2F2biGDyTIiLv8sPzzuPo2y4NE_66qN__9mMuXVNR5LTY4DoiUF4HXbM3xoC69EQAvD_BwE" "Mozilla/5.0 (Linux; Android 7.0; SAMSUNG SM-G955F/XXU1AQF7 Build/NRD90M) AppleWebKit/537.36 (KHTML, like Gecko) SamsungBrowser/5.4 Chrome/51.0.2704.106 Mobile Safari/537.36"
213.162.68.61 - - [16/Aug/2017:06:31:52 +0200] "POST /krems/kursauswahl HTTP/1.1" 200 3036 "http://www.easydrivers.at/krems?gclid=CjwKCAjwt8rMBRBOEiwA2F2biGDyTIiLv8sPzzuPo2y4NE_66qN__9mMuXVNR5LTY4DoiUF4HXbM3xoC69EQAvD_BwE" "Mozilla/5.0 (Linux; Android 7.0; SAMSUNG SM-G955F/XXU1AQF7 Build/NRD90M) AppleWebKit/537.36 (KHTML, like Gecko) SamsungBrowser/5.4 Chrome/51.0.2704.106 Mobile Safari/537.36"
213.162.68.61 - - [16/Aug/2017:06:31:50 +0200] "POST /krems/kursauswahl HTTP/1.1" 200 3036 "http://www.easydrivers.at/krems?gclid=CjwKCAjwt8rMBRBOEiwA2F2biGDyTIiLv8sPzzuPo2y4NE_66qN__9mMuXVNR5LTY4DoiUF4HXbM3xoC69EQAvD_BwE" "Mozilla/5.0 (Linux; Android 7.0; SAMSUNG SM-G955F/XXU1AQF7 Build/NRD90M) AppleWebKit/537.36 (KHTML, like Gecko) SamsungBrowser/5.4 Chrome/51.0.2704.106 Mobile Safari/537.36"
213.162.68.61 - - [16/Aug/2017:06:31:52 +0200] "POST /krems/kursauswahl HTTP/1.1" 200 3036 "http://www.easydrivers.at/krems?gclid=CjwKCAjwt8rMBRBOEiwA2F2biGDyTIiLv8sPzzuPo2y4NE_66qN__9mMuXVNR5LTY4DoiUF4HXbM3xoC69EQAvD_BwE" "Mozilla/5.0 (Linux; Android 7.0; SAMSUNG SM-G955F/XXU1AQF7 Build/NRD90M) AppleWebKit/537.36 (KHTML, like Gecko) SamsungBrowser/5.4 Chrome/51.0.2704.106 Mobile Safari/537.36"
213.162.68.61 - - [16/Aug/2017:06:31:53 +0200] "POST /krems/kursauswahl HTTP/1.1" 200 3036 "http://www.easydrivers.at/krems?gclid=CjwKCAjwt8rMBRBOEiwA2F2biGDyTIiLv8sPzzuPo2y4NE_66qN__9mMuXVNR5LTY4DoiUF4HXbM3xoC69EQAvD_BwE" "Mozilla/5.0 (Linux; Android 7.0; SAMSUNG SM-G955F/XXU1AQF7 Build/NRD90M) AppleWebKit/537.36 (KHTML, like Gecko) SamsungBrowser/5.4 Chrome/51.0.2704.106 Mobile Safari/537.36"
213.162.68.61 - - [16/Aug/2017:06:31:53 +0200] "POST /krems/kursauswahl HTTP/1.1" 200 3036 "http://www.easydrivers.at/krems?gclid=CjwKCAjwt8rMBRBOEiwA2F2biGDyTIiLv8sPzzuPo2y4NE_66qN__9mMuXVNR5LTY4DoiUF4HXbM3xoC69EQAvD_BwE" "Mozilla/5.0 (Linux; Android 7.0; SAMSUNG SM-G955F/XXU1AQF7 Build/NRD90M) AppleWebKit/537.36 (KHTML, like Gecko) SamsungBrowser/5.4 Chrome/51.0.2704.106 Mobile Safari/537.36"
213.162.68.61 - - [16/Aug/2017:06:31:46 +0200] "POST /krems/kursauswahl HTTP/1.1" 200 3036 "http://www.easydrivers.at/krems?gclid=CjwKCAjwt8rMBRBOEiwA2F2biGDyTIiLv8sPzzuPo2y4NE_66qN__9mMuXVNR5LTY4DoiUF4HXbM3xoC69EQAvD_BwE" "Mozilla/5.0 (Linux; Android 7.0; SAMSUNG SM-G955F/XXU1AQF7 Build/NRD90M) AppleWebKit/537.36 (KHTML, like Gecko) SamsungBrowser/5.4 Chrome/51.0.2704.106 Mobile Safari/537.36"
213.162.68.61 - - [16/Aug/2017:06:31:52 +0200] "POST /krems/kursauswahl HTTP/1.1" 200 3036 "http://www.easydrivers.at/krems?gclid=CjwKCAjwt8rMBRBOEiwA2F2biGDyTIiLv8sPzzuPo2y4NE_66qN__9mMuXVNR5LTY4DoiUF4HXbM3xoC69EQAvD_BwE" "Mozilla/5.0 (Linux; Android 7.0; SAMSUNG SM-G955F/XXU1AQF7 Build/NRD90M) AppleWebKit/537.36 (KHTML, like Gecko) SamsungBrowser/5.4 Chrome/51.0.2704.106 Mobile Safari/537.36"
213.162.68.61 - - [16/Aug/2017:06:32:00 +0200] "GET /krems?gclid=CjwKCAjwt8rMBRBOEiwA2F2biGDyTIiLv8sPzzuPo2y4NE_66qN__9mMuXVNR5LTY4DoiUF4HXbM3xoC69EQAvD_BwE HTTP/1.1" 200 2934 "-" "Mozilla/5.0 (Linux; Android 7.0; SAMSUNG SM-G955F/XXU1AQF7 Build/NRD90M) AppleWebKit/537.36 (KHTML, like Gecko) SamsungBrowser/5.4 Chrome/51.0.2704.106 Mobile Safari/537.36"
213.162.68.61 - - [16/Aug/2017:06:31:47 +0200] "POST /krems/kursauswahl HTTP/1.1" 200 3036 "http://www.easydrivers.at/krems?gclid=CjwKCAjwt8rMBRBOEiwA2F2biGDyTIiLv8sPzzuPo2y4NE_66qN__9mMuXVNR5LTY4DoiUF4HXbM3xoC69EQAvD_BwE" "Mozilla/5.0 (Linux; Android 7.0; SAMSUNG SM-G955F/XXU1AQF7 Build/NRD90M) AppleWebKit/537.36 (KHTML, like Gecko) SamsungBrowser/5.4 Chrome/51.0.2704.106 Mobile Safari/537.36"
213.162.68.61 - - [16/Aug/2017:06:31:53 +0200] "POST /krems/kursauswahl HTTP/1.1" 200 3036 "http://www.easydrivers.at/krems?gclid=CjwKCAjwt8rMBRBOEiwA2F2biGDyTIiLv8sPzzuPo2y4NE_66qN__9mMuXVNR5LTY4DoiUF4HXbM3xoC69EQAvD_BwE" "Mozilla/5.0 (Linux; Android 7.0; SAMSUNG SM-G955F/XXU1AQF7 Build/NRD90M) AppleWebKit/537.36 (KHTML, like Gecko) SamsungBrowser/5.4 Chrome/51.0.2704.106 Mobile Safari/537.36"
213.162.68.61 - - [16/Aug/2017:06:31:54 +0200] "POST /krems/kursauswahl HTTP/1.1" 200 3036 "http://www.easydrivers.at/krems?gclid=CjwKCAjwt8rMBRBOEiwA2F2biGDyTIiLv8sPzzuPo2y4NE_66qN__9mMuXVNR5LTY4DoiUF4HXbM3xoC69EQAvD_BwE" "Mozilla/5.0 (Linux; Android 7.0; SAMSUNG SM-G955F/XXU1AQF7 Build/NRD90M) AppleWebKit/537.36 (KHTML, like Gecko) SamsungBrowser/5.4 Chrome/51.0.2704.106 Mobile Safari/537.36"
213.162.68.61 - - [16/Aug/2017:06:31:50 +0200] "POST /krems/kursauswahl HTTP/1.1" 200 3036 "http://www.easydrivers.at/krems?gclid=CjwKCAjwt8rMBRBOEiwA2F2biGDyTIiLv8sPzzuPo2y4NE_66qN__9mMuXVNR5LTY4DoiUF4HXbM3xoC69EQAvD_BwE" "Mozilla/5.0 (Linux; Android 7.0; SAMSUNG SM-G955F/XXU1AQF7 Build/NRD90M) AppleWebKit/537.36 (KHTML, like Gecko) SamsungBrowser/5.4 Chrome/51.0.2704.106 Mobile Safari/537.36"
213.162.68.61 - - [16/Aug/2017:06:31:51 +0200] "POST /krems/kursauswahl HTTP/1.1" 200 3036 "http://www.easydrivers.at/krems?gclid=CjwKCAjwt8rMBRBOEiwA2F2biGDyTIiLv8sPzzuPo2y4NE_66qN__9mMuXVNR5LTY4DoiUF4HXbM3xoC69EQAvD_BwE" "Mozilla/5.0 (Linux; Android 7.0; SAMSUNG SM-G955F/XXU1AQF7 Build/NRD90M) AppleWebKit/537.36 (KHTML, like Gecko) SamsungBrowser/5.4 Chrome/51.0.2704.106 Mobile Safari/537.36"
213.162.68.61 - - [16/Aug/2017:06:32:14 +0200] "GET /krems?gclid=CjwKCAjwt8rMBRBOEiwA2F2biGDyTIiLv8sPzzuPo2y4NE_66qN__9mMuXVNR5LTY4DoiUF4HXbM3xoC69EQAvD_BwE HTTP/1.1" 200 2934 "-" "Mozilla/5.0 (Linux; Android 7.0; SAMSUNG SM-G955F/XXU1AQF7 Build/NRD90M) AppleWebKit/537.36 (KHTML, like Gecko) SamsungBrowser/5.4 Chrome/51.0.2704.106 Mobile Safari/537.36"
213.162.68.61 - - [16/Aug/2017:06:31:51 +0200] "POST /krems/kursauswahl HTTP/1.1" 200 3036 "http://www.easydrivers.at/krems?gclid=CjwKCAjwt8rMBRBOEiwA2F2biGDyTIiLv8sPzzuPo2y4NE_66qN__9mMuXVNR5LTY4DoiUF4HXbM3xoC69EQAvD_BwE" "Mozilla/5.0 (Linux; Android 7.0; SAMSUNG SM-G955F/XXU1AQF7 Build/NRD90M) AppleWebKit/537.36 (KHTML, like Gecko) SamsungBrowser/5.4 Chrome/51.0.2704.106 Mobile Safari/537.36"
213.162.68.61 - - [16/Aug/2017:06:31:51 +0200] "POST /krems/kursauswahl HTTP/1.1" 200 3036 "http://www.easydrivers.at/krems?gclid=CjwKCAjwt8rMBRBOEiwA2F2biGDyTIiLv8sPzzuPo2y4NE_66qN__9mMuXVNR5LTY4DoiUF4HXbM3xoC69EQAvD_BwE" "Mozilla/5.0 (Linux; Android 7.0; SAMSUNG SM-G955F/XXU1AQF7 Build/NRD90M) AppleWebKit/537.36 (KHTML, like Gecko) SamsungBrowser/5.4 Chrome/51.0.2704.106 Mobile Safari/537.36"
213.162.68.61 - - [16/Aug/2017:06:32:59 +0200] "POST /krems/kursauswahl HTTP/1.1" 200 3036 "http://www.easydrivers.at/krems?gclid=CjwKCAjwt8rMBRBOEiwA2F2biGDyTIiLv8sPzzuPo2y4NE_66qN__9mMuXVNR5LTY4DoiUF4HXbM3xoC69EQAvD_BwE" "Mozilla/5.0 (Linux; Android 7.0; SAMSUNG SM-G955F/XXU1AQF7 Build/NRD90M) AppleWebKit/537.36 (KHTML, like Gecko) SamsungBrowser/5.4 Chrome/51.0.2704.106 Mobile Safari/537.36"
213.162.68.61 - - [16/Aug/2017:06:33:26 +0200] "POST /loadkursliste HTTP/1.1" 200 567 "http://www.easydrivers.at/krems/kursauswahl" "Mozilla/5.0 (Linux; Android 7.0; SAMSUNG SM-G955F/XXU1AQF7 Build/NRD90M) AppleWebKit/537.36 (KHTML, like Gecko) SamsungBrowser/5.4 Chrome/51.0.2704.106 Mobile Safari/537.36"
213.162.68.61 - - [16/Aug/2017:06:33:31 +0200] "POST /loadkursliste HTTP/1.1" 200 849 "http://www.easydrivers.at/krems/kursauswahl" "Mozilla/5.0 (Linux; Android 7.0; SAMSUNG SM-G955F/XXU1AQF7 Build/NRD90M) AppleWebKit/537.36 (KHTML, like Gecko) SamsungBrowser/5.4 Chrome/51.0.2704.106 Mobile Safari/537.36"
66.249.93.76 - - [16/Aug/2017:06:33:43 +0200] "GET /ennstal.bad.aussee/pruefungen HTTP/1.1" 200 2810 "android-app://com.google.android.googlequicksearchbox" "Mozilla/5.0 (Linux; Android 7.0; SM-G950F Build/NRD90M) AppleWebKit/537.36 (KHTML, like Gecko) Chrome/59.0.3071.125 Mobile Safari/537.36"
66.249.93.78 - - [16/Aug/2017:06:34:00 +0200] "GET /ennstal.bad.aussee/pruefungen HTTP/1.1" 200 2810 "http://www.easydrivers.at/ennstal.bad.aussee/pruefungen" "Mozilla/5.0 (Linux; Android 7.0; SM-G950F Build/NRD90M) AppleWebKit/537.36 (KHTML, like Gecko) Chrome/59.0.3071.125 Mobile Safari/537.36"
213.162.68.61 - - [16/Aug/2017:06:34:03 +0200] "GET /krems/A-Kurs-September-2017?FS=A1 HTTP/1.1" 200 3187 "http://www.easydrivers.at/krems/kursauswahl" "Mozilla/5.0 (Linux; Android 7.0; SAMSUNG SM-G955F/XXU1AQF7 Build/NRD90M) AppleWebKit/537.36 (KHTML, like Gecko) SamsungBrowser/5.4 Chrome/51.0.2704.106 Mobile Safari/537.36"
213.162.68.61 - - [16/Aug/2017:06:34:14 +0200] "GET /krems?gclid=CjwKCAjwt8rMBRBOEiwA2F2biGDyTIiLv8sPzzuPo2y4NE_66qN__9mMuXVNR5LTY4DoiUF4HXbM3xoC69EQAvD_BwE HTTP/1.1" 200 2934 "-" "Mozilla/5.0 (Linux; Android 7.0; SAMSUNG SM-G955F/XXU1AQF7 Build/NRD90M) AppleWebKit/537.36 (KHTML, like Gecko) SamsungBrowser/5.4 Chrome/51.0.2704.106 Mobile Safari/537.36"
213.225.6.183 - - [16/Aug/2017:06:34:39 +0200] "GET /download.php?id=10230031 HTTP/1.1" 200 84087 "https://www.google.at/" "Mozilla/5.0 (iPhone; CPU iPhone OS 10_3_2 like Mac OS X) AppleWebKit/603.2.4 (KHTML, like Gecko) Version/10.0 Mobile/14F89 Safari/602.1"
91.141.2.123 - - [16/Aug/2017:06:34:39 +0200] "GET / HTTP/1.1" 200 3564 "-" "Mozilla/5.0 (Linux; Android 7.0; SAMSUNG SM-G955F Build/NRD90M) AppleWebKit/537.36 (KHTML, like Gecko) SamsungBrowser/5.4 Chrome/51.0.2704.106 Mobile Safari/537.36"
91.141.2.123 - - [16/Aug/2017:06:34:41 +0200] "GET /css/mobile.css HTTP/1.1" 200 2852 "http://www.easydrivers.at/" "Mozilla/5.0 (Linux; Android 7.0; SAMSUNG SM-G955F Build/NRD90M) AppleWebKit/537.36 (KHTML, like Gecko) SamsungBrowser/5.4 Chrome/51.0.2704.106 Mobile Safari/537.36"
91.141.2.123 - - [16/Aug/2017:06:34:41 +0200] "GET /javascript/jquery.cookie.js HTTP/1.1" 200 863 "http://www.easydrivers.at/" "Mozilla/5.0 (Linux; Android 7.0; SAMSUNG SM-G955F Build/NRD90M) AppleWebKit/537.36 (KHTML, like Gecko) SamsungBrowser/5.4 Chrome/51.0.2704.106 Mobile Safari/537.36"
91.141.2.123 - - [16/Aug/2017:06:34:41 +0200] "GET /javascript/mobile-menu.js HTTP/1.1" 200 1634 "http://www.easydrivers.at/" "Mozilla/5.0 (Linux; Android 7.0; SAMSUNG SM-G955F Build/NRD90M) AppleWebKit/537.36 (KHTML, like Gecko) SamsungBrowser/5.4 Chrome/51.0.2704.106 Mobile Safari/537.36"
91.141.2.123 - - [16/Aug/2017:06:34:41 +0200] "GET /javascript/jquery.simplemodal.js HTTP/1.1" 200 3070 "http://www.easydrivers.at/" "Mozilla/5.0 (Linux; Android 7.0; SAMSUNG SM-G955F Build/NRD90M) AppleWebKit/537.36 (KHTML, like Gecko) SamsungBrowser/5.4 Chrome/51.0.2704.106 Mobile Safari/537.36"
91.141.2.123 - - [16/Aug/2017:06:34:41 +0200] "GET /javascript/mobile-homesearch.js HTTP/1.1" 200 340 "http://www.easydrivers.at/" "Mozilla/5.0 (Linux; Android 7.0; SAMSUNG SM-G955F Build/NRD90M) AppleWebKit/537.36 (KHTML, like Gecko) SamsungBrowser/5.4 Chrome/51.0.2704.106 Mobile Safari/537.36"
91.141.2.123 - - [16/Aug/2017:06:34:41 +0200] "GET /javascript/jquery-1.9.1.min.js HTTP/1.1" 200 32731 "http://www.easydrivers.at/" "Mozilla/5.0 (Linux; Android 7.0; SAMSUNG SM-G955F Build/NRD90M) AppleWebKit/537.36 (KHTML, like Gecko) SamsungBrowser/5.4 Chrome/51.0.2704.106 Mobile Safari/537.36"
91.141.2.123 - - [16/Aug/2017:06:34:41 +0200] "GET /javascript/lazyload.js HTTP/1.1" 200 1170 "http://www.easydrivers.at/" "Mozilla/5.0 (Linux; Android 7.0; SAMSUNG SM-G955F Build/NRD90M) AppleWebKit/537.36 (KHTML, like Gecko) SamsungBrowser/5.4 Chrome/51.0.2704.106 Mobile Safari/537.36"
91.141.2.123 - - [16/Aug/2017:06:34:42 +0200] "GET /img/mobile/easydrivers-logo-mobile.png HTTP/1.1" 200 10766 "http://www.easydrivers.at/" "Mozilla/5.0 (Linux; Android 7.0; SAMSUNG SM-G955F Build/NRD90M) AppleWebKit/537.36 (KHTML, like Gecko) SamsungBrowser/5.4 Chrome/51.0.2704.106 Mobile Safari/537.36"
91.141.2.123 - - [16/Aug/2017:06:34:42 +0200] "GET /img/mobile/menu-button.png HTTP/1.1" 200 1746 "http://www.easydrivers.at/" "Mozilla/5.0 (Linux; Android 7.0; SAMSUNG SM-G955F Build/NRD90M) AppleWebKit/537.36 (KHTML, like Gecko) SamsungBrowser/5.4 Chrome/51.0.2704.106 Mobile Safari/537.36"
91.141.2.123 - - [16/Aug/2017:06:34:42 +0200] "GET /img/mobile/close-button.png HTTP/1.1" 200 2411 "http://www.easydrivers.at/" "Mozilla/5.0 (Linux; Android 7.0; SAMSUNG SM-G955F Build/NRD90M) AppleWebKit/537.36 (KHTML, like Gecko) SamsungBrowser/5.4 Chrome/51.0.2704.106 Mobile Safari/537.36"
91.141.2.123 - - [16/Aug/2017:06:34:42 +0200] "GET /img/mobile/facebook-icon.png HTTP/1.1" 200 1902 "http://www.easydrivers.at/" "Mozilla/5.0 (Linux; Android 7.0; SAMSUNG SM-G955F Build/NRD90M) AppleWebKit/537.36 (KHTML, like Gecko) SamsungBrowser/5.4 Chrome/51.0.2704.106 Mobile Safari/537.36"
91.141.2.123 - - [16/Aug/2017:06:34:42 +0200] "GET /img/mobile/widget-icon-app.png HTTP/1.1" 200 3458 "http://www.easydrivers.at/" "Mozilla/5.0 (Linux; Android 7.0; SAMSUNG SM-G955F Build/NRD90M) AppleWebKit/537.36 (KHTML, like Gecko) SamsungBrowser/5.4 Chrome/51.0.2704.106 Mobile Safari/537.36"
91.141.2.123 - - [16/Aug/2017:06:34:42 +0200] "GET /img/mobile/bg-header.jpg HTTP/1.1" 200 19741 "http://www.easydrivers.at/css/mobile.css" "Mozilla/5.0 (Linux; Android 7.0; SAMSUNG SM-G955F Build/NRD90M) AppleWebKit/537.36 (KHTML, like Gecko) SamsungBrowser/5.4 Chrome/51.0.2704.106 Mobile Safari/537.36"
91.141.2.123 - - [16/Aug/2017:06:34:42 +0200] "GET /img/mobile/bg-menu.jpg HTTP/1.1" 200 1698 "http://www.easydrivers.at/css/mobile.css" "Mozilla/5.0 (Linux; Android 7.0; SAMSUNG SM-G955F Build/NRD90M) AppleWebKit/537.36 (KHTML, like Gecko) SamsungBrowser/5.4 Chrome/51.0.2704.106 Mobile Safari/537.36"
91.141.2.123 - - [16/Aug/2017:06:34:45 +0200] "GET /img/mobile/bg-top-section.jpg HTTP/1.1" 200 21711 "http://www.easydrivers.at/css/mobile.css" "Mozilla/5.0 (Linux; Android 7.0; SAMSUNG SM-G955F Build/NRD90M) AppleWebKit/537.36 (KHTML, like Gecko) SamsungBrowser/5.4 Chrome/51.0.2704.106 Mobile Safari/537.36"
91.141.2.123 - - [16/Aug/2017:06:34:45 +0200] "GET /img/mobile/pfeil-rechts.png HTTP/1.1" 200 1228 "http://www.easydrivers.at/css/mobile.css" "Mozilla/5.0 (Linux; Android 7.0; SAMSUNG SM-G955F Build/NRD90M) AppleWebKit/537.36 (KHTML, like Gecko) SamsungBrowser/5.4 Chrome/51.0.2704.106 Mobile Safari/537.36"
91.141.2.123 - - [16/Aug/2017:06:34:46 +0200] "GET /img/favicon.ico HTTP/1.1" 404 300 "http://www.easydrivers.at/" "Mozilla/5.0 (Linux; Android 7.0; SAMSUNG SM-G955F Build/NRD90M) AppleWebKit/537.36 (KHTML, like Gecko) SamsungBrowser/5.4 Chrome/51.0.2704.106 Mobile Safari/537.36"
77.119.131.255 - - [16/Aug/2017:06:34:53 +0200] "GET /fuehrerscheine/mofa HTTP/1.1" 200 2991 "https://www.google.at/" "Mozilla/5.0 (Linux; Android 5.0.1; SAMSUNG GT-I9515 Build/LRX22C) AppleWebKit/537.36 (KHTML, like Gecko) SamsungBrowser/2.1 Chrome/34.0.1847.76 Mobile Safari/537.36"
77.119.131.255 - - [16/Aug/2017:06:34:55 +0200] "GET /javascript/jquery.cookie.js HTTP/1.1" 200 863 "http://www.easydrivers.at/fuehrerscheine/mofa" "Mozilla/5.0 (Linux; Android 5.0.1; SAMSUNG GT-I9515 Build/LRX22C) AppleWebKit/537.36 (KHTML, like Gecko) SamsungBrowser/2.1 Chrome/34.0.1847.76 Mobile Safari/537.36"
77.119.131.255 - - [16/Aug/2017:06:34:55 +0200] "GET /css/mobile.css HTTP/1.1" 200 2852 "http://www.easydrivers.at/fuehrerscheine/mofa" "Mozilla/5.0 (Linux; Android 5.0.1; SAMSUNG GT-I9515 Build/LRX22C) AppleWebKit/537.36 (KHTML, like Gecko) SamsungBrowser/2.1 Chrome/34.0.1847.76 Mobile Safari/537.36"
77.119.131.255 - - [16/Aug/2017:06:34:55 +0200] "GET /javascript/mobile-menu.js HTTP/1.1" 200 1634 "http://www.easydrivers.at/fuehrerscheine/mofa" "Mozilla/5.0 (Linux; Android 5.0.1; SAMSUNG GT-I9515 Build/LRX22C) AppleWebKit/537.36 (KHTML, like Gecko) SamsungBrowser/2.1 Chrome/34.0.1847.76 Mobile Safari/537.36"
77.119.131.255 - - [16/Aug/2017:06:34:55 +0200] "GET /javascript/jquery-1.9.1.min.js HTTP/1.1" 200 32731 "http://www.easydrivers.at/fuehrerscheine/mofa" "Mozilla/5.0 (Linux; Android 5.0.1; SAMSUNG GT-I9515 Build/LRX22C) AppleWebKit/537.36 (KHTML, like Gecko) SamsungBrowser/2.1 Chrome/34.0.1847.76 Mobile Safari/537.36"
77.119.131.255 - - [16/Aug/2017:06:34:55 +0200] "GET /javascript/mobile-license.js HTTP/1.1" 200 216 "http://www.easydrivers.at/fuehrerscheine/mofa" "Mozilla/5.0 (Linux; Android 5.0.1; SAMSUNG GT-I9515 Build/LRX22C) AppleWebKit/537.36 (KHTML, like Gecko) SamsungBrowser/2.1 Chrome/34.0.1847.76 Mobile Safari/537.36"
77.119.131.255 - - [16/Aug/2017:06:34:55 +0200] "GET /img/mobile/easydrivers-logo-mobile.png HTTP/1.1" 200 10766 "http://www.easydrivers.at/fuehrerscheine/mofa" "Mozilla/5.0 (Linux; Android 5.0.1; SAMSUNG GT-I9515 Build/LRX22C) AppleWebKit/537.36 (KHTML, like Gecko) SamsungBrowser/2.1 Chrome/34.0.1847.76 Mobile Safari/537.36"
77.119.131.255 - - [16/Aug/2017:06:34:55 +0200] "GET /javascript/lazyload.js HTTP/1.1" 200 1170 "http://www.easydrivers.at/fuehrerscheine/mofa" "Mozilla/5.0 (Linux; Android 5.0.1; SAMSUNG GT-I9515 Build/LRX22C) AppleWebKit/537.36 (KHTML, like Gecko) SamsungBrowser/2.1 Chrome/34.0.1847.76 Mobile Safari/537.36"
77.119.131.255 - - [16/Aug/2017:06:34:55 +0200] "GET /javascript/jquery.simplemodal.js HTTP/1.1" 200 3070 "http://www.easydrivers.at/fuehrerscheine/mofa" "Mozilla/5.0 (Linux; Android 5.0.1; SAMSUNG GT-I9515 Build/LRX22C) AppleWebKit/537.36 (KHTML, like Gecko) SamsungBrowser/2.1 Chrome/34.0.1847.76 Mobile Safari/537.36"
77.119.131.255 - - [16/Aug/2017:06:34:55 +0200] "GET /img/mobile/menu-button.png HTTP/1.1" 200 1746 "http://www.easydrivers.at/fuehrerscheine/mofa" "Mozilla/5.0 (Linux; Android 5.0.1; SAMSUNG GT-I9515 Build/LRX22C) AppleWebKit/537.36 (KHTML, like Gecko) SamsungBrowser/2.1 Chrome/34.0.1847.76 Mobile Safari/537.36"
77.119.131.255 - - [16/Aug/2017:06:34:55 +0200] "GET /img/mobile/close-button.png HTTP/1.1" 200 2411 "http://www.easydrivers.at/fuehrerscheine/mofa" "Mozilla/5.0 (Linux; Android 5.0.1; SAMSUNG GT-I9515 Build/LRX22C) AppleWebKit/537.36 (KHTML, like Gecko) SamsungBrowser/2.1 Chrome/34.0.1847.76 Mobile Safari/537.36"
77.119.131.255 - - [16/Aug/2017:06:34:55 +0200] "GET /img/mobile/facebook-icon.png HTTP/1.1" 200 1902 "http://www.easydrivers.at/fuehrerscheine/mofa" "Mozilla/5.0 (Linux; Android 5.0.1; SAMSUNG GT-I9515 Build/LRX22C) AppleWebKit/537.36 (KHTML, like Gecko) SamsungBrowser/2.1 Chrome/34.0.1847.76 Mobile Safari/537.36"
77.119.131.255 - - [16/Aug/2017:06:34:56 +0200] "GET /img/mobile/bg-header.jpg HTTP/1.1" 200 19741 "http://www.easydrivers.at/fuehrerscheine/mofa" "Mozilla/5.0 (Linux; Android 5.0.1; SAMSUNG GT-I9515 Build/LRX22C) AppleWebKit/537.36 (KHTML, like Gecko) SamsungBrowser/2.1 Chrome/34.0.1847.76 Mobile Safari/537.36"
77.119.131.255 - - [16/Aug/2017:06:34:56 +0200] "GET /img/mobile/bg-menu.jpg HTTP/1.1" 200 1698 "http://www.easydrivers.at/fuehrerscheine/mofa" "Mozilla/5.0 (Linux; Android 5.0.1; SAMSUNG GT-I9515 Build/LRX22C) AppleWebKit/537.36 (KHTML, like Gecko) SamsungBrowser/2.1 Chrome/34.0.1847.76 Mobile Safari/537.36"
77.119.131.255 - - [16/Aug/2017:06:34:56 +0200] "GET /img/mobile/bg-yellow.jpg HTTP/1.1" 200 1569 "http://www.easydrivers.at/fuehrerscheine/mofa" "Mozilla/5.0 (Linux; Android 5.0.1; SAMSUNG GT-I9515 Build/LRX22C) AppleWebKit/537.36 (KHTML, like Gecko) SamsungBrowser/2.1 Chrome/34.0.1847.76 Mobile Safari/537.36"
77.119.131.255 - - [16/Aug/2017:06:34:56 +0200] "GET /img/mobile/weiter-button.png HTTP/1.1" 200 1670 "http://www.easydrivers.at/fuehrerscheine/mofa" "Mozilla/5.0 (Linux; Android 5.0.1; SAMSUNG GT-I9515 Build/LRX22C) AppleWebKit/537.36 (KHTML, like Gecko) SamsungBrowser/2.1 Chrome/34.0.1847.76 Mobile Safari/537.36"
77.119.131.255 - - [16/Aug/2017:06:34:57 +0200] "GET /img/favicon.ico HTTP/1.1" 404 300 "-" "Mozilla/5.0 (Linux; Android 5.0.1; SAMSUNG GT-I9515 Build/LRX22C) AppleWebKit/537.36 (KHTML, like Gecko) SamsungBrowser/2.1 Chrome/34.0.1847.76 Mobile Safari/537.36"
77.119.131.255 - - [16/Aug/2017:06:35:00 +0200] "GET /img/mobile/pfeil-rechts-small.png HTTP/1.1" 200 1056 "http://www.easydrivers.at/fuehrerscheine/mofa" "Mozilla/5.0 (Linux; Android 5.0.1; SAMSUNG GT-I9515 Build/LRX22C) AppleWebKit/537.36 (KHTML, like Gecko) SamsungBrowser/2.1 Chrome/34.0.1847.76 Mobile Safari/537.36"
77.119.131.255 - - [16/Aug/2017:06:35:00 +0200] "GET /img/mobile/pfeil-links-small.png HTTP/1.1" 200 1065 "http://www.easydrivers.at/fuehrerscheine/mofa" "Mozilla/5.0 (Linux; Android 5.0.1; SAMSUNG GT-I9515 Build/LRX22C) AppleWebKit/537.36 (KHTML, like Gecko) SamsungBrowser/2.1 Chrome/34.0.1847.76 Mobile Safari/537.36"
213.162.68.61 - - [16/Aug/2017:06:35:10 +0200] "GET /krems?gclid=CjwKCAjwt8rMBRBOEiwA2F2biDvluccpOT4IkQRkDhCXlibQXnWIe9iR8d-idV0FcfRoO7HKU0qAWRoCPdcQAvD_BwE HTTP/1.1" 200 2934 "-" "Mozilla/5.0 (Linux; Android 7.0; SAMSUNG SM-G955F/XXU1AQF7 Build/NRD90M) AppleWebKit/537.36 (KHTML, like Gecko) SamsungBrowser/5.4 Chrome/51.0.2704.106 Mobile Safari/537.36"
77.119.131.255 - - [16/Aug/2017:06:35:15 +0200] "POST / HTTP/1.1" 200 3570 "http://www.easydrivers.at/fuehrerscheine/mofa" "Mozilla/5.0 (Linux; Android 5.0.1; SAMSUNG GT-I9515 Build/LRX22C) AppleWebKit/537.36 (KHTML, like Gecko) SamsungBrowser/2.1 Chrome/34.0.1847.76 Mobile Safari/537.36"
77.119.131.255 - - [16/Aug/2017:06:35:17 +0200] "GET /javascript/mobile-homesearch.js HTTP/1.1" 200 340 "http://www.easydrivers.at/" "Mozilla/5.0 (Linux; Android 5.0.1; SAMSUNG GT-I9515 Build/LRX22C) AppleWebKit/537.36 (KHTML, like Gecko) SamsungBrowser/2.1 Chrome/34.0.1847.76 Mobile Safari/537.36"
77.119.131.255 - - [16/Aug/2017:06:35:17 +0200] "GET /img/mobile/widget-icon-app.png HTTP/1.1" 200 3458 "http://www.easydrivers.at/" "Mozilla/5.0 (Linux; Android 5.0.1; SAMSUNG GT-I9515 Build/LRX22C) AppleWebKit/537.36 (KHTML, like Gecko) SamsungBrowser/2.1 Chrome/34.0.1847.76 Mobile Safari/537.36"
77.119.131.255 - - [16/Aug/2017:06:35:17 +0200] "GET /img/mobile/bg-top-section.jpg HTTP/1.1" 200 21711 "http://www.easydrivers.at/" "Mozilla/5.0 (Linux; Android 5.0.1; SAMSUNG GT-I9515 Build/LRX22C) AppleWebKit/537.36 (KHTML, like Gecko) SamsungBrowser/2.1 Chrome/34.0.1847.76 Mobile Safari/537.36"
77.119.131.255 - - [16/Aug/2017:06:35:17 +0200] "GET /img/mobile/pfeil-rechts.png HTTP/1.1" 200 1228 "http://www.easydrivers.at/" "Mozilla/5.0 (Linux; Android 5.0.1; SAMSUNG GT-I9515 Build/LRX22C) AppleWebKit/537.36 (KHTML, like Gecko) SamsungBrowser/2.1 Chrome/34.0.1847.76 Mobile Safari/537.36"
213.162.68.61 - - [16/Aug/2017:06:35:23 +0200] "POST /krems/kursauswahl HTTP/1.1" 200 3036 "http://www.easydrivers.at/krems?gclid=CjwKCAjwt8rMBRBOEiwA2F2biDvluccpOT4IkQRkDhCXlibQXnWIe9iR8d-idV0FcfRoO7HKU0qAWRoCPdcQAvD_BwE" "Mozilla/5.0 (Linux; Android 7.0; SAMSUNG SM-G955F/XXU1AQF7 Build/NRD90M) AppleWebKit/537.36 (KHTML, like Gecko) SamsungBrowser/5.4 Chrome/51.0.2704.106 Mobile Safari/537.36"
213.162.72.145 - - [16/Aug/2017:06:35:26 +0200] "GET /dornbirn HTTP/1.1" 200 3036 "android-app://com.google.android.googlequicksearchbox" "Mozilla/5.0 (Linux; Android 6.0.1; SM-A320FL Build/MMB29K) AppleWebKit/537.36 (KHTML, like Gecko) Chrome/59.0.3071.125 Mobile Safari/537.36"
213.162.72.145 - - [16/Aug/2017:06:35:30 +0200] "GET /img/favicon.ico HTTP/1.1" 404 300 "http://www.easydrivers.at/dornbirn" "Mozilla/5.0 (Linux; Android 6.0.1; SM-A320FL Build/MMB29K) AppleWebKit/537.36 (KHTML, like Gecko) Chrome/59.0.3071.125 Mobile Safari/537.36"
213.162.68.61 - - [16/Aug/2017:06:35:28 +0200] "POST /krems/kursauswahl HTTP/1.1" 200 3036 "http://www.easydrivers.at/krems?gclid=CjwKCAjwt8rMBRBOEiwA2F2biDvluccpOT4IkQRkDhCXlibQXnWIe9iR8d-idV0FcfRoO7HKU0qAWRoCPdcQAvD_BwE" "Mozilla/5.0 (Linux; Android 7.0; SAMSUNG SM-G955F/XXU1AQF7 Build/NRD90M) AppleWebKit/537.36 (KHTML, like Gecko) SamsungBrowser/5.4 Chrome/51.0.2704.106 Mobile Safari/537.36"
213.162.68.61 - - [16/Aug/2017:06:35:31 +0200] "POST /krems/kursauswahl HTTP/1.1" 200 3036 "http://www.easydrivers.at/krems?gclid=CjwKCAjwt8rMBRBOEiwA2F2biDvluccpOT4IkQRkDhCXlibQXnWIe9iR8d-idV0FcfRoO7HKU0qAWRoCPdcQAvD_BwE" "Mozilla/5.0 (Linux; Android 7.0; SAMSUNG SM-G955F/XXU1AQF7 Build/NRD90M) AppleWebKit/537.36 (KHTML, like Gecko) SamsungBrowser/5.4 Chrome/51.0.2704.106 Mobile Safari/537.36"
77.119.131.255 - - [16/Aug/2017:06:35:36 +0200] "POST /suche HTTP/1.1" 200 2956 "http://www.easydrivers.at/" "Mozilla/5.0 (Linux; Android 5.0.1; SAMSUNG GT-I9515 Build/LRX22C) AppleWebKit/537.36 (KHTML, like Gecko) SamsungBrowser/2.1 Chrome/34.0.1847.76 Mobile Safari/537.36"
213.162.72.145 - - [16/Aug/2017:06:35:37 +0200] "GET / HTTP/1.1" 200 3564 "android-app://com.google.android.googlequicksearchbox" "Mozilla/5.0 (Linux; Android 6.0.1; SM-A320FL Build/MMB29K) AppleWebKit/537.36 (KHTML, like Gecko) Chrome/59.0.3071.125 Mobile Safari/537.36"
77.119.131.255 - - [16/Aug/2017:06:35:39 +0200] "GET /javascript/mobile-kurs-suchergebnis.js HTTP/1.1" 200 382 "http://www.easydrivers.at/suche" "Mozilla/5.0 (Linux; Android 5.0.1; SAMSUNG GT-I9515 Build/LRX22C) AppleWebKit/537.36 (KHTML, like Gecko) SamsungBrowser/2.1 Chrome/34.0.1847.76 Mobile Safari/537.36"
77.119.131.255 - - [16/Aug/2017:06:35:39 +0200] "GET /img/mobile/googlemaps-pin.png HTTP/1.1" 200 1597 "http://www.easydrivers.at/suche" "Mozilla/5.0 (Linux; Android 5.0.1; SAMSUNG GT-I9515 Build/LRX22C) AppleWebKit/537.36 (KHTML, like Gecko) SamsungBrowser/2.1 Chrome/34.0.1847.76 Mobile Safari/537.36"
77.119.131.255 - - [16/Aug/2017:06:35:39 +0200] "GET /img/mobile/smallicon-phone.png HTTP/1.1" 200 1311 "http://www.easydrivers.at/suche" "Mozilla/5.0 (Linux; Android 5.0.1; SAMSUNG GT-I9515 Build/LRX22C) AppleWebKit/537.36 (KHTML, like Gecko) SamsungBrowser/2.1 Chrome/34.0.1847.76 Mobile Safari/537.36"
77.119.131.255 - - [16/Aug/2017:06:35:39 +0200] "GET /img/mobile/smallicon-address.png HTTP/1.1" 200 1424 "http://www.easydrivers.at/suche" "Mozilla/5.0 (Linux; Android 5.0.1; SAMSUNG GT-I9515 Build/LRX22C) AppleWebKit/537.36 (KHTML, like Gecko) SamsungBrowser/2.1 Chrome/34.0.1847.76 Mobile Safari/537.36"
77.119.131.255 - - [16/Aug/2017:06:35:39 +0200] "GET /img/mobile/smallicon-time.png HTTP/1.1" 200 1328 "http://www.easydrivers.at/suche" "Mozilla/5.0 (Linux; Android 5.0.1; SAMSUNG GT-I9515 Build/LRX22C) AppleWebKit/537.36 (KHTML, like Gecko) SamsungBrowser/2.1 Chrome/34.0.1847.76 Mobile Safari/537.36"
77.119.131.255 - - [16/Aug/2017:06:35:39 +0200] "GET /img/mobile/smallicon-mail.png HTTP/1.1" 200 1335 "http://www.easydrivers.at/suche" "Mozilla/5.0 (Linux; Android 5.0.1; SAMSUNG GT-I9515 Build/LRX22C) AppleWebKit/537.36 (KHTML, like Gecko) SamsungBrowser/2.1 Chrome/34.0.1847.76 Mobile Safari/537.36"
213.162.72.145 - - [16/Aug/2017:06:35:39 +0200] "GET /javascript/mobile-homesearch.js HTTP/1.1" 200 340 "http://www.easydrivers.at/" "Mozilla/5.0 (Linux; Android 6.0.1; SM-A320FL Build/MMB29K) AppleWebKit/537.36 (KHTML, like Gecko) Chrome/59.0.3071.125 Mobile Safari/537.36"
213.162.68.61 - - [16/Aug/2017:06:35:37 +0200] "POST /loadkursliste HTTP/1.1" 200 849 "http://www.easydrivers.at/krems/kursauswahl" "Mozilla/5.0 (Linux; Android 7.0; SAMSUNG SM-G955F/XXU1AQF7 Build/NRD90M) AppleWebKit/537.36 (KHTML, like Gecko) SamsungBrowser/5.4 Chrome/51.0.2704.106 Mobile Safari/537.36"
188.68.48.243 - - [16/Aug/2017:06:35:44 +0200] "GET / HTTP/1.1" 301 382 "-" "Mozilla/5.0 (Windows NT 10.0; Win64; x64) AppleWebKit/537.36 (KHTML, like Gecko) Chrome/58.0.3029.110 Safari/537.36"
188.68.48.243 - - [16/Aug/2017:06:35:44 +0200] "GET / HTTP/1.1" 200 15942 "-" "Mozilla/5.0 (Windows NT 10.0; Win64; x64) AppleWebKit/537.36 (KHTML, like Gecko) Chrome/58.0.3029.110 Safari/537.36"
77.119.131.255 - - [16/Aug/2017:06:35:49 +0200] "GET / HTTP/1.1" 200 3564 "http://www.easydrivers.at/suche" "Mozilla/5.0 (Linux; Android 5.0.1; SAMSUNG GT-I9515 Build/LRX22C) AppleWebKit/537.36 (KHTML, like Gecko) SamsungBrowser/2.1 Chrome/34.0.1847.76 Mobile Safari/537.36"
188.68.48.243 - - [16/Aug/2017:06:35:56 +0200] "GET / HTTP/1.1" 200 15936 "-" "Mozilla/5.0 (Windows NT 10.0; Win64; x64) AppleWebKit/537.36 (KHTML, like Gecko) Chrome/58.0.3029.110 Safari/537.36"
213.162.68.61 - - [16/Aug/2017:06:35:57 +0200] "POST /loadkursliste HTTP/1.1" 200 567 "http://www.easydrivers.at/krems/kursauswahl" "Mozilla/5.0 (Linux; Android 7.0; SAMSUNG SM-G955F/XXU1AQF7 Build/NRD90M) AppleWebKit/537.36 (KHTML, like Gecko) SamsungBrowser/5.4 Chrome/51.0.2704.106 Mobile Safari/537.36"
90.152.130.245 - - [16/Aug/2017:06:36:03 +0200] "GET /download.php?id=10247990 HTTP/1.1" 200 45944 "https://www.google.at/" "Mozilla/5.0 (Windows NT 10.0; WOW64; rv:54.0) Gecko/20100101 Firefox/54.0"
213.162.68.61 - - [16/Aug/2017:06:36:17 +0200] "GET /krems/A-Kurs-September-2017?FS=A HTTP/1.1" 200 3205 "http://www.easydrivers.at/krems/kursauswahl" "Mozilla/5.0 (Linux; Android 7.0; SAMSUNG SM-G955F/XXU1AQF7 Build/NRD90M) AppleWebKit/537.36 (KHTML, like Gecko) SamsungBrowser/5.4 Chrome/51.0.2704.106 Mobile Safari/537.36"
134.119.222.21 - - [16/Aug/2017:06:36:20 +0200] "GET / HTTP/1.1" 400 260 "-" "libwww-perl/6.05"
213.162.68.61 - - [16/Aug/2017:06:36:21 +0200] "GET /krems/A-Kurs-September-2017?FS=A HTTP/1.1" 200 3205 "http://www.easydrivers.at/krems/kursauswahl" "Mozilla/5.0 (Linux; Android 7.0; SAMSUNG SM-G955F/XXU1AQF7 Build/NRD90M) AppleWebKit/537.36 (KHTML, like Gecko) SamsungBrowser/5.4 Chrome/51.0.2704.106 Mobile Safari/537.36"
213.162.68.61 - - [16/Aug/2017:06:36:24 +0200] "GET /krems/A-Kurs-September-2017?FS=A HTTP/1.1" 200 3205 "http://www.easydrivers.at/krems/kursauswahl" "Mozilla/5.0 (Linux; Android 7.0; SAMSUNG SM-G955F/XXU1AQF7 Build/NRD90M) AppleWebKit/537.36 (KHTML, like Gecko) SamsungBrowser/5.4 Chrome/51.0.2704.106 Mobile Safari/537.36"
213.162.68.61 - - [16/Aug/2017:06:36:34 +0200] "GET /krems?gclid=CjwKCAjwt8rMBRBOEiwA2F2biDvluccpOT4IkQRkDhCXlibQXnWIe9iR8d-idV0FcfRoO7HKU0qAWRoCPdcQAvD_BwE HTTP/1.1" 200 2934 "-" "Mozilla/5.0 (Linux; Android 7.0; SAMSUNG SM-G955F/XXU1AQF7 Build/NRD90M) AppleWebKit/537.36 (KHTML, like Gecko) SamsungBrowser/5.4 Chrome/51.0.2704.106 Mobile Safari/537.36"
80.110.90.166 - - [16/Aug/2017:06:36:35 +0200] "GET /reumannplatz HTTP/1.1" 200 2817 "http://m.facebook.com/" "Mozilla/5.0 (Linux; Android 5.0.2; SM-A500FU Build/LRX22G; wv) AppleWebKit/537.36 (KHTML, like Gecko) Version/4.0 Chrome/59.0.3071.125 Mobile Safari/537.36 [FB_IAB/FB4A;FBAV/135.0.0.22.90;]"
46.125.249.48 - - [16/Aug/2017:06:36:39 +0200] "GET /gmuend HTTP/1.1" 200 3476 "https://www.google.at/" "Mozilla/5.0 (iPad; CPU OS 10_3_1 like Mac OS X) AppleWebKit/600.1.4 (KHTML, like Gecko) GSA/20.3.136880903 Mobile/14E304 Safari/600.1.4"
46.125.249.48 - - [16/Aug/2017:06:36:41 +0200] "GET /css/style.css HTTP/1.1" 200 5004 "http://www.easydrivers.at/gmuend" "Mozilla/5.0 (iPad; CPU OS 10_3_1 like Mac OS X) AppleWebKit/600.1.4 (KHTML, like Gecko) GSA/20.3.136880903 Mobile/14E304 Safari/600.1.4"
46.125.249.48 - - [16/Aug/2017:06:36:42 +0200] "GET /css/print.css HTTP/1.1" 200 967 "http://www.easydrivers.at/gmuend" "Mozilla/5.0 (iPad; CPU OS 10_3_1 like Mac OS X) AppleWebKit/600.1.4 (KHTML, like Gecko) GSA/20.3.136880903 Mobile/14E304 Safari/600.1.4"
46.125.249.48 - - [16/Aug/2017:06:36:42 +0200] "GET /javascript/jquery.customSelect.min.js HTTP/1.1" 200 912 "http://www.easydrivers.at/gmuend" "Mozilla/5.0 (iPad; CPU OS 10_3_1 like Mac OS X) AppleWebKit/600.1.4 (KHTML, like Gecko) GSA/20.3.136880903 Mobile/14E304 Safari/600.1.4"
46.125.249.48 - - [16/Aug/2017:06:36:42 +0200] "GET /javascript/jquery.cookie.js HTTP/1.1" 200 863 "http://www.easydrivers.at/gmuend" "Mozilla/5.0 (iPad; CPU OS 10_3_1 like Mac OS X) AppleWebKit/600.1.4 (KHTML, like Gecko) GSA/20.3.136880903 Mobile/14E304 Safari/600.1.4"
46.125.249.48 - - [16/Aug/2017:06:36:42 +0200] "GET /javascript/jquery.simplemodal.js HTTP/1.1" 200 3070 "http://www.easydrivers.at/gmuend" "Mozilla/5.0 (iPad; CPU OS 10_3_1 like Mac OS X) AppleWebKit/600.1.4 (KHTML, like Gecko) GSA/20.3.136880903 Mobile/14E304 Safari/600.1.4"
46.125.249.48 - - [16/Aug/2017:06:36:42 +0200] "GET /javascript/portal.js?1221842734 HTTP/1.1" 200 3529 "http://www.easydrivers.at/gmuend" "Mozilla/5.0 (iPad; CPU OS 10_3_1 like Mac OS X) AppleWebKit/600.1.4 (KHTML, like Gecko) GSA/20.3.136880903 Mobile/14E304 Safari/600.1.4"
46.125.249.48 - - [16/Aug/2017:06:36:42 +0200] "GET /javascript/lazyload.js HTTP/1.1" 200 1170 "http://www.easydrivers.at/gmuend" "Mozilla/5.0 (iPad; CPU OS 10_3_1 like Mac OS X) AppleWebKit/600.1.4 (KHTML, like Gecko) GSA/20.3.136880903 Mobile/14E304 Safari/600.1.4"
46.125.249.48 - - [16/Aug/2017:06:36:42 +0200] "GET /img/close-button.png HTTP/1.1" 200 2237 "http://www.easydrivers.at/gmuend" "Mozilla/5.0 (iPad; CPU OS 10_3_1 like Mac OS X) AppleWebKit/600.1.4 (KHTML, like Gecko) GSA/20.3.136880903 Mobile/14E304 Safari/600.1.4"
46.125.249.48 - - [16/Aug/2017:06:36:42 +0200] "GET /img/facebook-icon.png HTTP/1.1" 200 1506 "http://www.easydrivers.at/gmuend" "Mozilla/5.0 (iPad; CPU OS 10_3_1 like Mac OS X) AppleWebKit/600.1.4 (KHTML, like Gecko) GSA/20.3.136880903 Mobile/14E304 Safari/600.1.4"
46.125.249.48 - - [16/Aug/2017:06:36:42 +0200] "GET /javascript/fahrschule.js HTTP/1.1" 200 462 "http://www.easydrivers.at/gmuend" "Mozilla/5.0 (iPad; CPU OS 10_3_1 like Mac OS X) AppleWebKit/600.1.4 (KHTML, like Gecko) GSA/20.3.136880903 Mobile/14E304 Safari/600.1.4"
46.125.249.48 - - [16/Aug/2017:06:36:42 +0200] "GET /img/info-button.png HTTP/1.1" 200 738 "http://www.easydrivers.at/gmuend" "Mozilla/5.0 (iPad; CPU OS 10_3_1 like Mac OS X) AppleWebKit/600.1.4 (KHTML, like Gecko) GSA/20.3.136880903 Mobile/14E304 Safari/600.1.4"
46.125.249.48 - - [16/Aug/2017:06:36:42 +0200] "GET /img/locator-icon.png HTTP/1.1" 200 1377 "http://www.easydrivers.at/gmuend" "Mozilla/5.0 (iPad; CPU OS 10_3_1 like Mac OS X) AppleWebKit/600.1.4 (KHTML, like Gecko) GSA/20.3.136880903 Mobile/14E304 Safari/600.1.4"
46.125.249.48 - - [16/Aug/2017:06:36:42 +0200] "GET /img/close-button-small.png HTTP/1.1" 200 1671 "http://www.easydrivers.at/gmuend" "Mozilla/5.0 (iPad; CPU OS 10_3_1 like Mac OS X) AppleWebKit/600.1.4 (KHTML, like Gecko) GSA/20.3.136880903 Mobile/14E304 Safari/600.1.4"
46.125.249.48 - - [16/Aug/2017:06:36:42 +0200] "GET /img/submit-button.png HTTP/1.1" 200 1958 "http://www.easydrivers.at/gmuend" "Mozilla/5.0 (iPad; CPU OS 10_3_1 like Mac OS X) AppleWebKit/600.1.4 (KHTML, like Gecko) GSA/20.3.136880903 Mobile/14E304 Safari/600.1.4"
46.125.249.48 - - [16/Aug/2017:06:36:42 +0200] "GET /binaries/easy-drivers-portal/widget-icon-trainingpng.png HTTP/1.1" 200 2662 "http://www.easydrivers.at/gmuend" "Mozilla/5.0 (iPad; CPU OS 10_3_1 like Mac OS X) AppleWebKit/600.1.4 (KHTML, like Gecko) GSA/20.3.136880903 Mobile/14E304 Safari/600.1.4"
46.125.249.48 - - [16/Aug/2017:06:36:42 +0200] "GET /img/empty.gif HTTP/1.1" 200 43 "http://www.easydrivers.at/gmuend" "Mozilla/5.0 (iPad; CPU OS 10_3_1 like Mac OS X) AppleWebKit/600.1.4 (KHTML, like Gecko) GSA/20.3.136880903 Mobile/14E304 Safari/600.1.4"
46.125.249.48 - - [16/Aug/2017:06:36:42 +0200] "GET /binaries/easy-drivers-portal/widget-icon-expertspng.png HTTP/1.1" 200 2159 "http://www.easydrivers.at/gmuend" "Mozilla/5.0 (iPad; CPU OS 10_3_1 like Mac OS X) AppleWebKit/600.1.4 (KHTML, like Gecko) GSA/20.3.136880903 Mobile/14E304 Safari/600.1.4"
46.125.249.48 - - [16/Aug/2017:06:36:42 +0200] "GET /binaries/easy-drivers-portal/widget-icon-apppng.png HTTP/1.1" 200 2432 "http://www.easydrivers.at/gmuend" "Mozilla/5.0 (iPad; CPU OS 10_3_1 like Mac OS X) AppleWebKit/600.1.4 (KHTML, like Gecko) GSA/20.3.136880903 Mobile/14E304 Safari/600.1.4"
46.125.249.48 - - [16/Aug/2017:06:36:42 +0200] "GET /img/schweiz-icon.png HTTP/1.1" 200 1504 "http://www.easydrivers.at/gmuend" "Mozilla/5.0 (iPad; CPU OS 10_3_1 like Mac OS X) AppleWebKit/600.1.4 (KHTML, like Gecko) GSA/20.3.136880903 Mobile/14E304 Safari/600.1.4"
46.125.249.48 - - [16/Aug/2017:06:36:42 +0200] "GET /img/bg-header.jpg HTTP/1.1" 200 38680 "http://www.easydrivers.at/gmuend" "Mozilla/5.0 (iPad; CPU OS 10_3_1 like Mac OS X) AppleWebKit/600.1.4 (KHTML, like Gecko) GSA/20.3.136880903 Mobile/14E304 Safari/600.1.4"
46.125.249.48 - - [16/Aug/2017:06:36:42 +0200] "GET /img/ED_Logo.png HTTP/1.1" 200 3385 "http://www.easydrivers.at/gmuend" "Mozilla/5.0 (iPad; CPU OS 10_3_1 like Mac OS X) AppleWebKit/600.1.4 (KHTML, like Gecko) GSA/20.3.136880903 Mobile/14E304 Safari/600.1.4"
46.125.249.48 - - [16/Aug/2017:06:36:42 +0200] "GET /img/purple-dots-horizontal.png HTTP/1.1" 200 977 "http://www.easydrivers.at/gmuend" "Mozilla/5.0 (iPad; CPU OS 10_3_1 like Mac OS X) AppleWebKit/600.1.4 (KHTML, like Gecko) GSA/20.3.136880903 Mobile/14E304 Safari/600.1.4"
46.125.249.48 - - [16/Aug/2017:06:36:42 +0200] "GET /img/bg-footer.jpg HTTP/1.1" 200 31770 "http://www.easydrivers.at/gmuend" "Mozilla/5.0 (iPad; CPU OS 10_3_1 like Mac OS X) AppleWebKit/600.1.4 (KHTML, like Gecko) GSA/20.3.136880903 Mobile/14E304 Safari/600.1.4"
46.125.249.48 - - [16/Aug/2017:06:36:42 +0200] "GET /img/yellow-dots-vertical.png HTTP/1.1" 200 981 "http://www.easydrivers.at/gmuend" "Mozilla/5.0 (iPad; CPU OS 10_3_1 like Mac OS X) AppleWebKit/600.1.4 (KHTML, like Gecko) GSA/20.3.136880903 Mobile/14E304 Safari/600.1.4"
46.125.249.48 - - [16/Aug/2017:06:36:42 +0200] "GET /img/kursicon-print-pink.png HTTP/1.1" 200 1125 "http://www.easydrivers.at/gmuend" "Mozilla/5.0 (iPad; CPU OS 10_3_1 like Mac OS X) AppleWebKit/600.1.4 (KHTML, like Gecko) GSA/20.3.136880903 Mobile/14E304 Safari/600.1.4"
46.125.249.48 - - [16/Aug/2017:06:36:42 +0200] "GET /img/kursicon-download-pink.png HTTP/1.1" 200 1213 "http://www.easydrivers.at/gmuend" "Mozilla/5.0 (iPad; CPU OS 10_3_1 like Mac OS X) AppleWebKit/600.1.4 (KHTML, like Gecko) GSA/20.3.136880903 Mobile/14E304 Safari/600.1.4"
46.125.249.48 - - [16/Aug/2017:06:36:42 +0200] "GET /img/kursicon-share-pink.png HTTP/1.1" 200 1277 "http://www.easydrivers.at/gmuend" "Mozilla/5.0 (iPad; CPU OS 10_3_1 like Mac OS X) AppleWebKit/600.1.4 (KHTML, like Gecko) GSA/20.3.136880903 Mobile/14E304 Safari/600.1.4"
46.125.249.48 - - [16/Aug/2017:06:36:42 +0200] "GET /img/bg-top-section.jpg HTTP/1.1" 200 82172 "http://www.easydrivers.at/gmuend" "Mozilla/5.0 (iPad; CPU OS 10_3_1 like Mac OS X) AppleWebKit/600.1.4 (KHTML, like Gecko) GSA/20.3.136880903 Mobile/14E304 Safari/600.1.4"
46.125.249.48 - - [16/Aug/2017:06:36:42 +0200] "GET /img/kursicon-phone-pink.png HTTP/1.1" 200 1286 "http://www.easydrivers.at/gmuend" "Mozilla/5.0 (iPad; CPU OS 10_3_1 like Mac OS X) AppleWebKit/600.1.4 (KHTML, like Gecko) GSA/20.3.136880903 Mobile/14E304 Safari/600.1.4"
213.162.68.61 - - [16/Aug/2017:06:36:44 +0200] "POST /krems/kursauswahl HTTP/1.1" 200 3036 "http://www.easydrivers.at/krems?gclid=CjwKCAjwt8rMBRBOEiwA2F2biDvluccpOT4IkQRkDhCXlibQXnWIe9iR8d-idV0FcfRoO7HKU0qAWRoCPdcQAvD_BwE" "Mozilla/5.0 (Linux; Android 7.0; SAMSUNG SM-G955F/XXU1AQF7 Build/NRD90M) AppleWebKit/537.36 (KHTML, like Gecko) SamsungBrowser/5.4 Chrome/51.0.2704.106 Mobile Safari/537.36"
213.162.68.61 - - [16/Aug/2017:06:36:44 +0200] "POST /krems/kursauswahl HTTP/1.1" 200 3036 "http://www.easydrivers.at/krems?gclid=CjwKCAjwt8rMBRBOEiwA2F2biDvluccpOT4IkQRkDhCXlibQXnWIe9iR8d-idV0FcfRoO7HKU0qAWRoCPdcQAvD_BwE" "Mozilla/5.0 (Linux; Android 7.0; SAMSUNG SM-G955F/XXU1AQF7 Build/NRD90M) AppleWebKit/537.36 (KHTML, like Gecko) SamsungBrowser/5.4 Chrome/51.0.2704.106 Mobile Safari/537.36"
213.162.68.61 - - [16/Aug/2017:06:36:47 +0200] "POST /krems/kursauswahl HTTP/1.1" 200 3036 "http://www.easydrivers.at/krems?gclid=CjwKCAjwt8rMBRBOEiwA2F2biDvluccpOT4IkQRkDhCXlibQXnWIe9iR8d-idV0FcfRoO7HKU0qAWRoCPdcQAvD_BwE" "Mozilla/5.0 (Linux; Android 7.0; SAMSUNG SM-G955F/XXU1AQF7 Build/NRD90M) AppleWebKit/537.36 (KHTML, like Gecko) SamsungBrowser/5.4 Chrome/51.0.2704.106 Mobile Safari/537.36"
213.162.68.61 - - [16/Aug/2017:06:36:49 +0200] "POST /krems/kursauswahl HTTP/1.1" 200 3036 "http://www.easydrivers.at/krems?gclid=CjwKCAjwt8rMBRBOEiwA2F2biDvluccpOT4IkQRkDhCXlibQXnWIe9iR8d-idV0FcfRoO7HKU0qAWRoCPdcQAvD_BwE" "Mozilla/5.0 (Linux; Android 7.0; SAMSUNG SM-G955F/XXU1AQF7 Build/NRD90M) AppleWebKit/537.36 (KHTML, like Gecko) SamsungBrowser/5.4 Chrome/51.0.2704.106 Mobile Safari/537.36"
213.162.68.61 - - [16/Aug/2017:06:36:50 +0200] "POST /krems/kursauswahl HTTP/1.1" 200 3036 "http://www.easydrivers.at/krems?gclid=CjwKCAjwt8rMBRBOEiwA2F2biDvluccpOT4IkQRkDhCXlibQXnWIe9iR8d-idV0FcfRoO7HKU0qAWRoCPdcQAvD_BwE" "Mozilla/5.0 (Linux; Android 7.0; SAMSUNG SM-G955F/XXU1AQF7 Build/NRD90M) AppleWebKit/537.36 (KHTML, like Gecko) SamsungBrowser/5.4 Chrome/51.0.2704.106 Mobile Safari/537.36"
213.162.68.61 - - [16/Aug/2017:06:36:52 +0200] "POST /krems/kursauswahl HTTP/1.1" 200 3036 "http://www.easydrivers.at/krems?gclid=CjwKCAjwt8rMBRBOEiwA2F2biDvluccpOT4IkQRkDhCXlibQXnWIe9iR8d-idV0FcfRoO7HKU0qAWRoCPdcQAvD_BwE" "Mozilla/5.0 (Linux; Android 7.0; SAMSUNG SM-G955F/XXU1AQF7 Build/NRD90M) AppleWebKit/537.36 (KHTML, like Gecko) SamsungBrowser/5.4 Chrome/51.0.2704.106 Mobile Safari/537.36"
213.162.68.61 - - [16/Aug/2017:06:36:57 +0200] "POST /krems/kursauswahl HTTP/1.1" 200 3036 "http://www.easydrivers.at/krems?gclid=CjwKCAjwt8rMBRBOEiwA2F2biDvluccpOT4IkQRkDhCXlibQXnWIe9iR8d-idV0FcfRoO7HKU0qAWRoCPdcQAvD_BwE" "Mozilla/5.0 (Linux; Android 7.0; SAMSUNG SM-G955F/XXU1AQF7 Build/NRD90M) AppleWebKit/537.36 (KHTML, like Gecko) SamsungBrowser/5.4 Chrome/51.0.2704.106 Mobile Safari/537.36"
46.125.249.48 - - [16/Aug/2017:06:36:58 +0200] "POST /gmuend/kursauswahl HTTP/1.1" 200 4586 "http://www.easydrivers.at/gmuend" "Mozilla/5.0 (iPad; CPU OS 10_3_1 like Mac OS X) AppleWebKit/600.1.4 (KHTML, like Gecko) GSA/20.3.136880903 Mobile/14E304 Safari/600.1.4"
46.125.249.48 - - [16/Aug/2017:06:37:00 +0200] "GET /css/showLoading.css HTTP/1.1" 200 219 "http://www.easydrivers.at/gmuend/kursauswahl" "Mozilla/5.0 (iPad; CPU OS 10_3_1 like Mac OS X) AppleWebKit/600.1.4 (KHTML, like Gecko) GSA/20.3.136880903 Mobile/14E304 Safari/600.1.4"
46.125.249.48 - - [16/Aug/2017:06:37:00 +0200] "GET /javascript/jquery.showLoading.min.js HTTP/1.1" 200 1136 "http://www.easydrivers.at/gmuend/kursauswahl" "Mozilla/5.0 (iPad; CPU OS 10_3_1 like Mac OS X) AppleWebKit/600.1.4 (KHTML, like Gecko) GSA/20.3.136880903 Mobile/14E304 Safari/600.1.4"
46.125.249.48 - - [16/Aug/2017:06:37:00 +0200] "GET /javascript/jquery.base64.min.js HTTP/1.1" 200 37135 "http://www.easydrivers.at/gmuend/kursauswahl" "Mozilla/5.0 (iPad; CPU OS 10_3_1 like Mac OS X) AppleWebKit/600.1.4 (KHTML, like Gecko) GSA/20.3.136880903 Mobile/14E304 Safari/600.1.4"
46.125.249.48 - - [16/Aug/2017:06:37:00 +0200] "GET /binaries/easy-drivers-portal/motorrad1jpg.jpg HTTP/1.1" 200 125850 "http://www.easydrivers.at/gmuend/kursauswahl" "Mozilla/5.0 (iPad; CPU OS 10_3_1 like Mac OS X) AppleWebKit/600.1.4 (KHTML, like Gecko) GSA/20.3.136880903 Mobile/14E304 Safari/600.1.4"
46.125.249.48 - - [16/Aug/2017:06:37:01 +0200] "GET /img/top-image-overlay.png HTTP/1.1" 200 20650 "http://www.easydrivers.at/gmuend/kursauswahl" "Mozilla/5.0 (iPad; CPU OS 10_3_1 like Mac OS X) AppleWebKit/600.1.4 (KHTML, like Gecko) GSA/20.3.136880903 Mobile/14E304 Safari/600.1.4"
46.125.249.48 - - [16/Aug/2017:06:37:01 +0200] "GET /img/arrow-left.png HTTP/1.1" 200 1015 "http://www.easydrivers.at/gmuend/kursauswahl" "Mozilla/5.0 (iPad; CPU OS 10_3_1 like Mac OS X) AppleWebKit/600.1.4 (KHTML, like Gecko) GSA/20.3.136880903 Mobile/14E304 Safari/600.1.4"
46.125.249.48 - - [16/Aug/2017:06:37:01 +0200] "GET /img/bg-yellow.jpg HTTP/1.1" 200 2250 "http://www.easydrivers.at/gmuend/kursauswahl" "Mozilla/5.0 (iPad; CPU OS 10_3_1 like Mac OS X) AppleWebKit/600.1.4 (KHTML, like Gecko) GSA/20.3.136880903 Mobile/14E304 Safari/600.1.4"
213.162.68.61 - - [16/Aug/2017:06:37:00 +0200] "POST /krems/kursauswahl HTTP/1.1" 200 3036 "http://www.easydrivers.at/krems?gclid=CjwKCAjwt8rMBRBOEiwA2F2biDvluccpOT4IkQRkDhCXlibQXnWIe9iR8d-idV0FcfRoO7HKU0qAWRoCPdcQAvD_BwE" "Mozilla/5.0 (Linux; Android 7.0; SAMSUNG SM-G955F/XXU1AQF7 Build/NRD90M) AppleWebKit/537.36 (KHTML, like Gecko) SamsungBrowser/5.4 Chrome/51.0.2704.106 Mobile Safari/537.36"
