91.141.0.164 - - [02/Sep/2017:07:06:30 +0200] "GET /berndorf HTTP/1.1" 200 2951 "http://www.easydrivers.at/berndorf/aktionen" "Mozilla/5.0 (Linux; Android 4.3; LT25i Build/9.2.A.2.5) AppleWebKit/537.36 (KHTML, like Gecko) Chrome/58.0.3029.83 Mobile Safari/537.36"
104.236.83.1 - - [02/Sep/2017:07:06:30 +0200] "GET /eisenstadt/10290102 HTTP/1.1" 200 2912 "http://www.easydrivers.at/eisenstadt" "Mozilla/5.0 (compatible; spbot/5.0.3; +http://OpenLinkProfiler.org/bot )"
125.163.127.203 - - [02/Sep/2017:07:06:31 +0200] "GET / HTTP/1.1" 200 15965 "-" "Mozilla/5.0 (Windows NT 6.1; WOW64; rv:40.0) Gecko/20100101 Firefox/40.1"
82.149.96.254 - - [02/Sep/2017:07:06:35 +0200] "GET /download.php?id=10265538 HTTP/1.1" 200 1229679 "https://www.google.at/" "Mozilla/5.0 (Windows NT 10.0; WOW64) AppleWebKit/537.36 (KHTML, like Gecko) Chrome/60.0.3112.113 Safari/537.36"
104.236.83.1 - - [02/Sep/2017:07:06:35 +0200] "GET /hollabrunn/10249814 HTTP/1.1" 200 3244 "http://www.easydrivers.at/hollabrunn" "Mozilla/5.0 (compatible; spbot/5.0.3; +http://OpenLinkProfiler.org/bot )"
104.236.83.1 - - [02/Sep/2017:07:06:40 +0200] "GET /fuehrerscheine/lkw/E HTTP/1.1" 200 3322 "http://www.easydrivers.at/fuehrerscheine/lkw" "Mozilla/5.0 (compatible; spbot/5.0.3; +http://OpenLinkProfiler.org/bot )"
82.149.96.254 - - [02/Sep/2017:07:06:36 +0200] "GET /download.php?id=10265538 HTTP/1.1" 200 171818 "https://www.google.at/" "Mozilla/5.0 (Windows NT 10.0; WOW64) AppleWebKit/537.36 (KHTML, like Gecko) Chrome/60.0.3112.113 Safari/537.36"
91.141.0.164 - - [02/Sep/2017:07:06:42 +0200] "GET /berndorf?channel=fullversion HTTP/1.1" 200 3750 "http://www.easydrivers.at/berndorf" "Mozilla/5.0 (Linux; Android 4.3; LT25i Build/9.2.A.2.5) AppleWebKit/537.36 (KHTML, like Gecko) Chrome/58.0.3029.83 Mobile Safari/537.36"
91.141.0.164 - - [02/Sep/2017:07:06:45 +0200] "GET /css/style.css HTTP/1.1" 200 5004 "http://www.easydrivers.at/berndorf?channel=fullversion" "Mozilla/5.0 (Linux; Android 4.3; LT25i Build/9.2.A.2.5) AppleWebKit/537.36 (KHTML, like Gecko) Chrome/58.0.3029.83 Mobile Safari/537.36"
91.141.0.164 - - [02/Sep/2017:07:06:45 +0200] "GET /javascript/jquery.customSelect.min.js HTTP/1.1" 200 912 "http://www.easydrivers.at/berndorf?channel=fullversion" "Mozilla/5.0 (Linux; Android 4.3; LT25i Build/9.2.A.2.5) AppleWebKit/537.36 (KHTML, like Gecko) Chrome/58.0.3029.83 Mobile Safari/537.36"
91.141.0.164 - - [02/Sep/2017:07:06:45 +0200] "GET /javascript/portal.js?1221842734 HTTP/1.1" 200 3529 "http://www.easydrivers.at/berndorf?channel=fullversion" "Mozilla/5.0 (Linux; Android 4.3; LT25i Build/9.2.A.2.5) AppleWebKit/537.36 (KHTML, like Gecko) Chrome/58.0.3029.83 Mobile Safari/537.36"
91.141.0.164 - - [02/Sep/2017:07:06:45 +0200] "GET /javascript/fahrschule.js HTTP/1.1" 200 462 "http://www.easydrivers.at/berndorf?channel=fullversion" "Mozilla/5.0 (Linux; Android 4.3; LT25i Build/9.2.A.2.5) AppleWebKit/537.36 (KHTML, like Gecko) Chrome/58.0.3029.83 Mobile Safari/537.36"
91.141.0.164 - - [02/Sep/2017:07:06:45 +0200] "GET /img/close-button.png HTTP/1.1" 200 2237 "http://www.easydrivers.at/berndorf?channel=fullversion" "Mozilla/5.0 (Linux; Android 4.3; LT25i Build/9.2.A.2.5) AppleWebKit/537.36 (KHTML, like Gecko) Chrome/58.0.3029.83 Mobile Safari/537.36"
91.141.0.164 - - [02/Sep/2017:07:06:45 +0200] "GET /img/facebook-icon.png HTTP/1.1" 200 1506 "http://www.easydrivers.at/berndorf?channel=fullversion" "Mozilla/5.0 (Linux; Android 4.3; LT25i Build/9.2.A.2.5) AppleWebKit/537.36 (KHTML, like Gecko) Chrome/58.0.3029.83 Mobile Safari/537.36"
91.141.0.164 - - [02/Sep/2017:07:06:45 +0200] "GET /img/info-button.png HTTP/1.1" 200 738 "http://www.easydrivers.at/berndorf?channel=fullversion" "Mozilla/5.0 (Linux; Android 4.3; LT25i Build/9.2.A.2.5) AppleWebKit/537.36 (KHTML, like Gecko) Chrome/58.0.3029.83 Mobile Safari/537.36"
91.141.0.164 - - [02/Sep/2017:07:06:45 +0200] "GET /img/locator-icon.png HTTP/1.1" 200 1377 "http://www.easydrivers.at/berndorf?channel=fullversion" "Mozilla/5.0 (Linux; Android 4.3; LT25i Build/9.2.A.2.5) AppleWebKit/537.36 (KHTML, like Gecko) Chrome/58.0.3029.83 Mobile Safari/537.36"
91.141.0.164 - - [02/Sep/2017:07:06:45 +0200] "GET /img/close-button-small.png HTTP/1.1" 200 1671 "http://www.easydrivers.at/berndorf?channel=fullversion" "Mozilla/5.0 (Linux; Android 4.3; LT25i Build/9.2.A.2.5) AppleWebKit/537.36 (KHTML, like Gecko) Chrome/58.0.3029.83 Mobile Safari/537.36"
91.141.0.164 - - [02/Sep/2017:07:06:45 +0200] "GET /img/submit-button.png HTTP/1.1" 200 1958 "http://www.easydrivers.at/berndorf?channel=fullversion" "Mozilla/5.0 (Linux; Android 4.3; LT25i Build/9.2.A.2.5) AppleWebKit/537.36 (KHTML, like Gecko) Chrome/58.0.3029.83 Mobile Safari/537.36"
91.141.0.164 - - [02/Sep/2017:07:06:45 +0200] "GET /cache/emu/images/easy-drivers-portal10249996/facebookjpg_160_90_0.jpg HTTP/1.1" 200 3643 "http://www.easydrivers.at/berndorf?channel=fullversion" "Mozilla/5.0 (Linux; Android 4.3; LT25i Build/9.2.A.2.5) AppleWebKit/537.36 (KHTML, like Gecko) Chrome/58.0.3029.83 Mobile Safari/537.36"
91.141.0.164 - - [02/Sep/2017:07:06:45 +0200] "GET /img/purple-dots-horizontal.png HTTP/1.1" 200 977 "http://www.easydrivers.at/css/style.css" "Mozilla/5.0 (Linux; Android 4.3; LT25i Build/9.2.A.2.5) AppleWebKit/537.36 (KHTML, like Gecko) Chrome/58.0.3029.83 Mobile Safari/537.36"
91.141.0.164 - - [02/Sep/2017:07:06:45 +0200] "GET /img/ED_Logo.png HTTP/1.1" 200 3385 "http://www.easydrivers.at/css/style.css" "Mozilla/5.0 (Linux; Android 4.3; LT25i Build/9.2.A.2.5) AppleWebKit/537.36 (KHTML, like Gecko) Chrome/58.0.3029.83 Mobile Safari/537.36"
91.141.0.164 - - [02/Sep/2017:07:06:45 +0200] "GET /img/empty.gif HTTP/1.1" 200 43 "http://www.easydrivers.at/berndorf?channel=fullversion" "Mozilla/5.0 (Linux; Android 4.3; LT25i Build/9.2.A.2.5) AppleWebKit/537.36 (KHTML, like Gecko) Chrome/58.0.3029.83 Mobile Safari/537.36"
91.141.0.164 - - [02/Sep/2017:07:06:45 +0200] "GET /img/yellow-dots-vertical.png HTTP/1.1" 200 981 "http://www.easydrivers.at/css/style.css" "Mozilla/5.0 (Linux; Android 4.3; LT25i Build/9.2.A.2.5) AppleWebKit/537.36 (KHTML, like Gecko) Chrome/58.0.3029.83 Mobile Safari/537.36"
91.141.0.164 - - [02/Sep/2017:07:06:45 +0200] "GET /img/bg-header.jpg HTTP/1.1" 200 38680 "http://www.easydrivers.at/css/style.css" "Mozilla/5.0 (Linux; Android 4.3; LT25i Build/9.2.A.2.5) AppleWebKit/537.36 (KHTML, like Gecko) Chrome/58.0.3029.83 Mobile Safari/537.36"
91.141.0.164 - - [02/Sep/2017:07:06:45 +0200] "GET /binaries/easy-drivers-portal/widget-icon-trainingpng.png HTTP/1.1" 200 2662 "http://www.easydrivers.at/berndorf?channel=fullversion" "Mozilla/5.0 (Linux; Android 4.3; LT25i Build/9.2.A.2.5) AppleWebKit/537.36 (KHTML, like Gecko) Chrome/58.0.3029.83 Mobile Safari/537.36"
91.141.0.164 - - [02/Sep/2017:07:06:45 +0200] "GET /binaries/easy-drivers-portal/widget-icon-expertspng.png HTTP/1.1" 200 2159 "http://www.easydrivers.at/berndorf?channel=fullversion" "Mozilla/5.0 (Linux; Android 4.3; LT25i Build/9.2.A.2.5) AppleWebKit/537.36 (KHTML, like Gecko) Chrome/58.0.3029.83 Mobile Safari/537.36"
91.141.0.164 - - [02/Sep/2017:07:06:46 +0200] "GET /binaries/easy-drivers-portal/widget-icon-apppng.png HTTP/1.1" 200 2432 "http://www.easydrivers.at/berndorf?channel=fullversion" "Mozilla/5.0 (Linux; Android 4.3; LT25i Build/9.2.A.2.5) AppleWebKit/537.36 (KHTML, like Gecko) Chrome/58.0.3029.83 Mobile Safari/537.36"
91.141.0.164 - - [02/Sep/2017:07:06:46 +0200] "GET /img/schweiz-icon.png HTTP/1.1" 200 1504 "http://www.easydrivers.at/berndorf?channel=fullversion" "Mozilla/5.0 (Linux; Android 4.3; LT25i Build/9.2.A.2.5) AppleWebKit/537.36 (KHTML, like Gecko) Chrome/58.0.3029.83 Mobile Safari/537.36"
91.141.0.164 - - [02/Sep/2017:07:06:45 +0200] "GET /img/bg-top-section.jpg HTTP/1.1" 200 82172 "http://www.easydrivers.at/css/style.css" "Mozilla/5.0 (Linux; Android 4.3; LT25i Build/9.2.A.2.5) AppleWebKit/537.36 (KHTML, like Gecko) Chrome/58.0.3029.83 Mobile Safari/537.36"
91.141.0.164 - - [02/Sep/2017:07:06:46 +0200] "GET /img/kursicon-print-pink.png HTTP/1.1" 200 1125 "http://www.easydrivers.at/berndorf?channel=fullversion" "Mozilla/5.0 (Linux; Android 4.3; LT25i Build/9.2.A.2.5) AppleWebKit/537.36 (KHTML, like Gecko) Chrome/58.0.3029.83 Mobile Safari/537.36"
91.141.0.164 - - [02/Sep/2017:07:06:46 +0200] "GET /img/kursicon-download-pink.png HTTP/1.1" 200 1213 "http://www.easydrivers.at/berndorf?channel=fullversion" "Mozilla/5.0 (Linux; Android 4.3; LT25i Build/9.2.A.2.5) AppleWebKit/537.36 (KHTML, like Gecko) Chrome/58.0.3029.83 Mobile Safari/537.36"
91.141.0.164 - - [02/Sep/2017:07:06:46 +0200] "GET /img/kursicon-share-pink.png HTTP/1.1" 200 1277 "http://www.easydrivers.at/berndorf?channel=fullversion" "Mozilla/5.0 (Linux; Android 4.3; LT25i Build/9.2.A.2.5) AppleWebKit/537.36 (KHTML, like Gecko) Chrome/58.0.3029.83 Mobile Safari/537.36"
91.141.0.164 - - [02/Sep/2017:07:06:46 +0200] "GET /img/kursicon-phone-pink.png HTTP/1.1" 200 1286 "http://www.easydrivers.at/berndorf?channel=fullversion" "Mozilla/5.0 (Linux; Android 4.3; LT25i Build/9.2.A.2.5) AppleWebKit/537.36 (KHTML, like Gecko) Chrome/58.0.3029.83 Mobile Safari/537.36"
91.141.0.164 - - [02/Sep/2017:07:06:46 +0200] "GET /css/print.css HTTP/1.1" 200 967 "http://www.easydrivers.at/berndorf?channel=fullversion" "Mozilla/5.0 (Linux; Android 4.3; LT25i Build/9.2.A.2.5) AppleWebKit/537.36 (KHTML, like Gecko) Chrome/58.0.3029.83 Mobile Safari/537.36"
91.141.0.164 - - [02/Sep/2017:07:06:46 +0200] "GET /img/bg-footer.jpg HTTP/1.1" 200 31770 "http://www.easydrivers.at/css/style.css" "Mozilla/5.0 (Linux; Android 4.3; LT25i Build/9.2.A.2.5) AppleWebKit/537.36 (KHTML, like Gecko) Chrome/58.0.3029.83 Mobile Safari/537.36"
91.141.0.164 - - [02/Sep/2017:07:06:46 +0200] "GET /img/new_favicon.ico HTTP/1.1" 200 1150 "http://www.easydrivers.at/berndorf?channel=fullversion" "Mozilla/5.0 (Linux; Android 4.3; LT25i Build/9.2.A.2.5) AppleWebKit/537.36 (KHTML, like Gecko) Chrome/58.0.3029.83 Mobile Safari/537.36"
104.236.83.1 - - [02/Sep/2017:07:06:45 +0200] "GET /waidhofen.ybbs/kurse HTTP/1.1" 200 4800 "http://www.easydrivers.at/waidhofen.ybbs" "Mozilla/5.0 (compatible; spbot/5.0.3; +http://OpenLinkProfiler.org/bot )"
104.236.83.1 - - [02/Sep/2017:07:06:50 +0200] "GET /neunkirchen/10248889 HTTP/1.1" 200 3446 "http://www.easydrivers.at/neunkirchen" "Mozilla/5.0 (compatible; spbot/5.0.3; +http://OpenLinkProfiler.org/bot )"
104.236.83.1 - - [02/Sep/2017:07:06:55 +0200] "GET /st.valentin/10254775 HTTP/1.1" 200 2974 "http://www.easydrivers.at/st.valentin" "Mozilla/5.0 (compatible; spbot/5.0.3; +http://OpenLinkProfiler.org/bot )"
91.141.0.164 - - [02/Sep/2017:07:06:57 +0200] "GET /berndorf/downloads HTTP/1.1" 200 3348 "http://www.easydrivers.at/berndorf?channel=fullversion" "Mozilla/5.0 (Linux; Android 4.3; LT25i Build/9.2.A.2.5) AppleWebKit/537.36 (KHTML, like Gecko) Chrome/58.0.3029.83 Mobile Safari/537.36"
91.141.0.164 - - [02/Sep/2017:07:07:02 +0200] "GET /img/download-arrow.png HTTP/1.1" 200 363 "http://www.easydrivers.at/css/style.css" "Mozilla/5.0 (Linux; Android 4.3; LT25i Build/9.2.A.2.5) AppleWebKit/537.36 (KHTML, like Gecko) Chrome/58.0.3029.83 Mobile Safari/537.36"
91.141.0.164 - - [02/Sep/2017:07:07:01 +0200] "GET /binaries/easy-drivers-portal/motorrad3jpg.jpg HTTP/1.1" 200 111280 "http://www.easydrivers.at/berndorf/downloads" "Mozilla/5.0 (Linux; Android 4.3; LT25i Build/9.2.A.2.5) AppleWebKit/537.36 (KHTML, like Gecko) Chrome/58.0.3029.83 Mobile Safari/537.36"
91.141.0.164 - - [02/Sep/2017:07:07:02 +0200] "GET /img/top-image-overlay.png HTTP/1.1" 200 20650 "http://www.easydrivers.at/css/style.css" "Mozilla/5.0 (Linux; Android 4.3; LT25i Build/9.2.A.2.5) AppleWebKit/537.36 (KHTML, like Gecko) Chrome/58.0.3029.83 Mobile Safari/537.36"
104.236.83.1 - - [02/Sep/2017:07:07:00 +0200] "GET /neunkirchen/10254364 HTTP/1.1" 200 3286 "http://www.easydrivers.at/neunkirchen" "Mozilla/5.0 (compatible; spbot/5.0.3; +http://OpenLinkProfiler.org/bot )"
104.236.83.1 - - [02/Sep/2017:07:07:05 +0200] "GET /st.valentin/aktionen HTTP/1.1" 200 2964 "http://www.easydrivers.at/st.valentin" "Mozilla/5.0 (compatible; spbot/5.0.3; +http://OpenLinkProfiler.org/bot )"
104.236.83.1 - - [02/Sep/2017:07:07:10 +0200] "GET /brigittenau/aktionen HTTP/1.1" 200 3540 "http://www.easydrivers.at/brigittenau" "Mozilla/5.0 (compatible; spbot/5.0.3; +http://OpenLinkProfiler.org/bot )"
104.236.83.1 - - [02/Sep/2017:07:07:15 +0200] "GET /brigittenau/10289334 HTTP/1.1" 200 3605 "http://www.easydrivers.at/brigittenau" "Mozilla/5.0 (compatible; spbot/5.0.3; +http://OpenLinkProfiler.org/bot )"
104.236.83.1 - - [02/Sep/2017:07:07:20 +0200] "GET /neunkirchen/10248957 HTTP/1.1" 200 3213 "http://www.easydrivers.at/neunkirchen" "Mozilla/5.0 (compatible; spbot/5.0.3; +http://OpenLinkProfiler.org/bot )"
104.236.83.1 - - [02/Sep/2017:07:07:25 +0200] "GET /jennersdorf/aktionen HTTP/1.1" 200 2908 "http://www.easydrivers.at/jennersdorf" "Mozilla/5.0 (compatible; spbot/5.0.3; +http://OpenLinkProfiler.org/bot )"
104.236.83.1 - - [02/Sep/2017:07:07:30 +0200] "GET /neunkirchen/10249730 HTTP/1.1" 200 3515 "http://www.easydrivers.at/neunkirchen" "Mozilla/5.0 (compatible; spbot/5.0.3; +http://OpenLinkProfiler.org/bot )"
104.236.83.1 - - [02/Sep/2017:07:07:35 +0200] "GET /bludenz/Inhaberdaten HTTP/1.1" 200 3725 "http://www.easydrivers.at/bludenz" "Mozilla/5.0 (compatible; spbot/5.0.3; +http://OpenLinkProfiler.org/bot )"
104.236.83.1 - - [02/Sep/2017:07:07:40 +0200] "GET /fuehrerscheine/lkw/C HTTP/1.1" 200 3782 "http://www.easydrivers.at/fuehrerscheine/lkw" "Mozilla/5.0 (compatible; spbot/5.0.3; +http://OpenLinkProfiler.org/bot )"
104.236.83.1 - - [02/Sep/2017:07:07:45 +0200] "GET /neunkirchen/10286510 HTTP/1.1" 200 3044 "http://www.easydrivers.at/neunkirchen" "Mozilla/5.0 (compatible; spbot/5.0.3; +http://OpenLinkProfiler.org/bot )"
104.236.83.1 - - [02/Sep/2017:07:07:50 +0200] "GET /brigittenau/10284632 HTTP/1.1" 200 3392 "http://www.easydrivers.at/brigittenau" "Mozilla/5.0 (compatible; spbot/5.0.3; +http://OpenLinkProfiler.org/bot )"
104.236.83.1 - - [02/Sep/2017:07:07:55 +0200] "GET /brigittenau/10290382 HTTP/1.1" 200 3231 "http://www.easydrivers.at/brigittenau" "Mozilla/5.0 (compatible; spbot/5.0.3; +http://OpenLinkProfiler.org/bot )"
104.236.83.1 - - [02/Sep/2017:07:08:00 +0200] "GET /wr.neustadt/aktionen HTTP/1.1" 200 2951 "http://www.easydrivers.at/wr.neustadt" "Mozilla/5.0 (compatible; spbot/5.0.3; +http://OpenLinkProfiler.org/bot )"
104.236.83.1 - - [02/Sep/2017:07:08:06 +0200] "GET /fahrschulen/salzburg HTTP/1.1" 200 2167 "http://www.easydrivers.at/fahrschulen" "Mozilla/5.0 (compatible; spbot/5.0.3; +http://OpenLinkProfiler.org/bot )"
104.236.83.1 - - [02/Sep/2017:07:08:10 +0200] "GET /bad.voeslau/aktionen HTTP/1.1" 200 2990 "http://www.easydrivers.at/bad.voeslau" "Mozilla/5.0 (compatible; spbot/5.0.3; +http://OpenLinkProfiler.org/bot )"
104.236.83.1 - - [02/Sep/2017:07:08:15 +0200] "GET /fahrschulen/kaernten HTTP/1.1" 200 2587 "http://www.easydrivers.at/fahrschulen" "Mozilla/5.0 (compatible; spbot/5.0.3; +http://OpenLinkProfiler.org/bot )"
66.249.76.76 - - [02/Sep/2017:07:08:19 +0200] "GET /scheibbs HTTP/1.1" 200 3487 "-" "Mozilla/5.0 (compatible; Googlebot/2.1; +http://www.google.com/bot.html)"
104.236.83.1 - - [02/Sep/2017:07:08:20 +0200] "GET /st.valentin/10254632 HTTP/1.1" 200 2998 "http://www.easydrivers.at/st.valentin" "Mozilla/5.0 (compatible; spbot/5.0.3; +http://OpenLinkProfiler.org/bot )"
68.180.228.44 - - [02/Sep/2017:07:08:24 +0200] "GET /robots.txt HTTP/1.1" 200 178 "-" "Mozilla/5.0 (compatible; Yahoo! Slurp; http://help.yahoo.com/help/us/ysearch/slurp)"
68.180.228.44 - - [02/Sep/2017:07:08:25 +0200] "GET /binaries/easy-drivers-perg/agb-easy-drivers-perg-20150204pdf-1.pdf HTTP/1.1" 304 - "-" "Mozilla/5.0 (compatible; Yahoo! Slurp; http://help.yahoo.com/help/us/ysearch/slurp)"
104.236.83.1 - - [02/Sep/2017:07:08:25 +0200] "GET /leonding/prakt_pruefg HTTP/1.1" 200 2990 "http://www.easydrivers.at/leonding" "Mozilla/5.0 (compatible; spbot/5.0.3; +http://OpenLinkProfiler.org/bot )"
104.236.83.1 - - [02/Sep/2017:07:08:31 +0200] "GET /moedling/Inhaberdaten HTTP/1.1" 200 3801 "http://www.easydrivers.at/moedling" "Mozilla/5.0 (compatible; spbot/5.0.3; +http://OpenLinkProfiler.org/bot )"
104.236.83.1 - - [02/Sep/2017:07:08:35 +0200] "GET /waidhofen.thaya/kurse HTTP/1.1" 200 4506 "http://www.easydrivers.at/waidhofen.thaya" "Mozilla/5.0 (compatible; spbot/5.0.3; +http://OpenLinkProfiler.org/bot )"
104.236.83.1 - - [02/Sep/2017:07:08:40 +0200] "GET /reumannplatz/aktionen HTTP/1.1" 200 2881 "http://www.easydrivers.at/reumannplatz" "Mozilla/5.0 (compatible; spbot/5.0.3; +http://OpenLinkProfiler.org/bot )"
104.236.83.1 - - [02/Sep/2017:07:08:45 +0200] "GET /scheibbs/Inhaberdaten HTTP/1.1" 200 3734 "http://www.easydrivers.at/scheibbs" "Mozilla/5.0 (compatible; spbot/5.0.3; +http://OpenLinkProfiler.org/bot )"
104.236.83.1 - - [02/Sep/2017:07:08:50 +0200] "GET /hartberg/Inhaberdaten HTTP/1.1" 200 3702 "http://www.easydrivers.at/hartberg" "Mozilla/5.0 (compatible; spbot/5.0.3; +http://OpenLinkProfiler.org/bot )"
104.236.83.1 - - [02/Sep/2017:07:08:55 +0200] "GET /krems/Fotos_Fahrzeuge HTTP/1.1" 200 3456 "http://www.easydrivers.at/krems" "Mozilla/5.0 (compatible; spbot/5.0.3; +http://OpenLinkProfiler.org/bot )"
104.236.83.1 - - [02/Sep/2017:07:09:00 +0200] "GET /krumbach/Inhaberdaten HTTP/1.1" 200 3655 "http://www.easydrivers.at/krumbach" "Mozilla/5.0 (compatible; spbot/5.0.3; +http://OpenLinkProfiler.org/bot )"
104.236.83.1 - - [02/Sep/2017:07:09:05 +0200] "GET /fuehrerscheine/auto/B HTTP/1.1" 200 3735 "http://www.easydrivers.at/fuehrerscheine/auto" "Mozilla/5.0 (compatible; spbot/5.0.3; +http://OpenLinkProfiler.org/bot )"
104.236.83.1 - - [02/Sep/2017:07:09:10 +0200] "GET /berndorf/Inhaberdaten HTTP/1.1" 200 3760 "http://www.easydrivers.at/berndorf" "Mozilla/5.0 (compatible; spbot/5.0.3; +http://OpenLinkProfiler.org/bot )"
194.48.32.17 - - [02/Sep/2017:07:09:16 +0200] "GET /css/style.css HTTP/1.1" 304 - "-" "Mozilla/4.0 (compatible;)"
104.236.83.1 - - [02/Sep/2017:07:09:15 +0200] "GET /guessing/Inhaberdaten HTTP/1.1" 200 3697 "http://www.easydrivers.at/guessing" "Mozilla/5.0 (compatible; spbot/5.0.3; +http://OpenLinkProfiler.org/bot )"
104.236.83.1 - - [02/Sep/2017:07:09:20 +0200] "GET /leonding/Inhaberdaten HTTP/1.1" 200 3722 "http://www.easydrivers.at/leonding" "Mozilla/5.0 (compatible; spbot/5.0.3; +http://OpenLinkProfiler.org/bot )"
212.95.7.14 - - [02/Sep/2017:07:09:22 +0200] "GET /moedling/aktionen HTTP/1.1" 200 3816 "http://m.facebook.com/" "Mozilla/5.0 (Linux; Android 7.0; SM-G920F Build/NRD90M; wv) AppleWebKit/537.36 (KHTML, like Gecko) Version/4.0 Chrome/60.0.3112.107 Mobile Safari/537.36 [FB_IAB/FB4A;FBAV/139.0.0.22.93;]"
104.236.83.1 - - [02/Sep/2017:07:09:25 +0200] "GET /oberwart/Inhaberdaten HTTP/1.1" 200 3671 "http://www.easydrivers.at/oberwart" "Mozilla/5.0 (compatible; spbot/5.0.3; +http://OpenLinkProfiler.org/bot )"
104.236.83.1 - - [02/Sep/2017:07:09:30 +0200] "GET /am.spitz/Inhaberdaten HTTP/1.1" 200 3690 "http://www.easydrivers.at/am.spitz" "Mozilla/5.0 (compatible; spbot/5.0.3; +http://OpenLinkProfiler.org/bot )"
104.236.83.1 - - [02/Sep/2017:07:09:35 +0200] "GET /dornbirn/Inhaberdaten HTTP/1.1" 200 3825 "http://www.easydrivers.at/dornbirn" "Mozilla/5.0 (compatible; spbot/5.0.3; +http://OpenLinkProfiler.org/bot )"
104.236.83.1 - - [02/Sep/2017:07:09:40 +0200] "GET /bad.voeslau/downloads HTTP/1.1" 200 3342 "http://www.easydrivers.at/bad.voeslau" "Mozilla/5.0 (compatible; spbot/5.0.3; +http://OpenLinkProfiler.org/bot )"
104.236.83.1 - - [02/Sep/2017:07:09:44 +0200] "GET /radfahrschule/partner HTTP/1.1" 200 5318 "http://www.easydrivers.at/radfahrschule" "Mozilla/5.0 (compatible; spbot/5.0.3; +http://OpenLinkProfiler.org/bot )"
104.236.83.1 - - [02/Sep/2017:07:09:50 +0200] "GET /spittelau/Inhaberdaten HTTP/1.1" 200 3692 "http://www.easydrivers.at/spittelau" "Mozilla/5.0 (compatible; spbot/5.0.3; +http://OpenLinkProfiler.org/bot )"
104.236.83.1 - - [02/Sep/2017:07:09:55 +0200] "GET /fuehrerscheine/auto/BE HTTP/1.1" 200 3385 "http://www.easydrivers.at/fuehrerscheine/auto" "Mozilla/5.0 (compatible; spbot/5.0.3; +http://OpenLinkProfiler.org/bot )"
40.77.167.14 - - [02/Sep/2017:07:09:59 +0200] "GET /robots.txt HTTP/1.1" 301 300 "-" "Mozilla/5.0 (compatible; bingbot/2.0; +http://www.bing.com/bingbot.htm)"
104.236.83.1 - - [02/Sep/2017:07:10:00 +0200] "GET /kapfenberg.pankl/kurse HTTP/1.1" 200 4279 "http://www.easydrivers.at/kapfenberg.pankl" "Mozilla/5.0 (compatible; spbot/5.0.3; +http://OpenLinkProfiler.org/bot )"
40.77.167.14 - - [02/Sep/2017:07:10:05 +0200] "GET /robots.txt HTTP/1.1" 200 101 "-" "Mozilla/5.0 (compatible; bingbot/2.0; +http://www.bing.com/bingbot.htm)"
104.236.83.1 - - [02/Sep/2017:07:10:05 +0200] "GET /innsbruck/Inhaberdaten HTTP/1.1" 200 3748 "http://www.easydrivers.at/innsbruck" "Mozilla/5.0 (compatible; spbot/5.0.3; +http://OpenLinkProfiler.org/bot )"
104.236.83.1 - - [02/Sep/2017:07:10:10 +0200] "GET /fuehrerscheine/auto/BC HTTP/1.1" 200 4320 "http://www.easydrivers.at/fuehrerscheine/auto" "Mozilla/5.0 (compatible; spbot/5.0.3; +http://OpenLinkProfiler.org/bot )"
104.236.83.1 - - [02/Sep/2017:07:10:15 +0200] "GET /wallensteinplatz/kurse HTTP/1.1" 200 4385 "http://www.easydrivers.at/wallensteinplatz" "Mozilla/5.0 (compatible; spbot/5.0.3; +http://OpenLinkProfiler.org/bot )"
62.46.73.87 - - [02/Sep/2017:07:10:19 +0200] "GET /krems HTTP/1.1" 200 3742 "-" "Mozilla/5.0 (Windows NT 6.1; WOW64; rv:54.0) Gecko/20100101 Firefox/54.0"
104.236.83.1 - - [02/Sep/2017:07:10:20 +0200] "GET /schwechat/uebungsplatz HTTP/1.1" 200 2972 "http://www.easydrivers.at/schwechat" "Mozilla/5.0 (compatible; spbot/5.0.3; +http://OpenLinkProfiler.org/bot )"
104.236.83.1 - - [02/Sep/2017:07:10:25 +0200] "GET /feldkirch/Inhaberdaten HTTP/1.1" 200 3674 "http://www.easydrivers.at/feldkirch" "Mozilla/5.0 (compatible; spbot/5.0.3; +http://OpenLinkProfiler.org/bot )"
104.236.83.1 - - [02/Sep/2017:07:10:31 +0200] "GET /fuehrerscheine/auto/BZ HTTP/1.1" 200 3499 "http://www.easydrivers.at/fuehrerscheine/auto" "Mozilla/5.0 (compatible; spbot/5.0.3; +http://OpenLinkProfiler.org/bot )"
46.125.249.77 - - [02/Sep/2017:07:10:33 +0200] "GET /st.poelten?gclid=Cj0KCQjwiqTNBRDVARIsAGsd9MrImWCIAchKyibXzdbgyLbetJDmhvThaynPWiyK659ZmoVu2nr-5VIaAjsLEALw_wcB HTTP/1.1" 200 2943 "-" "Mozilla/5.0 (Linux; Android 6.0.1; SAMSUNG SM-J710F Build/MMB29K) AppleWebKit/537.36 (KHTML, like Gecko) SamsungBrowser/5.4 Chrome/51.0.2704.106 Mobile Safari/537.36"
46.125.249.77 - - [02/Sep/2017:07:10:35 +0200] "GET /css/mobile.css HTTP/1.1" 200 2852 "http://www.easydrivers.at/st.poelten?gclid=Cj0KCQjwiqTNBRDVARIsAGsd9MrImWCIAchKyibXzdbgyLbetJDmhvThaynPWiyK659ZmoVu2nr-5VIaAjsLEALw_wcB" "Mozilla/5.0 (Linux; Android 6.0.1; SAMSUNG SM-J710F Build/MMB29K) AppleWebKit/537.36 (KHTML, like Gecko) SamsungBrowser/5.4 Chrome/51.0.2704.106 Mobile Safari/537.36"
46.125.249.77 - - [02/Sep/2017:07:10:35 +0200] "GET /javascript/jquery.cookie.js HTTP/1.1" 200 863 "http://www.easydrivers.at/st.poelten?gclid=Cj0KCQjwiqTNBRDVARIsAGsd9MrImWCIAchKyibXzdbgyLbetJDmhvThaynPWiyK659ZmoVu2nr-5VIaAjsLEALw_wcB" "Mozilla/5.0 (Linux; Android 6.0.1; SAMSUNG SM-J710F Build/MMB29K) AppleWebKit/537.36 (KHTML, like Gecko) SamsungBrowser/5.4 Chrome/51.0.2704.106 Mobile Safari/537.36"
46.125.249.77 - - [02/Sep/2017:07:10:35 +0200] "GET /javascript/jquery-1.9.1.min.js HTTP/1.1" 200 32731 "http://www.easydrivers.at/st.poelten?gclid=Cj0KCQjwiqTNBRDVARIsAGsd9MrImWCIAchKyibXzdbgyLbetJDmhvThaynPWiyK659ZmoVu2nr-5VIaAjsLEALw_wcB" "Mozilla/5.0 (Linux; Android 6.0.1; SAMSUNG SM-J710F Build/MMB29K) AppleWebKit/537.36 (KHTML, like Gecko) SamsungBrowser/5.4 Chrome/51.0.2704.106 Mobile Safari/537.36"
46.125.249.77 - - [02/Sep/2017:07:10:35 +0200] "GET /javascript/mobile-menu.js HTTP/1.1" 200 1634 "http://www.easydrivers.at/st.poelten?gclid=Cj0KCQjwiqTNBRDVARIsAGsd9MrImWCIAchKyibXzdbgyLbetJDmhvThaynPWiyK659ZmoVu2nr-5VIaAjsLEALw_wcB" "Mozilla/5.0 (Linux; Android 6.0.1; SAMSUNG SM-J710F Build/MMB29K) AppleWebKit/537.36 (KHTML, like Gecko) SamsungBrowser/5.4 Chrome/51.0.2704.106 Mobile Safari/537.36"
46.125.249.77 - - [02/Sep/2017:07:10:35 +0200] "GET /javascript/jquery.simplemodal.js HTTP/1.1" 200 3070 "http://www.easydrivers.at/st.poelten?gclid=Cj0KCQjwiqTNBRDVARIsAGsd9MrImWCIAchKyibXzdbgyLbetJDmhvThaynPWiyK659ZmoVu2nr-5VIaAjsLEALw_wcB" "Mozilla/5.0 (Linux; Android 6.0.1; SAMSUNG SM-J710F Build/MMB29K) AppleWebKit/537.36 (KHTML, like Gecko) SamsungBrowser/5.4 Chrome/51.0.2704.106 Mobile Safari/537.36"
46.125.249.77 - - [02/Sep/2017:07:10:35 +0200] "GET /javascript/mobile-fahrschule.js HTTP/1.1" 200 328 "http://www.easydrivers.at/st.poelten?gclid=Cj0KCQjwiqTNBRDVARIsAGsd9MrImWCIAchKyibXzdbgyLbetJDmhvThaynPWiyK659ZmoVu2nr-5VIaAjsLEALw_wcB" "Mozilla/5.0 (Linux; Android 6.0.1; SAMSUNG SM-J710F Build/MMB29K) AppleWebKit/537.36 (KHTML, like Gecko) SamsungBrowser/5.4 Chrome/51.0.2704.106 Mobile Safari/537.36"
46.125.249.77 - - [02/Sep/2017:07:10:35 +0200] "GET /javascript/lazyload.js HTTP/1.1" 200 1170 "http://www.easydrivers.at/st.poelten?gclid=Cj0KCQjwiqTNBRDVARIsAGsd9MrImWCIAchKyibXzdbgyLbetJDmhvThaynPWiyK659ZmoVu2nr-5VIaAjsLEALw_wcB" "Mozilla/5.0 (Linux; Android 6.0.1; SAMSUNG SM-J710F Build/MMB29K) AppleWebKit/537.36 (KHTML, like Gecko) SamsungBrowser/5.4 Chrome/51.0.2704.106 Mobile Safari/537.36"
46.125.249.77 - - [02/Sep/2017:07:10:35 +0200] "GET /img/mobile/easydrivers-logo-mobile.png HTTP/1.1" 200 10766 "http://www.easydrivers.at/st.poelten?gclid=Cj0KCQjwiqTNBRDVARIsAGsd9MrImWCIAchKyibXzdbgyLbetJDmhvThaynPWiyK659ZmoVu2nr-5VIaAjsLEALw_wcB" "Mozilla/5.0 (Linux; Android 6.0.1; SAMSUNG SM-J710F Build/MMB29K) AppleWebKit/537.36 (KHTML, like Gecko) SamsungBrowser/5.4 Chrome/51.0.2704.106 Mobile Safari/537.36"
46.125.249.77 - - [02/Sep/2017:07:10:35 +0200] "GET /img/mobile/menu-button.png HTTP/1.1" 200 1746 "http://www.easydrivers.at/st.poelten?gclid=Cj0KCQjwiqTNBRDVARIsAGsd9MrImWCIAchKyibXzdbgyLbetJDmhvThaynPWiyK659ZmoVu2nr-5VIaAjsLEALw_wcB" "Mozilla/5.0 (Linux; Android 6.0.1; SAMSUNG SM-J710F Build/MMB29K) AppleWebKit/537.36 (KHTML, like Gecko) SamsungBrowser/5.4 Chrome/51.0.2704.106 Mobile Safari/537.36"
46.125.249.77 - - [02/Sep/2017:07:10:35 +0200] "GET /img/mobile/close-button.png HTTP/1.1" 200 2411 "http://www.easydrivers.at/st.poelten?gclid=Cj0KCQjwiqTNBRDVARIsAGsd9MrImWCIAchKyibXzdbgyLbetJDmhvThaynPWiyK659ZmoVu2nr-5VIaAjsLEALw_wcB" "Mozilla/5.0 (Linux; Android 6.0.1; SAMSUNG SM-J710F Build/MMB29K) AppleWebKit/537.36 (KHTML, like Gecko) SamsungBrowser/5.4 Chrome/51.0.2704.106 Mobile Safari/537.36"
46.125.249.77 - - [02/Sep/2017:07:10:35 +0200] "GET /img/mobile/facebook-icon.png HTTP/1.1" 200 1902 "http://www.easydrivers.at/st.poelten?gclid=Cj0KCQjwiqTNBRDVARIsAGsd9MrImWCIAchKyibXzdbgyLbetJDmhvThaynPWiyK659ZmoVu2nr-5VIaAjsLEALw_wcB" "Mozilla/5.0 (Linux; Android 6.0.1; SAMSUNG SM-J710F Build/MMB29K) AppleWebKit/537.36 (KHTML, like Gecko) SamsungBrowser/5.4 Chrome/51.0.2704.106 Mobile Safari/537.36"
46.125.249.77 - - [02/Sep/2017:07:10:35 +0200] "GET /img/mobile/info-button.png HTTP/1.1" 200 1549 "http://www.easydrivers.at/st.poelten?gclid=Cj0KCQjwiqTNBRDVARIsAGsd9MrImWCIAchKyibXzdbgyLbetJDmhvThaynPWiyK659ZmoVu2nr-5VIaAjsLEALw_wcB" "Mozilla/5.0 (Linux; Android 6.0.1; SAMSUNG SM-J710F Build/MMB29K) AppleWebKit/537.36 (KHTML, like Gecko) SamsungBrowser/5.4 Chrome/51.0.2704.106 Mobile Safari/537.36"
46.125.249.77 - - [02/Sep/2017:07:10:35 +0200] "GET /img/mobile/info-close-button.png HTTP/1.1" 200 1721 "http://www.easydrivers.at/st.poelten?gclid=Cj0KCQjwiqTNBRDVARIsAGsd9MrImWCIAchKyibXzdbgyLbetJDmhvThaynPWiyK659ZmoVu2nr-5VIaAjsLEALw_wcB" "Mozilla/5.0 (Linux; Android 6.0.1; SAMSUNG SM-J710F Build/MMB29K) AppleWebKit/537.36 (KHTML, like Gecko) SamsungBrowser/5.4 Chrome/51.0.2704.106 Mobile Safari/537.36"
46.125.249.77 - - [02/Sep/2017:07:10:35 +0200] "GET /img/smallicon-person.png HTTP/1.1" 200 1141 "http://www.easydrivers.at/st.poelten?gclid=Cj0KCQjwiqTNBRDVARIsAGsd9MrImWCIAchKyibXzdbgyLbetJDmhvThaynPWiyK659ZmoVu2nr-5VIaAjsLEALw_wcB" "Mozilla/5.0 (Linux; Android 6.0.1; SAMSUNG SM-J710F Build/MMB29K) AppleWebKit/537.36 (KHTML, like Gecko) SamsungBrowser/5.4 Chrome/51.0.2704.106 Mobile Safari/537.36"
46.125.249.77 - - [02/Sep/2017:07:10:35 +0200] "GET /img/smallicon-address.png HTTP/1.1" 200 1211 "http://www.easydrivers.at/st.poelten?gclid=Cj0KCQjwiqTNBRDVARIsAGsd9MrImWCIAchKyibXzdbgyLbetJDmhvThaynPWiyK659ZmoVu2nr-5VIaAjsLEALw_wcB" "Mozilla/5.0 (Linux; Android 6.0.1; SAMSUNG SM-J710F Build/MMB29K) AppleWebKit/537.36 (KHTML, like Gecko) SamsungBrowser/5.4 Chrome/51.0.2704.106 Mobile Safari/537.36"
46.125.249.77 - - [02/Sep/2017:07:10:35 +0200] "GET /img/mobile/googlemaps-pin.png HTTP/1.1" 200 1597 "http://www.easydrivers.at/st.poelten?gclid=Cj0KCQjwiqTNBRDVARIsAGsd9MrImWCIAchKyibXzdbgyLbetJDmhvThaynPWiyK659ZmoVu2nr-5VIaAjsLEALw_wcB" "Mozilla/5.0 (Linux; Android 6.0.1; SAMSUNG SM-J710F Build/MMB29K) AppleWebKit/537.36 (KHTML, like Gecko) SamsungBrowser/5.4 Chrome/51.0.2704.106 Mobile Safari/537.36"
46.125.249.77 - - [02/Sep/2017:07:10:35 +0200] "GET /img/smallicon-time.png HTTP/1.1" 200 1262 "http://www.easydrivers.at/st.poelten?gclid=Cj0KCQjwiqTNBRDVARIsAGsd9MrImWCIAchKyibXzdbgyLbetJDmhvThaynPWiyK659ZmoVu2nr-5VIaAjsLEALw_wcB" "Mozilla/5.0 (Linux; Android 6.0.1; SAMSUNG SM-J710F Build/MMB29K) AppleWebKit/537.36 (KHTML, like Gecko) SamsungBrowser/5.4 Chrome/51.0.2704.106 Mobile Safari/537.36"
46.125.249.77 - - [02/Sep/2017:07:10:35 +0200] "GET /img/smallicon-phone.png HTTP/1.1" 200 3056 "http://www.easydrivers.at/st.poelten?gclid=Cj0KCQjwiqTNBRDVARIsAGsd9MrImWCIAchKyibXzdbgyLbetJDmhvThaynPWiyK659ZmoVu2nr-5VIaAjsLEALw_wcB" "Mozilla/5.0 (Linux; Android 6.0.1; SAMSUNG SM-J710F Build/MMB29K) AppleWebKit/537.36 (KHTML, like Gecko) SamsungBrowser/5.4 Chrome/51.0.2704.106 Mobile Safari/537.36"
46.125.249.77 - - [02/Sep/2017:07:10:35 +0200] "GET /img/smallicon-mail.png HTTP/1.1" 200 1341 "http://www.easydrivers.at/st.poelten?gclid=Cj0KCQjwiqTNBRDVARIsAGsd9MrImWCIAchKyibXzdbgyLbetJDmhvThaynPWiyK659ZmoVu2nr-5VIaAjsLEALw_wcB" "Mozilla/5.0 (Linux; Android 6.0.1; SAMSUNG SM-J710F Build/MMB29K) AppleWebKit/537.36 (KHTML, like Gecko) SamsungBrowser/5.4 Chrome/51.0.2704.106 Mobile Safari/537.36"
46.125.249.77 - - [02/Sep/2017:07:10:35 +0200] "GET /img/mobile/widget-icon-app.png HTTP/1.1" 200 3458 "http://www.easydrivers.at/st.poelten?gclid=Cj0KCQjwiqTNBRDVARIsAGsd9MrImWCIAchKyibXzdbgyLbetJDmhvThaynPWiyK659ZmoVu2nr-5VIaAjsLEALw_wcB" "Mozilla/5.0 (Linux; Android 6.0.1; SAMSUNG SM-J710F Build/MMB29K) AppleWebKit/537.36 (KHTML, like Gecko) SamsungBrowser/5.4 Chrome/51.0.2704.106 Mobile Safari/537.36"
46.125.249.77 - - [02/Sep/2017:07:10:35 +0200] "GET /img/mobile/bg-header.jpg HTTP/1.1" 200 19741 "http://www.easydrivers.at/css/mobile.css" "Mozilla/5.0 (Linux; Android 6.0.1; SAMSUNG SM-J710F Build/MMB29K) AppleWebKit/537.36 (KHTML, like Gecko) SamsungBrowser/5.4 Chrome/51.0.2704.106 Mobile Safari/537.36"
46.125.249.77 - - [02/Sep/2017:07:10:35 +0200] "GET /img/mobile/bg-menu.jpg HTTP/1.1" 200 1698 "http://www.easydrivers.at/css/mobile.css" "Mozilla/5.0 (Linux; Android 6.0.1; SAMSUNG SM-J710F Build/MMB29K) AppleWebKit/537.36 (KHTML, like Gecko) SamsungBrowser/5.4 Chrome/51.0.2704.106 Mobile Safari/537.36"
46.125.249.77 - - [02/Sep/2017:07:10:35 +0200] "GET /img/mobile/bg-top-section.jpg HTTP/1.1" 200 21711 "http://www.easydrivers.at/css/mobile.css" "Mozilla/5.0 (Linux; Android 6.0.1; SAMSUNG SM-J710F Build/MMB29K) AppleWebKit/537.36 (KHTML, like Gecko) SamsungBrowser/5.4 Chrome/51.0.2704.106 Mobile Safari/537.36"
46.125.249.77 - - [02/Sep/2017:07:10:36 +0200] "GET /img/mobile/pfeil-rechts.png HTTP/1.1" 200 1228 "http://www.easydrivers.at/css/mobile.css" "Mozilla/5.0 (Linux; Android 6.0.1; SAMSUNG SM-J710F Build/MMB29K) AppleWebKit/537.36 (KHTML, like Gecko) SamsungBrowser/5.4 Chrome/51.0.2704.106 Mobile Safari/537.36"
104.236.83.1 - - [02/Sep/2017:07:10:35 +0200] "GET /fahrschulen/vorarlberg HTTP/1.1" 200 2998 "http://www.easydrivers.at/fahrschulen" "Mozilla/5.0 (compatible; spbot/5.0.3; +http://OpenLinkProfiler.org/bot )"
46.125.249.77 - - [02/Sep/2017:07:10:36 +0200] "GET /img/favicon.ico HTTP/1.1" 404 300 "http://www.easydrivers.at/st.poelten?gclid=Cj0KCQjwiqTNBRDVARIsAGsd9MrImWCIAchKyibXzdbgyLbetJDmhvThaynPWiyK659ZmoVu2nr-5VIaAjsLEALw_wcB" "Mozilla/5.0 (Linux; Android 6.0.1; SAMSUNG SM-J710F Build/MMB29K) AppleWebKit/537.36 (KHTML, like Gecko) SamsungBrowser/5.4 Chrome/51.0.2704.106 Mobile Safari/537.36"
104.236.83.1 - - [02/Sep/2017:07:10:40 +0200] "GET /fuehrerscheine/lkw/CCE HTTP/1.1" 200 4164 "http://www.easydrivers.at/fuehrerscheine/lkw" "Mozilla/5.0 (compatible; spbot/5.0.3; +http://OpenLinkProfiler.org/bot )"
46.125.249.77 - - [02/Sep/2017:07:10:41 +0200] "POST /st.poelten/kursauswahl HTTP/1.1" 200 3062 "http://www.easydrivers.at/st.poelten?gclid=Cj0KCQjwiqTNBRDVARIsAGsd9MrImWCIAchKyibXzdbgyLbetJDmhvThaynPWiyK659ZmoVu2nr-5VIaAjsLEALw_wcB" "Mozilla/5.0 (Linux; Android 6.0.1; SAMSUNG SM-J710F Build/MMB29K) AppleWebKit/537.36 (KHTML, like Gecko) SamsungBrowser/5.4 Chrome/51.0.2704.106 Mobile Safari/537.36"
46.125.249.77 - - [02/Sep/2017:07:10:43 +0200] "GET /javascript/mobile-fahrschule-kurs-suchergebnis.js HTTP/1.1" 200 274 "http://www.easydrivers.at/st.poelten/kursauswahl" "Mozilla/5.0 (Linux; Android 6.0.1; SAMSUNG SM-J710F Build/MMB29K) AppleWebKit/537.36 (KHTML, like Gecko) SamsungBrowser/5.4 Chrome/51.0.2704.106 Mobile Safari/537.36"
46.125.249.77 - - [02/Sep/2017:07:10:44 +0200] "GET /img/mobile/pfeil-links-small.png HTTP/1.1" 200 1065 "http://www.easydrivers.at/css/mobile.css" "Mozilla/5.0 (Linux; Android 6.0.1; SAMSUNG SM-J710F Build/MMB29K) AppleWebKit/537.36 (KHTML, like Gecko) SamsungBrowser/5.4 Chrome/51.0.2704.106 Mobile Safari/537.36"
46.125.249.77 - - [02/Sep/2017:07:10:44 +0200] "GET /img/mobile/bg-yellow.jpg HTTP/1.1" 200 1569 "http://www.easydrivers.at/css/mobile.css" "Mozilla/5.0 (Linux; Android 6.0.1; SAMSUNG SM-J710F Build/MMB29K) AppleWebKit/537.36 (KHTML, like Gecko) SamsungBrowser/5.4 Chrome/51.0.2704.106 Mobile Safari/537.36"
46.125.249.77 - - [02/Sep/2017:07:10:44 +0200] "GET /img/loading-bars.gif HTTP/1.1" 200 3951 "http://www.easydrivers.at/css/mobile.css" "Mozilla/5.0 (Linux; Android 6.0.1; SAMSUNG SM-J710F Build/MMB29K) AppleWebKit/537.36 (KHTML, like Gecko) SamsungBrowser/5.4 Chrome/51.0.2704.106 Mobile Safari/537.36"
104.236.83.1 - - [02/Sep/2017:07:10:45 +0200] "GET /fuehrerscheine/traktor HTTP/1.1" 200 2599 "http://www.easydrivers.at/" "Mozilla/5.0 (compatible; spbot/5.0.3; +http://OpenLinkProfiler.org/bot )"
46.125.249.77 - - [02/Sep/2017:07:10:46 +0200] "POST /loadkursliste HTTP/1.1" 200 556 "http://www.easydrivers.at/st.poelten/kursauswahl" "Mozilla/5.0 (Linux; Android 6.0.1; SAMSUNG SM-J710F Build/MMB29K) AppleWebKit/537.36 (KHTML, like Gecko) SamsungBrowser/5.4 Chrome/51.0.2704.106 Mobile Safari/537.36"
104.236.83.1 - - [02/Sep/2017:07:10:50 +0200] "GET /fuehrerscheine/auto/BF HTTP/1.1" 200 3918 "http://www.easydrivers.at/fuehrerscheine/auto" "Mozilla/5.0 (compatible; spbot/5.0.3; +http://OpenLinkProfiler.org/bot )"
104.236.83.1 - - [02/Sep/2017:07:10:55 +0200] "GET /fuehrerscheine/mofa/AM HTTP/1.1" 200 3596 "http://www.easydrivers.at/fuehrerscheine/mofa" "Mozilla/5.0 (compatible; spbot/5.0.3; +http://OpenLinkProfiler.org/bot )"
46.125.249.77 - - [02/Sep/2017:07:10:55 +0200] "GET /st.poelten/kurse HTTP/1.1" 200 3141 "http://www.easydrivers.at/st.poelten/kursauswahl" "Mozilla/5.0 (Linux; Android 6.0.1; SAMSUNG SM-J710F Build/MMB29K) AppleWebKit/537.36 (KHTML, like Gecko) SamsungBrowser/5.4 Chrome/51.0.2704.106 Mobile Safari/537.36"
46.125.249.77 - - [02/Sep/2017:07:10:58 +0200] "POST /loadkursliste HTTP/1.1" 200 556 "http://www.easydrivers.at/st.poelten/kurse" "Mozilla/5.0 (Linux; Android 6.0.1; SAMSUNG SM-J710F Build/MMB29K) AppleWebKit/537.36 (KHTML, like Gecko) SamsungBrowser/5.4 Chrome/51.0.2704.106 Mobile Safari/537.36"
104.236.83.1 - - [02/Sep/2017:07:11:00 +0200] "GET /fahrschulen/burgenland HTTP/1.1" 200 3025 "http://www.easydrivers.at/fahrschulen" "Mozilla/5.0 (compatible; spbot/5.0.3; +http://OpenLinkProfiler.org/bot )"
46.125.249.77 - - [02/Sep/2017:07:11:01 +0200] "GET /st.poelten/aktionen HTTP/1.1" 200 2776 "http://www.easydrivers.at/st.poelten/kurse" "Mozilla/5.0 (Linux; Android 6.0.1; SAMSUNG SM-J710F Build/MMB29K) AppleWebKit/537.36 (KHTML, like Gecko) SamsungBrowser/5.4 Chrome/51.0.2704.106 Mobile Safari/537.36"
104.236.83.1 - - [02/Sep/2017:07:11:05 +0200] "GET /fahrschulen/steiermark HTTP/1.1" 200 3216 "http://www.easydrivers.at/fahrschulen" "Mozilla/5.0 (compatible; spbot/5.0.3; +http://OpenLinkProfiler.org/bot )"
104.236.83.1 - - [02/Sep/2017:07:11:10 +0200] "GET /radfahrschule/10288646 HTTP/1.1" 200 11541 "http://www.easydrivers.at/radfahrschule" "Mozilla/5.0 (compatible; spbot/5.0.3; +http://OpenLinkProfiler.org/bot )"
104.236.83.1 - - [02/Sep/2017:07:11:15 +0200] "GET /fahrschulen/8970 HTTP/1.1" 200 2889 "http://www.easydrivers.at/radfahrschule/10288646" "Mozilla/5.0 (compatible; spbot/5.0.3; +http://OpenLinkProfiler.org/bot )"
46.125.249.77 - - [02/Sep/2017:07:11:19 +0200] "GET /fuehrerscheine/motorrad HTTP/1.1" 200 4592 "http://www.easydrivers.at/st.poelten/aktionen" "Mozilla/5.0 (Linux; Android 6.0.1; SAMSUNG SM-J710F Build/MMB29K) AppleWebKit/537.36 (KHTML, like Gecko) SamsungBrowser/5.4 Chrome/51.0.2704.106 Mobile Safari/537.36"
46.125.249.77 - - [02/Sep/2017:07:11:21 +0200] "GET /javascript/mobile-license.js HTTP/1.1" 200 216 "http://www.easydrivers.at/fuehrerscheine/motorrad" "Mozilla/5.0 (Linux; Android 6.0.1; SAMSUNG SM-J710F Build/MMB29K) AppleWebKit/537.36 (KHTML, like Gecko) SamsungBrowser/5.4 Chrome/51.0.2704.106 Mobile Safari/537.36"
46.125.249.77 - - [02/Sep/2017:07:11:21 +0200] "GET /img/mobile/weiter-button.png HTTP/1.1" 200 1670 "http://www.easydrivers.at/css/mobile.css" "Mozilla/5.0 (Linux; Android 6.0.1; SAMSUNG SM-J710F Build/MMB29K) AppleWebKit/537.36 (KHTML, like Gecko) SamsungBrowser/5.4 Chrome/51.0.2704.106 Mobile Safari/537.36"
104.236.83.1 - - [02/Sep/2017:07:11:20 +0200] "GET /gewinnspielbedingungen HTTP/1.1" 200 4171 "http://www.easydrivers.at/links" "Mozilla/5.0 (compatible; spbot/5.0.3; +http://OpenLinkProfiler.org/bot )"
104.236.83.1 - - [02/Sep/2017:07:11:25 +0200] "GET /schwechat/Inhaberdaten HTTP/1.1" 200 3749 "http://www.easydrivers.at/schwechat" "Mozilla/5.0 (compatible; spbot/5.0.3; +http://OpenLinkProfiler.org/bot )"
46.125.249.77 - - [02/Sep/2017:07:11:29 +0200] "GET /img/mobile/pfeil-rechts-small.png HTTP/1.1" 200 1056 "http://www.easydrivers.at/css/mobile.css" "Mozilla/5.0 (Linux; Android 6.0.1; SAMSUNG SM-J710F Build/MMB29K) AppleWebKit/537.36 (KHTML, like Gecko) SamsungBrowser/5.4 Chrome/51.0.2704.106 Mobile Safari/537.36"
104.236.83.1 - - [02/Sep/2017:07:11:30 +0200] "GET /amstetten/Inhaberdaten HTTP/1.1" 200 3688 "http://www.easydrivers.at/amstetten" "Mozilla/5.0 (compatible; spbot/5.0.3; +http://OpenLinkProfiler.org/bot )"
104.236.83.1 - - [02/Sep/2017:07:11:35 +0200] "GET /poechlarn/Inhaberdaten HTTP/1.1" 200 3748 "http://www.easydrivers.at/poechlarn" "Mozilla/5.0 (compatible; spbot/5.0.3; +http://OpenLinkProfiler.org/bot )"
104.236.83.1 - - [02/Sep/2017:07:11:40 +0200] "GET /klagenfurt/Inhaberdaten HTTP/1.1" 200 3725 "http://www.easydrivers.at/klagenfurt" "Mozilla/5.0 (compatible; spbot/5.0.3; +http://OpenLinkProfiler.org/bot )"
81.217.52.155 - - [02/Sep/2017:07:11:42 +0200] "GET /schwechat HTTP/1.1" 200 2978 "https://www.google.at/" "Mozilla/5.0 (iPhone; CPU iPhone OS 10_3_3 like Mac OS X) AppleWebKit/603.3.8 (KHTML, like Gecko) Version/10.0 Mobile/14G60 Safari/602.1"
81.217.52.155 - - [02/Sep/2017:07:11:44 +0200] "GET /css/mobile.css HTTP/1.1" 200 2852 "http://www.easydrivers.at/schwechat" "Mozilla/5.0 (iPhone; CPU iPhone OS 10_3_3 like Mac OS X) AppleWebKit/603.3.8 (KHTML, like Gecko) Version/10.0 Mobile/14G60 Safari/602.1"
81.217.52.155 - - [02/Sep/2017:07:11:44 +0200] "GET /img/mobile/easydrivers-logo-mobile.png HTTP/1.1" 200 10766 "http://www.easydrivers.at/schwechat" "Mozilla/5.0 (iPhone; CPU iPhone OS 10_3_3 like Mac OS X) AppleWebKit/603.3.8 (KHTML, like Gecko) Version/10.0 Mobile/14G60 Safari/602.1"
81.217.52.155 - - [02/Sep/2017:07:11:44 +0200] "GET /img/mobile/close-button.png HTTP/1.1" 200 2411 "http://www.easydrivers.at/schwechat" "Mozilla/5.0 (iPhone; CPU iPhone OS 10_3_3 like Mac OS X) AppleWebKit/603.3.8 (KHTML, like Gecko) Version/10.0 Mobile/14G60 Safari/602.1"
81.217.52.155 - - [02/Sep/2017:07:11:44 +0200] "GET /javascript/jquery-1.9.1.min.js HTTP/1.1" 200 32731 "http://www.easydrivers.at/schwechat" "Mozilla/5.0 (iPhone; CPU iPhone OS 10_3_3 like Mac OS X) AppleWebKit/603.3.8 (KHTML, like Gecko) Version/10.0 Mobile/14G60 Safari/602.1"
81.217.52.155 - - [02/Sep/2017:07:11:44 +0200] "GET /javascript/mobile-fahrschule.js HTTP/1.1" 200 328 "http://www.easydrivers.at/schwechat" "Mozilla/5.0 (iPhone; CPU iPhone OS 10_3_3 like Mac OS X) AppleWebKit/603.3.8 (KHTML, like Gecko) Version/10.0 Mobile/14G60 Safari/602.1"
81.217.52.155 - - [02/Sep/2017:07:11:44 +0200] "GET /img/mobile/info-close-button.png HTTP/1.1" 200 1721 "http://www.easydrivers.at/schwechat" "Mozilla/5.0 (iPhone; CPU iPhone OS 10_3_3 like Mac OS X) AppleWebKit/603.3.8 (KHTML, like Gecko) Version/10.0 Mobile/14G60 Safari/602.1"
81.217.52.155 - - [02/Sep/2017:07:11:44 +0200] "GET /img/mobile/info-button.png HTTP/1.1" 200 1549 "http://www.easydrivers.at/schwechat" "Mozilla/5.0 (iPhone; CPU iPhone OS 10_3_3 like Mac OS X) AppleWebKit/603.3.8 (KHTML, like Gecko) Version/10.0 Mobile/14G60 Safari/602.1"
81.217.52.155 - - [02/Sep/2017:07:11:44 +0200] "GET /img/smallicon-person.png HTTP/1.1" 200 1141 "http://www.easydrivers.at/schwechat" "Mozilla/5.0 (iPhone; CPU iPhone OS 10_3_3 like Mac OS X) AppleWebKit/603.3.8 (KHTML, like Gecko) Version/10.0 Mobile/14G60 Safari/602.1"
81.217.52.155 - - [02/Sep/2017:07:11:44 +0200] "GET /img/smallicon-phone.png HTTP/1.1" 200 3056 "http://www.easydrivers.at/schwechat" "Mozilla/5.0 (iPhone; CPU iPhone OS 10_3_3 like Mac OS X) AppleWebKit/603.3.8 (KHTML, like Gecko) Version/10.0 Mobile/14G60 Safari/602.1"
81.217.52.155 - - [02/Sep/2017:07:11:44 +0200] "GET /img/smallicon-time.png HTTP/1.1" 200 1262 "http://www.easydrivers.at/schwechat" "Mozilla/5.0 (iPhone; CPU iPhone OS 10_3_3 like Mac OS X) AppleWebKit/603.3.8 (KHTML, like Gecko) Version/10.0 Mobile/14G60 Safari/602.1"
81.217.52.155 - - [02/Sep/2017:07:11:44 +0200] "GET /img/smallicon-mail.png HTTP/1.1" 200 1341 "http://www.easydrivers.at/schwechat" "Mozilla/5.0 (iPhone; CPU iPhone OS 10_3_3 like Mac OS X) AppleWebKit/603.3.8 (KHTML, like Gecko) Version/10.0 Mobile/14G60 Safari/602.1"
81.217.52.155 - - [02/Sep/2017:07:11:44 +0200] "GET /img/mobile/widget-icon-app.png HTTP/1.1" 200 3458 "http://www.easydrivers.at/schwechat" "Mozilla/5.0 (iPhone; CPU iPhone OS 10_3_3 like Mac OS X) AppleWebKit/603.3.8 (KHTML, like Gecko) Version/10.0 Mobile/14G60 Safari/602.1"
81.217.52.155 - - [02/Sep/2017:07:11:44 +0200] "GET /img/mobile/bg-menu.jpg HTTP/1.1" 200 1698 "http://www.easydrivers.at/schwechat" "Mozilla/5.0 (iPhone; CPU iPhone OS 10_3_3 like Mac OS X) AppleWebKit/603.3.8 (KHTML, like Gecko) Version/10.0 Mobile/14G60 Safari/602.1"
81.217.52.155 - - [02/Sep/2017:07:11:44 +0200] "GET /img/mobile/pfeil-rechts.png HTTP/1.1" 200 1228 "http://www.easydrivers.at/schwechat" "Mozilla/5.0 (iPhone; CPU iPhone OS 10_3_3 like Mac OS X) AppleWebKit/603.3.8 (KHTML, like Gecko) Version/10.0 Mobile/14G60 Safari/602.1"
81.217.52.155 - - [02/Sep/2017:07:11:44 +0200] "GET /img/mobile/bg-top-section.jpg HTTP/1.1" 200 21711 "http://www.easydrivers.at/schwechat" "Mozilla/5.0 (iPhone; CPU iPhone OS 10_3_3 like Mac OS X) AppleWebKit/603.3.8 (KHTML, like Gecko) Version/10.0 Mobile/14G60 Safari/602.1"
104.236.83.1 - - [02/Sep/2017:07:11:45 +0200] "GET /waidhofen.ybbs/10289067 HTTP/1.1" 200 3013 "http://www.easydrivers.at/waidhofen.ybbs" "Mozilla/5.0 (compatible; spbot/5.0.3; +http://OpenLinkProfiler.org/bot )"
104.236.83.1 - - [02/Sep/2017:07:11:50 +0200] "GET /voesendorf/Inhaberdaten HTTP/1.1" 200 3750 "http://www.easydrivers.at/voesendorf" "Mozilla/5.0 (compatible; spbot/5.0.3; +http://OpenLinkProfiler.org/bot )"
104.236.83.1 - - [02/Sep/2017:07:11:55 +0200] "GET /fuehrerscheine/auto/BBE HTTP/1.1" 200 3918 "http://www.easydrivers.at/fuehrerscheine/auto" "Mozilla/5.0 (compatible; spbot/5.0.3; +http://OpenLinkProfiler.org/bot )"
46.125.249.77 - - [02/Sep/2017:07:11:59 +0200] "GET /st.poelten/aktionen HTTP/1.1" 200 2776 "http://www.easydrivers.at/st.poelten/kurse" "Mozilla/5.0 (Linux; Android 6.0.1; SAMSUNG SM-J710F Build/MMB29K) AppleWebKit/537.36 (KHTML, like Gecko) SamsungBrowser/5.4 Chrome/51.0.2704.106 Mobile Safari/537.36"
104.236.83.1 - - [02/Sep/2017:07:12:01 +0200] "GET /eisenstadt/Inhaberdaten HTTP/1.1" 200 3749 "http://www.easydrivers.at/eisenstadt" "Mozilla/5.0 (compatible; spbot/5.0.3; +http://OpenLinkProfiler.org/bot )"
46.125.249.77 - - [02/Sep/2017:07:12:00 +0200] "GET /st.poelten/kurse HTTP/1.1" 200 3141 "http://www.easydrivers.at/st.poelten/kursauswahl" "Mozilla/5.0 (Linux; Android 6.0.1; SAMSUNG SM-J710F Build/MMB29K) AppleWebKit/537.36 (KHTML, like Gecko) SamsungBrowser/5.4 Chrome/51.0.2704.106 Mobile Safari/537.36"
46.125.249.77 - - [02/Sep/2017:07:12:04 +0200] "POST /loadkursliste HTTP/1.1" 200 556 "http://www.easydrivers.at/st.poelten/kurse" "Mozilla/5.0 (Linux; Android 6.0.1; SAMSUNG SM-J710F Build/MMB29K) AppleWebKit/537.36 (KHTML, like Gecko) SamsungBrowser/5.4 Chrome/51.0.2704.106 Mobile Safari/537.36"
104.236.83.1 - - [02/Sep/2017:07:12:05 +0200] "GET /fuehrerscheine/auto/B-L HTTP/1.1" 200 4099 "http://www.easydrivers.at/fuehrerscheine/auto" "Mozilla/5.0 (compatible; spbot/5.0.3; +http://OpenLinkProfiler.org/bot )"
46.125.249.77 - - [02/Sep/2017:07:12:06 +0200] "GET /st.poelten?gclid=Cj0KCQjwiqTNBRDVARIsAGsd9MrImWCIAchKyibXzdbgyLbetJDmhvThaynPWiyK659ZmoVu2nr-5VIaAjsLEALw_wcB HTTP/1.1" 200 2943 "-" "Mozilla/5.0 (Linux; Android 6.0.1; SAMSUNG SM-J710F Build/MMB29K) AppleWebKit/537.36 (KHTML, like Gecko) SamsungBrowser/5.4 Chrome/51.0.2704.106 Mobile Safari/537.36"
104.236.83.1 - - [02/Sep/2017:07:12:10 +0200] "GET /waidhofen.ybbs/aktionen HTTP/1.1" 200 2949 "http://www.easydrivers.at/waidhofen.ybbs" "Mozilla/5.0 (compatible; spbot/5.0.3; +http://OpenLinkProfiler.org/bot )"
112.207.29.218 - - [02/Sep/2017:07:12:11 +0200] "GET /wp-login.php HTTP/1.1" 404 8396 "-" "Mozilla/5.0 (Windows NT 6.1; WOW64; rv:40.0) Gecko/20100101 Firefox/40.1"
112.207.29.218 - - [02/Sep/2017:07:12:14 +0200] "GET / HTTP/1.1" 200 15965 "-" "Mozilla/5.0 (Windows NT 6.1; WOW64; rv:40.0) Gecko/20100101 Firefox/40.1"
104.236.83.1 - - [02/Sep/2017:07:12:15 +0200] "GET /fuehrerscheine/auto/BCE HTTP/1.1" 200 4406 "http://www.easydrivers.at/fuehrerscheine/auto" "Mozilla/5.0 (compatible; spbot/5.0.3; +http://OpenLinkProfiler.org/bot )"
104.236.83.1 - - [02/Sep/2017:07:12:20 +0200] "GET /langenlois/Inhaberdaten HTTP/1.1" 200 3664 "http://www.easydrivers.at/langenlois" "Mozilla/5.0 (compatible; spbot/5.0.3; +http://OpenLinkProfiler.org/bot )"
104.236.83.1 - - [02/Sep/2017:07:12:25 +0200] "GET /hollabrunn/Inhaberdaten HTTP/1.1" 200 3738 "http://www.easydrivers.at/hollabrunn" "Mozilla/5.0 (compatible; spbot/5.0.3; +http://OpenLinkProfiler.org/bot )"
104.236.83.1 - - [02/Sep/2017:07:12:30 +0200] "GET /fuehrerscheine/lkw/CC95 HTTP/1.1" 200 3907 "http://www.easydrivers.at/fuehrerscheine/lkw" "Mozilla/5.0 (compatible; spbot/5.0.3; +http://OpenLinkProfiler.org/bot )"
104.236.83.1 - - [02/Sep/2017:07:12:35 +0200] "GET /fuehrerscheine/motorrad HTTP/1.1" 200 2894 "http://www.easydrivers.at/" "Mozilla/5.0 (compatible; spbot/5.0.3; +http://OpenLinkProfiler.org/bot )"
77.119.129.199 - - [02/Sep/2017:07:12:38 +0200] "GET /zwettl HTTP/1.1" 200 2910 "http://m.facebook.com/" "Mozilla/5.0 (Linux; Android 6.0; HUAWEI VNS-L21 Build/HUAWEIVNS-L21; wv) AppleWebKit/537.36 (KHTML, like Gecko) Version/4.0 Chrome/59.0.3071.125 Mobile Safari/537.36 [FB_IAB/FB4A;FBAV/136.0.0.22.91;]"
104.236.83.1 - - [02/Sep/2017:07:12:40 +0200] "GET /fuehrerscheine/auto/A2B HTTP/1.1" 200 4206 "http://www.easydrivers.at/fuehrerscheine/auto" "Mozilla/5.0 (compatible; spbot/5.0.3; +http://OpenLinkProfiler.org/bot )"
104.236.83.1 - - [02/Sep/2017:07:12:45 +0200] "GET /st.poelten/Inhaberdaten HTTP/1.1" 200 3733 "http://www.easydrivers.at/st.poelten" "Mozilla/5.0 (compatible; spbot/5.0.3; +http://OpenLinkProfiler.org/bot )"
104.236.83.1 - - [02/Sep/2017:07:12:50 +0200] "GET /ennstal.bad.aussee/team HTTP/1.1" 200 3187 "http://www.easydrivers.at/ennstal.bad.aussee" "Mozilla/5.0 (compatible; spbot/5.0.3; +http://OpenLinkProfiler.org/bot )"
104.236.83.1 - - [02/Sep/2017:07:12:55 +0200] "GET /ennstal.schladming/team HTTP/1.1" 200 3236 "http://www.easydrivers.at/ennstal.schladming" "Mozilla/5.0 (compatible; spbot/5.0.3; +http://OpenLinkProfiler.org/bot )"
104.236.83.1 - - [02/Sep/2017:07:13:01 +0200] "GET /wieselburg/Inhaberdaten HTTP/1.1" 200 3710 "http://www.easydrivers.at/wieselburg" "Mozilla/5.0 (compatible; spbot/5.0.3; +http://OpenLinkProfiler.org/bot )"
104.236.83.1 - - [02/Sep/2017:07:13:05 +0200] "GET /ennstal.schladming/kurse HTTP/1.1" 200 4211 "http://www.easydrivers.at/ennstal.schladming" "Mozilla/5.0 (compatible; spbot/5.0.3; +http://OpenLinkProfiler.org/bot )"
104.236.83.1 - - [02/Sep/2017:07:13:10 +0200] "GET /download.php?id=10266203 HTTP/1.1" 200 224863 "http://www.easydrivers.at/pruefprotokoll" "Mozilla/5.0 (compatible; spbot/5.0.3; +http://OpenLinkProfiler.org/bot )"
104.236.83.1 - - [02/Sep/2017:07:13:15 +0200] "GET /ennstal.schladming/links HTTP/1.1" 200 3084 "http://www.easydrivers.at/ennstal.schladming" "Mozilla/5.0 (compatible; spbot/5.0.3; +http://OpenLinkProfiler.org/bot )"
104.236.83.1 - - [02/Sep/2017:07:13:20 +0200] "GET /neunkirchen/Inhaberdaten HTTP/1.1" 200 3778 "http://www.easydrivers.at/neunkirchen" "Mozilla/5.0 (compatible; spbot/5.0.3; +http://OpenLinkProfiler.org/bot )"
