188.53.207.165 - - [02/Sep/2017:06:49:21 +0200] "GET / HTTP/1.1" 301 299 "http://fairschule.com/" "Mozilla/5.0 (Macintosh; Intel Mac OS X 10_36_89) AppleWebKit/532.84.47 (KHTML, like Gecko) Chrome/57.4.9628.4990 Safari/534.55"
104.236.83.1 - - [02/Sep/2017:06:49:20 +0200] "GET /horn HTTP/1.1" 200 3458 "http://www.easydrivers.at/" "Mozilla/5.0 (compatible; spbot/5.0.3; +http://OpenLinkProfiler.org/bot )"
104.236.83.1 - - [02/Sep/2017:06:49:25 +0200] "GET /linz HTTP/1.1" 200 3379 "http://www.easydrivers.at/" "Mozilla/5.0 (compatible; spbot/5.0.3; +http://OpenLinkProfiler.org/bot )"
91.114.129.155 - - [02/Sep/2017:06:49:25 +0200] "GET /poechlarn/kursauswahl?channel=fullversion HTTP/1.1" 200 4203 "http://www.easydrivers.at/poechlarn/kursauswahl" "Mozilla/5.0 (Linux; Android 6.0.1; SAMSUNG SM-T800 Build/MMB29K) AppleWebKit/537.36 (KHTML, like Gecko) SamsungBrowser/4.0 Chrome/44.0.2403.133 Safari/537.36"
91.114.129.155 - - [02/Sep/2017:06:49:28 +0200] "GET /css/style.css HTTP/1.1" 200 5004 "http://www.easydrivers.at/poechlarn/kursauswahl?channel=fullversion" "Mozilla/5.0 (Linux; Android 6.0.1; SAMSUNG SM-T800 Build/MMB29K) AppleWebKit/537.36 (KHTML, like Gecko) SamsungBrowser/4.0 Chrome/44.0.2403.133 Safari/537.36"
91.114.129.155 - - [02/Sep/2017:06:49:28 +0200] "GET /javascript/jquery.customSelect.min.js HTTP/1.1" 200 912 "http://www.easydrivers.at/poechlarn/kursauswahl?channel=fullversion" "Mozilla/5.0 (Linux; Android 6.0.1; SAMSUNG SM-T800 Build/MMB29K) AppleWebKit/537.36 (KHTML, like Gecko) SamsungBrowser/4.0 Chrome/44.0.2403.133 Safari/537.36"
91.114.129.155 - - [02/Sep/2017:06:49:28 +0200] "GET /css/showLoading.css HTTP/1.1" 200 219 "http://www.easydrivers.at/poechlarn/kursauswahl?channel=fullversion" "Mozilla/5.0 (Linux; Android 6.0.1; SAMSUNG SM-T800 Build/MMB29K) AppleWebKit/537.36 (KHTML, like Gecko) SamsungBrowser/4.0 Chrome/44.0.2403.133 Safari/537.36"
91.114.129.155 - - [02/Sep/2017:06:49:28 +0200] "GET /javascript/portal.js?1221842734 HTTP/1.1" 200 3529 "http://www.easydrivers.at/poechlarn/kursauswahl?channel=fullversion" "Mozilla/5.0 (Linux; Android 6.0.1; SAMSUNG SM-T800 Build/MMB29K) AppleWebKit/537.36 (KHTML, like Gecko) SamsungBrowser/4.0 Chrome/44.0.2403.133 Safari/537.36"
91.114.129.155 - - [02/Sep/2017:06:49:28 +0200] "GET /javascript/fahrschule.js HTTP/1.1" 200 462 "http://www.easydrivers.at/poechlarn/kursauswahl?channel=fullversion" "Mozilla/5.0 (Linux; Android 6.0.1; SAMSUNG SM-T800 Build/MMB29K) AppleWebKit/537.36 (KHTML, like Gecko) SamsungBrowser/4.0 Chrome/44.0.2403.133 Safari/537.36"
91.114.129.155 - - [02/Sep/2017:06:49:28 +0200] "GET /javascript/jquery.showLoading.min.js HTTP/1.1" 200 1136 "http://www.easydrivers.at/poechlarn/kursauswahl?channel=fullversion" "Mozilla/5.0 (Linux; Android 6.0.1; SAMSUNG SM-T800 Build/MMB29K) AppleWebKit/537.36 (KHTML, like Gecko) SamsungBrowser/4.0 Chrome/44.0.2403.133 Safari/537.36"
91.114.129.155 - - [02/Sep/2017:06:49:28 +0200] "GET /css/print.css HTTP/1.1" 200 967 "http://www.easydrivers.at/poechlarn/kursauswahl?channel=fullversion" "Mozilla/5.0 (Linux; Android 6.0.1; SAMSUNG SM-T800 Build/MMB29K) AppleWebKit/537.36 (KHTML, like Gecko) SamsungBrowser/4.0 Chrome/44.0.2403.133 Safari/537.36"
91.114.129.155 - - [02/Sep/2017:06:49:28 +0200] "GET /javascript/jquery.base64.min.js HTTP/1.1" 200 37135 "http://www.easydrivers.at/poechlarn/kursauswahl?channel=fullversion" "Mozilla/5.0 (Linux; Android 6.0.1; SAMSUNG SM-T800 Build/MMB29K) AppleWebKit/537.36 (KHTML, like Gecko) SamsungBrowser/4.0 Chrome/44.0.2403.133 Safari/537.36"
91.114.129.155 - - [02/Sep/2017:06:49:28 +0200] "GET /img/close-button.png HTTP/1.1" 200 2237 "http://www.easydrivers.at/poechlarn/kursauswahl?channel=fullversion" "Mozilla/5.0 (Linux; Android 6.0.1; SAMSUNG SM-T800 Build/MMB29K) AppleWebKit/537.36 (KHTML, like Gecko) SamsungBrowser/4.0 Chrome/44.0.2403.133 Safari/537.36"
91.114.129.155 - - [02/Sep/2017:06:49:28 +0200] "GET /img/facebook-icon.png HTTP/1.1" 200 1506 "http://www.easydrivers.at/poechlarn/kursauswahl?channel=fullversion" "Mozilla/5.0 (Linux; Android 6.0.1; SAMSUNG SM-T800 Build/MMB29K) AppleWebKit/537.36 (KHTML, like Gecko) SamsungBrowser/4.0 Chrome/44.0.2403.133 Safari/537.36"
91.114.129.155 - - [02/Sep/2017:06:49:28 +0200] "GET /img/info-button.png HTTP/1.1" 200 738 "http://www.easydrivers.at/poechlarn/kursauswahl?channel=fullversion" "Mozilla/5.0 (Linux; Android 6.0.1; SAMSUNG SM-T800 Build/MMB29K) AppleWebKit/537.36 (KHTML, like Gecko) SamsungBrowser/4.0 Chrome/44.0.2403.133 Safari/537.36"
91.114.129.155 - - [02/Sep/2017:06:49:28 +0200] "GET /img/locator-icon.png HTTP/1.1" 200 1377 "http://www.easydrivers.at/poechlarn/kursauswahl?channel=fullversion" "Mozilla/5.0 (Linux; Android 6.0.1; SAMSUNG SM-T800 Build/MMB29K) AppleWebKit/537.36 (KHTML, like Gecko) SamsungBrowser/4.0 Chrome/44.0.2403.133 Safari/537.36"
91.114.129.155 - - [02/Sep/2017:06:49:28 +0200] "GET /img/close-button-small.png HTTP/1.1" 200 1671 "http://www.easydrivers.at/poechlarn/kursauswahl?channel=fullversion" "Mozilla/5.0 (Linux; Android 6.0.1; SAMSUNG SM-T800 Build/MMB29K) AppleWebKit/537.36 (KHTML, like Gecko) SamsungBrowser/4.0 Chrome/44.0.2403.133 Safari/537.36"
91.114.129.155 - - [02/Sep/2017:06:49:28 +0200] "GET /img/submit-button.png HTTP/1.1" 200 1958 "http://www.easydrivers.at/poechlarn/kursauswahl?channel=fullversion" "Mozilla/5.0 (Linux; Android 6.0.1; SAMSUNG SM-T800 Build/MMB29K) AppleWebKit/537.36 (KHTML, like Gecko) SamsungBrowser/4.0 Chrome/44.0.2403.133 Safari/537.36"
91.114.129.155 - - [02/Sep/2017:06:49:28 +0200] "GET /img/schweiz-icon.png HTTP/1.1" 200 1504 "http://www.easydrivers.at/poechlarn/kursauswahl?channel=fullversion" "Mozilla/5.0 (Linux; Android 6.0.1; SAMSUNG SM-T800 Build/MMB29K) AppleWebKit/537.36 (KHTML, like Gecko) SamsungBrowser/4.0 Chrome/44.0.2403.133 Safari/537.36"
91.114.129.155 - - [02/Sep/2017:06:49:28 +0200] "GET /binaries/easy-drivers-portal/motorrad4jpg.jpg HTTP/1.1" 200 110277 "http://www.easydrivers.at/poechlarn/kursauswahl?channel=fullversion" "Mozilla/5.0 (Linux; Android 6.0.1; SAMSUNG SM-T800 Build/MMB29K) AppleWebKit/537.36 (KHTML, like Gecko) SamsungBrowser/4.0 Chrome/44.0.2403.133 Safari/537.36"
91.114.129.155 - - [02/Sep/2017:06:49:28 +0200] "GET /img/bg-header.jpg HTTP/1.1" 200 38680 "http://www.easydrivers.at/css/style.css" "Mozilla/5.0 (Linux; Android 6.0.1; SAMSUNG SM-T800 Build/MMB29K) AppleWebKit/537.36 (KHTML, like Gecko) SamsungBrowser/4.0 Chrome/44.0.2403.133 Safari/537.36"
91.114.129.155 - - [02/Sep/2017:06:49:28 +0200] "GET /img/ED_Logo.png HTTP/1.1" 200 3385 "http://www.easydrivers.at/css/style.css" "Mozilla/5.0 (Linux; Android 6.0.1; SAMSUNG SM-T800 Build/MMB29K) AppleWebKit/537.36 (KHTML, like Gecko) SamsungBrowser/4.0 Chrome/44.0.2403.133 Safari/537.36"
91.114.129.155 - - [02/Sep/2017:06:49:28 +0200] "GET /img/purple-dots-horizontal.png HTTP/1.1" 200 977 "http://www.easydrivers.at/css/style.css" "Mozilla/5.0 (Linux; Android 6.0.1; SAMSUNG SM-T800 Build/MMB29K) AppleWebKit/537.36 (KHTML, like Gecko) SamsungBrowser/4.0 Chrome/44.0.2403.133 Safari/537.36"
91.114.129.155 - - [02/Sep/2017:06:49:28 +0200] "GET /img/top-image-overlay.png HTTP/1.1" 200 20650 "http://www.easydrivers.at/css/style.css" "Mozilla/5.0 (Linux; Android 6.0.1; SAMSUNG SM-T800 Build/MMB29K) AppleWebKit/537.36 (KHTML, like Gecko) SamsungBrowser/4.0 Chrome/44.0.2403.133 Safari/537.36"
91.114.129.155 - - [02/Sep/2017:06:49:28 +0200] "GET /img/arrow-left.png HTTP/1.1" 200 1015 "http://www.easydrivers.at/css/style.css" "Mozilla/5.0 (Linux; Android 6.0.1; SAMSUNG SM-T800 Build/MMB29K) AppleWebKit/537.36 (KHTML, like Gecko) SamsungBrowser/4.0 Chrome/44.0.2403.133 Safari/537.36"
91.114.129.155 - - [02/Sep/2017:06:49:28 +0200] "GET /img/bg-yellow.jpg HTTP/1.1" 200 2250 "http://www.easydrivers.at/css/style.css" "Mozilla/5.0 (Linux; Android 6.0.1; SAMSUNG SM-T800 Build/MMB29K) AppleWebKit/537.36 (KHTML, like Gecko) SamsungBrowser/4.0 Chrome/44.0.2403.133 Safari/537.36"
91.114.129.155 - - [02/Sep/2017:06:49:28 +0200] "GET /img/bg-top-section.jpg HTTP/1.1" 200 82172 "http://www.easydrivers.at/css/style.css" "Mozilla/5.0 (Linux; Android 6.0.1; SAMSUNG SM-T800 Build/MMB29K) AppleWebKit/537.36 (KHTML, like Gecko) SamsungBrowser/4.0 Chrome/44.0.2403.133 Safari/537.36"
91.114.129.155 - - [02/Sep/2017:06:49:28 +0200] "GET /img/bg-footer.jpg HTTP/1.1" 200 31770 "http://www.easydrivers.at/css/style.css" "Mozilla/5.0 (Linux; Android 6.0.1; SAMSUNG SM-T800 Build/MMB29K) AppleWebKit/537.36 (KHTML, like Gecko) SamsungBrowser/4.0 Chrome/44.0.2403.133 Safari/537.36"
91.114.129.155 - - [02/Sep/2017:06:49:28 +0200] "GET /img/kursicon-print-pink.png HTTP/1.1" 200 1125 "http://www.easydrivers.at/poechlarn/kursauswahl?channel=fullversion" "Mozilla/5.0 (Linux; Android 6.0.1; SAMSUNG SM-T800 Build/MMB29K) AppleWebKit/537.36 (KHTML, like Gecko) SamsungBrowser/4.0 Chrome/44.0.2403.133 Safari/537.36"
91.114.129.155 - - [02/Sep/2017:06:49:28 +0200] "GET /img/kursicon-download-pink.png HTTP/1.1" 200 1213 "http://www.easydrivers.at/poechlarn/kursauswahl?channel=fullversion" "Mozilla/5.0 (Linux; Android 6.0.1; SAMSUNG SM-T800 Build/MMB29K) AppleWebKit/537.36 (KHTML, like Gecko) SamsungBrowser/4.0 Chrome/44.0.2403.133 Safari/537.36"
91.114.129.155 - - [02/Sep/2017:06:49:28 +0200] "GET /img/kursicon-share-pink.png HTTP/1.1" 200 1277 "http://www.easydrivers.at/poechlarn/kursauswahl?channel=fullversion" "Mozilla/5.0 (Linux; Android 6.0.1; SAMSUNG SM-T800 Build/MMB29K) AppleWebKit/537.36 (KHTML, like Gecko) SamsungBrowser/4.0 Chrome/44.0.2403.133 Safari/537.36"
91.114.129.155 - - [02/Sep/2017:06:49:28 +0200] "GET /img/kursicon-phone-pink.png HTTP/1.1" 200 1286 "http://www.easydrivers.at/poechlarn/kursauswahl?channel=fullversion" "Mozilla/5.0 (Linux; Android 6.0.1; SAMSUNG SM-T800 Build/MMB29K) AppleWebKit/537.36 (KHTML, like Gecko) SamsungBrowser/4.0 Chrome/44.0.2403.133 Safari/537.36"
91.114.129.155 - - [02/Sep/2017:06:49:29 +0200] "GET /img/new_favicon.ico HTTP/1.1" 200 1150 "http://www.easydrivers.at/poechlarn/kursauswahl?channel=fullversion" "Mozilla/5.0 (Linux; Android 6.0.1; SAMSUNG SM-T800 Build/MMB29K) AppleWebKit/537.36 (KHTML, like Gecko) SamsungBrowser/4.0 Chrome/44.0.2403.133 Safari/537.36"
104.236.83.1 - - [02/Sep/2017:06:49:30 +0200] "GET /perg HTTP/1.1" 200 3514 "http://www.easydrivers.at/" "Mozilla/5.0 (compatible; spbot/5.0.3; +http://OpenLinkProfiler.org/bot )"
91.114.129.155 - - [02/Sep/2017:06:49:34 +0200] "GET /poechlarn HTTP/1.1" 200 3648 "http://www.easydrivers.at/fahrschulen/niederoesterreich" "Mozilla/5.0 (Linux; Android 6.0.1; SAMSUNG SM-T800 Build/MMB29K) AppleWebKit/537.36 (KHTML, like Gecko) SamsungBrowser/4.0 Chrome/44.0.2403.133 Safari/537.36"
91.114.129.155 - - [02/Sep/2017:06:49:37 +0200] "GET /binaries/easy-drivers-portal/widget-icon-trainingpng.png HTTP/1.1" 200 2662 "http://www.easydrivers.at/poechlarn" "Mozilla/5.0 (Linux; Android 6.0.1; SAMSUNG SM-T800 Build/MMB29K) AppleWebKit/537.36 (KHTML, like Gecko) SamsungBrowser/4.0 Chrome/44.0.2403.133 Safari/537.36"
91.114.129.155 - - [02/Sep/2017:06:49:37 +0200] "GET /img/empty.gif HTTP/1.1" 200 43 "http://www.easydrivers.at/poechlarn" "Mozilla/5.0 (Linux; Android 6.0.1; SAMSUNG SM-T800 Build/MMB29K) AppleWebKit/537.36 (KHTML, like Gecko) SamsungBrowser/4.0 Chrome/44.0.2403.133 Safari/537.36"
91.114.129.155 - - [02/Sep/2017:06:49:37 +0200] "GET /binaries/easy-drivers-portal/widget-icon-expertspng.png HTTP/1.1" 200 2159 "http://www.easydrivers.at/poechlarn" "Mozilla/5.0 (Linux; Android 6.0.1; SAMSUNG SM-T800 Build/MMB29K) AppleWebKit/537.36 (KHTML, like Gecko) SamsungBrowser/4.0 Chrome/44.0.2403.133 Safari/537.36"
91.114.129.155 - - [02/Sep/2017:06:49:37 +0200] "GET /binaries/easy-drivers-portal/widget-icon-apppng.png HTTP/1.1" 200 2432 "http://www.easydrivers.at/poechlarn" "Mozilla/5.0 (Linux; Android 6.0.1; SAMSUNG SM-T800 Build/MMB29K) AppleWebKit/537.36 (KHTML, like Gecko) SamsungBrowser/4.0 Chrome/44.0.2403.133 Safari/537.36"
91.114.129.155 - - [02/Sep/2017:06:49:37 +0200] "GET /img/yellow-dots-vertical.png HTTP/1.1" 200 981 "http://www.easydrivers.at/css/style.css" "Mozilla/5.0 (Linux; Android 6.0.1; SAMSUNG SM-T800 Build/MMB29K) AppleWebKit/537.36 (KHTML, like Gecko) SamsungBrowser/4.0 Chrome/44.0.2403.133 Safari/537.36"
91.114.129.155 - - [02/Sep/2017:06:49:37 +0200] "GET /img/ed_pfeil_down.png HTTP/1.1" 200 3634 "http://www.easydrivers.at/poechlarn" "Mozilla/5.0 (Linux; Android 6.0.1; SAMSUNG SM-T800 Build/MMB29K) AppleWebKit/537.36 (KHTML, like Gecko) SamsungBrowser/4.0 Chrome/44.0.2403.133 Safari/537.36"
91.114.129.155 - - [02/Sep/2017:06:49:37 +0200] "GET /binaries/easy-drivers-portal/poechlarnnachtneujpg-1.jpg HTTP/1.1" 200 376932 "http://www.easydrivers.at/poechlarn" "Mozilla/5.0 (Linux; Android 6.0.1; SAMSUNG SM-T800 Build/MMB29K) AppleWebKit/537.36 (KHTML, like Gecko) SamsungBrowser/4.0 Chrome/44.0.2403.133 Safari/537.36"
104.236.83.1 - - [02/Sep/2017:06:49:35 +0200] "GET /retz HTTP/1.1" 200 3457 "http://www.easydrivers.at/" "Mozilla/5.0 (compatible; spbot/5.0.3; +http://OpenLinkProfiler.org/bot )"
104.236.83.1 - - [02/Sep/2017:06:49:40 +0200] "GET /ybbs HTTP/1.1" 200 3612 "http://www.easydrivers.at/" "Mozilla/5.0 (compatible; spbot/5.0.3; +http://OpenLinkProfiler.org/bot )"
104.236.83.1 - - [02/Sep/2017:06:49:45 +0200] "GET /enns HTTP/1.1" 200 3583 "http://www.easydrivers.at/" "Mozilla/5.0 (compatible; spbot/5.0.3; +http://OpenLinkProfiler.org/bot )"
104.236.83.1 - - [02/Sep/2017:06:49:50 +0200] "GET /links HTTP/1.1" 200 2321 "http://www.easydrivers.at/" "Mozilla/5.0 (compatible; spbot/5.0.3; +http://OpenLinkProfiler.org/bot )"
104.236.83.1 - - [02/Sep/2017:06:49:56 +0200] "GET /krems HTTP/1.1" 200 3742 "http://www.easydrivers.at/" "Mozilla/5.0 (compatible; spbot/5.0.3; +http://OpenLinkProfiler.org/bot )"
104.236.83.1 - - [02/Sep/2017:06:50:00 +0200] "GET /steyr HTTP/1.1" 200 3690 "http://www.easydrivers.at/" "Mozilla/5.0 (compatible; spbot/5.0.3; +http://OpenLinkProfiler.org/bot )"
104.236.83.1 - - [02/Sep/2017:06:50:05 +0200] "GET /tulln HTTP/1.1" 200 3603 "http://www.easydrivers.at/" "Mozilla/5.0 (compatible; spbot/5.0.3; +http://OpenLinkProfiler.org/bot )"
104.236.83.1 - - [02/Sep/2017:06:50:10 +0200] "GET /zwettl HTTP/1.1" 200 3546 "http://www.easydrivers.at/" "Mozilla/5.0 (compatible; spbot/5.0.3; +http://OpenLinkProfiler.org/bot )"
104.236.83.1 - - [02/Sep/2017:06:50:15 +0200] "GET /gmuend HTTP/1.1" 200 3479 "http://www.easydrivers.at/" "Mozilla/5.0 (compatible; spbot/5.0.3; +http://OpenLinkProfiler.org/bot )"
104.236.83.1 - - [02/Sep/2017:06:50:20 +0200] "GET /bludenz HTTP/1.1" 200 3601 "http://www.easydrivers.at/" "Mozilla/5.0 (compatible; spbot/5.0.3; +http://OpenLinkProfiler.org/bot )"
104.236.83.1 - - [02/Sep/2017:06:50:25 +0200] "GET /ueberuns HTTP/1.1" 200 3260 "http://www.easydrivers.at/" "Mozilla/5.0 (compatible; spbot/5.0.3; +http://OpenLinkProfiler.org/bot )"
104.236.83.1 - - [02/Sep/2017:06:50:30 +0200] "GET /am.spitz HTTP/1.1" 200 3647 "http://www.easydrivers.at/" "Mozilla/5.0 (compatible; spbot/5.0.3; +http://OpenLinkProfiler.org/bot )"
104.236.83.1 - - [02/Sep/2017:06:50:36 +0200] "GET /berndorf HTTP/1.1" 200 3750 "http://www.easydrivers.at/" "Mozilla/5.0 (compatible; spbot/5.0.3; +http://OpenLinkProfiler.org/bot )"
104.236.83.1 - - [02/Sep/2017:06:50:40 +0200] "GET /moedling HTTP/1.1" 200 3838 "http://www.easydrivers.at/" "Mozilla/5.0 (compatible; spbot/5.0.3; +http://OpenLinkProfiler.org/bot )"
104.236.83.1 - - [02/Sep/2017:06:50:45 +0200] "GET /guessing HTTP/1.1" 200 3493 "http://www.easydrivers.at/" "Mozilla/5.0 (compatible; spbot/5.0.3; +http://OpenLinkProfiler.org/bot )"
104.236.83.1 - - [02/Sep/2017:06:50:50 +0200] "GET /scheibbs HTTP/1.1" 200 3487 "http://www.easydrivers.at/" "Mozilla/5.0 (compatible; spbot/5.0.3; +http://OpenLinkProfiler.org/bot )"
216.244.66.202 - - [02/Sep/2017:06:50:54 +0200] "GET /ybbs/kurse HTTP/1.1" 200 17353 "-" "Mozilla/5.0 (compatible; DotBot/1.1; http://www.opensiteexplorer.org/dotbot, help@moz.com)"
104.236.83.1 - - [02/Sep/2017:06:50:55 +0200] "GET /oberwart HTTP/1.1" 200 3644 "http://www.easydrivers.at/" "Mozilla/5.0 (compatible; spbot/5.0.3; +http://OpenLinkProfiler.org/bot )"
104.236.83.1 - - [02/Sep/2017:06:51:00 +0200] "GET /leonding HTTP/1.1" 200 3494 "http://www.easydrivers.at/" "Mozilla/5.0 (compatible; spbot/5.0.3; +http://OpenLinkProfiler.org/bot )"
104.236.83.1 - - [02/Sep/2017:06:51:05 +0200] "GET /hartberg HTTP/1.1" 200 3685 "http://www.easydrivers.at/" "Mozilla/5.0 (compatible; spbot/5.0.3; +http://OpenLinkProfiler.org/bot )"
104.236.83.1 - - [02/Sep/2017:06:51:10 +0200] "GET /dornbirn HTTP/1.1" 200 3640 "http://www.easydrivers.at/" "Mozilla/5.0 (compatible; spbot/5.0.3; +http://OpenLinkProfiler.org/bot )"
104.236.83.1 - - [02/Sep/2017:06:51:15 +0200] "GET /krumbach HTTP/1.1" 200 3741 "http://www.easydrivers.at/" "Mozilla/5.0 (compatible; spbot/5.0.3; +http://OpenLinkProfiler.org/bot )"
104.236.83.1 - - [02/Sep/2017:06:51:20 +0200] "GET /feldkirch HTTP/1.1" 200 3541 "http://www.easydrivers.at/" "Mozilla/5.0 (compatible; spbot/5.0.3; +http://OpenLinkProfiler.org/bot )"
104.236.83.1 - - [02/Sep/2017:06:51:25 +0200] "GET /innsbruck HTTP/1.1" 200 3675 "http://www.easydrivers.at/" "Mozilla/5.0 (compatible; spbot/5.0.3; +http://OpenLinkProfiler.org/bot )"
104.236.83.1 - - [02/Sep/2017:06:51:30 +0200] "GET /spittelau HTTP/1.1" 200 3692 "http://www.easydrivers.at/" "Mozilla/5.0 (compatible; spbot/5.0.3; +http://OpenLinkProfiler.org/bot )"
213.162.68.239 - - [02/Sep/2017:06:51:32 +0200] "GET /voesendorf/Aktionen HTTP/1.1" 200 3777 "http://m.facebook.com/" "Mozilla/5.0 (Linux; Android 6.0; ALE-L21 Build/HuaweiALE-L21; wv) AppleWebKit/537.36 (KHTML, like Gecko) Version/4.0 Chrome/60.0.3112.116 Mobile Safari/537.36 [FB_IAB/FB4A;FBAV/139.0.0.22.93;]"
104.236.83.1 - - [02/Sep/2017:06:51:35 +0200] "GET /schwechat HTTP/1.1" 200 3513 "http://www.easydrivers.at/" "Mozilla/5.0 (compatible; spbot/5.0.3; +http://OpenLinkProfiler.org/bot )"
104.236.83.1 - - [02/Sep/2017:06:51:40 +0200] "GET /amstetten HTTP/1.1" 200 3660 "http://www.easydrivers.at/" "Mozilla/5.0 (compatible; spbot/5.0.3; +http://OpenLinkProfiler.org/bot )"
5.9.110.164 - - [02/Sep/2017:06:51:45 +0200] "GET / HTTP/1.1" 200 4413 "-" "Mozilla/5.0 (compatible; MetaJobBot; http://www.metajob.at/crawler)"
104.236.83.1 - - [02/Sep/2017:06:51:45 +0200] "GET /poechlarn HTTP/1.1" 200 3648 "http://www.easydrivers.at/" "Mozilla/5.0 (compatible; spbot/5.0.3; +http://OpenLinkProfiler.org/bot )"
104.236.83.1 - - [02/Sep/2017:06:51:50 +0200] "GET /impressum HTTP/1.1" 200 5879 "http://www.easydrivers.at/" "Mozilla/5.0 (compatible; spbot/5.0.3; +http://OpenLinkProfiler.org/bot )"
104.236.83.1 - - [02/Sep/2017:06:51:55 +0200] "GET /langenlois HTTP/1.1" 200 3455 "http://www.easydrivers.at/" "Mozilla/5.0 (compatible; spbot/5.0.3; +http://OpenLinkProfiler.org/bot )"
104.236.83.1 - - [02/Sep/2017:06:52:01 +0200] "GET /retz/kurse HTTP/1.1" 200 4378 "http://www.easydrivers.at/retz" "Mozilla/5.0 (compatible; spbot/5.0.3; +http://OpenLinkProfiler.org/bot )"
104.236.83.1 - - [02/Sep/2017:06:52:05 +0200] "GET /linz/kurse HTTP/1.1" 200 4164 "http://www.easydrivers.at/linz" "Mozilla/5.0 (compatible; spbot/5.0.3; +http://OpenLinkProfiler.org/bot )"
84.168.228.175 - - [02/Sep/2017:06:52:08 +0200] "GET / HTTP/1.1" 200 4413 "https://www.google.de/" "Mozilla/5.0 (Windows NT 10.0; Win64; x64) AppleWebKit/537.36 (KHTML, like Gecko) Chrome/60.0.3112.113 Safari/537.36"
84.168.228.175 - - [02/Sep/2017:06:52:09 +0200] "GET /css/style.css HTTP/1.1" 200 5004 "http://www.easydrivers.at/" "Mozilla/5.0 (Windows NT 10.0; Win64; x64) AppleWebKit/537.36 (KHTML, like Gecko) Chrome/60.0.3112.113 Safari/537.36"
84.168.228.175 - - [02/Sep/2017:06:52:09 +0200] "GET /javascript/jquery.customSelect.min.js HTTP/1.1" 200 912 "http://www.easydrivers.at/" "Mozilla/5.0 (Windows NT 10.0; Win64; x64) AppleWebKit/537.36 (KHTML, like Gecko) Chrome/60.0.3112.113 Safari/537.36"
84.168.228.175 - - [02/Sep/2017:06:52:09 +0200] "GET /javascript/jquery.simplemodal.js HTTP/1.1" 200 3070 "http://www.easydrivers.at/" "Mozilla/5.0 (Windows NT 10.0; Win64; x64) AppleWebKit/537.36 (KHTML, like Gecko) Chrome/60.0.3112.113 Safari/537.36"
84.168.228.175 - - [02/Sep/2017:06:52:09 +0200] "GET /javascript/jquery.cookie.js HTTP/1.1" 200 863 "http://www.easydrivers.at/" "Mozilla/5.0 (Windows NT 10.0; Win64; x64) AppleWebKit/537.36 (KHTML, like Gecko) Chrome/60.0.3112.113 Safari/537.36"
84.168.228.175 - - [02/Sep/2017:06:52:09 +0200] "GET /javascript/portal.js?1221842734 HTTP/1.1" 200 3529 "http://www.easydrivers.at/" "Mozilla/5.0 (Windows NT 10.0; Win64; x64) AppleWebKit/537.36 (KHTML, like Gecko) Chrome/60.0.3112.113 Safari/537.36"
84.168.228.175 - - [02/Sep/2017:06:52:12 +0200] "GET /javascript/homesearch.js HTTP/1.1" 200 393 "http://www.easydrivers.at/" "Mozilla/5.0 (Windows NT 10.0; Win64; x64) AppleWebKit/537.36 (KHTML, like Gecko) Chrome/60.0.3112.113 Safari/537.36"
84.168.228.175 - - [02/Sep/2017:06:52:12 +0200] "GET /javascript/lazyload.js HTTP/1.1" 200 1170 "http://www.easydrivers.at/" "Mozilla/5.0 (Windows NT 10.0; Win64; x64) AppleWebKit/537.36 (KHTML, like Gecko) Chrome/60.0.3112.113 Safari/537.36"
84.168.228.175 - - [02/Sep/2017:06:52:12 +0200] "GET /img/close-button.png HTTP/1.1" 200 2237 "http://www.easydrivers.at/" "Mozilla/5.0 (Windows NT 10.0; Win64; x64) AppleWebKit/537.36 (KHTML, like Gecko) Chrome/60.0.3112.113 Safari/537.36"
84.168.228.175 - - [02/Sep/2017:06:52:12 +0200] "GET /img/facebook-icon.png HTTP/1.1" 200 1506 "http://www.easydrivers.at/" "Mozilla/5.0 (Windows NT 10.0; Win64; x64) AppleWebKit/537.36 (KHTML, like Gecko) Chrome/60.0.3112.113 Safari/537.36"
84.168.228.175 - - [02/Sep/2017:06:52:12 +0200] "GET /img/submit-button.png HTTP/1.1" 200 1958 "http://www.easydrivers.at/" "Mozilla/5.0 (Windows NT 10.0; Win64; x64) AppleWebKit/537.36 (KHTML, like Gecko) Chrome/60.0.3112.113 Safari/537.36"
84.168.228.175 - - [02/Sep/2017:06:52:12 +0200] "GET /binaries/easy-drivers-portal/widget-icon-trainingpng.png HTTP/1.1" 200 2662 "http://www.easydrivers.at/" "Mozilla/5.0 (Windows NT 10.0; Win64; x64) AppleWebKit/537.36 (KHTML, like Gecko) Chrome/60.0.3112.113 Safari/537.36"
84.168.228.175 - - [02/Sep/2017:06:52:12 +0200] "GET /img/empty.gif HTTP/1.1" 200 43 "http://www.easydrivers.at/" "Mozilla/5.0 (Windows NT 10.0; Win64; x64) AppleWebKit/537.36 (KHTML, like Gecko) Chrome/60.0.3112.113 Safari/537.36"
84.168.228.175 - - [02/Sep/2017:06:52:12 +0200] "GET /binaries/easy-drivers-portal/widget-icon-expertspng.png HTTP/1.1" 200 2159 "http://www.easydrivers.at/" "Mozilla/5.0 (Windows NT 10.0; Win64; x64) AppleWebKit/537.36 (KHTML, like Gecko) Chrome/60.0.3112.113 Safari/537.36"
84.168.228.175 - - [02/Sep/2017:06:52:12 +0200] "GET /binaries/easy-drivers-portal/widget-icon-apppng.png HTTP/1.1" 200 2432 "http://www.easydrivers.at/" "Mozilla/5.0 (Windows NT 10.0; Win64; x64) AppleWebKit/537.36 (KHTML, like Gecko) Chrome/60.0.3112.113 Safari/537.36"
84.168.228.175 - - [02/Sep/2017:06:52:12 +0200] "GET /img/schweiz-icon.png HTTP/1.1" 200 1504 "http://www.easydrivers.at/" "Mozilla/5.0 (Windows NT 10.0; Win64; x64) AppleWebKit/537.36 (KHTML, like Gecko) Chrome/60.0.3112.113 Safari/537.36"
104.236.83.1 - - [02/Sep/2017:06:52:10 +0200] "GET /perg/kurse HTTP/1.1" 200 4440 "http://www.easydrivers.at/perg" "Mozilla/5.0 (compatible; spbot/5.0.3; +http://OpenLinkProfiler.org/bot )"
84.168.228.175 - - [02/Sep/2017:06:52:12 +0200] "GET /img/purple-dots-horizontal.png HTTP/1.1" 200 977 "http://www.easydrivers.at/css/style.css" "Mozilla/5.0 (Windows NT 10.0; Win64; x64) AppleWebKit/537.36 (KHTML, like Gecko) Chrome/60.0.3112.113 Safari/537.36"
84.168.228.175 - - [02/Sep/2017:06:52:12 +0200] "GET /img/yellow-dots-vertical.png HTTP/1.1" 200 981 "http://www.easydrivers.at/css/style.css" "Mozilla/5.0 (Windows NT 10.0; Win64; x64) AppleWebKit/537.36 (KHTML, like Gecko) Chrome/60.0.3112.113 Safari/537.36"
84.168.228.175 - - [02/Sep/2017:06:52:12 +0200] "GET /binaries/easy-drivers-portal/edradfahrschullogowidget160x90pxpng.png HTTP/1.1" 200 23394 "http://www.easydrivers.at/" "Mozilla/5.0 (Windows NT 10.0; Win64; x64) AppleWebKit/537.36 (KHTML, like Gecko) Chrome/60.0.3112.113 Safari/537.36"
84.168.228.175 - - [02/Sep/2017:06:52:12 +0200] "GET /img/ED_Logo.png HTTP/1.1" 200 3385 "http://www.easydrivers.at/css/style.css" "Mozilla/5.0 (Windows NT 10.0; Win64; x64) AppleWebKit/537.36 (KHTML, like Gecko) Chrome/60.0.3112.113 Safari/537.36"
84.168.228.175 - - [02/Sep/2017:06:52:12 +0200] "GET /img/black-dots-vertical.png HTTP/1.1" 200 1165 "http://www.easydrivers.at/css/style.css" "Mozilla/5.0 (Windows NT 10.0; Win64; x64) AppleWebKit/537.36 (KHTML, like Gecko) Chrome/60.0.3112.113 Safari/537.36"
84.168.228.175 - - [02/Sep/2017:06:52:13 +0200] "GET /img/selection-box-button.png HTTP/1.1" 200 1079 "http://www.easydrivers.at/css/style.css" "Mozilla/5.0 (Windows NT 10.0; Win64; x64) AppleWebKit/537.36 (KHTML, like Gecko) Chrome/60.0.3112.113 Safari/537.36"
84.168.228.175 - - [02/Sep/2017:06:52:12 +0200] "GET /img/bg-header.jpg HTTP/1.1" 200 38680 "http://www.easydrivers.at/css/style.css" "Mozilla/5.0 (Windows NT 10.0; Win64; x64) AppleWebKit/537.36 (KHTML, like Gecko) Chrome/60.0.3112.113 Safari/537.36"
84.168.228.175 - - [02/Sep/2017:06:52:13 +0200] "GET /img/kursicon-print-pink.png HTTP/1.1" 200 1125 "http://www.easydrivers.at/" "Mozilla/5.0 (Windows NT 10.0; Win64; x64) AppleWebKit/537.36 (KHTML, like Gecko) Chrome/60.0.3112.113 Safari/537.36"
84.168.228.175 - - [02/Sep/2017:06:52:13 +0200] "GET /img/kursicon-download-pink.png HTTP/1.1" 200 1213 "http://www.easydrivers.at/" "Mozilla/5.0 (Windows NT 10.0; Win64; x64) AppleWebKit/537.36 (KHTML, like Gecko) Chrome/60.0.3112.113 Safari/537.36"
84.168.228.175 - - [02/Sep/2017:06:52:13 +0200] "GET /img/kursicon-share-pink.png HTTP/1.1" 200 1277 "http://www.easydrivers.at/" "Mozilla/5.0 (Windows NT 10.0; Win64; x64) AppleWebKit/537.36 (KHTML, like Gecko) Chrome/60.0.3112.113 Safari/537.36"
84.168.228.175 - - [02/Sep/2017:06:52:12 +0200] "GET /img/bg-top-section.jpg HTTP/1.1" 200 82172 "http://www.easydrivers.at/css/style.css" "Mozilla/5.0 (Windows NT 10.0; Win64; x64) AppleWebKit/537.36 (KHTML, like Gecko) Chrome/60.0.3112.113 Safari/537.36"
84.168.228.175 - - [02/Sep/2017:06:52:13 +0200] "GET /img/bg-footer.jpg HTTP/1.1" 200 31770 "http://www.easydrivers.at/css/style.css" "Mozilla/5.0 (Windows NT 10.0; Win64; x64) AppleWebKit/537.36 (KHTML, like Gecko) Chrome/60.0.3112.113 Safari/537.36"
84.168.228.175 - - [02/Sep/2017:06:52:13 +0200] "GET /img/kursicon-phone-pink.png HTTP/1.1" 200 1286 "http://www.easydrivers.at/" "Mozilla/5.0 (Windows NT 10.0; Win64; x64) AppleWebKit/537.36 (KHTML, like Gecko) Chrome/60.0.3112.113 Safari/537.36"
84.168.228.175 - - [02/Sep/2017:06:52:13 +0200] "GET /css/print.css HTTP/1.1" 200 967 "http://www.easydrivers.at/" "Mozilla/5.0 (Windows NT 10.0; Win64; x64) AppleWebKit/537.36 (KHTML, like Gecko) Chrome/60.0.3112.113 Safari/537.36"
84.168.228.175 - - [02/Sep/2017:06:52:14 +0200] "GET /img/new_favicon.ico HTTP/1.1" 200 1150 "http://www.easydrivers.at/" "Mozilla/5.0 (Windows NT 10.0; Win64; x64) AppleWebKit/537.36 (KHTML, like Gecko) Chrome/60.0.3112.113 Safari/537.36"
104.236.83.1 - - [02/Sep/2017:06:52:15 +0200] "GET /enns/kurse HTTP/1.1" 200 4147 "http://www.easydrivers.at/enns" "Mozilla/5.0 (compatible; spbot/5.0.3; +http://OpenLinkProfiler.org/bot )"
104.236.83.1 - - [02/Sep/2017:06:52:20 +0200] "GET /voesendorf HTTP/1.1" 200 3795 "http://www.easydrivers.at/" "Mozilla/5.0 (compatible; spbot/5.0.3; +http://OpenLinkProfiler.org/bot )"
104.236.83.1 - - [02/Sep/2017:06:52:25 +0200] "GET /wieselburg HTTP/1.1" 200 3475 "http://www.easydrivers.at/" "Mozilla/5.0 (compatible; spbot/5.0.3; +http://OpenLinkProfiler.org/bot )"
104.236.83.1 - - [02/Sep/2017:06:52:30 +0200] "GET /hollabrunn HTTP/1.1" 200 3769 "http://www.easydrivers.at/" "Mozilla/5.0 (compatible; spbot/5.0.3; +http://OpenLinkProfiler.org/bot )"
193.83.29.6 - - [02/Sep/2017:06:52:33 +0200] "GET /neunkirchen HTTP/1.1" 200 2963 "android-app://com.google.android.googlequicksearchbox/https/www.google.com" "Mozilla/5.0 (Linux; Android 5.0.2; LG-V700 Build/LRX22G) AppleWebKit/537.36 (KHTML, like Gecko) Chrome/60.0.3112.107 Safari/537.36"
193.83.29.6 - - [02/Sep/2017:06:52:36 +0200] "GET /css/mobile.css HTTP/1.1" 200 2852 "http://www.easydrivers.at/neunkirchen" "Mozilla/5.0 (Linux; Android 5.0.2; LG-V700 Build/LRX22G) AppleWebKit/537.36 (KHTML, like Gecko) Chrome/60.0.3112.107 Safari/537.36"
193.83.29.6 - - [02/Sep/2017:06:52:36 +0200] "GET /javascript/jquery.cookie.js HTTP/1.1" 200 863 "http://www.easydrivers.at/neunkirchen" "Mozilla/5.0 (Linux; Android 5.0.2; LG-V700 Build/LRX22G) AppleWebKit/537.36 (KHTML, like Gecko) Chrome/60.0.3112.107 Safari/537.36"
193.83.29.6 - - [02/Sep/2017:06:52:36 +0200] "GET /javascript/jquery-1.9.1.min.js HTTP/1.1" 200 32731 "http://www.easydrivers.at/neunkirchen" "Mozilla/5.0 (Linux; Android 5.0.2; LG-V700 Build/LRX22G) AppleWebKit/537.36 (KHTML, like Gecko) Chrome/60.0.3112.107 Safari/537.36"
193.83.29.6 - - [02/Sep/2017:06:52:36 +0200] "GET /javascript/mobile-menu.js HTTP/1.1" 200 1634 "http://www.easydrivers.at/neunkirchen" "Mozilla/5.0 (Linux; Android 5.0.2; LG-V700 Build/LRX22G) AppleWebKit/537.36 (KHTML, like Gecko) Chrome/60.0.3112.107 Safari/537.36"
193.83.29.6 - - [02/Sep/2017:06:52:36 +0200] "GET /javascript/jquery.simplemodal.js HTTP/1.1" 200 3070 "http://www.easydrivers.at/neunkirchen" "Mozilla/5.0 (Linux; Android 5.0.2; LG-V700 Build/LRX22G) AppleWebKit/537.36 (KHTML, like Gecko) Chrome/60.0.3112.107 Safari/537.36"
193.83.29.6 - - [02/Sep/2017:06:52:36 +0200] "GET /javascript/mobile-fahrschule.js HTTP/1.1" 200 328 "http://www.easydrivers.at/neunkirchen" "Mozilla/5.0 (Linux; Android 5.0.2; LG-V700 Build/LRX22G) AppleWebKit/537.36 (KHTML, like Gecko) Chrome/60.0.3112.107 Safari/537.36"
193.83.29.6 - - [02/Sep/2017:06:52:36 +0200] "GET /javascript/lazyload.js HTTP/1.1" 200 1170 "http://www.easydrivers.at/neunkirchen" "Mozilla/5.0 (Linux; Android 5.0.2; LG-V700 Build/LRX22G) AppleWebKit/537.36 (KHTML, like Gecko) Chrome/60.0.3112.107 Safari/537.36"
193.83.29.6 - - [02/Sep/2017:06:52:36 +0200] "GET /img/mobile/easydrivers-logo-mobile.png HTTP/1.1" 200 10766 "http://www.easydrivers.at/neunkirchen" "Mozilla/5.0 (Linux; Android 5.0.2; LG-V700 Build/LRX22G) AppleWebKit/537.36 (KHTML, like Gecko) Chrome/60.0.3112.107 Safari/537.36"
193.83.29.6 - - [02/Sep/2017:06:52:36 +0200] "GET /img/mobile/menu-button.png HTTP/1.1" 200 1746 "http://www.easydrivers.at/neunkirchen" "Mozilla/5.0 (Linux; Android 5.0.2; LG-V700 Build/LRX22G) AppleWebKit/537.36 (KHTML, like Gecko) Chrome/60.0.3112.107 Safari/537.36"
193.83.29.6 - - [02/Sep/2017:06:52:36 +0200] "GET /img/mobile/close-button.png HTTP/1.1" 200 2411 "http://www.easydrivers.at/neunkirchen" "Mozilla/5.0 (Linux; Android 5.0.2; LG-V700 Build/LRX22G) AppleWebKit/537.36 (KHTML, like Gecko) Chrome/60.0.3112.107 Safari/537.36"
193.83.29.6 - - [02/Sep/2017:06:52:36 +0200] "GET /img/mobile/facebook-icon.png HTTP/1.1" 200 1902 "http://www.easydrivers.at/neunkirchen" "Mozilla/5.0 (Linux; Android 5.0.2; LG-V700 Build/LRX22G) AppleWebKit/537.36 (KHTML, like Gecko) Chrome/60.0.3112.107 Safari/537.36"
193.83.29.6 - - [02/Sep/2017:06:52:36 +0200] "GET /img/mobile/info-button.png HTTP/1.1" 200 1549 "http://www.easydrivers.at/neunkirchen" "Mozilla/5.0 (Linux; Android 5.0.2; LG-V700 Build/LRX22G) AppleWebKit/537.36 (KHTML, like Gecko) Chrome/60.0.3112.107 Safari/537.36"
193.83.29.6 - - [02/Sep/2017:06:52:36 +0200] "GET /img/mobile/info-close-button.png HTTP/1.1" 200 1721 "http://www.easydrivers.at/neunkirchen" "Mozilla/5.0 (Linux; Android 5.0.2; LG-V700 Build/LRX22G) AppleWebKit/537.36 (KHTML, like Gecko) Chrome/60.0.3112.107 Safari/537.36"
193.83.29.6 - - [02/Sep/2017:06:52:36 +0200] "GET /img/smallicon-person.png HTTP/1.1" 200 1141 "http://www.easydrivers.at/neunkirchen" "Mozilla/5.0 (Linux; Android 5.0.2; LG-V700 Build/LRX22G) AppleWebKit/537.36 (KHTML, like Gecko) Chrome/60.0.3112.107 Safari/537.36"
193.83.29.6 - - [02/Sep/2017:06:52:36 +0200] "GET /img/smallicon-address.png HTTP/1.1" 200 1211 "http://www.easydrivers.at/neunkirchen" "Mozilla/5.0 (Linux; Android 5.0.2; LG-V700 Build/LRX22G) AppleWebKit/537.36 (KHTML, like Gecko) Chrome/60.0.3112.107 Safari/537.36"
193.83.29.6 - - [02/Sep/2017:06:52:36 +0200] "GET /img/mobile/googlemaps-pin.png HTTP/1.1" 200 1597 "http://www.easydrivers.at/neunkirchen" "Mozilla/5.0 (Linux; Android 5.0.2; LG-V700 Build/LRX22G) AppleWebKit/537.36 (KHTML, like Gecko) Chrome/60.0.3112.107 Safari/537.36"
193.83.29.6 - - [02/Sep/2017:06:52:36 +0200] "GET /img/smallicon-time.png HTTP/1.1" 200 1262 "http://www.easydrivers.at/neunkirchen" "Mozilla/5.0 (Linux; Android 5.0.2; LG-V700 Build/LRX22G) AppleWebKit/537.36 (KHTML, like Gecko) Chrome/60.0.3112.107 Safari/537.36"
193.83.29.6 - - [02/Sep/2017:06:52:36 +0200] "GET /img/smallicon-phone.png HTTP/1.1" 200 3056 "http://www.easydrivers.at/neunkirchen" "Mozilla/5.0 (Linux; Android 5.0.2; LG-V700 Build/LRX22G) AppleWebKit/537.36 (KHTML, like Gecko) Chrome/60.0.3112.107 Safari/537.36"
193.83.29.6 - - [02/Sep/2017:06:52:36 +0200] "GET /img/smallicon-mail.png HTTP/1.1" 200 1341 "http://www.easydrivers.at/neunkirchen" "Mozilla/5.0 (Linux; Android 5.0.2; LG-V700 Build/LRX22G) AppleWebKit/537.36 (KHTML, like Gecko) Chrome/60.0.3112.107 Safari/537.36"
193.83.29.6 - - [02/Sep/2017:06:52:36 +0200] "GET /img/mobile/widget-icon-app.png HTTP/1.1" 200 3458 "http://www.easydrivers.at/neunkirchen" "Mozilla/5.0 (Linux; Android 5.0.2; LG-V700 Build/LRX22G) AppleWebKit/537.36 (KHTML, like Gecko) Chrome/60.0.3112.107 Safari/537.36"
193.83.29.6 - - [02/Sep/2017:06:52:37 +0200] "GET /img/mobile/bg-header.jpg HTTP/1.1" 200 19741 "http://www.easydrivers.at/css/mobile.css" "Mozilla/5.0 (Linux; Android 5.0.2; LG-V700 Build/LRX22G) AppleWebKit/537.36 (KHTML, like Gecko) Chrome/60.0.3112.107 Safari/537.36"
193.83.29.6 - - [02/Sep/2017:06:52:37 +0200] "GET /img/mobile/bg-menu.jpg HTTP/1.1" 200 1698 "http://www.easydrivers.at/css/mobile.css" "Mozilla/5.0 (Linux; Android 5.0.2; LG-V700 Build/LRX22G) AppleWebKit/537.36 (KHTML, like Gecko) Chrome/60.0.3112.107 Safari/537.36"
193.83.29.6 - - [02/Sep/2017:06:52:37 +0200] "GET /img/mobile/bg-top-section.jpg HTTP/1.1" 200 21711 "http://www.easydrivers.at/css/mobile.css" "Mozilla/5.0 (Linux; Android 5.0.2; LG-V700 Build/LRX22G) AppleWebKit/537.36 (KHTML, like Gecko) Chrome/60.0.3112.107 Safari/537.36"
193.83.29.6 - - [02/Sep/2017:06:52:37 +0200] "GET /img/mobile/pfeil-rechts.png HTTP/1.1" 200 1228 "http://www.easydrivers.at/css/mobile.css" "Mozilla/5.0 (Linux; Android 5.0.2; LG-V700 Build/LRX22G) AppleWebKit/537.36 (KHTML, like Gecko) Chrome/60.0.3112.107 Safari/537.36"
104.236.83.1 - - [02/Sep/2017:06:52:35 +0200] "GET /klagenfurt HTTP/1.1" 200 3670 "http://www.easydrivers.at/" "Mozilla/5.0 (compatible; spbot/5.0.3; +http://OpenLinkProfiler.org/bot )"
193.83.29.6 - - [02/Sep/2017:06:52:38 +0200] "GET /img/favicon.ico HTTP/1.1" 404 300 "http://www.easydrivers.at/neunkirchen" "Mozilla/5.0 (Linux; Android 5.0.2; LG-V700 Build/LRX22G) AppleWebKit/537.36 (KHTML, like Gecko) Chrome/60.0.3112.107 Safari/537.36"
104.236.83.1 - - [02/Sep/2017:06:52:40 +0200] "GET /eisenstadt HTTP/1.1" 200 3412 "http://www.easydrivers.at/" "Mozilla/5.0 (compatible; spbot/5.0.3; +http://OpenLinkProfiler.org/bot )"
104.236.83.1 - - [02/Sep/2017:06:52:45 +0200] "GET /ybbs/kurse HTTP/1.1" 200 4469 "http://www.easydrivers.at/ybbs" "Mozilla/5.0 (compatible; spbot/5.0.3; +http://OpenLinkProfiler.org/bot )"
104.236.83.1 - - [02/Sep/2017:06:52:50 +0200] "GET /st.poelten HTTP/1.1" 200 3586 "http://www.easydrivers.at/" "Mozilla/5.0 (compatible; spbot/5.0.3; +http://OpenLinkProfiler.org/bot )"
193.83.29.6 - - [02/Sep/2017:06:52:55 +0200] "POST /neunkirchen/kursauswahl HTTP/1.1" 200 3114 "http://www.easydrivers.at/neunkirchen" "Mozilla/5.0 (Linux; Android 5.0.2; LG-V700 Build/LRX22G) AppleWebKit/537.36 (KHTML, like Gecko) Chrome/60.0.3112.107 Safari/537.36"
104.236.83.1 - - [02/Sep/2017:06:52:55 +0200] "GET /horn/kurse HTTP/1.1" 200 4487 "http://www.easydrivers.at/horn" "Mozilla/5.0 (compatible; spbot/5.0.3; +http://OpenLinkProfiler.org/bot )"
193.83.29.6 - - [02/Sep/2017:06:52:57 +0200] "GET /javascript/mobile-fahrschule-kurs-suchergebnis.js HTTP/1.1" 200 274 "http://www.easydrivers.at/neunkirchen/kursauswahl" "Mozilla/5.0 (Linux; Android 5.0.2; LG-V700 Build/LRX22G) AppleWebKit/537.36 (KHTML, like Gecko) Chrome/60.0.3112.107 Safari/537.36"
193.83.29.6 - - [02/Sep/2017:06:52:57 +0200] "GET /img/mobile/pfeil-links-small.png HTTP/1.1" 200 1065 "http://www.easydrivers.at/css/mobile.css" "Mozilla/5.0 (Linux; Android 5.0.2; LG-V700 Build/LRX22G) AppleWebKit/537.36 (KHTML, like Gecko) Chrome/60.0.3112.107 Safari/537.36"
193.83.29.6 - - [02/Sep/2017:06:52:57 +0200] "GET /img/mobile/bg-yellow.jpg HTTP/1.1" 200 1569 "http://www.easydrivers.at/css/mobile.css" "Mozilla/5.0 (Linux; Android 5.0.2; LG-V700 Build/LRX22G) AppleWebKit/537.36 (KHTML, like Gecko) Chrome/60.0.3112.107 Safari/537.36"
193.83.29.6 - - [02/Sep/2017:06:52:57 +0200] "GET /img/loading-bars.gif HTTP/1.1" 200 3951 "http://www.easydrivers.at/css/mobile.css" "Mozilla/5.0 (Linux; Android 5.0.2; LG-V700 Build/LRX22G) AppleWebKit/537.36 (KHTML, like Gecko) Chrome/60.0.3112.107 Safari/537.36"
66.249.76.78 - - [02/Sep/2017:06:52:59 +0200] "GET /linz HTTP/1.1" 200 3379 "-" "Mozilla/5.0 (compatible; Googlebot/2.1; +http://www.google.com/bot.html)"
104.236.83.1 - - [02/Sep/2017:06:53:01 +0200] "GET /tulln/kurse HTTP/1.1" 200 4592 "http://www.easydrivers.at/tulln" "Mozilla/5.0 (compatible; spbot/5.0.3; +http://OpenLinkProfiler.org/bot )"
104.236.83.1 - - [02/Sep/2017:06:53:05 +0200] "GET /steyr/kurse HTTP/1.1" 200 4522 "http://www.easydrivers.at/steyr" "Mozilla/5.0 (compatible; spbot/5.0.3; +http://OpenLinkProfiler.org/bot )"
193.83.29.6 - - [02/Sep/2017:06:53:07 +0200] "POST /loadkursliste HTTP/1.1" 200 522 "http://www.easydrivers.at/neunkirchen/kursauswahl" "Mozilla/5.0 (Linux; Android 5.0.2; LG-V700 Build/LRX22G) AppleWebKit/537.36 (KHTML, like Gecko) Chrome/60.0.3112.107 Safari/537.36"
104.236.83.1 - - [02/Sep/2017:06:53:10 +0200] "GET /wr.neustadt HTTP/1.1" 200 3530 "http://www.easydrivers.at/" "Mozilla/5.0 (compatible; spbot/5.0.3; +http://OpenLinkProfiler.org/bot )"
104.236.83.1 - - [02/Sep/2017:06:53:15 +0200] "GET /neunkirchen HTTP/1.1" 200 3843 "http://www.easydrivers.at/" "Mozilla/5.0 (compatible; spbot/5.0.3; +http://OpenLinkProfiler.org/bot )"
104.236.83.1 - - [02/Sep/2017:06:53:20 +0200] "GET /st.valentin HTTP/1.1" 200 3676 "http://www.easydrivers.at/" "Mozilla/5.0 (compatible; spbot/5.0.3; +http://OpenLinkProfiler.org/bot )"
104.236.83.1 - - [02/Sep/2017:06:53:25 +0200] "GET /ybbs/office HTTP/1.1" 200 3222 "http://www.easydrivers.at/ybbs" "Mozilla/5.0 (compatible; spbot/5.0.3; +http://OpenLinkProfiler.org/bot )"
104.236.83.1 - - [02/Sep/2017:06:53:30 +0200] "GET /brigittenau HTTP/1.1" 200 3705 "http://www.easydrivers.at/" "Mozilla/5.0 (compatible; spbot/5.0.3; +http://OpenLinkProfiler.org/bot )"
104.236.83.1 - - [02/Sep/2017:06:53:34 +0200] "GET /fahrschulen HTTP/1.1" 200 3925 "http://www.easydrivers.at/" "Mozilla/5.0 (compatible; spbot/5.0.3; +http://OpenLinkProfiler.org/bot )"
104.236.83.1 - - [02/Sep/2017:06:53:40 +0200] "GET /jennersdorf HTTP/1.1" 200 3474 "http://www.easydrivers.at/" "Mozilla/5.0 (compatible; spbot/5.0.3; +http://OpenLinkProfiler.org/bot )"
193.83.29.6 - - [02/Sep/2017:06:53:42 +0200] "GET /neunkirchen/10282475?FS=B HTTP/1.1" 200 3098 "http://www.easydrivers.at/neunkirchen/kursauswahl" "Mozilla/5.0 (Linux; Android 5.0.2; LG-V700 Build/LRX22G) AppleWebKit/537.36 (KHTML, like Gecko) Chrome/60.0.3112.107 Safari/537.36"
193.83.29.6 - - [02/Sep/2017:06:53:45 +0200] "GET /img/mobile/kursicon-share.png HTTP/1.1" 200 2065 "http://www.easydrivers.at/neunkirchen/10282475?FS=B" "Mozilla/5.0 (Linux; Android 5.0.2; LG-V700 Build/LRX22G) AppleWebKit/537.36 (KHTML, like Gecko) Chrome/60.0.3112.107 Safari/537.36"
193.83.29.6 - - [02/Sep/2017:06:53:45 +0200] "GET /img/mobile/kursicon-phone.png HTTP/1.1" 200 1932 "http://www.easydrivers.at/neunkirchen/10282475?FS=B" "Mozilla/5.0 (Linux; Android 5.0.2; LG-V700 Build/LRX22G) AppleWebKit/537.36 (KHTML, like Gecko) Chrome/60.0.3112.107 Safari/537.36"
193.83.29.6 - - [02/Sep/2017:06:53:45 +0200] "GET /img/mobile/smallicon-phone.png HTTP/1.1" 200 1311 "http://www.easydrivers.at/neunkirchen/10282475?FS=B" "Mozilla/5.0 (Linux; Android 5.0.2; LG-V700 Build/LRX22G) AppleWebKit/537.36 (KHTML, like Gecko) Chrome/60.0.3112.107 Safari/537.36"
193.83.29.6 - - [02/Sep/2017:06:53:45 +0200] "GET /img/mobile/smallicon-mail.png HTTP/1.1" 200 1335 "http://www.easydrivers.at/neunkirchen/10282475?FS=B" "Mozilla/5.0 (Linux; Android 5.0.2; LG-V700 Build/LRX22G) AppleWebKit/537.36 (KHTML, like Gecko) Chrome/60.0.3112.107 Safari/537.36"
193.83.29.6 - - [02/Sep/2017:06:53:45 +0200] "GET /img/mobile/pfeil-rechts-small.png HTTP/1.1" 200 1056 "http://www.easydrivers.at/css/mobile.css" "Mozilla/5.0 (Linux; Android 5.0.2; LG-V700 Build/LRX22G) AppleWebKit/537.36 (KHTML, like Gecko) Chrome/60.0.3112.107 Safari/537.36"
104.236.83.1 - - [02/Sep/2017:06:53:45 +0200] "GET /bad.voeslau HTTP/1.1" 200 3761 "http://www.easydrivers.at/" "Mozilla/5.0 (compatible; spbot/5.0.3; +http://OpenLinkProfiler.org/bot )"
104.236.83.1 - - [02/Sep/2017:06:53:50 +0200] "GET /easytickets HTTP/1.1" 200 660 "http://www.easydrivers.at/tulln" "Mozilla/5.0 (compatible; spbot/5.0.3; +http://OpenLinkProfiler.org/bot )"
104.236.83.1 - - [02/Sep/2017:06:53:55 +0200] "GET /reumannplatz HTTP/1.1" 200 3352 "http://www.easydrivers.at/" "Mozilla/5.0 (compatible; spbot/5.0.3; +http://OpenLinkProfiler.org/bot )"
104.236.83.1 - - [02/Sep/2017:06:54:00 +0200] "GET /zwettl/kurse HTTP/1.1" 200 4480 "http://www.easydrivers.at/zwettl" "Mozilla/5.0 (compatible; spbot/5.0.3; +http://OpenLinkProfiler.org/bot )"
193.83.29.6 - - [02/Sep/2017:06:54:03 +0200] "GET /neunkirchen HTTP/1.1" 200 2963 "android-app://com.google.android.googlequicksearchbox/https/www.google.com" "Mozilla/5.0 (Linux; Android 5.0.2; LG-V700 Build/LRX22G) AppleWebKit/537.36 (KHTML, like Gecko) Chrome/60.0.3112.107 Safari/537.36"
104.236.83.1 - - [02/Sep/2017:06:54:05 +0200] "GET /bruck.leitha HTTP/1.1" 200 3474 "http://www.easydrivers.at/" "Mozilla/5.0 (compatible; spbot/5.0.3; +http://OpenLinkProfiler.org/bot )"
193.83.29.6 - - [02/Sep/2017:06:54:08 +0200] "POST /neunkirchen/kursauswahl HTTP/1.1" 200 3114 "http://www.easydrivers.at/neunkirchen" "Mozilla/5.0 (Linux; Android 5.0.2; LG-V700 Build/LRX22G) AppleWebKit/537.36 (KHTML, like Gecko) Chrome/60.0.3112.107 Safari/537.36"
104.236.83.1 - - [02/Sep/2017:06:54:10 +0200] "GET /gmuend/kurse HTTP/1.1" 200 4466 "http://www.easydrivers.at/gmuend" "Mozilla/5.0 (compatible; spbot/5.0.3; +http://OpenLinkProfiler.org/bot )"
193.83.29.6 - - [02/Sep/2017:06:54:11 +0200] "POST /loadkursliste HTTP/1.1" 200 522 "http://www.easydrivers.at/neunkirchen/kursauswahl" "Mozilla/5.0 (Linux; Android 5.0.2; LG-V700 Build/LRX22G) AppleWebKit/537.36 (KHTML, like Gecko) Chrome/60.0.3112.107 Safari/537.36"
104.236.83.1 - - [02/Sep/2017:06:54:15 +0200] "GET /steyr/driving HTTP/1.1" 200 3678 "http://www.easydrivers.at/steyr" "Mozilla/5.0 (compatible; spbot/5.0.3; +http://OpenLinkProfiler.org/bot )"
104.236.83.1 - - [02/Sep/2017:06:54:20 +0200] "GET /retz/aktionen HTTP/1.1" 200 2889 "http://www.easydrivers.at/retz" "Mozilla/5.0 (compatible; spbot/5.0.3; +http://OpenLinkProfiler.org/bot )"
84.133.3.19 - - [02/Sep/2017:06:54:25 +0200] "GET /ennstal.schladming/ HTTP/1.1" 301 147 "https://www.google.de/" "Mozilla/5.0 (Windows NT 10.0) AppleWebKit/537.36 (KHTML, like Gecko) Chrome/60.0.3112.113 Safari/537.36"
84.133.3.19 - - [02/Sep/2017:06:54:25 +0200] "GET /ennstal.schladming HTTP/1.1" 200 3627 "https://www.google.de/" "Mozilla/5.0 (Windows NT 10.0) AppleWebKit/537.36 (KHTML, like Gecko) Chrome/60.0.3112.113 Safari/537.36"
84.133.3.19 - - [02/Sep/2017:06:54:27 +0200] "GET /css/style.css HTTP/1.1" 200 5004 "http://www.easydrivers.at/ennstal.schladming" "Mozilla/5.0 (Windows NT 10.0) AppleWebKit/537.36 (KHTML, like Gecko) Chrome/60.0.3112.113 Safari/537.36"
84.133.3.19 - - [02/Sep/2017:06:54:27 +0200] "GET /javascript/jquery.customSelect.min.js HTTP/1.1" 200 912 "http://www.easydrivers.at/ennstal.schladming" "Mozilla/5.0 (Windows NT 10.0) AppleWebKit/537.36 (KHTML, like Gecko) Chrome/60.0.3112.113 Safari/537.36"
84.133.3.19 - - [02/Sep/2017:06:54:27 +0200] "GET /javascript/jquery.simplemodal.js HTTP/1.1" 200 3070 "http://www.easydrivers.at/ennstal.schladming" "Mozilla/5.0 (Windows NT 10.0) AppleWebKit/537.36 (KHTML, like Gecko) Chrome/60.0.3112.113 Safari/537.36"
84.133.3.19 - - [02/Sep/2017:06:54:27 +0200] "GET /javascript/jquery.cookie.js HTTP/1.1" 200 863 "http://www.easydrivers.at/ennstal.schladming" "Mozilla/5.0 (Windows NT 10.0) AppleWebKit/537.36 (KHTML, like Gecko) Chrome/60.0.3112.113 Safari/537.36"
84.133.3.19 - - [02/Sep/2017:06:54:27 +0200] "GET /javascript/portal.js?1221842734 HTTP/1.1" 200 3529 "http://www.easydrivers.at/ennstal.schladming" "Mozilla/5.0 (Windows NT 10.0) AppleWebKit/537.36 (KHTML, like Gecko) Chrome/60.0.3112.113 Safari/537.36"
84.133.3.19 - - [02/Sep/2017:06:54:28 +0200] "GET /javascript/fahrschule.js HTTP/1.1" 200 462 "http://www.easydrivers.at/ennstal.schladming" "Mozilla/5.0 (Windows NT 10.0) AppleWebKit/537.36 (KHTML, like Gecko) Chrome/60.0.3112.113 Safari/537.36"
84.133.3.19 - - [02/Sep/2017:06:54:28 +0200] "GET /img/ED_Logo.png HTTP/1.1" 200 3385 "http://www.easydrivers.at/css/style.css" "Mozilla/5.0 (Windows NT 10.0) AppleWebKit/537.36 (KHTML, like Gecko) Chrome/60.0.3112.113 Safari/537.36"
84.133.3.19 - - [02/Sep/2017:06:54:28 +0200] "GET /javascript/lazyload.js HTTP/1.1" 200 1170 "http://www.easydrivers.at/ennstal.schladming" "Mozilla/5.0 (Windows NT 10.0) AppleWebKit/537.36 (KHTML, like Gecko) Chrome/60.0.3112.113 Safari/537.36"
84.133.3.19 - - [02/Sep/2017:06:54:28 +0200] "GET /img/close-button.png HTTP/1.1" 200 2237 "http://www.easydrivers.at/ennstal.schladming" "Mozilla/5.0 (Windows NT 10.0) AppleWebKit/537.36 (KHTML, like Gecko) Chrome/60.0.3112.113 Safari/537.36"
84.133.3.19 - - [02/Sep/2017:06:54:28 +0200] "GET /img/facebook-icon.png HTTP/1.1" 200 1506 "http://www.easydrivers.at/ennstal.schladming" "Mozilla/5.0 (Windows NT 10.0) AppleWebKit/537.36 (KHTML, like Gecko) Chrome/60.0.3112.113 Safari/537.36"
84.133.3.19 - - [02/Sep/2017:06:54:28 +0200] "GET /img/info-button.png HTTP/1.1" 200 738 "http://www.easydrivers.at/ennstal.schladming" "Mozilla/5.0 (Windows NT 10.0) AppleWebKit/537.36 (KHTML, like Gecko) Chrome/60.0.3112.113 Safari/537.36"
104.236.83.1 - - [02/Sep/2017:06:54:25 +0200] "GET /radfahrschule HTTP/1.1" 200 3462 "http://www.easydrivers.at/" "Mozilla/5.0 (compatible; spbot/5.0.3; +http://OpenLinkProfiler.org/bot )"
84.133.3.19 - - [02/Sep/2017:06:54:28 +0200] "GET /img/purple-dots-horizontal.png HTTP/1.1" 200 977 "http://www.easydrivers.at/css/style.css" "Mozilla/5.0 (Windows NT 10.0) AppleWebKit/537.36 (KHTML, like Gecko) Chrome/60.0.3112.113 Safari/537.36"
84.133.3.19 - - [02/Sep/2017:06:54:28 +0200] "GET /img/empty.gif HTTP/1.1" 200 43 "http://www.easydrivers.at/ennstal.schladming" "Mozilla/5.0 (Windows NT 10.0) AppleWebKit/537.36 (KHTML, like Gecko) Chrome/60.0.3112.113 Safari/537.36"
84.133.3.19 - - [02/Sep/2017:06:54:28 +0200] "GET /img/yellow-dots-vertical.png HTTP/1.1" 200 981 "http://www.easydrivers.at/css/style.css" "Mozilla/5.0 (Windows NT 10.0) AppleWebKit/537.36 (KHTML, like Gecko) Chrome/60.0.3112.113 Safari/537.36"
84.133.3.19 - - [02/Sep/2017:06:54:28 +0200] "GET /img/submit-button.png HTTP/1.1" 200 1958 "http://www.easydrivers.at/ennstal.schladming" "Mozilla/5.0 (Windows NT 10.0) AppleWebKit/537.36 (KHTML, like Gecko) Chrome/60.0.3112.113 Safari/537.36"
84.133.3.19 - - [02/Sep/2017:06:54:28 +0200] "GET /img/bg-header.jpg HTTP/1.1" 200 38680 "http://www.easydrivers.at/css/style.css" "Mozilla/5.0 (Windows NT 10.0) AppleWebKit/537.36 (KHTML, like Gecko) Chrome/60.0.3112.113 Safari/537.36"
84.133.3.19 - - [02/Sep/2017:06:54:28 +0200] "GET /img/locator-icon.png HTTP/1.1" 200 1377 "http://www.easydrivers.at/ennstal.schladming" "Mozilla/5.0 (Windows NT 10.0) AppleWebKit/537.36 (KHTML, like Gecko) Chrome/60.0.3112.113 Safari/537.36"
84.133.3.19 - - [02/Sep/2017:06:54:28 +0200] "GET /img/close-button-small.png HTTP/1.1" 200 1671 "http://www.easydrivers.at/ennstal.schladming" "Mozilla/5.0 (Windows NT 10.0) AppleWebKit/537.36 (KHTML, like Gecko) Chrome/60.0.3112.113 Safari/537.36"
84.133.3.19 - - [02/Sep/2017:06:54:28 +0200] "GET /cache/emu/images/easy-drivers-portal10264989/volvojpg_131_90_0.jpg HTTP/1.1" 200 4570 "http://www.easydrivers.at/ennstal.schladming" "Mozilla/5.0 (Windows NT 10.0) AppleWebKit/537.36 (KHTML, like Gecko) Chrome/60.0.3112.113 Safari/537.36"
84.133.3.19 - - [02/Sep/2017:06:54:28 +0200] "GET /binaries/easy-drivers-portal/widget-icon-trainingpng.png HTTP/1.1" 200 2662 "http://www.easydrivers.at/ennstal.schladming" "Mozilla/5.0 (Windows NT 10.0) AppleWebKit/537.36 (KHTML, like Gecko) Chrome/60.0.3112.113 Safari/537.36"
84.133.3.19 - - [02/Sep/2017:06:54:28 +0200] "GET /binaries/easy-drivers-portal/widget-icon-expertspng.png HTTP/1.1" 200 2159 "http://www.easydrivers.at/ennstal.schladming" "Mozilla/5.0 (Windows NT 10.0) AppleWebKit/537.36 (KHTML, like Gecko) Chrome/60.0.3112.113 Safari/537.36"
84.133.3.19 - - [02/Sep/2017:06:54:28 +0200] "GET /binaries/easy-drivers-portal/widget-icon-apppng.png HTTP/1.1" 200 2432 "http://www.easydrivers.at/ennstal.schladming" "Mozilla/5.0 (Windows NT 10.0) AppleWebKit/537.36 (KHTML, like Gecko) Chrome/60.0.3112.113 Safari/537.36"
84.133.3.19 - - [02/Sep/2017:06:54:28 +0200] "GET /img/schweiz-icon.png HTTP/1.1" 200 1504 "http://www.easydrivers.at/ennstal.schladming" "Mozilla/5.0 (Windows NT 10.0) AppleWebKit/537.36 (KHTML, like Gecko) Chrome/60.0.3112.113 Safari/537.36"
