212.241.72.7 - - [02/Sep/2017:10:14:36 +0200] "GET /img/mobile/bg-yellow.jpg HTTP/1.1" 200 1569 "http://www.easydrivers.at/css/mobile.css" "Mozilla/5.0 (Linux; Android 7.0; HUAWEI VNS-L21 Build/HUAWEIVNS-L21) AppleWebKit/537.36 (KHTML, like Gecko) Chrome/60.0.3112.107 Mobile Safari/537.36"
213.33.1.117 - - [02/Sep/2017:10:14:40 +0200] "GET /zwettl HTTP/1.1" 200 2910 "http://m.facebook.com" "Mozilla/5.0 (iPhone; CPU iPhone OS 10_3_3 like Mac OS X) AppleWebKit/603.3.8 (KHTML, like Gecko) Mobile/14G60 [FBAN/FBIOS;FBAV/138.0.0.49.91;FBBV/69441604;FBDV/iPhone8,1;FBMD/iPhone;FBSN/iOS;FBSV/10.3.3;FBSS/2;FBCR/A1;FBID/phone;FBLC/de_DE;FBOP/5;FBRV/70110511]"
213.33.1.117 - - [02/Sep/2017:10:14:42 +0200] "GET /img/smallicon-person.png HTTP/1.1" 200 1141 "-" "Mozilla/5.0 (iPhone; CPU iPhone OS 10_3_3 like Mac OS X) AppleWebKit/603.3.8 (KHTML, like Gecko) Mobile/14G60 [FBAN/FBIOS;FBAV/138.0.0.49.91;FBBV/69441604;FBDV/iPhone8,1;FBMD/iPhone;FBSN/iOS;FBSV/10.3.3;FBSS/2;FBCR/A1;FBID/phone;FBLC/de_DE;FBOP/5;FBRV/70110511]"
217.149.169.49 - - [02/Sep/2017:10:14:56 +0200] "GET / HTTP/1.1" 200 4413 "https://www.google.at/" "Mozilla/5.0 (Windows NT 6.0) AppleWebKit/537.36 (KHTML, like Gecko) Chrome/49.0.2623.112 Safari/537.36"
217.149.169.49 - - [02/Sep/2017:10:15:03 +0200] "GET / HTTP/1.1" 200 4413 "https://www.google.at/" "Mozilla/5.0 (Windows NT 6.0) AppleWebKit/537.36 (KHTML, like Gecko) Chrome/49.0.2623.112 Safari/537.36"
217.149.169.49 - - [02/Sep/2017:10:15:04 +0200] "GET /css/style.css HTTP/1.1" 200 5004 "http://www.easydrivers.at/" "Mozilla/5.0 (Windows NT 6.0) AppleWebKit/537.36 (KHTML, like Gecko) Chrome/49.0.2623.112 Safari/537.36"
217.149.169.49 - - [02/Sep/2017:10:15:04 +0200] "GET /javascript/jquery.customSelect.min.js HTTP/1.1" 200 912 "http://www.easydrivers.at/" "Mozilla/5.0 (Windows NT 6.0) AppleWebKit/537.36 (KHTML, like Gecko) Chrome/49.0.2623.112 Safari/537.36"
217.149.169.49 - - [02/Sep/2017:10:15:04 +0200] "GET /javascript/jquery.cookie.js HTTP/1.1" 200 863 "http://www.easydrivers.at/" "Mozilla/5.0 (Windows NT 6.0) AppleWebKit/537.36 (KHTML, like Gecko) Chrome/49.0.2623.112 Safari/537.36"
217.149.169.49 - - [02/Sep/2017:10:15:04 +0200] "GET /javascript/jquery.simplemodal.js HTTP/1.1" 200 3070 "http://www.easydrivers.at/" "Mozilla/5.0 (Windows NT 6.0) AppleWebKit/537.36 (KHTML, like Gecko) Chrome/49.0.2623.112 Safari/537.36"
217.149.169.49 - - [02/Sep/2017:10:15:04 +0200] "GET /javascript/portal.js?1221842734 HTTP/1.1" 200 3529 "http://www.easydrivers.at/" "Mozilla/5.0 (Windows NT 6.0) AppleWebKit/537.36 (KHTML, like Gecko) Chrome/49.0.2623.112 Safari/537.36"
217.149.169.49 - - [02/Sep/2017:10:15:08 +0200] "GET /javascript/homesearch.js HTTP/1.1" 200 393 "http://www.easydrivers.at/" "Mozilla/5.0 (Windows NT 6.0) AppleWebKit/537.36 (KHTML, like Gecko) Chrome/49.0.2623.112 Safari/537.36"
194.166.150.187 - - [02/Sep/2017:10:15:07 +0200] "GET /moedling/aktionen HTTP/1.1" 200 4239 "http://www.easydrivers.at/moedling" "Mozilla/5.0 (Windows NT 10.0; Win64; x64) AppleWebKit/537.36 (KHTML, like Gecko) Chrome/60.0.3112.113 Safari/537.36"
217.149.169.49 - - [02/Sep/2017:10:15:09 +0200] "GET /img/ED_Logo.png HTTP/1.1" 200 3385 "http://www.easydrivers.at/css/style.css" "Mozilla/5.0 (Windows NT 6.0) AppleWebKit/537.36 (KHTML, like Gecko) Chrome/49.0.2623.112 Safari/537.36"
217.149.169.49 - - [02/Sep/2017:10:15:09 +0200] "GET /javascript/lazyload.js HTTP/1.1" 200 1170 "http://www.easydrivers.at/" "Mozilla/5.0 (Windows NT 6.0) AppleWebKit/537.36 (KHTML, like Gecko) Chrome/49.0.2623.112 Safari/537.36"
217.149.169.49 - - [02/Sep/2017:10:15:09 +0200] "GET /img/close-button.png HTTP/1.1" 200 2237 "http://www.easydrivers.at/" "Mozilla/5.0 (Windows NT 6.0) AppleWebKit/537.36 (KHTML, like Gecko) Chrome/49.0.2623.112 Safari/537.36"
217.149.169.49 - - [02/Sep/2017:10:15:09 +0200] "GET /img/facebook-icon.png HTTP/1.1" 200 1506 "http://www.easydrivers.at/" "Mozilla/5.0 (Windows NT 6.0) AppleWebKit/537.36 (KHTML, like Gecko) Chrome/49.0.2623.112 Safari/537.36"
217.149.169.49 - - [02/Sep/2017:10:15:09 +0200] "GET /img/submit-button.png HTTP/1.1" 200 1958 "http://www.easydrivers.at/" "Mozilla/5.0 (Windows NT 6.0) AppleWebKit/537.36 (KHTML, like Gecko) Chrome/49.0.2623.112 Safari/537.36"
217.149.169.49 - - [02/Sep/2017:10:15:09 +0200] "GET /binaries/easy-drivers-portal/widget-icon-trainingpng.png HTTP/1.1" 200 2662 "http://www.easydrivers.at/" "Mozilla/5.0 (Windows NT 6.0) AppleWebKit/537.36 (KHTML, like Gecko) Chrome/49.0.2623.112 Safari/537.36"
217.149.169.49 - - [02/Sep/2017:10:15:09 +0200] "GET /img/empty.gif HTTP/1.1" 200 43 "http://www.easydrivers.at/" "Mozilla/5.0 (Windows NT 6.0) AppleWebKit/537.36 (KHTML, like Gecko) Chrome/49.0.2623.112 Safari/537.36"
217.149.169.49 - - [02/Sep/2017:10:15:10 +0200] "GET /binaries/easy-drivers-portal/widget-icon-expertspng.png HTTP/1.1" 200 2159 "http://www.easydrivers.at/" "Mozilla/5.0 (Windows NT 6.0) AppleWebKit/537.36 (KHTML, like Gecko) Chrome/49.0.2623.112 Safari/537.36"
217.149.169.49 - - [02/Sep/2017:10:15:10 +0200] "GET /binaries/easy-drivers-portal/widget-icon-apppng.png HTTP/1.1" 200 2432 "http://www.easydrivers.at/" "Mozilla/5.0 (Windows NT 6.0) AppleWebKit/537.36 (KHTML, like Gecko) Chrome/49.0.2623.112 Safari/537.36"
217.149.169.49 - - [02/Sep/2017:10:15:10 +0200] "GET /img/schweiz-icon.png HTTP/1.1" 200 1504 "http://www.easydrivers.at/" "Mozilla/5.0 (Windows NT 6.0) AppleWebKit/537.36 (KHTML, like Gecko) Chrome/49.0.2623.112 Safari/537.36"
217.149.169.49 - - [02/Sep/2017:10:15:10 +0200] "GET /binaries/easy-drivers-portal/edradfahrschullogowidget160x90pxpng.png HTTP/1.1" 200 23394 "http://www.easydrivers.at/" "Mozilla/5.0 (Windows NT 6.0) AppleWebKit/537.36 (KHTML, like Gecko) Chrome/49.0.2623.112 Safari/537.36"
217.149.169.49 - - [02/Sep/2017:10:15:10 +0200] "GET /css/print.css HTTP/1.1" 200 967 "http://www.easydrivers.at/" "Mozilla/5.0 (Windows NT 6.0) AppleWebKit/537.36 (KHTML, like Gecko) Chrome/49.0.2623.112 Safari/537.36"
217.149.169.49 - - [02/Sep/2017:10:15:09 +0200] "GET /img/bg-header.jpg HTTP/1.1" 200 38680 "http://www.easydrivers.at/css/style.css" "Mozilla/5.0 (Windows NT 6.0) AppleWebKit/537.36 (KHTML, like Gecko) Chrome/49.0.2623.112 Safari/537.36"
217.149.169.49 - - [02/Sep/2017:10:15:11 +0200] "GET /img/purple-dots-horizontal.png HTTP/1.1" 200 977 "http://www.easydrivers.at/css/style.css" "Mozilla/5.0 (Windows NT 6.0) AppleWebKit/537.36 (KHTML, like Gecko) Chrome/49.0.2623.112 Safari/537.36"
217.149.169.49 - - [02/Sep/2017:10:15:11 +0200] "GET /img/selection-box-button.png HTTP/1.1" 200 1079 "http://www.easydrivers.at/css/style.css" "Mozilla/5.0 (Windows NT 6.0) AppleWebKit/537.36 (KHTML, like Gecko) Chrome/49.0.2623.112 Safari/537.36"
217.149.169.49 - - [02/Sep/2017:10:15:11 +0200] "GET /img/yellow-dots-vertical.png HTTP/1.1" 200 981 "http://www.easydrivers.at/css/style.css" "Mozilla/5.0 (Windows NT 6.0) AppleWebKit/537.36 (KHTML, like Gecko) Chrome/49.0.2623.112 Safari/537.36"
217.149.169.49 - - [02/Sep/2017:10:15:11 +0200] "GET /img/black-dots-vertical.png HTTP/1.1" 200 1165 "http://www.easydrivers.at/css/style.css" "Mozilla/5.0 (Windows NT 6.0) AppleWebKit/537.36 (KHTML, like Gecko) Chrome/49.0.2623.112 Safari/537.36"
217.149.169.49 - - [02/Sep/2017:10:15:11 +0200] "GET /img/kursicon-print-pink.png HTTP/1.1" 200 1125 "http://www.easydrivers.at/" "Mozilla/5.0 (Windows NT 6.0) AppleWebKit/537.36 (KHTML, like Gecko) Chrome/49.0.2623.112 Safari/537.36"
213.162.68.99 - - [02/Sep/2017:10:15:09 +0200] "GET /krems?utm_source=facebook&utm_medium=ad&utm_campaign=motorrad HTTP/1.1" 200 2934 "http://m.facebook.com/" "Mozilla/5.0 (Linux; Android 7.0; WAS-LX1 Build/HUAWEIWAS-LX1; wv) AppleWebKit/537.36 (KHTML, like Gecko) Version/4.0 Chrome/60.0.3112.107 Mobile Safari/537.36 [FB_IAB/FB4A;FBAV/139.0.0.22.93;]"
217.149.169.49 - - [02/Sep/2017:10:15:12 +0200] "GET /img/kursicon-download-pink.png HTTP/1.1" 200 1213 "http://www.easydrivers.at/" "Mozilla/5.0 (Windows NT 6.0) AppleWebKit/537.36 (KHTML, like Gecko) Chrome/49.0.2623.112 Safari/537.36"
194.166.150.187 - - [02/Sep/2017:10:15:10 +0200] "GET /moedling HTTP/1.1" 200 3838 "https://at.search.yahoo.com/" "Mozilla/5.0 (Windows NT 10.0; Win64; x64) AppleWebKit/537.36 (KHTML, like Gecko) Chrome/60.0.3112.113 Safari/537.36"
217.149.169.49 - - [02/Sep/2017:10:15:11 +0200] "GET /img/bg-footer.jpg HTTP/1.1" 200 31770 "http://www.easydrivers.at/css/style.css" "Mozilla/5.0 (Windows NT 6.0) AppleWebKit/537.36 (KHTML, like Gecko) Chrome/49.0.2623.112 Safari/537.36"
217.149.169.49 - - [02/Sep/2017:10:15:11 +0200] "GET /img/bg-top-section.jpg HTTP/1.1" 200 82172 "http://www.easydrivers.at/css/style.css" "Mozilla/5.0 (Windows NT 6.0) AppleWebKit/537.36 (KHTML, like Gecko) Chrome/49.0.2623.112 Safari/537.36"
217.149.169.49 - - [02/Sep/2017:10:15:12 +0200] "GET /img/kursicon-share-pink.png HTTP/1.1" 200 1277 "http://www.easydrivers.at/" "Mozilla/5.0 (Windows NT 6.0) AppleWebKit/537.36 (KHTML, like Gecko) Chrome/49.0.2623.112 Safari/537.36"
213.33.1.117 - - [02/Sep/2017:10:15:12 +0200] "GET /img/smallicon-time.png HTTP/1.1" 200 1262 "-" "Mozilla/5.0 (iPhone; CPU iPhone OS 10_3_3 like Mac OS X) AppleWebKit/603.3.8 (KHTML, like Gecko) Mobile/14G60 [FBAN/FBIOS;FBAV/138.0.0.49.91;FBBV/69441604;FBDV/iPhone8,1;FBMD/iPhone;FBSN/iOS;FBSV/10.3.3;FBSS/2;FBCR/A1;FBID/phone;FBLC/de_DE;FBOP/5;FBRV/70110511]"
217.149.169.49 - - [02/Sep/2017:10:15:12 +0200] "GET /img/kursicon-phone-pink.png HTTP/1.1" 200 1286 "http://www.easydrivers.at/" "Mozilla/5.0 (Windows NT 6.0) AppleWebKit/537.36 (KHTML, like Gecko) Chrome/49.0.2623.112 Safari/537.36"
217.149.169.49 - - [02/Sep/2017:10:15:17 +0200] "GET /img/new_favicon.ico HTTP/1.1" 200 1150 "http://www.easydrivers.at/" "Mozilla/5.0 (Windows NT 6.0) AppleWebKit/537.36 (KHTML, like Gecko) Chrome/49.0.2623.112 Safari/537.36"
188.23.186.66 - - [02/Sep/2017:10:15:24 +0200] "GET /moedling/ HTTP/1.1" 301 140 "https://www.google.at/" "Mozilla/5.0 (Linux; Android 7.0; SAMSUNG SM-G930F Build/NRD90M) AppleWebKit/537.36 (KHTML, like Gecko) SamsungBrowser/5.4 Chrome/51.0.2704.106 Mobile Safari/537.36"
188.23.186.66 - - [02/Sep/2017:10:15:24 +0200] "GET /moedling HTTP/1.1" 200 2970 "https://www.google.at/" "Mozilla/5.0 (Linux; Android 7.0; SAMSUNG SM-G930F Build/NRD90M) AppleWebKit/537.36 (KHTML, like Gecko) SamsungBrowser/5.4 Chrome/51.0.2704.106 Mobile Safari/537.36"
178.115.130.215 - - [02/Sep/2017:10:15:26 +0200] "GET /dornbirn/10266951 HTTP/1.1" 200 3347 "-" "Mozilla/5.0 (Linux; Android 7.0; SAMSUNG SM-A310F Build/NRD90M) AppleWebKit/537.36 (KHTML, like Gecko) SamsungBrowser/5.4 Chrome/51.0.2704.106 Mobile Safari/537.36"
188.23.186.66 - - [02/Sep/2017:10:15:33 +0200] "GET /moedling HTTP/1.1" 200 2970 "http://www.easydrivers.at/moedling" "Mozilla/5.0 (Linux; Android 7.0; SAMSUNG SM-G930F Build/NRD90M) AppleWebKit/537.36 (KHTML, like Gecko) SamsungBrowser/5.4 Chrome/51.0.2704.106 Mobile Safari/537.36"
210.4.115.153 - - [02/Sep/2017:10:15:35 +0200] "GET /wp-login.php HTTP/1.1" 404 8396 "-" "Mozilla/5.0 (Windows NT 6.1; WOW64; rv:40.0) Gecko/20100101 Firefox/40.1"
210.4.115.153 - - [02/Sep/2017:10:15:37 +0200] "GET / HTTP/1.1" 200 15965 "-" "Mozilla/5.0 (Windows NT 6.1; WOW64; rv:40.0) Gecko/20100101 Firefox/40.1"
213.33.1.117 - - [02/Sep/2017:10:15:42 +0200] "GET /img/smallicon-phone.png HTTP/1.1" 200 3056 "-" "Mozilla/5.0 (iPhone; CPU iPhone OS 10_3_3 like Mac OS X) AppleWebKit/603.3.8 (KHTML, like Gecko) Mobile/14G60 [FBAN/FBIOS;FBAV/138.0.0.49.91;FBBV/69441604;FBDV/iPhone8,1;FBMD/iPhone;FBSN/iOS;FBSV/10.3.3;FBSS/2;FBCR/A1;FBID/phone;FBLC/de_DE;FBOP/5;FBRV/70110511]"
188.23.186.66 - - [02/Sep/2017:10:15:41 +0200] "GET /moedling/kurse HTTP/1.1" 200 3390 "http://www.easydrivers.at/moedling" "Mozilla/5.0 (Linux; Android 7.0; SAMSUNG SM-G930F Build/NRD90M) AppleWebKit/537.36 (KHTML, like Gecko) SamsungBrowser/5.4 Chrome/51.0.2704.106 Mobile Safari/537.36"
188.23.186.66 - - [02/Sep/2017:10:15:44 +0200] "GET /javascript/mobile-fahrschule-kurs-suchergebnis.js HTTP/1.1" 200 274 "http://www.easydrivers.at/moedling/kurse" "Mozilla/5.0 (Linux; Android 7.0; SAMSUNG SM-G930F Build/NRD90M) AppleWebKit/537.36 (KHTML, like Gecko) SamsungBrowser/5.4 Chrome/51.0.2704.106 Mobile Safari/537.36"
188.23.186.66 - - [02/Sep/2017:10:15:44 +0200] "GET /img/mobile/bg-yellow.jpg HTTP/1.1" 200 1569 "http://www.easydrivers.at/css/mobile.css" "Mozilla/5.0 (Linux; Android 7.0; SAMSUNG SM-G930F Build/NRD90M) AppleWebKit/537.36 (KHTML, like Gecko) SamsungBrowser/5.4 Chrome/51.0.2704.106 Mobile Safari/537.36"
188.23.186.66 - - [02/Sep/2017:10:15:44 +0200] "GET /img/loading-bars.gif HTTP/1.1" 200 3951 "http://www.easydrivers.at/css/mobile.css" "Mozilla/5.0 (Linux; Android 7.0; SAMSUNG SM-G930F Build/NRD90M) AppleWebKit/537.36 (KHTML, like Gecko) SamsungBrowser/5.4 Chrome/51.0.2704.106 Mobile Safari/537.36"
213.33.1.117 - - [02/Sep/2017:10:15:45 +0200] "GET /img/smallicon-mail.png HTTP/1.1" 200 1341 "-" "Mozilla/5.0 (iPhone; CPU iPhone OS 10_3_3 like Mac OS X) AppleWebKit/603.3.8 (KHTML, like Gecko) Mobile/14G60 [FBAN/FBIOS;FBAV/138.0.0.49.91;FBBV/69441604;FBDV/iPhone8,1;FBMD/iPhone;FBSN/iOS;FBSV/10.3.3;FBSS/2;FBCR/A1;FBID/phone;FBLC/de_DE;FBOP/5;FBRV/70110511]"
178.115.130.215 - - [02/Sep/2017:10:15:32 +0200] "GET /binaries/easy-drivers-portal/edlogoljpg.jpg HTTP/1.1" 200 24176 "http://www.easydrivers.at/dornbirn/10266951" "Mozilla/5.0 (Linux; Android 7.0; SAMSUNG SM-A310F Build/NRD90M) AppleWebKit/537.36 (KHTML, like Gecko) SamsungBrowser/5.4 Chrome/51.0.2704.106 Mobile Safari/537.36"
80.121.48.142 - - [02/Sep/2017:10:15:46 +0200] "GET / HTTP/1.1" 200 4413 "http://www.google.at/" "Mozilla/5.0 (Linux; Android 4.4.2; GT-P5210 Build/KOT49H) AppleWebKit/537.36 (KHTML, like Gecko) Chrome/59.0.3071.125 Safari/537.36"
80.121.48.142 - - [02/Sep/2017:10:15:48 +0200] "GET /css/style.css HTTP/1.1" 200 5004 "http://www.easydrivers.at/" "Mozilla/5.0 (Linux; Android 4.4.2; GT-P5210 Build/KOT49H) AppleWebKit/537.36 (KHTML, like Gecko) Chrome/59.0.3071.125 Safari/537.36"
80.121.48.142 - - [02/Sep/2017:10:15:48 +0200] "GET /javascript/jquery.customSelect.min.js HTTP/1.1" 200 912 "http://www.easydrivers.at/" "Mozilla/5.0 (Linux; Android 4.4.2; GT-P5210 Build/KOT49H) AppleWebKit/537.36 (KHTML, like Gecko) Chrome/59.0.3071.125 Safari/537.36"
80.121.48.142 - - [02/Sep/2017:10:15:48 +0200] "GET /javascript/jquery.simplemodal.js HTTP/1.1" 200 3070 "http://www.easydrivers.at/" "Mozilla/5.0 (Linux; Android 4.4.2; GT-P5210 Build/KOT49H) AppleWebKit/537.36 (KHTML, like Gecko) Chrome/59.0.3071.125 Safari/537.36"
80.121.48.142 - - [02/Sep/2017:10:15:48 +0200] "GET /javascript/jquery.cookie.js HTTP/1.1" 200 863 "http://www.easydrivers.at/" "Mozilla/5.0 (Linux; Android 4.4.2; GT-P5210 Build/KOT49H) AppleWebKit/537.36 (KHTML, like Gecko) Chrome/59.0.3071.125 Safari/537.36"
80.121.48.142 - - [02/Sep/2017:10:15:48 +0200] "GET /javascript/portal.js?1221842734 HTTP/1.1" 200 3529 "http://www.easydrivers.at/" "Mozilla/5.0 (Linux; Android 4.4.2; GT-P5210 Build/KOT49H) AppleWebKit/537.36 (KHTML, like Gecko) Chrome/59.0.3071.125 Safari/537.36"
80.121.48.142 - - [02/Sep/2017:10:15:49 +0200] "GET /javascript/homesearch.js HTTP/1.1" 200 393 "http://www.easydrivers.at/" "Mozilla/5.0 (Linux; Android 4.4.2; GT-P5210 Build/KOT49H) AppleWebKit/537.36 (KHTML, like Gecko) Chrome/59.0.3071.125 Safari/537.36"
80.121.48.142 - - [02/Sep/2017:10:15:49 +0200] "GET /javascript/lazyload.js HTTP/1.1" 200 1170 "http://www.easydrivers.at/" "Mozilla/5.0 (Linux; Android 4.4.2; GT-P5210 Build/KOT49H) AppleWebKit/537.36 (KHTML, like Gecko) Chrome/59.0.3071.125 Safari/537.36"
80.121.48.142 - - [02/Sep/2017:10:15:49 +0200] "GET /img/close-button.png HTTP/1.1" 200 2237 "http://www.easydrivers.at/" "Mozilla/5.0 (Linux; Android 4.4.2; GT-P5210 Build/KOT49H) AppleWebKit/537.36 (KHTML, like Gecko) Chrome/59.0.3071.125 Safari/537.36"
80.121.48.142 - - [02/Sep/2017:10:15:49 +0200] "GET /img/facebook-icon.png HTTP/1.1" 200 1506 "http://www.easydrivers.at/" "Mozilla/5.0 (Linux; Android 4.4.2; GT-P5210 Build/KOT49H) AppleWebKit/537.36 (KHTML, like Gecko) Chrome/59.0.3071.125 Safari/537.36"
80.121.48.142 - - [02/Sep/2017:10:15:49 +0200] "GET /img/submit-button.png HTTP/1.1" 200 1958 "http://www.easydrivers.at/" "Mozilla/5.0 (Linux; Android 4.4.2; GT-P5210 Build/KOT49H) AppleWebKit/537.36 (KHTML, like Gecko) Chrome/59.0.3071.125 Safari/537.36"
80.121.48.142 - - [02/Sep/2017:10:15:49 +0200] "GET /binaries/easy-drivers-portal/widget-icon-trainingpng.png HTTP/1.1" 200 2662 "http://www.easydrivers.at/" "Mozilla/5.0 (Linux; Android 4.4.2; GT-P5210 Build/KOT49H) AppleWebKit/537.36 (KHTML, like Gecko) Chrome/59.0.3071.125 Safari/537.36"
80.121.48.142 - - [02/Sep/2017:10:15:49 +0200] "GET /img/empty.gif HTTP/1.1" 200 43 "http://www.easydrivers.at/" "Mozilla/5.0 (Linux; Android 4.4.2; GT-P5210 Build/KOT49H) AppleWebKit/537.36 (KHTML, like Gecko) Chrome/59.0.3071.125 Safari/537.36"
80.121.48.142 - - [02/Sep/2017:10:15:50 +0200] "GET /binaries/easy-drivers-portal/widget-icon-expertspng.png HTTP/1.1" 200 2159 "http://www.easydrivers.at/" "Mozilla/5.0 (Linux; Android 4.4.2; GT-P5210 Build/KOT49H) AppleWebKit/537.36 (KHTML, like Gecko) Chrome/59.0.3071.125 Safari/537.36"
80.121.48.142 - - [02/Sep/2017:10:15:50 +0200] "GET /binaries/easy-drivers-portal/widget-icon-apppng.png HTTP/1.1" 200 2432 "http://www.easydrivers.at/" "Mozilla/5.0 (Linux; Android 4.4.2; GT-P5210 Build/KOT49H) AppleWebKit/537.36 (KHTML, like Gecko) Chrome/59.0.3071.125 Safari/537.36"
80.121.48.142 - - [02/Sep/2017:10:15:50 +0200] "GET /binaries/easy-drivers-portal/edradfahrschullogowidget160x90pxpng.png HTTP/1.1" 200 23394 "http://www.easydrivers.at/" "Mozilla/5.0 (Linux; Android 4.4.2; GT-P5210 Build/KOT49H) AppleWebKit/537.36 (KHTML, like Gecko) Chrome/59.0.3071.125 Safari/537.36"
80.121.48.142 - - [02/Sep/2017:10:15:50 +0200] "GET /img/schweiz-icon.png HTTP/1.1" 200 1504 "http://www.easydrivers.at/" "Mozilla/5.0 (Linux; Android 4.4.2; GT-P5210 Build/KOT49H) AppleWebKit/537.36 (KHTML, like Gecko) Chrome/59.0.3071.125 Safari/537.36"
80.121.48.142 - - [02/Sep/2017:10:15:50 +0200] "GET /css/print.css HTTP/1.1" 200 967 "http://www.easydrivers.at/" "Mozilla/5.0 (Linux; Android 4.4.2; GT-P5210 Build/KOT49H) AppleWebKit/537.36 (KHTML, like Gecko) Chrome/59.0.3071.125 Safari/537.36"
80.121.48.142 - - [02/Sep/2017:10:15:50 +0200] "GET /img/ED_Logo.png HTTP/1.1" 200 3385 "http://www.easydrivers.at/css/style.css" "Mozilla/5.0 (Linux; Android 4.4.2; GT-P5210 Build/KOT49H) AppleWebKit/537.36 (KHTML, like Gecko) Chrome/59.0.3071.125 Safari/537.36"
80.121.48.142 - - [02/Sep/2017:10:15:50 +0200] "GET /img/bg-header.jpg HTTP/1.1" 200 38680 "http://www.easydrivers.at/css/style.css" "Mozilla/5.0 (Linux; Android 4.4.2; GT-P5210 Build/KOT49H) AppleWebKit/537.36 (KHTML, like Gecko) Chrome/59.0.3071.125 Safari/537.36"
80.121.48.142 - - [02/Sep/2017:10:15:51 +0200] "GET /img/yellow-dots-vertical.png HTTP/1.1" 200 981 "http://www.easydrivers.at/css/style.css" "Mozilla/5.0 (Linux; Android 4.4.2; GT-P5210 Build/KOT49H) AppleWebKit/537.36 (KHTML, like Gecko) Chrome/59.0.3071.125 Safari/537.36"
80.121.48.142 - - [02/Sep/2017:10:15:51 +0200] "GET /img/bg-footer.jpg HTTP/1.1" 200 31770 "http://www.easydrivers.at/css/style.css" "Mozilla/5.0 (Linux; Android 4.4.2; GT-P5210 Build/KOT49H) AppleWebKit/537.36 (KHTML, like Gecko) Chrome/59.0.3071.125 Safari/537.36"
80.121.48.142 - - [02/Sep/2017:10:15:51 +0200] "GET /img/black-dots-vertical.png HTTP/1.1" 200 1165 "http://www.easydrivers.at/css/style.css" "Mozilla/5.0 (Linux; Android 4.4.2; GT-P5210 Build/KOT49H) AppleWebKit/537.36 (KHTML, like Gecko) Chrome/59.0.3071.125 Safari/537.36"
80.121.48.142 - - [02/Sep/2017:10:15:51 +0200] "GET /img/purple-dots-horizontal.png HTTP/1.1" 200 977 "http://www.easydrivers.at/css/style.css" "Mozilla/5.0 (Linux; Android 4.4.2; GT-P5210 Build/KOT49H) AppleWebKit/537.36 (KHTML, like Gecko) Chrome/59.0.3071.125 Safari/537.36"
80.121.48.142 - - [02/Sep/2017:10:15:51 +0200] "GET /img/bg-top-section.jpg HTTP/1.1" 200 82172 "http://www.easydrivers.at/css/style.css" "Mozilla/5.0 (Linux; Android 4.4.2; GT-P5210 Build/KOT49H) AppleWebKit/537.36 (KHTML, like Gecko) Chrome/59.0.3071.125 Safari/537.36"
80.121.48.142 - - [02/Sep/2017:10:15:51 +0200] "GET /img/selection-box-button.png HTTP/1.1" 200 1079 "http://www.easydrivers.at/css/style.css" "Mozilla/5.0 (Linux; Android 4.4.2; GT-P5210 Build/KOT49H) AppleWebKit/537.36 (KHTML, like Gecko) Chrome/59.0.3071.125 Safari/537.36"
80.121.48.142 - - [02/Sep/2017:10:15:51 +0200] "GET /img/kursicon-print-pink.png HTTP/1.1" 200 1125 "http://www.easydrivers.at/" "Mozilla/5.0 (Linux; Android 4.4.2; GT-P5210 Build/KOT49H) AppleWebKit/537.36 (KHTML, like Gecko) Chrome/59.0.3071.125 Safari/537.36"
80.121.48.142 - - [02/Sep/2017:10:15:52 +0200] "GET /img/kursicon-download-pink.png HTTP/1.1" 200 1213 "http://www.easydrivers.at/" "Mozilla/5.0 (Linux; Android 4.4.2; GT-P5210 Build/KOT49H) AppleWebKit/537.36 (KHTML, like Gecko) Chrome/59.0.3071.125 Safari/537.36"
80.121.48.142 - - [02/Sep/2017:10:15:52 +0200] "GET /img/kursicon-share-pink.png HTTP/1.1" 200 1277 "http://www.easydrivers.at/" "Mozilla/5.0 (Linux; Android 4.4.2; GT-P5210 Build/KOT49H) AppleWebKit/537.36 (KHTML, like Gecko) Chrome/59.0.3071.125 Safari/537.36"
80.121.48.142 - - [02/Sep/2017:10:15:52 +0200] "GET /img/kursicon-phone-pink.png HTTP/1.1" 200 1286 "http://www.easydrivers.at/" "Mozilla/5.0 (Linux; Android 4.4.2; GT-P5210 Build/KOT49H) AppleWebKit/537.36 (KHTML, like Gecko) Chrome/59.0.3071.125 Safari/537.36"
84.112.52.30 - - [02/Sep/2017:10:15:51 +0200] "GET / HTTP/1.1" 200 4413 "-" "Mozilla/5.0 (Windows NT 10.0) AppleWebKit/537.36 (KHTML, like Gecko) Chrome/60.0.3112.113 Safari/537.36"
192.164.250.172 - - [02/Sep/2017:10:15:53 +0200] "GET /moedling?gclid=Cj0KEQjwranNBRDh3uGN5ojp9o8BEiQASu908EsQ2x-VRkflX0Y1L7wU_qwV8JAwbPdT6QX2vtHwTGwaAhVn8P8HAQ HTTP/1.1" 200 2970 "android-app://com.google.android.googlequicksearchbox" "Mozilla/5.0 (Linux; Android 5.0; P1032X Build/LRX21V) AppleWebKit/537.36 (KHTML, like Gecko) Chrome/60.0.3112.107 Safari/537.36"
192.164.250.172 - - [02/Sep/2017:10:15:56 +0200] "GET /css/mobile.css HTTP/1.1" 200 2852 "http://www.easydrivers.at/moedling?gclid=Cj0KEQjwranNBRDh3uGN5ojp9o8BEiQASu908EsQ2x-VRkflX0Y1L7wU_qwV8JAwbPdT6QX2vtHwTGwaAhVn8P8HAQ" "Mozilla/5.0 (Linux; Android 5.0; P1032X Build/LRX21V) AppleWebKit/537.36 (KHTML, like Gecko) Chrome/60.0.3112.107 Safari/537.36"
192.164.250.172 - - [02/Sep/2017:10:15:56 +0200] "GET /javascript/jquery.cookie.js HTTP/1.1" 200 863 "http://www.easydrivers.at/moedling?gclid=Cj0KEQjwranNBRDh3uGN5ojp9o8BEiQASu908EsQ2x-VRkflX0Y1L7wU_qwV8JAwbPdT6QX2vtHwTGwaAhVn8P8HAQ" "Mozilla/5.0 (Linux; Android 5.0; P1032X Build/LRX21V) AppleWebKit/537.36 (KHTML, like Gecko) Chrome/60.0.3112.107 Safari/537.36"
192.164.250.172 - - [02/Sep/2017:10:15:56 +0200] "GET /javascript/mobile-menu.js HTTP/1.1" 200 1634 "http://www.easydrivers.at/moedling?gclid=Cj0KEQjwranNBRDh3uGN5ojp9o8BEiQASu908EsQ2x-VRkflX0Y1L7wU_qwV8JAwbPdT6QX2vtHwTGwaAhVn8P8HAQ" "Mozilla/5.0 (Linux; Android 5.0; P1032X Build/LRX21V) AppleWebKit/537.36 (KHTML, like Gecko) Chrome/60.0.3112.107 Safari/537.36"
192.164.250.172 - - [02/Sep/2017:10:15:56 +0200] "GET /javascript/jquery.simplemodal.js HTTP/1.1" 200 3070 "http://www.easydrivers.at/moedling?gclid=Cj0KEQjwranNBRDh3uGN5ojp9o8BEiQASu908EsQ2x-VRkflX0Y1L7wU_qwV8JAwbPdT6QX2vtHwTGwaAhVn8P8HAQ" "Mozilla/5.0 (Linux; Android 5.0; P1032X Build/LRX21V) AppleWebKit/537.36 (KHTML, like Gecko) Chrome/60.0.3112.107 Safari/537.36"
192.164.250.172 - - [02/Sep/2017:10:15:56 +0200] "GET /javascript/jquery-1.9.1.min.js HTTP/1.1" 200 32731 "http://www.easydrivers.at/moedling?gclid=Cj0KEQjwranNBRDh3uGN5ojp9o8BEiQASu908EsQ2x-VRkflX0Y1L7wU_qwV8JAwbPdT6QX2vtHwTGwaAhVn8P8HAQ" "Mozilla/5.0 (Linux; Android 5.0; P1032X Build/LRX21V) AppleWebKit/537.36 (KHTML, like Gecko) Chrome/60.0.3112.107 Safari/537.36"
192.164.250.172 - - [02/Sep/2017:10:15:56 +0200] "GET /javascript/mobile-fahrschule.js HTTP/1.1" 200 328 "http://www.easydrivers.at/moedling?gclid=Cj0KEQjwranNBRDh3uGN5ojp9o8BEiQASu908EsQ2x-VRkflX0Y1L7wU_qwV8JAwbPdT6QX2vtHwTGwaAhVn8P8HAQ" "Mozilla/5.0 (Linux; Android 5.0; P1032X Build/LRX21V) AppleWebKit/537.36 (KHTML, like Gecko) Chrome/60.0.3112.107 Safari/537.36"
192.164.250.172 - - [02/Sep/2017:10:15:57 +0200] "GET /javascript/lazyload.js HTTP/1.1" 200 1170 "http://www.easydrivers.at/moedling?gclid=Cj0KEQjwranNBRDh3uGN5ojp9o8BEiQASu908EsQ2x-VRkflX0Y1L7wU_qwV8JAwbPdT6QX2vtHwTGwaAhVn8P8HAQ" "Mozilla/5.0 (Linux; Android 5.0; P1032X Build/LRX21V) AppleWebKit/537.36 (KHTML, like Gecko) Chrome/60.0.3112.107 Safari/537.36"
192.164.250.172 - - [02/Sep/2017:10:15:57 +0200] "GET /img/mobile/easydrivers-logo-mobile.png HTTP/1.1" 200 10766 "http://www.easydrivers.at/moedling?gclid=Cj0KEQjwranNBRDh3uGN5ojp9o8BEiQASu908EsQ2x-VRkflX0Y1L7wU_qwV8JAwbPdT6QX2vtHwTGwaAhVn8P8HAQ" "Mozilla/5.0 (Linux; Android 5.0; P1032X Build/LRX21V) AppleWebKit/537.36 (KHTML, like Gecko) Chrome/60.0.3112.107 Safari/537.36"
192.164.250.172 - - [02/Sep/2017:10:15:57 +0200] "GET /img/mobile/menu-button.png HTTP/1.1" 200 1746 "http://www.easydrivers.at/moedling?gclid=Cj0KEQjwranNBRDh3uGN5ojp9o8BEiQASu908EsQ2x-VRkflX0Y1L7wU_qwV8JAwbPdT6QX2vtHwTGwaAhVn8P8HAQ" "Mozilla/5.0 (Linux; Android 5.0; P1032X Build/LRX21V) AppleWebKit/537.36 (KHTML, like Gecko) Chrome/60.0.3112.107 Safari/537.36"
192.164.250.172 - - [02/Sep/2017:10:15:57 +0200] "GET /img/mobile/close-button.png HTTP/1.1" 200 2411 "http://www.easydrivers.at/moedling?gclid=Cj0KEQjwranNBRDh3uGN5ojp9o8BEiQASu908EsQ2x-VRkflX0Y1L7wU_qwV8JAwbPdT6QX2vtHwTGwaAhVn8P8HAQ" "Mozilla/5.0 (Linux; Android 5.0; P1032X Build/LRX21V) AppleWebKit/537.36 (KHTML, like Gecko) Chrome/60.0.3112.107 Safari/537.36"
192.164.250.172 - - [02/Sep/2017:10:15:57 +0200] "GET /img/mobile/facebook-icon.png HTTP/1.1" 200 1902 "http://www.easydrivers.at/moedling?gclid=Cj0KEQjwranNBRDh3uGN5ojp9o8BEiQASu908EsQ2x-VRkflX0Y1L7wU_qwV8JAwbPdT6QX2vtHwTGwaAhVn8P8HAQ" "Mozilla/5.0 (Linux; Android 5.0; P1032X Build/LRX21V) AppleWebKit/537.36 (KHTML, like Gecko) Chrome/60.0.3112.107 Safari/537.36"
192.164.250.172 - - [02/Sep/2017:10:15:57 +0200] "GET /img/mobile/info-button.png HTTP/1.1" 200 1549 "http://www.easydrivers.at/moedling?gclid=Cj0KEQjwranNBRDh3uGN5ojp9o8BEiQASu908EsQ2x-VRkflX0Y1L7wU_qwV8JAwbPdT6QX2vtHwTGwaAhVn8P8HAQ" "Mozilla/5.0 (Linux; Android 5.0; P1032X Build/LRX21V) AppleWebKit/537.36 (KHTML, like Gecko) Chrome/60.0.3112.107 Safari/537.36"
192.164.250.172 - - [02/Sep/2017:10:15:57 +0200] "GET /img/mobile/info-close-button.png HTTP/1.1" 200 1721 "http://www.easydrivers.at/moedling?gclid=Cj0KEQjwranNBRDh3uGN5ojp9o8BEiQASu908EsQ2x-VRkflX0Y1L7wU_qwV8JAwbPdT6QX2vtHwTGwaAhVn8P8HAQ" "Mozilla/5.0 (Linux; Android 5.0; P1032X Build/LRX21V) AppleWebKit/537.36 (KHTML, like Gecko) Chrome/60.0.3112.107 Safari/537.36"
192.164.250.172 - - [02/Sep/2017:10:15:57 +0200] "GET /img/smallicon-person.png HTTP/1.1" 200 1141 "http://www.easydrivers.at/moedling?gclid=Cj0KEQjwranNBRDh3uGN5ojp9o8BEiQASu908EsQ2x-VRkflX0Y1L7wU_qwV8JAwbPdT6QX2vtHwTGwaAhVn8P8HAQ" "Mozilla/5.0 (Linux; Android 5.0; P1032X Build/LRX21V) AppleWebKit/537.36 (KHTML, like Gecko) Chrome/60.0.3112.107 Safari/537.36"
192.164.250.172 - - [02/Sep/2017:10:15:57 +0200] "GET /img/smallicon-address.png HTTP/1.1" 200 1211 "http://www.easydrivers.at/moedling?gclid=Cj0KEQjwranNBRDh3uGN5ojp9o8BEiQASu908EsQ2x-VRkflX0Y1L7wU_qwV8JAwbPdT6QX2vtHwTGwaAhVn8P8HAQ" "Mozilla/5.0 (Linux; Android 5.0; P1032X Build/LRX21V) AppleWebKit/537.36 (KHTML, like Gecko) Chrome/60.0.3112.107 Safari/537.36"
192.164.250.172 - - [02/Sep/2017:10:15:57 +0200] "GET /img/mobile/googlemaps-pin.png HTTP/1.1" 200 1597 "http://www.easydrivers.at/moedling?gclid=Cj0KEQjwranNBRDh3uGN5ojp9o8BEiQASu908EsQ2x-VRkflX0Y1L7wU_qwV8JAwbPdT6QX2vtHwTGwaAhVn8P8HAQ" "Mozilla/5.0 (Linux; Android 5.0; P1032X Build/LRX21V) AppleWebKit/537.36 (KHTML, like Gecko) Chrome/60.0.3112.107 Safari/537.36"
192.164.250.172 - - [02/Sep/2017:10:15:57 +0200] "GET /img/smallicon-time.png HTTP/1.1" 200 1262 "http://www.easydrivers.at/moedling?gclid=Cj0KEQjwranNBRDh3uGN5ojp9o8BEiQASu908EsQ2x-VRkflX0Y1L7wU_qwV8JAwbPdT6QX2vtHwTGwaAhVn8P8HAQ" "Mozilla/5.0 (Linux; Android 5.0; P1032X Build/LRX21V) AppleWebKit/537.36 (KHTML, like Gecko) Chrome/60.0.3112.107 Safari/537.36"
192.164.250.172 - - [02/Sep/2017:10:15:57 +0200] "GET /img/smallicon-phone.png HTTP/1.1" 200 3056 "http://www.easydrivers.at/moedling?gclid=Cj0KEQjwranNBRDh3uGN5ojp9o8BEiQASu908EsQ2x-VRkflX0Y1L7wU_qwV8JAwbPdT6QX2vtHwTGwaAhVn8P8HAQ" "Mozilla/5.0 (Linux; Android 5.0; P1032X Build/LRX21V) AppleWebKit/537.36 (KHTML, like Gecko) Chrome/60.0.3112.107 Safari/537.36"
192.164.250.172 - - [02/Sep/2017:10:15:57 +0200] "GET /img/smallicon-mail.png HTTP/1.1" 200 1341 "http://www.easydrivers.at/moedling?gclid=Cj0KEQjwranNBRDh3uGN5ojp9o8BEiQASu908EsQ2x-VRkflX0Y1L7wU_qwV8JAwbPdT6QX2vtHwTGwaAhVn8P8HAQ" "Mozilla/5.0 (Linux; Android 5.0; P1032X Build/LRX21V) AppleWebKit/537.36 (KHTML, like Gecko) Chrome/60.0.3112.107 Safari/537.36"
192.164.250.172 - - [02/Sep/2017:10:15:57 +0200] "GET /img/mobile/widget-icon-app.png HTTP/1.1" 200 3458 "http://www.easydrivers.at/moedling?gclid=Cj0KEQjwranNBRDh3uGN5ojp9o8BEiQASu908EsQ2x-VRkflX0Y1L7wU_qwV8JAwbPdT6QX2vtHwTGwaAhVn8P8HAQ" "Mozilla/5.0 (Linux; Android 5.0; P1032X Build/LRX21V) AppleWebKit/537.36 (KHTML, like Gecko) Chrome/60.0.3112.107 Safari/537.36"
192.164.250.172 - - [02/Sep/2017:10:15:58 +0200] "GET /img/mobile/bg-menu.jpg HTTP/1.1" 200 1698 "http://www.easydrivers.at/css/mobile.css" "Mozilla/5.0 (Linux; Android 5.0; P1032X Build/LRX21V) AppleWebKit/537.36 (KHTML, like Gecko) Chrome/60.0.3112.107 Safari/537.36"
192.164.250.172 - - [02/Sep/2017:10:15:58 +0200] "GET /img/mobile/bg-header.jpg HTTP/1.1" 200 19741 "http://www.easydrivers.at/css/mobile.css" "Mozilla/5.0 (Linux; Android 5.0; P1032X Build/LRX21V) AppleWebKit/537.36 (KHTML, like Gecko) Chrome/60.0.3112.107 Safari/537.36"
212.241.72.7 - - [02/Sep/2017:10:15:57 +0200] "GET /linz HTTP/1.1" 200 2881 "https://www.google.at/" "Mozilla/5.0 (Linux; Android 7.0; HUAWEI VNS-L21 Build/HUAWEIVNS-L21) AppleWebKit/537.36 (KHTML, like Gecko) Chrome/60.0.3112.107 Mobile Safari/537.36"
68.180.228.44 - - [02/Sep/2017:10:15:58 +0200] "GET /impressum HTTP/1.1" 200 5879 "-" "Mozilla/5.0 (compatible; Yahoo! Slurp; http://help.yahoo.com/help/us/ysearch/slurp)"
192.164.250.172 - - [02/Sep/2017:10:15:59 +0200] "GET /img/mobile/pfeil-rechts.png HTTP/1.1" 200 1228 "http://www.easydrivers.at/css/mobile.css" "Mozilla/5.0 (Linux; Android 5.0; P1032X Build/LRX21V) AppleWebKit/537.36 (KHTML, like Gecko) Chrome/60.0.3112.107 Safari/537.36"
192.164.250.172 - - [02/Sep/2017:10:15:59 +0200] "GET /img/mobile/bg-top-section.jpg HTTP/1.1" 200 21711 "http://www.easydrivers.at/css/mobile.css" "Mozilla/5.0 (Linux; Android 5.0; P1032X Build/LRX21V) AppleWebKit/537.36 (KHTML, like Gecko) Chrome/60.0.3112.107 Safari/537.36"
192.164.250.172 - - [02/Sep/2017:10:16:03 +0200] "GET /img/favicon.ico HTTP/1.1" 404 300 "http://www.easydrivers.at/moedling?gclid=Cj0KEQjwranNBRDh3uGN5ojp9o8BEiQASu908EsQ2x-VRkflX0Y1L7wU_qwV8JAwbPdT6QX2vtHwTGwaAhVn8P8HAQ" "Mozilla/5.0 (Linux; Android 5.0; P1032X Build/LRX21V) AppleWebKit/537.36 (KHTML, like Gecko) Chrome/60.0.3112.107 Safari/537.36"
188.23.186.66 - - [02/Sep/2017:10:16:05 +0200] "POST /loadkursliste HTTP/1.1" 200 432 "http://www.easydrivers.at/moedling/kurse" "Mozilla/5.0 (Linux; Android 7.0; SAMSUNG SM-G930F Build/NRD90M) AppleWebKit/537.36 (KHTML, like Gecko) SamsungBrowser/5.4 Chrome/51.0.2704.106 Mobile Safari/537.36"
188.23.186.66 - - [02/Sep/2017:10:16:11 +0200] "GET /moedling/10290116?FS=AM-M HTTP/1.1" 200 3090 "http://www.easydrivers.at/moedling/kurse" "Mozilla/5.0 (Linux; Android 7.0; SAMSUNG SM-G930F Build/NRD90M) AppleWebKit/537.36 (KHTML, like Gecko) SamsungBrowser/5.4 Chrome/51.0.2704.106 Mobile Safari/537.36"
188.23.186.66 - - [02/Sep/2017:10:16:13 +0200] "GET /img/mobile/kursicon-share.png HTTP/1.1" 200 2065 "http://www.easydrivers.at/moedling/10290116?FS=AM-M" "Mozilla/5.0 (Linux; Android 7.0; SAMSUNG SM-G930F Build/NRD90M) AppleWebKit/537.36 (KHTML, like Gecko) SamsungBrowser/5.4 Chrome/51.0.2704.106 Mobile Safari/537.36"
188.23.186.66 - - [02/Sep/2017:10:16:13 +0200] "GET /img/mobile/kursicon-phone.png HTTP/1.1" 200 1932 "http://www.easydrivers.at/moedling/10290116?FS=AM-M" "Mozilla/5.0 (Linux; Android 7.0; SAMSUNG SM-G930F Build/NRD90M) AppleWebKit/537.36 (KHTML, like Gecko) SamsungBrowser/5.4 Chrome/51.0.2704.106 Mobile Safari/537.36"
188.23.186.66 - - [02/Sep/2017:10:16:13 +0200] "GET /img/mobile/smallicon-phone.png HTTP/1.1" 200 1311 "http://www.easydrivers.at/moedling/10290116?FS=AM-M" "Mozilla/5.0 (Linux; Android 7.0; SAMSUNG SM-G930F Build/NRD90M) AppleWebKit/537.36 (KHTML, like Gecko) SamsungBrowser/5.4 Chrome/51.0.2704.106 Mobile Safari/537.36"
188.23.186.66 - - [02/Sep/2017:10:16:13 +0200] "GET /img/mobile/smallicon-mail.png HTTP/1.1" 200 1335 "http://www.easydrivers.at/moedling/10290116?FS=AM-M" "Mozilla/5.0 (Linux; Android 7.0; SAMSUNG SM-G930F Build/NRD90M) AppleWebKit/537.36 (KHTML, like Gecko) SamsungBrowser/5.4 Chrome/51.0.2704.106 Mobile Safari/537.36"
188.23.186.66 - - [02/Sep/2017:10:16:13 +0200] "GET /img/mobile/pfeil-links-small.png HTTP/1.1" 200 1065 "http://www.easydrivers.at/css/mobile.css" "Mozilla/5.0 (Linux; Android 7.0; SAMSUNG SM-G930F Build/NRD90M) AppleWebKit/537.36 (KHTML, like Gecko) SamsungBrowser/5.4 Chrome/51.0.2704.106 Mobile Safari/537.36"
188.23.186.66 - - [02/Sep/2017:10:16:13 +0200] "GET /img/mobile/pfeil-rechts-small.png HTTP/1.1" 200 1056 "http://www.easydrivers.at/css/mobile.css" "Mozilla/5.0 (Linux; Android 7.0; SAMSUNG SM-G930F Build/NRD90M) AppleWebKit/537.36 (KHTML, like Gecko) SamsungBrowser/5.4 Chrome/51.0.2704.106 Mobile Safari/537.36"
213.33.1.117 - - [02/Sep/2017:10:16:15 +0200] "GET /img/mobile/widget-icon-app.png HTTP/1.1" 200 3458 "-" "Mozilla/5.0 (iPhone; CPU iPhone OS 10_3_3 like Mac OS X) AppleWebKit/603.3.8 (KHTML, like Gecko) Mobile/14G60 [FBAN/FBIOS;FBAV/138.0.0.49.91;FBBV/69441604;FBDV/iPhone8,1;FBMD/iPhone;FBSN/iOS;FBSV/10.3.3;FBSS/2;FBCR/A1;FBID/phone;FBLC/de_DE;FBOP/5;FBRV/70110511]"
66.249.66.131 - - [02/Sep/2017:10:16:19 +0200] "GET /neunkirchen HTTP/1.1" 200 3844 "-" "Mozilla/5.0 (compatible; Googlebot/2.1; +http://www.google.com/bot.html)"
178.115.130.215 - - [02/Sep/2017:10:15:29 +0200] "GET /binaries/easy-drivers-rudi-dornbirn/img9323-1-427x640jpg.jpg HTTP/1.1" 200 212945 "http://www.easydrivers.at/dornbirn/10266951" "Mozilla/5.0 (Linux; Android 7.0; SAMSUNG SM-A310F Build/NRD90M) AppleWebKit/537.36 (KHTML, like Gecko) SamsungBrowser/5.4 Chrome/51.0.2704.106 Mobile Safari/537.36"
193.154.140.179 - - [02/Sep/2017:10:16:22 +0200] "GET /krems?utm_source=facebook&utm_medium=ad&utm_campaign=motorrad HTTP/1.1" 200 2934 "http://m.facebook.com/" "Mozilla/5.0 (Linux; Android 5.1.1; SGP621 Build/23.4.A.1.264; wv) AppleWebKit/537.36 (KHTML, like Gecko) Version/4.0 Chrome/60.0.3112.107 Safari/537.36 [FB_IAB/FB4A;FBAV/139.0.0.22.93;]"
188.23.186.66 - - [02/Sep/2017:10:16:37 +0200] "GET /moedling/10290116?FS=AM-M&channel=fullversion HTTP/1.1" 200 5175 "http://www.easydrivers.at/moedling/10290116?FS=AM-M" "Mozilla/5.0 (Linux; Android 7.0; SAMSUNG SM-G930F Build/NRD90M) AppleWebKit/537.36 (KHTML, like Gecko) SamsungBrowser/5.4 Chrome/51.0.2704.106 Mobile Safari/537.36"
188.23.186.66 - - [02/Sep/2017:10:16:39 +0200] "GET /css/style.css HTTP/1.1" 200 5004 "http://www.easydrivers.at/moedling/10290116?FS=AM-M&channel=fullversion" "Mozilla/5.0 (Linux; Android 7.0; SAMSUNG SM-G930F Build/NRD90M) AppleWebKit/537.36 (KHTML, like Gecko) SamsungBrowser/5.4 Chrome/51.0.2704.106 Mobile Safari/537.36"
188.23.186.66 - - [02/Sep/2017:10:16:39 +0200] "GET /css/showLoading.css HTTP/1.1" 200 219 "http://www.easydrivers.at/moedling/10290116?FS=AM-M&channel=fullversion" "Mozilla/5.0 (Linux; Android 7.0; SAMSUNG SM-G930F Build/NRD90M) AppleWebKit/537.36 (KHTML, like Gecko) SamsungBrowser/5.4 Chrome/51.0.2704.106 Mobile Safari/537.36"
188.23.186.66 - - [02/Sep/2017:10:16:39 +0200] "GET /javascript/jquery.customSelect.min.js HTTP/1.1" 200 912 "http://www.easydrivers.at/moedling/10290116?FS=AM-M&channel=fullversion" "Mozilla/5.0 (Linux; Android 7.0; SAMSUNG SM-G930F Build/NRD90M) AppleWebKit/537.36 (KHTML, like Gecko) SamsungBrowser/5.4 Chrome/51.0.2704.106 Mobile Safari/537.36"
188.23.186.66 - - [02/Sep/2017:10:16:39 +0200] "GET /javascript/portal.js?1221842734 HTTP/1.1" 200 3529 "http://www.easydrivers.at/moedling/10290116?FS=AM-M&channel=fullversion" "Mozilla/5.0 (Linux; Android 7.0; SAMSUNG SM-G930F Build/NRD90M) AppleWebKit/537.36 (KHTML, like Gecko) SamsungBrowser/5.4 Chrome/51.0.2704.106 Mobile Safari/537.36"
188.23.186.66 - - [02/Sep/2017:10:16:39 +0200] "GET /javascript/fahrschule.js HTTP/1.1" 200 462 "http://www.easydrivers.at/moedling/10290116?FS=AM-M&channel=fullversion" "Mozilla/5.0 (Linux; Android 7.0; SAMSUNG SM-G930F Build/NRD90M) AppleWebKit/537.36 (KHTML, like Gecko) SamsungBrowser/5.4 Chrome/51.0.2704.106 Mobile Safari/537.36"
188.23.186.66 - - [02/Sep/2017:10:16:39 +0200] "GET /javascript/suche.js HTTP/1.1" 200 209 "http://www.easydrivers.at/moedling/10290116?FS=AM-M&channel=fullversion" "Mozilla/5.0 (Linux; Android 7.0; SAMSUNG SM-G930F Build/NRD90M) AppleWebKit/537.36 (KHTML, like Gecko) SamsungBrowser/5.4 Chrome/51.0.2704.106 Mobile Safari/537.36"
188.23.186.66 - - [02/Sep/2017:10:16:39 +0200] "GET /javascript/jquery.showLoading.min.js HTTP/1.1" 200 1136 "http://www.easydrivers.at/moedling/10290116?FS=AM-M&channel=fullversion" "Mozilla/5.0 (Linux; Android 7.0; SAMSUNG SM-G930F Build/NRD90M) AppleWebKit/537.36 (KHTML, like Gecko) SamsungBrowser/5.4 Chrome/51.0.2704.106 Mobile Safari/537.36"
188.23.186.66 - - [02/Sep/2017:10:16:39 +0200] "GET /css/print.css HTTP/1.1" 200 967 "http://www.easydrivers.at/moedling/10290116?FS=AM-M&channel=fullversion" "Mozilla/5.0 (Linux; Android 7.0; SAMSUNG SM-G930F Build/NRD90M) AppleWebKit/537.36 (KHTML, like Gecko) SamsungBrowser/5.4 Chrome/51.0.2704.106 Mobile Safari/537.36"
188.23.186.66 - - [02/Sep/2017:10:16:39 +0200] "GET /javascript/jquery.base64.min.js HTTP/1.1" 200 37135 "http://www.easydrivers.at/moedling/10290116?FS=AM-M&channel=fullversion" "Mozilla/5.0 (Linux; Android 7.0; SAMSUNG SM-G930F Build/NRD90M) AppleWebKit/537.36 (KHTML, like Gecko) SamsungBrowser/5.4 Chrome/51.0.2704.106 Mobile Safari/537.36"
188.23.186.66 - - [02/Sep/2017:10:16:39 +0200] "GET /img/close-button.png HTTP/1.1" 200 2237 "http://www.easydrivers.at/moedling/10290116?FS=AM-M&channel=fullversion" "Mozilla/5.0 (Linux; Android 7.0; SAMSUNG SM-G930F Build/NRD90M) AppleWebKit/537.36 (KHTML, like Gecko) SamsungBrowser/5.4 Chrome/51.0.2704.106 Mobile Safari/537.36"
188.23.186.66 - - [02/Sep/2017:10:16:39 +0200] "GET /img/facebook-icon.png HTTP/1.1" 200 1506 "http://www.easydrivers.at/moedling/10290116?FS=AM-M&channel=fullversion" "Mozilla/5.0 (Linux; Android 7.0; SAMSUNG SM-G930F Build/NRD90M) AppleWebKit/537.36 (KHTML, like Gecko) SamsungBrowser/5.4 Chrome/51.0.2704.106 Mobile Safari/537.36"
188.23.186.66 - - [02/Sep/2017:10:16:39 +0200] "GET /img/info-button.png HTTP/1.1" 200 738 "http://www.easydrivers.at/moedling/10290116?FS=AM-M&channel=fullversion" "Mozilla/5.0 (Linux; Android 7.0; SAMSUNG SM-G930F Build/NRD90M) AppleWebKit/537.36 (KHTML, like Gecko) SamsungBrowser/5.4 Chrome/51.0.2704.106 Mobile Safari/537.36"
188.23.186.66 - - [02/Sep/2017:10:16:39 +0200] "GET /img/locator-icon.png HTTP/1.1" 200 1377 "http://www.easydrivers.at/moedling/10290116?FS=AM-M&channel=fullversion" "Mozilla/5.0 (Linux; Android 7.0; SAMSUNG SM-G930F Build/NRD90M) AppleWebKit/537.36 (KHTML, like Gecko) SamsungBrowser/5.4 Chrome/51.0.2704.106 Mobile Safari/537.36"
188.23.186.66 - - [02/Sep/2017:10:16:39 +0200] "GET /img/close-button-small.png HTTP/1.1" 200 1671 "http://www.easydrivers.at/moedling/10290116?FS=AM-M&channel=fullversion" "Mozilla/5.0 (Linux; Android 7.0; SAMSUNG SM-G930F Build/NRD90M) AppleWebKit/537.36 (KHTML, like Gecko) SamsungBrowser/5.4 Chrome/51.0.2704.106 Mobile Safari/537.36"
188.23.186.66 - - [02/Sep/2017:10:16:40 +0200] "GET /img/kursicon-print.png HTTP/1.1" 200 1184 "http://www.easydrivers.at/moedling/10290116?FS=AM-M&channel=fullversion" "Mozilla/5.0 (Linux; Android 7.0; SAMSUNG SM-G930F Build/NRD90M) AppleWebKit/537.36 (KHTML, like Gecko) SamsungBrowser/5.4 Chrome/51.0.2704.106 Mobile Safari/537.36"
188.23.186.66 - - [02/Sep/2017:10:16:40 +0200] "GET /img/kursicon-download.png HTTP/1.1" 200 1218 "http://www.easydrivers.at/moedling/10290116?FS=AM-M&channel=fullversion" "Mozilla/5.0 (Linux; Android 7.0; SAMSUNG SM-G930F Build/NRD90M) AppleWebKit/537.36 (KHTML, like Gecko) SamsungBrowser/5.4 Chrome/51.0.2704.106 Mobile Safari/537.36"
188.23.186.66 - - [02/Sep/2017:10:16:40 +0200] "GET /img/kursicon-share.png HTTP/1.1" 200 1302 "http://www.easydrivers.at/moedling/10290116?FS=AM-M&channel=fullversion" "Mozilla/5.0 (Linux; Android 7.0; SAMSUNG SM-G930F Build/NRD90M) AppleWebKit/537.36 (KHTML, like Gecko) SamsungBrowser/5.4 Chrome/51.0.2704.106 Mobile Safari/537.36"
188.23.186.66 - - [02/Sep/2017:10:16:40 +0200] "GET /img/kursicon-phone.png HTTP/1.1" 200 1287 "http://www.easydrivers.at/moedling/10290116?FS=AM-M&channel=fullversion" "Mozilla/5.0 (Linux; Android 7.0; SAMSUNG SM-G930F Build/NRD90M) AppleWebKit/537.36 (KHTML, like Gecko) SamsungBrowser/5.4 Chrome/51.0.2704.106 Mobile Safari/537.36"
188.23.186.66 - - [02/Sep/2017:10:16:40 +0200] "GET /img/submit-button.png HTTP/1.1" 200 1958 "http://www.easydrivers.at/moedling/10290116?FS=AM-M&channel=fullversion" "Mozilla/5.0 (Linux; Android 7.0; SAMSUNG SM-G930F Build/NRD90M) AppleWebKit/537.36 (KHTML, like Gecko) SamsungBrowser/5.4 Chrome/51.0.2704.106 Mobile Safari/537.36"
188.23.186.66 - - [02/Sep/2017:10:16:39 +0200] "GET /binaries/easy-drivers-portal/moped1jpg.jpg HTTP/1.1" 200 60962 "http://www.easydrivers.at/moedling/10290116?FS=AM-M&channel=fullversion" "Mozilla/5.0 (Linux; Android 7.0; SAMSUNG SM-G930F Build/NRD90M) AppleWebKit/537.36 (KHTML, like Gecko) SamsungBrowser/5.4 Chrome/51.0.2704.106 Mobile Safari/537.36"
188.23.186.66 - - [02/Sep/2017:10:16:40 +0200] "GET /img/schweiz-icon.png HTTP/1.1" 200 1504 "http://www.easydrivers.at/moedling/10290116?FS=AM-M&channel=fullversion" "Mozilla/5.0 (Linux; Android 7.0; SAMSUNG SM-G930F Build/NRD90M) AppleWebKit/537.36 (KHTML, like Gecko) SamsungBrowser/5.4 Chrome/51.0.2704.106 Mobile Safari/537.36"
188.23.186.66 - - [02/Sep/2017:10:16:40 +0200] "GET /img/bg-header.jpg HTTP/1.1" 200 38680 "http://www.easydrivers.at/css/style.css" "Mozilla/5.0 (Linux; Android 7.0; SAMSUNG SM-G930F Build/NRD90M) AppleWebKit/537.36 (KHTML, like Gecko) SamsungBrowser/5.4 Chrome/51.0.2704.106 Mobile Safari/537.36"
188.23.186.66 - - [02/Sep/2017:10:16:40 +0200] "GET /img/ED_Logo.png HTTP/1.1" 200 3385 "http://www.easydrivers.at/css/style.css" "Mozilla/5.0 (Linux; Android 7.0; SAMSUNG SM-G930F Build/NRD90M) AppleWebKit/537.36 (KHTML, like Gecko) SamsungBrowser/5.4 Chrome/51.0.2704.106 Mobile Safari/537.36"
188.23.186.66 - - [02/Sep/2017:10:16:40 +0200] "GET /img/purple-dots-horizontal.png HTTP/1.1" 200 977 "http://www.easydrivers.at/css/style.css" "Mozilla/5.0 (Linux; Android 7.0; SAMSUNG SM-G930F Build/NRD90M) AppleWebKit/537.36 (KHTML, like Gecko) SamsungBrowser/5.4 Chrome/51.0.2704.106 Mobile Safari/537.36"
188.23.186.66 - - [02/Sep/2017:10:16:40 +0200] "GET /img/bg-footer.jpg HTTP/1.1" 200 31770 "http://www.easydrivers.at/css/style.css" "Mozilla/5.0 (Linux; Android 7.0; SAMSUNG SM-G930F Build/NRD90M) AppleWebKit/537.36 (KHTML, like Gecko) SamsungBrowser/5.4 Chrome/51.0.2704.106 Mobile Safari/537.36"
188.23.186.66 - - [02/Sep/2017:10:16:40 +0200] "GET /img/arrow-left.png HTTP/1.1" 200 1015 "http://www.easydrivers.at/css/style.css" "Mozilla/5.0 (Linux; Android 7.0; SAMSUNG SM-G930F Build/NRD90M) AppleWebKit/537.36 (KHTML, like Gecko) SamsungBrowser/5.4 Chrome/51.0.2704.106 Mobile Safari/537.36"
188.23.186.66 - - [02/Sep/2017:10:16:40 +0200] "GET /img/bg-top-section.jpg HTTP/1.1" 200 82172 "http://www.easydrivers.at/css/style.css" "Mozilla/5.0 (Linux; Android 7.0; SAMSUNG SM-G930F Build/NRD90M) AppleWebKit/537.36 (KHTML, like Gecko) SamsungBrowser/5.4 Chrome/51.0.2704.106 Mobile Safari/537.36"
188.23.186.66 - - [02/Sep/2017:10:16:40 +0200] "GET /img/bg-yellow.jpg HTTP/1.1" 200 2250 "http://www.easydrivers.at/css/style.css" "Mozilla/5.0 (Linux; Android 7.0; SAMSUNG SM-G930F Build/NRD90M) AppleWebKit/537.36 (KHTML, like Gecko) SamsungBrowser/5.4 Chrome/51.0.2704.106 Mobile Safari/537.36"
188.23.186.66 - - [02/Sep/2017:10:16:40 +0200] "GET /img/arrow-up.png HTTP/1.1" 200 1081 "http://www.easydrivers.at/css/style.css" "Mozilla/5.0 (Linux; Android 7.0; SAMSUNG SM-G930F Build/NRD90M) AppleWebKit/537.36 (KHTML, like Gecko) SamsungBrowser/5.4 Chrome/51.0.2704.106 Mobile Safari/537.36"
188.23.186.66 - - [02/Sep/2017:10:16:40 +0200] "GET /img/top-image-overlay.png HTTP/1.1" 200 20650 "http://www.easydrivers.at/css/style.css" "Mozilla/5.0 (Linux; Android 7.0; SAMSUNG SM-G930F Build/NRD90M) AppleWebKit/537.36 (KHTML, like Gecko) SamsungBrowser/5.4 Chrome/51.0.2704.106 Mobile Safari/537.36"
188.23.186.66 - - [02/Sep/2017:10:16:40 +0200] "GET /img/kursicon-print-pink.png HTTP/1.1" 200 1125 "http://www.easydrivers.at/moedling/10290116?FS=AM-M&channel=fullversion" "Mozilla/5.0 (Linux; Android 7.0; SAMSUNG SM-G930F Build/NRD90M) AppleWebKit/537.36 (KHTML, like Gecko) SamsungBrowser/5.4 Chrome/51.0.2704.106 Mobile Safari/537.36"
188.23.186.66 - - [02/Sep/2017:10:16:40 +0200] "GET /img/kursicon-download-pink.png HTTP/1.1" 200 1213 "http://www.easydrivers.at/moedling/10290116?FS=AM-M&channel=fullversion" "Mozilla/5.0 (Linux; Android 7.0; SAMSUNG SM-G930F Build/NRD90M) AppleWebKit/537.36 (KHTML, like Gecko) SamsungBrowser/5.4 Chrome/51.0.2704.106 Mobile Safari/537.36"
188.23.186.66 - - [02/Sep/2017:10:16:40 +0200] "GET /img/kursicon-share-pink.png HTTP/1.1" 200 1277 "http://www.easydrivers.at/moedling/10290116?FS=AM-M&channel=fullversion" "Mozilla/5.0 (Linux; Android 7.0; SAMSUNG SM-G930F Build/NRD90M) AppleWebKit/537.36 (KHTML, like Gecko) SamsungBrowser/5.4 Chrome/51.0.2704.106 Mobile Safari/537.36"
188.23.186.66 - - [02/Sep/2017:10:16:40 +0200] "GET /img/kursicon-phone-pink.png HTTP/1.1" 200 1286 "http://www.easydrivers.at/moedling/10290116?FS=AM-M&channel=fullversion" "Mozilla/5.0 (Linux; Android 7.0; SAMSUNG SM-G930F Build/NRD90M) AppleWebKit/537.36 (KHTML, like Gecko) SamsungBrowser/5.4 Chrome/51.0.2704.106 Mobile Safari/537.36"
188.23.186.66 - - [02/Sep/2017:10:16:40 +0200] "GET /img/new_favicon.ico HTTP/1.1" 200 1150 "http://www.easydrivers.at/moedling/10290116?FS=AM-M&channel=fullversion" "Mozilla/5.0 (Linux; Android 7.0; SAMSUNG SM-G930F Build/NRD90M) AppleWebKit/537.36 (KHTML, like Gecko) SamsungBrowser/5.4 Chrome/51.0.2704.106 Mobile Safari/537.36"
40.77.167.69 - - [02/Sep/2017:10:16:45 +0200] "GET /leonding/aktionen HTTP/1.1" 200 2940 "-" "Mozilla/5.0 (compatible; bingbot/2.0; +http://www.bing.com/bingbot.htm)"
178.115.128.70 - - [02/Sep/2017:10:17:00 +0200] "GET /fuehrerscheine/motorrad HTTP/1.1" 200 4592 "-" "Mozilla/5.0 (Linux; Android 7.0; SAMSUNG SM-G920F Build/NRD90M) AppleWebKit/537.36 (KHTML, like Gecko) SamsungBrowser/5.4 Chrome/51.0.2704.106 Mobile Safari/537.36"
178.115.128.70 - - [02/Sep/2017:10:17:03 +0200] "GET /css/mobile.css HTTP/1.1" 200 2852 "http://www.easydrivers.at/fuehrerscheine/motorrad" "Mozilla/5.0 (Linux; Android 7.0; SAMSUNG SM-G920F Build/NRD90M) AppleWebKit/537.36 (KHTML, like Gecko) SamsungBrowser/5.4 Chrome/51.0.2704.106 Mobile Safari/537.36"
178.115.128.70 - - [02/Sep/2017:10:17:03 +0200] "GET /javascript/jquery-1.9.1.min.js HTTP/1.1" 200 32731 "http://www.easydrivers.at/fuehrerscheine/motorrad" "Mozilla/5.0 (Linux; Android 7.0; SAMSUNG SM-G920F Build/NRD90M) AppleWebKit/537.36 (KHTML, like Gecko) SamsungBrowser/5.4 Chrome/51.0.2704.106 Mobile Safari/537.36"
178.115.128.70 - - [02/Sep/2017:10:17:03 +0200] "GET /javascript/jquery.cookie.js HTTP/1.1" 200 863 "http://www.easydrivers.at/fuehrerscheine/motorrad" "Mozilla/5.0 (Linux; Android 7.0; SAMSUNG SM-G920F Build/NRD90M) AppleWebKit/537.36 (KHTML, like Gecko) SamsungBrowser/5.4 Chrome/51.0.2704.106 Mobile Safari/537.36"
178.115.128.70 - - [02/Sep/2017:10:17:03 +0200] "GET /javascript/mobile-menu.js HTTP/1.1" 200 1634 "http://www.easydrivers.at/fuehrerscheine/motorrad" "Mozilla/5.0 (Linux; Android 7.0; SAMSUNG SM-G920F Build/NRD90M) AppleWebKit/537.36 (KHTML, like Gecko) SamsungBrowser/5.4 Chrome/51.0.2704.106 Mobile Safari/537.36"
178.115.128.70 - - [02/Sep/2017:10:17:03 +0200] "GET /javascript/jquery.simplemodal.js HTTP/1.1" 200 3070 "http://www.easydrivers.at/fuehrerscheine/motorrad" "Mozilla/5.0 (Linux; Android 7.0; SAMSUNG SM-G920F Build/NRD90M) AppleWebKit/537.36 (KHTML, like Gecko) SamsungBrowser/5.4 Chrome/51.0.2704.106 Mobile Safari/537.36"
178.115.128.70 - - [02/Sep/2017:10:17:03 +0200] "GET /javascript/mobile-license.js HTTP/1.1" 200 216 "http://www.easydrivers.at/fuehrerscheine/motorrad" "Mozilla/5.0 (Linux; Android 7.0; SAMSUNG SM-G920F Build/NRD90M) AppleWebKit/537.36 (KHTML, like Gecko) SamsungBrowser/5.4 Chrome/51.0.2704.106 Mobile Safari/537.36"
178.115.128.70 - - [02/Sep/2017:10:17:04 +0200] "GET /javascript/lazyload.js HTTP/1.1" 200 1170 "http://www.easydrivers.at/fuehrerscheine/motorrad" "Mozilla/5.0 (Linux; Android 7.0; SAMSUNG SM-G920F Build/NRD90M) AppleWebKit/537.36 (KHTML, like Gecko) SamsungBrowser/5.4 Chrome/51.0.2704.106 Mobile Safari/537.36"
178.115.128.70 - - [02/Sep/2017:10:17:05 +0200] "GET /img/mobile/easydrivers-logo-mobile.png HTTP/1.1" 200 10766 "http://www.easydrivers.at/fuehrerscheine/motorrad" "Mozilla/5.0 (Linux; Android 7.0; SAMSUNG SM-G920F Build/NRD90M) AppleWebKit/537.36 (KHTML, like Gecko) SamsungBrowser/5.4 Chrome/51.0.2704.106 Mobile Safari/537.36"
