207.46.13.57 - - [02/Sep/2017:08:58:46 +0200] "GET /waidhofen.thaya/10285270?FS=AM-M HTTP/1.1" 410 3436 "-" "Mozilla/5.0 (compatible; bingbot/2.0; +http://www.bing.com/bingbot.htm)"
207.46.13.57 - - [02/Sep/2017:08:58:49 +0200] "GET /wr.neustadt/10286846?FS=B HTTP/1.1" 410 3445 "-" "Mozilla/5.0 (compatible; bingbot/2.0; +http://www.bing.com/bingbot.htm)"
169.54.244.78 - - [02/Sep/2017:08:58:53 +0200] "GET / HTTP/1.1" 400 379 "-" "-"
46.125.249.51 - - [02/Sep/2017:08:58:53 +0200] "GET /img/mobile/pfeil-links-small.png HTTP/1.1" 200 1065 "http://www.easydrivers.at/fuehrerscheine/auto" "Mozilla/5.0 (iPhone; CPU iPhone OS 10_2_1 like Mac OS X) AppleWebKit/602.4.6 (KHTML, like Gecko) Version/10.0 Mobile/14D27 Safari/602.1"
46.125.249.51 - - [02/Sep/2017:08:58:53 +0200] "GET /img/mobile/pfeil-rechts-small.png HTTP/1.1" 200 1056 "http://www.easydrivers.at/fuehrerscheine/auto" "Mozilla/5.0 (iPhone; CPU iPhone OS 10_2_1 like Mac OS X) AppleWebKit/602.4.6 (KHTML, like Gecko) Version/10.0 Mobile/14D27 Safari/602.1"
207.46.13.57 - - [02/Sep/2017:08:58:52 +0200] "GET /amstetten/abendkursjuli?FS=B HTTP/1.1" 410 3434 "-" "Mozilla/5.0 (compatible; bingbot/2.0; +http://www.bing.com/bingbot.htm)"
207.46.13.57 - - [02/Sep/2017:08:58:55 +0200] "GET /amstetten/abendkurssept?FS=BF HTTP/1.1" 200 5614 "-" "Mozilla/5.0 (compatible; bingbot/2.0; +http://www.bing.com/bingbot.htm)"
207.46.13.57 - - [02/Sep/2017:08:58:57 +0200] "GET /amstetten/abendkursjuli?FS=B-L17 HTTP/1.1" 410 3434 "-" "Mozilla/5.0 (compatible; bingbot/2.0; +http://www.bing.com/bingbot.htm)"
207.46.13.57 - - [02/Sep/2017:08:59:00 +0200] "GET /amstetten/abendkursjuni?FS=B HTTP/1.1" 410 3434 "-" "Mozilla/5.0 (compatible; bingbot/2.0; +http://www.bing.com/bingbot.htm)"
85.180.32.251 - - [02/Sep/2017:08:59:01 +0200] "GET /leonding HTTP/1.1" 200 3494 "-" "Mozilla/5.0 (Windows NT 10.0; Win64; x64) AppleWebKit/537.36 (KHTML, like Gecko) Chrome/52.0.2743.116 Safari/537.36 Edge/15.15063"
207.46.13.57 - - [02/Sep/2017:08:59:03 +0200] "GET /amstetten/abendkursjuni?FS=B-L HTTP/1.1" 410 3434 "-" "Mozilla/5.0 (compatible; bingbot/2.0; +http://www.bing.com/bingbot.htm)"
207.46.13.57 - - [02/Sep/2017:08:59:06 +0200] "GET /amstetten/abendkursmaerz?FS=A1F HTTP/1.1" 410 3434 "-" "Mozilla/5.0 (compatible; bingbot/2.0; +http://www.bing.com/bingbot.htm)"
85.180.32.251 - - [02/Sep/2017:08:59:06 +0200] "GET /leonding/buerokraft_gesucht HTTP/1.1" 200 3602 "http://www.easydrivers.at/leonding" "Mozilla/5.0 (Windows NT 10.0; Win64; x64) AppleWebKit/537.36 (KHTML, like Gecko) Chrome/52.0.2743.116 Safari/537.36 Edge/15.15063"
85.180.32.251 - - [02/Sep/2017:08:59:09 +0200] "GET /img/top-image-overlay.png HTTP/1.1" 200 20650 "http://www.easydrivers.at/leonding/buerokraft_gesucht" "Mozilla/5.0 (Windows NT 10.0; Win64; x64) AppleWebKit/537.36 (KHTML, like Gecko) Chrome/52.0.2743.116 Safari/537.36 Edge/15.15063"
85.180.32.251 - - [02/Sep/2017:08:59:09 +0200] "GET /binaries/easy-drivers-portal/motorrad5jpg.jpg HTTP/1.1" 200 84164 "http://www.easydrivers.at/leonding/buerokraft_gesucht" "Mozilla/5.0 (Windows NT 10.0; Win64; x64) AppleWebKit/537.36 (KHTML, like Gecko) Chrome/52.0.2743.116 Safari/537.36 Edge/15.15063"
207.46.13.57 - - [02/Sep/2017:08:59:09 +0200] "GET /amstetten/abendkursmaerz?FS=B HTTP/1.1" 410 3434 "-" "Mozilla/5.0 (compatible; bingbot/2.0; +http://www.bing.com/bingbot.htm)"
91.141.0.211 - - [02/Sep/2017:08:59:12 +0200] "GET /fuehrerscheine/motorrad/C111 HTTP/1.1" 200 2828 "https://www.google.at/" "Mozilla/5.0 (Linux; Android 7.0; HTC One M9 Build/NRD90M) AppleWebKit/537.36 (KHTML, like Gecko) Chrome/60.0.3112.107 Mobile Safari/537.36"
91.141.0.211 - - [02/Sep/2017:08:59:14 +0200] "GET /css/mobile.css HTTP/1.1" 200 2852 "http://www.easydrivers.at/fuehrerscheine/motorrad/C111" "Mozilla/5.0 (Linux; Android 7.0; HTC One M9 Build/NRD90M) AppleWebKit/537.36 (KHTML, like Gecko) Chrome/60.0.3112.107 Mobile Safari/537.36"
91.141.0.211 - - [02/Sep/2017:08:59:14 +0200] "GET /javascript/jquery.cookie.js HTTP/1.1" 200 863 "http://www.easydrivers.at/fuehrerscheine/motorrad/C111" "Mozilla/5.0 (Linux; Android 7.0; HTC One M9 Build/NRD90M) AppleWebKit/537.36 (KHTML, like Gecko) Chrome/60.0.3112.107 Mobile Safari/537.36"
91.141.0.211 - - [02/Sep/2017:08:59:14 +0200] "GET /javascript/mobile-menu.js HTTP/1.1" 200 1634 "http://www.easydrivers.at/fuehrerscheine/motorrad/C111" "Mozilla/5.0 (Linux; Android 7.0; HTC One M9 Build/NRD90M) AppleWebKit/537.36 (KHTML, like Gecko) Chrome/60.0.3112.107 Mobile Safari/537.36"
91.141.0.211 - - [02/Sep/2017:08:59:14 +0200] "GET /javascript/jquery.simplemodal.js HTTP/1.1" 200 3070 "http://www.easydrivers.at/fuehrerscheine/motorrad/C111" "Mozilla/5.0 (Linux; Android 7.0; HTC One M9 Build/NRD90M) AppleWebKit/537.36 (KHTML, like Gecko) Chrome/60.0.3112.107 Mobile Safari/537.36"
91.141.0.211 - - [02/Sep/2017:08:59:14 +0200] "GET /javascript/jquery-1.9.1.min.js HTTP/1.1" 200 32731 "http://www.easydrivers.at/fuehrerscheine/motorrad/C111" "Mozilla/5.0 (Linux; Android 7.0; HTC One M9 Build/NRD90M) AppleWebKit/537.36 (KHTML, like Gecko) Chrome/60.0.3112.107 Mobile Safari/537.36"
91.141.0.211 - - [02/Sep/2017:08:59:14 +0200] "GET /javascript/lazyload.js HTTP/1.1" 200 1170 "http://www.easydrivers.at/fuehrerscheine/motorrad/C111" "Mozilla/5.0 (Linux; Android 7.0; HTC One M9 Build/NRD90M) AppleWebKit/537.36 (KHTML, like Gecko) Chrome/60.0.3112.107 Mobile Safari/537.36"
207.46.13.57 - - [02/Sep/2017:08:59:12 +0200] "GET /amstetten/abendkursmai1?FS=B-L HTTP/1.1" 410 3434 "-" "Mozilla/5.0 (compatible; bingbot/2.0; +http://www.bing.com/bingbot.htm)"
91.141.0.211 - - [02/Sep/2017:08:59:14 +0200] "GET /img/mobile/easydrivers-logo-mobile.png HTTP/1.1" 200 10766 "http://www.easydrivers.at/fuehrerscheine/motorrad/C111" "Mozilla/5.0 (Linux; Android 7.0; HTC One M9 Build/NRD90M) AppleWebKit/537.36 (KHTML, like Gecko) Chrome/60.0.3112.107 Mobile Safari/537.36"
91.141.0.211 - - [02/Sep/2017:08:59:14 +0200] "GET /img/mobile/menu-button.png HTTP/1.1" 200 1746 "http://www.easydrivers.at/fuehrerscheine/motorrad/C111" "Mozilla/5.0 (Linux; Android 7.0; HTC One M9 Build/NRD90M) AppleWebKit/537.36 (KHTML, like Gecko) Chrome/60.0.3112.107 Mobile Safari/537.36"
91.141.0.211 - - [02/Sep/2017:08:59:14 +0200] "GET /img/mobile/close-button.png HTTP/1.1" 200 2411 "http://www.easydrivers.at/fuehrerscheine/motorrad/C111" "Mozilla/5.0 (Linux; Android 7.0; HTC One M9 Build/NRD90M) AppleWebKit/537.36 (KHTML, like Gecko) Chrome/60.0.3112.107 Mobile Safari/537.36"
91.141.0.211 - - [02/Sep/2017:08:59:14 +0200] "GET /img/mobile/facebook-icon.png HTTP/1.1" 200 1902 "http://www.easydrivers.at/fuehrerscheine/motorrad/C111" "Mozilla/5.0 (Linux; Android 7.0; HTC One M9 Build/NRD90M) AppleWebKit/537.36 (KHTML, like Gecko) Chrome/60.0.3112.107 Mobile Safari/537.36"
91.141.0.211 - - [02/Sep/2017:08:59:14 +0200] "GET /img/mobile/bg-header.jpg HTTP/1.1" 200 19741 "http://www.easydrivers.at/css/mobile.css" "Mozilla/5.0 (Linux; Android 7.0; HTC One M9 Build/NRD90M) AppleWebKit/537.36 (KHTML, like Gecko) Chrome/60.0.3112.107 Mobile Safari/537.36"
91.141.0.211 - - [02/Sep/2017:08:59:14 +0200] "GET /img/mobile/bg-yellow.jpg HTTP/1.1" 200 1569 "http://www.easydrivers.at/css/mobile.css" "Mozilla/5.0 (Linux; Android 7.0; HTC One M9 Build/NRD90M) AppleWebKit/537.36 (KHTML, like Gecko) Chrome/60.0.3112.107 Mobile Safari/537.36"
91.141.0.211 - - [02/Sep/2017:08:59:14 +0200] "GET /img/mobile/bg-menu.jpg HTTP/1.1" 200 1698 "http://www.easydrivers.at/css/mobile.css" "Mozilla/5.0 (Linux; Android 7.0; HTC One M9 Build/NRD90M) AppleWebKit/537.36 (KHTML, like Gecko) Chrome/60.0.3112.107 Mobile Safari/537.36"
91.141.0.211 - - [02/Sep/2017:08:59:14 +0200] "GET /img/mobile/pfeil-rechts-small.png HTTP/1.1" 200 1056 "http://www.easydrivers.at/css/mobile.css" "Mozilla/5.0 (Linux; Android 7.0; HTC One M9 Build/NRD90M) AppleWebKit/537.36 (KHTML, like Gecko) Chrome/60.0.3112.107 Mobile Safari/537.36"
91.141.0.211 - - [02/Sep/2017:08:59:14 +0200] "GET /img/mobile/pfeil-links-small.png HTTP/1.1" 200 1065 "http://www.easydrivers.at/css/mobile.css" "Mozilla/5.0 (Linux; Android 7.0; HTC One M9 Build/NRD90M) AppleWebKit/537.36 (KHTML, like Gecko) Chrome/60.0.3112.107 Mobile Safari/537.36"
91.141.0.211 - - [02/Sep/2017:08:59:15 +0200] "GET /img/favicon.ico HTTP/1.1" 404 300 "http://www.easydrivers.at/fuehrerscheine/motorrad/C111" "Mozilla/5.0 (Linux; Android 7.0; HTC One M9 Build/NRD90M) AppleWebKit/537.36 (KHTML, like Gecko) Chrome/60.0.3112.107 Mobile Safari/537.36"
207.46.13.57 - - [02/Sep/2017:08:59:14 +0200] "GET /amstetten/abendkursjuli2?FS=BL1796 HTTP/1.1" 410 3435 "-" "Mozilla/5.0 (compatible; bingbot/2.0; +http://www.bing.com/bingbot.htm)"
207.46.13.57 - - [02/Sep/2017:08:59:17 +0200] "GET /amstetten/abendkursokt?FS=BPlus HTTP/1.1" 200 5440 "-" "Mozilla/5.0 (compatible; bingbot/2.0; +http://www.bing.com/bingbot.htm)"
207.46.13.57 - - [02/Sep/2017:08:59:20 +0200] "GET /10249815 HTTP/1.1" 200 2442 "-" "Mozilla/5.0 (compatible; bingbot/2.0; +http://www.bing.com/bingbot.htm)"
207.46.13.57 - - [02/Sep/2017:08:59:22 +0200] "GET /am.spitz/10280847?FS=B-L17 HTTP/1.1" 410 3384 "-" "Mozilla/5.0 (compatible; bingbot/2.0; +http://www.bing.com/bingbot.htm)"
207.46.13.57 - - [02/Sep/2017:08:59:25 +0200] "GET /am.spitz/10280973?FS=B HTTP/1.1" 410 3384 "-" "Mozilla/5.0 (compatible; bingbot/2.0; +http://www.bing.com/bingbot.htm)"
207.46.13.57 - - [02/Sep/2017:08:59:27 +0200] "GET /am.spitz/10281207?FS=B-L HTTP/1.1" 410 3384 "-" "Mozilla/5.0 (compatible; bingbot/2.0; +http://www.bing.com/bingbot.htm)"
194.208.18.241 - - [02/Sep/2017:08:59:30 +0200] "GET /feldkirch/aktionen HTTP/1.1" 200 2547 "-" "Mozilla/5.0 (Linux; Android 5.0; SAMSUNG SM-N9005 Build/LRX21V) AppleWebKit/537.36 (KHTML, like Gecko) SamsungBrowser/4.0 Chrome/44.0.2403.133 Mobile Safari/537.36"
207.46.13.57 - - [02/Sep/2017:08:59:30 +0200] "GET /am.spitz/10281207?FS=B-L17 HTTP/1.1" 410 3384 "-" "Mozilla/5.0 (compatible; bingbot/2.0; +http://www.bing.com/bingbot.htm)"
46.125.249.33 - - [02/Sep/2017:08:59:31 +0200] "GET /bludenz/kurse HTTP/1.1" 200 4395 "http://www.easydrivers.at/bludenz/kurse" "Mozilla/5.0 (Android 7.0; Tablet; rv:55.0) Gecko/55.0 Firefox/55.0"
46.125.249.33 - - [02/Sep/2017:08:59:34 +0200] "GET /binaries/easy-drivers-portal/traktor1jpg.jpg HTTP/1.1" 200 121024 "http://www.easydrivers.at/bludenz/kurse" "Mozilla/5.0 (Android 7.0; Tablet; rv:55.0) Gecko/55.0 Firefox/55.0"
207.46.13.57 - - [02/Sep/2017:08:59:33 +0200] "GET /am.spitz/10281207?FS=BL1796 HTTP/1.1" 410 3384 "-" "Mozilla/5.0 (compatible; bingbot/2.0; +http://www.bing.com/bingbot.htm)"
207.46.13.57 - - [02/Sep/2017:08:59:36 +0200] "GET /am.spitz/10281210?FS=A1L17 HTTP/1.1" 200 6317 "-" "Mozilla/5.0 (compatible; bingbot/2.0; +http://www.bing.com/bingbot.htm)"
194.96.26.73 - - [02/Sep/2017:08:59:39 +0200] "GET / HTTP/1.1" 301 293 "android-app://com.google.android.googlequicksearchbox" "Mozilla/5.0 (Linux; Android 4.4.4; SM-T560 Build/KTU84P) AppleWebKit/537.36 (KHTML, like Gecko) Chrome/60.0.3112.107 Safari/537.36"
46.125.249.33 - - [02/Sep/2017:08:59:37 +0200] "GET /bludenz/service HTTP/1.1" 200 4258 "http://www.easydrivers.at/bludenz/aktionen" "Mozilla/5.0 (Android 7.0; Tablet; rv:55.0) Gecko/55.0 Firefox/55.0"
194.96.26.73 - - [02/Sep/2017:08:59:40 +0200] "GET / HTTP/1.1" 200 3564 "android-app://com.google.android.googlequicksearchbox" "Mozilla/5.0 (Linux; Android 4.4.4; SM-T560 Build/KTU84P) AppleWebKit/537.36 (KHTML, like Gecko) Chrome/60.0.3112.107 Safari/537.36"
194.96.26.73 - - [02/Sep/2017:08:59:41 +0200] "GET /css/mobile.css HTTP/1.1" 200 2852 "http://www.easydrivers.at/" "Mozilla/5.0 (Linux; Android 4.4.4; SM-T560 Build/KTU84P) AppleWebKit/537.36 (KHTML, like Gecko) Chrome/60.0.3112.107 Safari/537.36"
194.96.26.73 - - [02/Sep/2017:08:59:42 +0200] "GET /javascript/jquery.cookie.js HTTP/1.1" 200 863 "http://www.easydrivers.at/" "Mozilla/5.0 (Linux; Android 4.4.4; SM-T560 Build/KTU84P) AppleWebKit/537.36 (KHTML, like Gecko) Chrome/60.0.3112.107 Safari/537.36"
194.96.26.73 - - [02/Sep/2017:08:59:42 +0200] "GET /javascript/mobile-menu.js HTTP/1.1" 200 1634 "http://www.easydrivers.at/" "Mozilla/5.0 (Linux; Android 4.4.4; SM-T560 Build/KTU84P) AppleWebKit/537.36 (KHTML, like Gecko) Chrome/60.0.3112.107 Safari/537.36"
194.96.26.73 - - [02/Sep/2017:08:59:42 +0200] "GET /javascript/jquery.simplemodal.js HTTP/1.1" 200 3070 "http://www.easydrivers.at/" "Mozilla/5.0 (Linux; Android 4.4.4; SM-T560 Build/KTU84P) AppleWebKit/537.36 (KHTML, like Gecko) Chrome/60.0.3112.107 Safari/537.36"
194.96.26.73 - - [02/Sep/2017:08:59:41 +0200] "GET /javascript/jquery-1.9.1.min.js HTTP/1.1" 200 32731 "http://www.easydrivers.at/" "Mozilla/5.0 (Linux; Android 4.4.4; SM-T560 Build/KTU84P) AppleWebKit/537.36 (KHTML, like Gecko) Chrome/60.0.3112.107 Safari/537.36"
194.96.26.73 - - [02/Sep/2017:08:59:42 +0200] "GET /javascript/mobile-homesearch.js HTTP/1.1" 200 340 "http://www.easydrivers.at/" "Mozilla/5.0 (Linux; Android 4.4.4; SM-T560 Build/KTU84P) AppleWebKit/537.36 (KHTML, like Gecko) Chrome/60.0.3112.107 Safari/537.36"
194.96.26.73 - - [02/Sep/2017:08:59:42 +0200] "GET /javascript/lazyload.js HTTP/1.1" 200 1170 "http://www.easydrivers.at/" "Mozilla/5.0 (Linux; Android 4.4.4; SM-T560 Build/KTU84P) AppleWebKit/537.36 (KHTML, like Gecko) Chrome/60.0.3112.107 Safari/537.36"
46.125.249.33 - - [02/Sep/2017:08:59:40 +0200] "GET /bludenz/service HTTP/1.1" 200 4258 "http://www.easydrivers.at/bludenz/aktionen" "Mozilla/5.0 (Android 7.0; Tablet; rv:55.0) Gecko/55.0 Firefox/55.0"
194.96.26.73 - - [02/Sep/2017:08:59:43 +0200] "GET /img/mobile/easydrivers-logo-mobile.png HTTP/1.1" 200 10766 "http://www.easydrivers.at/" "Mozilla/5.0 (Linux; Android 4.4.4; SM-T560 Build/KTU84P) AppleWebKit/537.36 (KHTML, like Gecko) Chrome/60.0.3112.107 Safari/537.36"
194.96.26.73 - - [02/Sep/2017:08:59:43 +0200] "GET /img/mobile/menu-button.png HTTP/1.1" 200 1746 "http://www.easydrivers.at/" "Mozilla/5.0 (Linux; Android 4.4.4; SM-T560 Build/KTU84P) AppleWebKit/537.36 (KHTML, like Gecko) Chrome/60.0.3112.107 Safari/537.36"
194.96.26.73 - - [02/Sep/2017:08:59:43 +0200] "GET /img/mobile/close-button.png HTTP/1.1" 200 2411 "http://www.easydrivers.at/" "Mozilla/5.0 (Linux; Android 4.4.4; SM-T560 Build/KTU84P) AppleWebKit/537.36 (KHTML, like Gecko) Chrome/60.0.3112.107 Safari/537.36"
194.96.26.73 - - [02/Sep/2017:08:59:43 +0200] "GET /img/mobile/facebook-icon.png HTTP/1.1" 200 1902 "http://www.easydrivers.at/" "Mozilla/5.0 (Linux; Android 4.4.4; SM-T560 Build/KTU84P) AppleWebKit/537.36 (KHTML, like Gecko) Chrome/60.0.3112.107 Safari/537.36"
194.96.26.73 - - [02/Sep/2017:08:59:43 +0200] "GET /img/mobile/widget-icon-app.png HTTP/1.1" 200 3458 "http://www.easydrivers.at/" "Mozilla/5.0 (Linux; Android 4.4.4; SM-T560 Build/KTU84P) AppleWebKit/537.36 (KHTML, like Gecko) Chrome/60.0.3112.107 Safari/537.36"
194.96.26.73 - - [02/Sep/2017:08:59:43 +0200] "GET /img/mobile/pfeil-rechts.png HTTP/1.1" 200 1228 "http://www.easydrivers.at/css/mobile.css" "Mozilla/5.0 (Linux; Android 4.4.4; SM-T560 Build/KTU84P) AppleWebKit/537.36 (KHTML, like Gecko) Chrome/60.0.3112.107 Safari/537.36"
194.96.26.73 - - [02/Sep/2017:08:59:43 +0200] "GET /img/mobile/bg-menu.jpg HTTP/1.1" 200 1698 "http://www.easydrivers.at/css/mobile.css" "Mozilla/5.0 (Linux; Android 4.4.4; SM-T560 Build/KTU84P) AppleWebKit/537.36 (KHTML, like Gecko) Chrome/60.0.3112.107 Safari/537.36"
194.96.26.73 - - [02/Sep/2017:08:59:43 +0200] "GET /img/mobile/bg-header.jpg HTTP/1.1" 200 19741 "http://www.easydrivers.at/css/mobile.css" "Mozilla/5.0 (Linux; Android 4.4.4; SM-T560 Build/KTU84P) AppleWebKit/537.36 (KHTML, like Gecko) Chrome/60.0.3112.107 Safari/537.36"
194.96.26.73 - - [02/Sep/2017:08:59:43 +0200] "GET /img/mobile/bg-top-section.jpg HTTP/1.1" 200 21711 "http://www.easydrivers.at/css/mobile.css" "Mozilla/5.0 (Linux; Android 4.4.4; SM-T560 Build/KTU84P) AppleWebKit/537.36 (KHTML, like Gecko) Chrome/60.0.3112.107 Safari/537.36"
46.125.249.33 - - [02/Sep/2017:08:59:42 +0200] "GET /bludenz/service HTTP/1.1" 200 4260 "http://www.easydrivers.at/bludenz/aktionen" "Mozilla/5.0 (Android 7.0; Tablet; rv:55.0) Gecko/55.0 Firefox/55.0"
148.198.41.72 - - [02/Sep/2017:08:59:42 +0200] "GET /bruck.leitha/uebungsplatz HTTP/1.1" 200 2954 "http://www.easydrivers.at/bruck.leitha/uebungsplatz" "Mozilla/5.0 (Windows NT 6.1; WOW64; rv:55.0) Gecko/20100101 Firefox/55.0"
46.125.249.33 - - [02/Sep/2017:08:59:45 +0200] "GET /binaries/easy-drivers-portal/moped1jpg.jpg HTTP/1.1" 200 60962 "http://www.easydrivers.at/bludenz/service" "Mozilla/5.0 (Android 7.0; Tablet; rv:55.0) Gecko/55.0 Firefox/55.0"
194.96.26.73 - - [02/Sep/2017:08:59:45 +0200] "GET /img/favicon.ico HTTP/1.1" 404 300 "http://www.easydrivers.at/" "Mozilla/5.0 (Linux; Android 4.4.4; SM-T560 Build/KTU84P) AppleWebKit/537.36 (KHTML, like Gecko) Chrome/60.0.3112.107 Safari/537.36"
148.198.41.72 - - [02/Sep/2017:08:59:45 +0200] "GET /css/style.css HTTP/1.1" 304 - "-" "Mozilla/4.0 (compatible;)"
148.198.41.72 - - [02/Sep/2017:08:59:45 +0200] "GET /css/print.css HTTP/1.1" 304 - "-" "Mozilla/4.0 (compatible;)"
148.198.41.72 - - [02/Sep/2017:08:59:45 +0200] "GET /javascript/jquery.customSelect.min.js HTTP/1.1" 304 - "-" "Mozilla/4.0 (compatible;)"
148.198.41.72 - - [02/Sep/2017:08:59:45 +0200] "GET /binaries/easy-drivers-portal/pkw6jpg.jpg HTTP/1.1" 200 75742 "http://www.easydrivers.at/bruck.leitha/uebungsplatz" "Mozilla/5.0 (Windows NT 6.1; WOW64; rv:55.0) Gecko/20100101 Firefox/55.0"
148.198.41.72 - - [02/Sep/2017:08:59:45 +0200] "GET /javascript/jquery.simplemodal.js HTTP/1.1" 304 - "-" "Mozilla/4.0 (compatible;)"
148.198.41.72 - - [02/Sep/2017:08:59:45 +0200] "GET /javascript/lazyload.js HTTP/1.1" 304 - "-" "Mozilla/4.0 (compatible;)"
148.198.41.72 - - [02/Sep/2017:08:59:45 +0200] "GET /javascript/portal.js?1221842734 HTTP/1.1" 304 - "-" "Mozilla/4.0 (compatible;)"
148.198.41.72 - - [02/Sep/2017:08:59:45 +0200] "GET /javascript/jquery.cookie.js HTTP/1.1" 304 - "-" "Mozilla/4.0 (compatible;)"
148.198.41.72 - - [02/Sep/2017:08:59:45 +0200] "GET /img/new_favicon.ico HTTP/1.1" 304 - "-" "Mozilla/4.0 (compatible;)"
207.46.13.57 - - [02/Sep/2017:08:59:44 +0200] "GET /am.spitz/10281309?FS=A1L17 HTTP/1.1" 410 3384 "-" "Mozilla/5.0 (compatible; bingbot/2.0; +http://www.bing.com/bingbot.htm)"
148.198.41.72 - - [02/Sep/2017:08:59:47 +0200] "GET /img/close-button.png HTTP/1.1" 304 - "-" "Mozilla/4.0 (compatible;)"
148.198.41.72 - - [02/Sep/2017:08:59:47 +0200] "GET /img/facebook-icon.png HTTP/1.1" 304 - "-" "Mozilla/4.0 (compatible;)"
148.198.41.72 - - [02/Sep/2017:08:59:47 +0200] "GET /img/info-button.png HTTP/1.1" 304 - "-" "Mozilla/4.0 (compatible;)"
148.198.41.72 - - [02/Sep/2017:08:59:47 +0200] "GET /img/schweiz-icon.png HTTP/1.1" 304 - "-" "Mozilla/4.0 (compatible;)"
148.198.41.72 - - [02/Sep/2017:08:59:47 +0200] "GET /img/locator-icon.png HTTP/1.1" 304 - "-" "Mozilla/4.0 (compatible;)"
148.198.41.72 - - [02/Sep/2017:08:59:47 +0200] "GET /img/bg-header.jpg HTTP/1.1" 304 - "-" "Mozilla/4.0 (compatible;)"
148.198.41.72 - - [02/Sep/2017:08:59:47 +0200] "GET /img/ED_Logo.png HTTP/1.1" 304 - "-" "Mozilla/4.0 (compatible;)"
148.198.41.72 - - [02/Sep/2017:08:59:47 +0200] "GET /img/bg-top-section.jpg HTTP/1.1" 304 - "-" "Mozilla/4.0 (compatible;)"
148.198.41.72 - - [02/Sep/2017:08:59:47 +0200] "GET /img/purple-dots-horizontal.png HTTP/1.1" 304 - "-" "Mozilla/4.0 (compatible;)"
148.198.41.72 - - [02/Sep/2017:08:59:47 +0200] "GET /img/top-image-overlay.png HTTP/1.1" 304 - "-" "Mozilla/4.0 (compatible;)"
148.198.41.72 - - [02/Sep/2017:08:59:47 +0200] "GET /img/bg-footer.jpg HTTP/1.1" 304 - "-" "Mozilla/4.0 (compatible;)"
148.198.41.72 - - [02/Sep/2017:08:59:47 +0200] "GET /img/kursicon-print-pink.png HTTP/1.1" 304 - "-" "Mozilla/4.0 (compatible;)"
148.198.41.72 - - [02/Sep/2017:08:59:47 +0200] "GET /img/kursicon-download-pink.png HTTP/1.1" 304 - "-" "Mozilla/4.0 (compatible;)"
148.198.41.72 - - [02/Sep/2017:08:59:47 +0200] "GET /img/kursicon-share-pink.png HTTP/1.1" 304 - "-" "Mozilla/4.0 (compatible;)"
148.198.41.72 - - [02/Sep/2017:08:59:47 +0200] "GET /img/kursicon-phone-pink.png HTTP/1.1" 304 - "-" "Mozilla/4.0 (compatible;)"
207.46.13.57 - - [02/Sep/2017:08:59:47 +0200] "GET /am.spitz/10281312?FS=A1L17 HTTP/1.1" 200 6566 "-" "Mozilla/5.0 (compatible; bingbot/2.0; +http://www.bing.com/bingbot.htm)"
91.141.0.211 - - [02/Sep/2017:08:59:49 +0200] "GET /fuehrerscheine/motorrad/C111?channel=fullversion HTTP/1.1" 200 3640 "http://www.easydrivers.at/fuehrerscheine/motorrad/C111" "Mozilla/5.0 (Linux; Android 7.0; HTC One M9 Build/NRD90M) AppleWebKit/537.36 (KHTML, like Gecko) Chrome/60.0.3112.107 Mobile Safari/537.36"
91.141.0.211 - - [02/Sep/2017:08:59:51 +0200] "GET /css/style.css HTTP/1.1" 200 5004 "http://www.easydrivers.at/fuehrerscheine/motorrad/C111?channel=fullversion" "Mozilla/5.0 (Linux; Android 7.0; HTC One M9 Build/NRD90M) AppleWebKit/537.36 (KHTML, like Gecko) Chrome/60.0.3112.107 Mobile Safari/537.36"
91.141.0.211 - - [02/Sep/2017:08:59:51 +0200] "GET /javascript/jquery.customSelect.min.js HTTP/1.1" 200 912 "http://www.easydrivers.at/fuehrerscheine/motorrad/C111?channel=fullversion" "Mozilla/5.0 (Linux; Android 7.0; HTC One M9 Build/NRD90M) AppleWebKit/537.36 (KHTML, like Gecko) Chrome/60.0.3112.107 Mobile Safari/537.36"
91.141.0.211 - - [02/Sep/2017:08:59:51 +0200] "GET /javascript/portal.js?1221842734 HTTP/1.1" 200 3529 "http://www.easydrivers.at/fuehrerscheine/motorrad/C111?channel=fullversion" "Mozilla/5.0 (Linux; Android 7.0; HTC One M9 Build/NRD90M) AppleWebKit/537.36 (KHTML, like Gecko) Chrome/60.0.3112.107 Mobile Safari/537.36"
91.141.0.211 - - [02/Sep/2017:08:59:51 +0200] "GET /javascript/product.js HTTP/1.1" 200 139 "http://www.easydrivers.at/fuehrerscheine/motorrad/C111?channel=fullversion" "Mozilla/5.0 (Linux; Android 7.0; HTC One M9 Build/NRD90M) AppleWebKit/537.36 (KHTML, like Gecko) Chrome/60.0.3112.107 Mobile Safari/537.36"
91.141.0.211 - - [02/Sep/2017:08:59:51 +0200] "GET /img/close-button.png HTTP/1.1" 200 2237 "http://www.easydrivers.at/fuehrerscheine/motorrad/C111?channel=fullversion" "Mozilla/5.0 (Linux; Android 7.0; HTC One M9 Build/NRD90M) AppleWebKit/537.36 (KHTML, like Gecko) Chrome/60.0.3112.107 Mobile Safari/537.36"
91.141.0.211 - - [02/Sep/2017:08:59:51 +0200] "GET /img/schweiz-icon.png HTTP/1.1" 200 1504 "http://www.easydrivers.at/fuehrerscheine/motorrad/C111?channel=fullversion" "Mozilla/5.0 (Linux; Android 7.0; HTC One M9 Build/NRD90M) AppleWebKit/537.36 (KHTML, like Gecko) Chrome/60.0.3112.107 Mobile Safari/537.36"
91.141.0.211 - - [02/Sep/2017:08:59:51 +0200] "GET /img/bg-header.jpg HTTP/1.1" 200 38680 "http://www.easydrivers.at/css/style.css" "Mozilla/5.0 (Linux; Android 7.0; HTC One M9 Build/NRD90M) AppleWebKit/537.36 (KHTML, like Gecko) Chrome/60.0.3112.107 Mobile Safari/537.36"
91.141.0.211 - - [02/Sep/2017:08:59:51 +0200] "GET /img/facebook-icon.png HTTP/1.1" 200 1506 "http://www.easydrivers.at/fuehrerscheine/motorrad/C111?channel=fullversion" "Mozilla/5.0 (Linux; Android 7.0; HTC One M9 Build/NRD90M) AppleWebKit/537.36 (KHTML, like Gecko) Chrome/60.0.3112.107 Mobile Safari/537.36"
91.141.0.211 - - [02/Sep/2017:08:59:51 +0200] "GET /img/ED_Logo.png HTTP/1.1" 200 3385 "http://www.easydrivers.at/css/style.css" "Mozilla/5.0 (Linux; Android 7.0; HTC One M9 Build/NRD90M) AppleWebKit/537.36 (KHTML, like Gecko) Chrome/60.0.3112.107 Mobile Safari/537.36"
91.141.0.211 - - [02/Sep/2017:08:59:51 +0200] "GET /css/print.css HTTP/1.1" 200 967 "http://www.easydrivers.at/fuehrerscheine/motorrad/C111?channel=fullversion" "Mozilla/5.0 (Linux; Android 7.0; HTC One M9 Build/NRD90M) AppleWebKit/537.36 (KHTML, like Gecko) Chrome/60.0.3112.107 Mobile Safari/537.36"
91.141.0.211 - - [02/Sep/2017:08:59:51 +0200] "GET /binaries/easy-drivers-portal/motorrad6jpg.jpg HTTP/1.1" 200 83216 "http://www.easydrivers.at/fuehrerscheine/motorrad/C111?channel=fullversion" "Mozilla/5.0 (Linux; Android 7.0; HTC One M9 Build/NRD90M) AppleWebKit/537.36 (KHTML, like Gecko) Chrome/60.0.3112.107 Mobile Safari/537.36"
91.141.0.211 - - [02/Sep/2017:08:59:51 +0200] "GET /img/bg-yellow.jpg HTTP/1.1" 200 2250 "http://www.easydrivers.at/css/style.css" "Mozilla/5.0 (Linux; Android 7.0; HTC One M9 Build/NRD90M) AppleWebKit/537.36 (KHTML, like Gecko) Chrome/60.0.3112.107 Mobile Safari/537.36"
91.141.0.211 - - [02/Sep/2017:08:59:51 +0200] "GET /img/arrow-up.png HTTP/1.1" 200 1081 "http://www.easydrivers.at/css/style.css" "Mozilla/5.0 (Linux; Android 7.0; HTC One M9 Build/NRD90M) AppleWebKit/537.36 (KHTML, like Gecko) Chrome/60.0.3112.107 Mobile Safari/537.36"
91.141.0.211 - - [02/Sep/2017:08:59:51 +0200] "GET /img/arrow-left.png HTTP/1.1" 200 1015 "http://www.easydrivers.at/css/style.css" "Mozilla/5.0 (Linux; Android 7.0; HTC One M9 Build/NRD90M) AppleWebKit/537.36 (KHTML, like Gecko) Chrome/60.0.3112.107 Mobile Safari/537.36"
91.141.0.211 - - [02/Sep/2017:08:59:51 +0200] "GET /img/bg-footer.jpg HTTP/1.1" 200 31770 "http://www.easydrivers.at/css/style.css" "Mozilla/5.0 (Linux; Android 7.0; HTC One M9 Build/NRD90M) AppleWebKit/537.36 (KHTML, like Gecko) Chrome/60.0.3112.107 Mobile Safari/537.36"
91.141.0.211 - - [02/Sep/2017:08:59:51 +0200] "GET /img/kursicon-print-pink.png HTTP/1.1" 200 1125 "http://www.easydrivers.at/fuehrerscheine/motorrad/C111?channel=fullversion" "Mozilla/5.0 (Linux; Android 7.0; HTC One M9 Build/NRD90M) AppleWebKit/537.36 (KHTML, like Gecko) Chrome/60.0.3112.107 Mobile Safari/537.36"
91.141.0.211 - - [02/Sep/2017:08:59:51 +0200] "GET /img/kursicon-download-pink.png HTTP/1.1" 200 1213 "http://www.easydrivers.at/fuehrerscheine/motorrad/C111?channel=fullversion" "Mozilla/5.0 (Linux; Android 7.0; HTC One M9 Build/NRD90M) AppleWebKit/537.36 (KHTML, like Gecko) Chrome/60.0.3112.107 Mobile Safari/537.36"
91.141.0.211 - - [02/Sep/2017:08:59:51 +0200] "GET /img/kursicon-share-pink.png HTTP/1.1" 200 1277 "http://www.easydrivers.at/fuehrerscheine/motorrad/C111?channel=fullversion" "Mozilla/5.0 (Linux; Android 7.0; HTC One M9 Build/NRD90M) AppleWebKit/537.36 (KHTML, like Gecko) Chrome/60.0.3112.107 Mobile Safari/537.36"
91.141.0.211 - - [02/Sep/2017:08:59:51 +0200] "GET /img/kursicon-phone-pink.png HTTP/1.1" 200 1286 "http://www.easydrivers.at/fuehrerscheine/motorrad/C111?channel=fullversion" "Mozilla/5.0 (Linux; Android 7.0; HTC One M9 Build/NRD90M) AppleWebKit/537.36 (KHTML, like Gecko) Chrome/60.0.3112.107 Mobile Safari/537.36"
207.46.13.57 - - [02/Sep/2017:08:59:49 +0200] "GET /am.spitz/10281315?FS=A1L17 HTTP/1.1" 200 6599 "-" "Mozilla/5.0 (compatible; bingbot/2.0; +http://www.bing.com/bingbot.htm)"
91.141.0.211 - - [02/Sep/2017:08:59:52 +0200] "GET /img/new_favicon.ico HTTP/1.1" 200 1150 "http://www.easydrivers.at/fuehrerscheine/motorrad/C111?channel=fullversion" "Mozilla/5.0 (Linux; Android 7.0; HTC One M9 Build/NRD90M) AppleWebKit/537.36 (KHTML, like Gecko) Chrome/60.0.3112.107 Mobile Safari/537.36"
207.46.13.57 - - [02/Sep/2017:08:59:52 +0200] "GET /am.spitz/10281315?FS=A2B HTTP/1.1" 200 6231 "-" "Mozilla/5.0 (compatible; bingbot/2.0; +http://www.bing.com/bingbot.htm)"
148.198.41.72 - - [02/Sep/2017:08:59:54 +0200] "GET /ueberuns HTTP/1.1" 200 3260 "http://www.easydrivers.at/bruck.leitha/uebungsplatz" "Mozilla/5.0 (Windows NT 6.1; WOW64; rv:55.0) Gecko/20100101 Firefox/55.0"
207.46.13.57 - - [02/Sep/2017:08:59:55 +0200] "GET /am.spitz/10281447?FS=CCE95 HTTP/1.1" 410 3384 "-" "Mozilla/5.0 (compatible; bingbot/2.0; +http://www.bing.com/bingbot.htm)"
207.46.13.57 - - [02/Sep/2017:08:59:57 +0200] "GET /am.spitz/10281561?FS=CCE HTTP/1.1" 410 3384 "-" "Mozilla/5.0 (compatible; bingbot/2.0; +http://www.bing.com/bingbot.htm)"
66.249.76.76 - - [02/Sep/2017:08:59:59 +0200] "GET /wallensteinplatz/10281234?FS=A1L17 HTTP/1.1" 410 3423 "-" "Mozilla/5.0 (compatible; Googlebot/2.1; +http://www.google.com/bot.html)"
84.115.4.75 - - [02/Sep/2017:09:00:00 +0200] "GET /voesendorf/Aktionen HTTP/1.1" 200 3777 "http://m.facebook.com/" "Mozilla/5.0 (Linux; Android 7.0; SM-G920F Build/NRD90M; wv) AppleWebKit/537.36 (KHTML, like Gecko) Version/4.0 Chrome/60.0.3112.107 Mobile Safari/537.36 [FB_IAB/FB4A;FBAV/139.0.0.22.93;]"
66.249.76.74 - - [02/Sep/2017:09:00:02 +0200] "GET /reumannplatz/aktionen HTTP/1.1" 200 2881 "-" "Mozilla/5.0 (compatible; Googlebot/2.1; +http://www.google.com/bot.html)"
180.76.15.157 - - [02/Sep/2017:09:00:04 +0200] "GET /skarabela.gross-enzersdorf HTTP/1.1" 200 3629 "-" "Mozilla/5.0 (compatible; Baiduspider/2.0; +http://www.baidu.com/search/spider.html)"
148.198.41.72 - - [02/Sep/2017:09:00:09 +0200] "GET /fahrschulen HTTP/1.1" 200 3925 "http://www.easydrivers.at/ueberuns" "Mozilla/5.0 (Windows NT 6.1; WOW64; rv:55.0) Gecko/20100101 Firefox/55.0"
148.198.41.72 - - [02/Sep/2017:09:00:11 +0200] "GET /javascript/fahrschulen.js HTTP/1.1" 200 470 "http://www.easydrivers.at/fahrschulen" "Mozilla/5.0 (Windows NT 6.1; WOW64; rv:55.0) Gecko/20100101 Firefox/55.0"
148.198.41.72 - - [02/Sep/2017:09:00:11 +0200] "GET /img/austria-map.jpg HTTP/1.1" 200 57110 "http://www.easydrivers.at/fahrschulen" "Mozilla/5.0 (Windows NT 6.1; WOW64; rv:55.0) Gecko/20100101 Firefox/55.0"
148.198.41.72 - - [02/Sep/2017:09:00:11 +0200] "GET /img/austria-map-burgenland.png HTTP/1.1" 200 10146 "http://www.easydrivers.at/fahrschulen" "Mozilla/5.0 (Windows NT 6.1; WOW64; rv:55.0) Gecko/20100101 Firefox/55.0"
148.198.41.72 - - [02/Sep/2017:09:00:11 +0200] "GET /img/austria-map-kaernten.png HTTP/1.1" 200 9968 "http://www.easydrivers.at/fahrschulen" "Mozilla/5.0 (Windows NT 6.1; WOW64; rv:55.0) Gecko/20100101 Firefox/55.0"
148.198.41.72 - - [02/Sep/2017:09:00:11 +0200] "GET /img/austria-map-noe.png HTTP/1.1" 200 17166 "http://www.easydrivers.at/fahrschulen" "Mozilla/5.0 (Windows NT 6.1; WOW64; rv:55.0) Gecko/20100101 Firefox/55.0"
148.198.41.72 - - [02/Sep/2017:09:00:11 +0200] "GET /img/austria-map-ooe.png HTTP/1.1" 200 14597 "http://www.easydrivers.at/fahrschulen" "Mozilla/5.0 (Windows NT 6.1; WOW64; rv:55.0) Gecko/20100101 Firefox/55.0"
148.198.41.72 - - [02/Sep/2017:09:00:11 +0200] "GET /img/austria-map-salzburg.png HTTP/1.1" 200 13786 "http://www.easydrivers.at/fahrschulen" "Mozilla/5.0 (Windows NT 6.1; WOW64; rv:55.0) Gecko/20100101 Firefox/55.0"
148.198.41.72 - - [02/Sep/2017:09:00:11 +0200] "GET /img/austria-map-steiermark.png HTTP/1.1" 200 14192 "http://www.easydrivers.at/fahrschulen" "Mozilla/5.0 (Windows NT 6.1; WOW64; rv:55.0) Gecko/20100101 Firefox/55.0"
148.198.41.72 - - [02/Sep/2017:09:00:11 +0200] "GET /img/austria-map-wien.png HTTP/1.1" 200 2864 "http://www.easydrivers.at/fahrschulen" "Mozilla/5.0 (Windows NT 6.1; WOW64; rv:55.0) Gecko/20100101 Firefox/55.0"
148.198.41.72 - - [02/Sep/2017:09:00:11 +0200] "GET /img/austria-map-vorarlberg.png HTTP/1.1" 200 5780 "http://www.easydrivers.at/fahrschulen" "Mozilla/5.0 (Windows NT 6.1; WOW64; rv:55.0) Gecko/20100101 Firefox/55.0"
148.198.41.72 - - [02/Sep/2017:09:00:11 +0200] "GET /img/austria-map-tirol.png HTTP/1.1" 200 13911 "http://www.easydrivers.at/fahrschulen" "Mozilla/5.0 (Windows NT 6.1; WOW64; rv:55.0) Gecko/20100101 Firefox/55.0"
148.198.41.72 - - [02/Sep/2017:09:00:11 +0200] "GET /img/purple-dots-horizontal.png HTTP/1.1" 304 - "-" "Mozilla/4.0 (compatible;)"
148.198.41.72 - - [02/Sep/2017:09:00:18 +0200] "GET /ueberuns HTTP/1.1" 200 3260 "http://www.easydrivers.at/bruck.leitha/uebungsplatz" "Mozilla/5.0 (Windows NT 6.1; WOW64; rv:55.0) Gecko/20100101 Firefox/55.0"
46.125.249.51 - - [02/Sep/2017:09:00:19 +0200] "GET /fuehrerscheine/auto HTTP/1.1" 200 5440 "https://www.google.at/" "Mozilla/5.0 (iPhone; CPU iPhone OS 10_2_1 like Mac OS X) AppleWebKit/602.4.6 (KHTML, like Gecko) Version/10.0 Mobile/14D27 Safari/602.1"
148.198.41.72 - - [02/Sep/2017:09:00:22 +0200] "GET /bruck.leitha/uebungsplatz HTTP/1.1" 200 2953 "http://www.easydrivers.at/bruck.leitha/uebungsplatz" "Mozilla/5.0 (Windows NT 6.1; WOW64; rv:55.0) Gecko/20100101 Firefox/55.0"
148.198.41.72 - - [02/Sep/2017:09:00:24 +0200] "GET /bruck.leitha/uebungsplatz HTTP/1.1" 200 2953 "http://www.easydrivers.at/bruck.leitha/uebungsplatz" "Mozilla/5.0 (Windows NT 6.1; WOW64; rv:55.0) Gecko/20100101 Firefox/55.0"
148.198.41.72 - - [02/Sep/2017:09:00:27 +0200] "GET /binaries/easy-drivers-portal/motorrad2jpg.jpg HTTP/1.1" 200 45802 "http://www.easydrivers.at/bruck.leitha/uebungsplatz" "Mozilla/5.0 (Windows NT 6.1; WOW64; rv:55.0) Gecko/20100101 Firefox/55.0"
157.55.39.150 - - [02/Sep/2017:09:00:30 +0200] "GET /robots.txt HTTP/1.1" 200 101 "-" "Mozilla/5.0 (compatible; bingbot/2.0; +http://www.bing.com/bingbot.htm)"
62.218.28.226 - - [02/Sep/2017:09:00:49 +0200] "GET / HTTP/1.1" 301 293 "-" "Mozilla/5.0 (iPhone; CPU iPhone OS 10_3_3 like Mac OS X) AppleWebKit/603.3.8 (KHTML, like Gecko) Version/10.0 Mobile/14G60 Safari/602.1"
62.218.28.226 - - [02/Sep/2017:09:00:51 +0200] "GET / HTTP/1.1" 200 3564 "-" "Mozilla/5.0 (iPhone; CPU iPhone OS 10_3_3 like Mac OS X) AppleWebKit/603.3.8 (KHTML, like Gecko) Version/10.0 Mobile/14G60 Safari/602.1"
62.218.28.226 - - [02/Sep/2017:09:00:54 +0200] "GET /javascript/jquery.cookie.js HTTP/1.1" 200 863 "http://www.easydrivers.at/" "Mozilla/5.0 (iPhone; CPU iPhone OS 10_3_3 like Mac OS X) AppleWebKit/603.3.8 (KHTML, like Gecko) Version/10.0 Mobile/14G60 Safari/602.1"
62.218.28.226 - - [02/Sep/2017:09:00:54 +0200] "GET /css/mobile.css HTTP/1.1" 200 2852 "http://www.easydrivers.at/" "Mozilla/5.0 (iPhone; CPU iPhone OS 10_3_3 like Mac OS X) AppleWebKit/603.3.8 (KHTML, like Gecko) Version/10.0 Mobile/14G60 Safari/602.1"
62.218.28.226 - - [02/Sep/2017:09:00:54 +0200] "GET /javascript/mobile-menu.js HTTP/1.1" 200 1634 "http://www.easydrivers.at/" "Mozilla/5.0 (iPhone; CPU iPhone OS 10_3_3 like Mac OS X) AppleWebKit/603.3.8 (KHTML, like Gecko) Version/10.0 Mobile/14G60 Safari/602.1"
62.218.28.226 - - [02/Sep/2017:09:00:54 +0200] "GET /javascript/jquery-1.9.1.min.js HTTP/1.1" 200 32731 "http://www.easydrivers.at/" "Mozilla/5.0 (iPhone; CPU iPhone OS 10_3_3 like Mac OS X) AppleWebKit/603.3.8 (KHTML, like Gecko) Version/10.0 Mobile/14G60 Safari/602.1"
62.218.28.226 - - [02/Sep/2017:09:00:55 +0200] "GET /javascript/jquery.simplemodal.js HTTP/1.1" 200 3070 "http://www.easydrivers.at/" "Mozilla/5.0 (iPhone; CPU iPhone OS 10_3_3 like Mac OS X) AppleWebKit/603.3.8 (KHTML, like Gecko) Version/10.0 Mobile/14G60 Safari/602.1"
62.218.28.226 - - [02/Sep/2017:09:00:55 +0200] "GET /javascript/mobile-homesearch.js HTTP/1.1" 200 340 "http://www.easydrivers.at/" "Mozilla/5.0 (iPhone; CPU iPhone OS 10_3_3 like Mac OS X) AppleWebKit/603.3.8 (KHTML, like Gecko) Version/10.0 Mobile/14G60 Safari/602.1"
62.218.28.226 - - [02/Sep/2017:09:00:55 +0200] "GET /javascript/lazyload.js HTTP/1.1" 200 1170 "http://www.easydrivers.at/" "Mozilla/5.0 (iPhone; CPU iPhone OS 10_3_3 like Mac OS X) AppleWebKit/603.3.8 (KHTML, like Gecko) Version/10.0 Mobile/14G60 Safari/602.1"
62.218.28.226 - - [02/Sep/2017:09:00:57 +0200] "GET /img/mobile/easydrivers-logo-mobile.png HTTP/1.1" 200 10766 "http://www.easydrivers.at/" "Mozilla/5.0 (iPhone; CPU iPhone OS 10_3_3 like Mac OS X) AppleWebKit/603.3.8 (KHTML, like Gecko) Version/10.0 Mobile/14G60 Safari/602.1"
62.218.28.226 - - [02/Sep/2017:09:00:57 +0200] "GET /img/mobile/menu-button.png HTTP/1.1" 200 1746 "http://www.easydrivers.at/" "Mozilla/5.0 (iPhone; CPU iPhone OS 10_3_3 like Mac OS X) AppleWebKit/603.3.8 (KHTML, like Gecko) Version/10.0 Mobile/14G60 Safari/602.1"
62.218.28.226 - - [02/Sep/2017:09:00:57 +0200] "GET /img/mobile/close-button.png HTTP/1.1" 200 2411 "http://www.easydrivers.at/" "Mozilla/5.0 (iPhone; CPU iPhone OS 10_3_3 like Mac OS X) AppleWebKit/603.3.8 (KHTML, like Gecko) Version/10.0 Mobile/14G60 Safari/602.1"
62.218.28.226 - - [02/Sep/2017:09:00:57 +0200] "GET /img/mobile/widget-icon-app.png HTTP/1.1" 200 3458 "http://www.easydrivers.at/" "Mozilla/5.0 (iPhone; CPU iPhone OS 10_3_3 like Mac OS X) AppleWebKit/603.3.8 (KHTML, like Gecko) Version/10.0 Mobile/14G60 Safari/602.1"
62.218.28.226 - - [02/Sep/2017:09:00:59 +0200] "GET /img/mobile/bg-menu.jpg HTTP/1.1" 200 1698 "http://www.easydrivers.at/" "Mozilla/5.0 (iPhone; CPU iPhone OS 10_3_3 like Mac OS X) AppleWebKit/603.3.8 (KHTML, like Gecko) Version/10.0 Mobile/14G60 Safari/602.1"
62.218.28.226 - - [02/Sep/2017:09:00:59 +0200] "GET /img/mobile/facebook-icon.png HTTP/1.1" 200 1902 "http://www.easydrivers.at/" "Mozilla/5.0 (iPhone; CPU iPhone OS 10_3_3 like Mac OS X) AppleWebKit/603.3.8 (KHTML, like Gecko) Version/10.0 Mobile/14G60 Safari/602.1"
207.46.13.57 - - [02/Sep/2017:09:00:57 +0200] "GET /am.spitz/10284617 HTTP/1.1" 200 3335 "-" "Mozilla/5.0 (compatible; bingbot/2.0; +http://www.bing.com/bingbot.htm)"
62.218.28.226 - - [02/Sep/2017:09:01:00 +0200] "GET /img/mobile/pfeil-rechts.png HTTP/1.1" 200 1228 "http://www.easydrivers.at/" "Mozilla/5.0 (iPhone; CPU iPhone OS 10_3_3 like Mac OS X) AppleWebKit/603.3.8 (KHTML, like Gecko) Version/10.0 Mobile/14G60 Safari/602.1"
62.218.28.226 - - [02/Sep/2017:09:01:00 +0200] "GET /img/mobile/bg-top-section.jpg HTTP/1.1" 200 21711 "http://www.easydrivers.at/" "Mozilla/5.0 (iPhone; CPU iPhone OS 10_3_3 like Mac OS X) AppleWebKit/603.3.8 (KHTML, like Gecko) Version/10.0 Mobile/14G60 Safari/602.1"
207.46.13.57 - - [02/Sep/2017:09:01:00 +0200] "GET /amstetten/abendkursapr?FS=B-L HTTP/1.1" 410 3433 "-" "Mozilla/5.0 (compatible; bingbot/2.0; +http://www.bing.com/bingbot.htm)"
62.218.28.226 - - [02/Sep/2017:09:00:59 +0200] "GET /img/mobile/bg-header.jpg HTTP/1.1" 200 19741 "http://www.easydrivers.at/" "Mozilla/5.0 (iPhone; CPU iPhone OS 10_3_3 like Mac OS X) AppleWebKit/603.3.8 (KHTML, like Gecko) Version/10.0 Mobile/14G60 Safari/602.1"
207.46.13.57 - - [02/Sep/2017:09:01:03 +0200] "GET /amstetten/abendkursaug?FS=A2B HTTP/1.1" 200 5896 "-" "Mozilla/5.0 (compatible; bingbot/2.0; +http://www.bing.com/bingbot.htm)"
207.46.13.57 - - [02/Sep/2017:09:01:06 +0200] "GET /amstetten/abendkursaug?FS=BCE HTTP/1.1" 200 6098 "-" "Mozilla/5.0 (compatible; bingbot/2.0; +http://www.bing.com/bingbot.htm)"
207.46.13.57 - - [02/Sep/2017:09:01:08 +0200] "GET /amstetten/abendkursdez?FS=A1 HTTP/1.1" 200 5799 "-" "Mozilla/5.0 (compatible; bingbot/2.0; +http://www.bing.com/bingbot.htm)"
207.46.13.57 - - [02/Sep/2017:09:01:11 +0200] "GET /amstetten/abendkursdez?FS=BPlus HTTP/1.1" 200 5444 "-" "Mozilla/5.0 (compatible; bingbot/2.0; +http://www.bing.com/bingbot.htm)"
40.77.167.14 - - [02/Sep/2017:09:01:18 +0200] "GET /linz/10254569 HTTP/1.1" 404 3415 "-" "Mozilla/5.0 (compatible; bingbot/2.0; +http://www.bing.com/bingbot.htm)"
62.218.28.226 - - [02/Sep/2017:09:01:47 +0200] "GET /ueberuns HTTP/1.1" 200 3286 "http://www.easydrivers.at/" "Mozilla/5.0 (iPhone; CPU iPhone OS 10_3_3 like Mac OS X) AppleWebKit/603.3.8 (KHTML, like Gecko) Version/10.0 Mobile/14G60 Safari/602.1"
62.218.28.226 - - [02/Sep/2017:09:01:48 +0200] "GET /ueberuns HTTP/1.1" 200 3286 "http://www.easydrivers.at/" "Mozilla/5.0 (iPhone; CPU iPhone OS 10_3_3 like Mac OS X) AppleWebKit/603.3.8 (KHTML, like Gecko) Version/10.0 Mobile/14G60 Safari/602.1"
62.218.28.226 - - [02/Sep/2017:09:01:51 +0200] "GET /ueberuns HTTP/1.1" 200 3286 "http://www.easydrivers.at/" "Mozilla/5.0 (iPhone; CPU iPhone OS 10_3_3 like Mac OS X) AppleWebKit/603.3.8 (KHTML, like Gecko) Version/10.0 Mobile/14G60 Safari/602.1"
62.218.28.226 - - [02/Sep/2017:09:01:54 +0200] "GET /binaries/easy-drivers-portal/edwebhistoryillu392x3922jpg.jpg HTTP/1.1" 200 32209 "http://www.easydrivers.at/ueberuns" "Mozilla/5.0 (iPhone; CPU iPhone OS 10_3_3 like Mac OS X) AppleWebKit/603.3.8 (KHTML, like Gecko) Version/10.0 Mobile/14G60 Safari/602.1"
35.162.141.144 - - [02/Sep/2017:09:01:57 +0200] "GET / HTTP/1.1" 301 295 "-" "Magic Browser"
35.162.141.144 - - [02/Sep/2017:09:01:58 +0200] "GET / HTTP/1.1" 200 4413 "-" "Magic Browser"
62.218.28.226 - - [02/Sep/2017:09:01:54 +0200] "GET /binaries/easy-drivers-portal/edwebhistoryillu392x3924jpg.jpg HTTP/1.1" 200 35765 "http://www.easydrivers.at/ueberuns" "Mozilla/5.0 (iPhone; CPU iPhone OS 10_3_3 like Mac OS X) AppleWebKit/603.3.8 (KHTML, like Gecko) Version/10.0 Mobile/14G60 Safari/602.1"
157.55.39.150 - - [02/Sep/2017:09:02:02 +0200] "GET /robots.txt HTTP/1.1" 200 101 "-" "Mozilla/5.0 (compatible; bingbot/2.0; +http://www.bing.com/bingbot.htm)"
62.218.28.226 - - [02/Sep/2017:09:01:54 +0200] "GET /binaries/easy-drivers-portal/edwebhistoryillu392x3923jpg.jpg HTTP/1.1" 200 54656 "http://www.easydrivers.at/ueberuns" "Mozilla/5.0 (iPhone; CPU iPhone OS 10_3_3 like Mac OS X) AppleWebKit/603.3.8 (KHTML, like Gecko) Version/10.0 Mobile/14G60 Safari/602.1"
62.218.28.226 - - [02/Sep/2017:09:01:59 +0200] "GET /binaries/easy-drivers-portal/edwebhistoryillu392x3925jpg.jpg HTTP/1.1" 200 31708 "http://www.easydrivers.at/ueberuns" "Mozilla/5.0 (iPhone; CPU iPhone OS 10_3_3 like Mac OS X) AppleWebKit/603.3.8 (KHTML, like Gecko) Version/10.0 Mobile/14G60 Safari/602.1"
62.218.28.226 - - [02/Sep/2017:09:02:04 +0200] "GET /binaries/easy-drivers-portal/edwebhistoryillu392x3926jpg.jpg HTTP/1.1" 200 41118 "http://www.easydrivers.at/ueberuns" "Mozilla/5.0 (iPhone; CPU iPhone OS 10_3_3 like Mac OS X) AppleWebKit/603.3.8 (KHTML, like Gecko) Version/10.0 Mobile/14G60 Safari/602.1"
62.218.28.226 - - [02/Sep/2017:09:01:54 +0200] "GET /binaries/easy-drivers-portal/edwebhistoryillu392x392radjpg.jpg HTTP/1.1" 200 124939 "http://www.easydrivers.at/ueberuns" "Mozilla/5.0 (iPhone; CPU iPhone OS 10_3_3 like Mac OS X) AppleWebKit/603.3.8 (KHTML, like Gecko) Version/10.0 Mobile/14G60 Safari/602.1"
212.95.7.37 - - [02/Sep/2017:09:02:05 +0200] "GET /krems?utm_source=facebook&utm_medium=ad&utm_campaign=moped HTTP/1.1" 200 2934 "http://m.facebook.com/" "Mozilla/5.0 (Linux; Android 5.0.2; HTC One Build/LRX22G; wv) AppleWebKit/537.36 (KHTML, like Gecko) Version/4.0 Chrome/60.0.3112.107 Mobile Safari/537.36 [FB_IAB/FB4A;FBAV/139.0.0.22.93;]"
62.218.28.226 - - [02/Sep/2017:09:02:06 +0200] "GET /binaries/easy-drivers-portal/edwebhistoryillu392x3928jpg.jpg HTTP/1.1" 200 38907 "http://www.easydrivers.at/ueberuns" "Mozilla/5.0 (iPhone; CPU iPhone OS 10_3_3 like Mac OS X) AppleWebKit/603.3.8 (KHTML, like Gecko) Version/10.0 Mobile/14G60 Safari/602.1"
62.218.28.226 - - [02/Sep/2017:09:02:07 +0200] "GET /binaries/easy-drivers-portal/edwebhistoryillu392x3929jpg.jpg HTTP/1.1" 200 31823 "http://www.easydrivers.at/ueberuns" "Mozilla/5.0 (iPhone; CPU iPhone OS 10_3_3 like Mac OS X) AppleWebKit/603.3.8 (KHTML, like Gecko) Version/10.0 Mobile/14G60 Safari/602.1"
207.46.13.57 - - [02/Sep/2017:09:02:07 +0200] "GET /amstetten/abendkursjuli2?FS=B HTTP/1.1" 410 3435 "-" "Mozilla/5.0 (compatible; bingbot/2.0; +http://www.bing.com/bingbot.htm)"
62.218.28.226 - - [02/Sep/2017:09:02:09 +0200] "GET /binaries/easy-drivers-portal/edwebhistoryillu392x39210jpg.jpg HTTP/1.1" 200 19475 "http://www.easydrivers.at/ueberuns" "Mozilla/5.0 (iPhone; CPU iPhone OS 10_3_3 like Mac OS X) AppleWebKit/603.3.8 (KHTML, like Gecko) Version/10.0 Mobile/14G60 Safari/602.1"
207.46.13.57 - - [02/Sep/2017:09:02:10 +0200] "GET /amstetten/abendkursjuli2?FS=B-L17 HTTP/1.1" 410 3435 "-" "Mozilla/5.0 (compatible; bingbot/2.0; +http://www.bing.com/bingbot.htm)"
62.218.28.226 - - [02/Sep/2017:09:02:12 +0200] "GET /binaries/easy-drivers-portal/edwebhistoryillu392x39211jpg.jpg HTTP/1.1" 200 36282 "http://www.easydrivers.at/ueberuns" "Mozilla/5.0 (iPhone; CPU iPhone OS 10_3_3 like Mac OS X) AppleWebKit/603.3.8 (KHTML, like Gecko) Version/10.0 Mobile/14G60 Safari/602.1"
62.218.28.226 - - [02/Sep/2017:09:02:13 +0200] "GET /binaries/easy-drivers-portal/edwebhistoryillu392x39220kpng.png HTTP/1.1" 200 49333 "http://www.easydrivers.at/ueberuns" "Mozilla/5.0 (iPhone; CPU iPhone OS 10_3_3 like Mac OS X) AppleWebKit/603.3.8 (KHTML, like Gecko) Version/10.0 Mobile/14G60 Safari/602.1"
62.218.28.226 - - [02/Sep/2017:09:02:09 +0200] "GET /binaries/easy-drivers-portal/edwebhistoryillu392x3927jpg.jpg HTTP/1.1" 200 71377 "http://www.easydrivers.at/ueberuns" "Mozilla/5.0 (iPhone; CPU iPhone OS 10_3_3 like Mac OS X) AppleWebKit/603.3.8 (KHTML, like Gecko) Version/10.0 Mobile/14G60 Safari/602.1"
62.178.112.98 - - [02/Sep/2017:09:02:28 +0200] "GET /skarabela.gross-enzersdorf HTTP/1.1" 200 2970 "https://www.google.at/" "Mozilla/5.0 (iPhone; CPU iPhone OS 9_3_4 like Mac OS X) AppleWebKit/601.1.46 (KHTML, like Gecko) Version/9.0 Mobile/13G35 Safari/601.1"
62.178.112.98 - - [02/Sep/2017:09:02:30 +0200] "GET /javascript/jquery.cookie.js HTTP/1.1" 200 863 "http://www.easydrivers.at/skarabela.gross-enzersdorf" "Mozilla/5.0 (iPhone; CPU iPhone OS 9_3_4 like Mac OS X) AppleWebKit/601.1.46 (KHTML, like Gecko) Version/9.0 Mobile/13G35 Safari/601.1"
62.178.112.98 - - [02/Sep/2017:09:02:30 +0200] "GET /javascript/mobile-menu.js HTTP/1.1" 200 1634 "http://www.easydrivers.at/skarabela.gross-enzersdorf" "Mozilla/5.0 (iPhone; CPU iPhone OS 9_3_4 like Mac OS X) AppleWebKit/601.1.46 (KHTML, like Gecko) Version/9.0 Mobile/13G35 Safari/601.1"
62.178.112.98 - - [02/Sep/2017:09:02:30 +0200] "GET /css/mobile.css HTTP/1.1" 200 2852 "http://www.easydrivers.at/skarabela.gross-enzersdorf" "Mozilla/5.0 (iPhone; CPU iPhone OS 9_3_4 like Mac OS X) AppleWebKit/601.1.46 (KHTML, like Gecko) Version/9.0 Mobile/13G35 Safari/601.1"
62.178.112.98 - - [02/Sep/2017:09:02:30 +0200] "GET /javascript/lazyload.js HTTP/1.1" 200 1170 "http://www.easydrivers.at/skarabela.gross-enzersdorf" "Mozilla/5.0 (iPhone; CPU iPhone OS 9_3_4 like Mac OS X) AppleWebKit/601.1.46 (KHTML, like Gecko) Version/9.0 Mobile/13G35 Safari/601.1"
62.178.112.98 - - [02/Sep/2017:09:02:30 +0200] "GET /javascript/jquery.simplemodal.js HTTP/1.1" 200 3070 "http://www.easydrivers.at/skarabela.gross-enzersdorf" "Mozilla/5.0 (iPhone; CPU iPhone OS 9_3_4 like Mac OS X) AppleWebKit/601.1.46 (KHTML, like Gecko) Version/9.0 Mobile/13G35 Safari/601.1"
62.178.112.98 - - [02/Sep/2017:09:02:30 +0200] "GET /javascript/jquery-1.9.1.min.js HTTP/1.1" 200 32731 "http://www.easydrivers.at/skarabela.gross-enzersdorf" "Mozilla/5.0 (iPhone; CPU iPhone OS 9_3_4 like Mac OS X) AppleWebKit/601.1.46 (KHTML, like Gecko) Version/9.0 Mobile/13G35 Safari/601.1"
62.178.112.98 - - [02/Sep/2017:09:02:30 +0200] "GET /javascript/mobile-fahrschule.js HTTP/1.1" 200 328 "http://www.easydrivers.at/skarabela.gross-enzersdorf" "Mozilla/5.0 (iPhone; CPU iPhone OS 9_3_4 like Mac OS X) AppleWebKit/601.1.46 (KHTML, like Gecko) Version/9.0 Mobile/13G35 Safari/601.1"
62.178.112.98 - - [02/Sep/2017:09:02:30 +0200] "GET /img/mobile/menu-button.png HTTP/1.1" 200 1746 "http://www.easydrivers.at/skarabela.gross-enzersdorf" "Mozilla/5.0 (iPhone; CPU iPhone OS 9_3_4 like Mac OS X) AppleWebKit/601.1.46 (KHTML, like Gecko) Version/9.0 Mobile/13G35 Safari/601.1"
62.178.112.98 - - [02/Sep/2017:09:02:30 +0200] "GET /img/mobile/facebook-icon.png HTTP/1.1" 200 1902 "http://www.easydrivers.at/skarabela.gross-enzersdorf" "Mozilla/5.0 (iPhone; CPU iPhone OS 9_3_4 like Mac OS X) AppleWebKit/601.1.46 (KHTML, like Gecko) Version/9.0 Mobile/13G35 Safari/601.1"
62.178.112.98 - - [02/Sep/2017:09:02:30 +0200] "GET /img/smallicon-address.png HTTP/1.1" 200 1211 "http://www.easydrivers.at/skarabela.gross-enzersdorf" "Mozilla/5.0 (iPhone; CPU iPhone OS 9_3_4 like Mac OS X) AppleWebKit/601.1.46 (KHTML, like Gecko) Version/9.0 Mobile/13G35 Safari/601.1"
62.178.112.98 - - [02/Sep/2017:09:02:30 +0200] "GET /img/mobile/info-close-button.png HTTP/1.1" 200 1721 "http://www.easydrivers.at/skarabela.gross-enzersdorf" "Mozilla/5.0 (iPhone; CPU iPhone OS 9_3_4 like Mac OS X) AppleWebKit/601.1.46 (KHTML, like Gecko) Version/9.0 Mobile/13G35 Safari/601.1"
62.178.112.98 - - [02/Sep/2017:09:02:30 +0200] "GET /img/smallicon-time.png HTTP/1.1" 200 1262 "http://www.easydrivers.at/skarabela.gross-enzersdorf" "Mozilla/5.0 (iPhone; CPU iPhone OS 9_3_4 like Mac OS X) AppleWebKit/601.1.46 (KHTML, like Gecko) Version/9.0 Mobile/13G35 Safari/601.1"
62.178.112.98 - - [02/Sep/2017:09:02:30 +0200] "GET /img/mobile/easydrivers-logo-mobile.png HTTP/1.1" 200 10766 "http://www.easydrivers.at/skarabela.gross-enzersdorf" "Mozilla/5.0 (iPhone; CPU iPhone OS 9_3_4 like Mac OS X) AppleWebKit/601.1.46 (KHTML, like Gecko) Version/9.0 Mobile/13G35 Safari/601.1"
62.178.112.98 - - [02/Sep/2017:09:02:31 +0200] "GET /img/mobile/info-button.png HTTP/1.1" 200 1549 "http://www.easydrivers.at/skarabela.gross-enzersdorf" "Mozilla/5.0 (iPhone; CPU iPhone OS 9_3_4 like Mac OS X) AppleWebKit/601.1.46 (KHTML, like Gecko) Version/9.0 Mobile/13G35 Safari/601.1"
62.178.112.98 - - [02/Sep/2017:09:02:31 +0200] "GET /img/smallicon-mail.png HTTP/1.1" 200 1341 "http://www.easydrivers.at/skarabela.gross-enzersdorf" "Mozilla/5.0 (iPhone; CPU iPhone OS 9_3_4 like Mac OS X) AppleWebKit/601.1.46 (KHTML, like Gecko) Version/9.0 Mobile/13G35 Safari/601.1"
62.178.112.98 - - [02/Sep/2017:09:02:31 +0200] "GET /img/mobile/googlemaps-pin.png HTTP/1.1" 200 1597 "http://www.easydrivers.at/skarabela.gross-enzersdorf" "Mozilla/5.0 (iPhone; CPU iPhone OS 9_3_4 like Mac OS X) AppleWebKit/601.1.46 (KHTML, like Gecko) Version/9.0 Mobile/13G35 Safari/601.1"
62.178.112.98 - - [02/Sep/2017:09:02:31 +0200] "GET /img/mobile/widget-icon-app.png HTTP/1.1" 200 3458 "http://www.easydrivers.at/skarabela.gross-enzersdorf" "Mozilla/5.0 (iPhone; CPU iPhone OS 9_3_4 like Mac OS X) AppleWebKit/601.1.46 (KHTML, like Gecko) Version/9.0 Mobile/13G35 Safari/601.1"
62.178.112.98 - - [02/Sep/2017:09:02:31 +0200] "GET /img/smallicon-person.png HTTP/1.1" 200 1141 "http://www.easydrivers.at/skarabela.gross-enzersdorf" "Mozilla/5.0 (iPhone; CPU iPhone OS 9_3_4 like Mac OS X) AppleWebKit/601.1.46 (KHTML, like Gecko) Version/9.0 Mobile/13G35 Safari/601.1"
62.178.112.98 - - [02/Sep/2017:09:02:31 +0200] "GET /img/mobile/bg-header.jpg HTTP/1.1" 200 19741 "http://www.easydrivers.at/skarabela.gross-enzersdorf" "Mozilla/5.0 (iPhone; CPU iPhone OS 9_3_4 like Mac OS X) AppleWebKit/601.1.46 (KHTML, like Gecko) Version/9.0 Mobile/13G35 Safari/601.1"
62.178.112.98 - - [02/Sep/2017:09:02:31 +0200] "GET /img/mobile/bg-top-section.jpg HTTP/1.1" 200 21711 "http://www.easydrivers.at/skarabela.gross-enzersdorf" "Mozilla/5.0 (iPhone; CPU iPhone OS 9_3_4 like Mac OS X) AppleWebKit/601.1.46 (KHTML, like Gecko) Version/9.0 Mobile/13G35 Safari/601.1"
