66.249.76.74 - - [02/Sep/2017:02:00:07 +0200] "GET /hollabrunn/Grundkurs_September_2017?FS=BL1796 HTTP/1.1" 200 6709 "-" "Mozilla/5.0 (compatible; Googlebot/2.1; +http://www.google.com/bot.html)"
178.190.244.2 - - [02/Sep/2017:02:00:21 +0200] "GET /img/mobile/facebook-icon.png HTTP/1.1" 200 1902 "-" "Mozilla/5.0 (iPhone; CPU iPhone OS 10_3_3 like Mac OS X) AppleWebKit/603.3.8 (KHTML, like Gecko) Mobile/14G60 [FBAN/FBIOS;FBAV/138.0.0.49.91;FBBV/69441604;FBDV/iPhone7,2;FBMD/iPhone;FBSN/iOS;FBSV/10.3.3;FBSS/2;FBCR/tele.ring;FBID/phone;FBLC/de_DE;FBOP/5;FBRV/69743058]"
213.225.38.81 - - [02/Sep/2017:02:00:50 +0200] "GET / HTTP/1.1" 200 4413 "https://www.google.at/" "Mozilla/5.0 (Windows NT 6.3; WOW64; rv:55.0) Gecko/20100101 Firefox/55.0"
178.190.244.2 - - [02/Sep/2017:02:00:53 +0200] "GET /img/mobile/close-button.png HTTP/1.1" 200 2411 "-" "Mozilla/5.0 (iPhone; CPU iPhone OS 10_3_3 like Mac OS X) AppleWebKit/603.3.8 (KHTML, like Gecko) Mobile/14G60 [FBAN/FBIOS;FBAV/138.0.0.49.91;FBBV/69441604;FBDV/iPhone7,2;FBMD/iPhone;FBSN/iOS;FBSV/10.3.3;FBSS/2;FBCR/tele.ring;FBID/phone;FBLC/de_DE;FBOP/5;FBRV/69743058]"
178.190.244.2 - - [02/Sep/2017:02:00:53 +0200] "GET /img/smallicon-address.png HTTP/1.1" 200 1211 "-" "Mozilla/5.0 (iPhone; CPU iPhone OS 10_3_3 like Mac OS X) AppleWebKit/603.3.8 (KHTML, like Gecko) Mobile/14G60 [FBAN/FBIOS;FBAV/138.0.0.49.91;FBBV/69441604;FBDV/iPhone7,2;FBMD/iPhone;FBSN/iOS;FBSV/10.3.3;FBSS/2;FBCR/tele.ring;FBID/phone;FBLC/de_DE;FBOP/5;FBRV/69743058]"
207.46.13.50 - - [02/Sep/2017:02:01:04 +0200] "GET /fahrschulen HTTP/1.1" 200 3928 "-" "Mozilla/5.0 (compatible; bingbot/2.0; +http://www.bing.com/bingbot.htm)"
207.46.13.57 - - [02/Sep/2017:02:01:17 +0200] "GET /fuehrerscheine/bus HTTP/1.1" 200 2628 "-" "Mozilla/5.0 (compatible; bingbot/2.0; +http://www.bing.com/bingbot.htm)"
178.190.244.2 - - [02/Sep/2017:02:01:23 +0200] "GET /img/mobile/googlemaps-pin.png HTTP/1.1" 200 1597 "-" "Mozilla/5.0 (iPhone; CPU iPhone OS 10_3_3 like Mac OS X) AppleWebKit/603.3.8 (KHTML, like Gecko) Mobile/14G60 [FBAN/FBIOS;FBAV/138.0.0.49.91;FBBV/69441604;FBDV/iPhone7,2;FBMD/iPhone;FBSN/iOS;FBSV/10.3.3;FBSS/2;FBCR/tele.ring;FBID/phone;FBLC/de_DE;FBOP/5;FBRV/69743058]"
40.77.167.65 - - [02/Sep/2017:02:01:46 +0200] "GET /gmuend HTTP/1.1" 200 3482 "-" "Mozilla/5.0 (compatible; bingbot/2.0; +http://www.bing.com/bingbot.htm)"
178.190.244.2 - - [02/Sep/2017:02:01:57 +0200] "GET /img/mobile/info-close-button.png HTTP/1.1" 200 1721 "-" "Mozilla/5.0 (iPhone; CPU iPhone OS 10_3_3 like Mac OS X) AppleWebKit/603.3.8 (KHTML, like Gecko) Mobile/14G60 [FBAN/FBIOS;FBAV/138.0.0.49.91;FBBV/69441604;FBDV/iPhone7,2;FBMD/iPhone;FBSN/iOS;FBSV/10.3.3;FBSS/2;FBCR/tele.ring;FBID/phone;FBLC/de_DE;FBOP/5;FBRV/69743058]"
178.190.244.2 - - [02/Sep/2017:02:01:57 +0200] "GET /img/smallicon-time.png HTTP/1.1" 200 1262 "-" "Mozilla/5.0 (iPhone; CPU iPhone OS 10_3_3 like Mac OS X) AppleWebKit/603.3.8 (KHTML, like Gecko) Mobile/14G60 [FBAN/FBIOS;FBAV/138.0.0.49.91;FBBV/69441604;FBDV/iPhone7,2;FBMD/iPhone;FBSN/iOS;FBSV/10.3.3;FBSS/2;FBCR/tele.ring;FBID/phone;FBLC/de_DE;FBOP/5;FBRV/69743058]"
199.58.86.209 - - [02/Sep/2017:02:02:15 +0200] "GET /robots.txt HTTP/1.1" 200 178 "-" "Mozilla/5.0 (compatible; MJ12bot/v1.4.8; http://mj12bot.com/)"
207.46.13.57 - - [02/Sep/2017:02:02:16 +0200] "GET /am.spitz HTTP/1.1" 200 3647 "-" "Mozilla/5.0 (compatible; bingbot/2.0; +http://www.bing.com/bingbot.htm)"
199.58.86.209 - - [02/Sep/2017:02:02:17 +0200] "GET / HTTP/1.1" 200 15965 "-" "Mozilla/5.0 (compatible; MJ12bot/v1.4.8; http://mj12bot.com/)"
178.190.244.2 - - [02/Sep/2017:02:02:27 +0200] "GET /img/smallicon-person.png HTTP/1.1" 200 1141 "-" "Mozilla/5.0 (iPhone; CPU iPhone OS 10_3_3 like Mac OS X) AppleWebKit/603.3.8 (KHTML, like Gecko) Mobile/14G60 [FBAN/FBIOS;FBAV/138.0.0.49.91;FBBV/69441604;FBDV/iPhone7,2;FBMD/iPhone;FBSN/iOS;FBSV/10.3.3;FBSS/2;FBCR/tele.ring;FBID/phone;FBLC/de_DE;FBOP/5;FBRV/69743058]"
40.77.167.14 - - [02/Sep/2017:02:02:35 +0200] "GET /krems HTTP/1.1" 200 3746 "-" "Mozilla/5.0 (compatible; bingbot/2.0; +http://www.bing.com/bingbot.htm)"
40.77.167.14 - - [02/Sep/2017:02:02:55 +0200] "GET /st.valentin HTTP/1.1" 200 3676 "-" "Mozilla/5.0 (compatible; bingbot/2.0; +http://www.bing.com/bingbot.htm)"
40.77.167.14 - - [02/Sep/2017:02:03:11 +0200] "GET /leonding HTTP/1.1" 200 3495 "-" "Mozilla/5.0 (compatible; bingbot/2.0; +http://www.bing.com/bingbot.htm)"
207.46.13.50 - - [02/Sep/2017:02:03:33 +0200] "GET /moedling HTTP/1.1" 200 3836 "-" "Mozilla/5.0 (compatible; bingbot/2.0; +http://www.bing.com/bingbot.htm)"
40.77.167.65 - - [02/Sep/2017:02:03:43 +0200] "GET /am.spitz HTTP/1.1" 200 3651 "-" "Mozilla/5.0 (compatible; bingbot/2.0; +http://www.bing.com/bingbot.htm)"
40.77.167.14 - - [02/Sep/2017:02:04:14 +0200] "GET /feldkirch HTTP/1.1" 200 3541 "-" "Mozilla/5.0 (compatible; bingbot/2.0; +http://www.bing.com/bingbot.htm)"
40.77.167.65 - - [02/Sep/2017:02:04:25 +0200] "GET /gmuend HTTP/1.1" 200 3482 "-" "Mozilla/5.0 (compatible; bingbot/2.0; +http://www.bing.com/bingbot.htm)"
40.77.167.14 - - [02/Sep/2017:02:04:30 +0200] "GET /amstetten HTTP/1.1" 200 3660 "-" "Mozilla/5.0 (compatible; bingbot/2.0; +http://www.bing.com/bingbot.htm)"
207.46.13.57 - - [02/Sep/2017:02:04:59 +0200] "GET /bruck.leitha HTTP/1.1" 200 3474 "-" "Mozilla/5.0 (compatible; bingbot/2.0; +http://www.bing.com/bingbot.htm)"
40.77.167.14 - - [02/Sep/2017:02:05:10 +0200] "GET /langenlois HTTP/1.1" 200 3455 "-" "Mozilla/5.0 (compatible; bingbot/2.0; +http://www.bing.com/bingbot.htm)"
40.77.167.65 - - [02/Sep/2017:02:05:24 +0200] "GET /ennstal.bad.aussee HTTP/1.1" 200 3634 "-" "Mozilla/5.0 (compatible; bingbot/2.0; +http://www.bing.com/bingbot.htm)"
40.77.167.14 - - [02/Sep/2017:02:05:25 +0200] "GET /fuehrerscheine/bus HTTP/1.1" 200 2629 "-" "Mozilla/5.0 (compatible; bingbot/2.0; +http://www.bing.com/bingbot.htm)"
207.46.13.50 - - [02/Sep/2017:02:05:29 +0200] "GET /perg HTTP/1.1" 200 3515 "-" "Mozilla/5.0 (compatible; bingbot/2.0; +http://www.bing.com/bingbot.htm)"
40.77.167.14 - - [02/Sep/2017:02:05:35 +0200] "GET /radfahrschule HTTP/1.1" 200 3464 "-" "Mozilla/5.0 (compatible; bingbot/2.0; +http://www.bing.com/bingbot.htm)"
40.77.167.14 - - [02/Sep/2017:02:06:35 +0200] "GET /moedling HTTP/1.1" 200 3838 "-" "Mozilla/5.0 (compatible; bingbot/2.0; +http://www.bing.com/bingbot.htm)"
216.244.66.249 - - [02/Sep/2017:02:06:49 +0200] "GET /robots.txt HTTP/1.1" 200 178 "-" "Mozilla/5.0 (compatible; DotBot/1.1; http://www.opensiteexplorer.org/dotbot, help@moz.com)"
216.244.66.249 - - [02/Sep/2017:02:06:50 +0200] "GET /robots.txt HTTP/1.1" 301 392 "-" "Mozilla/5.0 (compatible; DotBot/1.1; http://www.opensiteexplorer.org/dotbot, help@moz.com)"
216.244.66.249 - - [02/Sep/2017:02:06:50 +0200] "GET /robots.txt HTTP/1.1" 200 178 "-" "Mozilla/5.0 (compatible; DotBot/1.1; http://www.opensiteexplorer.org/dotbot, help@moz.com)"
40.77.167.65 - - [02/Sep/2017:02:07:04 +0200] "GET /am.spitz HTTP/1.1" 200 3651 "-" "Mozilla/5.0 (compatible; bingbot/2.0; +http://www.bing.com/bingbot.htm)"
207.46.13.57 - - [02/Sep/2017:02:07:05 +0200] "GET /oberwart/kurse/ HTTP/1.1" 200 4422 "-" "Mozilla/5.0 (compatible; bingbot/2.0; +http://www.bing.com/bingbot.htm)"
217.250.189.246 - - [02/Sep/2017:02:07:08 +0200] "GET /binaries/easy-drivers-waidhofen-a-d-ybbs/karenzvertretungwypdf-2.pdf HTTP/1.1" 304 - "-" "Mozilla/5.0 (Windows; U; Windows NT 6.0; de; rv:1.9.2.3) Gecko/20100401 Firefox/3.6.3 ( .NET CLR 3.5.30729)"
207.46.13.50 - - [02/Sep/2017:02:07:11 +0200] "GET /spittelau HTTP/1.1" 200 3695 "-" "Mozilla/5.0 (compatible; bingbot/2.0; +http://www.bing.com/bingbot.htm)"
66.249.76.74 - - [02/Sep/2017:02:07:19 +0200] "GET /cache/emu/images/easy-drivers-portal10264989/volvojpg_131_90_0.jpg HTTP/1.1" 304 - "-" "Googlebot-Image/1.0"
77.243.183.80 - - [02/Sep/2017:02:08:02 +0200] "GET /img/new_favicon.ico HTTP/1.1" 200 1150 "-" "Mozilla/5.0 (Windows NT 6.1; WOW64; rv:55.0) Gecko/20100101 Firefox/55.0"
207.46.13.50 - - [02/Sep/2017:02:09:07 +0200] "GET /moedling HTTP/1.1" 200 3836 "-" "Mozilla/5.0 (compatible; bingbot/2.0; +http://www.bing.com/bingbot.htm)"
40.77.167.14 - - [02/Sep/2017:02:09:09 +0200] "GET /leonding HTTP/1.1" 200 3495 "-" "Mozilla/5.0 (compatible; bingbot/2.0; +http://www.bing.com/bingbot.htm)"
195.80.111.99 - - [02/Sep/2017:02:10:04 +0200] "GET / HTTP/1.1" 301 293 "-" "Mozilla/5.0 (X11; Ubuntu; Linux x86_64; rv:50.0) Gecko/20100101 Firefox/50.0"
195.80.111.99 - - [02/Sep/2017:02:10:04 +0200] "GET / HTTP/1.1" 200 4413 "-" "Mozilla/5.0 (X11; Ubuntu; Linux x86_64; rv:50.0) Gecko/20100101 Firefox/50.0"
195.80.111.99 - - [02/Sep/2017:02:10:04 +0200] "GET / HTTP/1.1" 200 4413 "-" "Mozilla/5.0 (X11; Ubuntu; Linux x86_64; rv:50.0) Gecko/20100101 Firefox/50.0"
195.80.111.99 - - [02/Sep/2017:02:10:05 +0200] "GET / HTTP/1.1" 200 4413 "-" "Mozilla/5.0 (X11; Ubuntu; Linux x86_64; rv:50.0) Gecko/20100101 Firefox/50.0"
195.80.111.99 - - [02/Sep/2017:02:10:06 +0200] "GET / HTTP/1.1" 200 4418 "-" "Mozilla/5.0 (X11; Ubuntu; Linux x86_64; rv:50.0) Gecko/20100101 Firefox/50.0"
40.77.167.14 - - [02/Sep/2017:02:10:24 +0200] "GET /krems HTTP/1.1" 200 3746 "-" "Mozilla/5.0 (compatible; bingbot/2.0; +http://www.bing.com/bingbot.htm)"
207.46.13.50 - - [02/Sep/2017:02:10:26 +0200] "GET /perg HTTP/1.1" 200 3515 "-" "Mozilla/5.0 (compatible; bingbot/2.0; +http://www.bing.com/bingbot.htm)"
40.77.167.14 - - [02/Sep/2017:02:10:26 +0200] "GET /amstetten HTTP/1.1" 200 3660 "-" "Mozilla/5.0 (compatible; bingbot/2.0; +http://www.bing.com/bingbot.htm)"
40.77.167.14 - - [02/Sep/2017:02:10:53 +0200] "GET /langenlois HTTP/1.1" 200 3455 "-" "Mozilla/5.0 (compatible; bingbot/2.0; +http://www.bing.com/bingbot.htm)"
40.77.167.14 - - [02/Sep/2017:02:11:09 +0200] "GET /radfahrschule HTTP/1.1" 200 3464 "-" "Mozilla/5.0 (compatible; bingbot/2.0; +http://www.bing.com/bingbot.htm)"
207.46.13.57 - - [02/Sep/2017:02:11:28 +0200] "GET /linz HTTP/1.1" 200 3381 "-" "Mozilla/5.0 (compatible; bingbot/2.0; +http://www.bing.com/bingbot.htm)"
207.46.13.50 - - [02/Sep/2017:02:12:38 +0200] "GET /perg HTTP/1.1" 200 3514 "-" "Mozilla/5.0 (compatible; bingbot/2.0; +http://www.bing.com/bingbot.htm)"
216.244.66.248 - - [02/Sep/2017:02:12:40 +0200] "GET /robots.txt HTTP/1.1" 301 397 "-" "Mozilla/5.0 (compatible; DotBot/1.1; http://www.opensiteexplorer.org/dotbot, help@moz.com)"
216.244.66.248 - - [02/Sep/2017:02:12:42 +0200] "GET /robots.txt HTTP/1.1" 200 178 "-" "Mozilla/5.0 (compatible; DotBot/1.1; http://www.opensiteexplorer.org/dotbot, help@moz.com)"
217.182.132.18 - - [02/Sep/2017:02:12:55 +0200] "GET /brigittenau/aktionen HTTP/1.1" 200 3541 "-" "Mozilla/5.0 (compatible; AhrefsBot/5.2; +http://ahrefs.com/robot/)"
66.249.76.76 - - [02/Sep/2017:02:12:55 +0200] "GET /perg/kurse HTTP/1.1" 200 4441 "-" "Mozilla/5.0 (compatible; Googlebot/2.1; +http://www.google.com/bot.html)"
207.46.13.57 - - [02/Sep/2017:02:13:20 +0200] "GET /bruck.leitha HTTP/1.1" 200 3474 "-" "Mozilla/5.0 (compatible; bingbot/2.0; +http://www.bing.com/bingbot.htm)"
207.46.13.57 - - [02/Sep/2017:02:13:23 +0200] "GET /ennstal.schladming HTTP/1.1" 200 3627 "-" "Mozilla/5.0 (compatible; bingbot/2.0; +http://www.bing.com/bingbot.htm)"
207.46.13.50 - - [02/Sep/2017:02:13:34 +0200] "GET /spittelau HTTP/1.1" 200 3695 "-" "Mozilla/5.0 (compatible; bingbot/2.0; +http://www.bing.com/bingbot.htm)"
66.249.92.136 - - [02/Sep/2017:02:15:00 +0200] "GET /css/print.css HTTP/1.1" 200 967 "http://www.easydrivers.at/zwettl" "AdsBot-Google (+http://www.google.com/adsbot.html)"
66.249.92.138 - - [02/Sep/2017:02:15:01 +0200] "GET /javascript/fahrschule.js HTTP/1.1" 200 462 "http://www.easydrivers.at/zwettl" "AdsBot-Google (+http://www.google.com/adsbot.html)"
66.249.92.136 - - [02/Sep/2017:02:15:02 +0200] "GET /javascript/jquery.customSelect.min.js HTTP/1.1" 200 912 "http://www.easydrivers.at/zwettl" "AdsBot-Google (+http://www.google.com/adsbot.html)"
66.249.92.138 - - [02/Sep/2017:02:15:02 +0200] "GET /javascript/portal.js?1221842734 HTTP/1.1" 200 3529 "http://www.easydrivers.at/zwettl" "AdsBot-Google (+http://www.google.com/adsbot.html)"
66.249.92.136 - - [02/Sep/2017:02:15:03 +0200] "GET /javascript/jquery.simplemodal.js HTTP/1.1" 200 3070 "http://www.easydrivers.at/zwettl" "AdsBot-Google (+http://www.google.com/adsbot.html)"
66.249.92.138 - - [02/Sep/2017:02:15:03 +0200] "GET /css/style.css HTTP/1.1" 200 5004 "http://www.easydrivers.at/zwettl" "AdsBot-Google (+http://www.google.com/adsbot.html)"
66.249.92.139 - - [02/Sep/2017:02:15:04 +0200] "GET /javascript/jquery.cookie.js HTTP/1.1" 200 863 "http://www.easydrivers.at/zwettl" "AdsBot-Google (+http://www.google.com/adsbot.html)"
66.249.92.138 - - [02/Sep/2017:02:15:04 +0200] "GET /javascript/lazyload.js HTTP/1.1" 200 1170 "http://www.easydrivers.at/zwettl" "AdsBot-Google (+http://www.google.com/adsbot.html)"
40.77.167.14 - - [02/Sep/2017:02:15:09 +0200] "GET /eisenstadt HTTP/1.1" 200 3412 "-" "Mozilla/5.0 (compatible; bingbot/2.0; +http://www.bing.com/bingbot.htm)"
40.77.167.65 - - [02/Sep/2017:02:15:10 +0200] "GET /guessing HTTP/1.1" 200 3494 "-" "Mozilla/5.0 (compatible; bingbot/2.0; +http://www.bing.com/bingbot.htm)"
207.46.13.50 - - [02/Sep/2017:02:15:12 +0200] "GET /kapfenberg.pankl HTTP/1.1" 200 3708 "-" "Mozilla/5.0 (compatible; bingbot/2.0; +http://www.bing.com/bingbot.htm)"
40.77.167.65 - - [02/Sep/2017:02:15:14 +0200] "GET /jennersdorf HTTP/1.1" 200 3474 "-" "Mozilla/5.0 (compatible; bingbot/2.0; +http://www.bing.com/bingbot.htm)"
207.46.13.50 - - [02/Sep/2017:02:15:15 +0200] "GET /oberwart HTTP/1.1" 200 3647 "-" "Mozilla/5.0 (compatible; bingbot/2.0; +http://www.bing.com/bingbot.htm)"
40.77.167.65 - - [02/Sep/2017:02:15:16 +0200] "GET /easy_drivers_st._peterau HTTP/1.1" 200 3685 "-" "Mozilla/5.0 (compatible; bingbot/2.0; +http://www.bing.com/bingbot.htm)"
66.249.76.76 - - [02/Sep/2017:02:15:27 +0200] "GET /klagenfurt/10248829 HTTP/1.1" 200 3059 "-" "Mozilla/5.0 (compatible; Googlebot/2.1; +http://www.google.com/bot.html)"
207.46.13.57 - - [02/Sep/2017:02:15:29 +0200] "GET /krumbach HTTP/1.1" 200 3741 "-" "Mozilla/5.0 (compatible; bingbot/2.0; +http://www.bing.com/bingbot.htm)"
207.46.13.57 - - [02/Sep/2017:02:15:32 +0200] "GET /linz HTTP/1.1" 200 3381 "-" "Mozilla/5.0 (compatible; bingbot/2.0; +http://www.bing.com/bingbot.htm)"
40.77.167.14 - - [02/Sep/2017:02:15:34 +0200] "GET /fuehrerscheine/lkw HTTP/1.1" 200 2686 "-" "Mozilla/5.0 (compatible; bingbot/2.0; +http://www.bing.com/bingbot.htm)"
207.46.13.50 - - [02/Sep/2017:02:16:30 +0200] "GET /perg HTTP/1.1" 200 3514 "-" "Mozilla/5.0 (compatible; bingbot/2.0; +http://www.bing.com/bingbot.htm)"
66.249.92.139 - - [02/Sep/2017:02:16:42 +0200] "GET /javascript/mobile-menu.js HTTP/1.1" 200 1634 "http://www.easydrivers.at/moedling/10288746?FS=B" "Mozilla/5.0 (iPhone; CPU iPhone OS 9_1 like Mac OS X) AppleWebKit/601.1.46 (KHTML, like Gecko) Version/9.0 Mobile/13B143 Safari/601.1 (compatible; AdsBot-Google-Mobile; +http://www.google.com/mobile/adsbot.html)"
207.46.13.57 - - [02/Sep/2017:02:16:40 +0200] "GET /ennstal.schladming HTTP/1.1" 200 3627 "-" "Mozilla/5.0 (compatible; bingbot/2.0; +http://www.bing.com/bingbot.htm)"
66.249.92.138 - - [02/Sep/2017:02:16:43 +0200] "GET /img/smallicon-person.png HTTP/1.1" 200 1141 "http://www.easydrivers.at/moedling/10288746?FS=B" "Mozilla/5.0 (iPhone; CPU iPhone OS 9_1 like Mac OS X) AppleWebKit/601.1.46 (KHTML, like Gecko) Version/9.0 Mobile/13B143 Safari/601.1 (compatible; AdsBot-Google-Mobile; +http://www.google.com/mobile/adsbot.html)"
66.249.92.136 - - [02/Sep/2017:02:16:43 +0200] "GET /img/mobile/easydrivers-logo-mobile.png HTTP/1.1" 200 10766 "http://www.easydrivers.at/moedling/10288746?FS=B" "Mozilla/5.0 (iPhone; CPU iPhone OS 9_1 like Mac OS X) AppleWebKit/601.1.46 (KHTML, like Gecko) Version/9.0 Mobile/13B143 Safari/601.1 (compatible; AdsBot-Google-Mobile; +http://www.google.com/mobile/adsbot.html)"
66.249.92.139 - - [02/Sep/2017:02:16:44 +0200] "GET /javascript/jquery-1.9.1.min.js HTTP/1.1" 200 32731 "http://www.easydrivers.at/moedling/10288746?FS=B" "Mozilla/5.0 (iPhone; CPU iPhone OS 9_1 like Mac OS X) AppleWebKit/601.1.46 (KHTML, like Gecko) Version/9.0 Mobile/13B143 Safari/601.1 (compatible; AdsBot-Google-Mobile; +http://www.google.com/mobile/adsbot.html)"
66.249.92.139 - - [02/Sep/2017:02:16:44 +0200] "GET /javascript/jquery.simplemodal.js HTTP/1.1" 200 3070 "http://www.easydrivers.at/moedling/10288746?FS=B" "Mozilla/5.0 (iPhone; CPU iPhone OS 9_1 like Mac OS X) AppleWebKit/601.1.46 (KHTML, like Gecko) Version/9.0 Mobile/13B143 Safari/601.1 (compatible; AdsBot-Google-Mobile; +http://www.google.com/mobile/adsbot.html)"
66.249.92.136 - - [02/Sep/2017:02:16:45 +0200] "GET /img/smallicon-mail.png HTTP/1.1" 200 1341 "http://www.easydrivers.at/moedling/10288746?FS=B" "Mozilla/5.0 (iPhone; CPU iPhone OS 9_1 like Mac OS X) AppleWebKit/601.1.46 (KHTML, like Gecko) Version/9.0 Mobile/13B143 Safari/601.1 (compatible; AdsBot-Google-Mobile; +http://www.google.com/mobile/adsbot.html)"
66.249.92.138 - - [02/Sep/2017:02:16:45 +0200] "GET /img/mobile/facebook-icon.png HTTP/1.1" 200 1902 "http://www.easydrivers.at/moedling/10288746?FS=B" "Mozilla/5.0 (iPhone; CPU iPhone OS 9_1 like Mac OS X) AppleWebKit/601.1.46 (KHTML, like Gecko) Version/9.0 Mobile/13B143 Safari/601.1 (compatible; AdsBot-Google-Mobile; +http://www.google.com/mobile/adsbot.html)"
207.46.13.57 - - [02/Sep/2017:02:16:43 +0200] "GET /eisenerz.pankl HTTP/1.1" 200 3048 "-" "Mozilla/5.0 (compatible; bingbot/2.0; +http://www.bing.com/bingbot.htm)"
66.249.92.136 - - [02/Sep/2017:02:16:46 +0200] "GET /javascript/mobile-fahrschule.js HTTP/1.1" 200 328 "http://www.easydrivers.at/moedling/10288746?FS=B" "Mozilla/5.0 (iPhone; CPU iPhone OS 9_1 like Mac OS X) AppleWebKit/601.1.46 (KHTML, like Gecko) Version/9.0 Mobile/13B143 Safari/601.1 (compatible; AdsBot-Google-Mobile; +http://www.google.com/mobile/adsbot.html)"
66.249.92.138 - - [02/Sep/2017:02:16:46 +0200] "GET /img/mobile/info-close-button.png HTTP/1.1" 200 1721 "http://www.easydrivers.at/moedling/10288746?FS=B" "Mozilla/5.0 (iPhone; CPU iPhone OS 9_1 like Mac OS X) AppleWebKit/601.1.46 (KHTML, like Gecko) Version/9.0 Mobile/13B143 Safari/601.1 (compatible; AdsBot-Google-Mobile; +http://www.google.com/mobile/adsbot.html)"
66.249.92.136 - - [02/Sep/2017:02:16:47 +0200] "GET /img/smallicon-time.png HTTP/1.1" 200 1262 "http://www.easydrivers.at/moedling/10288746?FS=B" "Mozilla/5.0 (iPhone; CPU iPhone OS 9_1 like Mac OS X) AppleWebKit/601.1.46 (KHTML, like Gecko) Version/9.0 Mobile/13B143 Safari/601.1 (compatible; AdsBot-Google-Mobile; +http://www.google.com/mobile/adsbot.html)"
66.249.92.138 - - [02/Sep/2017:02:16:47 +0200] "GET /img/mobile/kursicon-share.png HTTP/1.1" 200 2065 "http://www.easydrivers.at/moedling/10288746?FS=B" "Mozilla/5.0 (iPhone; CPU iPhone OS 9_1 like Mac OS X) AppleWebKit/601.1.46 (KHTML, like Gecko) Version/9.0 Mobile/13B143 Safari/601.1 (compatible; AdsBot-Google-Mobile; +http://www.google.com/mobile/adsbot.html)"
66.249.92.136 - - [02/Sep/2017:02:16:47 +0200] "GET /css/mobile.css HTTP/1.1" 200 2852 "http://www.easydrivers.at/moedling/10288746?FS=B" "Mozilla/5.0 (iPhone; CPU iPhone OS 9_1 like Mac OS X) AppleWebKit/601.1.46 (KHTML, like Gecko) Version/9.0 Mobile/13B143 Safari/601.1 (compatible; AdsBot-Google-Mobile; +http://www.google.com/mobile/adsbot.html)"
66.249.92.136 - - [02/Sep/2017:02:16:48 +0200] "GET /javascript/lazyload.js HTTP/1.1" 200 1170 "http://www.easydrivers.at/moedling/10288746?FS=B" "Mozilla/5.0 (iPhone; CPU iPhone OS 9_1 like Mac OS X) AppleWebKit/601.1.46 (KHTML, like Gecko) Version/9.0 Mobile/13B143 Safari/601.1 (compatible; AdsBot-Google-Mobile; +http://www.google.com/mobile/adsbot.html)"
66.249.92.138 - - [02/Sep/2017:02:16:48 +0200] "GET /img/smallicon-phone.png HTTP/1.1" 200 3056 "http://www.easydrivers.at/moedling/10288746?FS=B" "Mozilla/5.0 (iPhone; CPU iPhone OS 9_1 like Mac OS X) AppleWebKit/601.1.46 (KHTML, like Gecko) Version/9.0 Mobile/13B143 Safari/601.1 (compatible; AdsBot-Google-Mobile; +http://www.google.com/mobile/adsbot.html)"
66.249.92.136 - - [02/Sep/2017:02:16:49 +0200] "GET /img/smallicon-address.png HTTP/1.1" 200 1211 "http://www.easydrivers.at/moedling/10288746?FS=B" "Mozilla/5.0 (iPhone; CPU iPhone OS 9_1 like Mac OS X) AppleWebKit/601.1.46 (KHTML, like Gecko) Version/9.0 Mobile/13B143 Safari/601.1 (compatible; AdsBot-Google-Mobile; +http://www.google.com/mobile/adsbot.html)"
66.249.92.138 - - [02/Sep/2017:02:16:49 +0200] "GET /img/mobile/kursicon-phone.png HTTP/1.1" 200 1932 "http://www.easydrivers.at/moedling/10288746?FS=B" "Mozilla/5.0 (iPhone; CPU iPhone OS 9_1 like Mac OS X) AppleWebKit/601.1.46 (KHTML, like Gecko) Version/9.0 Mobile/13B143 Safari/601.1 (compatible; AdsBot-Google-Mobile; +http://www.google.com/mobile/adsbot.html)"
66.249.92.136 - - [02/Sep/2017:02:16:50 +0200] "GET /img/mobile/smallicon-mail.png HTTP/1.1" 200 1335 "http://www.easydrivers.at/moedling/10288746?FS=B" "Mozilla/5.0 (iPhone; CPU iPhone OS 9_1 like Mac OS X) AppleWebKit/601.1.46 (KHTML, like Gecko) Version/9.0 Mobile/13B143 Safari/601.1 (compatible; AdsBot-Google-Mobile; +http://www.google.com/mobile/adsbot.html)"
66.249.92.138 - - [02/Sep/2017:02:16:50 +0200] "GET /img/mobile/menu-button.png HTTP/1.1" 200 1746 "http://www.easydrivers.at/moedling/10288746?FS=B" "Mozilla/5.0 (iPhone; CPU iPhone OS 9_1 like Mac OS X) AppleWebKit/601.1.46 (KHTML, like Gecko) Version/9.0 Mobile/13B143 Safari/601.1 (compatible; AdsBot-Google-Mobile; +http://www.google.com/mobile/adsbot.html)"
66.249.92.136 - - [02/Sep/2017:02:16:51 +0200] "GET /img/mobile/info-button.png HTTP/1.1" 200 1549 "http://www.easydrivers.at/moedling/10288746?FS=B" "Mozilla/5.0 (iPhone; CPU iPhone OS 9_1 like Mac OS X) AppleWebKit/601.1.46 (KHTML, like Gecko) Version/9.0 Mobile/13B143 Safari/601.1 (compatible; AdsBot-Google-Mobile; +http://www.google.com/mobile/adsbot.html)"
66.249.92.136 - - [02/Sep/2017:02:16:51 +0200] "GET /javascript/jquery.cookie.js HTTP/1.1" 200 863 "http://www.easydrivers.at/moedling/10288746?FS=B" "Mozilla/5.0 (iPhone; CPU iPhone OS 9_1 like Mac OS X) AppleWebKit/601.1.46 (KHTML, like Gecko) Version/9.0 Mobile/13B143 Safari/601.1 (compatible; AdsBot-Google-Mobile; +http://www.google.com/mobile/adsbot.html)"
66.249.92.136 - - [02/Sep/2017:02:16:52 +0200] "GET /img/mobile/close-button.png HTTP/1.1" 200 2411 "http://www.easydrivers.at/moedling/10288746?FS=B" "Mozilla/5.0 (iPhone; CPU iPhone OS 9_1 like Mac OS X) AppleWebKit/601.1.46 (KHTML, like Gecko) Version/9.0 Mobile/13B143 Safari/601.1 (compatible; AdsBot-Google-Mobile; +http://www.google.com/mobile/adsbot.html)"
66.249.92.136 - - [02/Sep/2017:02:16:52 +0200] "GET /img/mobile/googlemaps-pin.png HTTP/1.1" 200 1597 "http://www.easydrivers.at/moedling/10288746?FS=B" "Mozilla/5.0 (iPhone; CPU iPhone OS 9_1 like Mac OS X) AppleWebKit/601.1.46 (KHTML, like Gecko) Version/9.0 Mobile/13B143 Safari/601.1 (compatible; AdsBot-Google-Mobile; +http://www.google.com/mobile/adsbot.html)"
66.249.92.136 - - [02/Sep/2017:02:16:53 +0200] "GET /img/mobile/smallicon-phone.png HTTP/1.1" 200 1311 "http://www.easydrivers.at/moedling/10288746?FS=B" "Mozilla/5.0 (iPhone; CPU iPhone OS 9_1 like Mac OS X) AppleWebKit/601.1.46 (KHTML, like Gecko) Version/9.0 Mobile/13B143 Safari/601.1 (compatible; AdsBot-Google-Mobile; +http://www.google.com/mobile/adsbot.html)"
66.249.92.136 - - [02/Sep/2017:02:16:53 +0200] "GET /img/mobile/bg-top-section.jpg HTTP/1.1" 200 21711 "http://www.easydrivers.at/css/mobile.css" "Mozilla/5.0 (iPhone; CPU iPhone OS 9_1 like Mac OS X) AppleWebKit/601.1.46 (KHTML, like Gecko) Version/9.0 Mobile/13B143 Safari/601.1 (compatible; AdsBot-Google-Mobile; +http://www.google.com/mobile/adsbot.html)"
66.249.92.136 - - [02/Sep/2017:02:16:53 +0200] "GET /img/mobile/bg-header.jpg HTTP/1.1" 200 19741 "http://www.easydrivers.at/css/mobile.css" "Mozilla/5.0 (iPhone; CPU iPhone OS 9_1 like Mac OS X) AppleWebKit/601.1.46 (KHTML, like Gecko) Version/9.0 Mobile/13B143 Safari/601.1 (compatible; AdsBot-Google-Mobile; +http://www.google.com/mobile/adsbot.html)"
66.249.92.136 - - [02/Sep/2017:02:16:54 +0200] "GET /img/mobile/bg-menu.jpg HTTP/1.1" 200 1698 "http://www.easydrivers.at/css/mobile.css" "Mozilla/5.0 (iPhone; CPU iPhone OS 9_1 like Mac OS X) AppleWebKit/601.1.46 (KHTML, like Gecko) Version/9.0 Mobile/13B143 Safari/601.1 (compatible; AdsBot-Google-Mobile; +http://www.google.com/mobile/adsbot.html)"
66.249.92.136 - - [02/Sep/2017:02:16:54 +0200] "GET /img/mobile/pfeil-rechts-small.png HTTP/1.1" 200 1056 "http://www.easydrivers.at/css/mobile.css" "Mozilla/5.0 (iPhone; CPU iPhone OS 9_1 like Mac OS X) AppleWebKit/601.1.46 (KHTML, like Gecko) Version/9.0 Mobile/13B143 Safari/601.1 (compatible; AdsBot-Google-Mobile; +http://www.google.com/mobile/adsbot.html)"
66.249.92.136 - - [02/Sep/2017:02:16:55 +0200] "GET /img/mobile/bg-yellow.jpg HTTP/1.1" 200 1569 "http://www.easydrivers.at/css/mobile.css" "Mozilla/5.0 (iPhone; CPU iPhone OS 9_1 like Mac OS X) AppleWebKit/601.1.46 (KHTML, like Gecko) Version/9.0 Mobile/13B143 Safari/601.1 (compatible; AdsBot-Google-Mobile; +http://www.google.com/mobile/adsbot.html)"
66.249.92.136 - - [02/Sep/2017:02:16:55 +0200] "GET /img/mobile/pfeil-links-small.png HTTP/1.1" 200 1065 "http://www.easydrivers.at/css/mobile.css" "Mozilla/5.0 (iPhone; CPU iPhone OS 9_1 like Mac OS X) AppleWebKit/601.1.46 (KHTML, like Gecko) Version/9.0 Mobile/13B143 Safari/601.1 (compatible; AdsBot-Google-Mobile; +http://www.google.com/mobile/adsbot.html)"
217.182.132.156 - - [02/Sep/2017:02:17:55 +0200] "GET /easy_drivers_st._peterau/Inhaberdaten HTTP/1.1" 200 3787 "-" "Mozilla/5.0 (compatible; AhrefsBot/5.2; +http://ahrefs.com/robot/)"
207.46.13.50 - - [02/Sep/2017:02:17:56 +0200] "GET /voesendorf HTTP/1.1" 200 3796 "-" "Mozilla/5.0 (compatible; bingbot/2.0; +http://www.bing.com/bingbot.htm)"
40.77.167.65 - - [02/Sep/2017:02:18:08 +0200] "GET /links HTTP/1.1" 200 2319 "-" "Mozilla/5.0 (compatible; bingbot/2.0; +http://www.bing.com/bingbot.htm)"
40.77.167.65 - - [02/Sep/2017:02:18:10 +0200] "GET /jennersdorf HTTP/1.1" 200 3474 "-" "Mozilla/5.0 (compatible; bingbot/2.0; +http://www.bing.com/bingbot.htm)"
207.46.13.50 - - [02/Sep/2017:02:18:21 +0200] "GET /kapfenberg.pankl HTTP/1.1" 200 3708 "-" "Mozilla/5.0 (compatible; bingbot/2.0; +http://www.bing.com/bingbot.htm)"
207.46.13.50 - - [02/Sep/2017:02:18:31 +0200] "GET /oberwart HTTP/1.1" 200 3647 "-" "Mozilla/5.0 (compatible; bingbot/2.0; +http://www.bing.com/bingbot.htm)"
84.115.11.243 - - [02/Sep/2017:02:18:31 +0200] "GET /wr.neustadt HTTP/1.1" 200 2986 "http://www.easydrivers.at/wr.neustadt" "Mozilla/5.0 (Linux; Android 6.0; LG-H815 Build/MRA58K) AppleWebKit/537.36 (KHTML, like Gecko) Chrome/60.0.3112.107 Mobile Safari/537.36"
84.115.11.243 - - [02/Sep/2017:02:18:34 +0200] "GET /img/favicon.ico HTTP/1.1" 404 300 "http://www.easydrivers.at/wr.neustadt" "Mozilla/5.0 (Linux; Android 6.0; LG-H815 Build/MRA58K) AppleWebKit/537.36 (KHTML, like Gecko) Chrome/60.0.3112.107 Mobile Safari/537.36"
194.166.198.122 - - [02/Sep/2017:02:18:37 +0200] "GET /brigittenau HTTP/1.1" 200 2930 "-" "Mozilla/5.0 (iPhone; CPU iPhone OS 10_3_3 like Mac OS X) AppleWebKit/603.3.8 (KHTML, like Gecko) Version/10.0 Mobile/14G60 Safari/602.1"
194.166.198.122 - - [02/Sep/2017:02:18:39 +0200] "GET /css/mobile.css HTTP/1.1" 200 2852 "http://www.easydrivers.at/brigittenau" "Mozilla/5.0 (iPhone; CPU iPhone OS 10_3_3 like Mac OS X) AppleWebKit/603.3.8 (KHTML, like Gecko) Version/10.0 Mobile/14G60 Safari/602.1"
194.166.198.122 - - [02/Sep/2017:02:18:39 +0200] "GET /javascript/jquery-1.9.1.min.js HTTP/1.1" 200 32731 "http://www.easydrivers.at/brigittenau" "Mozilla/5.0 (iPhone; CPU iPhone OS 10_3_3 like Mac OS X) AppleWebKit/603.3.8 (KHTML, like Gecko) Version/10.0 Mobile/14G60 Safari/602.1"
194.166.198.122 - - [02/Sep/2017:02:18:39 +0200] "GET /javascript/jquery.cookie.js HTTP/1.1" 200 863 "http://www.easydrivers.at/brigittenau" "Mozilla/5.0 (iPhone; CPU iPhone OS 10_3_3 like Mac OS X) AppleWebKit/603.3.8 (KHTML, like Gecko) Version/10.0 Mobile/14G60 Safari/602.1"
194.166.198.122 - - [02/Sep/2017:02:18:39 +0200] "GET /javascript/mobile-menu.js HTTP/1.1" 200 1634 "http://www.easydrivers.at/brigittenau" "Mozilla/5.0 (iPhone; CPU iPhone OS 10_3_3 like Mac OS X) AppleWebKit/603.3.8 (KHTML, like Gecko) Version/10.0 Mobile/14G60 Safari/602.1"
194.166.198.122 - - [02/Sep/2017:02:18:39 +0200] "GET /javascript/jquery.simplemodal.js HTTP/1.1" 200 3070 "http://www.easydrivers.at/brigittenau" "Mozilla/5.0 (iPhone; CPU iPhone OS 10_3_3 like Mac OS X) AppleWebKit/603.3.8 (KHTML, like Gecko) Version/10.0 Mobile/14G60 Safari/602.1"
194.166.198.122 - - [02/Sep/2017:02:18:39 +0200] "GET /javascript/lazyload.js HTTP/1.1" 200 1170 "http://www.easydrivers.at/brigittenau" "Mozilla/5.0 (iPhone; CPU iPhone OS 10_3_3 like Mac OS X) AppleWebKit/603.3.8 (KHTML, like Gecko) Version/10.0 Mobile/14G60 Safari/602.1"
194.166.198.122 - - [02/Sep/2017:02:18:39 +0200] "GET /javascript/mobile-fahrschule.js HTTP/1.1" 200 328 "http://www.easydrivers.at/brigittenau" "Mozilla/5.0 (iPhone; CPU iPhone OS 10_3_3 like Mac OS X) AppleWebKit/603.3.8 (KHTML, like Gecko) Version/10.0 Mobile/14G60 Safari/602.1"
194.166.198.122 - - [02/Sep/2017:02:18:39 +0200] "GET /img/mobile/easydrivers-logo-mobile.png HTTP/1.1" 200 10766 "http://www.easydrivers.at/brigittenau" "Mozilla/5.0 (iPhone; CPU iPhone OS 10_3_3 like Mac OS X) AppleWebKit/603.3.8 (KHTML, like Gecko) Version/10.0 Mobile/14G60 Safari/602.1"
194.166.198.122 - - [02/Sep/2017:02:18:39 +0200] "GET /img/mobile/close-button.png HTTP/1.1" 200 2411 "http://www.easydrivers.at/brigittenau" "Mozilla/5.0 (iPhone; CPU iPhone OS 10_3_3 like Mac OS X) AppleWebKit/603.3.8 (KHTML, like Gecko) Version/10.0 Mobile/14G60 Safari/602.1"
194.166.198.122 - - [02/Sep/2017:02:18:39 +0200] "GET /img/mobile/menu-button.png HTTP/1.1" 200 1746 "http://www.easydrivers.at/brigittenau" "Mozilla/5.0 (iPhone; CPU iPhone OS 10_3_3 like Mac OS X) AppleWebKit/603.3.8 (KHTML, like Gecko) Version/10.0 Mobile/14G60 Safari/602.1"
194.166.198.122 - - [02/Sep/2017:02:18:39 +0200] "GET /img/mobile/facebook-icon.png HTTP/1.1" 200 1902 "http://www.easydrivers.at/brigittenau" "Mozilla/5.0 (iPhone; CPU iPhone OS 10_3_3 like Mac OS X) AppleWebKit/603.3.8 (KHTML, like Gecko) Version/10.0 Mobile/14G60 Safari/602.1"
194.166.198.122 - - [02/Sep/2017:02:18:39 +0200] "GET /img/mobile/info-button.png HTTP/1.1" 200 1549 "http://www.easydrivers.at/brigittenau" "Mozilla/5.0 (iPhone; CPU iPhone OS 10_3_3 like Mac OS X) AppleWebKit/603.3.8 (KHTML, like Gecko) Version/10.0 Mobile/14G60 Safari/602.1"
194.166.198.122 - - [02/Sep/2017:02:18:39 +0200] "GET /img/mobile/info-close-button.png HTTP/1.1" 200 1721 "http://www.easydrivers.at/brigittenau" "Mozilla/5.0 (iPhone; CPU iPhone OS 10_3_3 like Mac OS X) AppleWebKit/603.3.8 (KHTML, like Gecko) Version/10.0 Mobile/14G60 Safari/602.1"
194.166.198.122 - - [02/Sep/2017:02:18:39 +0200] "GET /img/smallicon-person.png HTTP/1.1" 200 1141 "http://www.easydrivers.at/brigittenau" "Mozilla/5.0 (iPhone; CPU iPhone OS 10_3_3 like Mac OS X) AppleWebKit/603.3.8 (KHTML, like Gecko) Version/10.0 Mobile/14G60 Safari/602.1"
194.166.198.122 - - [02/Sep/2017:02:18:39 +0200] "GET /img/smallicon-address.png HTTP/1.1" 200 1211 "http://www.easydrivers.at/brigittenau" "Mozilla/5.0 (iPhone; CPU iPhone OS 10_3_3 like Mac OS X) AppleWebKit/603.3.8 (KHTML, like Gecko) Version/10.0 Mobile/14G60 Safari/602.1"
194.166.198.122 - - [02/Sep/2017:02:18:39 +0200] "GET /img/mobile/googlemaps-pin.png HTTP/1.1" 200 1597 "http://www.easydrivers.at/brigittenau" "Mozilla/5.0 (iPhone; CPU iPhone OS 10_3_3 like Mac OS X) AppleWebKit/603.3.8 (KHTML, like Gecko) Version/10.0 Mobile/14G60 Safari/602.1"
194.166.198.122 - - [02/Sep/2017:02:18:39 +0200] "GET /img/smallicon-time.png HTTP/1.1" 200 1262 "http://www.easydrivers.at/brigittenau" "Mozilla/5.0 (iPhone; CPU iPhone OS 10_3_3 like Mac OS X) AppleWebKit/603.3.8 (KHTML, like Gecko) Version/10.0 Mobile/14G60 Safari/602.1"
194.166.198.122 - - [02/Sep/2017:02:18:39 +0200] "GET /img/smallicon-phone.png HTTP/1.1" 200 3056 "http://www.easydrivers.at/brigittenau" "Mozilla/5.0 (iPhone; CPU iPhone OS 10_3_3 like Mac OS X) AppleWebKit/603.3.8 (KHTML, like Gecko) Version/10.0 Mobile/14G60 Safari/602.1"
194.166.198.122 - - [02/Sep/2017:02:18:39 +0200] "GET /img/smallicon-mail.png HTTP/1.1" 200 1341 "http://www.easydrivers.at/brigittenau" "Mozilla/5.0 (iPhone; CPU iPhone OS 10_3_3 like Mac OS X) AppleWebKit/603.3.8 (KHTML, like Gecko) Version/10.0 Mobile/14G60 Safari/602.1"
194.166.198.122 - - [02/Sep/2017:02:18:39 +0200] "GET /img/mobile/widget-icon-app.png HTTP/1.1" 200 3458 "http://www.easydrivers.at/brigittenau" "Mozilla/5.0 (iPhone; CPU iPhone OS 10_3_3 like Mac OS X) AppleWebKit/603.3.8 (KHTML, like Gecko) Version/10.0 Mobile/14G60 Safari/602.1"
194.166.198.122 - - [02/Sep/2017:02:18:39 +0200] "GET /img/mobile/bg-header.jpg HTTP/1.1" 200 19741 "http://www.easydrivers.at/brigittenau" "Mozilla/5.0 (iPhone; CPU iPhone OS 10_3_3 like Mac OS X) AppleWebKit/603.3.8 (KHTML, like Gecko) Version/10.0 Mobile/14G60 Safari/602.1"
194.166.198.122 - - [02/Sep/2017:02:18:39 +0200] "GET /img/mobile/bg-menu.jpg HTTP/1.1" 200 1698 "http://www.easydrivers.at/brigittenau" "Mozilla/5.0 (iPhone; CPU iPhone OS 10_3_3 like Mac OS X) AppleWebKit/603.3.8 (KHTML, like Gecko) Version/10.0 Mobile/14G60 Safari/602.1"
194.166.198.122 - - [02/Sep/2017:02:18:40 +0200] "GET /img/mobile/bg-top-section.jpg HTTP/1.1" 200 21711 "http://www.easydrivers.at/brigittenau" "Mozilla/5.0 (iPhone; CPU iPhone OS 10_3_3 like Mac OS X) AppleWebKit/603.3.8 (KHTML, like Gecko) Version/10.0 Mobile/14G60 Safari/602.1"
194.166.198.122 - - [02/Sep/2017:02:18:40 +0200] "GET /img/mobile/pfeil-rechts.png HTTP/1.1" 200 1228 "http://www.easydrivers.at/brigittenau" "Mozilla/5.0 (iPhone; CPU iPhone OS 10_3_3 like Mac OS X) AppleWebKit/603.3.8 (KHTML, like Gecko) Version/10.0 Mobile/14G60 Safari/602.1"
40.77.167.14 - - [02/Sep/2017:02:18:46 +0200] "GET /eisenstadt HTTP/1.1" 200 3412 "-" "Mozilla/5.0 (compatible; bingbot/2.0; +http://www.bing.com/bingbot.htm)"
40.77.167.14 - - [02/Sep/2017:02:18:48 +0200] "GET /fuehrerscheine/lkw HTTP/1.1" 200 2686 "-" "Mozilla/5.0 (compatible; bingbot/2.0; +http://www.bing.com/bingbot.htm)"
194.166.198.122 - - [02/Sep/2017:02:18:53 +0200] "POST /brigittenau/kursauswahl HTTP/1.1" 200 3031 "http://www.easydrivers.at/brigittenau" "Mozilla/5.0 (iPhone; CPU iPhone OS 10_3_3 like Mac OS X) AppleWebKit/603.3.8 (KHTML, like Gecko) Version/10.0 Mobile/14G60 Safari/602.1"
194.166.198.122 - - [02/Sep/2017:02:18:56 +0200] "GET /javascript/mobile-fahrschule-kurs-suchergebnis.js HTTP/1.1" 200 274 "http://www.easydrivers.at/brigittenau/kursauswahl" "Mozilla/5.0 (iPhone; CPU iPhone OS 10_3_3 like Mac OS X) AppleWebKit/603.3.8 (KHTML, like Gecko) Version/10.0 Mobile/14G60 Safari/602.1"
194.166.198.122 - - [02/Sep/2017:02:18:56 +0200] "GET /img/mobile/pfeil-links-small.png HTTP/1.1" 200 1065 "http://www.easydrivers.at/brigittenau/kursauswahl" "Mozilla/5.0 (iPhone; CPU iPhone OS 10_3_3 like Mac OS X) AppleWebKit/603.3.8 (KHTML, like Gecko) Version/10.0 Mobile/14G60 Safari/602.1"
194.166.198.122 - - [02/Sep/2017:02:18:56 +0200] "GET /img/mobile/bg-yellow.jpg HTTP/1.1" 200 1569 "http://www.easydrivers.at/brigittenau/kursauswahl" "Mozilla/5.0 (iPhone; CPU iPhone OS 10_3_3 like Mac OS X) AppleWebKit/603.3.8 (KHTML, like Gecko) Version/10.0 Mobile/14G60 Safari/602.1"
194.166.198.122 - - [02/Sep/2017:02:18:56 +0200] "GET /img/loading-bars.gif HTTP/1.1" 200 3951 "http://www.easydrivers.at/brigittenau/kursauswahl" "Mozilla/5.0 (iPhone; CPU iPhone OS 10_3_3 like Mac OS X) AppleWebKit/603.3.8 (KHTML, like Gecko) Version/10.0 Mobile/14G60 Safari/602.1"
194.166.198.122 - - [02/Sep/2017:02:19:19 +0200] "POST /loadkursliste HTTP/1.1" 200 763 "http://www.easydrivers.at/brigittenau/kursauswahl" "Mozilla/5.0 (iPhone; CPU iPhone OS 10_3_3 like Mac OS X) AppleWebKit/603.3.8 (KHTML, like Gecko) Version/10.0 Mobile/14G60 Safari/602.1"
194.166.198.122 - - [02/Sep/2017:02:19:40 +0200] "GET /brigittenau/10281003?FS=B HTTP/1.1" 200 3684 "http://www.easydrivers.at/brigittenau/kursauswahl" "Mozilla/5.0 (iPhone; CPU iPhone OS 10_3_3 like Mac OS X) AppleWebKit/603.3.8 (KHTML, like Gecko) Version/10.0 Mobile/14G60 Safari/602.1"
194.166.198.122 - - [02/Sep/2017:02:19:42 +0200] "GET /img/mobile/kursicon-share.png HTTP/1.1" 200 2065 "http://www.easydrivers.at/brigittenau/10281003?FS=B" "Mozilla/5.0 (iPhone; CPU iPhone OS 10_3_3 like Mac OS X) AppleWebKit/603.3.8 (KHTML, like Gecko) Version/10.0 Mobile/14G60 Safari/602.1"
194.166.198.122 - - [02/Sep/2017:02:19:42 +0200] "GET /img/mobile/kursicon-phone.png HTTP/1.1" 200 1932 "http://www.easydrivers.at/brigittenau/10281003?FS=B" "Mozilla/5.0 (iPhone; CPU iPhone OS 10_3_3 like Mac OS X) AppleWebKit/603.3.8 (KHTML, like Gecko) Version/10.0 Mobile/14G60 Safari/602.1"
194.166.198.122 - - [02/Sep/2017:02:19:42 +0200] "GET /img/mobile/smallicon-phone.png HTTP/1.1" 200 1311 "http://www.easydrivers.at/brigittenau/10281003?FS=B" "Mozilla/5.0 (iPhone; CPU iPhone OS 10_3_3 like Mac OS X) AppleWebKit/603.3.8 (KHTML, like Gecko) Version/10.0 Mobile/14G60 Safari/602.1"
194.166.198.122 - - [02/Sep/2017:02:19:42 +0200] "GET /img/mobile/smallicon-mail.png HTTP/1.1" 200 1335 "http://www.easydrivers.at/brigittenau/10281003?FS=B" "Mozilla/5.0 (iPhone; CPU iPhone OS 10_3_3 like Mac OS X) AppleWebKit/603.3.8 (KHTML, like Gecko) Version/10.0 Mobile/14G60 Safari/602.1"
194.166.198.122 - - [02/Sep/2017:02:19:42 +0200] "GET /img/mobile/pfeil-rechts-small.png HTTP/1.1" 200 1056 "http://www.easydrivers.at/brigittenau/10281003?FS=B" "Mozilla/5.0 (iPhone; CPU iPhone OS 10_3_3 like Mac OS X) AppleWebKit/603.3.8 (KHTML, like Gecko) Version/10.0 Mobile/14G60 Safari/602.1"
87.250.224.73 - - [02/Sep/2017:02:19:40 +0200] "GET /am.spitz/10242319?FS=B-L HTTP/1.1" 410 3384 "-" "Mozilla/5.0 (compatible; YandexBot/3.0; +http://yandex.com/bots)"
157.55.39.130 - - [02/Sep/2017:02:20:09 +0200] "GET / HTTP/1.1" 200 4418 "-" "Mozilla/5.0 (compatible; bingbot/2.0; +http://www.bing.com/bingbot.htm)"
207.46.13.57 - - [02/Sep/2017:02:20:10 +0200] "GET /krumbach HTTP/1.1" 200 3741 "-" "Mozilla/5.0 (compatible; bingbot/2.0; +http://www.bing.com/bingbot.htm)"
216.244.66.249 - - [02/Sep/2017:02:20:49 +0200] "GET /robots.txt HTTP/1.1" 200 178 "-" "Mozilla/5.0 (compatible; DotBot/1.1; http://www.opensiteexplorer.org/dotbot, help@moz.com)"
207.46.13.50 - - [02/Sep/2017:02:21:09 +0200] "GET /voesendorf HTTP/1.1" 200 3796 "-" "Mozilla/5.0 (compatible; bingbot/2.0; +http://www.bing.com/bingbot.htm)"
40.77.167.14 - - [02/Sep/2017:02:21:10 +0200] "GET /skarabela.gross-enzersdorf/10286286?FS=B-L HTTP/1.1" 410 3503 "-" "Mozilla/5.0 (compatible; bingbot/2.0; +http://www.bing.com/bingbot.htm)"
207.46.13.57 - - [02/Sep/2017:02:21:26 +0200] "GET /eisenerz.pankl HTTP/1.1" 200 3048 "-" "Mozilla/5.0 (compatible; bingbot/2.0; +http://www.bing.com/bingbot.htm)"
2.7.50.3 - - [02/Sep/2017:02:23:38 +0200] "GET /wp-login.php HTTP/1.1" 404 8396 "-" "Mozilla/5.0 (Windows NT 6.1; WOW64; rv:40.0) Gecko/20100101 Firefox/40.1"
2.7.50.3 - - [02/Sep/2017:02:23:39 +0200] "GET / HTTP/1.1" 200 15965 "-" "Mozilla/5.0 (Windows NT 6.1; WOW64; rv:40.0) Gecko/20100101 Firefox/40.1"
217.182.132.59 - - [02/Sep/2017:02:24:56 +0200] "GET /poechlarn/10252952 HTTP/1.1" 200 3171 "-" "Mozilla/5.0 (compatible; AhrefsBot/5.2; +http://ahrefs.com/robot/)"
107.170.213.98 - - [02/Sep/2017:02:25:08 +0200] "GET / HTTP/1.1" 301 382 "-" "Mozilla/5.0 (Windows NT 10.0; WOW64) AppleWebKit/537.36 (KHTML, like Gecko) Chrome/54.0.2840.99 Safari/537.36"
107.170.213.98 - - [02/Sep/2017:02:25:08 +0200] "GET / HTTP/1.1" 200 15965 "-" "Mozilla/5.0 (Windows NT 10.0; WOW64) AppleWebKit/537.36 (KHTML, like Gecko) Chrome/54.0.2840.99 Safari/537.36"
77.119.129.53 - - [02/Sep/2017:02:25:08 +0200] "GET /krems?utm_source=facebook&utm_medium=ad&utm_campaign=motorrad HTTP/1.1" 200 2934 "http://m.facebook.com/" "Mozilla/5.0 (Linux; Android 6.0.1; SM-A320FL Build/MMB29K; wv) AppleWebKit/537.36 (KHTML, like Gecko) Version/4.0 Chrome/60.0.3112.107 Mobile Safari/537.36 [FB_IAB/FB4A;FBAV/139.0.0.22.93;]"
216.244.66.202 - - [02/Sep/2017:02:27:21 +0200] "GET /fuehrerscheine/auto/BE HTTP/1.1" 200 10319 "-" "Mozilla/5.0 (compatible; DotBot/1.1; http://www.opensiteexplorer.org/dotbot, help@moz.com)"
164.139.7.12 - - [02/Sep/2017:02:29:33 +0200] "GET /javascript/lazyload.js HTTP/1.1" 304 - "-" "Mozilla/4.0 (compatible;)"
178.165.130.153 - - [02/Sep/2017:02:29:44 +0200] "GET /krems?utm_source=facebook&utm_medium=ad&utm_campaign=moped HTTP/1.1" 200 2934 "http://m.facebook.com/" "Mozilla/5.0 (Linux; Android 6.0; HUAWEI VNS-L31 Build/HUAWEIVNS-L31; wv) AppleWebKit/537.36 (KHTML, like Gecko) Version/4.0 Chrome/60.0.3112.107 Mobile Safari/537.36 [FB_IAB/FB4A;FBAV/139.0.0.22.93;]"
40.77.167.65 - - [02/Sep/2017:02:30:41 +0200] "GET /st.valentin/K_2017-04-07?FS=B HTTP/1.1" 410 3474 "-" "Mozilla/5.0 (compatible; bingbot/2.0; +http://www.bing.com/bingbot.htm)"
66.249.76.80 - - [02/Sep/2017:02:30:47 +0200] "GET / HTTP/1.1" 200 4413 "-" "Mozilla/5.0 (compatible; Googlebot/2.1; +http://www.google.com/bot.html)"
87.250.224.73 - - [02/Sep/2017:02:31:10 +0200] "GET /robots.txt HTTP/1.1" 200 178 "-" "Mozilla/5.0 (compatible; YandexBot/3.0; +http://yandex.com/bots)"
87.250.224.73 - - [02/Sep/2017:02:31:14 +0200] "GET /am.spitz HTTP/1.1" 200 3647 "-" "Mozilla/5.0 (compatible; YandexBot/3.0; +http://yandex.com/bots)"
207.46.13.50 - - [02/Sep/2017:02:32:12 +0200] "GET /kapfenberg.pankl HTTP/1.1" 200 3706 "-" "Mozilla/5.0 (compatible; bingbot/2.0; +http://www.bing.com/bingbot.htm)"
213.225.11.159 - - [02/Sep/2017:02:32:40 +0200] "POST /skarabela.gross-enzersdorf/kursauswahl HTTP/1.1" 200 3157 "http://www.easydrivers.at/skarabela.gross-enzersdorf" "Mozilla/5.0 (iPhone; CPU iPhone OS 10_3_3 like Mac OS X) AppleWebKit/603.3.8 (KHTML, like Gecko) Version/10.0 Mobile/14G60 Safari/602.1"
213.225.11.159 - - [02/Sep/2017:02:32:42 +0200] "GET /css/mobile.css HTTP/1.1" 200 2852 "http://www.easydrivers.at/skarabela.gross-enzersdorf/kursauswahl" "Mozilla/5.0 (iPhone; CPU iPhone OS 10_3_3 like Mac OS X) AppleWebKit/603.3.8 (KHTML, like Gecko) Version/10.0 Mobile/14G60 Safari/602.1"
213.225.11.159 - - [02/Sep/2017:02:32:42 +0200] "GET /javascript/jquery.cookie.js HTTP/1.1" 200 863 "http://www.easydrivers.at/skarabela.gross-enzersdorf/kursauswahl" "Mozilla/5.0 (iPhone; CPU iPhone OS 10_3_3 like Mac OS X) AppleWebKit/603.3.8 (KHTML, like Gecko) Version/10.0 Mobile/14G60 Safari/602.1"
213.225.11.159 - - [02/Sep/2017:02:32:42 +0200] "GET /javascript/lazyload.js HTTP/1.1" 200 1170 "http://www.easydrivers.at/skarabela.gross-enzersdorf/kursauswahl" "Mozilla/5.0 (iPhone; CPU iPhone OS 10_3_3 like Mac OS X) AppleWebKit/603.3.8 (KHTML, like Gecko) Version/10.0 Mobile/14G60 Safari/602.1"
213.225.11.159 - - [02/Sep/2017:02:32:42 +0200] "GET /javascript/jquery.simplemodal.js HTTP/1.1" 200 3070 "http://www.easydrivers.at/skarabela.gross-enzersdorf/kursauswahl" "Mozilla/5.0 (iPhone; CPU iPhone OS 10_3_3 like Mac OS X) AppleWebKit/603.3.8 (KHTML, like Gecko) Version/10.0 Mobile/14G60 Safari/602.1"
213.225.11.159 - - [02/Sep/2017:02:32:42 +0200] "GET /img/mobile/easydrivers-logo-mobile.png HTTP/1.1" 200 10766 "http://www.easydrivers.at/skarabela.gross-enzersdorf/kursauswahl" "Mozilla/5.0 (iPhone; CPU iPhone OS 10_3_3 like Mac OS X) AppleWebKit/603.3.8 (KHTML, like Gecko) Version/10.0 Mobile/14G60 Safari/602.1"
213.225.11.159 - - [02/Sep/2017:02:32:42 +0200] "GET /javascript/mobile-fahrschule.js HTTP/1.1" 200 328 "http://www.easydrivers.at/skarabela.gross-enzersdorf/kursauswahl" "Mozilla/5.0 (iPhone; CPU iPhone OS 10_3_3 like Mac OS X) AppleWebKit/603.3.8 (KHTML, like Gecko) Version/10.0 Mobile/14G60 Safari/602.1"
213.225.11.159 - - [02/Sep/2017:02:32:42 +0200] "GET /img/mobile/menu-button.png HTTP/1.1" 200 1746 "http://www.easydrivers.at/skarabela.gross-enzersdorf/kursauswahl" "Mozilla/5.0 (iPhone; CPU iPhone OS 10_3_3 like Mac OS X) AppleWebKit/603.3.8 (KHTML, like Gecko) Version/10.0 Mobile/14G60 Safari/602.1"
213.225.11.159 - - [02/Sep/2017:02:32:42 +0200] "GET /javascript/mobile-fahrschule-kurs-suchergebnis.js HTTP/1.1" 200 274 "http://www.easydrivers.at/skarabela.gross-enzersdorf/kursauswahl" "Mozilla/5.0 (iPhone; CPU iPhone OS 10_3_3 like Mac OS X) AppleWebKit/603.3.8 (KHTML, like Gecko) Version/10.0 Mobile/14G60 Safari/602.1"
213.225.11.159 - - [02/Sep/2017:02:32:42 +0200] "GET /img/mobile/info-close-button.png HTTP/1.1" 200 1721 "http://www.easydrivers.at/skarabela.gross-enzersdorf/kursauswahl" "Mozilla/5.0 (iPhone; CPU iPhone OS 10_3_3 like Mac OS X) AppleWebKit/603.3.8 (KHTML, like Gecko) Version/10.0 Mobile/14G60 Safari/602.1"
213.225.11.159 - - [02/Sep/2017:02:32:42 +0200] "GET /img/smallicon-person.png HTTP/1.1" 200 1141 "http://www.easydrivers.at/skarabela.gross-enzersdorf/kursauswahl" "Mozilla/5.0 (iPhone; CPU iPhone OS 10_3_3 like Mac OS X) AppleWebKit/603.3.8 (KHTML, like Gecko) Version/10.0 Mobile/14G60 Safari/602.1"
213.225.11.159 - - [02/Sep/2017:02:32:42 +0200] "GET /img/mobile/facebook-icon.png HTTP/1.1" 200 1902 "http://www.easydrivers.at/skarabela.gross-enzersdorf/kursauswahl" "Mozilla/5.0 (iPhone; CPU iPhone OS 10_3_3 like Mac OS X) AppleWebKit/603.3.8 (KHTML, like Gecko) Version/10.0 Mobile/14G60 Safari/602.1"
213.225.11.159 - - [02/Sep/2017:02:32:42 +0200] "GET /img/mobile/close-button.png HTTP/1.1" 200 2411 "http://www.easydrivers.at/skarabela.gross-enzersdorf/kursauswahl" "Mozilla/5.0 (iPhone; CPU iPhone OS 10_3_3 like Mac OS X) AppleWebKit/603.3.8 (KHTML, like Gecko) Version/10.0 Mobile/14G60 Safari/602.1"
213.225.11.159 - - [02/Sep/2017:02:32:43 +0200] "GET /img/smallicon-mail.png HTTP/1.1" 200 1341 "http://www.easydrivers.at/skarabela.gross-enzersdorf/kursauswahl" "Mozilla/5.0 (iPhone; CPU iPhone OS 10_3_3 like Mac OS X) AppleWebKit/603.3.8 (KHTML, like Gecko) Version/10.0 Mobile/14G60 Safari/602.1"
213.225.11.159 - - [02/Sep/2017:02:32:43 +0200] "GET /img/smallicon-phone.png HTTP/1.1" 200 3056 "http://www.easydrivers.at/skarabela.gross-enzersdorf/kursauswahl" "Mozilla/5.0 (iPhone; CPU iPhone OS 10_3_3 like Mac OS X) AppleWebKit/603.3.8 (KHTML, like Gecko) Version/10.0 Mobile/14G60 Safari/602.1"
213.225.11.159 - - [02/Sep/2017:02:32:43 +0200] "GET /img/mobile/googlemaps-pin.png HTTP/1.1" 200 1597 "http://www.easydrivers.at/skarabela.gross-enzersdorf/kursauswahl" "Mozilla/5.0 (iPhone; CPU iPhone OS 10_3_3 like Mac OS X) AppleWebKit/603.3.8 (KHTML, like Gecko) Version/10.0 Mobile/14G60 Safari/602.1"
213.225.11.159 - - [02/Sep/2017:02:32:43 +0200] "GET /img/smallicon-address.png HTTP/1.1" 200 1211 "http://www.easydrivers.at/skarabela.gross-enzersdorf/kursauswahl" "Mozilla/5.0 (iPhone; CPU iPhone OS 10_3_3 like Mac OS X) AppleWebKit/603.3.8 (KHTML, like Gecko) Version/10.0 Mobile/14G60 Safari/602.1"
213.225.11.159 - - [02/Sep/2017:02:32:43 +0200] "GET /img/mobile/bg-header.jpg HTTP/1.1" 200 19741 "http://www.easydrivers.at/skarabela.gross-enzersdorf/kursauswahl" "Mozilla/5.0 (iPhone; CPU iPhone OS 10_3_3 like Mac OS X) AppleWebKit/603.3.8 (KHTML, like Gecko) Version/10.0 Mobile/14G60 Safari/602.1"
213.225.11.159 - - [02/Sep/2017:02:32:43 +0200] "GET /img/mobile/bg-menu.jpg HTTP/1.1" 200 1698 "http://www.easydrivers.at/skarabela.gross-enzersdorf/kursauswahl" "Mozilla/5.0 (iPhone; CPU iPhone OS 10_3_3 like Mac OS X) AppleWebKit/603.3.8 (KHTML, like Gecko) Version/10.0 Mobile/14G60 Safari/602.1"
213.225.11.159 - - [02/Sep/2017:02:32:43 +0200] "GET /img/mobile/bg-top-section.jpg HTTP/1.1" 200 21711 "http://www.easydrivers.at/skarabela.gross-enzersdorf/kursauswahl" "Mozilla/5.0 (iPhone; CPU iPhone OS 10_3_3 like Mac OS X) AppleWebKit/603.3.8 (KHTML, like Gecko) Version/10.0 Mobile/14G60 Safari/602.1"
213.225.11.159 - - [02/Sep/2017:02:32:43 +0200] "GET /img/mobile/pfeil-links-small.png HTTP/1.1" 200 1065 "http://www.easydrivers.at/skarabela.gross-enzersdorf/kursauswahl" "Mozilla/5.0 (iPhone; CPU iPhone OS 10_3_3 like Mac OS X) AppleWebKit/603.3.8 (KHTML, like Gecko) Version/10.0 Mobile/14G60 Safari/602.1"
213.225.11.159 - - [02/Sep/2017:02:32:43 +0200] "GET /img/loading-bars.gif HTTP/1.1" 200 3951 "http://www.easydrivers.at/skarabela.gross-enzersdorf/kursauswahl" "Mozilla/5.0 (iPhone; CPU iPhone OS 10_3_3 like Mac OS X) AppleWebKit/603.3.8 (KHTML, like Gecko) Version/10.0 Mobile/14G60 Safari/602.1"
131.253.27.60 - - [02/Sep/2017:02:32:44 +0200] "GET /css/style.css HTTP/1.1" 200 5004 "https://www.easydrivers.at/krems/10276251" "Mozilla/5.0 (Windows NT 6.1; WOW64) AppleWebKit/534+ (KHTML, like Gecko) BingPreview/1.0b"
207.46.13.57 - - [02/Sep/2017:02:32:44 +0200] "GET /fahrschulen HTTP/1.1" 200 3925 "-" "Mozilla/5.0 (compatible; bingbot/2.0; +http://www.bing.com/bingbot.htm)"
131.253.27.60 - - [02/Sep/2017:02:32:57 +0200] "GET /img/ED_Logo.png HTTP/1.1" 200 3385 "https://www.easydrivers.at/krems/10276251" "Mozilla/5.0 (Windows NT 6.1; WOW64) AppleWebKit/534+ (KHTML, like Gecko) BingPreview/1.0b"
131.253.27.60 - - [02/Sep/2017:02:32:57 +0200] "GET /img/bg-header.jpg HTTP/1.1" 200 38680 "https://www.easydrivers.at/krems/10276251" "Mozilla/5.0 (Windows NT 6.1; WOW64) AppleWebKit/534+ (KHTML, like Gecko) BingPreview/1.0b"
131.253.27.60 - - [02/Sep/2017:02:32:57 +0200] "GET /img/bg-top-section.jpg HTTP/1.1" 200 82172 "https://www.easydrivers.at/krems/10276251" "Mozilla/5.0 (Windows NT 6.1; WOW64) AppleWebKit/534+ (KHTML, like Gecko) BingPreview/1.0b"
131.253.27.60 - - [02/Sep/2017:02:33:03 +0200] "GET /img/purple-dots-horizontal.png HTTP/1.1" 200 977 "https://www.easydrivers.at/krems/10276251" "Mozilla/5.0 (Windows NT 6.1; WOW64) AppleWebKit/534+ (KHTML, like Gecko) BingPreview/1.0b"
131.253.27.60 - - [02/Sep/2017:02:33:05 +0200] "GET /img/bg-yellow.jpg HTTP/1.1" 200 2250 "https://www.easydrivers.at/krems/10276251" "Mozilla/5.0 (Windows NT 6.1; WOW64) AppleWebKit/534+ (KHTML, like Gecko) BingPreview/1.0b"
