213.225.11.152 - - [02/Sep/2017:10:12:32 +0200] "GET /fuehrerscheine/auto HTTP/1.1" 200 3370 "http://www.easydrivers.at/app" "Mozilla/5.0 (Linux; Android 7.0; SAMSUNG SM-G930F Build/NRD90M) AppleWebKit/537.36 (KHTML, like Gecko) SamsungBrowser/5.4 Chrome/51.0.2704.106 Mobile Safari/537.36"
213.225.11.152 - - [02/Sep/2017:10:12:34 +0200] "GET /binaries/easy-drivers-portal/pkw8jpg-1.jpg HTTP/1.1" 200 77231 "http://www.easydrivers.at/fuehrerscheine/auto" "Mozilla/5.0 (Linux; Android 7.0; SAMSUNG SM-G930F Build/NRD90M) AppleWebKit/537.36 (KHTML, like Gecko) SamsungBrowser/5.4 Chrome/51.0.2704.106 Mobile Safari/537.36"
213.225.11.152 - - [02/Sep/2017:10:12:35 +0200] "GET /app HTTP/1.1" 200 2722 "http://www.easydrivers.at/schwechat?gclid=EAIaIQobChMItu2grIaG1gIVzbXtCh27qw-rEAAYASAAEgLSv_D_BwE" "Mozilla/5.0 (Linux; Android 7.0; SAMSUNG SM-G930F Build/NRD90M) AppleWebKit/537.36 (KHTML, like Gecko) SamsungBrowser/5.4 Chrome/51.0.2704.106 Mobile Safari/537.36"
213.225.11.152 - - [02/Sep/2017:10:12:37 +0200] "GET /binaries/easy-drivers-portal/motorrad2jpg.jpg HTTP/1.1" 200 45802 "http://www.easydrivers.at/app" "Mozilla/5.0 (Linux; Android 7.0; SAMSUNG SM-G930F Build/NRD90M) AppleWebKit/537.36 (KHTML, like Gecko) SamsungBrowser/5.4 Chrome/51.0.2704.106 Mobile Safari/537.36"
213.225.11.152 - - [02/Sep/2017:10:12:37 +0200] "GET /img/top-image-overlay.png HTTP/1.1" 200 20650 "http://www.easydrivers.at/css/style.css" "Mozilla/5.0 (Linux; Android 7.0; SAMSUNG SM-G930F Build/NRD90M) AppleWebKit/537.36 (KHTML, like Gecko) SamsungBrowser/5.4 Chrome/51.0.2704.106 Mobile Safari/537.36"
194.166.223.192 - - [02/Sep/2017:10:12:39 +0200] "GET /amstetten HTTP/1.1" 200 2953 "android-app://com.google.android.googlequicksearchbox" "Mozilla/5.0 (Linux; Android 7.0; SM-A510F Build/NRD90M) AppleWebKit/537.36 (KHTML, like Gecko) Chrome/60.0.3112.107 Mobile Safari/537.36"
194.166.223.192 - - [02/Sep/2017:10:12:41 +0200] "GET /css/mobile.css HTTP/1.1" 200 2852 "http://www.easydrivers.at/amstetten" "Mozilla/5.0 (Linux; Android 7.0; SM-A510F Build/NRD90M) AppleWebKit/537.36 (KHTML, like Gecko) Chrome/60.0.3112.107 Mobile Safari/537.36"
194.166.223.192 - - [02/Sep/2017:10:12:41 +0200] "GET /javascript/jquery.cookie.js HTTP/1.1" 200 863 "http://www.easydrivers.at/amstetten" "Mozilla/5.0 (Linux; Android 7.0; SM-A510F Build/NRD90M) AppleWebKit/537.36 (KHTML, like Gecko) Chrome/60.0.3112.107 Mobile Safari/537.36"
194.166.223.192 - - [02/Sep/2017:10:12:41 +0200] "GET /javascript/jquery-1.9.1.min.js HTTP/1.1" 200 32731 "http://www.easydrivers.at/amstetten" "Mozilla/5.0 (Linux; Android 7.0; SM-A510F Build/NRD90M) AppleWebKit/537.36 (KHTML, like Gecko) Chrome/60.0.3112.107 Mobile Safari/537.36"
194.166.223.192 - - [02/Sep/2017:10:12:41 +0200] "GET /javascript/mobile-menu.js HTTP/1.1" 200 1634 "http://www.easydrivers.at/amstetten" "Mozilla/5.0 (Linux; Android 7.0; SM-A510F Build/NRD90M) AppleWebKit/537.36 (KHTML, like Gecko) Chrome/60.0.3112.107 Mobile Safari/537.36"
194.166.223.192 - - [02/Sep/2017:10:12:41 +0200] "GET /javascript/jquery.simplemodal.js HTTP/1.1" 200 3070 "http://www.easydrivers.at/amstetten" "Mozilla/5.0 (Linux; Android 7.0; SM-A510F Build/NRD90M) AppleWebKit/537.36 (KHTML, like Gecko) Chrome/60.0.3112.107 Mobile Safari/537.36"
194.166.223.192 - - [02/Sep/2017:10:12:42 +0200] "GET /javascript/mobile-fahrschule.js HTTP/1.1" 200 328 "http://www.easydrivers.at/amstetten" "Mozilla/5.0 (Linux; Android 7.0; SM-A510F Build/NRD90M) AppleWebKit/537.36 (KHTML, like Gecko) Chrome/60.0.3112.107 Mobile Safari/537.36"
194.166.223.192 - - [02/Sep/2017:10:12:42 +0200] "GET /javascript/lazyload.js HTTP/1.1" 200 1170 "http://www.easydrivers.at/amstetten" "Mozilla/5.0 (Linux; Android 7.0; SM-A510F Build/NRD90M) AppleWebKit/537.36 (KHTML, like Gecko) Chrome/60.0.3112.107 Mobile Safari/537.36"
194.166.223.192 - - [02/Sep/2017:10:12:42 +0200] "GET /img/mobile/easydrivers-logo-mobile.png HTTP/1.1" 200 10766 "http://www.easydrivers.at/amstetten" "Mozilla/5.0 (Linux; Android 7.0; SM-A510F Build/NRD90M) AppleWebKit/537.36 (KHTML, like Gecko) Chrome/60.0.3112.107 Mobile Safari/537.36"
194.166.223.192 - - [02/Sep/2017:10:12:42 +0200] "GET /img/mobile/menu-button.png HTTP/1.1" 200 1746 "http://www.easydrivers.at/amstetten" "Mozilla/5.0 (Linux; Android 7.0; SM-A510F Build/NRD90M) AppleWebKit/537.36 (KHTML, like Gecko) Chrome/60.0.3112.107 Mobile Safari/537.36"
194.166.223.192 - - [02/Sep/2017:10:12:42 +0200] "GET /img/mobile/close-button.png HTTP/1.1" 200 2411 "http://www.easydrivers.at/amstetten" "Mozilla/5.0 (Linux; Android 7.0; SM-A510F Build/NRD90M) AppleWebKit/537.36 (KHTML, like Gecko) Chrome/60.0.3112.107 Mobile Safari/537.36"
194.166.223.192 - - [02/Sep/2017:10:12:42 +0200] "GET /img/mobile/facebook-icon.png HTTP/1.1" 200 1902 "http://www.easydrivers.at/amstetten" "Mozilla/5.0 (Linux; Android 7.0; SM-A510F Build/NRD90M) AppleWebKit/537.36 (KHTML, like Gecko) Chrome/60.0.3112.107 Mobile Safari/537.36"
194.166.223.192 - - [02/Sep/2017:10:12:42 +0200] "GET /img/mobile/info-button.png HTTP/1.1" 200 1549 "http://www.easydrivers.at/amstetten" "Mozilla/5.0 (Linux; Android 7.0; SM-A510F Build/NRD90M) AppleWebKit/537.36 (KHTML, like Gecko) Chrome/60.0.3112.107 Mobile Safari/537.36"
194.166.223.192 - - [02/Sep/2017:10:12:42 +0200] "GET /img/mobile/info-close-button.png HTTP/1.1" 200 1721 "http://www.easydrivers.at/amstetten" "Mozilla/5.0 (Linux; Android 7.0; SM-A510F Build/NRD90M) AppleWebKit/537.36 (KHTML, like Gecko) Chrome/60.0.3112.107 Mobile Safari/537.36"
194.166.223.192 - - [02/Sep/2017:10:12:42 +0200] "GET /img/smallicon-person.png HTTP/1.1" 200 1141 "http://www.easydrivers.at/amstetten" "Mozilla/5.0 (Linux; Android 7.0; SM-A510F Build/NRD90M) AppleWebKit/537.36 (KHTML, like Gecko) Chrome/60.0.3112.107 Mobile Safari/537.36"
194.166.223.192 - - [02/Sep/2017:10:12:42 +0200] "GET /img/smallicon-address.png HTTP/1.1" 200 1211 "http://www.easydrivers.at/amstetten" "Mozilla/5.0 (Linux; Android 7.0; SM-A510F Build/NRD90M) AppleWebKit/537.36 (KHTML, like Gecko) Chrome/60.0.3112.107 Mobile Safari/537.36"
194.166.223.192 - - [02/Sep/2017:10:12:42 +0200] "GET /img/mobile/googlemaps-pin.png HTTP/1.1" 200 1597 "http://www.easydrivers.at/amstetten" "Mozilla/5.0 (Linux; Android 7.0; SM-A510F Build/NRD90M) AppleWebKit/537.36 (KHTML, like Gecko) Chrome/60.0.3112.107 Mobile Safari/537.36"
194.166.223.192 - - [02/Sep/2017:10:12:42 +0200] "GET /img/smallicon-time.png HTTP/1.1" 200 1262 "http://www.easydrivers.at/amstetten" "Mozilla/5.0 (Linux; Android 7.0; SM-A510F Build/NRD90M) AppleWebKit/537.36 (KHTML, like Gecko) Chrome/60.0.3112.107 Mobile Safari/537.36"
194.166.223.192 - - [02/Sep/2017:10:12:42 +0200] "GET /img/smallicon-phone.png HTTP/1.1" 200 3056 "http://www.easydrivers.at/amstetten" "Mozilla/5.0 (Linux; Android 7.0; SM-A510F Build/NRD90M) AppleWebKit/537.36 (KHTML, like Gecko) Chrome/60.0.3112.107 Mobile Safari/537.36"
194.166.223.192 - - [02/Sep/2017:10:12:42 +0200] "GET /img/mobile/widget-icon-app.png HTTP/1.1" 200 3458 "http://www.easydrivers.at/amstetten" "Mozilla/5.0 (Linux; Android 7.0; SM-A510F Build/NRD90M) AppleWebKit/537.36 (KHTML, like Gecko) Chrome/60.0.3112.107 Mobile Safari/537.36"
194.166.223.192 - - [02/Sep/2017:10:12:42 +0200] "GET /img/mobile/pfeil-rechts.png HTTP/1.1" 200 1228 "http://www.easydrivers.at/css/mobile.css" "Mozilla/5.0 (Linux; Android 7.0; SM-A510F Build/NRD90M) AppleWebKit/537.36 (KHTML, like Gecko) Chrome/60.0.3112.107 Mobile Safari/537.36"
194.166.223.192 - - [02/Sep/2017:10:12:42 +0200] "GET /img/mobile/bg-top-section.jpg HTTP/1.1" 200 21711 "http://www.easydrivers.at/css/mobile.css" "Mozilla/5.0 (Linux; Android 7.0; SM-A510F Build/NRD90M) AppleWebKit/537.36 (KHTML, like Gecko) Chrome/60.0.3112.107 Mobile Safari/537.36"
194.166.223.192 - - [02/Sep/2017:10:12:42 +0200] "GET /img/mobile/bg-header.jpg HTTP/1.1" 200 19741 "http://www.easydrivers.at/css/mobile.css" "Mozilla/5.0 (Linux; Android 7.0; SM-A510F Build/NRD90M) AppleWebKit/537.36 (KHTML, like Gecko) Chrome/60.0.3112.107 Mobile Safari/537.36"
194.166.223.192 - - [02/Sep/2017:10:12:42 +0200] "GET /img/smallicon-mail.png HTTP/1.1" 200 1341 "http://www.easydrivers.at/amstetten" "Mozilla/5.0 (Linux; Android 7.0; SM-A510F Build/NRD90M) AppleWebKit/537.36 (KHTML, like Gecko) Chrome/60.0.3112.107 Mobile Safari/537.36"
194.166.223.192 - - [02/Sep/2017:10:12:42 +0200] "GET /img/mobile/bg-menu.jpg HTTP/1.1" 200 1698 "http://www.easydrivers.at/css/mobile.css" "Mozilla/5.0 (Linux; Android 7.0; SM-A510F Build/NRD90M) AppleWebKit/537.36 (KHTML, like Gecko) Chrome/60.0.3112.107 Mobile Safari/537.36"
46.125.250.27 - - [02/Sep/2017:10:12:42 +0200] "GET /binaries/easy-drivers-pankl-mariazell/fahrpr.pdf HTTP/1.1" 200 193072 "-" "Dalvik/2.1.0 (Linux; U; Android 6.0.1; SM-A310F Build/MMB29K)"
213.225.11.152 - - [02/Sep/2017:10:12:44 +0200] "GET / HTTP/1.1" 200 4413 "http://www.easydrivers.at/app" "Mozilla/5.0 (Linux; Android 7.0; SAMSUNG SM-G930F Build/NRD90M) AppleWebKit/537.36 (KHTML, like Gecko) SamsungBrowser/5.4 Chrome/51.0.2704.106 Mobile Safari/537.36"
194.166.223.192 - - [02/Sep/2017:10:12:45 +0200] "GET /img/favicon.ico HTTP/1.1" 404 300 "http://www.easydrivers.at/amstetten" "Mozilla/5.0 (Linux; Android 7.0; SM-A510F Build/NRD90M) AppleWebKit/537.36 (KHTML, like Gecko) Chrome/60.0.3112.107 Mobile Safari/537.36"
213.225.11.152 - - [02/Sep/2017:10:12:45 +0200] "GET /fuehrerscheine/auto HTTP/1.1" 200 3370 "http://www.easydrivers.at/app" "Mozilla/5.0 (Linux; Android 7.0; SAMSUNG SM-G930F Build/NRD90M) AppleWebKit/537.36 (KHTML, like Gecko) SamsungBrowser/5.4 Chrome/51.0.2704.106 Mobile Safari/537.36"
194.96.237.142 - - [02/Sep/2017:10:12:51 +0200] "POST /loadkursliste HTTP/1.1" 200 526 "http://www.easydrivers.at/suche" "Mozilla/5.0 (Linux; Android 6.0.1; SM-N9005 Build/MOB31E) AppleWebKit/537.36 (KHTML, like Gecko) Chrome/60.0.3112.107 Mobile Safari/537.36"
194.166.223.192 - - [02/Sep/2017:10:12:55 +0200] "POST /amstetten/kursauswahl HTTP/1.1" 200 3158 "http://www.easydrivers.at/amstetten" "Mozilla/5.0 (Linux; Android 7.0; SM-A510F Build/NRD90M) AppleWebKit/537.36 (KHTML, like Gecko) Chrome/60.0.3112.107 Mobile Safari/537.36"
194.166.223.192 - - [02/Sep/2017:10:12:58 +0200] "GET /javascript/mobile-fahrschule-kurs-suchergebnis.js HTTP/1.1" 200 274 "http://www.easydrivers.at/amstetten/kursauswahl" "Mozilla/5.0 (Linux; Android 7.0; SM-A510F Build/NRD90M) AppleWebKit/537.36 (KHTML, like Gecko) Chrome/60.0.3112.107 Mobile Safari/537.36"
194.166.223.192 - - [02/Sep/2017:10:12:58 +0200] "GET /img/mobile/pfeil-links-small.png HTTP/1.1" 200 1065 "http://www.easydrivers.at/css/mobile.css" "Mozilla/5.0 (Linux; Android 7.0; SM-A510F Build/NRD90M) AppleWebKit/537.36 (KHTML, like Gecko) Chrome/60.0.3112.107 Mobile Safari/537.36"
194.166.223.192 - - [02/Sep/2017:10:12:58 +0200] "GET /img/mobile/bg-yellow.jpg HTTP/1.1" 200 1569 "http://www.easydrivers.at/css/mobile.css" "Mozilla/5.0 (Linux; Android 7.0; SM-A510F Build/NRD90M) AppleWebKit/537.36 (KHTML, like Gecko) Chrome/60.0.3112.107 Mobile Safari/537.36"
194.166.223.192 - - [02/Sep/2017:10:12:58 +0200] "GET /img/loading-bars.gif HTTP/1.1" 200 3951 "http://www.easydrivers.at/css/mobile.css" "Mozilla/5.0 (Linux; Android 7.0; SM-A510F Build/NRD90M) AppleWebKit/537.36 (KHTML, like Gecko) Chrome/60.0.3112.107 Mobile Safari/537.36"
213.225.11.152 - - [02/Sep/2017:10:12:58 +0200] "GET /fuehrerscheine/auto/BE HTTP/1.1" 200 3384 "http://www.easydrivers.at/fuehrerscheine/auto" "Mozilla/5.0 (Linux; Android 7.0; SAMSUNG SM-G930F Build/NRD90M) AppleWebKit/537.36 (KHTML, like Gecko) SamsungBrowser/5.4 Chrome/51.0.2704.106 Mobile Safari/537.36"
213.225.11.152 - - [02/Sep/2017:10:12:59 +0200] "GET /binaries/easy-drivers-portal/motorrad1jpg.jpg HTTP/1.1" 200 125850 "http://www.easydrivers.at/fuehrerscheine/auto/BE" "Mozilla/5.0 (Linux; Android 7.0; SAMSUNG SM-G930F Build/NRD90M) AppleWebKit/537.36 (KHTML, like Gecko) SamsungBrowser/5.4 Chrome/51.0.2704.106 Mobile Safari/537.36"
194.166.223.192 - - [02/Sep/2017:10:13:06 +0200] "POST /loadkursliste HTTP/1.1" 200 594 "http://www.easydrivers.at/amstetten/kursauswahl" "Mozilla/5.0 (Linux; Android 7.0; SM-A510F Build/NRD90M) AppleWebKit/537.36 (KHTML, like Gecko) Chrome/60.0.3112.107 Mobile Safari/537.36"
194.96.237.142 - - [02/Sep/2017:10:13:09 +0200] "GET /bruck.leitha/10279427?FS=B-L17 HTTP/1.1" 200 3379 "http://www.easydrivers.at/suche" "Mozilla/5.0 (Linux; Android 6.0.1; SM-N9005 Build/MOB31E) AppleWebKit/537.36 (KHTML, like Gecko) Chrome/60.0.3112.107 Mobile Safari/537.36"
194.96.237.142 - - [02/Sep/2017:10:13:12 +0200] "GET /javascript/mobile-fahrschule.js HTTP/1.1" 200 328 "http://www.easydrivers.at/bruck.leitha/10279427?FS=B-L17" "Mozilla/5.0 (Linux; Android 6.0.1; SM-N9005 Build/MOB31E) AppleWebKit/537.36 (KHTML, like Gecko) Chrome/60.0.3112.107 Mobile Safari/537.36"
194.96.237.142 - - [02/Sep/2017:10:13:12 +0200] "GET /img/mobile/info-button.png HTTP/1.1" 200 1549 "http://www.easydrivers.at/bruck.leitha/10279427?FS=B-L17" "Mozilla/5.0 (Linux; Android 6.0.1; SM-N9005 Build/MOB31E) AppleWebKit/537.36 (KHTML, like Gecko) Chrome/60.0.3112.107 Mobile Safari/537.36"
194.96.237.142 - - [02/Sep/2017:10:13:12 +0200] "GET /img/mobile/info-close-button.png HTTP/1.1" 200 1721 "http://www.easydrivers.at/bruck.leitha/10279427?FS=B-L17" "Mozilla/5.0 (Linux; Android 6.0.1; SM-N9005 Build/MOB31E) AppleWebKit/537.36 (KHTML, like Gecko) Chrome/60.0.3112.107 Mobile Safari/537.36"
194.96.237.142 - - [02/Sep/2017:10:13:12 +0200] "GET /img/smallicon-person.png HTTP/1.1" 200 1141 "http://www.easydrivers.at/bruck.leitha/10279427?FS=B-L17" "Mozilla/5.0 (Linux; Android 6.0.1; SM-N9005 Build/MOB31E) AppleWebKit/537.36 (KHTML, like Gecko) Chrome/60.0.3112.107 Mobile Safari/537.36"
194.96.237.142 - - [02/Sep/2017:10:13:12 +0200] "GET /img/smallicon-address.png HTTP/1.1" 200 1211 "http://www.easydrivers.at/bruck.leitha/10279427?FS=B-L17" "Mozilla/5.0 (Linux; Android 6.0.1; SM-N9005 Build/MOB31E) AppleWebKit/537.36 (KHTML, like Gecko) Chrome/60.0.3112.107 Mobile Safari/537.36"
194.96.237.142 - - [02/Sep/2017:10:13:12 +0200] "GET /img/smallicon-time.png HTTP/1.1" 200 1262 "http://www.easydrivers.at/bruck.leitha/10279427?FS=B-L17" "Mozilla/5.0 (Linux; Android 6.0.1; SM-N9005 Build/MOB31E) AppleWebKit/537.36 (KHTML, like Gecko) Chrome/60.0.3112.107 Mobile Safari/537.36"
194.96.237.142 - - [02/Sep/2017:10:13:12 +0200] "GET /img/smallicon-phone.png HTTP/1.1" 200 3056 "http://www.easydrivers.at/bruck.leitha/10279427?FS=B-L17" "Mozilla/5.0 (Linux; Android 6.0.1; SM-N9005 Build/MOB31E) AppleWebKit/537.36 (KHTML, like Gecko) Chrome/60.0.3112.107 Mobile Safari/537.36"
194.96.237.142 - - [02/Sep/2017:10:13:12 +0200] "GET /img/smallicon-mail.png HTTP/1.1" 200 1341 "http://www.easydrivers.at/bruck.leitha/10279427?FS=B-L17" "Mozilla/5.0 (Linux; Android 6.0.1; SM-N9005 Build/MOB31E) AppleWebKit/537.36 (KHTML, like Gecko) Chrome/60.0.3112.107 Mobile Safari/537.36"
194.96.237.142 - - [02/Sep/2017:10:13:12 +0200] "GET /img/mobile/kursicon-share.png HTTP/1.1" 200 2065 "http://www.easydrivers.at/bruck.leitha/10279427?FS=B-L17" "Mozilla/5.0 (Linux; Android 6.0.1; SM-N9005 Build/MOB31E) AppleWebKit/537.36 (KHTML, like Gecko) Chrome/60.0.3112.107 Mobile Safari/537.36"
194.96.237.142 - - [02/Sep/2017:10:13:12 +0200] "GET /img/mobile/kursicon-phone.png HTTP/1.1" 200 1932 "http://www.easydrivers.at/bruck.leitha/10279427?FS=B-L17" "Mozilla/5.0 (Linux; Android 6.0.1; SM-N9005 Build/MOB31E) AppleWebKit/537.36 (KHTML, like Gecko) Chrome/60.0.3112.107 Mobile Safari/537.36"
194.96.237.142 - - [02/Sep/2017:10:13:12 +0200] "GET /img/mobile/pfeil-rechts-small.png HTTP/1.1" 200 1056 "http://www.easydrivers.at/css/mobile.css" "Mozilla/5.0 (Linux; Android 6.0.1; SM-N9005 Build/MOB31E) AppleWebKit/537.36 (KHTML, like Gecko) Chrome/60.0.3112.107 Mobile Safari/537.36"
178.115.130.215 - - [02/Sep/2017:10:13:14 +0200] "GET /impressum HTTP/1.1" 200 5548 "http://www.easydrivers.at/dornbirn" "Mozilla/5.0 (Linux; Android 7.0; SAMSUNG SM-A310F Build/NRD90M) AppleWebKit/537.36 (KHTML, like Gecko) SamsungBrowser/5.4 Chrome/51.0.2704.106 Mobile Safari/537.36"
178.115.130.215 - - [02/Sep/2017:10:13:15 +0200] "GET /dornbirn HTTP/1.1" 200 3036 "http://www.easydrivers.at/" "Mozilla/5.0 (Linux; Android 7.0; SAMSUNG SM-A310F Build/NRD90M) AppleWebKit/537.36 (KHTML, like Gecko) SamsungBrowser/5.4 Chrome/51.0.2704.106 Mobile Safari/537.36"
188.23.186.66 - - [02/Sep/2017:10:13:18 +0200] "GET /moedling/ HTTP/1.1" 301 140 "https://www.google.at/" "Mozilla/5.0 (Linux; Android 7.0; SAMSUNG SM-G930F Build/NRD90M) AppleWebKit/537.36 (KHTML, like Gecko) SamsungBrowser/5.4 Chrome/51.0.2704.106 Mobile Safari/537.36"
188.23.186.66 - - [02/Sep/2017:10:13:18 +0200] "GET /moedling HTTP/1.1" 200 2970 "https://www.google.at/" "Mozilla/5.0 (Linux; Android 7.0; SAMSUNG SM-G930F Build/NRD90M) AppleWebKit/537.36 (KHTML, like Gecko) SamsungBrowser/5.4 Chrome/51.0.2704.106 Mobile Safari/537.36"
188.23.186.66 - - [02/Sep/2017:10:13:21 +0200] "GET /css/mobile.css HTTP/1.1" 200 2852 "http://www.easydrivers.at/moedling" "Mozilla/5.0 (Linux; Android 7.0; SAMSUNG SM-G930F Build/NRD90M) AppleWebKit/537.36 (KHTML, like Gecko) SamsungBrowser/5.4 Chrome/51.0.2704.106 Mobile Safari/537.36"
188.23.186.66 - - [02/Sep/2017:10:13:21 +0200] "GET /javascript/jquery.cookie.js HTTP/1.1" 200 863 "http://www.easydrivers.at/moedling" "Mozilla/5.0 (Linux; Android 7.0; SAMSUNG SM-G930F Build/NRD90M) AppleWebKit/537.36 (KHTML, like Gecko) SamsungBrowser/5.4 Chrome/51.0.2704.106 Mobile Safari/537.36"
188.23.186.66 - - [02/Sep/2017:10:13:21 +0200] "GET /javascript/mobile-menu.js HTTP/1.1" 200 1634 "http://www.easydrivers.at/moedling" "Mozilla/5.0 (Linux; Android 7.0; SAMSUNG SM-G930F Build/NRD90M) AppleWebKit/537.36 (KHTML, like Gecko) SamsungBrowser/5.4 Chrome/51.0.2704.106 Mobile Safari/537.36"
188.23.186.66 - - [02/Sep/2017:10:13:21 +0200] "GET /javascript/jquery.simplemodal.js HTTP/1.1" 200 3070 "http://www.easydrivers.at/moedling" "Mozilla/5.0 (Linux; Android 7.0; SAMSUNG SM-G930F Build/NRD90M) AppleWebKit/537.36 (KHTML, like Gecko) SamsungBrowser/5.4 Chrome/51.0.2704.106 Mobile Safari/537.36"
188.23.186.66 - - [02/Sep/2017:10:13:21 +0200] "GET /javascript/mobile-fahrschule.js HTTP/1.1" 200 328 "http://www.easydrivers.at/moedling" "Mozilla/5.0 (Linux; Android 7.0; SAMSUNG SM-G930F Build/NRD90M) AppleWebKit/537.36 (KHTML, like Gecko) SamsungBrowser/5.4 Chrome/51.0.2704.106 Mobile Safari/537.36"
188.23.186.66 - - [02/Sep/2017:10:13:21 +0200] "GET /javascript/jquery-1.9.1.min.js HTTP/1.1" 200 32731 "http://www.easydrivers.at/moedling" "Mozilla/5.0 (Linux; Android 7.0; SAMSUNG SM-G930F Build/NRD90M) AppleWebKit/537.36 (KHTML, like Gecko) SamsungBrowser/5.4 Chrome/51.0.2704.106 Mobile Safari/537.36"
188.23.186.66 - - [02/Sep/2017:10:13:21 +0200] "GET /javascript/lazyload.js HTTP/1.1" 200 1170 "http://www.easydrivers.at/moedling" "Mozilla/5.0 (Linux; Android 7.0; SAMSUNG SM-G930F Build/NRD90M) AppleWebKit/537.36 (KHTML, like Gecko) SamsungBrowser/5.4 Chrome/51.0.2704.106 Mobile Safari/537.36"
188.23.186.66 - - [02/Sep/2017:10:13:21 +0200] "GET /img/mobile/easydrivers-logo-mobile.png HTTP/1.1" 200 10766 "http://www.easydrivers.at/moedling" "Mozilla/5.0 (Linux; Android 7.0; SAMSUNG SM-G930F Build/NRD90M) AppleWebKit/537.36 (KHTML, like Gecko) SamsungBrowser/5.4 Chrome/51.0.2704.106 Mobile Safari/537.36"
188.23.186.66 - - [02/Sep/2017:10:13:21 +0200] "GET /img/mobile/menu-button.png HTTP/1.1" 200 1746 "http://www.easydrivers.at/moedling" "Mozilla/5.0 (Linux; Android 7.0; SAMSUNG SM-G930F Build/NRD90M) AppleWebKit/537.36 (KHTML, like Gecko) SamsungBrowser/5.4 Chrome/51.0.2704.106 Mobile Safari/537.36"
188.23.186.66 - - [02/Sep/2017:10:13:21 +0200] "GET /img/mobile/close-button.png HTTP/1.1" 200 2411 "http://www.easydrivers.at/moedling" "Mozilla/5.0 (Linux; Android 7.0; SAMSUNG SM-G930F Build/NRD90M) AppleWebKit/537.36 (KHTML, like Gecko) SamsungBrowser/5.4 Chrome/51.0.2704.106 Mobile Safari/537.36"
188.23.186.66 - - [02/Sep/2017:10:13:21 +0200] "GET /img/mobile/facebook-icon.png HTTP/1.1" 200 1902 "http://www.easydrivers.at/moedling" "Mozilla/5.0 (Linux; Android 7.0; SAMSUNG SM-G930F Build/NRD90M) AppleWebKit/537.36 (KHTML, like Gecko) SamsungBrowser/5.4 Chrome/51.0.2704.106 Mobile Safari/537.36"
188.23.186.66 - - [02/Sep/2017:10:13:21 +0200] "GET /img/mobile/info-button.png HTTP/1.1" 200 1549 "http://www.easydrivers.at/moedling" "Mozilla/5.0 (Linux; Android 7.0; SAMSUNG SM-G930F Build/NRD90M) AppleWebKit/537.36 (KHTML, like Gecko) SamsungBrowser/5.4 Chrome/51.0.2704.106 Mobile Safari/537.36"
188.23.186.66 - - [02/Sep/2017:10:13:21 +0200] "GET /img/mobile/info-close-button.png HTTP/1.1" 200 1721 "http://www.easydrivers.at/moedling" "Mozilla/5.0 (Linux; Android 7.0; SAMSUNG SM-G930F Build/NRD90M) AppleWebKit/537.36 (KHTML, like Gecko) SamsungBrowser/5.4 Chrome/51.0.2704.106 Mobile Safari/537.36"
188.23.186.66 - - [02/Sep/2017:10:13:21 +0200] "GET /img/smallicon-person.png HTTP/1.1" 200 1141 "http://www.easydrivers.at/moedling" "Mozilla/5.0 (Linux; Android 7.0; SAMSUNG SM-G930F Build/NRD90M) AppleWebKit/537.36 (KHTML, like Gecko) SamsungBrowser/5.4 Chrome/51.0.2704.106 Mobile Safari/537.36"
188.23.186.66 - - [02/Sep/2017:10:13:21 +0200] "GET /img/smallicon-address.png HTTP/1.1" 200 1211 "http://www.easydrivers.at/moedling" "Mozilla/5.0 (Linux; Android 7.0; SAMSUNG SM-G930F Build/NRD90M) AppleWebKit/537.36 (KHTML, like Gecko) SamsungBrowser/5.4 Chrome/51.0.2704.106 Mobile Safari/537.36"
188.23.186.66 - - [02/Sep/2017:10:13:21 +0200] "GET /img/mobile/googlemaps-pin.png HTTP/1.1" 200 1597 "http://www.easydrivers.at/moedling" "Mozilla/5.0 (Linux; Android 7.0; SAMSUNG SM-G930F Build/NRD90M) AppleWebKit/537.36 (KHTML, like Gecko) SamsungBrowser/5.4 Chrome/51.0.2704.106 Mobile Safari/537.36"
188.23.186.66 - - [02/Sep/2017:10:13:21 +0200] "GET /img/smallicon-time.png HTTP/1.1" 200 1262 "http://www.easydrivers.at/moedling" "Mozilla/5.0 (Linux; Android 7.0; SAMSUNG SM-G930F Build/NRD90M) AppleWebKit/537.36 (KHTML, like Gecko) SamsungBrowser/5.4 Chrome/51.0.2704.106 Mobile Safari/537.36"
188.23.186.66 - - [02/Sep/2017:10:13:21 +0200] "GET /img/smallicon-phone.png HTTP/1.1" 200 3056 "http://www.easydrivers.at/moedling" "Mozilla/5.0 (Linux; Android 7.0; SAMSUNG SM-G930F Build/NRD90M) AppleWebKit/537.36 (KHTML, like Gecko) SamsungBrowser/5.4 Chrome/51.0.2704.106 Mobile Safari/537.36"
188.23.186.66 - - [02/Sep/2017:10:13:21 +0200] "GET /img/smallicon-mail.png HTTP/1.1" 200 1341 "http://www.easydrivers.at/moedling" "Mozilla/5.0 (Linux; Android 7.0; SAMSUNG SM-G930F Build/NRD90M) AppleWebKit/537.36 (KHTML, like Gecko) SamsungBrowser/5.4 Chrome/51.0.2704.106 Mobile Safari/537.36"
188.23.186.66 - - [02/Sep/2017:10:13:21 +0200] "GET /img/mobile/widget-icon-app.png HTTP/1.1" 200 3458 "http://www.easydrivers.at/moedling" "Mozilla/5.0 (Linux; Android 7.0; SAMSUNG SM-G930F Build/NRD90M) AppleWebKit/537.36 (KHTML, like Gecko) SamsungBrowser/5.4 Chrome/51.0.2704.106 Mobile Safari/537.36"
188.23.186.66 - - [02/Sep/2017:10:13:21 +0200] "GET /img/mobile/bg-header.jpg HTTP/1.1" 200 19741 "http://www.easydrivers.at/css/mobile.css" "Mozilla/5.0 (Linux; Android 7.0; SAMSUNG SM-G930F Build/NRD90M) AppleWebKit/537.36 (KHTML, like Gecko) SamsungBrowser/5.4 Chrome/51.0.2704.106 Mobile Safari/537.36"
188.23.186.66 - - [02/Sep/2017:10:13:21 +0200] "GET /img/mobile/bg-menu.jpg HTTP/1.1" 200 1698 "http://www.easydrivers.at/css/mobile.css" "Mozilla/5.0 (Linux; Android 7.0; SAMSUNG SM-G930F Build/NRD90M) AppleWebKit/537.36 (KHTML, like Gecko) SamsungBrowser/5.4 Chrome/51.0.2704.106 Mobile Safari/537.36"
188.23.186.66 - - [02/Sep/2017:10:13:21 +0200] "GET /img/mobile/bg-top-section.jpg HTTP/1.1" 200 21711 "http://www.easydrivers.at/css/mobile.css" "Mozilla/5.0 (Linux; Android 7.0; SAMSUNG SM-G930F Build/NRD90M) AppleWebKit/537.36 (KHTML, like Gecko) SamsungBrowser/5.4 Chrome/51.0.2704.106 Mobile Safari/537.36"
188.23.186.66 - - [02/Sep/2017:10:13:21 +0200] "GET /img/mobile/pfeil-rechts.png HTTP/1.1" 200 1228 "http://www.easydrivers.at/css/mobile.css" "Mozilla/5.0 (Linux; Android 7.0; SAMSUNG SM-G930F Build/NRD90M) AppleWebKit/537.36 (KHTML, like Gecko) SamsungBrowser/5.4 Chrome/51.0.2704.106 Mobile Safari/537.36"
188.23.186.66 - - [02/Sep/2017:10:13:22 +0200] "GET /img/favicon.ico HTTP/1.1" 404 300 "http://www.easydrivers.at/moedling" "Mozilla/5.0 (Linux; Android 7.0; SAMSUNG SM-G930F Build/NRD90M) AppleWebKit/537.36 (KHTML, like Gecko) SamsungBrowser/5.4 Chrome/51.0.2704.106 Mobile Safari/537.36"
194.166.223.192 - - [02/Sep/2017:10:13:21 +0200] "POST /loadkursliste HTTP/1.1" 200 376 "http://www.easydrivers.at/amstetten/kursauswahl" "Mozilla/5.0 (Linux; Android 7.0; SM-A510F Build/NRD90M) AppleWebKit/537.36 (KHTML, like Gecko) Chrome/60.0.3112.107 Mobile Safari/537.36"
84.115.241.178 - - [02/Sep/2017:10:13:24 +0200] "GET /dornbirn HTTP/1.1" 200 3640 "-" "Mozilla/5.0 (Windows NT 10.0; WOW64) AppleWebKit/537.36 (KHTML, like Gecko) Chrome/60.0.3112.113 Safari/537.36"
216.244.66.202 - - [02/Sep/2017:10:13:34 +0200] "GET /robots.txt HTTP/1.1" 200 178 "-" "Mozilla/5.0 (compatible; DotBot/1.1; http://www.opensiteexplorer.org/dotbot, help@moz.com)"
178.115.130.215 - - [02/Sep/2017:10:13:40 +0200] "GET / HTTP/1.1" 200 3564 "http://www.easydrivers.at/ueberuns" "Mozilla/5.0 (Linux; Android 7.0; SAMSUNG SM-A310F Build/NRD90M) AppleWebKit/537.36 (KHTML, like Gecko) SamsungBrowser/5.4 Chrome/51.0.2704.106 Mobile Safari/537.36"
213.225.11.152 - - [02/Sep/2017:10:13:46 +0200] "GET /fuehrerscheine/auto HTTP/1.1" 200 3369 "http://www.easydrivers.at/app" "Mozilla/5.0 (Linux; Android 7.0; SAMSUNG SM-G930F Build/NRD90M) AppleWebKit/537.36 (KHTML, like Gecko) SamsungBrowser/5.4 Chrome/51.0.2704.106 Mobile Safari/537.36"
194.166.223.192 - - [02/Sep/2017:10:13:46 +0200] "POST /loadkursliste HTTP/1.1" 200 553 "http://www.easydrivers.at/amstetten/kursauswahl" "Mozilla/5.0 (Linux; Android 7.0; SM-A510F Build/NRD90M) AppleWebKit/537.36 (KHTML, like Gecko) Chrome/60.0.3112.107 Mobile Safari/537.36"
213.225.11.152 - - [02/Sep/2017:10:13:49 +0200] "GET /app HTTP/1.1" 200 2722 "http://www.easydrivers.at/schwechat?gclid=EAIaIQobChMItu2grIaG1gIVzbXtCh27qw-rEAAYASAAEgLSv_D_BwE" "Mozilla/5.0 (Linux; Android 7.0; SAMSUNG SM-G930F Build/NRD90M) AppleWebKit/537.36 (KHTML, like Gecko) SamsungBrowser/5.4 Chrome/51.0.2704.106 Mobile Safari/537.36"
207.46.13.57 - - [02/Sep/2017:10:13:49 +0200] "GET /hartberg/weihnachtskurs_22.12.2017?FS=B-L17 HTTP/1.1" 200 6444 "-" "Mozilla/5.0 (compatible; bingbot/2.0; +http://www.bing.com/bingbot.htm)"
178.115.130.215 - - [02/Sep/2017:10:13:51 +0200] "GET /ueberuns HTTP/1.1" 200 3286 "http://www.easydrivers.at/dornbirn" "Mozilla/5.0 (Linux; Android 7.0; SAMSUNG SM-A310F Build/NRD90M) AppleWebKit/537.36 (KHTML, like Gecko) SamsungBrowser/5.4 Chrome/51.0.2704.106 Mobile Safari/537.36"
213.225.11.152 - - [02/Sep/2017:10:13:52 +0200] "GET /schwechat?gclid=EAIaIQobChMItu2grIaG1gIVzbXtCh27qw-rEAAYASAAEgLSv_D_BwE HTTP/1.1" 200 3513 "https://www.google.at/" "Mozilla/5.0 (Linux; Android 7.0; SAMSUNG SM-G930F Build/NRD90M) AppleWebKit/537.36 (KHTML, like Gecko) SamsungBrowser/5.4 Chrome/51.0.2704.106 Mobile Safari/537.36"
213.225.11.152 - - [02/Sep/2017:10:13:55 +0200] "GET /javascript/fahrschule.js HTTP/1.1" 200 462 "http://www.easydrivers.at/schwechat?gclid=EAIaIQobChMItu2grIaG1gIVzbXtCh27qw-rEAAYASAAEgLSv_D_BwE" "Mozilla/5.0 (Linux; Android 7.0; SAMSUNG SM-G930F Build/NRD90M) AppleWebKit/537.36 (KHTML, like Gecko) SamsungBrowser/5.4 Chrome/51.0.2704.106 Mobile Safari/537.36"
213.225.11.152 - - [02/Sep/2017:10:13:55 +0200] "GET /img/info-button.png HTTP/1.1" 200 738 "http://www.easydrivers.at/schwechat?gclid=EAIaIQobChMItu2grIaG1gIVzbXtCh27qw-rEAAYASAAEgLSv_D_BwE" "Mozilla/5.0 (Linux; Android 7.0; SAMSUNG SM-G930F Build/NRD90M) AppleWebKit/537.36 (KHTML, like Gecko) SamsungBrowser/5.4 Chrome/51.0.2704.106 Mobile Safari/537.36"
213.225.11.152 - - [02/Sep/2017:10:13:55 +0200] "GET /img/locator-icon.png HTTP/1.1" 200 1377 "http://www.easydrivers.at/schwechat?gclid=EAIaIQobChMItu2grIaG1gIVzbXtCh27qw-rEAAYASAAEgLSv_D_BwE" "Mozilla/5.0 (Linux; Android 7.0; SAMSUNG SM-G930F Build/NRD90M) AppleWebKit/537.36 (KHTML, like Gecko) SamsungBrowser/5.4 Chrome/51.0.2704.106 Mobile Safari/537.36"
213.225.11.152 - - [02/Sep/2017:10:13:55 +0200] "GET /img/close-button-small.png HTTP/1.1" 200 1671 "http://www.easydrivers.at/schwechat?gclid=EAIaIQobChMItu2grIaG1gIVzbXtCh27qw-rEAAYASAAEgLSv_D_BwE" "Mozilla/5.0 (Linux; Android 7.0; SAMSUNG SM-G930F Build/NRD90M) AppleWebKit/537.36 (KHTML, like Gecko) SamsungBrowser/5.4 Chrome/51.0.2704.106 Mobile Safari/537.36"
213.225.11.152 - - [02/Sep/2017:10:13:55 +0200] "GET /img/submit-button.png HTTP/1.1" 200 1958 "http://www.easydrivers.at/schwechat?gclid=EAIaIQobChMItu2grIaG1gIVzbXtCh27qw-rEAAYASAAEgLSv_D_BwE" "Mozilla/5.0 (Linux; Android 7.0; SAMSUNG SM-G930F Build/NRD90M) AppleWebKit/537.36 (KHTML, like Gecko) SamsungBrowser/5.4 Chrome/51.0.2704.106 Mobile Safari/537.36"
213.225.11.152 - - [02/Sep/2017:10:13:55 +0200] "GET /binaries/easy-drivers-portal/widget-icon-trainingpng.png HTTP/1.1" 200 2662 "http://www.easydrivers.at/schwechat?gclid=EAIaIQobChMItu2grIaG1gIVzbXtCh27qw-rEAAYASAAEgLSv_D_BwE" "Mozilla/5.0 (Linux; Android 7.0; SAMSUNG SM-G930F Build/NRD90M) AppleWebKit/537.36 (KHTML, like Gecko) SamsungBrowser/5.4 Chrome/51.0.2704.106 Mobile Safari/537.36"
213.225.11.152 - - [02/Sep/2017:10:13:55 +0200] "GET /img/empty.gif HTTP/1.1" 200 43 "http://www.easydrivers.at/schwechat?gclid=EAIaIQobChMItu2grIaG1gIVzbXtCh27qw-rEAAYASAAEgLSv_D_BwE" "Mozilla/5.0 (Linux; Android 7.0; SAMSUNG SM-G930F Build/NRD90M) AppleWebKit/537.36 (KHTML, like Gecko) SamsungBrowser/5.4 Chrome/51.0.2704.106 Mobile Safari/537.36"
213.225.11.152 - - [02/Sep/2017:10:13:55 +0200] "GET /img/purple-dots-horizontal.png HTTP/1.1" 200 977 "http://www.easydrivers.at/css/style.css" "Mozilla/5.0 (Linux; Android 7.0; SAMSUNG SM-G930F Build/NRD90M) AppleWebKit/537.36 (KHTML, like Gecko) SamsungBrowser/5.4 Chrome/51.0.2704.106 Mobile Safari/537.36"
213.225.11.152 - - [02/Sep/2017:10:13:55 +0200] "GET /binaries/easy-drivers-portal/widget-icon-apppng.png HTTP/1.1" 200 2432 "http://www.easydrivers.at/schwechat?gclid=EAIaIQobChMItu2grIaG1gIVzbXtCh27qw-rEAAYASAAEgLSv_D_BwE" "Mozilla/5.0 (Linux; Android 7.0; SAMSUNG SM-G930F Build/NRD90M) AppleWebKit/537.36 (KHTML, like Gecko) SamsungBrowser/5.4 Chrome/51.0.2704.106 Mobile Safari/537.36"
213.225.11.152 - - [02/Sep/2017:10:13:55 +0200] "GET /img/yellow-dots-vertical.png HTTP/1.1" 200 981 "http://www.easydrivers.at/css/style.css" "Mozilla/5.0 (Linux; Android 7.0; SAMSUNG SM-G930F Build/NRD90M) AppleWebKit/537.36 (KHTML, like Gecko) SamsungBrowser/5.4 Chrome/51.0.2704.106 Mobile Safari/537.36"
213.225.11.152 - - [02/Sep/2017:10:13:55 +0200] "GET /binaries/easy-drivers-portal/widget-icon-expertspng.png HTTP/1.1" 200 2159 "http://www.easydrivers.at/schwechat?gclid=EAIaIQobChMItu2grIaG1gIVzbXtCh27qw-rEAAYASAAEgLSv_D_BwE" "Mozilla/5.0 (Linux; Android 7.0; SAMSUNG SM-G930F Build/NRD90M) AppleWebKit/537.36 (KHTML, like Gecko) SamsungBrowser/5.4 Chrome/51.0.2704.106 Mobile Safari/537.36"
213.225.11.152 - - [02/Sep/2017:10:13:55 +0200] "GET /img/bg-top-section.jpg HTTP/1.1" 200 82172 "http://www.easydrivers.at/css/style.css" "Mozilla/5.0 (Linux; Android 7.0; SAMSUNG SM-G930F Build/NRD90M) AppleWebKit/537.36 (KHTML, like Gecko) SamsungBrowser/5.4 Chrome/51.0.2704.106 Mobile Safari/537.36"
178.115.130.215 - - [02/Sep/2017:10:13:54 +0200] "GET /dornbirn HTTP/1.1" 200 3036 "-" "Mozilla/5.0 (Linux; Android 7.0; SAMSUNG SM-A310F Build/NRD90M) AppleWebKit/537.36 (KHTML, like Gecko) SamsungBrowser/5.4 Chrome/51.0.2704.106 Mobile Safari/537.36"
194.166.223.192 - - [02/Sep/2017:10:14:02 +0200] "GET /amstetten HTTP/1.1" 200 2953 "http://www.easydrivers.at/amstetten/kursauswahl" "Mozilla/5.0 (Linux; Android 7.0; SM-A510F Build/NRD90M) AppleWebKit/537.36 (KHTML, like Gecko) Chrome/60.0.3112.107 Mobile Safari/537.36"
194.166.150.187 - - [02/Sep/2017:10:14:06 +0200] "GET /moedling/aktionen HTTP/1.1" 200 4238 "http://www.easydrivers.at/moedling" "Mozilla/5.0 (Windows NT 10.0; Win64; x64) AppleWebKit/537.36 (KHTML, like Gecko) Chrome/60.0.3112.113 Safari/537.36"
46.125.250.74 - - [02/Sep/2017:10:14:07 +0200] "GET /krems HTTP/1.1" 200 2934 "http://www.google.at/" "Mozilla/5.0 (Linux; Android 6.0; ALE-L21 Build/HuaweiALE-L21) AppleWebKit/537.36 (KHTML, like Gecko) Chrome/60.0.3112.107 Mobile Safari/537.36"
46.125.250.74 - - [02/Sep/2017:10:14:09 +0200] "GET /css/mobile.css HTTP/1.1" 200 2852 "http://www.easydrivers.at/krems" "Mozilla/5.0 (Linux; Android 6.0; ALE-L21 Build/HuaweiALE-L21) AppleWebKit/537.36 (KHTML, like Gecko) Chrome/60.0.3112.107 Mobile Safari/537.36"
46.125.250.74 - - [02/Sep/2017:10:14:09 +0200] "GET /javascript/jquery.cookie.js HTTP/1.1" 200 863 "http://www.easydrivers.at/krems" "Mozilla/5.0 (Linux; Android 6.0; ALE-L21 Build/HuaweiALE-L21) AppleWebKit/537.36 (KHTML, like Gecko) Chrome/60.0.3112.107 Mobile Safari/537.36"
46.125.250.74 - - [02/Sep/2017:10:14:09 +0200] "GET /javascript/mobile-menu.js HTTP/1.1" 200 1634 "http://www.easydrivers.at/krems" "Mozilla/5.0 (Linux; Android 6.0; ALE-L21 Build/HuaweiALE-L21) AppleWebKit/537.36 (KHTML, like Gecko) Chrome/60.0.3112.107 Mobile Safari/537.36"
46.125.250.74 - - [02/Sep/2017:10:14:09 +0200] "GET /javascript/jquery-1.9.1.min.js HTTP/1.1" 200 32731 "http://www.easydrivers.at/krems" "Mozilla/5.0 (Linux; Android 6.0; ALE-L21 Build/HuaweiALE-L21) AppleWebKit/537.36 (KHTML, like Gecko) Chrome/60.0.3112.107 Mobile Safari/537.36"
46.125.250.74 - - [02/Sep/2017:10:14:09 +0200] "GET /javascript/jquery.simplemodal.js HTTP/1.1" 200 3070 "http://www.easydrivers.at/krems" "Mozilla/5.0 (Linux; Android 6.0; ALE-L21 Build/HuaweiALE-L21) AppleWebKit/537.36 (KHTML, like Gecko) Chrome/60.0.3112.107 Mobile Safari/537.36"
46.125.250.74 - - [02/Sep/2017:10:14:10 +0200] "GET /javascript/mobile-fahrschule.js HTTP/1.1" 200 328 "http://www.easydrivers.at/krems" "Mozilla/5.0 (Linux; Android 6.0; ALE-L21 Build/HuaweiALE-L21) AppleWebKit/537.36 (KHTML, like Gecko) Chrome/60.0.3112.107 Mobile Safari/537.36"
46.125.250.74 - - [02/Sep/2017:10:14:10 +0200] "GET /javascript/lazyload.js HTTP/1.1" 200 1170 "http://www.easydrivers.at/krems" "Mozilla/5.0 (Linux; Android 6.0; ALE-L21 Build/HuaweiALE-L21) AppleWebKit/537.36 (KHTML, like Gecko) Chrome/60.0.3112.107 Mobile Safari/537.36"
46.125.250.74 - - [02/Sep/2017:10:14:10 +0200] "GET /img/mobile/easydrivers-logo-mobile.png HTTP/1.1" 200 10766 "http://www.easydrivers.at/krems" "Mozilla/5.0 (Linux; Android 6.0; ALE-L21 Build/HuaweiALE-L21) AppleWebKit/537.36 (KHTML, like Gecko) Chrome/60.0.3112.107 Mobile Safari/537.36"
46.125.250.74 - - [02/Sep/2017:10:14:10 +0200] "GET /img/mobile/menu-button.png HTTP/1.1" 200 1746 "http://www.easydrivers.at/krems" "Mozilla/5.0 (Linux; Android 6.0; ALE-L21 Build/HuaweiALE-L21) AppleWebKit/537.36 (KHTML, like Gecko) Chrome/60.0.3112.107 Mobile Safari/537.36"
46.125.250.74 - - [02/Sep/2017:10:14:10 +0200] "GET /img/mobile/close-button.png HTTP/1.1" 200 2411 "http://www.easydrivers.at/krems" "Mozilla/5.0 (Linux; Android 6.0; ALE-L21 Build/HuaweiALE-L21) AppleWebKit/537.36 (KHTML, like Gecko) Chrome/60.0.3112.107 Mobile Safari/537.36"
46.125.250.74 - - [02/Sep/2017:10:14:10 +0200] "GET /img/mobile/facebook-icon.png HTTP/1.1" 200 1902 "http://www.easydrivers.at/krems" "Mozilla/5.0 (Linux; Android 6.0; ALE-L21 Build/HuaweiALE-L21) AppleWebKit/537.36 (KHTML, like Gecko) Chrome/60.0.3112.107 Mobile Safari/537.36"
46.125.250.74 - - [02/Sep/2017:10:14:10 +0200] "GET /img/mobile/info-button.png HTTP/1.1" 200 1549 "http://www.easydrivers.at/krems" "Mozilla/5.0 (Linux; Android 6.0; ALE-L21 Build/HuaweiALE-L21) AppleWebKit/537.36 (KHTML, like Gecko) Chrome/60.0.3112.107 Mobile Safari/537.36"
46.125.250.74 - - [02/Sep/2017:10:14:10 +0200] "GET /img/smallicon-person.png HTTP/1.1" 200 1141 "http://www.easydrivers.at/krems" "Mozilla/5.0 (Linux; Android 6.0; ALE-L21 Build/HuaweiALE-L21) AppleWebKit/537.36 (KHTML, like Gecko) Chrome/60.0.3112.107 Mobile Safari/537.36"
46.125.250.74 - - [02/Sep/2017:10:14:10 +0200] "GET /img/mobile/info-close-button.png HTTP/1.1" 200 1721 "http://www.easydrivers.at/krems" "Mozilla/5.0 (Linux; Android 6.0; ALE-L21 Build/HuaweiALE-L21) AppleWebKit/537.36 (KHTML, like Gecko) Chrome/60.0.3112.107 Mobile Safari/537.36"
46.125.250.74 - - [02/Sep/2017:10:14:10 +0200] "GET /img/smallicon-address.png HTTP/1.1" 200 1211 "http://www.easydrivers.at/krems" "Mozilla/5.0 (Linux; Android 6.0; ALE-L21 Build/HuaweiALE-L21) AppleWebKit/537.36 (KHTML, like Gecko) Chrome/60.0.3112.107 Mobile Safari/537.36"
46.125.250.74 - - [02/Sep/2017:10:14:10 +0200] "GET /img/mobile/googlemaps-pin.png HTTP/1.1" 200 1597 "http://www.easydrivers.at/krems" "Mozilla/5.0 (Linux; Android 6.0; ALE-L21 Build/HuaweiALE-L21) AppleWebKit/537.36 (KHTML, like Gecko) Chrome/60.0.3112.107 Mobile Safari/537.36"
46.125.250.74 - - [02/Sep/2017:10:14:10 +0200] "GET /img/smallicon-time.png HTTP/1.1" 200 1262 "http://www.easydrivers.at/krems" "Mozilla/5.0 (Linux; Android 6.0; ALE-L21 Build/HuaweiALE-L21) AppleWebKit/537.36 (KHTML, like Gecko) Chrome/60.0.3112.107 Mobile Safari/537.36"
46.125.250.74 - - [02/Sep/2017:10:14:10 +0200] "GET /img/smallicon-phone.png HTTP/1.1" 200 3056 "http://www.easydrivers.at/krems" "Mozilla/5.0 (Linux; Android 6.0; ALE-L21 Build/HuaweiALE-L21) AppleWebKit/537.36 (KHTML, like Gecko) Chrome/60.0.3112.107 Mobile Safari/537.36"
46.125.250.74 - - [02/Sep/2017:10:14:10 +0200] "GET /img/smallicon-mail.png HTTP/1.1" 200 1341 "http://www.easydrivers.at/krems" "Mozilla/5.0 (Linux; Android 6.0; ALE-L21 Build/HuaweiALE-L21) AppleWebKit/537.36 (KHTML, like Gecko) Chrome/60.0.3112.107 Mobile Safari/537.36"
46.125.250.74 - - [02/Sep/2017:10:14:10 +0200] "GET /img/mobile/widget-icon-app.png HTTP/1.1" 200 3458 "http://www.easydrivers.at/krems" "Mozilla/5.0 (Linux; Android 6.0; ALE-L21 Build/HuaweiALE-L21) AppleWebKit/537.36 (KHTML, like Gecko) Chrome/60.0.3112.107 Mobile Safari/537.36"
46.125.250.74 - - [02/Sep/2017:10:14:10 +0200] "GET /img/mobile/bg-top-section.jpg HTTP/1.1" 200 21711 "http://www.easydrivers.at/css/mobile.css" "Mozilla/5.0 (Linux; Android 6.0; ALE-L21 Build/HuaweiALE-L21) AppleWebKit/537.36 (KHTML, like Gecko) Chrome/60.0.3112.107 Mobile Safari/537.36"
46.125.250.74 - - [02/Sep/2017:10:14:10 +0200] "GET /img/mobile/bg-header.jpg HTTP/1.1" 200 19741 "http://www.easydrivers.at/css/mobile.css" "Mozilla/5.0 (Linux; Android 6.0; ALE-L21 Build/HuaweiALE-L21) AppleWebKit/537.36 (KHTML, like Gecko) Chrome/60.0.3112.107 Mobile Safari/537.36"
46.125.250.74 - - [02/Sep/2017:10:14:10 +0200] "GET /img/mobile/pfeil-rechts.png HTTP/1.1" 200 1228 "http://www.easydrivers.at/css/mobile.css" "Mozilla/5.0 (Linux; Android 6.0; ALE-L21 Build/HuaweiALE-L21) AppleWebKit/537.36 (KHTML, like Gecko) Chrome/60.0.3112.107 Mobile Safari/537.36"
46.125.250.74 - - [02/Sep/2017:10:14:10 +0200] "GET /img/mobile/bg-menu.jpg HTTP/1.1" 200 1698 "http://www.easydrivers.at/css/mobile.css" "Mozilla/5.0 (Linux; Android 6.0; ALE-L21 Build/HuaweiALE-L21) AppleWebKit/537.36 (KHTML, like Gecko) Chrome/60.0.3112.107 Mobile Safari/537.36"
46.125.250.74 - - [02/Sep/2017:10:14:11 +0200] "GET /img/favicon.ico HTTP/1.1" 404 300 "http://www.easydrivers.at/krems" "Mozilla/5.0 (Linux; Android 6.0; ALE-L21 Build/HuaweiALE-L21) AppleWebKit/537.36 (KHTML, like Gecko) Chrome/60.0.3112.107 Mobile Safari/537.36"
194.166.223.192 - - [02/Sep/2017:10:14:14 +0200] "GET /amstetten/kurse HTTP/1.1" 200 3450 "http://www.easydrivers.at/amstetten" "Mozilla/5.0 (Linux; Android 7.0; SM-A510F Build/NRD90M) AppleWebKit/537.36 (KHTML, like Gecko) Chrome/60.0.3112.107 Mobile Safari/537.36"
194.166.150.187 - - [02/Sep/2017:10:14:14 +0200] "GET /moedling/kurse HTTP/1.1" 200 4752 "http://www.easydrivers.at/moedling/aktionen" "Mozilla/5.0 (Windows NT 10.0; Win64; x64) AppleWebKit/537.36 (KHTML, like Gecko) Chrome/60.0.3112.113 Safari/537.36"
194.166.150.187 - - [02/Sep/2017:10:14:17 +0200] "GET /binaries/easy-drivers-portal/pkw5jpg.jpg HTTP/1.1" 200 96177 "http://www.easydrivers.at/moedling/kurse" "Mozilla/5.0 (Windows NT 10.0; Win64; x64) AppleWebKit/537.36 (KHTML, like Gecko) Chrome/60.0.3112.113 Safari/537.36"
188.23.228.129 - - [02/Sep/2017:10:14:16 +0200] "GET /moedling/aktionen HTTP/1.1" 200 3816 "http://m.facebook.com/" "Mozilla/5.0 (Linux; Android 6.0.1; SM-N910C Build/MMB29K; wv) AppleWebKit/537.36 (KHTML, like Gecko) Version/4.0 Chrome/60.0.3112.107 Mobile Safari/537.36 [FB_IAB/FB4A;FBAV/139.0.0.22.93;]"
194.166.223.192 - - [02/Sep/2017:10:14:17 +0200] "POST /loadkursliste HTTP/1.1" 200 553 "http://www.easydrivers.at/amstetten/kurse" "Mozilla/5.0 (Linux; Android 7.0; SM-A510F Build/NRD90M) AppleWebKit/537.36 (KHTML, like Gecko) Chrome/60.0.3112.107 Mobile Safari/537.36"
194.166.150.187 - - [02/Sep/2017:10:14:17 +0200] "POST /loadkursliste HTTP/1.1" 200 671 "http://www.easydrivers.at/moedling/kurse" "Mozilla/5.0 (Windows NT 10.0; Win64; x64) AppleWebKit/537.36 (KHTML, like Gecko) Chrome/60.0.3112.113 Safari/537.36"
194.166.223.192 - - [02/Sep/2017:10:14:17 +0200] "POST /loadkursliste HTTP/1.1" 200 552 "http://www.easydrivers.at/amstetten/kurse" "Mozilla/5.0 (Linux; Android 7.0; SM-A510F Build/NRD90M) AppleWebKit/537.36 (KHTML, like Gecko) Chrome/60.0.3112.107 Mobile Safari/537.36"
194.166.223.192 - - [02/Sep/2017:10:14:20 +0200] "GET /amstetten HTTP/1.1" 200 2953 "http://www.easydrivers.at/amstetten/kursauswahl" "Mozilla/5.0 (Linux; Android 7.0; SM-A510F Build/NRD90M) AppleWebKit/537.36 (KHTML, like Gecko) Chrome/60.0.3112.107 Mobile Safari/537.36"
212.241.72.7 - - [02/Sep/2017:10:14:23 +0200] "GET /linz HTTP/1.1" 200 2881 "https://www.google.at/" "Mozilla/5.0 (Linux; Android 7.0; HUAWEI VNS-L21 Build/HUAWEIVNS-L21) AppleWebKit/537.36 (KHTML, like Gecko) Chrome/60.0.3112.107 Mobile Safari/537.36"
212.241.72.7 - - [02/Sep/2017:10:14:25 +0200] "GET /css/mobile.css HTTP/1.1" 200 2852 "http://www.easydrivers.at/linz" "Mozilla/5.0 (Linux; Android 7.0; HUAWEI VNS-L21 Build/HUAWEIVNS-L21) AppleWebKit/537.36 (KHTML, like Gecko) Chrome/60.0.3112.107 Mobile Safari/537.36"
212.241.72.7 - - [02/Sep/2017:10:14:25 +0200] "GET /javascript/jquery.cookie.js HTTP/1.1" 200 863 "http://www.easydrivers.at/linz" "Mozilla/5.0 (Linux; Android 7.0; HUAWEI VNS-L21 Build/HUAWEIVNS-L21) AppleWebKit/537.36 (KHTML, like Gecko) Chrome/60.0.3112.107 Mobile Safari/537.36"
212.241.72.7 - - [02/Sep/2017:10:14:25 +0200] "GET /javascript/jquery.simplemodal.js HTTP/1.1" 200 3070 "http://www.easydrivers.at/linz" "Mozilla/5.0 (Linux; Android 7.0; HUAWEI VNS-L21 Build/HUAWEIVNS-L21) AppleWebKit/537.36 (KHTML, like Gecko) Chrome/60.0.3112.107 Mobile Safari/537.36"
212.241.72.7 - - [02/Sep/2017:10:14:25 +0200] "GET /javascript/mobile-menu.js HTTP/1.1" 200 1634 "http://www.easydrivers.at/linz" "Mozilla/5.0 (Linux; Android 7.0; HUAWEI VNS-L21 Build/HUAWEIVNS-L21) AppleWebKit/537.36 (KHTML, like Gecko) Chrome/60.0.3112.107 Mobile Safari/537.36"
212.241.72.7 - - [02/Sep/2017:10:14:25 +0200] "GET /javascript/jquery-1.9.1.min.js HTTP/1.1" 200 32731 "http://www.easydrivers.at/linz" "Mozilla/5.0 (Linux; Android 7.0; HUAWEI VNS-L21 Build/HUAWEIVNS-L21) AppleWebKit/537.36 (KHTML, like Gecko) Chrome/60.0.3112.107 Mobile Safari/537.36"
212.241.72.7 - - [02/Sep/2017:10:14:25 +0200] "GET /javascript/mobile-fahrschule.js HTTP/1.1" 200 328 "http://www.easydrivers.at/linz" "Mozilla/5.0 (Linux; Android 7.0; HUAWEI VNS-L21 Build/HUAWEIVNS-L21) AppleWebKit/537.36 (KHTML, like Gecko) Chrome/60.0.3112.107 Mobile Safari/537.36"
212.241.72.7 - - [02/Sep/2017:10:14:25 +0200] "GET /javascript/lazyload.js HTTP/1.1" 200 1170 "http://www.easydrivers.at/linz" "Mozilla/5.0 (Linux; Android 7.0; HUAWEI VNS-L21 Build/HUAWEIVNS-L21) AppleWebKit/537.36 (KHTML, like Gecko) Chrome/60.0.3112.107 Mobile Safari/537.36"
212.241.72.7 - - [02/Sep/2017:10:14:25 +0200] "GET /img/mobile/easydrivers-logo-mobile.png HTTP/1.1" 200 10766 "http://www.easydrivers.at/linz" "Mozilla/5.0 (Linux; Android 7.0; HUAWEI VNS-L21 Build/HUAWEIVNS-L21) AppleWebKit/537.36 (KHTML, like Gecko) Chrome/60.0.3112.107 Mobile Safari/537.36"
212.241.72.7 - - [02/Sep/2017:10:14:26 +0200] "GET /img/mobile/close-button.png HTTP/1.1" 200 2411 "http://www.easydrivers.at/linz" "Mozilla/5.0 (Linux; Android 7.0; HUAWEI VNS-L21 Build/HUAWEIVNS-L21) AppleWebKit/537.36 (KHTML, like Gecko) Chrome/60.0.3112.107 Mobile Safari/537.36"
212.241.72.7 - - [02/Sep/2017:10:14:26 +0200] "GET /img/mobile/menu-button.png HTTP/1.1" 200 1746 "http://www.easydrivers.at/linz" "Mozilla/5.0 (Linux; Android 7.0; HUAWEI VNS-L21 Build/HUAWEIVNS-L21) AppleWebKit/537.36 (KHTML, like Gecko) Chrome/60.0.3112.107 Mobile Safari/537.36"
212.241.72.7 - - [02/Sep/2017:10:14:26 +0200] "GET /img/mobile/facebook-icon.png HTTP/1.1" 200 1902 "http://www.easydrivers.at/linz" "Mozilla/5.0 (Linux; Android 7.0; HUAWEI VNS-L21 Build/HUAWEIVNS-L21) AppleWebKit/537.36 (KHTML, like Gecko) Chrome/60.0.3112.107 Mobile Safari/537.36"
212.241.72.7 - - [02/Sep/2017:10:14:26 +0200] "GET /img/mobile/info-button.png HTTP/1.1" 200 1549 "http://www.easydrivers.at/linz" "Mozilla/5.0 (Linux; Android 7.0; HUAWEI VNS-L21 Build/HUAWEIVNS-L21) AppleWebKit/537.36 (KHTML, like Gecko) Chrome/60.0.3112.107 Mobile Safari/537.36"
212.241.72.7 - - [02/Sep/2017:10:14:26 +0200] "GET /img/mobile/info-close-button.png HTTP/1.1" 200 1721 "http://www.easydrivers.at/linz" "Mozilla/5.0 (Linux; Android 7.0; HUAWEI VNS-L21 Build/HUAWEIVNS-L21) AppleWebKit/537.36 (KHTML, like Gecko) Chrome/60.0.3112.107 Mobile Safari/537.36"
212.241.72.7 - - [02/Sep/2017:10:14:26 +0200] "GET /img/mobile/bg-top-section.jpg HTTP/1.1" 200 21711 "http://www.easydrivers.at/css/mobile.css" "Mozilla/5.0 (Linux; Android 7.0; HUAWEI VNS-L21 Build/HUAWEIVNS-L21) AppleWebKit/537.36 (KHTML, like Gecko) Chrome/60.0.3112.107 Mobile Safari/537.36"
212.241.72.7 - - [02/Sep/2017:10:14:26 +0200] "GET /img/mobile/bg-header.jpg HTTP/1.1" 200 19741 "http://www.easydrivers.at/css/mobile.css" "Mozilla/5.0 (Linux; Android 7.0; HUAWEI VNS-L21 Build/HUAWEIVNS-L21) AppleWebKit/537.36 (KHTML, like Gecko) Chrome/60.0.3112.107 Mobile Safari/537.36"
212.241.72.7 - - [02/Sep/2017:10:14:26 +0200] "GET /img/mobile/widget-icon-app.png HTTP/1.1" 200 3458 "http://www.easydrivers.at/linz" "Mozilla/5.0 (Linux; Android 7.0; HUAWEI VNS-L21 Build/HUAWEIVNS-L21) AppleWebKit/537.36 (KHTML, like Gecko) Chrome/60.0.3112.107 Mobile Safari/537.36"
212.241.72.7 - - [02/Sep/2017:10:14:26 +0200] "GET /img/mobile/pfeil-rechts.png HTTP/1.1" 200 1228 "http://www.easydrivers.at/css/mobile.css" "Mozilla/5.0 (Linux; Android 7.0; HUAWEI VNS-L21 Build/HUAWEIVNS-L21) AppleWebKit/537.36 (KHTML, like Gecko) Chrome/60.0.3112.107 Mobile Safari/537.36"
212.241.72.7 - - [02/Sep/2017:10:14:26 +0200] "GET /img/smallicon-address.png HTTP/1.1" 200 1211 "http://www.easydrivers.at/linz" "Mozilla/5.0 (Linux; Android 7.0; HUAWEI VNS-L21 Build/HUAWEIVNS-L21) AppleWebKit/537.36 (KHTML, like Gecko) Chrome/60.0.3112.107 Mobile Safari/537.36"
212.241.72.7 - - [02/Sep/2017:10:14:26 +0200] "GET /img/smallicon-person.png HTTP/1.1" 200 1141 "http://www.easydrivers.at/linz" "Mozilla/5.0 (Linux; Android 7.0; HUAWEI VNS-L21 Build/HUAWEIVNS-L21) AppleWebKit/537.36 (KHTML, like Gecko) Chrome/60.0.3112.107 Mobile Safari/537.36"
212.241.72.7 - - [02/Sep/2017:10:14:26 +0200] "GET /img/smallicon-time.png HTTP/1.1" 200 1262 "http://www.easydrivers.at/linz" "Mozilla/5.0 (Linux; Android 7.0; HUAWEI VNS-L21 Build/HUAWEIVNS-L21) AppleWebKit/537.36 (KHTML, like Gecko) Chrome/60.0.3112.107 Mobile Safari/537.36"
212.241.72.7 - - [02/Sep/2017:10:14:26 +0200] "GET /img/mobile/googlemaps-pin.png HTTP/1.1" 200 1597 "http://www.easydrivers.at/linz" "Mozilla/5.0 (Linux; Android 7.0; HUAWEI VNS-L21 Build/HUAWEIVNS-L21) AppleWebKit/537.36 (KHTML, like Gecko) Chrome/60.0.3112.107 Mobile Safari/537.36"
212.241.72.7 - - [02/Sep/2017:10:14:26 +0200] "GET /img/smallicon-phone.png HTTP/1.1" 200 3056 "http://www.easydrivers.at/linz" "Mozilla/5.0 (Linux; Android 7.0; HUAWEI VNS-L21 Build/HUAWEIVNS-L21) AppleWebKit/537.36 (KHTML, like Gecko) Chrome/60.0.3112.107 Mobile Safari/537.36"
212.241.72.7 - - [02/Sep/2017:10:14:26 +0200] "GET /img/smallicon-mail.png HTTP/1.1" 200 1341 "http://www.easydrivers.at/linz" "Mozilla/5.0 (Linux; Android 7.0; HUAWEI VNS-L21 Build/HUAWEIVNS-L21) AppleWebKit/537.36 (KHTML, like Gecko) Chrome/60.0.3112.107 Mobile Safari/537.36"
212.241.72.7 - - [02/Sep/2017:10:14:26 +0200] "GET /img/mobile/bg-menu.jpg HTTP/1.1" 200 1698 "http://www.easydrivers.at/css/mobile.css" "Mozilla/5.0 (Linux; Android 7.0; HUAWEI VNS-L21 Build/HUAWEIVNS-L21) AppleWebKit/537.36 (KHTML, like Gecko) Chrome/60.0.3112.107 Mobile Safari/537.36"
212.241.72.7 - - [02/Sep/2017:10:14:26 +0200] "GET /img/favicon.ico HTTP/1.1" 404 300 "http://www.easydrivers.at/linz" "Mozilla/5.0 (Linux; Android 7.0; HUAWEI VNS-L21 Build/HUAWEIVNS-L21) AppleWebKit/537.36 (KHTML, like Gecko) Chrome/60.0.3112.107 Mobile Safari/537.36"
212.241.72.7 - - [02/Sep/2017:10:14:34 +0200] "POST /linz/kursauswahl HTTP/1.1" 200 2837 "http://www.easydrivers.at/linz" "Mozilla/5.0 (Linux; Android 7.0; HUAWEI VNS-L21 Build/HUAWEIVNS-L21) AppleWebKit/537.36 (KHTML, like Gecko) Chrome/60.0.3112.107 Mobile Safari/537.36"
212.241.72.7 - - [02/Sep/2017:10:14:36 +0200] "GET /javascript/mobile-fahrschule-kurs-suchergebnis.js HTTP/1.1" 200 274 "http://www.easydrivers.at/linz/kursauswahl" "Mozilla/5.0 (Linux; Android 7.0; HUAWEI VNS-L21 Build/HUAWEIVNS-L21) AppleWebKit/537.36 (KHTML, like Gecko) Chrome/60.0.3112.107 Mobile Safari/537.36"
212.241.72.7 - - [02/Sep/2017:10:14:36 +0200] "GET /img/mobile/pfeil-links-small.png HTTP/1.1" 200 1065 "http://www.easydrivers.at/css/mobile.css" "Mozilla/5.0 (Linux; Android 7.0; HUAWEI VNS-L21 Build/HUAWEIVNS-L21) AppleWebKit/537.36 (KHTML, like Gecko) Chrome/60.0.3112.107 Mobile Safari/537.36"
