212.95.7.201 - - [02/Sep/2017:09:31:51 +0200] "GET /img/mobile/close-button.png HTTP/1.1" 200 2411 "http://www.easydrivers.at/bruck.leitha?gclid=CjwKCAjwranNBRBhEiwASu908D8xxi3XZIe_aOtxPjtqngCF7NWqrSPcVNTqY2Iw2AATp2bKZGGz8xoCTVsQAvD_BwE" "Mozilla/5.0 (Linux; Android 6.0; ALE-L21 Build/HuaweiALE-L21) AppleWebKit/537.36 (KHTML, like Gecko) Chrome/60.0.3112.107 Mobile Safari/537.36"
212.95.7.201 - - [02/Sep/2017:09:31:51 +0200] "GET /img/mobile/facebook-icon.png HTTP/1.1" 200 1902 "http://www.easydrivers.at/bruck.leitha?gclid=CjwKCAjwranNBRBhEiwASu908D8xxi3XZIe_aOtxPjtqngCF7NWqrSPcVNTqY2Iw2AATp2bKZGGz8xoCTVsQAvD_BwE" "Mozilla/5.0 (Linux; Android 6.0; ALE-L21 Build/HuaweiALE-L21) AppleWebKit/537.36 (KHTML, like Gecko) Chrome/60.0.3112.107 Mobile Safari/537.36"
212.95.7.201 - - [02/Sep/2017:09:31:51 +0200] "GET /img/mobile/info-button.png HTTP/1.1" 200 1549 "http://www.easydrivers.at/bruck.leitha?gclid=CjwKCAjwranNBRBhEiwASu908D8xxi3XZIe_aOtxPjtqngCF7NWqrSPcVNTqY2Iw2AATp2bKZGGz8xoCTVsQAvD_BwE" "Mozilla/5.0 (Linux; Android 6.0; ALE-L21 Build/HuaweiALE-L21) AppleWebKit/537.36 (KHTML, like Gecko) Chrome/60.0.3112.107 Mobile Safari/537.36"
40.77.167.14 - - [02/Sep/2017:09:31:52 +0200] "GET /ennstal.schladming/kk-25-07-2015?FS=A HTTP/1.1" 301 322 "-" "Mozilla/5.0 (compatible; bingbot/2.0; +http://www.bing.com/bingbot.htm)"
212.95.7.201 - - [02/Sep/2017:09:31:52 +0200] "GET /img/mobile/bg-header.jpg HTTP/1.1" 200 19741 "http://www.easydrivers.at/css/mobile.css" "Mozilla/5.0 (Linux; Android 6.0; ALE-L21 Build/HuaweiALE-L21) AppleWebKit/537.36 (KHTML, like Gecko) Chrome/60.0.3112.107 Mobile Safari/537.36"
212.95.7.201 - - [02/Sep/2017:09:31:52 +0200] "GET /img/mobile/bg-top-section.jpg HTTP/1.1" 200 21711 "http://www.easydrivers.at/css/mobile.css" "Mozilla/5.0 (Linux; Android 6.0; ALE-L21 Build/HuaweiALE-L21) AppleWebKit/537.36 (KHTML, like Gecko) Chrome/60.0.3112.107 Mobile Safari/537.36"
212.95.7.201 - - [02/Sep/2017:09:31:53 +0200] "GET /img/mobile/pfeil-rechts.png HTTP/1.1" 200 1228 "http://www.easydrivers.at/css/mobile.css" "Mozilla/5.0 (Linux; Android 6.0; ALE-L21 Build/HuaweiALE-L21) AppleWebKit/537.36 (KHTML, like Gecko) Chrome/60.0.3112.107 Mobile Safari/537.36"
212.95.7.201 - - [02/Sep/2017:09:31:53 +0200] "GET /img/mobile/info-close-button.png HTTP/1.1" 200 1721 "http://www.easydrivers.at/bruck.leitha?gclid=CjwKCAjwranNBRBhEiwASu908D8xxi3XZIe_aOtxPjtqngCF7NWqrSPcVNTqY2Iw2AATp2bKZGGz8xoCTVsQAvD_BwE" "Mozilla/5.0 (Linux; Android 6.0; ALE-L21 Build/HuaweiALE-L21) AppleWebKit/537.36 (KHTML, like Gecko) Chrome/60.0.3112.107 Mobile Safari/537.36"
212.95.7.201 - - [02/Sep/2017:09:31:53 +0200] "GET /img/smallicon-person.png HTTP/1.1" 200 1141 "http://www.easydrivers.at/bruck.leitha?gclid=CjwKCAjwranNBRBhEiwASu908D8xxi3XZIe_aOtxPjtqngCF7NWqrSPcVNTqY2Iw2AATp2bKZGGz8xoCTVsQAvD_BwE" "Mozilla/5.0 (Linux; Android 6.0; ALE-L21 Build/HuaweiALE-L21) AppleWebKit/537.36 (KHTML, like Gecko) Chrome/60.0.3112.107 Mobile Safari/537.36"
212.95.7.201 - - [02/Sep/2017:09:31:53 +0200] "GET /img/smallicon-address.png HTTP/1.1" 200 1211 "http://www.easydrivers.at/bruck.leitha?gclid=CjwKCAjwranNBRBhEiwASu908D8xxi3XZIe_aOtxPjtqngCF7NWqrSPcVNTqY2Iw2AATp2bKZGGz8xoCTVsQAvD_BwE" "Mozilla/5.0 (Linux; Android 6.0; ALE-L21 Build/HuaweiALE-L21) AppleWebKit/537.36 (KHTML, like Gecko) Chrome/60.0.3112.107 Mobile Safari/537.36"
212.95.7.201 - - [02/Sep/2017:09:32:00 +0200] "GET /img/mobile/bg-menu.jpg HTTP/1.1" 200 1698 "http://www.easydrivers.at/css/mobile.css" "Mozilla/5.0 (Linux; Android 6.0; ALE-L21 Build/HuaweiALE-L21) AppleWebKit/537.36 (KHTML, like Gecko) Chrome/60.0.3112.107 Mobile Safari/537.36"
212.95.7.201 - - [02/Sep/2017:09:32:00 +0200] "GET /img/mobile/googlemaps-pin.png HTTP/1.1" 200 1597 "http://www.easydrivers.at/bruck.leitha?gclid=CjwKCAjwranNBRBhEiwASu908D8xxi3XZIe_aOtxPjtqngCF7NWqrSPcVNTqY2Iw2AATp2bKZGGz8xoCTVsQAvD_BwE" "Mozilla/5.0 (Linux; Android 6.0; ALE-L21 Build/HuaweiALE-L21) AppleWebKit/537.36 (KHTML, like Gecko) Chrome/60.0.3112.107 Mobile Safari/537.36"
212.95.7.201 - - [02/Sep/2017:09:32:00 +0200] "GET /img/smallicon-time.png HTTP/1.1" 200 1262 "http://www.easydrivers.at/bruck.leitha?gclid=CjwKCAjwranNBRBhEiwASu908D8xxi3XZIe_aOtxPjtqngCF7NWqrSPcVNTqY2Iw2AATp2bKZGGz8xoCTVsQAvD_BwE" "Mozilla/5.0 (Linux; Android 6.0; ALE-L21 Build/HuaweiALE-L21) AppleWebKit/537.36 (KHTML, like Gecko) Chrome/60.0.3112.107 Mobile Safari/537.36"
212.95.7.201 - - [02/Sep/2017:09:32:01 +0200] "GET /img/smallicon-phone.png HTTP/1.1" 200 3056 "http://www.easydrivers.at/bruck.leitha?gclid=CjwKCAjwranNBRBhEiwASu908D8xxi3XZIe_aOtxPjtqngCF7NWqrSPcVNTqY2Iw2AATp2bKZGGz8xoCTVsQAvD_BwE" "Mozilla/5.0 (Linux; Android 6.0; ALE-L21 Build/HuaweiALE-L21) AppleWebKit/537.36 (KHTML, like Gecko) Chrome/60.0.3112.107 Mobile Safari/537.36"
193.154.92.51 - - [02/Sep/2017:09:32:00 +0200] "GET /voesendorf/kurse HTTP/1.1" 200 4777 "http://www.easydrivers.at/voesendorf/10288810?FS=B&gclid=CjwKCAjwranNBRBhEiwASu908MrDI0B5KtzaT8JrBaC5qwMcBdholZeoZ4-IJRGI4nIluhenlFqFZRoC1bwQAvD_BwE" "Mozilla/5.0 (Macintosh; Intel Mac OS X 10_10_5) AppleWebKit/602.4.8 (KHTML, like Gecko) Version/10.0.3 Safari/602.4.8"
193.154.92.51 - - [02/Sep/2017:09:32:03 +0200] "GET /binaries/easy-drivers-portal/motorrad1jpg.jpg HTTP/1.1" 200 125850 "http://www.easydrivers.at/voesendorf/kurse" "Mozilla/5.0 (Macintosh; Intel Mac OS X 10_10_5) AppleWebKit/602.4.8 (KHTML, like Gecko) Version/10.0.3 Safari/602.4.8"
40.77.167.69 - - [02/Sep/2017:09:32:01 +0200] "GET /poechlarn HTTP/1.1" 200 3649 "-" "Mozilla/5.0 (compatible; bingbot/2.0; +http://www.bing.com/bingbot.htm)"
212.95.7.201 - - [02/Sep/2017:09:32:04 +0200] "GET /img/smallicon-mail.png HTTP/1.1" 200 1341 "http://www.easydrivers.at/bruck.leitha?gclid=CjwKCAjwranNBRBhEiwASu908D8xxi3XZIe_aOtxPjtqngCF7NWqrSPcVNTqY2Iw2AATp2bKZGGz8xoCTVsQAvD_BwE" "Mozilla/5.0 (Linux; Android 6.0; ALE-L21 Build/HuaweiALE-L21) AppleWebKit/537.36 (KHTML, like Gecko) Chrome/60.0.3112.107 Mobile Safari/537.36"
212.95.7.201 - - [02/Sep/2017:09:32:04 +0200] "GET /img/mobile/widget-icon-app.png HTTP/1.1" 200 3458 "http://www.easydrivers.at/bruck.leitha?gclid=CjwKCAjwranNBRBhEiwASu908D8xxi3XZIe_aOtxPjtqngCF7NWqrSPcVNTqY2Iw2AATp2bKZGGz8xoCTVsQAvD_BwE" "Mozilla/5.0 (Linux; Android 6.0; ALE-L21 Build/HuaweiALE-L21) AppleWebKit/537.36 (KHTML, like Gecko) Chrome/60.0.3112.107 Mobile Safari/537.36"
212.95.7.201 - - [02/Sep/2017:09:32:09 +0200] "GET /img/favicon.ico HTTP/1.1" 404 300 "http://www.easydrivers.at/bruck.leitha?gclid=CjwKCAjwranNBRBhEiwASu908D8xxi3XZIe_aOtxPjtqngCF7NWqrSPcVNTqY2Iw2AATp2bKZGGz8xoCTVsQAvD_BwE" "Mozilla/5.0 (Linux; Android 6.0; ALE-L21 Build/HuaweiALE-L21) AppleWebKit/537.36 (KHTML, like Gecko) Chrome/60.0.3112.107 Mobile Safari/537.36"
193.154.92.51 - - [02/Sep/2017:09:32:20 +0200] "GET /img/loading-bars.gif HTTP/1.1" 200 3951 "http://www.easydrivers.at/voesendorf/kurse" "Mozilla/5.0 (Macintosh; Intel Mac OS X 10_10_5) AppleWebKit/602.4.8 (KHTML, like Gecko) Version/10.0.3 Safari/602.4.8"
193.154.92.51 - - [02/Sep/2017:09:32:20 +0200] "POST /loadkursliste HTTP/1.1" 200 676 "http://www.easydrivers.at/voesendorf/kurse" "Mozilla/5.0 (Macintosh; Intel Mac OS X 10_10_5) AppleWebKit/602.4.8 (KHTML, like Gecko) Version/10.0.3 Safari/602.4.8"
69.171.225.148 - - [02/Sep/2017:09:32:23 +0200] "GET /img/ED_Logo.png HTTP/1.1" 200 3385 "-" "facebookexternalhit/1.1 (+http://www.facebook.com/externalhit_uatext.php)"
193.154.92.51 - - [02/Sep/2017:09:32:28 +0200] "POST /loadkursliste HTTP/1.1" 200 673 "http://www.easydrivers.at/voesendorf/kurse" "Mozilla/5.0 (Macintosh; Intel Mac OS X 10_10_5) AppleWebKit/602.4.8 (KHTML, like Gecko) Version/10.0.3 Safari/602.4.8"
193.154.92.51 - - [02/Sep/2017:09:32:46 +0200] "GET /voesendorf/10281936?FS=B HTTP/1.1" 200 5433 "http://www.easydrivers.at/voesendorf/kurse" "Mozilla/5.0 (Macintosh; Intel Mac OS X 10_10_5) AppleWebKit/602.4.8 (KHTML, like Gecko) Version/10.0.3 Safari/602.4.8"
193.154.92.51 - - [02/Sep/2017:09:32:48 +0200] "GET /binaries/easy-drivers-portal/pkw9jpg-1.jpg HTTP/1.1" 200 68933 "http://www.easydrivers.at/voesendorf/10281936?FS=B" "Mozilla/5.0 (Macintosh; Intel Mac OS X 10_10_5) AppleWebKit/602.4.8 (KHTML, like Gecko) Version/10.0.3 Safari/602.4.8"
46.125.249.41 - - [02/Sep/2017:09:32:49 +0200] "GET / HTTP/1.1" 200 3564 "-" "Mozilla/5.0 (Android 5.0.2; Mobile; rv:55.0) Gecko/55.0 Firefox/55.0"
46.125.249.41 - - [02/Sep/2017:09:32:50 +0200] "GET / HTTP/1.1" 200 3564 "http://www.easydrivers.at/linz/fahrsicherheitstraining" "Mozilla/5.0 (Android 5.0.2; Mobile; rv:55.0) Gecko/55.0 Firefox/55.0"
46.125.249.41 - - [02/Sep/2017:09:32:53 +0200] "GET /img/favicon.ico HTTP/1.1" 404 300 "-" "Mozilla/5.0 (Android 5.0.2; Mobile; rv:55.0.2) Gecko/55.0.2 Firefox/55.0.2"
91.114.135.125 - - [02/Sep/2017:09:32:58 +0200] "GET / HTTP/1.1" 200 3564 "-" "Mozilla/5.0 (Linux; Android 7.0; SAMSUNG SM-A510F Build/NRD90M) AppleWebKit/537.36 (KHTML, like Gecko) SamsungBrowser/5.4 Chrome/51.0.2704.106 Mobile Safari/537.36"
91.114.135.125 - - [02/Sep/2017:09:33:02 +0200] "GET /img/favicon.ico HTTP/1.1" 404 300 "http://www.easydrivers.at/" "Mozilla/5.0 (Linux; Android 7.0; SAMSUNG SM-A510F Build/NRD90M) AppleWebKit/537.36 (KHTML, like Gecko) SamsungBrowser/5.4 Chrome/51.0.2704.106 Mobile Safari/537.36"
91.114.135.125 - - [02/Sep/2017:09:33:09 +0200] "GET / HTTP/1.1" 200 3564 "-" "Mozilla/5.0 (Linux; Android 7.0; SAMSUNG SM-A510F Build/NRD90M) AppleWebKit/537.36 (KHTML, like Gecko) SamsungBrowser/5.4 Chrome/51.0.2704.106 Mobile Safari/537.36"
188.23.202.162 - - [02/Sep/2017:09:33:20 +0200] "GET /eisenstadt HTTP/1.1" 200 3412 "https://www.google.at/" "Mozilla/5.0 (Windows NT 10.0; WOW64; rv:54.0) Gecko/20100101 Firefox/54.0"
213.225.4.124 - - [02/Sep/2017:09:33:22 +0200] "GET /binaries/easy-drivers-rudi-dornbirn/infoblatt--2.pdf HTTP/1.1" 200 159875 "https://www.google.at/" "Mozilla/5.0 (iPad; CPU OS 9_3_5 like Mac OS X) AppleWebKit/601.1.46 (KHTML, like Gecko) Version/9.0 Mobile/13G36 Safari/601.1"
188.23.202.162 - - [02/Sep/2017:09:33:21 +0200] "GET /eisenstadt HTTP/1.1" 200 3412 "https://www.google.at/" "Mozilla/5.0 (Windows NT 10.0; WOW64; rv:54.0) Gecko/20100101 Firefox/54.0"
188.23.202.162 - - [02/Sep/2017:09:33:23 +0200] "GET /css/style.css HTTP/1.1" 200 5004 "http://www.easydrivers.at/eisenstadt" "Mozilla/5.0 (Windows NT 10.0; WOW64; rv:54.0) Gecko/20100101 Firefox/54.0"
188.23.202.162 - - [02/Sep/2017:09:33:23 +0200] "GET /css/print.css HTTP/1.1" 200 967 "http://www.easydrivers.at/eisenstadt" "Mozilla/5.0 (Windows NT 10.0; WOW64; rv:54.0) Gecko/20100101 Firefox/54.0"
188.23.202.162 - - [02/Sep/2017:09:33:23 +0200] "GET /javascript/jquery.customSelect.min.js HTTP/1.1" 200 912 "http://www.easydrivers.at/eisenstadt" "Mozilla/5.0 (Windows NT 10.0; WOW64; rv:54.0) Gecko/20100101 Firefox/54.0"
188.23.202.162 - - [02/Sep/2017:09:33:23 +0200] "GET /javascript/jquery.simplemodal.js HTTP/1.1" 200 3070 "http://www.easydrivers.at/eisenstadt" "Mozilla/5.0 (Windows NT 10.0; WOW64; rv:54.0) Gecko/20100101 Firefox/54.0"
188.23.202.162 - - [02/Sep/2017:09:33:23 +0200] "GET /javascript/portal.js?1221842734 HTTP/1.1" 200 3529 "http://www.easydrivers.at/eisenstadt" "Mozilla/5.0 (Windows NT 10.0; WOW64; rv:54.0) Gecko/20100101 Firefox/54.0"
188.23.202.162 - - [02/Sep/2017:09:33:23 +0200] "GET /javascript/jquery.cookie.js HTTP/1.1" 200 863 "http://www.easydrivers.at/eisenstadt" "Mozilla/5.0 (Windows NT 10.0; WOW64; rv:54.0) Gecko/20100101 Firefox/54.0"
188.23.202.162 - - [02/Sep/2017:09:33:23 +0200] "GET /javascript/lazyload.js HTTP/1.1" 200 1170 "http://www.easydrivers.at/eisenstadt" "Mozilla/5.0 (Windows NT 10.0; WOW64; rv:54.0) Gecko/20100101 Firefox/54.0"
188.23.202.162 - - [02/Sep/2017:09:33:23 +0200] "GET /javascript/fahrschule.js HTTP/1.1" 200 462 "http://www.easydrivers.at/eisenstadt" "Mozilla/5.0 (Windows NT 10.0; WOW64; rv:54.0) Gecko/20100101 Firefox/54.0"
188.23.202.162 - - [02/Sep/2017:09:33:23 +0200] "GET /img/new_favicon.ico HTTP/1.1" 200 1150 "-" "Mozilla/5.0 (Windows NT 10.0; WOW64; rv:54.0) Gecko/20100101 Firefox/54.0"
188.23.202.162 - - [02/Sep/2017:09:33:23 +0200] "GET /img/close-button.png HTTP/1.1" 200 2237 "http://www.easydrivers.at/eisenstadt" "Mozilla/5.0 (Windows NT 10.0; WOW64; rv:54.0) Gecko/20100101 Firefox/54.0"
188.23.202.162 - - [02/Sep/2017:09:33:23 +0200] "GET /img/facebook-icon.png HTTP/1.1" 200 1506 "http://www.easydrivers.at/eisenstadt" "Mozilla/5.0 (Windows NT 10.0; WOW64; rv:54.0) Gecko/20100101 Firefox/54.0"
188.23.202.162 - - [02/Sep/2017:09:33:23 +0200] "GET /img/info-button.png HTTP/1.1" 200 738 "http://www.easydrivers.at/eisenstadt" "Mozilla/5.0 (Windows NT 10.0; WOW64; rv:54.0) Gecko/20100101 Firefox/54.0"
188.23.202.162 - - [02/Sep/2017:09:33:23 +0200] "GET /img/locator-icon.png HTTP/1.1" 200 1377 "http://www.easydrivers.at/eisenstadt" "Mozilla/5.0 (Windows NT 10.0; WOW64; rv:54.0) Gecko/20100101 Firefox/54.0"
188.23.202.162 - - [02/Sep/2017:09:33:23 +0200] "GET /img/close-button-small.png HTTP/1.1" 200 1671 "http://www.easydrivers.at/eisenstadt" "Mozilla/5.0 (Windows NT 10.0; WOW64; rv:54.0) Gecko/20100101 Firefox/54.0"
188.23.202.162 - - [02/Sep/2017:09:33:23 +0200] "GET /binaries/easy-drivers-portal/widget-icon-trainingpng.png HTTP/1.1" 200 2662 "http://www.easydrivers.at/eisenstadt" "Mozilla/5.0 (Windows NT 10.0; WOW64; rv:54.0) Gecko/20100101 Firefox/54.0"
188.23.202.162 - - [02/Sep/2017:09:33:23 +0200] "GET /img/submit-button.png HTTP/1.1" 200 1958 "http://www.easydrivers.at/eisenstadt" "Mozilla/5.0 (Windows NT 10.0; WOW64; rv:54.0) Gecko/20100101 Firefox/54.0"
188.23.202.162 - - [02/Sep/2017:09:33:23 +0200] "GET /img/ED_Logo.png HTTP/1.1" 200 3385 "http://www.easydrivers.at/css/style.css" "Mozilla/5.0 (Windows NT 10.0; WOW64; rv:54.0) Gecko/20100101 Firefox/54.0"
188.23.202.162 - - [02/Sep/2017:09:33:23 +0200] "GET /img/purple-dots-horizontal.png HTTP/1.1" 200 977 "http://www.easydrivers.at/css/style.css" "Mozilla/5.0 (Windows NT 10.0; WOW64; rv:54.0) Gecko/20100101 Firefox/54.0"
188.23.202.162 - - [02/Sep/2017:09:33:23 +0200] "GET /img/yellow-dots-vertical.png HTTP/1.1" 200 981 "http://www.easydrivers.at/css/style.css" "Mozilla/5.0 (Windows NT 10.0; WOW64; rv:54.0) Gecko/20100101 Firefox/54.0"
188.23.202.162 - - [02/Sep/2017:09:33:23 +0200] "GET /img/bg-footer.jpg HTTP/1.1" 200 31770 "http://www.easydrivers.at/css/style.css" "Mozilla/5.0 (Windows NT 10.0; WOW64; rv:54.0) Gecko/20100101 Firefox/54.0"
188.23.202.162 - - [02/Sep/2017:09:33:23 +0200] "GET /img/kursicon-print-pink.png HTTP/1.1" 200 1125 "http://www.easydrivers.at/eisenstadt" "Mozilla/5.0 (Windows NT 10.0; WOW64; rv:54.0) Gecko/20100101 Firefox/54.0"
188.23.202.162 - - [02/Sep/2017:09:33:23 +0200] "GET /img/kursicon-download-pink.png HTTP/1.1" 200 1213 "http://www.easydrivers.at/eisenstadt" "Mozilla/5.0 (Windows NT 10.0; WOW64; rv:54.0) Gecko/20100101 Firefox/54.0"
188.23.202.162 - - [02/Sep/2017:09:33:24 +0200] "GET /img/kursicon-share-pink.png HTTP/1.1" 200 1277 "http://www.easydrivers.at/eisenstadt" "Mozilla/5.0 (Windows NT 10.0; WOW64; rv:54.0) Gecko/20100101 Firefox/54.0"
188.23.202.162 - - [02/Sep/2017:09:33:23 +0200] "GET /img/bg-header.jpg HTTP/1.1" 200 38680 "http://www.easydrivers.at/css/style.css" "Mozilla/5.0 (Windows NT 10.0; WOW64; rv:54.0) Gecko/20100101 Firefox/54.0"
188.23.202.162 - - [02/Sep/2017:09:33:24 +0200] "GET /img/empty.gif HTTP/1.1" 200 43 "http://www.easydrivers.at/eisenstadt" "Mozilla/5.0 (Windows NT 10.0; WOW64; rv:54.0) Gecko/20100101 Firefox/54.0"
188.23.202.162 - - [02/Sep/2017:09:33:24 +0200] "GET /img/kursicon-phone-pink.png HTTP/1.1" 200 1286 "http://www.easydrivers.at/eisenstadt" "Mozilla/5.0 (Windows NT 10.0; WOW64; rv:54.0) Gecko/20100101 Firefox/54.0"
188.23.202.162 - - [02/Sep/2017:09:33:23 +0200] "GET /img/bg-top-section.jpg HTTP/1.1" 200 82172 "http://www.easydrivers.at/css/style.css" "Mozilla/5.0 (Windows NT 10.0; WOW64; rv:54.0) Gecko/20100101 Firefox/54.0"
188.23.202.162 - - [02/Sep/2017:09:33:24 +0200] "GET /binaries/easy-drivers-portal/widget-icon-expertspng.png HTTP/1.1" 200 2159 "http://www.easydrivers.at/eisenstadt" "Mozilla/5.0 (Windows NT 10.0; WOW64; rv:54.0) Gecko/20100101 Firefox/54.0"
188.23.202.162 - - [02/Sep/2017:09:33:24 +0200] "GET /img/schweiz-icon.png HTTP/1.1" 200 1504 "http://www.easydrivers.at/eisenstadt" "Mozilla/5.0 (Windows NT 10.0; WOW64; rv:54.0) Gecko/20100101 Firefox/54.0"
193.154.92.51 - - [02/Sep/2017:09:33:24 +0200] "GET /fahrschulen HTTP/1.1" 200 3925 "http://www.easydrivers.at/voesendorf/10281936?FS=B" "Mozilla/5.0 (Macintosh; Intel Mac OS X 10_10_5) AppleWebKit/602.4.8 (KHTML, like Gecko) Version/10.0.3 Safari/602.4.8"
193.154.92.51 - - [02/Sep/2017:09:33:25 +0200] "GET /img/austria-map-burgenland.png HTTP/1.1" 200 10146 "http://www.easydrivers.at/fahrschulen" "Mozilla/5.0 (Macintosh; Intel Mac OS X 10_10_5) AppleWebKit/602.4.8 (KHTML, like Gecko) Version/10.0.3 Safari/602.4.8"
193.154.92.51 - - [02/Sep/2017:09:33:25 +0200] "GET /javascript/fahrschulen.js HTTP/1.1" 200 470 "http://www.easydrivers.at/fahrschulen" "Mozilla/5.0 (Macintosh; Intel Mac OS X 10_10_5) AppleWebKit/602.4.8 (KHTML, like Gecko) Version/10.0.3 Safari/602.4.8"
193.154.92.51 - - [02/Sep/2017:09:33:25 +0200] "GET /img/austria-map-noe.png HTTP/1.1" 200 17166 "http://www.easydrivers.at/fahrschulen" "Mozilla/5.0 (Macintosh; Intel Mac OS X 10_10_5) AppleWebKit/602.4.8 (KHTML, like Gecko) Version/10.0.3 Safari/602.4.8"
193.154.92.51 - - [02/Sep/2017:09:33:25 +0200] "GET /img/austria-map-kaernten.png HTTP/1.1" 200 9968 "http://www.easydrivers.at/fahrschulen" "Mozilla/5.0 (Macintosh; Intel Mac OS X 10_10_5) AppleWebKit/602.4.8 (KHTML, like Gecko) Version/10.0.3 Safari/602.4.8"
193.154.92.51 - - [02/Sep/2017:09:33:25 +0200] "GET /img/austria-map.jpg HTTP/1.1" 200 57110 "http://www.easydrivers.at/fahrschulen" "Mozilla/5.0 (Macintosh; Intel Mac OS X 10_10_5) AppleWebKit/602.4.8 (KHTML, like Gecko) Version/10.0.3 Safari/602.4.8"
193.154.92.51 - - [02/Sep/2017:09:33:25 +0200] "GET /img/austria-map-ooe.png HTTP/1.1" 200 14597 "http://www.easydrivers.at/fahrschulen" "Mozilla/5.0 (Macintosh; Intel Mac OS X 10_10_5) AppleWebKit/602.4.8 (KHTML, like Gecko) Version/10.0.3 Safari/602.4.8"
193.154.92.51 - - [02/Sep/2017:09:33:25 +0200] "GET /img/austria-map-salzburg.png HTTP/1.1" 200 13786 "http://www.easydrivers.at/fahrschulen" "Mozilla/5.0 (Macintosh; Intel Mac OS X 10_10_5) AppleWebKit/602.4.8 (KHTML, like Gecko) Version/10.0.3 Safari/602.4.8"
193.154.92.51 - - [02/Sep/2017:09:33:25 +0200] "GET /img/austria-map-tirol.png HTTP/1.1" 200 13911 "http://www.easydrivers.at/fahrschulen" "Mozilla/5.0 (Macintosh; Intel Mac OS X 10_10_5) AppleWebKit/602.4.8 (KHTML, like Gecko) Version/10.0.3 Safari/602.4.8"
193.154.92.51 - - [02/Sep/2017:09:33:25 +0200] "GET /img/austria-map-wien.png HTTP/1.1" 200 2864 "http://www.easydrivers.at/fahrschulen" "Mozilla/5.0 (Macintosh; Intel Mac OS X 10_10_5) AppleWebKit/602.4.8 (KHTML, like Gecko) Version/10.0.3 Safari/602.4.8"
193.154.92.51 - - [02/Sep/2017:09:33:25 +0200] "GET /img/submit-button-small.png HTTP/1.1" 200 1456 "http://www.easydrivers.at/fahrschulen" "Mozilla/5.0 (Macintosh; Intel Mac OS X 10_10_5) AppleWebKit/602.4.8 (KHTML, like Gecko) Version/10.0.3 Safari/602.4.8"
193.154.92.51 - - [02/Sep/2017:09:33:25 +0200] "GET /img/austria-map-vorarlberg.png HTTP/1.1" 200 5780 "http://www.easydrivers.at/fahrschulen" "Mozilla/5.0 (Macintosh; Intel Mac OS X 10_10_5) AppleWebKit/602.4.8 (KHTML, like Gecko) Version/10.0.3 Safari/602.4.8"
193.154.92.51 - - [02/Sep/2017:09:33:25 +0200] "GET /img/austria-map-steiermark.png HTTP/1.1" 200 14192 "http://www.easydrivers.at/fahrschulen" "Mozilla/5.0 (Macintosh; Intel Mac OS X 10_10_5) AppleWebKit/602.4.8 (KHTML, like Gecko) Version/10.0.3 Safari/602.4.8"
193.154.92.51 - - [02/Sep/2017:09:33:25 +0200] "GET /img/empty.gif HTTP/1.1" 200 43 "http://www.easydrivers.at/fahrschulen" "Mozilla/5.0 (Macintosh; Intel Mac OS X 10_10_5) AppleWebKit/602.4.8 (KHTML, like Gecko) Version/10.0.3 Safari/602.4.8"
188.23.202.162 - - [02/Sep/2017:09:33:28 +0200] "GET /ueberuns HTTP/1.1" 200 3260 "http://www.easydrivers.at/eisenstadt" "Mozilla/5.0 (Windows NT 10.0; WOW64; rv:54.0) Gecko/20100101 Firefox/54.0"
188.23.202.162 - - [02/Sep/2017:09:33:29 +0200] "GET /css/history.css HTTP/1.1" 200 609 "http://www.easydrivers.at/ueberuns" "Mozilla/5.0 (Windows NT 10.0; WOW64; rv:54.0) Gecko/20100101 Firefox/54.0"
188.23.202.162 - - [02/Sep/2017:09:33:29 +0200] "GET /javascript/history.js HTTP/1.1" 200 967 "http://www.easydrivers.at/ueberuns" "Mozilla/5.0 (Windows NT 10.0; WOW64; rv:54.0) Gecko/20100101 Firefox/54.0"
188.23.202.162 - - [02/Sep/2017:09:33:29 +0200] "GET /binaries/easy-drivers-portal/edwebhistoryillu392x3922jpg.jpg HTTP/1.1" 200 32209 "http://www.easydrivers.at/ueberuns" "Mozilla/5.0 (Windows NT 10.0; WOW64; rv:54.0) Gecko/20100101 Firefox/54.0"
188.23.202.162 - - [02/Sep/2017:09:33:29 +0200] "GET /binaries/easy-drivers-portal/edwebhistoryillu392x3924jpg.jpg HTTP/1.1" 200 35765 "http://www.easydrivers.at/ueberuns" "Mozilla/5.0 (Windows NT 10.0; WOW64; rv:54.0) Gecko/20100101 Firefox/54.0"
188.23.202.162 - - [02/Sep/2017:09:33:29 +0200] "GET /binaries/easy-drivers-portal/edwebhistoryillu392x3925jpg.jpg HTTP/1.1" 200 31708 "http://www.easydrivers.at/ueberuns" "Mozilla/5.0 (Windows NT 10.0; WOW64; rv:54.0) Gecko/20100101 Firefox/54.0"
188.23.202.162 - - [02/Sep/2017:09:33:29 +0200] "GET /binaries/easy-drivers-portal/edwebhistoryillu392x3923jpg.jpg HTTP/1.1" 200 54656 "http://www.easydrivers.at/ueberuns" "Mozilla/5.0 (Windows NT 10.0; WOW64; rv:54.0) Gecko/20100101 Firefox/54.0"
188.23.202.162 - - [02/Sep/2017:09:33:29 +0200] "GET /binaries/easy-drivers-portal/edwebhistoryillu392x3926jpg.jpg HTTP/1.1" 200 41118 "http://www.easydrivers.at/ueberuns" "Mozilla/5.0 (Windows NT 10.0; WOW64; rv:54.0) Gecko/20100101 Firefox/54.0"
188.23.202.162 - - [02/Sep/2017:09:33:29 +0200] "GET /binaries/easy-drivers-portal/edwebhistoryillu392x392radjpg.jpg HTTP/1.1" 200 124939 "http://www.easydrivers.at/ueberuns" "Mozilla/5.0 (Windows NT 10.0; WOW64; rv:54.0) Gecko/20100101 Firefox/54.0"
188.23.202.162 - - [02/Sep/2017:09:33:30 +0200] "GET /binaries/easy-drivers-portal/edwebhistoryillu392x3929jpg.jpg HTTP/1.1" 200 31823 "http://www.easydrivers.at/ueberuns" "Mozilla/5.0 (Windows NT 10.0; WOW64; rv:54.0) Gecko/20100101 Firefox/54.0"
188.23.202.162 - - [02/Sep/2017:09:33:30 +0200] "GET /binaries/easy-drivers-portal/edwebhistoryillu392x39210jpg.jpg HTTP/1.1" 200 19475 "http://www.easydrivers.at/ueberuns" "Mozilla/5.0 (Windows NT 10.0; WOW64; rv:54.0) Gecko/20100101 Firefox/54.0"
188.23.202.162 - - [02/Sep/2017:09:33:30 +0200] "GET /binaries/easy-drivers-portal/edwebhistoryillu392x3928jpg.jpg HTTP/1.1" 200 38907 "http://www.easydrivers.at/ueberuns" "Mozilla/5.0 (Windows NT 10.0; WOW64; rv:54.0) Gecko/20100101 Firefox/54.0"
188.23.202.162 - - [02/Sep/2017:09:33:30 +0200] "GET /binaries/easy-drivers-portal/edwebhistoryillu392x3927jpg.jpg HTTP/1.1" 200 71377 "http://www.easydrivers.at/ueberuns" "Mozilla/5.0 (Windows NT 10.0; WOW64; rv:54.0) Gecko/20100101 Firefox/54.0"
188.23.202.162 - - [02/Sep/2017:09:33:30 +0200] "GET /binaries/easy-drivers-portal/edwebhistoryillu392x39211jpg.jpg HTTP/1.1" 200 36282 "http://www.easydrivers.at/ueberuns" "Mozilla/5.0 (Windows NT 10.0; WOW64; rv:54.0) Gecko/20100101 Firefox/54.0"
188.23.202.162 - - [02/Sep/2017:09:33:30 +0200] "GET /binaries/easy-drivers-portal/edwebhistoryillu392x39220kpng.png HTTP/1.1" 200 49333 "http://www.easydrivers.at/ueberuns" "Mozilla/5.0 (Windows NT 10.0; WOW64; rv:54.0) Gecko/20100101 Firefox/54.0"
193.154.92.51 - - [02/Sep/2017:09:33:31 +0200] "POST /fahrschulen/1230 HTTP/1.1" 200 4044 "http://www.easydrivers.at/fahrschulen" "Mozilla/5.0 (Macintosh; Intel Mac OS X 10_10_5) AppleWebKit/602.4.8 (KHTML, like Gecko) Version/10.0.3 Safari/602.4.8"
193.154.92.51 - - [02/Sep/2017:09:33:32 +0200] "GET /img/smallicon-address.png HTTP/1.1" 200 1211 "http://www.easydrivers.at/fahrschulen/1230" "Mozilla/5.0 (Macintosh; Intel Mac OS X 10_10_5) AppleWebKit/602.4.8 (KHTML, like Gecko) Version/10.0.3 Safari/602.4.8"
193.154.92.51 - - [02/Sep/2017:09:33:32 +0200] "GET /img/smallicon-time.png HTTP/1.1" 200 1262 "http://www.easydrivers.at/fahrschulen/1230" "Mozilla/5.0 (Macintosh; Intel Mac OS X 10_10_5) AppleWebKit/602.4.8 (KHTML, like Gecko) Version/10.0.3 Safari/602.4.8"
188.23.202.162 - - [02/Sep/2017:09:33:32 +0200] "GET / HTTP/1.1" 200 4413 "http://www.easydrivers.at/ueberuns" "Mozilla/5.0 (Windows NT 10.0; WOW64; rv:54.0) Gecko/20100101 Firefox/54.0"
188.23.202.162 - - [02/Sep/2017:09:33:33 +0200] "GET /javascript/homesearch.js HTTP/1.1" 200 393 "http://www.easydrivers.at/" "Mozilla/5.0 (Windows NT 10.0; WOW64; rv:54.0) Gecko/20100101 Firefox/54.0"
188.23.202.162 - - [02/Sep/2017:09:33:33 +0200] "GET /binaries/easy-drivers-portal/widget-icon-apppng.png HTTP/1.1" 200 2432 "http://www.easydrivers.at/" "Mozilla/5.0 (Windows NT 10.0; WOW64; rv:54.0) Gecko/20100101 Firefox/54.0"
188.23.202.162 - - [02/Sep/2017:09:33:33 +0200] "GET /binaries/easy-drivers-portal/edradfahrschullogowidget160x90pxpng.png HTTP/1.1" 200 23394 "http://www.easydrivers.at/" "Mozilla/5.0 (Windows NT 10.0; WOW64; rv:54.0) Gecko/20100101 Firefox/54.0"
188.23.202.162 - - [02/Sep/2017:09:33:33 +0200] "GET /img/black-dots-vertical.png HTTP/1.1" 200 1165 "http://www.easydrivers.at/css/style.css" "Mozilla/5.0 (Windows NT 10.0; WOW64; rv:54.0) Gecko/20100101 Firefox/54.0"
188.23.202.162 - - [02/Sep/2017:09:33:33 +0200] "GET /img/selection-box-button.png HTTP/1.1" 200 1079 "http://www.easydrivers.at/css/style.css" "Mozilla/5.0 (Windows NT 10.0; WOW64; rv:54.0) Gecko/20100101 Firefox/54.0"
188.23.202.162 - - [02/Sep/2017:09:33:35 +0200] "GET /ueberuns HTTP/1.1" 200 3260 "http://www.easydrivers.at/eisenstadt" "Mozilla/5.0 (Windows NT 10.0; WOW64; rv:54.0) Gecko/20100101 Firefox/54.0"
188.23.202.162 - - [02/Sep/2017:09:33:38 +0200] "GET /eisenstadt HTTP/1.1" 200 3412 "https://www.google.at/" "Mozilla/5.0 (Windows NT 10.0; WOW64; rv:54.0) Gecko/20100101 Firefox/54.0"
188.23.202.162 - - [02/Sep/2017:09:33:42 +0200] "GET /eisenstadt/10290102 HTTP/1.1" 200 2912 "http://www.easydrivers.at/eisenstadt" "Mozilla/5.0 (Windows NT 10.0; WOW64; rv:54.0) Gecko/20100101 Firefox/54.0"
188.23.202.162 - - [02/Sep/2017:09:33:45 +0200] "GET /img/top-image-overlay.png HTTP/1.1" 200 20650 "http://www.easydrivers.at/css/style.css" "Mozilla/5.0 (Windows NT 10.0; WOW64; rv:54.0) Gecko/20100101 Firefox/54.0"
188.23.202.162 - - [02/Sep/2017:09:33:45 +0200] "GET /binaries/easy-drivers-portal/motorrad6jpg.jpg HTTP/1.1" 200 83216 "http://www.easydrivers.at/eisenstadt/10290102" "Mozilla/5.0 (Windows NT 10.0; WOW64; rv:54.0) Gecko/20100101 Firefox/54.0"
193.154.92.51 - - [02/Sep/2017:09:33:44 +0200] "GET /ueberuns HTTP/1.1" 200 3260 "http://www.easydrivers.at/fahrschulen/1230" "Mozilla/5.0 (Macintosh; Intel Mac OS X 10_10_5) AppleWebKit/602.4.8 (KHTML, like Gecko) Version/10.0.3 Safari/602.4.8"
193.154.92.51 - - [02/Sep/2017:09:33:46 +0200] "GET /binaries/easy-drivers-portal/edwebhistoryillu392x3922jpg.jpg HTTP/1.1" 200 32209 "http://www.easydrivers.at/ueberuns" "Mozilla/5.0 (Macintosh; Intel Mac OS X 10_10_5) AppleWebKit/602.4.8 (KHTML, like Gecko) Version/10.0.3 Safari/602.4.8"
193.154.92.51 - - [02/Sep/2017:09:33:46 +0200] "GET /javascript/history.js HTTP/1.1" 200 967 "http://www.easydrivers.at/ueberuns" "Mozilla/5.0 (Macintosh; Intel Mac OS X 10_10_5) AppleWebKit/602.4.8 (KHTML, like Gecko) Version/10.0.3 Safari/602.4.8"
193.154.92.51 - - [02/Sep/2017:09:33:46 +0200] "GET /css/history.css HTTP/1.1" 200 609 "http://www.easydrivers.at/ueberuns" "Mozilla/5.0 (Macintosh; Intel Mac OS X 10_10_5) AppleWebKit/602.4.8 (KHTML, like Gecko) Version/10.0.3 Safari/602.4.8"
193.154.92.51 - - [02/Sep/2017:09:33:46 +0200] "GET /binaries/easy-drivers-portal/edwebhistoryillu392x3923jpg.jpg HTTP/1.1" 200 54656 "http://www.easydrivers.at/ueberuns" "Mozilla/5.0 (Macintosh; Intel Mac OS X 10_10_5) AppleWebKit/602.4.8 (KHTML, like Gecko) Version/10.0.3 Safari/602.4.8"
193.154.92.51 - - [02/Sep/2017:09:33:46 +0200] "GET /binaries/easy-drivers-portal/edwebhistoryillu392x3924jpg.jpg HTTP/1.1" 200 35765 "http://www.easydrivers.at/ueberuns" "Mozilla/5.0 (Macintosh; Intel Mac OS X 10_10_5) AppleWebKit/602.4.8 (KHTML, like Gecko) Version/10.0.3 Safari/602.4.8"
193.154.92.51 - - [02/Sep/2017:09:33:46 +0200] "GET /binaries/easy-drivers-portal/edwebhistoryillu392x3925jpg.jpg HTTP/1.1" 200 31708 "http://www.easydrivers.at/ueberuns" "Mozilla/5.0 (Macintosh; Intel Mac OS X 10_10_5) AppleWebKit/602.4.8 (KHTML, like Gecko) Version/10.0.3 Safari/602.4.8"
193.154.92.51 - - [02/Sep/2017:09:33:47 +0200] "GET /binaries/easy-drivers-portal/edwebhistoryillu392x3929jpg.jpg HTTP/1.1" 200 31823 "http://www.easydrivers.at/ueberuns" "Mozilla/5.0 (Macintosh; Intel Mac OS X 10_10_5) AppleWebKit/602.4.8 (KHTML, like Gecko) Version/10.0.3 Safari/602.4.8"
193.154.92.51 - - [02/Sep/2017:09:33:47 +0200] "GET /binaries/easy-drivers-portal/edwebhistoryillu392x39210jpg.jpg HTTP/1.1" 200 19475 "http://www.easydrivers.at/ueberuns" "Mozilla/5.0 (Macintosh; Intel Mac OS X 10_10_5) AppleWebKit/602.4.8 (KHTML, like Gecko) Version/10.0.3 Safari/602.4.8"
193.154.92.51 - - [02/Sep/2017:09:33:47 +0200] "GET /binaries/easy-drivers-portal/edwebhistoryillu392x3926jpg.jpg HTTP/1.1" 200 41118 "http://www.easydrivers.at/ueberuns" "Mozilla/5.0 (Macintosh; Intel Mac OS X 10_10_5) AppleWebKit/602.4.8 (KHTML, like Gecko) Version/10.0.3 Safari/602.4.8"
193.154.92.51 - - [02/Sep/2017:09:33:47 +0200] "GET /binaries/easy-drivers-portal/edwebhistoryillu392x39211jpg.jpg HTTP/1.1" 200 36282 "http://www.easydrivers.at/ueberuns" "Mozilla/5.0 (Macintosh; Intel Mac OS X 10_10_5) AppleWebKit/602.4.8 (KHTML, like Gecko) Version/10.0.3 Safari/602.4.8"
193.154.92.51 - - [02/Sep/2017:09:33:47 +0200] "GET /binaries/easy-drivers-portal/edwebhistoryillu392x3928jpg.jpg HTTP/1.1" 200 38907 "http://www.easydrivers.at/ueberuns" "Mozilla/5.0 (Macintosh; Intel Mac OS X 10_10_5) AppleWebKit/602.4.8 (KHTML, like Gecko) Version/10.0.3 Safari/602.4.8"
193.154.92.51 - - [02/Sep/2017:09:33:47 +0200] "GET /binaries/easy-drivers-portal/edwebhistoryillu392x39220kpng.png HTTP/1.1" 200 49333 "http://www.easydrivers.at/ueberuns" "Mozilla/5.0 (Macintosh; Intel Mac OS X 10_10_5) AppleWebKit/602.4.8 (KHTML, like Gecko) Version/10.0.3 Safari/602.4.8"
193.154.92.51 - - [02/Sep/2017:09:33:46 +0200] "GET /binaries/easy-drivers-portal/edwebhistoryillu392x3927jpg.jpg HTTP/1.1" 200 71377 "http://www.easydrivers.at/ueberuns" "Mozilla/5.0 (Macintosh; Intel Mac OS X 10_10_5) AppleWebKit/602.4.8 (KHTML, like Gecko) Version/10.0.3 Safari/602.4.8"
193.154.92.51 - - [02/Sep/2017:09:33:46 +0200] "GET /binaries/easy-drivers-portal/edwebhistoryillu392x392radjpg.jpg HTTP/1.1" 200 124939 "http://www.easydrivers.at/ueberuns" "Mozilla/5.0 (Macintosh; Intel Mac OS X 10_10_5) AppleWebKit/602.4.8 (KHTML, like Gecko) Version/10.0.3 Safari/602.4.8"
188.23.202.162 - - [02/Sep/2017:09:33:48 +0200] "GET /eisenstadt/10290102 HTTP/1.1" 200 2913 "http://www.easydrivers.at/eisenstadt/10290102" "Mozilla/5.0 (Windows NT 10.0; WOW64; rv:54.0) Gecko/20100101 Firefox/54.0"
188.23.202.162 - - [02/Sep/2017:09:33:51 +0200] "GET /binaries/easy-drivers-portal/pkw5jpg.jpg HTTP/1.1" 200 96177 "http://www.easydrivers.at/eisenstadt/10290102" "Mozilla/5.0 (Windows NT 10.0; WOW64; rv:54.0) Gecko/20100101 Firefox/54.0"
188.23.202.162 - - [02/Sep/2017:09:33:54 +0200] "GET /eisenstadt/10290102 HTTP/1.1" 200 2912 "http://www.easydrivers.at/eisenstadt/10290102" "Mozilla/5.0 (Windows NT 10.0; WOW64; rv:54.0) Gecko/20100101 Firefox/54.0"
188.23.202.162 - - [02/Sep/2017:09:33:57 +0200] "GET /binaries/easy-drivers-portal/pkw4jpg.jpg HTTP/1.1" 200 125726 "http://www.easydrivers.at/eisenstadt/10290102" "Mozilla/5.0 (Windows NT 10.0; WOW64; rv:54.0) Gecko/20100101 Firefox/54.0"
188.23.202.162 - - [02/Sep/2017:09:34:07 +0200] "GET /eisenstadt/kurse HTTP/1.1" 200 4739 "http://www.easydrivers.at/eisenstadt/10290102" "Mozilla/5.0 (Windows NT 10.0; WOW64; rv:54.0) Gecko/20100101 Firefox/54.0"
188.23.202.162 - - [02/Sep/2017:09:34:09 +0200] "GET /css/showLoading.css HTTP/1.1" 200 219 "http://www.easydrivers.at/eisenstadt/kurse" "Mozilla/5.0 (Windows NT 10.0; WOW64; rv:54.0) Gecko/20100101 Firefox/54.0"
188.23.202.162 - - [02/Sep/2017:09:34:09 +0200] "GET /javascript/jquery.showLoading.min.js HTTP/1.1" 200 1136 "http://www.easydrivers.at/eisenstadt/kurse" "Mozilla/5.0 (Windows NT 10.0; WOW64; rv:54.0) Gecko/20100101 Firefox/54.0"
188.23.202.162 - - [02/Sep/2017:09:34:10 +0200] "GET /img/bg-yellow.jpg HTTP/1.1" 200 2250 "http://www.easydrivers.at/css/style.css" "Mozilla/5.0 (Windows NT 10.0; WOW64; rv:54.0) Gecko/20100101 Firefox/54.0"
188.23.202.162 - - [02/Sep/2017:09:34:09 +0200] "GET /javascript/jquery.base64.min.js HTTP/1.1" 200 37135 "http://www.easydrivers.at/eisenstadt/kurse" "Mozilla/5.0 (Windows NT 10.0; WOW64; rv:54.0) Gecko/20100101 Firefox/54.0"
188.23.202.162 - - [02/Sep/2017:09:34:10 +0200] "GET /binaries/easy-drivers-portal/motorrad7jpg.jpg HTTP/1.1" 200 102681 "http://www.easydrivers.at/eisenstadt/kurse" "Mozilla/5.0 (Windows NT 10.0; WOW64; rv:54.0) Gecko/20100101 Firefox/54.0"
188.23.202.162 - - [02/Sep/2017:09:34:12 +0200] "GET /eisenstadt/10290102 HTTP/1.1" 200 2912 "http://www.easydrivers.at/eisenstadt/kurse" "Mozilla/5.0 (Windows NT 10.0; WOW64; rv:54.0) Gecko/20100101 Firefox/54.0"
188.23.202.162 - - [02/Sep/2017:09:34:15 +0200] "GET /binaries/easy-drivers-portal/motorrad2jpg.jpg HTTP/1.1" 200 45802 "http://www.easydrivers.at/eisenstadt/10290102" "Mozilla/5.0 (Windows NT 10.0; WOW64; rv:54.0) Gecko/20100101 Firefox/54.0"
188.117.245.208 - - [02/Sep/2017:09:34:17 +0200] "GET /amstetten HTTP/1.1" 200 3660 "https://www.google.at/" "Mozilla/5.0 (Windows NT 10.0; Win64; x64; rv:55.0) Gecko/20100101 Firefox/55.0"
188.23.202.162 - - [02/Sep/2017:09:34:17 +0200] "GET /eisenstadt/kurse HTTP/1.1" 200 4739 "http://www.easydrivers.at/eisenstadt/10290102" "Mozilla/5.0 (Windows NT 10.0; WOW64; rv:54.0) Gecko/20100101 Firefox/54.0"
188.117.245.208 - - [02/Sep/2017:09:34:19 +0200] "GET /amstetten HTTP/1.1" 200 3660 "https://www.google.at/" "Mozilla/5.0 (Windows NT 10.0; Win64; x64; rv:55.0) Gecko/20100101 Firefox/55.0"
188.23.202.162 - - [02/Sep/2017:09:34:19 +0200] "GET /eisenstadt/kurse HTTP/1.1" 200 4738 "http://www.easydrivers.at/eisenstadt/10290102" "Mozilla/5.0 (Windows NT 10.0; WOW64; rv:54.0) Gecko/20100101 Firefox/54.0"
188.117.245.208 - - [02/Sep/2017:09:34:22 +0200] "GET /css/print.css HTTP/1.1" 200 967 "http://www.easydrivers.at/amstetten" "Mozilla/5.0 (Windows NT 10.0; Win64; x64; rv:55.0) Gecko/20100101 Firefox/55.0"
188.117.245.208 - - [02/Sep/2017:09:34:22 +0200] "GET /javascript/jquery.customSelect.min.js HTTP/1.1" 200 912 "http://www.easydrivers.at/amstetten" "Mozilla/5.0 (Windows NT 10.0; Win64; x64; rv:55.0) Gecko/20100101 Firefox/55.0"
188.117.245.208 - - [02/Sep/2017:09:34:22 +0200] "GET /javascript/jquery.cookie.js HTTP/1.1" 200 863 "http://www.easydrivers.at/amstetten" "Mozilla/5.0 (Windows NT 10.0; Win64; x64; rv:55.0) Gecko/20100101 Firefox/55.0"
188.117.245.208 - - [02/Sep/2017:09:34:22 +0200] "GET /javascript/jquery.simplemodal.js HTTP/1.1" 200 3070 "http://www.easydrivers.at/amstetten" "Mozilla/5.0 (Windows NT 10.0; Win64; x64; rv:55.0) Gecko/20100101 Firefox/55.0"
188.117.245.208 - - [02/Sep/2017:09:34:22 +0200] "GET /css/style.css HTTP/1.1" 200 5004 "http://www.easydrivers.at/amstetten" "Mozilla/5.0 (Windows NT 10.0; Win64; x64; rv:55.0) Gecko/20100101 Firefox/55.0"
188.117.245.208 - - [02/Sep/2017:09:34:22 +0200] "GET /javascript/portal.js?1221842734 HTTP/1.1" 200 3529 "http://www.easydrivers.at/amstetten" "Mozilla/5.0 (Windows NT 10.0; Win64; x64; rv:55.0) Gecko/20100101 Firefox/55.0"
188.117.245.208 - - [02/Sep/2017:09:34:22 +0200] "GET /javascript/fahrschule.js HTTP/1.1" 200 462 "http://www.easydrivers.at/amstetten" "Mozilla/5.0 (Windows NT 10.0; Win64; x64; rv:55.0) Gecko/20100101 Firefox/55.0"
188.117.245.208 - - [02/Sep/2017:09:34:22 +0200] "GET /javascript/lazyload.js HTTP/1.1" 200 1170 "http://www.easydrivers.at/amstetten" "Mozilla/5.0 (Windows NT 10.0; Win64; x64; rv:55.0) Gecko/20100101 Firefox/55.0"
188.117.245.208 - - [02/Sep/2017:09:34:22 +0200] "GET /img/facebook-icon.png HTTP/1.1" 200 1506 "http://www.easydrivers.at/amstetten" "Mozilla/5.0 (Windows NT 10.0; Win64; x64; rv:55.0) Gecko/20100101 Firefox/55.0"
188.117.245.208 - - [02/Sep/2017:09:34:22 +0200] "GET /img/locator-icon.png HTTP/1.1" 200 1377 "http://www.easydrivers.at/amstetten" "Mozilla/5.0 (Windows NT 10.0; Win64; x64; rv:55.0) Gecko/20100101 Firefox/55.0"
188.117.245.208 - - [02/Sep/2017:09:34:22 +0200] "GET /img/close-button.png HTTP/1.1" 200 2237 "http://www.easydrivers.at/amstetten" "Mozilla/5.0 (Windows NT 10.0; Win64; x64; rv:55.0) Gecko/20100101 Firefox/55.0"
188.117.245.208 - - [02/Sep/2017:09:34:22 +0200] "GET /img/close-button-small.png HTTP/1.1" 200 1671 "http://www.easydrivers.at/amstetten" "Mozilla/5.0 (Windows NT 10.0; Win64; x64; rv:55.0) Gecko/20100101 Firefox/55.0"
188.117.245.208 - - [02/Sep/2017:09:34:22 +0200] "GET /img/new_favicon.ico HTTP/1.1" 200 1150 "-" "Mozilla/5.0 (Windows NT 10.0; Win64; x64; rv:55.0) Gecko/20100101 Firefox/55.0"
188.117.245.208 - - [02/Sep/2017:09:34:22 +0200] "GET /img/info-button.png HTTP/1.1" 200 738 "http://www.easydrivers.at/amstetten" "Mozilla/5.0 (Windows NT 10.0; Win64; x64; rv:55.0) Gecko/20100101 Firefox/55.0"
188.117.245.208 - - [02/Sep/2017:09:34:22 +0200] "GET /img/empty.gif HTTP/1.1" 200 43 "http://www.easydrivers.at/amstetten" "Mozilla/5.0 (Windows NT 10.0; Win64; x64; rv:55.0) Gecko/20100101 Firefox/55.0"
188.117.245.208 - - [02/Sep/2017:09:34:22 +0200] "GET /cache/emu/images/easy-drivers-portal10267443/2011col0031jpg_145_90_0.jpg HTTP/1.1" 200 2453 "http://www.easydrivers.at/amstetten" "Mozilla/5.0 (Windows NT 10.0; Win64; x64; rv:55.0) Gecko/20100101 Firefox/55.0"
188.117.245.208 - - [02/Sep/2017:09:34:22 +0200] "GET /cache/emu/images/easy-drivers-portal10289204/03-ansichteasydriver17-04plakat-a2-1jpg_64_90_0.jpg HTTP/1.1" 200 3047 "http://www.easydrivers.at/amstetten" "Mozilla/5.0 (Windows NT 10.0; Win64; x64; rv:55.0) Gecko/20100101 Firefox/55.0"
188.117.245.208 - - [02/Sep/2017:09:34:22 +0200] "GET /binaries/easy-drivers-portal/widget-icon-trainingpng.png HTTP/1.1" 200 2662 "http://www.easydrivers.at/amstetten" "Mozilla/5.0 (Windows NT 10.0; Win64; x64; rv:55.0) Gecko/20100101 Firefox/55.0"
188.117.245.208 - - [02/Sep/2017:09:34:22 +0200] "GET /img/schweiz-icon.png HTTP/1.1" 200 1504 "http://www.easydrivers.at/amstetten" "Mozilla/5.0 (Windows NT 10.0; Win64; x64; rv:55.0) Gecko/20100101 Firefox/55.0"
188.117.245.208 - - [02/Sep/2017:09:34:22 +0200] "GET /cache/emu/images/easy-drivers-portal10280778/fahrsicherheitstraining-foto-playpng_160_90_0.png HTTP/1.1" 200 28455 "http://www.easydrivers.at/amstetten" "Mozilla/5.0 (Windows NT 10.0; Win64; x64; rv:55.0) Gecko/20100101 Firefox/55.0"
188.117.245.208 - - [02/Sep/2017:09:34:23 +0200] "GET /img/yellow-dots-vertical.png HTTP/1.1" 200 981 "http://www.easydrivers.at/css/style.css" "Mozilla/5.0 (Windows NT 10.0; Win64; x64; rv:55.0) Gecko/20100101 Firefox/55.0"
188.117.245.208 - - [02/Sep/2017:09:34:23 +0200] "GET /img/ED_Logo.png HTTP/1.1" 200 3385 "http://www.easydrivers.at/css/style.css" "Mozilla/5.0 (Windows NT 10.0; Win64; x64; rv:55.0) Gecko/20100101 Firefox/55.0"
188.117.245.208 - - [02/Sep/2017:09:34:23 +0200] "GET /img/submit-button.png HTTP/1.1" 200 1958 "http://www.easydrivers.at/amstetten" "Mozilla/5.0 (Windows NT 10.0; Win64; x64; rv:55.0) Gecko/20100101 Firefox/55.0"
188.117.245.208 - - [02/Sep/2017:09:34:23 +0200] "GET /img/purple-dots-horizontal.png HTTP/1.1" 200 977 "http://www.easydrivers.at/css/style.css" "Mozilla/5.0 (Windows NT 10.0; Win64; x64; rv:55.0) Gecko/20100101 Firefox/55.0"
188.117.245.208 - - [02/Sep/2017:09:34:23 +0200] "GET /img/bg-footer.jpg HTTP/1.1" 200 31770 "http://www.easydrivers.at/css/style.css" "Mozilla/5.0 (Windows NT 10.0; Win64; x64; rv:55.0) Gecko/20100101 Firefox/55.0"
188.117.245.208 - - [02/Sep/2017:09:34:23 +0200] "GET /img/kursicon-share-pink.png HTTP/1.1" 200 1277 "http://www.easydrivers.at/amstetten" "Mozilla/5.0 (Windows NT 10.0; Win64; x64; rv:55.0) Gecko/20100101 Firefox/55.0"
188.117.245.208 - - [02/Sep/2017:09:34:23 +0200] "GET /img/kursicon-print-pink.png HTTP/1.1" 200 1125 "http://www.easydrivers.at/amstetten" "Mozilla/5.0 (Windows NT 10.0; Win64; x64; rv:55.0) Gecko/20100101 Firefox/55.0"
188.117.245.208 - - [02/Sep/2017:09:34:23 +0200] "GET /img/kursicon-download-pink.png HTTP/1.1" 200 1213 "http://www.easydrivers.at/amstetten" "Mozilla/5.0 (Windows NT 10.0; Win64; x64; rv:55.0) Gecko/20100101 Firefox/55.0"
188.117.245.208 - - [02/Sep/2017:09:34:23 +0200] "GET /img/kursicon-phone-pink.png HTTP/1.1" 200 1286 "http://www.easydrivers.at/amstetten" "Mozilla/5.0 (Windows NT 10.0; Win64; x64; rv:55.0) Gecko/20100101 Firefox/55.0"
188.117.245.208 - - [02/Sep/2017:09:34:23 +0200] "GET /img/bg-header.jpg HTTP/1.1" 200 38680 "http://www.easydrivers.at/css/style.css" "Mozilla/5.0 (Windows NT 10.0; Win64; x64; rv:55.0) Gecko/20100101 Firefox/55.0"
188.23.202.162 - - [02/Sep/2017:09:34:18 +0200] "GET /eisenstadt/kurse HTTP/1.1" 200 4738 "http://www.easydrivers.at/eisenstadt/10290102" "Mozilla/5.0 (Windows NT 10.0; WOW64; rv:54.0) Gecko/20100101 Firefox/54.0"
188.117.245.208 - - [02/Sep/2017:09:34:23 +0200] "GET /img/bg-top-section.jpg HTTP/1.1" 200 82172 "http://www.easydrivers.at/css/style.css" "Mozilla/5.0 (Windows NT 10.0; Win64; x64; rv:55.0) Gecko/20100101 Firefox/55.0"
188.23.202.162 - - [02/Sep/2017:09:34:20 +0200] "GET /eisenstadt/kurse HTTP/1.1" 200 4739 "http://www.easydrivers.at/eisenstadt/10290102" "Mozilla/5.0 (Windows NT 10.0; WOW64; rv:54.0) Gecko/20100101 Firefox/54.0"
188.23.202.162 - - [02/Sep/2017:09:34:19 +0200] "GET /eisenstadt/kurse HTTP/1.1" 200 4738 "http://www.easydrivers.at/eisenstadt/10290102" "Mozilla/5.0 (Windows NT 10.0; WOW64; rv:54.0) Gecko/20100101 Firefox/54.0"
193.154.92.51 - - [02/Sep/2017:09:34:39 +0200] "GET /voesendorf/10281936?FS=B HTTP/1.1" 200 5432 "http://www.easydrivers.at/voesendorf/kurse" "Mozilla/5.0 (Macintosh; Intel Mac OS X 10_10_5) AppleWebKit/602.4.8 (KHTML, like Gecko) Version/10.0.3 Safari/602.4.8"
193.154.92.51 - - [02/Sep/2017:09:34:41 +0200] "GET /voesendorf/kurse HTTP/1.1" 200 4777 "http://www.easydrivers.at/voesendorf/10288810?FS=B&gclid=CjwKCAjwranNBRBhEiwASu908MrDI0B5KtzaT8JrBaC5qwMcBdholZeoZ4-IJRGI4nIluhenlFqFZRoC1bwQAvD_BwE" "Mozilla/5.0 (Macintosh; Intel Mac OS X 10_10_5) AppleWebKit/602.4.8 (KHTML, like Gecko) Version/10.0.3 Safari/602.4.8"
193.154.92.51 - - [02/Sep/2017:09:34:44 +0200] "GET /binaries/easy-drivers-portal/bus6jpg.jpg HTTP/1.1" 200 101306 "http://www.easydrivers.at/voesendorf/kurse" "Mozilla/5.0 (Macintosh; Intel Mac OS X 10_10_5) AppleWebKit/602.4.8 (KHTML, like Gecko) Version/10.0.3 Safari/602.4.8"
193.154.92.51 - - [02/Sep/2017:09:34:44 +0200] "POST /loadkursliste HTTP/1.1" 200 673 "http://www.easydrivers.at/voesendorf/kurse" "Mozilla/5.0 (Macintosh; Intel Mac OS X 10_10_5) AppleWebKit/602.4.8 (KHTML, like Gecko) Version/10.0.3 Safari/602.4.8"
193.154.92.51 - - [02/Sep/2017:09:34:45 +0200] "GET /voesendorf/10288810?FS=B&gclid=CjwKCAjwranNBRBhEiwASu908MrDI0B5KtzaT8JrBaC5qwMcBdholZeoZ4-IJRGI4nIluhenlFqFZRoC1bwQAvD_BwE HTTP/1.1" 200 5426 "https://www.google.at/" "Mozilla/5.0 (Macintosh; Intel Mac OS X 10_10_5) AppleWebKit/602.4.8 (KHTML, like Gecko) Version/10.0.3 Safari/602.4.8"
46.125.249.41 - - [02/Sep/2017:09:35:33 +0200] "GET / HTTP/1.1" 200 3564 "http://www.easydrivers.at/linz/fahrsicherheitstraining" "Mozilla/5.0 (Android 5.0.2; Mobile; rv:55.0) Gecko/55.0 Firefox/55.0"
46.125.249.41 - - [02/Sep/2017:09:35:33 +0200] "GET / HTTP/1.1" 200 3564 "http://www.easydrivers.at/linz/fahrsicherheitstraining" "Mozilla/5.0 (Android 5.0.2; Mobile; rv:55.0) Gecko/55.0 Firefox/55.0"
46.125.249.41 - - [02/Sep/2017:09:35:33 +0200] "GET / HTTP/1.1" 200 3564 "http://www.easydrivers.at/linz/fahrsicherheitstraining" "Mozilla/5.0 (Android 5.0.2; Mobile; rv:55.0) Gecko/55.0 Firefox/55.0"
46.125.249.41 - - [02/Sep/2017:09:35:34 +0200] "GET / HTTP/1.1" 200 3564 "http://www.easydrivers.at/linz/fahrsicherheitstraining" "Mozilla/5.0 (Android 5.0.2; Mobile; rv:55.0) Gecko/55.0 Firefox/55.0"
46.125.249.41 - - [02/Sep/2017:09:35:34 +0200] "GET / HTTP/1.1" 200 3564 "http://www.easydrivers.at/linz/fahrsicherheitstraining" "Mozilla/5.0 (Android 5.0.2; Mobile; rv:55.0) Gecko/55.0 Firefox/55.0"
46.125.249.41 - - [02/Sep/2017:09:35:35 +0200] "GET / HTTP/1.1" 200 3564 "http://www.easydrivers.at/linz/fahrsicherheitstraining" "Mozilla/5.0 (Android 5.0.2; Mobile; rv:55.0) Gecko/55.0 Firefox/55.0"
46.125.249.41 - - [02/Sep/2017:09:35:35 +0200] "GET / HTTP/1.1" 200 3564 "http://www.easydrivers.at/linz/fahrsicherheitstraining" "Mozilla/5.0 (Android 5.0.2; Mobile; rv:55.0) Gecko/55.0 Firefox/55.0"
46.125.249.41 - - [02/Sep/2017:09:35:36 +0200] "GET / HTTP/1.1" 200 3564 "http://www.easydrivers.at/linz/fahrsicherheitstraining" "Mozilla/5.0 (Android 5.0.2; Mobile; rv:55.0) Gecko/55.0 Firefox/55.0"
46.125.249.41 - - [02/Sep/2017:09:35:34 +0200] "GET / HTTP/1.1" 200 3564 "http://www.easydrivers.at/linz/fahrsicherheitstraining" "Mozilla/5.0 (Android 5.0.2; Mobile; rv:55.0) Gecko/55.0 Firefox/55.0"
46.125.249.41 - - [02/Sep/2017:09:35:36 +0200] "GET / HTTP/1.1" 200 3564 "http://www.easydrivers.at/linz/fahrsicherheitstraining" "Mozilla/5.0 (Android 5.0.2; Mobile; rv:55.0) Gecko/55.0 Firefox/55.0"
46.125.249.41 - - [02/Sep/2017:09:35:37 +0200] "GET / HTTP/1.1" 200 3564 "http://www.easydrivers.at/linz/fahrsicherheitstraining" "Mozilla/5.0 (Android 5.0.2; Mobile; rv:55.0) Gecko/55.0 Firefox/55.0"
46.125.249.41 - - [02/Sep/2017:09:35:38 +0200] "GET / HTTP/1.1" 200 3564 "http://www.easydrivers.at/linz/fahrsicherheitstraining" "Mozilla/5.0 (Android 5.0.2; Mobile; rv:55.0) Gecko/55.0 Firefox/55.0"
46.125.249.41 - - [02/Sep/2017:09:35:36 +0200] "GET / HTTP/1.1" 200 3564 "http://www.easydrivers.at/linz/fahrsicherheitstraining" "Mozilla/5.0 (Android 5.0.2; Mobile; rv:55.0) Gecko/55.0 Firefox/55.0"
46.125.249.41 - - [02/Sep/2017:09:35:37 +0200] "GET / HTTP/1.1" 200 3564 "http://www.easydrivers.at/linz/fahrsicherheitstraining" "Mozilla/5.0 (Android 5.0.2; Mobile; rv:55.0) Gecko/55.0 Firefox/55.0"
46.125.249.41 - - [02/Sep/2017:09:35:35 +0200] "GET / HTTP/1.1" 200 3564 "http://www.easydrivers.at/linz/fahrsicherheitstraining" "Mozilla/5.0 (Android 5.0.2; Mobile; rv:55.0) Gecko/55.0 Firefox/55.0"
66.249.66.79 - - [02/Sep/2017:09:35:49 +0200] "GET /langenlois/10286390 HTTP/1.1" 200 3540 "-" "Mozilla/5.0 (compatible; Googlebot/2.1; +http://www.google.com/bot.html)"
46.125.249.41 - - [02/Sep/2017:09:35:36 +0200] "GET / HTTP/1.1" 200 3564 "http://www.easydrivers.at/linz/fahrsicherheitstraining" "Mozilla/5.0 (Android 5.0.2; Mobile; rv:55.0) Gecko/55.0 Firefox/55.0"
66.249.76.66 - - [02/Sep/2017:09:35:51 +0200] "GET / HTTP/1.1" 301 293 "-" "Mozilla/5.0 (Linux; Android 6.0.1; Nexus 5X Build/MMB29P) AppleWebKit/537.36 (KHTML, like Gecko) Chrome/41.0.2272.96 Mobile Safari/537.36 (compatible; Googlebot/2.1; +http://www.google.com/bot.html)"
46.125.249.41 - - [02/Sep/2017:09:35:35 +0200] "GET / HTTP/1.1" 200 3564 "http://www.easydrivers.at/linz/fahrsicherheitstraining" "Mozilla/5.0 (Android 5.0.2; Mobile; rv:55.0) Gecko/55.0 Firefox/55.0"
46.125.249.41 - - [02/Sep/2017:09:35:37 +0200] "GET / HTTP/1.1" 200 3564 "http://www.easydrivers.at/linz/fahrsicherheitstraining" "Mozilla/5.0 (Android 5.0.2; Mobile; rv:55.0) Gecko/55.0 Firefox/55.0"
66.249.66.74 - - [02/Sep/2017:09:35:54 +0200] "GET / HTTP/1.1" 200 3564 "-" "Mozilla/5.0 (Linux; Android 6.0.1; Nexus 5X Build/MMB29P) AppleWebKit/537.36 (KHTML, like Gecko) Chrome/41.0.2272.96 Mobile Safari/537.36 (compatible; Googlebot/2.1; +http://www.google.com/bot.html)"
81.217.206.175 - - [02/Sep/2017:09:36:06 +0200] "GET /krems?utm_source=facebook&utm_medium=ad&utm_campaign=motorrad HTTP/1.1" 200 2934 "http://m.facebook.com/" "Mozilla/5.0 (Linux; Android 6.0.1; SM-G903F Build/MMB29K; wv) AppleWebKit/537.36 (KHTML, like Gecko) Version/4.0 Chrome/55.0.2883.91 Mobile Safari/537.36 [FB_IAB/FB4A;FBAV/138.0.0.19.93;]"
40.77.167.65 - - [02/Sep/2017:09:36:52 +0200] "GET /ottakring/ HTTP/1.1" 200 4420 "-" "Mozilla/5.0 (compatible; bingbot/2.0; +http://www.bing.com/bingbot.htm)"
193.80.79.42 - - [02/Sep/2017:09:37:00 +0200] "GET /krems?utm_source=facebook&utm_medium=ad&utm_campaign=moped HTTP/1.1" 200 2934 "http://m.facebook.com/" "Mozilla/5.0 (Linux; Android 7.1.1; F5121 Build/34.3.A.0.194; wv) AppleWebKit/537.36 (KHTML, like Gecko) Version/4.0 Chrome/56.0.2924.87 Mobile Safari/537.36 [FB_IAB/FB4A;FBAV/138.0.0.19.93;]"
91.0.130.26 - - [02/Sep/2017:09:37:33 +0200] "GET / HTTP/1.1" 200 4413 "https://www.google.de/" "Mozilla/5.0 (Windows NT 10.0; WOW64; rv:55.0) Gecko/20100101 Firefox/55.0"
91.0.130.26 - - [02/Sep/2017:09:37:35 +0200] "GET /css/style.css HTTP/1.1" 200 5004 "http://www.easydrivers.at/" "Mozilla/5.0 (Windows NT 10.0; WOW64; rv:55.0) Gecko/20100101 Firefox/55.0"
91.0.130.26 - - [02/Sep/2017:09:37:35 +0200] "GET /css/print.css HTTP/1.1" 200 967 "http://www.easydrivers.at/" "Mozilla/5.0 (Windows NT 10.0; WOW64; rv:55.0) Gecko/20100101 Firefox/55.0"
91.0.130.26 - - [02/Sep/2017:09:37:35 +0200] "GET /javascript/jquery.customSelect.min.js HTTP/1.1" 200 912 "http://www.easydrivers.at/" "Mozilla/5.0 (Windows NT 10.0; WOW64; rv:55.0) Gecko/20100101 Firefox/55.0"
91.0.130.26 - - [02/Sep/2017:09:37:35 +0200] "GET /javascript/portal.js?1221842734 HTTP/1.1" 200 3529 "http://www.easydrivers.at/" "Mozilla/5.0 (Windows NT 10.0; WOW64; rv:55.0) Gecko/20100101 Firefox/55.0"
91.0.130.26 - - [02/Sep/2017:09:37:35 +0200] "GET /javascript/lazyload.js HTTP/1.1" 200 1170 "http://www.easydrivers.at/" "Mozilla/5.0 (Windows NT 10.0; WOW64; rv:55.0) Gecko/20100101 Firefox/55.0"
