80.109.40.128 - - [17/Sep/2017:09:37:52 +0200] "GET /img/submit-button.png HTTP/1.1" 200 1958 "http://www.easydrivers.at/schwechat" "Mozilla/5.0 (Windows NT 10.0; WOW64; rv:55.0) Gecko/20100101 Firefox/55.0"
80.109.40.128 - - [17/Sep/2017:09:37:52 +0200] "GET /img/ED_Logo.png HTTP/1.1" 200 3385 "http://www.easydrivers.at/css/style.css" "Mozilla/5.0 (Windows NT 10.0; WOW64; rv:55.0) Gecko/20100101 Firefox/55.0"
80.109.40.128 - - [17/Sep/2017:09:37:52 +0200] "GET /img/purple-dots-horizontal.png HTTP/1.1" 200 977 "http://www.easydrivers.at/css/style.css" "Mozilla/5.0 (Windows NT 10.0; WOW64; rv:55.0) Gecko/20100101 Firefox/55.0"
80.109.40.128 - - [17/Sep/2017:09:37:52 +0200] "GET /img/yellow-dots-vertical.png HTTP/1.1" 200 981 "http://www.easydrivers.at/css/style.css" "Mozilla/5.0 (Windows NT 10.0; WOW64; rv:55.0) Gecko/20100101 Firefox/55.0"
80.109.40.128 - - [17/Sep/2017:09:37:52 +0200] "GET /img/kursicon-print-pink.png HTTP/1.1" 200 1125 "http://www.easydrivers.at/schwechat" "Mozilla/5.0 (Windows NT 10.0; WOW64; rv:55.0) Gecko/20100101 Firefox/55.0"
80.109.40.128 - - [17/Sep/2017:09:37:52 +0200] "GET /img/bg-footer.jpg HTTP/1.1" 200 31770 "http://www.easydrivers.at/css/style.css" "Mozilla/5.0 (Windows NT 10.0; WOW64; rv:55.0) Gecko/20100101 Firefox/55.0"
80.109.40.128 - - [17/Sep/2017:09:37:52 +0200] "GET /img/bg-header.jpg HTTP/1.1" 200 38680 "http://www.easydrivers.at/css/style.css" "Mozilla/5.0 (Windows NT 10.0; WOW64; rv:55.0) Gecko/20100101 Firefox/55.0"
80.109.40.128 - - [17/Sep/2017:09:37:52 +0200] "GET /img/kursicon-download-pink.png HTTP/1.1" 200 1213 "http://www.easydrivers.at/schwechat" "Mozilla/5.0 (Windows NT 10.0; WOW64; rv:55.0) Gecko/20100101 Firefox/55.0"
80.109.40.128 - - [17/Sep/2017:09:37:52 +0200] "GET /img/kursicon-share-pink.png HTTP/1.1" 200 1277 "http://www.easydrivers.at/schwechat" "Mozilla/5.0 (Windows NT 10.0; WOW64; rv:55.0) Gecko/20100101 Firefox/55.0"
80.109.40.128 - - [17/Sep/2017:09:37:52 +0200] "GET /img/bg-top-section.jpg HTTP/1.1" 200 82172 "http://www.easydrivers.at/css/style.css" "Mozilla/5.0 (Windows NT 10.0; WOW64; rv:55.0) Gecko/20100101 Firefox/55.0"
80.109.40.128 - - [17/Sep/2017:09:37:52 +0200] "GET /img/kursicon-phone-pink.png HTTP/1.1" 200 1286 "http://www.easydrivers.at/schwechat" "Mozilla/5.0 (Windows NT 10.0; WOW64; rv:55.0) Gecko/20100101 Firefox/55.0"
65.55.210.123 - - [17/Sep/2017:09:37:55 +0200] "GET /css/style.css HTTP/1.1" 200 24081 "-" "Mozilla/5.0 (Windows NT 6.1; WOW64) AppleWebKit/534+ (KHTML, like Gecko) BingPreview/1.0b"
54.169.222.120 - - [17/Sep/2017:09:37:52 +0200] "GET /steyr/3._ferienkurs?FS=B-L'A=0 HTTP/1.1" 410 3472 "http://www.easydrivers.at/steyr/3._ferienkurs?FS=B-L'A=0" "Mozilla/5.0 (Windows; U; Windows NT 5.1; pt-PT; rv:1.9.1.2) Gecko/20090729 Firefox/3.5.2 (.NET CLR 3.5.30729)"
65.55.210.27 - - [17/Sep/2017:09:37:57 +0200] "GET /javascript/portal.js?1221842734 HTTP/1.1" 200 11173 "-" "Mozilla/5.0 (Windows NT 6.1; WOW64) AppleWebKit/534+ (KHTML, like Gecko) BingPreview/1.0b"
199.30.25.134 - - [17/Sep/2017:09:37:58 +0200] "GET /javascript/lazyload.js HTTP/1.1" 200 2726 "-" "Mozilla/5.0 (Windows NT 6.1; WOW64) AppleWebKit/534+ (KHTML, like Gecko) BingPreview/1.0b"
213.240.121.142 - - [17/Sep/2017:09:38:10 +0200] "GET /img/mobile/info-button.png HTTP/1.1" 200 1549 "-" "Mozilla/5.0 (iPhone; CPU iPhone OS 10_2 like Mac OS X) AppleWebKit/602.3.12 (KHTML, like Gecko) Mobile/14C92 [FBAN/FBIOS;FBAV/140.0.0.63.89;FBBV/70896504;FBDV/iPhone8,1;FBMD/iPhone;FBSN/iOS;FBSV/10.2;FBSS/2;FBCR/A1;FBID/phone;FBLC/de_DE;FBOP/5;FBRV/71584044]"
188.22.252.158 - - [17/Sep/2017:09:38:30 +0200] "GET /krems?utm_source=facebook&utm_medium=ad&utm_campaign=motorrad HTTP/1.1" 200 2936 "http://m.facebook.com" "Mozilla/5.0 (iPhone; CPU iPhone OS 10_3_3 like Mac OS X) AppleWebKit/603.3.8 (KHTML, like Gecko) Mobile/14G60 [FBAN/FBIOS;FBAV/140.0.0.63.89;FBBV/70896504;FBDV/iPhone7,2;FBMD/iPhone;FBSN/iOS;FBSV/10.3.3;FBSS/2;FBCR/A1;FBID/phone;FBLC/de_DE;FBOP/5;FBRV/71584044]"
188.22.252.158 - - [17/Sep/2017:09:38:32 +0200] "GET /img/mobile/easydrivers-logo-mobile.png HTTP/1.1" 200 10766 "-" "Mozilla/5.0 (iPhone; CPU iPhone OS 10_3_3 like Mac OS X) AppleWebKit/603.3.8 (KHTML, like Gecko) Mobile/14G60 [FBAN/FBIOS;FBAV/140.0.0.63.89;FBBV/70896504;FBDV/iPhone7,2;FBMD/iPhone;FBSN/iOS;FBSV/10.3.3;FBSS/2;FBCR/A1;FBID/phone;FBLC/de_DE;FBOP/5;FBRV/71584044]"
35.184.189.105 - - [17/Sep/2017:09:38:51 +0200] "GET /robots.txt HTTP/1.1" 200 101 "-" "ltx71 - (http://ltx71.com/)"
188.22.252.158 - - [17/Sep/2017:09:39:02 +0200] "GET /img/mobile/menu-button.png HTTP/1.1" 200 1746 "-" "Mozilla/5.0 (iPhone; CPU iPhone OS 10_3_3 like Mac OS X) AppleWebKit/603.3.8 (KHTML, like Gecko) Mobile/14G60 [FBAN/FBIOS;FBAV/140.0.0.63.89;FBBV/70896504;FBDV/iPhone7,2;FBMD/iPhone;FBSN/iOS;FBSV/10.3.3;FBSS/2;FBCR/A1;FBID/phone;FBLC/de_DE;FBOP/5;FBRV/71584044]"
40.77.167.77 - - [17/Sep/2017:09:39:03 +0200] "GET /ennstal.bad.aussee/team HTTP/1.1" 200 3187 "-" "Mozilla/5.0 (compatible; bingbot/2.0; +http://www.bing.com/bingbot.htm)"
188.22.252.158 - - [17/Sep/2017:09:39:32 +0200] "GET /img/mobile/widget-icon-app.png HTTP/1.1" 200 3458 "-" "Mozilla/5.0 (iPhone; CPU iPhone OS 10_3_3 like Mac OS X) AppleWebKit/603.3.8 (KHTML, like Gecko) Mobile/14G60 [FBAN/FBIOS;FBAV/140.0.0.63.89;FBBV/70896504;FBDV/iPhone7,2;FBMD/iPhone;FBSN/iOS;FBSV/10.3.3;FBSS/2;FBCR/A1;FBID/phone;FBLC/de_DE;FBOP/5;FBRV/71584044]"
188.22.252.158 - - [17/Sep/2017:09:39:35 +0200] "GET /img/mobile/close-button.png HTTP/1.1" 200 2411 "-" "Mozilla/5.0 (iPhone; CPU iPhone OS 10_3_3 like Mac OS X) AppleWebKit/603.3.8 (KHTML, like Gecko) Mobile/14G60 [FBAN/FBIOS;FBAV/140.0.0.63.89;FBBV/70896504;FBDV/iPhone7,2;FBMD/iPhone;FBSN/iOS;FBSV/10.3.3;FBSS/2;FBCR/A1;FBID/phone;FBLC/de_DE;FBOP/5;FBRV/71584044]"
213.147.164.163 - - [17/Sep/2017:09:39:54 +0200] "GET / HTTP/1.1" 200 3562 "https://www.google.at/" "Mozilla/5.0 (Linux; Android 7.0; BLN-L21 Build/HONORBLN-L21) AppleWebKit/537.36 (KHTML, like Gecko) Chrome/60.0.3112.116 Mobile Safari/537.36"
213.147.164.163 - - [17/Sep/2017:09:39:55 +0200] "GET /css/mobile.css HTTP/1.1" 200 2852 "http://www.easydrivers.at/" "Mozilla/5.0 (Linux; Android 7.0; BLN-L21 Build/HONORBLN-L21) AppleWebKit/537.36 (KHTML, like Gecko) Chrome/60.0.3112.116 Mobile Safari/537.36"
213.147.164.163 - - [17/Sep/2017:09:39:55 +0200] "GET /javascript/jquery.cookie.js HTTP/1.1" 200 863 "http://www.easydrivers.at/" "Mozilla/5.0 (Linux; Android 7.0; BLN-L21 Build/HONORBLN-L21) AppleWebKit/537.36 (KHTML, like Gecko) Chrome/60.0.3112.116 Mobile Safari/537.36"
213.147.164.163 - - [17/Sep/2017:09:39:55 +0200] "GET /javascript/mobile-menu.js HTTP/1.1" 200 1634 "http://www.easydrivers.at/" "Mozilla/5.0 (Linux; Android 7.0; BLN-L21 Build/HONORBLN-L21) AppleWebKit/537.36 (KHTML, like Gecko) Chrome/60.0.3112.116 Mobile Safari/537.36"
213.147.164.163 - - [17/Sep/2017:09:39:55 +0200] "GET /javascript/jquery.simplemodal.js HTTP/1.1" 200 3070 "http://www.easydrivers.at/" "Mozilla/5.0 (Linux; Android 7.0; BLN-L21 Build/HONORBLN-L21) AppleWebKit/537.36 (KHTML, like Gecko) Chrome/60.0.3112.116 Mobile Safari/537.36"
213.147.164.163 - - [17/Sep/2017:09:39:55 +0200] "GET /javascript/jquery-1.9.1.min.js HTTP/1.1" 200 32731 "http://www.easydrivers.at/" "Mozilla/5.0 (Linux; Android 7.0; BLN-L21 Build/HONORBLN-L21) AppleWebKit/537.36 (KHTML, like Gecko) Chrome/60.0.3112.116 Mobile Safari/537.36"
213.147.164.163 - - [17/Sep/2017:09:39:56 +0200] "GET /javascript/mobile-homesearch.js HTTP/1.1" 200 340 "http://www.easydrivers.at/" "Mozilla/5.0 (Linux; Android 7.0; BLN-L21 Build/HONORBLN-L21) AppleWebKit/537.36 (KHTML, like Gecko) Chrome/60.0.3112.116 Mobile Safari/537.36"
213.147.164.163 - - [17/Sep/2017:09:39:56 +0200] "GET /javascript/lazyload.js HTTP/1.1" 200 1170 "http://www.easydrivers.at/" "Mozilla/5.0 (Linux; Android 7.0; BLN-L21 Build/HONORBLN-L21) AppleWebKit/537.36 (KHTML, like Gecko) Chrome/60.0.3112.116 Mobile Safari/537.36"
213.147.164.163 - - [17/Sep/2017:09:39:56 +0200] "GET /img/mobile/menu-button.png HTTP/1.1" 200 1746 "http://www.easydrivers.at/" "Mozilla/5.0 (Linux; Android 7.0; BLN-L21 Build/HONORBLN-L21) AppleWebKit/537.36 (KHTML, like Gecko) Chrome/60.0.3112.116 Mobile Safari/537.36"
213.147.164.163 - - [17/Sep/2017:09:39:56 +0200] "GET /img/mobile/easydrivers-logo-mobile.png HTTP/1.1" 200 10766 "http://www.easydrivers.at/" "Mozilla/5.0 (Linux; Android 7.0; BLN-L21 Build/HONORBLN-L21) AppleWebKit/537.36 (KHTML, like Gecko) Chrome/60.0.3112.116 Mobile Safari/537.36"
213.147.164.163 - - [17/Sep/2017:09:39:56 +0200] "GET /img/mobile/close-button.png HTTP/1.1" 200 2411 "http://www.easydrivers.at/" "Mozilla/5.0 (Linux; Android 7.0; BLN-L21 Build/HONORBLN-L21) AppleWebKit/537.36 (KHTML, like Gecko) Chrome/60.0.3112.116 Mobile Safari/537.36"
213.147.164.163 - - [17/Sep/2017:09:39:56 +0200] "GET /img/mobile/facebook-icon.png HTTP/1.1" 200 1902 "http://www.easydrivers.at/" "Mozilla/5.0 (Linux; Android 7.0; BLN-L21 Build/HONORBLN-L21) AppleWebKit/537.36 (KHTML, like Gecko) Chrome/60.0.3112.116 Mobile Safari/537.36"
213.147.164.163 - - [17/Sep/2017:09:39:56 +0200] "GET /img/mobile/widget-icon-app.png HTTP/1.1" 200 3458 "http://www.easydrivers.at/" "Mozilla/5.0 (Linux; Android 7.0; BLN-L21 Build/HONORBLN-L21) AppleWebKit/537.36 (KHTML, like Gecko) Chrome/60.0.3112.116 Mobile Safari/537.36"
213.147.164.163 - - [17/Sep/2017:09:39:56 +0200] "GET /img/mobile/bg-header.jpg HTTP/1.1" 200 19741 "http://www.easydrivers.at/css/mobile.css" "Mozilla/5.0 (Linux; Android 7.0; BLN-L21 Build/HONORBLN-L21) AppleWebKit/537.36 (KHTML, like Gecko) Chrome/60.0.3112.116 Mobile Safari/537.36"
213.147.164.163 - - [17/Sep/2017:09:39:56 +0200] "GET /img/mobile/bg-top-section.jpg HTTP/1.1" 200 21711 "http://www.easydrivers.at/css/mobile.css" "Mozilla/5.0 (Linux; Android 7.0; BLN-L21 Build/HONORBLN-L21) AppleWebKit/537.36 (KHTML, like Gecko) Chrome/60.0.3112.116 Mobile Safari/537.36"
213.147.164.163 - - [17/Sep/2017:09:39:56 +0200] "GET /img/mobile/pfeil-rechts.png HTTP/1.1" 200 1228 "http://www.easydrivers.at/css/mobile.css" "Mozilla/5.0 (Linux; Android 7.0; BLN-L21 Build/HONORBLN-L21) AppleWebKit/537.36 (KHTML, like Gecko) Chrome/60.0.3112.116 Mobile Safari/537.36"
213.147.164.163 - - [17/Sep/2017:09:39:56 +0200] "GET /img/mobile/bg-menu.jpg HTTP/1.1" 200 1698 "http://www.easydrivers.at/css/mobile.css" "Mozilla/5.0 (Linux; Android 7.0; BLN-L21 Build/HONORBLN-L21) AppleWebKit/537.36 (KHTML, like Gecko) Chrome/60.0.3112.116 Mobile Safari/537.36"
213.147.164.163 - - [17/Sep/2017:09:39:56 +0200] "GET /img/favicon.ico HTTP/1.1" 404 300 "http://www.easydrivers.at/" "Mozilla/5.0 (Linux; Android 7.0; BLN-L21 Build/HONORBLN-L21) AppleWebKit/537.36 (KHTML, like Gecko) Chrome/60.0.3112.116 Mobile Safari/537.36"
188.22.252.158 - - [17/Sep/2017:09:40:05 +0200] "GET /img/mobile/facebook-icon.png HTTP/1.1" 200 1902 "-" "Mozilla/5.0 (iPhone; CPU iPhone OS 10_3_3 like Mac OS X) AppleWebKit/603.3.8 (KHTML, like Gecko) Mobile/14G60 [FBAN/FBIOS;FBAV/140.0.0.63.89;FBBV/70896504;FBDV/iPhone7,2;FBMD/iPhone;FBSN/iOS;FBSV/10.3.3;FBSS/2;FBCR/A1;FBID/phone;FBLC/de_DE;FBOP/5;FBRV/71584044]"
199.30.24.154 - - [17/Sep/2017:09:40:05 +0200] "GET /img/close-button.png HTTP/1.1" 200 2237 "-" "Mozilla/5.0 (Windows NT 6.1; WOW64) AppleWebKit/534+ (KHTML, like Gecko) BingPreview/1.0b"
199.30.24.154 - - [17/Sep/2017:09:40:06 +0200] "GET /img/close-button-small.png HTTP/1.1" 200 1671 "-" "Mozilla/5.0 (Windows NT 6.1; WOW64) AppleWebKit/534+ (KHTML, like Gecko) BingPreview/1.0b"
199.30.24.154 - - [17/Sep/2017:09:40:07 +0200] "GET /cache/emu/images/easy-drivers-portal10244077/aktionjpg_160_90_0.jpg HTTP/1.1" 200 3346 "-" "Mozilla/5.0 (Windows NT 6.1; WOW64) AppleWebKit/534+ (KHTML, like Gecko) BingPreview/1.0b"
199.30.24.154 - - [17/Sep/2017:09:40:08 +0200] "GET /img/empty.gif HTTP/1.1" 200 43 "-" "Mozilla/5.0 (Windows NT 6.1; WOW64) AppleWebKit/534+ (KHTML, like Gecko) BingPreview/1.0b"
199.30.24.154 - - [17/Sep/2017:09:40:09 +0200] "GET /binaries/easy-drivers-portal/widget-icon-trainingpng.png HTTP/1.1" 200 2662 "-" "Mozilla/5.0 (Windows NT 6.1; WOW64) AppleWebKit/534+ (KHTML, like Gecko) BingPreview/1.0b"
199.30.24.154 - - [17/Sep/2017:09:40:09 +0200] "GET /binaries/easy-drivers-portal/widget-icon-expertspng.png HTTP/1.1" 200 2159 "-" "Mozilla/5.0 (Windows NT 6.1; WOW64) AppleWebKit/534+ (KHTML, like Gecko) BingPreview/1.0b"
199.30.24.154 - - [17/Sep/2017:09:40:12 +0200] "GET /img/ED_Logo.png HTTP/1.1" 200 3385 "-" "Mozilla/5.0 (Windows NT 6.1; WOW64) AppleWebKit/534+ (KHTML, like Gecko) BingPreview/1.0b"
199.30.24.154 - - [17/Sep/2017:09:40:13 +0200] "GET /img/bg-top-section.jpg HTTP/1.1" 200 82172 "-" "Mozilla/5.0 (Windows NT 6.1; WOW64) AppleWebKit/534+ (KHTML, like Gecko) BingPreview/1.0b"
199.30.24.154 - - [17/Sep/2017:09:40:15 +0200] "GET /img/purple-dots-horizontal.png HTTP/1.1" 200 977 "-" "Mozilla/5.0 (Windows NT 6.1; WOW64) AppleWebKit/534+ (KHTML, like Gecko) BingPreview/1.0b"
66.249.65.88 - - [17/Sep/2017:09:40:13 +0200] "GET /krumbach/Inhaberdaten HTTP/1.1" 200 3653 "-" "Mozilla/5.0 (compatible; Googlebot/2.1; +http://www.google.com/bot.html)"
199.30.24.154 - - [17/Sep/2017:09:40:15 +0200] "GET /img/submit-button.png HTTP/1.1" 200 1958 "-" "Mozilla/5.0 (Windows NT 6.1; WOW64) AppleWebKit/534+ (KHTML, like Gecko) BingPreview/1.0b"
199.30.24.154 - - [17/Sep/2017:09:40:16 +0200] "GET /img/yellow-dots-vertical.png HTTP/1.1" 200 981 "-" "Mozilla/5.0 (Windows NT 6.1; WOW64) AppleWebKit/534+ (KHTML, like Gecko) BingPreview/1.0b"
77.119.128.91 - - [17/Sep/2017:09:40:29 +0200] "GET / HTTP/1.1" 200 4409 "-" "Mozilla/5.0 (Windows NT 10.0; Win64; x64) AppleWebKit/537.36 (KHTML, like Gecko) Chrome/60.0.3112.113 Safari/537.36"
188.22.252.158 - - [17/Sep/2017:09:40:37 +0200] "GET /img/mobile/info-button.png HTTP/1.1" 200 1549 "-" "Mozilla/5.0 (iPhone; CPU iPhone OS 10_3_3 like Mac OS X) AppleWebKit/603.3.8 (KHTML, like Gecko) Mobile/14G60 [FBAN/FBIOS;FBAV/140.0.0.63.89;FBBV/70896504;FBDV/iPhone7,2;FBMD/iPhone;FBSN/iOS;FBSV/10.3.3;FBSS/2;FBCR/A1;FBID/phone;FBLC/de_DE;FBOP/5;FBRV/71584044]"
188.22.252.158 - - [17/Sep/2017:09:40:37 +0200] "GET /img/mobile/googlemaps-pin.png HTTP/1.1" 200 1597 "-" "Mozilla/5.0 (iPhone; CPU iPhone OS 10_3_3 like Mac OS X) AppleWebKit/603.3.8 (KHTML, like Gecko) Mobile/14G60 [FBAN/FBIOS;FBAV/140.0.0.63.89;FBBV/70896504;FBDV/iPhone7,2;FBMD/iPhone;FBSN/iOS;FBSV/10.3.3;FBSS/2;FBCR/A1;FBID/phone;FBLC/de_DE;FBOP/5;FBRV/71584044]"
35.184.189.105 - - [17/Sep/2017:09:40:57 +0200] "GET /ennstal.bad.aussee/downloads HTTP/1.1" 200 2989 "-" "ltx71 - (http://ltx71.com/)"
188.22.252.158 - - [17/Sep/2017:09:41:07 +0200] "GET /img/smallicon-time.png HTTP/1.1" 200 1262 "-" "Mozilla/5.0 (iPhone; CPU iPhone OS 10_3_3 like Mac OS X) AppleWebKit/603.3.8 (KHTML, like Gecko) Mobile/14G60 [FBAN/FBIOS;FBAV/140.0.0.63.89;FBBV/70896504;FBDV/iPhone7,2;FBMD/iPhone;FBSN/iOS;FBSV/10.3.3;FBSS/2;FBCR/A1;FBID/phone;FBLC/de_DE;FBOP/5;FBRV/71584044]"
188.22.252.158 - - [17/Sep/2017:09:41:41 +0200] "GET /img/mobile/info-close-button.png HTTP/1.1" 200 1721 "-" "Mozilla/5.0 (iPhone; CPU iPhone OS 10_3_3 like Mac OS X) AppleWebKit/603.3.8 (KHTML, like Gecko) Mobile/14G60 [FBAN/FBIOS;FBAV/140.0.0.63.89;FBBV/70896504;FBDV/iPhone7,2;FBMD/iPhone;FBSN/iOS;FBSV/10.3.3;FBSS/2;FBCR/A1;FBID/phone;FBLC/de_DE;FBOP/5;FBRV/71584044]"
188.22.252.158 - - [17/Sep/2017:09:41:41 +0200] "GET /img/smallicon-phone.png HTTP/1.1" 200 3056 "-" "Mozilla/5.0 (iPhone; CPU iPhone OS 10_3_3 like Mac OS X) AppleWebKit/603.3.8 (KHTML, like Gecko) Mobile/14G60 [FBAN/FBIOS;FBAV/140.0.0.63.89;FBBV/70896504;FBDV/iPhone7,2;FBMD/iPhone;FBSN/iOS;FBSV/10.3.3;FBSS/2;FBCR/A1;FBID/phone;FBLC/de_DE;FBOP/5;FBRV/71584044]"
188.22.252.158 - - [17/Sep/2017:09:42:11 +0200] "GET /img/smallicon-person.png HTTP/1.1" 200 1141 "-" "Mozilla/5.0 (iPhone; CPU iPhone OS 10_3_3 like Mac OS X) AppleWebKit/603.3.8 (KHTML, like Gecko) Mobile/14G60 [FBAN/FBIOS;FBAV/140.0.0.63.89;FBBV/70896504;FBDV/iPhone7,2;FBMD/iPhone;FBSN/iOS;FBSV/10.3.3;FBSS/2;FBCR/A1;FBID/phone;FBLC/de_DE;FBOP/5;FBRV/71584044]"
178.222.231.47 - - [17/Sep/2017:09:42:52 +0200] "GET /wp-login.php HTTP/1.1" 404 8396 "-" "Mozilla/5.0 (Windows NT 6.1; WOW64; rv:40.0) Gecko/20100101 Firefox/40.1"
178.222.231.47 - - [17/Sep/2017:09:42:54 +0200] "GET / HTTP/1.1" 200 15965 "-" "Mozilla/5.0 (Windows NT 6.1; WOW64; rv:40.0) Gecko/20100101 Firefox/40.1"
213.225.0.105 - - [17/Sep/2017:09:43:16 +0200] "GET /krems?utm_source=facebook&utm_medium=ad&utm_campaign=motorrad HTTP/1.1" 200 2936 "http://m.facebook.com/" "Mozilla/5.0 (Linux; Android 6.0.1; SM-J510FN Build/MMB29M; wv) AppleWebKit/537.36 (KHTML, like Gecko) Version/4.0 Chrome/60.0.3112.116 Mobile Safari/537.36 [FB_IAB/FB4A;FBAV/140.0.0.24.91;]"
216.244.66.202 - - [17/Sep/2017:09:43:38 +0200] "GET /robots.txt HTTP/1.1" 200 178 "-" "Mozilla/5.0 (compatible; DotBot/1.1; http://www.opensiteexplorer.org/dotbot, help@moz.com)"
216.244.66.202 - - [17/Sep/2017:09:43:38 +0200] "GET /robots.txt HTTP/1.1" 301 392 "-" "Mozilla/5.0 (compatible; DotBot/1.1; http://www.opensiteexplorer.org/dotbot, help@moz.com)"
216.244.66.202 - - [17/Sep/2017:09:43:40 +0200] "GET /robots.txt HTTP/1.1" 200 178 "-" "Mozilla/5.0 (compatible; DotBot/1.1; http://www.opensiteexplorer.org/dotbot, help@moz.com)"
178.189.147.163 - - [17/Sep/2017:09:43:55 +0200] "GET /hartberg HTTP/1.1" 200 2927 "android-app://com.google.android.googlequicksearchbox" "Mozilla/5.0 (Linux; Android 5.1.1; SM-G361F Build/LMY48B) AppleWebKit/537.36 (KHTML, like Gecko) Chrome/60.0.3112.116 Mobile Safari/537.36"
178.189.147.163 - - [17/Sep/2017:09:43:58 +0200] "GET /css/mobile.css HTTP/1.1" 200 2852 "http://www.easydrivers.at/hartberg" "Mozilla/5.0 (Linux; Android 5.1.1; SM-G361F Build/LMY48B) AppleWebKit/537.36 (KHTML, like Gecko) Chrome/60.0.3112.116 Mobile Safari/537.36"
178.189.147.163 - - [17/Sep/2017:09:43:58 +0200] "GET /javascript/jquery.cookie.js HTTP/1.1" 200 863 "http://www.easydrivers.at/hartberg" "Mozilla/5.0 (Linux; Android 5.1.1; SM-G361F Build/LMY48B) AppleWebKit/537.36 (KHTML, like Gecko) Chrome/60.0.3112.116 Mobile Safari/537.36"
178.189.147.163 - - [17/Sep/2017:09:43:58 +0200] "GET /javascript/jquery-1.9.1.min.js HTTP/1.1" 200 32731 "http://www.easydrivers.at/hartberg" "Mozilla/5.0 (Linux; Android 5.1.1; SM-G361F Build/LMY48B) AppleWebKit/537.36 (KHTML, like Gecko) Chrome/60.0.3112.116 Mobile Safari/537.36"
178.189.147.163 - - [17/Sep/2017:09:43:58 +0200] "GET /javascript/mobile-menu.js HTTP/1.1" 200 1634 "http://www.easydrivers.at/hartberg" "Mozilla/5.0 (Linux; Android 5.1.1; SM-G361F Build/LMY48B) AppleWebKit/537.36 (KHTML, like Gecko) Chrome/60.0.3112.116 Mobile Safari/537.36"
178.189.147.163 - - [17/Sep/2017:09:43:58 +0200] "GET /javascript/jquery.simplemodal.js HTTP/1.1" 200 3070 "http://www.easydrivers.at/hartberg" "Mozilla/5.0 (Linux; Android 5.1.1; SM-G361F Build/LMY48B) AppleWebKit/537.36 (KHTML, like Gecko) Chrome/60.0.3112.116 Mobile Safari/537.36"
178.189.147.163 - - [17/Sep/2017:09:43:58 +0200] "GET /javascript/mobile-fahrschule.js HTTP/1.1" 200 328 "http://www.easydrivers.at/hartberg" "Mozilla/5.0 (Linux; Android 5.1.1; SM-G361F Build/LMY48B) AppleWebKit/537.36 (KHTML, like Gecko) Chrome/60.0.3112.116 Mobile Safari/537.36"
178.189.147.163 - - [17/Sep/2017:09:43:58 +0200] "GET /javascript/lazyload.js HTTP/1.1" 200 1170 "http://www.easydrivers.at/hartberg" "Mozilla/5.0 (Linux; Android 5.1.1; SM-G361F Build/LMY48B) AppleWebKit/537.36 (KHTML, like Gecko) Chrome/60.0.3112.116 Mobile Safari/537.36"
178.189.147.163 - - [17/Sep/2017:09:43:58 +0200] "GET /img/mobile/easydrivers-logo-mobile.png HTTP/1.1" 200 10766 "http://www.easydrivers.at/hartberg" "Mozilla/5.0 (Linux; Android 5.1.1; SM-G361F Build/LMY48B) AppleWebKit/537.36 (KHTML, like Gecko) Chrome/60.0.3112.116 Mobile Safari/537.36"
178.189.147.163 - - [17/Sep/2017:09:43:58 +0200] "GET /img/mobile/menu-button.png HTTP/1.1" 200 1746 "http://www.easydrivers.at/hartberg" "Mozilla/5.0 (Linux; Android 5.1.1; SM-G361F Build/LMY48B) AppleWebKit/537.36 (KHTML, like Gecko) Chrome/60.0.3112.116 Mobile Safari/537.36"
178.189.147.163 - - [17/Sep/2017:09:43:58 +0200] "GET /img/mobile/close-button.png HTTP/1.1" 200 2411 "http://www.easydrivers.at/hartberg" "Mozilla/5.0 (Linux; Android 5.1.1; SM-G361F Build/LMY48B) AppleWebKit/537.36 (KHTML, like Gecko) Chrome/60.0.3112.116 Mobile Safari/537.36"
178.189.147.163 - - [17/Sep/2017:09:43:58 +0200] "GET /img/mobile/facebook-icon.png HTTP/1.1" 200 1902 "http://www.easydrivers.at/hartberg" "Mozilla/5.0 (Linux; Android 5.1.1; SM-G361F Build/LMY48B) AppleWebKit/537.36 (KHTML, like Gecko) Chrome/60.0.3112.116 Mobile Safari/537.36"
178.189.147.163 - - [17/Sep/2017:09:43:58 +0200] "GET /img/mobile/info-button.png HTTP/1.1" 200 1549 "http://www.easydrivers.at/hartberg" "Mozilla/5.0 (Linux; Android 5.1.1; SM-G361F Build/LMY48B) AppleWebKit/537.36 (KHTML, like Gecko) Chrome/60.0.3112.116 Mobile Safari/537.36"
178.189.147.163 - - [17/Sep/2017:09:43:58 +0200] "GET /img/mobile/info-close-button.png HTTP/1.1" 200 1721 "http://www.easydrivers.at/hartberg" "Mozilla/5.0 (Linux; Android 5.1.1; SM-G361F Build/LMY48B) AppleWebKit/537.36 (KHTML, like Gecko) Chrome/60.0.3112.116 Mobile Safari/537.36"
178.189.147.163 - - [17/Sep/2017:09:43:58 +0200] "GET /img/smallicon-person.png HTTP/1.1" 200 1141 "http://www.easydrivers.at/hartberg" "Mozilla/5.0 (Linux; Android 5.1.1; SM-G361F Build/LMY48B) AppleWebKit/537.36 (KHTML, like Gecko) Chrome/60.0.3112.116 Mobile Safari/537.36"
178.189.147.163 - - [17/Sep/2017:09:43:58 +0200] "GET /img/smallicon-address.png HTTP/1.1" 200 1211 "http://www.easydrivers.at/hartberg" "Mozilla/5.0 (Linux; Android 5.1.1; SM-G361F Build/LMY48B) AppleWebKit/537.36 (KHTML, like Gecko) Chrome/60.0.3112.116 Mobile Safari/537.36"
178.189.147.163 - - [17/Sep/2017:09:43:58 +0200] "GET /img/mobile/googlemaps-pin.png HTTP/1.1" 200 1597 "http://www.easydrivers.at/hartberg" "Mozilla/5.0 (Linux; Android 5.1.1; SM-G361F Build/LMY48B) AppleWebKit/537.36 (KHTML, like Gecko) Chrome/60.0.3112.116 Mobile Safari/537.36"
178.189.147.163 - - [17/Sep/2017:09:43:58 +0200] "GET /img/smallicon-time.png HTTP/1.1" 200 1262 "http://www.easydrivers.at/hartberg" "Mozilla/5.0 (Linux; Android 5.1.1; SM-G361F Build/LMY48B) AppleWebKit/537.36 (KHTML, like Gecko) Chrome/60.0.3112.116 Mobile Safari/537.36"
178.189.147.163 - - [17/Sep/2017:09:43:58 +0200] "GET /img/smallicon-phone.png HTTP/1.1" 200 3056 "http://www.easydrivers.at/hartberg" "Mozilla/5.0 (Linux; Android 5.1.1; SM-G361F Build/LMY48B) AppleWebKit/537.36 (KHTML, like Gecko) Chrome/60.0.3112.116 Mobile Safari/537.36"
178.189.147.163 - - [17/Sep/2017:09:43:58 +0200] "GET /img/smallicon-mail.png HTTP/1.1" 200 1341 "http://www.easydrivers.at/hartberg" "Mozilla/5.0 (Linux; Android 5.1.1; SM-G361F Build/LMY48B) AppleWebKit/537.36 (KHTML, like Gecko) Chrome/60.0.3112.116 Mobile Safari/537.36"
178.189.147.163 - - [17/Sep/2017:09:43:58 +0200] "GET /img/mobile/widget-icon-app.png HTTP/1.1" 200 3458 "http://www.easydrivers.at/hartberg" "Mozilla/5.0 (Linux; Android 5.1.1; SM-G361F Build/LMY48B) AppleWebKit/537.36 (KHTML, like Gecko) Chrome/60.0.3112.116 Mobile Safari/537.36"
178.189.147.163 - - [17/Sep/2017:09:43:58 +0200] "GET /img/mobile/bg-header.jpg HTTP/1.1" 200 19741 "http://www.easydrivers.at/css/mobile.css" "Mozilla/5.0 (Linux; Android 5.1.1; SM-G361F Build/LMY48B) AppleWebKit/537.36 (KHTML, like Gecko) Chrome/60.0.3112.116 Mobile Safari/537.36"
178.189.147.163 - - [17/Sep/2017:09:43:58 +0200] "GET /img/mobile/bg-menu.jpg HTTP/1.1" 200 1698 "http://www.easydrivers.at/css/mobile.css" "Mozilla/5.0 (Linux; Android 5.1.1; SM-G361F Build/LMY48B) AppleWebKit/537.36 (KHTML, like Gecko) Chrome/60.0.3112.116 Mobile Safari/537.36"
178.189.147.163 - - [17/Sep/2017:09:43:59 +0200] "GET /img/mobile/bg-top-section.jpg HTTP/1.1" 200 21711 "http://www.easydrivers.at/css/mobile.css" "Mozilla/5.0 (Linux; Android 5.1.1; SM-G361F Build/LMY48B) AppleWebKit/537.36 (KHTML, like Gecko) Chrome/60.0.3112.116 Mobile Safari/537.36"
178.189.147.163 - - [17/Sep/2017:09:43:59 +0200] "GET /img/mobile/pfeil-rechts.png HTTP/1.1" 200 1228 "http://www.easydrivers.at/css/mobile.css" "Mozilla/5.0 (Linux; Android 5.1.1; SM-G361F Build/LMY48B) AppleWebKit/537.36 (KHTML, like Gecko) Chrome/60.0.3112.116 Mobile Safari/537.36"
46.125.249.31 - - [17/Sep/2017:09:43:57 +0200] "GET /voesendorf/Aktionen HTTP/1.1" 200 3545 "http://m.facebook.com" "Mozilla/5.0 (iPhone; CPU iPhone OS 10_3_3 like Mac OS X) AppleWebKit/603.3.8 (KHTML, like Gecko) Mobile/14G60 [FBAN/FBIOS;FBAV/140.0.0.63.89;FBBV/70896504;FBDV/iPhone6,2;FBMD/iPhone;FBSN/iOS;FBSV/10.3.3;FBSS/2;FBCR/T-MobileA;FBID/phone;FBLC/de_DE;FBOP/5;FBRV/71584044]"
178.189.147.163 - - [17/Sep/2017:09:44:00 +0200] "GET /img/favicon.ico HTTP/1.1" 404 300 "http://www.easydrivers.at/hartberg" "Mozilla/5.0 (Linux; Android 5.1.1; SM-G361F Build/LMY48B) AppleWebKit/537.36 (KHTML, like Gecko) Chrome/60.0.3112.116 Mobile Safari/537.36"
27.6.149.25 - - [17/Sep/2017:09:44:05 +0200] "GET /wp-login.php HTTP/1.1" 404 8396 "-" "Mozilla/5.0 (Windows NT 6.1; WOW64; rv:40.0) Gecko/20100101 Firefox/40.1"
27.6.149.25 - - [17/Sep/2017:09:44:07 +0200] "GET / HTTP/1.1" 200 15965 "-" "Mozilla/5.0 (Windows NT 6.1; WOW64; rv:40.0) Gecko/20100101 Firefox/40.1"
216.244.66.249 - - [17/Sep/2017:09:44:08 +0200] "GET /enns/kurse HTTP/1.1" 200 13895 "-" "Mozilla/5.0 (compatible; DotBot/1.1; http://www.opensiteexplorer.org/dotbot, help@moz.com)"
178.189.147.163 - - [17/Sep/2017:09:44:11 +0200] "POST /hartberg/kursauswahl HTTP/1.1" 200 3121 "http://www.easydrivers.at/hartberg" "Mozilla/5.0 (Linux; Android 5.1.1; SM-G361F Build/LMY48B) AppleWebKit/537.36 (KHTML, like Gecko) Chrome/60.0.3112.116 Mobile Safari/537.36"
212.95.7.7 - - [17/Sep/2017:09:44:11 +0200] "GET /moedling/aktionen HTTP/1.1" 200 3655 "http://m.facebook.com" "Mozilla/5.0 (iPhone; CPU iPhone OS 10_3_3 like Mac OS X) AppleWebKit/603.3.8 (KHTML, like Gecko) Mobile/14G60 [FBAN/FBIOS;FBAV/140.0.0.63.89;FBBV/70896504;FBDV/iPhone7,2;FBMD/iPhone;FBSN/iOS;FBSV/10.3.3;FBSS/2;FBCR/A1;FBID/phone;FBLC/de_DE;FBOP/5;FBRV/71584044]"
178.189.147.163 - - [17/Sep/2017:09:44:14 +0200] "GET /javascript/mobile-fahrschule-kurs-suchergebnis.js HTTP/1.1" 200 274 "http://www.easydrivers.at/hartberg/kursauswahl" "Mozilla/5.0 (Linux; Android 5.1.1; SM-G361F Build/LMY48B) AppleWebKit/537.36 (KHTML, like Gecko) Chrome/60.0.3112.116 Mobile Safari/537.36"
178.189.147.163 - - [17/Sep/2017:09:44:14 +0200] "GET /img/mobile/pfeil-links-small.png HTTP/1.1" 200 1065 "http://www.easydrivers.at/css/mobile.css" "Mozilla/5.0 (Linux; Android 5.1.1; SM-G361F Build/LMY48B) AppleWebKit/537.36 (KHTML, like Gecko) Chrome/60.0.3112.116 Mobile Safari/537.36"
178.189.147.163 - - [17/Sep/2017:09:44:14 +0200] "GET /img/mobile/bg-yellow.jpg HTTP/1.1" 200 1569 "http://www.easydrivers.at/css/mobile.css" "Mozilla/5.0 (Linux; Android 5.1.1; SM-G361F Build/LMY48B) AppleWebKit/537.36 (KHTML, like Gecko) Chrome/60.0.3112.116 Mobile Safari/537.36"
178.189.147.163 - - [17/Sep/2017:09:44:14 +0200] "GET /img/loading-bars.gif HTTP/1.1" 200 3951 "http://www.easydrivers.at/css/mobile.css" "Mozilla/5.0 (Linux; Android 5.1.1; SM-G361F Build/LMY48B) AppleWebKit/537.36 (KHTML, like Gecko) Chrome/60.0.3112.116 Mobile Safari/537.36"
212.95.7.7 - - [17/Sep/2017:09:44:14 +0200] "GET /moedling/img/mobile/easydrivers-logo-mobile.png HTTP/1.1" 404 3093 "-" "Mozilla/5.0 (iPhone; CPU iPhone OS 10_3_3 like Mac OS X) AppleWebKit/603.3.8 (KHTML, like Gecko) Mobile/14G60 [FBAN/FBIOS;FBAV/140.0.0.63.89;FBBV/70896504;FBDV/iPhone7,2;FBMD/iPhone;FBSN/iOS;FBSV/10.3.3;FBSS/2;FBCR/A1;FBID/phone;FBLC/de_DE;FBOP/5;FBRV/71584044]"
212.95.7.7 - - [17/Sep/2017:09:44:17 +0200] "GET /moedling/img/mobile/menu-button.png HTTP/1.1" 404 3099 "-" "Mozilla/5.0 (iPhone; CPU iPhone OS 10_3_3 like Mac OS X) AppleWebKit/603.3.8 (KHTML, like Gecko) Mobile/14G60 [FBAN/FBIOS;FBAV/140.0.0.63.89;FBBV/70896504;FBDV/iPhone7,2;FBMD/iPhone;FBSN/iOS;FBSV/10.3.3;FBSS/2;FBCR/A1;FBID/phone;FBLC/de_DE;FBOP/5;FBRV/71584044]"
212.95.7.7 - - [17/Sep/2017:09:44:20 +0200] "GET /moedling/img/mobile/close-button.png HTTP/1.1" 404 3101 "-" "Mozilla/5.0 (iPhone; CPU iPhone OS 10_3_3 like Mac OS X) AppleWebKit/603.3.8 (KHTML, like Gecko) Mobile/14G60 [FBAN/FBIOS;FBAV/140.0.0.63.89;FBBV/70896504;FBDV/iPhone7,2;FBMD/iPhone;FBSN/iOS;FBSV/10.3.3;FBSS/2;FBCR/A1;FBID/phone;FBLC/de_DE;FBOP/5;FBRV/71584044]"
212.95.7.7 - - [17/Sep/2017:09:44:23 +0200] "GET /moedling/img/mobile/facebook-icon.png HTTP/1.1" 404 3098 "-" "Mozilla/5.0 (iPhone; CPU iPhone OS 10_3_3 like Mac OS X) AppleWebKit/603.3.8 (KHTML, like Gecko) Mobile/14G60 [FBAN/FBIOS;FBAV/140.0.0.63.89;FBBV/70896504;FBDV/iPhone7,2;FBMD/iPhone;FBSN/iOS;FBSV/10.3.3;FBSS/2;FBCR/A1;FBID/phone;FBLC/de_DE;FBOP/5;FBRV/71584044]"
212.95.7.7 - - [17/Sep/2017:09:44:26 +0200] "GET /moedling/img/mobile/info-button.png HTTP/1.1" 404 3101 "-" "Mozilla/5.0 (iPhone; CPU iPhone OS 10_3_3 like Mac OS X) AppleWebKit/603.3.8 (KHTML, like Gecko) Mobile/14G60 [FBAN/FBIOS;FBAV/140.0.0.63.89;FBBV/70896504;FBDV/iPhone7,2;FBMD/iPhone;FBSN/iOS;FBSV/10.3.3;FBSS/2;FBCR/A1;FBID/phone;FBLC/de_DE;FBOP/5;FBRV/71584044]"
178.189.147.163 - - [17/Sep/2017:09:44:27 +0200] "POST /loadkursliste HTTP/1.1" 200 680 "http://www.easydrivers.at/hartberg/kursauswahl" "Mozilla/5.0 (Linux; Android 5.1.1; SM-G361F Build/LMY48B) AppleWebKit/537.36 (KHTML, like Gecko) Chrome/60.0.3112.116 Mobile Safari/537.36"
212.95.7.7 - - [17/Sep/2017:09:44:29 +0200] "GET /moedling/img/mobile/info-close-button.png HTTP/1.1" 404 3104 "-" "Mozilla/5.0 (iPhone; CPU iPhone OS 10_3_3 like Mac OS X) AppleWebKit/603.3.8 (KHTML, like Gecko) Mobile/14G60 [FBAN/FBIOS;FBAV/140.0.0.63.89;FBBV/70896504;FBDV/iPhone7,2;FBMD/iPhone;FBSN/iOS;FBSV/10.3.3;FBSS/2;FBCR/A1;FBID/phone;FBLC/de_DE;FBOP/5;FBRV/71584044]"
212.95.7.7 - - [17/Sep/2017:09:44:31 +0200] "GET /moedling/img/smallicon-person.png HTTP/1.1" 404 3103 "-" "Mozilla/5.0 (iPhone; CPU iPhone OS 10_3_3 like Mac OS X) AppleWebKit/603.3.8 (KHTML, like Gecko) Mobile/14G60 [FBAN/FBIOS;FBAV/140.0.0.63.89;FBBV/70896504;FBDV/iPhone7,2;FBMD/iPhone;FBSN/iOS;FBSV/10.3.3;FBSS/2;FBCR/A1;FBID/phone;FBLC/de_DE;FBOP/5;FBRV/71584044]"
91.114.17.154 - - [17/Sep/2017:09:44:34 +0200] "GET /fuehrerscheine/lkw HTTP/1.1" 200 3733 "https://www.google.at/" "Mozilla/5.0 (Linux; Android 7.0; SAMSUNG SM-G925F Build/NRD90M) AppleWebKit/537.36 (KHTML, like Gecko) SamsungBrowser/5.4 Chrome/51.0.2704.106 Mobile Safari/537.36"
91.114.17.154 - - [17/Sep/2017:09:44:36 +0200] "GET /css/mobile.css HTTP/1.1" 200 2852 "http://www.easydrivers.at/fuehrerscheine/lkw" "Mozilla/5.0 (Linux; Android 7.0; SAMSUNG SM-G925F Build/NRD90M) AppleWebKit/537.36 (KHTML, like Gecko) SamsungBrowser/5.4 Chrome/51.0.2704.106 Mobile Safari/537.36"
91.114.17.154 - - [17/Sep/2017:09:44:36 +0200] "GET /javascript/jquery.cookie.js HTTP/1.1" 200 863 "http://www.easydrivers.at/fuehrerscheine/lkw" "Mozilla/5.0 (Linux; Android 7.0; SAMSUNG SM-G925F Build/NRD90M) AppleWebKit/537.36 (KHTML, like Gecko) SamsungBrowser/5.4 Chrome/51.0.2704.106 Mobile Safari/537.36"
91.114.17.154 - - [17/Sep/2017:09:44:36 +0200] "GET /javascript/jquery-1.9.1.min.js HTTP/1.1" 200 32731 "http://www.easydrivers.at/fuehrerscheine/lkw" "Mozilla/5.0 (Linux; Android 7.0; SAMSUNG SM-G925F Build/NRD90M) AppleWebKit/537.36 (KHTML, like Gecko) SamsungBrowser/5.4 Chrome/51.0.2704.106 Mobile Safari/537.36"
91.114.17.154 - - [17/Sep/2017:09:44:36 +0200] "GET /javascript/mobile-menu.js HTTP/1.1" 200 1634 "http://www.easydrivers.at/fuehrerscheine/lkw" "Mozilla/5.0 (Linux; Android 7.0; SAMSUNG SM-G925F Build/NRD90M) AppleWebKit/537.36 (KHTML, like Gecko) SamsungBrowser/5.4 Chrome/51.0.2704.106 Mobile Safari/537.36"
91.114.17.154 - - [17/Sep/2017:09:44:36 +0200] "GET /javascript/jquery.simplemodal.js HTTP/1.1" 200 3070 "http://www.easydrivers.at/fuehrerscheine/lkw" "Mozilla/5.0 (Linux; Android 7.0; SAMSUNG SM-G925F Build/NRD90M) AppleWebKit/537.36 (KHTML, like Gecko) SamsungBrowser/5.4 Chrome/51.0.2704.106 Mobile Safari/537.36"
91.114.17.154 - - [17/Sep/2017:09:44:36 +0200] "GET /javascript/mobile-license.js HTTP/1.1" 200 216 "http://www.easydrivers.at/fuehrerscheine/lkw" "Mozilla/5.0 (Linux; Android 7.0; SAMSUNG SM-G925F Build/NRD90M) AppleWebKit/537.36 (KHTML, like Gecko) SamsungBrowser/5.4 Chrome/51.0.2704.106 Mobile Safari/537.36"
188.23.219.100 - - [17/Sep/2017:09:44:35 +0200] "GET /fuehrerscheine/motorrad HTTP/1.1" 200 2894 "http://www.google.at/url?sa=t&rct=j&q=&esrc=s&source=web&cd=3&ved=0ahUKEwiGvcqy2qvWAhXG1hQKHQjiDe0QFgg5MAI&url=http%3A%2F%2Fwww.easydrivers.at%2Ffuehrerscheine%2Fmotorrad&usg=AFQjCNFeOWeypfnamVDVhnNLjoFM5jOIjA" "Mozilla/5.0 (Windows NT 6.1; WOW64; Trident/7.0; rv:11.0) like Gecko"
188.23.219.100 - - [17/Sep/2017:09:44:36 +0200] "GET /css/style.css HTTP/1.1" 200 5004 "http://www.easydrivers.at/fuehrerscheine/motorrad" "Mozilla/5.0 (Windows NT 6.1; WOW64; Trident/7.0; rv:11.0) like Gecko"
188.23.219.100 - - [17/Sep/2017:09:44:36 +0200] "GET /css/print.css HTTP/1.1" 200 967 "http://www.easydrivers.at/fuehrerscheine/motorrad" "Mozilla/5.0 (Windows NT 6.1; WOW64; Trident/7.0; rv:11.0) like Gecko"
188.23.219.100 - - [17/Sep/2017:09:44:36 +0200] "GET /javascript/jquery.customSelect.min.js HTTP/1.1" 200 912 "http://www.easydrivers.at/fuehrerscheine/motorrad" "Mozilla/5.0 (Windows NT 6.1; WOW64; Trident/7.0; rv:11.0) like Gecko"
188.23.219.100 - - [17/Sep/2017:09:44:36 +0200] "GET /javascript/portal.js?1221842734 HTTP/1.1" 200 3529 "http://www.easydrivers.at/fuehrerscheine/motorrad" "Mozilla/5.0 (Windows NT 6.1; WOW64; Trident/7.0; rv:11.0) like Gecko"
188.23.219.100 - - [17/Sep/2017:09:44:36 +0200] "GET /javascript/jquery.cookie.js HTTP/1.1" 200 863 "http://www.easydrivers.at/fuehrerscheine/motorrad" "Mozilla/5.0 (Windows NT 6.1; WOW64; Trident/7.0; rv:11.0) like Gecko"
188.23.219.100 - - [17/Sep/2017:09:44:36 +0200] "GET /javascript/jquery.simplemodal.js HTTP/1.1" 200 3070 "http://www.easydrivers.at/fuehrerscheine/motorrad" "Mozilla/5.0 (Windows NT 6.1; WOW64; Trident/7.0; rv:11.0) like Gecko"
188.23.219.100 - - [17/Sep/2017:09:44:36 +0200] "GET /javascript/lazyload.js HTTP/1.1" 200 1170 "http://www.easydrivers.at/fuehrerscheine/motorrad" "Mozilla/5.0 (Windows NT 6.1; WOW64; Trident/7.0; rv:11.0) like Gecko"
188.23.219.100 - - [17/Sep/2017:09:44:36 +0200] "GET /javascript/license.js HTTP/1.1" 200 315 "http://www.easydrivers.at/fuehrerscheine/motorrad" "Mozilla/5.0 (Windows NT 6.1; WOW64; Trident/7.0; rv:11.0) like Gecko"
91.114.17.154 - - [17/Sep/2017:09:44:36 +0200] "GET /javascript/lazyload.js HTTP/1.1" 200 1170 "http://www.easydrivers.at/fuehrerscheine/lkw" "Mozilla/5.0 (Linux; Android 7.0; SAMSUNG SM-G925F Build/NRD90M) AppleWebKit/537.36 (KHTML, like Gecko) SamsungBrowser/5.4 Chrome/51.0.2704.106 Mobile Safari/537.36"
188.23.219.100 - - [17/Sep/2017:09:44:36 +0200] "GET /img/close-button.png HTTP/1.1" 200 2237 "http://www.easydrivers.at/fuehrerscheine/motorrad" "Mozilla/5.0 (Windows NT 6.1; WOW64; Trident/7.0; rv:11.0) like Gecko"
188.23.219.100 - - [17/Sep/2017:09:44:36 +0200] "GET /img/facebook-icon.png HTTP/1.1" 200 1506 "http://www.easydrivers.at/fuehrerscheine/motorrad" "Mozilla/5.0 (Windows NT 6.1; WOW64; Trident/7.0; rv:11.0) like Gecko"
188.23.219.100 - - [17/Sep/2017:09:44:36 +0200] "GET /img/schweiz-icon.png HTTP/1.1" 200 1504 "http://www.easydrivers.at/fuehrerscheine/motorrad" "Mozilla/5.0 (Windows NT 6.1; WOW64; Trident/7.0; rv:11.0) like Gecko"
188.23.219.100 - - [17/Sep/2017:09:44:36 +0200] "GET /binaries/easy-drivers-portal/motorrad9jpg-2.jpg HTTP/1.1" 200 51755 "http://www.easydrivers.at/fuehrerscheine/motorrad" "Mozilla/5.0 (Windows NT 6.1; WOW64; Trident/7.0; rv:11.0) like Gecko"
91.114.17.154 - - [17/Sep/2017:09:44:37 +0200] "GET /img/mobile/easydrivers-logo-mobile.png HTTP/1.1" 200 10766 "http://www.easydrivers.at/fuehrerscheine/lkw" "Mozilla/5.0 (Linux; Android 7.0; SAMSUNG SM-G925F Build/NRD90M) AppleWebKit/537.36 (KHTML, like Gecko) SamsungBrowser/5.4 Chrome/51.0.2704.106 Mobile Safari/537.36"
188.23.219.100 - - [17/Sep/2017:09:44:37 +0200] "GET /img/kursicon-print-pink.png HTTP/1.1" 200 1125 "http://www.easydrivers.at/fuehrerscheine/motorrad" "Mozilla/5.0 (Windows NT 6.1; WOW64; Trident/7.0; rv:11.0) like Gecko"
188.23.219.100 - - [17/Sep/2017:09:44:37 +0200] "GET /img/kursicon-download-pink.png HTTP/1.1" 200 1213 "http://www.easydrivers.at/fuehrerscheine/motorrad" "Mozilla/5.0 (Windows NT 6.1; WOW64; Trident/7.0; rv:11.0) like Gecko"
188.23.219.100 - - [17/Sep/2017:09:44:37 +0200] "GET /img/kursicon-share-pink.png HTTP/1.1" 200 1277 "http://www.easydrivers.at/fuehrerscheine/motorrad" "Mozilla/5.0 (Windows NT 6.1; WOW64; Trident/7.0; rv:11.0) like Gecko"
188.23.219.100 - - [17/Sep/2017:09:44:37 +0200] "GET /img/kursicon-phone-pink.png HTTP/1.1" 200 1286 "http://www.easydrivers.at/fuehrerscheine/motorrad" "Mozilla/5.0 (Windows NT 6.1; WOW64; Trident/7.0; rv:11.0) like Gecko"
188.23.219.100 - - [17/Sep/2017:09:44:37 +0200] "GET /img/bg-header.jpg HTTP/1.1" 200 38680 "http://www.easydrivers.at/fuehrerscheine/motorrad" "Mozilla/5.0 (Windows NT 6.1; WOW64; Trident/7.0; rv:11.0) like Gecko"
212.95.7.7 - - [17/Sep/2017:09:44:35 +0200] "GET /moedling/img/smallicon-address.png HTTP/1.1" 404 3105 "-" "Mozilla/5.0 (iPhone; CPU iPhone OS 10_3_3 like Mac OS X) AppleWebKit/603.3.8 (KHTML, like Gecko) Mobile/14G60 [FBAN/FBIOS;FBAV/140.0.0.63.89;FBBV/70896504;FBDV/iPhone7,2;FBMD/iPhone;FBSN/iOS;FBSV/10.3.3;FBSS/2;FBCR/A1;FBID/phone;FBLC/de_DE;FBOP/5;FBRV/71584044]"
91.114.17.154 - - [17/Sep/2017:09:44:38 +0200] "GET /img/mobile/menu-button.png HTTP/1.1" 200 1746 "http://www.easydrivers.at/fuehrerscheine/lkw" "Mozilla/5.0 (Linux; Android 7.0; SAMSUNG SM-G925F Build/NRD90M) AppleWebKit/537.36 (KHTML, like Gecko) SamsungBrowser/5.4 Chrome/51.0.2704.106 Mobile Safari/537.36"
188.23.219.100 - - [17/Sep/2017:09:44:38 +0200] "GET /img/submit-button-small.png HTTP/1.1" 200 1456 "http://www.easydrivers.at/fuehrerscheine/motorrad" "Mozilla/5.0 (Windows NT 6.1; WOW64; Trident/7.0; rv:11.0) like Gecko"
91.114.17.154 - - [17/Sep/2017:09:44:38 +0200] "GET /img/mobile/close-button.png HTTP/1.1" 200 2411 "http://www.easydrivers.at/fuehrerscheine/lkw" "Mozilla/5.0 (Linux; Android 7.0; SAMSUNG SM-G925F Build/NRD90M) AppleWebKit/537.36 (KHTML, like Gecko) SamsungBrowser/5.4 Chrome/51.0.2704.106 Mobile Safari/537.36"
91.114.17.154 - - [17/Sep/2017:09:44:38 +0200] "GET /img/mobile/facebook-icon.png HTTP/1.1" 200 1902 "http://www.easydrivers.at/fuehrerscheine/lkw" "Mozilla/5.0 (Linux; Android 7.0; SAMSUNG SM-G925F Build/NRD90M) AppleWebKit/537.36 (KHTML, like Gecko) SamsungBrowser/5.4 Chrome/51.0.2704.106 Mobile Safari/537.36"
91.114.17.154 - - [17/Sep/2017:09:44:38 +0200] "GET /img/mobile/weiter-button.png HTTP/1.1" 200 1670 "http://www.easydrivers.at/css/mobile.css" "Mozilla/5.0 (Linux; Android 7.0; SAMSUNG SM-G925F Build/NRD90M) AppleWebKit/537.36 (KHTML, like Gecko) SamsungBrowser/5.4 Chrome/51.0.2704.106 Mobile Safari/537.36"
91.114.17.154 - - [17/Sep/2017:09:44:38 +0200] "GET /img/mobile/bg-header.jpg HTTP/1.1" 200 19741 "http://www.easydrivers.at/css/mobile.css" "Mozilla/5.0 (Linux; Android 7.0; SAMSUNG SM-G925F Build/NRD90M) AppleWebKit/537.36 (KHTML, like Gecko) SamsungBrowser/5.4 Chrome/51.0.2704.106 Mobile Safari/537.36"
188.23.219.100 - - [17/Sep/2017:09:44:38 +0200] "GET /img/bg-yellow.jpg HTTP/1.1" 200 2250 "http://www.easydrivers.at/fuehrerscheine/motorrad" "Mozilla/5.0 (Windows NT 6.1; WOW64; Trident/7.0; rv:11.0) like Gecko"
188.23.219.100 - - [17/Sep/2017:09:44:38 +0200] "GET /img/bg-footer.jpg HTTP/1.1" 200 31770 "http://www.easydrivers.at/fuehrerscheine/motorrad" "Mozilla/5.0 (Windows NT 6.1; WOW64; Trident/7.0; rv:11.0) like Gecko"
188.23.219.100 - - [17/Sep/2017:09:44:38 +0200] "GET /img/ED_Logo.png HTTP/1.1" 200 3385 "http://www.easydrivers.at/fuehrerscheine/motorrad" "Mozilla/5.0 (Windows NT 6.1; WOW64; Trident/7.0; rv:11.0) like Gecko"
91.114.17.154 - - [17/Sep/2017:09:44:38 +0200] "GET /img/mobile/bg-menu.jpg HTTP/1.1" 200 1698 "http://www.easydrivers.at/css/mobile.css" "Mozilla/5.0 (Linux; Android 7.0; SAMSUNG SM-G925F Build/NRD90M) AppleWebKit/537.36 (KHTML, like Gecko) SamsungBrowser/5.4 Chrome/51.0.2704.106 Mobile Safari/537.36"
91.114.17.154 - - [17/Sep/2017:09:44:38 +0200] "GET /img/mobile/bg-yellow.jpg HTTP/1.1" 200 1569 "http://www.easydrivers.at/css/mobile.css" "Mozilla/5.0 (Linux; Android 7.0; SAMSUNG SM-G925F Build/NRD90M) AppleWebKit/537.36 (KHTML, like Gecko) SamsungBrowser/5.4 Chrome/51.0.2704.106 Mobile Safari/537.36"
212.95.7.7 - - [17/Sep/2017:09:44:37 +0200] "GET /moedling/img/mobile/googlemaps-pin.png HTTP/1.1" 404 3100 "-" "Mozilla/5.0 (iPhone; CPU iPhone OS 10_3_3 like Mac OS X) AppleWebKit/603.3.8 (KHTML, like Gecko) Mobile/14G60 [FBAN/FBIOS;FBAV/140.0.0.63.89;FBBV/70896504;FBDV/iPhone7,2;FBMD/iPhone;FBSN/iOS;FBSV/10.3.3;FBSS/2;FBCR/A1;FBID/phone;FBLC/de_DE;FBOP/5;FBRV/71584044]"
91.114.17.154 - - [17/Sep/2017:09:44:41 +0200] "GET /img/favicon.ico HTTP/1.1" 404 300 "http://www.easydrivers.at/fuehrerscheine/lkw" "Mozilla/5.0 (Linux; Android 7.0; SAMSUNG SM-G925F Build/NRD90M) AppleWebKit/537.36 (KHTML, like Gecko) SamsungBrowser/5.4 Chrome/51.0.2704.106 Mobile Safari/537.36"
188.23.219.100 - - [17/Sep/2017:09:44:41 +0200] "GET /img/new_favicon.ico HTTP/1.1" 200 1150 "-" "Mozilla/5.0 (Windows NT 6.1; Win64; x64; Trident/7.0; rv:11.0) like Gecko"
212.95.7.7 - - [17/Sep/2017:09:44:40 +0200] "GET /moedling/img/smallicon-time.png HTTP/1.1" 404 3105 "-" "Mozilla/5.0 (iPhone; CPU iPhone OS 10_3_3 like Mac OS X) AppleWebKit/603.3.8 (KHTML, like Gecko) Mobile/14G60 [FBAN/FBIOS;FBAV/140.0.0.63.89;FBBV/70896504;FBDV/iPhone7,2;FBMD/iPhone;FBSN/iOS;FBSV/10.3.3;FBSS/2;FBCR/A1;FBID/phone;FBLC/de_DE;FBOP/5;FBRV/71584044]"
188.22.218.63 - - [17/Sep/2017:09:44:42 +0200] "GET /zwettl HTTP/1.1" 200 2910 "http://m.facebook.com" "Mozilla/5.0 (iPhone; CPU iPhone OS 10_3_1 like Mac OS X) AppleWebKit/603.1.30 (KHTML, like Gecko) Mobile/14E304 [FBAN/FBIOS;FBAV/140.0.0.63.89;FBBV/70896504;FBDV/iPhone6,2;FBMD/iPhone;FBSN/iOS;FBSV/10.3.1;FBSS/2;FBCR/Carrier;FBID/phone;FBLC/de_DE;FBOP/45;FBRV/71584044]"
212.95.7.7 - - [17/Sep/2017:09:44:43 +0200] "GET /moedling/img/smallicon-phone.png HTTP/1.1" 404 3104 "-" "Mozilla/5.0 (iPhone; CPU iPhone OS 10_3_3 like Mac OS X) AppleWebKit/603.3.8 (KHTML, like Gecko) Mobile/14G60 [FBAN/FBIOS;FBAV/140.0.0.63.89;FBBV/70896504;FBDV/iPhone7,2;FBMD/iPhone;FBSN/iOS;FBSV/10.3.3;FBSS/2;FBCR/A1;FBID/phone;FBLC/de_DE;FBOP/5;FBRV/71584044]"
178.189.147.163 - - [17/Sep/2017:09:44:45 +0200] "GET /hartberg/weihnachtskurs_22.12.2017?FS=B-L17 HTTP/1.1" 200 3177 "http://www.easydrivers.at/hartberg/kursauswahl" "Mozilla/5.0 (Linux; Android 5.1.1; SM-G361F Build/LMY48B) AppleWebKit/537.36 (KHTML, like Gecko) Chrome/60.0.3112.116 Mobile Safari/537.36"
178.189.147.163 - - [17/Sep/2017:09:44:47 +0200] "GET /img/mobile/kursicon-share.png HTTP/1.1" 200 2065 "http://www.easydrivers.at/hartberg/weihnachtskurs_22.12.2017?FS=B-L17" "Mozilla/5.0 (Linux; Android 5.1.1; SM-G361F Build/LMY48B) AppleWebKit/537.36 (KHTML, like Gecko) Chrome/60.0.3112.116 Mobile Safari/537.36"
178.189.147.163 - - [17/Sep/2017:09:44:47 +0200] "GET /img/mobile/kursicon-phone.png HTTP/1.1" 200 1932 "http://www.easydrivers.at/hartberg/weihnachtskurs_22.12.2017?FS=B-L17" "Mozilla/5.0 (Linux; Android 5.1.1; SM-G361F Build/LMY48B) AppleWebKit/537.36 (KHTML, like Gecko) Chrome/60.0.3112.116 Mobile Safari/537.36"
178.189.147.163 - - [17/Sep/2017:09:44:47 +0200] "GET /img/mobile/smallicon-phone.png HTTP/1.1" 200 1311 "http://www.easydrivers.at/hartberg/weihnachtskurs_22.12.2017?FS=B-L17" "Mozilla/5.0 (Linux; Android 5.1.1; SM-G361F Build/LMY48B) AppleWebKit/537.36 (KHTML, like Gecko) Chrome/60.0.3112.116 Mobile Safari/537.36"
178.189.147.163 - - [17/Sep/2017:09:44:48 +0200] "GET /img/mobile/smallicon-mail.png HTTP/1.1" 200 1335 "http://www.easydrivers.at/hartberg/weihnachtskurs_22.12.2017?FS=B-L17" "Mozilla/5.0 (Linux; Android 5.1.1; SM-G361F Build/LMY48B) AppleWebKit/537.36 (KHTML, like Gecko) Chrome/60.0.3112.116 Mobile Safari/537.36"
178.189.147.163 - - [17/Sep/2017:09:44:48 +0200] "GET /img/mobile/pfeil-rechts-small.png HTTP/1.1" 200 1056 "http://www.easydrivers.at/css/mobile.css" "Mozilla/5.0 (Linux; Android 5.1.1; SM-G361F Build/LMY48B) AppleWebKit/537.36 (KHTML, like Gecko) Chrome/60.0.3112.116 Mobile Safari/537.36"
212.95.7.7 - - [17/Sep/2017:09:44:49 +0200] "GET /css/mobile.css HTTP/1.1" 200 2852 "http://www.easydrivers.at/moedling/aktionen" "Mozilla/5.0 (iPhone; CPU iPhone OS 10_3_3 like Mac OS X) AppleWebKit/603.3.8 (KHTML, like Gecko) Mobile/14G60 [FBAN/FBIOS;FBAV/140.0.0.63.89;FBBV/70896504;FBDV/iPhone7,2;FBMD/iPhone;FBSN/iOS;FBSV/10.3.3;FBSS/2;FBCR/A1;FBID/phone;FBLC/de_DE;FBOP/5;FBRV/0]"
212.95.7.7 - - [17/Sep/2017:09:44:49 +0200] "GET /javascript/jquery.cookie.js HTTP/1.1" 200 863 "http://www.easydrivers.at/moedling/aktionen" "Mozilla/5.0 (iPhone; CPU iPhone OS 10_3_3 like Mac OS X) AppleWebKit/603.3.8 (KHTML, like Gecko) Mobile/14G60 [FBAN/FBIOS;FBAV/140.0.0.63.89;FBBV/70896504;FBDV/iPhone7,2;FBMD/iPhone;FBSN/iOS;FBSV/10.3.3;FBSS/2;FBCR/A1;FBID/phone;FBLC/de_DE;FBOP/5;FBRV/0]"
212.95.7.7 - - [17/Sep/2017:09:44:49 +0200] "GET /javascript/mobile-menu.js HTTP/1.1" 200 1634 "http://www.easydrivers.at/moedling/aktionen" "Mozilla/5.0 (iPhone; CPU iPhone OS 10_3_3 like Mac OS X) AppleWebKit/603.3.8 (KHTML, like Gecko) Mobile/14G60 [FBAN/FBIOS;FBAV/140.0.0.63.89;FBBV/70896504;FBDV/iPhone7,2;FBMD/iPhone;FBSN/iOS;FBSV/10.3.3;FBSS/2;FBCR/A1;FBID/phone;FBLC/de_DE;FBOP/5;FBRV/0]"
212.95.7.7 - - [17/Sep/2017:09:44:49 +0200] "GET /javascript/jquery-1.9.1.min.js HTTP/1.1" 200 32731 "http://www.easydrivers.at/moedling/aktionen" "Mozilla/5.0 (iPhone; CPU iPhone OS 10_3_3 like Mac OS X) AppleWebKit/603.3.8 (KHTML, like Gecko) Mobile/14G60 [FBAN/FBIOS;FBAV/140.0.0.63.89;FBBV/70896504;FBDV/iPhone7,2;FBMD/iPhone;FBSN/iOS;FBSV/10.3.3;FBSS/2;FBCR/A1;FBID/phone;FBLC/de_DE;FBOP/5;FBRV/0]"
212.95.7.7 - - [17/Sep/2017:09:44:49 +0200] "GET /javascript/jquery.simplemodal.js HTTP/1.1" 200 3070 "http://www.easydrivers.at/moedling/aktionen" "Mozilla/5.0 (iPhone; CPU iPhone OS 10_3_3 like Mac OS X) AppleWebKit/603.3.8 (KHTML, like Gecko) Mobile/14G60 [FBAN/FBIOS;FBAV/140.0.0.63.89;FBBV/70896504;FBDV/iPhone7,2;FBMD/iPhone;FBSN/iOS;FBSV/10.3.3;FBSS/2;FBCR/A1;FBID/phone;FBLC/de_DE;FBOP/5;FBRV/0]"
212.95.7.7 - - [17/Sep/2017:09:44:49 +0200] "GET /javascript/lazyload.js HTTP/1.1" 200 1170 "http://www.easydrivers.at/moedling/aktionen" "Mozilla/5.0 (iPhone; CPU iPhone OS 10_3_3 like Mac OS X) AppleWebKit/603.3.8 (KHTML, like Gecko) Mobile/14G60 [FBAN/FBIOS;FBAV/140.0.0.63.89;FBBV/70896504;FBDV/iPhone7,2;FBMD/iPhone;FBSN/iOS;FBSV/10.3.3;FBSS/2;FBCR/A1;FBID/phone;FBLC/de_DE;FBOP/5;FBRV/0]"
212.95.7.7 - - [17/Sep/2017:09:44:49 +0200] "GET /javascript/mobile-fahrschule.js HTTP/1.1" 200 328 "http://www.easydrivers.at/moedling/aktionen" "Mozilla/5.0 (iPhone; CPU iPhone OS 10_3_3 like Mac OS X) AppleWebKit/603.3.8 (KHTML, like Gecko) Mobile/14G60 [FBAN/FBIOS;FBAV/140.0.0.63.89;FBBV/70896504;FBDV/iPhone7,2;FBMD/iPhone;FBSN/iOS;FBSV/10.3.3;FBSS/2;FBCR/A1;FBID/phone;FBLC/de_DE;FBOP/5;FBRV/0]"
212.95.7.7 - - [17/Sep/2017:09:44:49 +0200] "GET /img/mobile/easydrivers-logo-mobile.png HTTP/1.1" 200 10766 "http://www.easydrivers.at/moedling/aktionen" "Mozilla/5.0 (iPhone; CPU iPhone OS 10_3_3 like Mac OS X) AppleWebKit/603.3.8 (KHTML, like Gecko) Mobile/14G60 [FBAN/FBIOS;FBAV/140.0.0.63.89;FBBV/70896504;FBDV/iPhone7,2;FBMD/iPhone;FBSN/iOS;FBSV/10.3.3;FBSS/2;FBCR/A1;FBID/phone;FBLC/de_DE;FBOP/5;FBRV/0]"
212.95.7.7 - - [17/Sep/2017:09:44:49 +0200] "GET /img/mobile/close-button.png HTTP/1.1" 200 2411 "http://www.easydrivers.at/moedling/aktionen" "Mozilla/5.0 (iPhone; CPU iPhone OS 10_3_3 like Mac OS X) AppleWebKit/603.3.8 (KHTML, like Gecko) Mobile/14G60 [FBAN/FBIOS;FBAV/140.0.0.63.89;FBBV/70896504;FBDV/iPhone7,2;FBMD/iPhone;FBSN/iOS;FBSV/10.3.3;FBSS/2;FBCR/A1;FBID/phone;FBLC/de_DE;FBOP/5;FBRV/0]"
212.95.7.7 - - [17/Sep/2017:09:44:49 +0200] "GET /img/mobile/menu-button.png HTTP/1.1" 200 1746 "http://www.easydrivers.at/moedling/aktionen" "Mozilla/5.0 (iPhone; CPU iPhone OS 10_3_3 like Mac OS X) AppleWebKit/603.3.8 (KHTML, like Gecko) Mobile/14G60 [FBAN/FBIOS;FBAV/140.0.0.63.89;FBBV/70896504;FBDV/iPhone7,2;FBMD/iPhone;FBSN/iOS;FBSV/10.3.3;FBSS/2;FBCR/A1;FBID/phone;FBLC/de_DE;FBOP/5;FBRV/0]"
212.95.7.7 - - [17/Sep/2017:09:44:46 +0200] "GET /moedling/img/smallicon-mail.png HTTP/1.1" 404 3105 "-" "Mozilla/5.0 (iPhone; CPU iPhone OS 10_3_3 like Mac OS X) AppleWebKit/603.3.8 (KHTML, like Gecko) Mobile/14G60 [FBAN/FBIOS;FBAV/140.0.0.63.89;FBBV/70896504;FBDV/iPhone7,2;FBMD/iPhone;FBSN/iOS;FBSV/10.3.3;FBSS/2;FBCR/A1;FBID/phone;FBLC/de_DE;FBOP/5;FBRV/71584044]"
212.95.7.7 - - [17/Sep/2017:09:44:49 +0200] "GET /img/mobile/facebook-icon.png HTTP/1.1" 200 1902 "http://www.easydrivers.at/moedling/aktionen" "Mozilla/5.0 (iPhone; CPU iPhone OS 10_3_3 like Mac OS X) AppleWebKit/603.3.8 (KHTML, like Gecko) Mobile/14G60 [FBAN/FBIOS;FBAV/140.0.0.63.89;FBBV/70896504;FBDV/iPhone7,2;FBMD/iPhone;FBSN/iOS;FBSV/10.3.3;FBSS/2;FBCR/A1;FBID/phone;FBLC/de_DE;FBOP/5;FBRV/0]"
212.95.7.7 - - [17/Sep/2017:09:44:49 +0200] "GET /img/mobile/info-close-button.png HTTP/1.1" 200 1721 "http://www.easydrivers.at/moedling/aktionen" "Mozilla/5.0 (iPhone; CPU iPhone OS 10_3_3 like Mac OS X) AppleWebKit/603.3.8 (KHTML, like Gecko) Mobile/14G60 [FBAN/FBIOS;FBAV/140.0.0.63.89;FBBV/70896504;FBDV/iPhone7,2;FBMD/iPhone;FBSN/iOS;FBSV/10.3.3;FBSS/2;FBCR/A1;FBID/phone;FBLC/de_DE;FBOP/5;FBRV/0]"
212.95.7.7 - - [17/Sep/2017:09:44:49 +0200] "GET /img/mobile/info-button.png HTTP/1.1" 200 1549 "http://www.easydrivers.at/moedling/aktionen" "Mozilla/5.0 (iPhone; CPU iPhone OS 10_3_3 like Mac OS X) AppleWebKit/603.3.8 (KHTML, like Gecko) Mobile/14G60 [FBAN/FBIOS;FBAV/140.0.0.63.89;FBBV/70896504;FBDV/iPhone7,2;FBMD/iPhone;FBSN/iOS;FBSV/10.3.3;FBSS/2;FBCR/A1;FBID/phone;FBLC/de_DE;FBOP/5;FBRV/0]"
