157.55.39.231 - - [17/Sep/2017:02:00:52 +0200] "GET /binaries/easy-drivers-neunkirchen--au/5motorradjpg.jpg HTTP/1.1" 200 52640 "-" "Mozilla/5.0 (compatible; bingbot/2.0; +http://www.bing.com/bingbot.htm)"
157.55.39.231 - - [17/Sep/2017:02:00:55 +0200] "GET /binaries/easy-drivers-portal/safe4cyclepng-1.png HTTP/1.1" 200 16726 "-" "Mozilla/5.0 (compatible; bingbot/2.0; +http://www.bing.com/bingbot.htm)"
157.55.39.231 - - [17/Sep/2017:02:00:54 +0200] "GET /reumannplatz HTTP/1.1" 200 3352 "-" "Mozilla/5.0 (compatible; bingbot/2.0; +http://www.bing.com/bingbot.htm)"
207.46.13.119 - - [17/Sep/2017:02:01:24 +0200] "GET /download.php?id=10230050 HTTP/1.1" 200 86134 "-" "Mozilla/5.0 (compatible; bingbot/2.0; +http://www.bing.com/bingbot.htm)"
157.55.39.215 - - [17/Sep/2017:02:01:54 +0200] "GET /radfahrschule HTTP/1.1" 200 3462 "-" "Mozilla/5.0 (compatible; bingbot/2.0; +http://www.bing.com/bingbot.htm)"
59.55.199.102 - - [17/Sep/2017:02:02:13 +0200] "GET / HTTP/1.1" 200 4409 "-" "Mozilla/4.0 (compatible; MSIE8.0; Windows NT 6.0) .NET CLR 2.0.50727)"
59.55.199.102 - - [17/Sep/2017:02:02:14 +0200] "GET / HTTP/1.1" 200 4409 "-" "Mozilla/4.0 (compatible; MSIE8.0; Windows NT 6.0) .NET CLR 2.0.50727)"
66.249.65.82 - - [17/Sep/2017:02:02:30 +0200] "GET /uploads/pdfs/moedling/10281885_CCE95.pdf HTTP/1.1" 200 28106 "-" "Mozilla/5.0 (compatible; Googlebot/2.1; +http://www.google.com/bot.html)"
157.55.39.231 - - [17/Sep/2017:02:02:49 +0200] "GET /hollabrunn HTTP/1.1" 200 3769 "-" "Mozilla/5.0 (compatible; bingbot/2.0; +http://www.bing.com/bingbot.htm)"
157.55.39.231 - - [17/Sep/2017:02:02:52 +0200] "GET /reumannplatz HTTP/1.1" 200 3352 "-" "Mozilla/5.0 (compatible; bingbot/2.0; +http://www.bing.com/bingbot.htm)"
157.55.39.231 - - [17/Sep/2017:02:02:55 +0200] "GET /fahrschulen HTTP/1.1" 200 3925 "-" "Mozilla/5.0 (compatible; bingbot/2.0; +http://www.bing.com/bingbot.htm)"
157.55.39.215 - - [17/Sep/2017:02:02:55 +0200] "GET /easy_drivers_st._peterau HTTP/1.1" 200 3690 "-" "Mozilla/5.0 (compatible; bingbot/2.0; +http://www.bing.com/bingbot.htm)"
216.244.66.202 - - [17/Sep/2017:02:03:02 +0200] "GET /reumannplatz/kurse HTTP/1.1" 200 12922 "-" "Mozilla/5.0 (compatible; DotBot/1.1; http://www.opensiteexplorer.org/dotbot, help@moz.com)"
59.55.199.102 - - [17/Sep/2017:02:03:18 +0200] "GET / HTTP/1.1" 200 4409 "-" "Mozilla/4.0 (compatible; MSIE8.0; Windows NT 6.0) .NET CLR 2.0.50727)"
157.55.39.215 - - [17/Sep/2017:02:04:07 +0200] "GET /ueberuns HTTP/1.1" 200 3260 "-" "Mozilla/5.0 (compatible; bingbot/2.0; +http://www.bing.com/bingbot.htm)"
40.77.167.77 - - [17/Sep/2017:02:04:07 +0200] "GET /oberwart HTTP/1.1" 200 3644 "-" "Mozilla/5.0 (compatible; bingbot/2.0; +http://www.bing.com/bingbot.htm)"
157.55.39.215 - - [17/Sep/2017:02:05:14 +0200] "GET /enns HTTP/1.1" 200 3587 "-" "Mozilla/5.0 (compatible; bingbot/2.0; +http://www.bing.com/bingbot.htm)"
35.184.189.105 - - [17/Sep/2017:02:05:33 +0200] "GET /robots.txt HTTP/1.1" 200 101 "-" "ltx71 - (http://ltx71.com/)"
216.244.66.249 - - [17/Sep/2017:02:05:37 +0200] "GET /zwettl/Inhaberdaten HTTP/1.1" 200 11077 "-" "Mozilla/5.0 (compatible; DotBot/1.1; http://www.opensiteexplorer.org/dotbot, help@moz.com)"
41.83.74.188 - - [17/Sep/2017:02:05:51 +0200] "GET /about:blank HTTP/1.1" 404 8396 "-" "Mozilla/4.0 (compatible; MSIE 5.0; Windows NT; DigExt; DTS Agent"
208.80.194.29 - - [17/Sep/2017:02:06:18 +0200] "GET / HTTP/1.0" 200 15965 "-" "Mozilla/5.0 (X11; U; Linux i686; en-US; rv:1.9.2.11) Gecko/20101013 Ubuntu/10.04 (lucid) Firefox/3.6.11"
208.80.194.29 - - [17/Sep/2017:02:06:20 +0200] "GET /about:blank HTTP/1.0" 404 8396 "-" "Mozilla/5.0 (Windows NT 5.1) Gecko/20100101 Firefox/9.0.1"
18.221.90.192 - - [17/Sep/2017:02:06:23 +0200] "GET /administrator HTTP/1.1" 301 302 "https://search.yahoo.com/search=easydrivers.at?p=easydrivers.at" "Mozilla/5.0 (Windows NT 5.1; rv:31.0) Gecko/20100101 Firefox/31.0"
18.221.90.192 - - [17/Sep/2017:02:06:29 +0200] "GET /administrator HTTP/1.1" 404 2659 "https://search.yahoo.com/search=easydrivers.at?p=easydrivers.at" "Mozilla/5.0 (Windows NT 5.1; rv:31.0) Gecko/20100101 Firefox/31.0"
40.77.167.77 - - [17/Sep/2017:02:07:09 +0200] "GET /innsbruck HTTP/1.1" 200 3675 "-" "Mozilla/5.0 (compatible; bingbot/2.0; +http://www.bing.com/bingbot.htm)"
68.180.228.44 - - [17/Sep/2017:02:07:47 +0200] "GET /fahrschulen/salzburg HTTP/1.1" 200 2167 "-" "Mozilla/5.0 (compatible; Yahoo! Slurp; http://help.yahoo.com/help/us/ysearch/slurp)"
207.46.13.119 - - [17/Sep/2017:02:09:50 +0200] "GET /krems HTTP/1.1" 200 3745 "-" "Mozilla/5.0 (compatible; bingbot/2.0; +http://www.bing.com/bingbot.htm)"
157.55.39.231 - - [17/Sep/2017:02:10:56 +0200] "GET /jennersdorf/aktionen HTTP/1.1" 200 2909 "-" "Mozilla/5.0 (compatible; bingbot/2.0; +http://www.bing.com/bingbot.htm)"
62.46.79.2 - - [17/Sep/2017:02:11:01 +0200] "GET /zwettl HTTP/1.1" 200 2910 "http://m.facebook.com" "Mozilla/5.0 (iPhone; CPU iPhone OS 10_3_3 like Mac OS X) AppleWebKit/603.3.8 (KHTML, like Gecko) Mobile/14G60 [FBAN/FBIOS;FBAV/140.0.0.63.89;FBBV/70896504;FBDV/iPhone6,2;FBMD/iPhone;FBSN/iOS;FBSV/10.3.3;FBSS/2;FBCR/A1;FBID/phone;FBLC/de_DE;FBOP/5;FBRV/70896504]"
157.55.39.231 - - [17/Sep/2017:02:11:27 +0200] "GET /fuehrerscheine/lkw HTTP/1.1" 200 2684 "-" "Mozilla/5.0 (compatible; bingbot/2.0; +http://www.bing.com/bingbot.htm)"
207.46.13.119 - - [17/Sep/2017:02:11:30 +0200] "GET /ybbs HTTP/1.1" 200 3719 "-" "Mozilla/5.0 (compatible; bingbot/2.0; +http://www.bing.com/bingbot.htm)"
157.55.39.231 - - [17/Sep/2017:02:11:27 +0200] "GET /binaries/easy-drivers-rudi-dornbirn/winder-martinjpg-1.jpg HTTP/1.1" 200 6712766 "-" "Mozilla/5.0 (compatible; bingbot/2.0; +http://www.bing.com/bingbot.htm)"
40.77.167.77 - - [17/Sep/2017:02:11:54 +0200] "GET /ennstal.schladming HTTP/1.1" 200 3627 "-" "Mozilla/5.0 (compatible; bingbot/2.0; +http://www.bing.com/bingbot.htm)"
40.77.167.77 - - [17/Sep/2017:02:12:08 +0200] "GET /binaries/easy-drivers-portal/logoleistejpg.jpg HTTP/1.1" 200 32745 "-" "Mozilla/5.0 (compatible; bingbot/2.0; +http://www.bing.com/bingbot.htm)"
157.55.39.231 - - [17/Sep/2017:02:12:13 +0200] "GET /brigittenau HTTP/1.1" 200 3715 "-" "Mozilla/5.0 (compatible; bingbot/2.0; +http://www.bing.com/bingbot.htm)"
158.85.81.124 - - [17/Sep/2017:02:12:30 +0200] "GET / HTTP/1.1" 400 379 "-" "-"
207.46.13.119 - - [17/Sep/2017:02:12:53 +0200] "GET /neunkirchen HTTP/1.1" 200 3844 "-" "Mozilla/5.0 (compatible; bingbot/2.0; +http://www.bing.com/bingbot.htm)"
91.141.0.131 - - [17/Sep/2017:02:13:21 +0200] "GET /krems?utm_source=facebook&utm_medium=ad&utm_campaign=moped HTTP/1.1" 200 2936 "http://m.facebook.com/" "Mozilla/5.0 (Linux; Android 7.0; SM-G930F Build/NRD90M; wv) AppleWebKit/537.36 (KHTML, like Gecko) Version/4.0 Chrome/60.0.3112.116 Mobile Safari/537.36 [FB_IAB/FB4A;FBAV/141.0.0.31.91;]"
185.5.249.185 - - [17/Sep/2017:02:13:24 +0200] "HEAD / HTTP/1.1" 501 - "https://kabinet-tele2.ru/" "Mozilla/2.0 (compatible; MSIE3.00; Windows 2008)"
185.125.219.134 - - [17/Sep/2017:02:13:24 +0200] "HEAD / HTTP/1.1" 501 - "https://zaimgrad.ru/mfo-baymak/" "Mozilla/3.0 (compatible; MSIE4.00; Windows 2007)"
194.67.210.77 - - [17/Sep/2017:02:13:24 +0200] "HEAD / HTTP/1.1" 501 - "http://avto-zapchasti.in.ua/grand-cherokee" "Mozilla/5.0 (compatible; MSIE6.00; Windows 2008)"
193.124.190.64 - - [17/Sep/2017:02:13:24 +0200] "HEAD / HTTP/1.1" 501 - "http://perelomu.net/stati/titanovye-plastiny-pri-perelomax.html" "Mozilla/4.0 (compatible; MSIE3.00; Windows 2009)"
193.124.179.180 - - [17/Sep/2017:02:13:24 +0200] "HEAD / HTTP/1.1" 501 - "https://www.kontaktor.su/val-reduktora.html" "Mozilla/7.0 (compatible; MSIE7.00; Windows 2005)"
195.133.147.6 - - [17/Sep/2017:02:13:26 +0200] "HEAD / HTTP/1.1" 501 - "https://everflora.ru/stakhis/834-stakhis-sherstistyj-marvel.html" "Mozilla/7.0 (compatible; MSIE7.00; Windows 2007)"
157.55.39.231 - - [17/Sep/2017:02:13:28 +0200] "GET /dornbirn/10248249?fs=am-m HTTP/1.1" 301 312 "-" "Mozilla/5.0 (iPhone; CPU iPhone OS 7_0 like Mac OS X) AppleWebKit/537.51.1 (KHTML, like Gecko) Version/7.0 Mobile/11A465 Safari/9537.53 (compatible; bingbot/2.0; +http://www.bing.com/bingbot.htm)"
157.55.39.215 - - [17/Sep/2017:02:13:33 +0200] "GET /wieselburg HTTP/1.1" 200 3583 "-" "Mozilla/5.0 (compatible; bingbot/2.0; +http://www.bing.com/bingbot.htm)"
157.55.39.231 - - [17/Sep/2017:02:14:09 +0200] "GET /dornbirn/10248249?fs=am-m HTTP/1.1" 500 625 "-" "Mozilla/5.0 (iPhone; CPU iPhone OS 7_0 like Mac OS X) AppleWebKit/537.51.1 (KHTML, like Gecko) Version/7.0 Mobile/11A465 Safari/9537.53 (compatible; bingbot/2.0; +http://www.bing.com/bingbot.htm)"
213.225.2.172 - - [17/Sep/2017:02:14:26 +0200] "GET / HTTP/1.1" 200 3562 "-" "Mozilla/5.0 (iPhone; CPU iPhone OS 10_2_1 like Mac OS X) AppleWebKit/602.4.6 (KHTML, like Gecko) Version/10.0 Mobile/14D27 Safari/602.1"
213.225.2.172 - - [17/Sep/2017:02:14:29 +0200] "GET / HTTP/1.1" 200 3562 "-" "Mozilla/5.0 (iPhone; CPU iPhone OS 10_2_1 like Mac OS X) AppleWebKit/602.4.6 (KHTML, like Gecko) Version/10.0 Mobile/14D27 Safari/602.1"
207.46.13.119 - - [17/Sep/2017:02:14:45 +0200] "GET /fuehrerscheine/traktor HTTP/1.1" 200 2599 "-" "Mozilla/5.0 (compatible; bingbot/2.0; +http://www.bing.com/bingbot.htm)"
178.165.128.220 - - [17/Sep/2017:02:15:11 +0200] "GET / HTTP/1.1" 200 3562 "https://www.google.at/" "Mozilla/5.0 (Linux; Android 7.0; SAMSUNG SM-G935F Build/NRD90M) AppleWebKit/537.36 (KHTML, like Gecko) SamsungBrowser/5.4 Chrome/51.0.2704.106 Mobile Safari/537.36"
178.165.128.220 - - [17/Sep/2017:02:15:13 +0200] "GET /css/mobile.css HTTP/1.1" 200 2852 "http://www.easydrivers.at/" "Mozilla/5.0 (Linux; Android 7.0; SAMSUNG SM-G935F Build/NRD90M) AppleWebKit/537.36 (KHTML, like Gecko) SamsungBrowser/5.4 Chrome/51.0.2704.106 Mobile Safari/537.36"
178.165.128.220 - - [17/Sep/2017:02:15:13 +0200] "GET /javascript/jquery.cookie.js HTTP/1.1" 200 863 "http://www.easydrivers.at/" "Mozilla/5.0 (Linux; Android 7.0; SAMSUNG SM-G935F Build/NRD90M) AppleWebKit/537.36 (KHTML, like Gecko) SamsungBrowser/5.4 Chrome/51.0.2704.106 Mobile Safari/537.36"
178.165.128.220 - - [17/Sep/2017:02:15:13 +0200] "GET /javascript/mobile-homesearch.js HTTP/1.1" 200 340 "http://www.easydrivers.at/" "Mozilla/5.0 (Linux; Android 7.0; SAMSUNG SM-G935F Build/NRD90M) AppleWebKit/537.36 (KHTML, like Gecko) SamsungBrowser/5.4 Chrome/51.0.2704.106 Mobile Safari/537.36"
178.165.128.220 - - [17/Sep/2017:02:15:13 +0200] "GET /javascript/mobile-menu.js HTTP/1.1" 200 1634 "http://www.easydrivers.at/" "Mozilla/5.0 (Linux; Android 7.0; SAMSUNG SM-G935F Build/NRD90M) AppleWebKit/537.36 (KHTML, like Gecko) SamsungBrowser/5.4 Chrome/51.0.2704.106 Mobile Safari/537.36"
178.165.128.220 - - [17/Sep/2017:02:15:13 +0200] "GET /javascript/jquery.simplemodal.js HTTP/1.1" 200 3070 "http://www.easydrivers.at/" "Mozilla/5.0 (Linux; Android 7.0; SAMSUNG SM-G935F Build/NRD90M) AppleWebKit/537.36 (KHTML, like Gecko) SamsungBrowser/5.4 Chrome/51.0.2704.106 Mobile Safari/537.36"
178.165.128.220 - - [17/Sep/2017:02:15:13 +0200] "GET /javascript/jquery-1.9.1.min.js HTTP/1.1" 200 32731 "http://www.easydrivers.at/" "Mozilla/5.0 (Linux; Android 7.0; SAMSUNG SM-G935F Build/NRD90M) AppleWebKit/537.36 (KHTML, like Gecko) SamsungBrowser/5.4 Chrome/51.0.2704.106 Mobile Safari/537.36"
178.165.128.220 - - [17/Sep/2017:02:15:13 +0200] "GET /javascript/lazyload.js HTTP/1.1" 200 1170 "http://www.easydrivers.at/" "Mozilla/5.0 (Linux; Android 7.0; SAMSUNG SM-G935F Build/NRD90M) AppleWebKit/537.36 (KHTML, like Gecko) SamsungBrowser/5.4 Chrome/51.0.2704.106 Mobile Safari/537.36"
178.165.128.220 - - [17/Sep/2017:02:15:13 +0200] "GET /img/mobile/easydrivers-logo-mobile.png HTTP/1.1" 200 10766 "http://www.easydrivers.at/" "Mozilla/5.0 (Linux; Android 7.0; SAMSUNG SM-G935F Build/NRD90M) AppleWebKit/537.36 (KHTML, like Gecko) SamsungBrowser/5.4 Chrome/51.0.2704.106 Mobile Safari/537.36"
178.165.128.220 - - [17/Sep/2017:02:15:13 +0200] "GET /img/mobile/facebook-icon.png HTTP/1.1" 200 1902 "http://www.easydrivers.at/" "Mozilla/5.0 (Linux; Android 7.0; SAMSUNG SM-G935F Build/NRD90M) AppleWebKit/537.36 (KHTML, like Gecko) SamsungBrowser/5.4 Chrome/51.0.2704.106 Mobile Safari/537.36"
178.165.128.220 - - [17/Sep/2017:02:15:13 +0200] "GET /img/mobile/menu-button.png HTTP/1.1" 200 1746 "http://www.easydrivers.at/" "Mozilla/5.0 (Linux; Android 7.0; SAMSUNG SM-G935F Build/NRD90M) AppleWebKit/537.36 (KHTML, like Gecko) SamsungBrowser/5.4 Chrome/51.0.2704.106 Mobile Safari/537.36"
178.165.128.220 - - [17/Sep/2017:02:15:13 +0200] "GET /img/mobile/close-button.png HTTP/1.1" 200 2411 "http://www.easydrivers.at/" "Mozilla/5.0 (Linux; Android 7.0; SAMSUNG SM-G935F Build/NRD90M) AppleWebKit/537.36 (KHTML, like Gecko) SamsungBrowser/5.4 Chrome/51.0.2704.106 Mobile Safari/537.36"
178.165.128.220 - - [17/Sep/2017:02:15:13 +0200] "GET /img/mobile/widget-icon-app.png HTTP/1.1" 200 3458 "http://www.easydrivers.at/" "Mozilla/5.0 (Linux; Android 7.0; SAMSUNG SM-G935F Build/NRD90M) AppleWebKit/537.36 (KHTML, like Gecko) SamsungBrowser/5.4 Chrome/51.0.2704.106 Mobile Safari/537.36"
178.165.128.220 - - [17/Sep/2017:02:15:13 +0200] "GET /img/mobile/bg-menu.jpg HTTP/1.1" 200 1698 "http://www.easydrivers.at/css/mobile.css" "Mozilla/5.0 (Linux; Android 7.0; SAMSUNG SM-G935F Build/NRD90M) AppleWebKit/537.36 (KHTML, like Gecko) SamsungBrowser/5.4 Chrome/51.0.2704.106 Mobile Safari/537.36"
178.165.128.220 - - [17/Sep/2017:02:15:13 +0200] "GET /img/mobile/bg-header.jpg HTTP/1.1" 200 19741 "http://www.easydrivers.at/css/mobile.css" "Mozilla/5.0 (Linux; Android 7.0; SAMSUNG SM-G935F Build/NRD90M) AppleWebKit/537.36 (KHTML, like Gecko) SamsungBrowser/5.4 Chrome/51.0.2704.106 Mobile Safari/537.36"
178.165.128.220 - - [17/Sep/2017:02:15:13 +0200] "GET /img/mobile/bg-top-section.jpg HTTP/1.1" 200 21711 "http://www.easydrivers.at/css/mobile.css" "Mozilla/5.0 (Linux; Android 7.0; SAMSUNG SM-G935F Build/NRD90M) AppleWebKit/537.36 (KHTML, like Gecko) SamsungBrowser/5.4 Chrome/51.0.2704.106 Mobile Safari/537.36"
178.165.128.220 - - [17/Sep/2017:02:15:13 +0200] "GET /img/mobile/pfeil-rechts.png HTTP/1.1" 200 1228 "http://www.easydrivers.at/css/mobile.css" "Mozilla/5.0 (Linux; Android 7.0; SAMSUNG SM-G935F Build/NRD90M) AppleWebKit/537.36 (KHTML, like Gecko) SamsungBrowser/5.4 Chrome/51.0.2704.106 Mobile Safari/537.36"
207.46.13.119 - - [17/Sep/2017:02:15:12 +0200] "GET /scheibbs HTTP/1.1" 200 3487 "-" "Mozilla/5.0 (compatible; bingbot/2.0; +http://www.bing.com/bingbot.htm)"
178.165.128.220 - - [17/Sep/2017:02:15:15 +0200] "GET /img/favicon.ico HTTP/1.1" 404 300 "http://www.easydrivers.at/" "Mozilla/5.0 (Linux; Android 7.0; SAMSUNG SM-G935F Build/NRD90M) AppleWebKit/537.36 (KHTML, like Gecko) SamsungBrowser/5.4 Chrome/51.0.2704.106 Mobile Safari/537.36"
66.249.65.84 - - [17/Sep/2017:02:15:22 +0200] "GET /hollabrunn/Grundkurs_I_Sommer_2017?FS=BC HTTP/1.1" 410 3470 "-" "Mozilla/5.0 (compatible; Googlebot/2.1; +http://www.google.com/bot.html)"
185.162.47.28 - - [17/Sep/2017:02:17:18 +0200] "GET / HTTP/1.1" 301 293 "-" "Mozilla/5.0 (Macintosh; Intel Mac OS X 10_10_4) AppleWebKit/600.7.12 (KHTML, like Gecko) Version/8.0.7 Safari/600.7.12"
185.162.47.28 - - [17/Sep/2017:02:17:19 +0200] "GET / HTTP/1.1" 200 4409 "-" "Mozilla/5.0 (Macintosh; Intel Mac OS X 10_10_4) AppleWebKit/600.7.12 (KHTML, like Gecko) Version/8.0.7 Safari/600.7.12"
185.162.47.28 - - [17/Sep/2017:02:17:21 +0200] "GET /css/style.css HTTP/1.1" 200 5004 "http://www.easydrivers.at/" "Mozilla/5.0 (Macintosh; Intel Mac OS X 10_10_4) AppleWebKit/600.7.12 (KHTML, like Gecko) Version/8.0.7 Safari/600.7.12"
185.162.47.28 - - [17/Sep/2017:02:17:21 +0200] "GET /javascript/jquery.cookie.js HTTP/1.1" 200 863 "http://www.easydrivers.at/" "Mozilla/5.0 (Macintosh; Intel Mac OS X 10_10_4) AppleWebKit/600.7.12 (KHTML, like Gecko) Version/8.0.7 Safari/600.7.12"
185.162.47.28 - - [17/Sep/2017:02:17:21 +0200] "GET /javascript/jquery.customSelect.min.js HTTP/1.1" 200 912 "http://www.easydrivers.at/" "Mozilla/5.0 (Macintosh; Intel Mac OS X 10_10_4) AppleWebKit/600.7.12 (KHTML, like Gecko) Version/8.0.7 Safari/600.7.12"
185.162.47.28 - - [17/Sep/2017:02:17:21 +0200] "GET /javascript/portal.js?1221842734 HTTP/1.1" 200 3529 "http://www.easydrivers.at/" "Mozilla/5.0 (Macintosh; Intel Mac OS X 10_10_4) AppleWebKit/600.7.12 (KHTML, like Gecko) Version/8.0.7 Safari/600.7.12"
185.162.47.28 - - [17/Sep/2017:02:17:21 +0200] "GET /javascript/jquery.simplemodal.js HTTP/1.1" 200 3070 "http://www.easydrivers.at/" "Mozilla/5.0 (Macintosh; Intel Mac OS X 10_10_4) AppleWebKit/600.7.12 (KHTML, like Gecko) Version/8.0.7 Safari/600.7.12"
185.162.47.28 - - [17/Sep/2017:02:17:21 +0200] "GET /javascript/homesearch.js HTTP/1.1" 200 393 "http://www.easydrivers.at/" "Mozilla/5.0 (Macintosh; Intel Mac OS X 10_10_4) AppleWebKit/600.7.12 (KHTML, like Gecko) Version/8.0.7 Safari/600.7.12"
185.162.47.28 - - [17/Sep/2017:02:17:22 +0200] "GET /javascript/lazyload.js HTTP/1.1" 200 1170 "http://www.easydrivers.at/" "Mozilla/5.0 (Macintosh; Intel Mac OS X 10_10_4) AppleWebKit/600.7.12 (KHTML, like Gecko) Version/8.0.7 Safari/600.7.12"
185.162.47.28 - - [17/Sep/2017:02:17:22 +0200] "GET /img/ED_Logo.png HTTP/1.1" 200 3385 "http://www.easydrivers.at/css/style.css" "Mozilla/5.0 (Macintosh; Intel Mac OS X 10_10_4) AppleWebKit/600.7.12 (KHTML, like Gecko) Version/8.0.7 Safari/600.7.12"
185.162.47.28 - - [17/Sep/2017:02:17:22 +0200] "GET /img/close-button.png HTTP/1.1" 200 2237 "http://www.easydrivers.at/" "Mozilla/5.0 (Macintosh; Intel Mac OS X 10_10_4) AppleWebKit/600.7.12 (KHTML, like Gecko) Version/8.0.7 Safari/600.7.12"
185.162.47.28 - - [17/Sep/2017:02:17:23 +0200] "GET /binaries/easy-drivers-portal/widget-icon-expertspng.png HTTP/1.1" 200 2159 "http://www.easydrivers.at/" "Mozilla/5.0 (Macintosh; Intel Mac OS X 10_10_4) AppleWebKit/600.7.12 (KHTML, like Gecko) Version/8.0.7 Safari/600.7.12"
185.162.47.28 - - [17/Sep/2017:02:17:23 +0200] "GET /img/purple-dots-horizontal.png HTTP/1.1" 200 977 "http://www.easydrivers.at/css/style.css" "Mozilla/5.0 (Macintosh; Intel Mac OS X 10_10_4) AppleWebKit/600.7.12 (KHTML, like Gecko) Version/8.0.7 Safari/600.7.12"
185.162.47.28 - - [17/Sep/2017:02:17:23 +0200] "GET /img/yellow-dots-vertical.png HTTP/1.1" 200 981 "http://www.easydrivers.at/css/style.css" "Mozilla/5.0 (Macintosh; Intel Mac OS X 10_10_4) AppleWebKit/600.7.12 (KHTML, like Gecko) Version/8.0.7 Safari/600.7.12"
185.162.47.28 - - [17/Sep/2017:02:17:23 +0200] "GET /img/facebook-icon.png HTTP/1.1" 200 1506 "http://www.easydrivers.at/" "Mozilla/5.0 (Macintosh; Intel Mac OS X 10_10_4) AppleWebKit/600.7.12 (KHTML, like Gecko) Version/8.0.7 Safari/600.7.12"
185.162.47.28 - - [17/Sep/2017:02:17:22 +0200] "GET /binaries/easy-drivers-portal/edradfahrschullogowidget160x90pxpng.png HTTP/1.1" 200 23394 "http://www.easydrivers.at/" "Mozilla/5.0 (Macintosh; Intel Mac OS X 10_10_4) AppleWebKit/600.7.12 (KHTML, like Gecko) Version/8.0.7 Safari/600.7.12"
185.162.47.28 - - [17/Sep/2017:02:17:23 +0200] "GET /img/bg-header.jpg HTTP/1.1" 200 38680 "http://www.easydrivers.at/css/style.css" "Mozilla/5.0 (Macintosh; Intel Mac OS X 10_10_4) AppleWebKit/600.7.12 (KHTML, like Gecko) Version/8.0.7 Safari/600.7.12"
185.162.47.28 - - [17/Sep/2017:02:17:23 +0200] "GET /img/black-dots-vertical.png HTTP/1.1" 200 1165 "http://www.easydrivers.at/css/style.css" "Mozilla/5.0 (Macintosh; Intel Mac OS X 10_10_4) AppleWebKit/600.7.12 (KHTML, like Gecko) Version/8.0.7 Safari/600.7.12"
185.162.47.28 - - [17/Sep/2017:02:17:23 +0200] "GET /binaries/easy-drivers-portal/widget-icon-apppng.png HTTP/1.1" 200 2432 "http://www.easydrivers.at/" "Mozilla/5.0 (Macintosh; Intel Mac OS X 10_10_4) AppleWebKit/600.7.12 (KHTML, like Gecko) Version/8.0.7 Safari/600.7.12"
185.162.47.28 - - [17/Sep/2017:02:17:23 +0200] "GET /img/empty.gif HTTP/1.1" 200 43 "http://www.easydrivers.at/" "Mozilla/5.0 (Macintosh; Intel Mac OS X 10_10_4) AppleWebKit/600.7.12 (KHTML, like Gecko) Version/8.0.7 Safari/600.7.12"
185.162.47.28 - - [17/Sep/2017:02:17:24 +0200] "GET /img/selection-box-button.png HTTP/1.1" 200 1079 "http://www.easydrivers.at/css/style.css" "Mozilla/5.0 (Macintosh; Intel Mac OS X 10_10_4) AppleWebKit/600.7.12 (KHTML, like Gecko) Version/8.0.7 Safari/600.7.12"
185.162.47.28 - - [17/Sep/2017:02:17:24 +0200] "GET /img/submit-button.png HTTP/1.1" 200 1958 "http://www.easydrivers.at/" "Mozilla/5.0 (Macintosh; Intel Mac OS X 10_10_4) AppleWebKit/600.7.12 (KHTML, like Gecko) Version/8.0.7 Safari/600.7.12"
185.162.47.28 - - [17/Sep/2017:02:17:24 +0200] "GET /binaries/easy-drivers-portal/widget-icon-trainingpng.png HTTP/1.1" 200 2662 "http://www.easydrivers.at/" "Mozilla/5.0 (Macintosh; Intel Mac OS X 10_10_4) AppleWebKit/600.7.12 (KHTML, like Gecko) Version/8.0.7 Safari/600.7.12"
185.162.47.28 - - [17/Sep/2017:02:17:24 +0200] "GET /img/kursicon-print-pink.png HTTP/1.1" 200 1125 "http://www.easydrivers.at/" "Mozilla/5.0 (Macintosh; Intel Mac OS X 10_10_4) AppleWebKit/600.7.12 (KHTML, like Gecko) Version/8.0.7 Safari/600.7.12"
185.162.47.28 - - [17/Sep/2017:02:17:24 +0200] "GET /img/schweiz-icon.png HTTP/1.1" 200 1504 "http://www.easydrivers.at/" "Mozilla/5.0 (Macintosh; Intel Mac OS X 10_10_4) AppleWebKit/600.7.12 (KHTML, like Gecko) Version/8.0.7 Safari/600.7.12"
185.162.47.28 - - [17/Sep/2017:02:17:24 +0200] "GET /img/kursicon-download-pink.png HTTP/1.1" 200 1213 "http://www.easydrivers.at/" "Mozilla/5.0 (Macintosh; Intel Mac OS X 10_10_4) AppleWebKit/600.7.12 (KHTML, like Gecko) Version/8.0.7 Safari/600.7.12"
185.162.47.28 - - [17/Sep/2017:02:17:24 +0200] "GET /img/bg-footer.jpg HTTP/1.1" 200 31770 "http://www.easydrivers.at/css/style.css" "Mozilla/5.0 (Macintosh; Intel Mac OS X 10_10_4) AppleWebKit/600.7.12 (KHTML, like Gecko) Version/8.0.7 Safari/600.7.12"
185.162.47.28 - - [17/Sep/2017:02:17:25 +0200] "GET /img/kursicon-phone-pink.png HTTP/1.1" 200 1286 "http://www.easydrivers.at/" "Mozilla/5.0 (Macintosh; Intel Mac OS X 10_10_4) AppleWebKit/600.7.12 (KHTML, like Gecko) Version/8.0.7 Safari/600.7.12"
185.162.47.28 - - [17/Sep/2017:02:17:25 +0200] "GET /img/kursicon-share-pink.png HTTP/1.1" 200 1277 "http://www.easydrivers.at/" "Mozilla/5.0 (Macintosh; Intel Mac OS X 10_10_4) AppleWebKit/600.7.12 (KHTML, like Gecko) Version/8.0.7 Safari/600.7.12"
185.162.47.28 - - [17/Sep/2017:02:17:24 +0200] "GET /img/bg-top-section.jpg HTTP/1.1" 200 82172 "http://www.easydrivers.at/css/style.css" "Mozilla/5.0 (Macintosh; Intel Mac OS X 10_10_4) AppleWebKit/600.7.12 (KHTML, like Gecko) Version/8.0.7 Safari/600.7.12"
185.162.47.28 - - [17/Sep/2017:02:17:25 +0200] "GET /css/print.css HTTP/1.1" 200 967 "http://www.easydrivers.at/" "Mozilla/5.0 (Macintosh; Intel Mac OS X 10_10_4) AppleWebKit/600.7.12 (KHTML, like Gecko) Version/8.0.7 Safari/600.7.12"
40.77.167.77 - - [17/Sep/2017:02:17:25 +0200] "GET /waidhofen.thaya HTTP/1.1" 200 3605 "-" "Mozilla/5.0 (compatible; bingbot/2.0; +http://www.bing.com/bingbot.htm)"
157.55.39.231 - - [17/Sep/2017:02:17:41 +0200] "GET /schwechat HTTP/1.1" 200 3542 "-" "Mozilla/5.0 (compatible; bingbot/2.0; +http://www.bing.com/bingbot.htm)"
157.55.39.231 - - [17/Sep/2017:02:17:44 +0200] "GET /linz HTTP/1.1" 200 3379 "-" "Mozilla/5.0 (compatible; bingbot/2.0; +http://www.bing.com/bingbot.htm)"
185.162.47.28 - - [17/Sep/2017:02:17:48 +0200] "GET /fuehrerscheine/lkw HTTP/1.1" 200 2684 "-" "Mozilla/5.0 (Macintosh; Intel Mac OS X 10_10_4) AppleWebKit/600.7.12 (KHTML, like Gecko) Version/8.0.7 Safari/600.7.12"
185.162.47.28 - - [17/Sep/2017:02:17:50 +0200] "GET /css/style.css HTTP/1.1" 200 5004 "http://www.easydrivers.at/fuehrerscheine/lkw" "Mozilla/5.0 (Macintosh; Intel Mac OS X 10_10_4) AppleWebKit/600.7.12 (KHTML, like Gecko) Version/8.0.7 Safari/600.7.12"
185.162.47.28 - - [17/Sep/2017:02:17:50 +0200] "GET /javascript/jquery.cookie.js HTTP/1.1" 200 863 "http://www.easydrivers.at/fuehrerscheine/lkw" "Mozilla/5.0 (Macintosh; Intel Mac OS X 10_10_4) AppleWebKit/600.7.12 (KHTML, like Gecko) Version/8.0.7 Safari/600.7.12"
185.162.47.28 - - [17/Sep/2017:02:17:50 +0200] "GET /javascript/jquery.customSelect.min.js HTTP/1.1" 200 912 "http://www.easydrivers.at/fuehrerscheine/lkw" "Mozilla/5.0 (Macintosh; Intel Mac OS X 10_10_4) AppleWebKit/600.7.12 (KHTML, like Gecko) Version/8.0.7 Safari/600.7.12"
185.162.47.28 - - [17/Sep/2017:02:17:50 +0200] "GET /javascript/jquery.simplemodal.js HTTP/1.1" 200 3070 "http://www.easydrivers.at/fuehrerscheine/lkw" "Mozilla/5.0 (Macintosh; Intel Mac OS X 10_10_4) AppleWebKit/600.7.12 (KHTML, like Gecko) Version/8.0.7 Safari/600.7.12"
185.162.47.28 - - [17/Sep/2017:02:17:50 +0200] "GET /javascript/portal.js?1221842734 HTTP/1.1" 200 3529 "http://www.easydrivers.at/fuehrerscheine/lkw" "Mozilla/5.0 (Macintosh; Intel Mac OS X 10_10_4) AppleWebKit/600.7.12 (KHTML, like Gecko) Version/8.0.7 Safari/600.7.12"
185.162.47.28 - - [17/Sep/2017:02:17:52 +0200] "GET /img/ED_Logo.png HTTP/1.1" 200 3385 "http://www.easydrivers.at/css/style.css" "Mozilla/5.0 (Macintosh; Intel Mac OS X 10_10_4) AppleWebKit/600.7.12 (KHTML, like Gecko) Version/8.0.7 Safari/600.7.12"
185.162.47.28 - - [17/Sep/2017:02:17:52 +0200] "GET /javascript/lazyload.js HTTP/1.1" 200 1170 "http://www.easydrivers.at/fuehrerscheine/lkw" "Mozilla/5.0 (Macintosh; Intel Mac OS X 10_10_4) AppleWebKit/600.7.12 (KHTML, like Gecko) Version/8.0.7 Safari/600.7.12"
185.162.47.28 - - [17/Sep/2017:02:17:52 +0200] "GET /javascript/license.js HTTP/1.1" 200 315 "http://www.easydrivers.at/fuehrerscheine/lkw" "Mozilla/5.0 (Macintosh; Intel Mac OS X 10_10_4) AppleWebKit/600.7.12 (KHTML, like Gecko) Version/8.0.7 Safari/600.7.12"
185.162.47.28 - - [17/Sep/2017:02:17:52 +0200] "GET /img/close-button.png HTTP/1.1" 200 2237 "http://www.easydrivers.at/fuehrerscheine/lkw" "Mozilla/5.0 (Macintosh; Intel Mac OS X 10_10_4) AppleWebKit/600.7.12 (KHTML, like Gecko) Version/8.0.7 Safari/600.7.12"
185.162.47.28 - - [17/Sep/2017:02:17:52 +0200] "GET /img/facebook-icon.png HTTP/1.1" 200 1506 "http://www.easydrivers.at/fuehrerscheine/lkw" "Mozilla/5.0 (Macintosh; Intel Mac OS X 10_10_4) AppleWebKit/600.7.12 (KHTML, like Gecko) Version/8.0.7 Safari/600.7.12"
185.162.47.28 - - [17/Sep/2017:02:17:51 +0200] "GET /img/bg-header.jpg HTTP/1.1" 200 38680 "http://www.easydrivers.at/css/style.css" "Mozilla/5.0 (Macintosh; Intel Mac OS X 10_10_4) AppleWebKit/600.7.12 (KHTML, like Gecko) Version/8.0.7 Safari/600.7.12"
185.162.47.28 - - [17/Sep/2017:02:17:52 +0200] "GET /img/bg-yellow.jpg HTTP/1.1" 200 2250 "http://www.easydrivers.at/css/style.css" "Mozilla/5.0 (Macintosh; Intel Mac OS X 10_10_4) AppleWebKit/600.7.12 (KHTML, like Gecko) Version/8.0.7 Safari/600.7.12"
185.162.47.28 - - [17/Sep/2017:02:17:52 +0200] "GET /img/schweiz-icon.png HTTP/1.1" 200 1504 "http://www.easydrivers.at/fuehrerscheine/lkw" "Mozilla/5.0 (Macintosh; Intel Mac OS X 10_10_4) AppleWebKit/600.7.12 (KHTML, like Gecko) Version/8.0.7 Safari/600.7.12"
185.162.47.28 - - [17/Sep/2017:02:17:53 +0200] "GET /img/submit-button-small.png HTTP/1.1" 200 1456 "http://www.easydrivers.at/css/style.css" "Mozilla/5.0 (Macintosh; Intel Mac OS X 10_10_4) AppleWebKit/600.7.12 (KHTML, like Gecko) Version/8.0.7 Safari/600.7.12"
185.162.47.28 - - [17/Sep/2017:02:17:52 +0200] "GET /img/bg-footer.jpg HTTP/1.1" 200 31770 "http://www.easydrivers.at/css/style.css" "Mozilla/5.0 (Macintosh; Intel Mac OS X 10_10_4) AppleWebKit/600.7.12 (KHTML, like Gecko) Version/8.0.7 Safari/600.7.12"
185.162.47.28 - - [17/Sep/2017:02:17:52 +0200] "GET /binaries/easy-drivers-portal/lkw1jpg.jpg HTTP/1.1" 200 71423 "http://www.easydrivers.at/fuehrerscheine/lkw" "Mozilla/5.0 (Macintosh; Intel Mac OS X 10_10_4) AppleWebKit/600.7.12 (KHTML, like Gecko) Version/8.0.7 Safari/600.7.12"
185.162.47.28 - - [17/Sep/2017:02:17:53 +0200] "GET /img/kursicon-print-pink.png HTTP/1.1" 200 1125 "http://www.easydrivers.at/fuehrerscheine/lkw" "Mozilla/5.0 (Macintosh; Intel Mac OS X 10_10_4) AppleWebKit/600.7.12 (KHTML, like Gecko) Version/8.0.7 Safari/600.7.12"
185.162.47.28 - - [17/Sep/2017:02:17:53 +0200] "GET /img/kursicon-download-pink.png HTTP/1.1" 200 1213 "http://www.easydrivers.at/fuehrerscheine/lkw" "Mozilla/5.0 (Macintosh; Intel Mac OS X 10_10_4) AppleWebKit/600.7.12 (KHTML, like Gecko) Version/8.0.7 Safari/600.7.12"
185.162.47.28 - - [17/Sep/2017:02:17:53 +0200] "GET /img/kursicon-share-pink.png HTTP/1.1" 200 1277 "http://www.easydrivers.at/fuehrerscheine/lkw" "Mozilla/5.0 (Macintosh; Intel Mac OS X 10_10_4) AppleWebKit/600.7.12 (KHTML, like Gecko) Version/8.0.7 Safari/600.7.12"
185.162.47.28 - - [17/Sep/2017:02:17:54 +0200] "GET /css/print.css HTTP/1.1" 200 967 "http://www.easydrivers.at/fuehrerscheine/lkw" "Mozilla/5.0 (Macintosh; Intel Mac OS X 10_10_4) AppleWebKit/600.7.12 (KHTML, like Gecko) Version/8.0.7 Safari/600.7.12"
185.162.47.28 - - [17/Sep/2017:02:17:55 +0200] "GET /img/kursicon-phone-pink.png HTTP/1.1" 200 1286 "http://www.easydrivers.at/fuehrerscheine/lkw" "Mozilla/5.0 (Macintosh; Intel Mac OS X 10_10_4) AppleWebKit/600.7.12 (KHTML, like Gecko) Version/8.0.7 Safari/600.7.12"
157.55.39.184 - - [17/Sep/2017:02:17:57 +0200] "GET / HTTP/1.1" 301 295 "-" "Mozilla/5.0 (compatible; bingbot/2.0; +http://www.bing.com/bingbot.htm)"
46.125.249.91 - - [17/Sep/2017:02:18:12 +0200] "GET / HTTP/1.1" 200 3562 "-" "Mozilla/5.0 (Linux; Android 5.0; SAMSUNG SM-G900F Build/LRX21T) AppleWebKit/537.36 (KHTML, like Gecko) SamsungBrowser/2.1 Chrome/34.0.1847.76 Mobile Safari/537.36"
46.125.249.91 - - [17/Sep/2017:02:18:14 +0200] "GET /css/mobile.css HTTP/1.1" 200 2852 "http://www.easydrivers.at/" "Mozilla/5.0 (Linux; Android 5.0; SAMSUNG SM-G900F Build/LRX21T) AppleWebKit/537.36 (KHTML, like Gecko) SamsungBrowser/2.1 Chrome/34.0.1847.76 Mobile Safari/537.36"
46.125.249.91 - - [17/Sep/2017:02:18:14 +0200] "GET /javascript/jquery.cookie.js HTTP/1.1" 200 863 "http://www.easydrivers.at/" "Mozilla/5.0 (Linux; Android 5.0; SAMSUNG SM-G900F Build/LRX21T) AppleWebKit/537.36 (KHTML, like Gecko) SamsungBrowser/2.1 Chrome/34.0.1847.76 Mobile Safari/537.36"
46.125.249.91 - - [17/Sep/2017:02:18:14 +0200] "GET /javascript/mobile-menu.js HTTP/1.1" 200 1634 "http://www.easydrivers.at/" "Mozilla/5.0 (Linux; Android 5.0; SAMSUNG SM-G900F Build/LRX21T) AppleWebKit/537.36 (KHTML, like Gecko) SamsungBrowser/2.1 Chrome/34.0.1847.76 Mobile Safari/537.36"
46.125.249.91 - - [17/Sep/2017:02:18:14 +0200] "GET /javascript/jquery-1.9.1.min.js HTTP/1.1" 200 32731 "http://www.easydrivers.at/" "Mozilla/5.0 (Linux; Android 5.0; SAMSUNG SM-G900F Build/LRX21T) AppleWebKit/537.36 (KHTML, like Gecko) SamsungBrowser/2.1 Chrome/34.0.1847.76 Mobile Safari/537.36"
46.125.249.91 - - [17/Sep/2017:02:18:14 +0200] "GET /javascript/jquery.simplemodal.js HTTP/1.1" 200 3070 "http://www.easydrivers.at/" "Mozilla/5.0 (Linux; Android 5.0; SAMSUNG SM-G900F Build/LRX21T) AppleWebKit/537.36 (KHTML, like Gecko) SamsungBrowser/2.1 Chrome/34.0.1847.76 Mobile Safari/537.36"
46.125.249.91 - - [17/Sep/2017:02:18:14 +0200] "GET /javascript/lazyload.js HTTP/1.1" 200 1170 "http://www.easydrivers.at/" "Mozilla/5.0 (Linux; Android 5.0; SAMSUNG SM-G900F Build/LRX21T) AppleWebKit/537.36 (KHTML, like Gecko) SamsungBrowser/2.1 Chrome/34.0.1847.76 Mobile Safari/537.36"
46.125.249.91 - - [17/Sep/2017:02:18:14 +0200] "GET /javascript/mobile-homesearch.js HTTP/1.1" 200 340 "http://www.easydrivers.at/" "Mozilla/5.0 (Linux; Android 5.0; SAMSUNG SM-G900F Build/LRX21T) AppleWebKit/537.36 (KHTML, like Gecko) SamsungBrowser/2.1 Chrome/34.0.1847.76 Mobile Safari/537.36"
46.125.249.91 - - [17/Sep/2017:02:18:14 +0200] "GET /img/mobile/easydrivers-logo-mobile.png HTTP/1.1" 200 10766 "http://www.easydrivers.at/" "Mozilla/5.0 (Linux; Android 5.0; SAMSUNG SM-G900F Build/LRX21T) AppleWebKit/537.36 (KHTML, like Gecko) SamsungBrowser/2.1 Chrome/34.0.1847.76 Mobile Safari/537.36"
46.125.249.91 - - [17/Sep/2017:02:18:14 +0200] "GET /img/mobile/menu-button.png HTTP/1.1" 200 1746 "http://www.easydrivers.at/" "Mozilla/5.0 (Linux; Android 5.0; SAMSUNG SM-G900F Build/LRX21T) AppleWebKit/537.36 (KHTML, like Gecko) SamsungBrowser/2.1 Chrome/34.0.1847.76 Mobile Safari/537.36"
46.125.249.91 - - [17/Sep/2017:02:18:14 +0200] "GET /img/mobile/close-button.png HTTP/1.1" 200 2411 "http://www.easydrivers.at/" "Mozilla/5.0 (Linux; Android 5.0; SAMSUNG SM-G900F Build/LRX21T) AppleWebKit/537.36 (KHTML, like Gecko) SamsungBrowser/2.1 Chrome/34.0.1847.76 Mobile Safari/537.36"
46.125.249.91 - - [17/Sep/2017:02:18:14 +0200] "GET /img/mobile/facebook-icon.png HTTP/1.1" 200 1902 "http://www.easydrivers.at/" "Mozilla/5.0 (Linux; Android 5.0; SAMSUNG SM-G900F Build/LRX21T) AppleWebKit/537.36 (KHTML, like Gecko) SamsungBrowser/2.1 Chrome/34.0.1847.76 Mobile Safari/537.36"
46.125.249.91 - - [17/Sep/2017:02:18:14 +0200] "GET /img/mobile/widget-icon-app.png HTTP/1.1" 200 3458 "http://www.easydrivers.at/" "Mozilla/5.0 (Linux; Android 5.0; SAMSUNG SM-G900F Build/LRX21T) AppleWebKit/537.36 (KHTML, like Gecko) SamsungBrowser/2.1 Chrome/34.0.1847.76 Mobile Safari/537.36"
46.125.249.91 - - [17/Sep/2017:02:18:14 +0200] "GET /img/mobile/bg-header.jpg HTTP/1.1" 200 19741 "http://www.easydrivers.at/" "Mozilla/5.0 (Linux; Android 5.0; SAMSUNG SM-G900F Build/LRX21T) AppleWebKit/537.36 (KHTML, like Gecko) SamsungBrowser/2.1 Chrome/34.0.1847.76 Mobile Safari/537.36"
46.125.249.91 - - [17/Sep/2017:02:18:14 +0200] "GET /img/mobile/bg-menu.jpg HTTP/1.1" 200 1698 "http://www.easydrivers.at/" "Mozilla/5.0 (Linux; Android 5.0; SAMSUNG SM-G900F Build/LRX21T) AppleWebKit/537.36 (KHTML, like Gecko) SamsungBrowser/2.1 Chrome/34.0.1847.76 Mobile Safari/537.36"
46.125.249.91 - - [17/Sep/2017:02:18:14 +0200] "GET /img/mobile/bg-top-section.jpg HTTP/1.1" 200 21711 "http://www.easydrivers.at/" "Mozilla/5.0 (Linux; Android 5.0; SAMSUNG SM-G900F Build/LRX21T) AppleWebKit/537.36 (KHTML, like Gecko) SamsungBrowser/2.1 Chrome/34.0.1847.76 Mobile Safari/537.36"
46.125.249.91 - - [17/Sep/2017:02:18:14 +0200] "GET /img/mobile/pfeil-rechts.png HTTP/1.1" 200 1228 "http://www.easydrivers.at/" "Mozilla/5.0 (Linux; Android 5.0; SAMSUNG SM-G900F Build/LRX21T) AppleWebKit/537.36 (KHTML, like Gecko) SamsungBrowser/2.1 Chrome/34.0.1847.76 Mobile Safari/537.36"
46.125.249.91 - - [17/Sep/2017:02:18:15 +0200] "GET /img/favicon.ico HTTP/1.1" 404 300 "-" "Mozilla/5.0 (Linux; Android 5.0; SAMSUNG SM-G900F Build/LRX21T) AppleWebKit/537.36 (KHTML, like Gecko) SamsungBrowser/2.1 Chrome/34.0.1847.76 Mobile Safari/537.36"
40.77.167.77 - - [17/Sep/2017:02:18:57 +0200] "GET /berndorf HTTP/1.1" 200 3755 "-" "Mozilla/5.0 (compatible; bingbot/2.0; +http://www.bing.com/bingbot.htm)"
40.77.167.77 - - [17/Sep/2017:02:19:13 +0200] "GET /wallensteinplatz HTTP/1.1" 200 3706 "-" "Mozilla/5.0 (compatible; bingbot/2.0; +http://www.bing.com/bingbot.htm)"
40.77.167.77 - - [17/Sep/2017:02:19:27 +0200] "GET /wallensteinplatz HTTP/1.1" 200 3705 "-" "Mozilla/5.0 (compatible; bingbot/2.0; +http://www.bing.com/bingbot.htm)"
194.118.198.104 - - [17/Sep/2017:02:19:27 +0200] "GET /voesendorf/Aktionen HTTP/1.1" 200 3545 "http://m.facebook.com" "Mozilla/5.0 (iPhone; CPU iPhone OS 10_3_3 like Mac OS X) AppleWebKit/603.3.8 (KHTML, like Gecko) Mobile/14G60 [FBAN/FBIOS;FBAV/140.0.0.63.89;FBBV/70896504;FBDV/iPhone9,3;FBMD/iPhone;FBSN/iOS;FBSV/10.3.3;FBSS/2;FBCR/3Austria;FBID/phone;FBLC/de_DE;FBOP/5;FBRV/71584044]"
207.46.13.119 - - [17/Sep/2017:02:19:37 +0200] "GET /schwechat HTTP/1.1" 200 3543 "-" "Mozilla/5.0 (compatible; bingbot/2.0; +http://www.bing.com/bingbot.htm)"
193.154.57.193 - - [17/Sep/2017:02:20:34 +0200] "GET / HTTP/1.1" 200 4409 "-" "Mozilla/5.0 (Windows NT 6.3; WOW64; Trident/7.0; MAPBJS; rv:11.0) like Gecko"
88.117.29.43 - - [17/Sep/2017:02:21:01 +0200] "GET /javascript/jquery.cookie.js HTTP/1.1" 200 863 "-" "Mozilla/5.0 (Linux; Android 4.1.2; LT26i Build/6.2.B.1.96) AppleWebKit/537.36 (KHTML, like Gecko) Chrome/56.0.2924.87 Mobile Safari/537.36"
88.117.29.43 - - [17/Sep/2017:02:21:01 +0200] "GET /javascript/jquery.simplemodal.js HTTP/1.1" 200 3070 "-" "Mozilla/5.0 (Linux; Android 4.1.2; LT26i Build/6.2.B.1.96) AppleWebKit/537.36 (KHTML, like Gecko) Chrome/56.0.2924.87 Mobile Safari/537.36"
88.117.29.43 - - [17/Sep/2017:02:21:01 +0200] "GET /javascript/lazyload.js HTTP/1.1" 200 1170 "-" "Mozilla/5.0 (Linux; Android 4.1.2; LT26i Build/6.2.B.1.96) AppleWebKit/537.36 (KHTML, like Gecko) Chrome/56.0.2924.87 Mobile Safari/537.36"
88.117.29.43 - - [17/Sep/2017:02:21:06 +0200] "GET /img/mobile/bg-menu.jpg HTTP/1.1" 200 1698 "-" "Mozilla/5.0 (Linux; Android 4.1.2; LT26i Build/6.2.B.1.96) AppleWebKit/537.36 (KHTML, like Gecko) Chrome/56.0.2924.87 Mobile Safari/537.36"
88.117.29.43 - - [17/Sep/2017:02:21:06 +0200] "GET /javascript/mobile-menu.js HTTP/1.1" 304 - "-" "Mozilla/5.0 (Linux; Android 4.1.2; LT26i Build/6.2.B.1.96) AppleWebKit/537.36 (KHTML, like Gecko) Chrome/56.0.2924.87 Mobile Safari/537.36"
88.117.29.43 - - [17/Sep/2017:02:21:06 +0200] "GET /img/mobile/bg-header.jpg HTTP/1.1" 304 - "-" "Mozilla/5.0 (Linux; Android 4.1.2; LT26i Build/6.2.B.1.96) AppleWebKit/537.36 (KHTML, like Gecko) Chrome/56.0.2924.87 Mobile Safari/537.36"
88.117.29.43 - - [17/Sep/2017:02:21:06 +0200] "GET /img/mobile/menu-button.png HTTP/1.1" 304 - "-" "Mozilla/5.0 (Linux; Android 4.1.2; LT26i Build/6.2.B.1.96) AppleWebKit/537.36 (KHTML, like Gecko) Chrome/56.0.2924.87 Mobile Safari/537.36"
88.117.29.43 - - [17/Sep/2017:02:21:06 +0200] "GET /img/mobile/facebook-icon.png HTTP/1.1" 304 - "-" "Mozilla/5.0 (Linux; Android 4.1.2; LT26i Build/6.2.B.1.96) AppleWebKit/537.36 (KHTML, like Gecko) Chrome/56.0.2924.87 Mobile Safari/537.36"
88.117.29.43 - - [17/Sep/2017:02:21:06 +0200] "GET /css/mobile.css HTTP/1.1" 304 - "-" "Mozilla/5.0 (Linux; Android 4.1.2; LT26i Build/6.2.B.1.96) AppleWebKit/537.36 (KHTML, like Gecko) Chrome/56.0.2924.87 Mobile Safari/537.36"
88.117.29.43 - - [17/Sep/2017:02:21:06 +0200] "GET /img/mobile/close-button.png HTTP/1.1" 304 - "-" "Mozilla/5.0 (Linux; Android 4.1.2; LT26i Build/6.2.B.1.96) AppleWebKit/537.36 (KHTML, like Gecko) Chrome/56.0.2924.87 Mobile Safari/537.36"
88.117.29.43 - - [17/Sep/2017:02:21:06 +0200] "GET /javascript/jquery-1.9.1.min.js HTTP/1.1" 304 - "-" "Mozilla/5.0 (Linux; Android 4.1.2; LT26i Build/6.2.B.1.96) AppleWebKit/537.36 (KHTML, like Gecko) Chrome/56.0.2924.87 Mobile Safari/537.36"
88.117.29.43 - - [17/Sep/2017:02:21:06 +0200] "GET /img/mobile/easydrivers-logo-mobile.png HTTP/1.1" 304 - "-" "Mozilla/5.0 (Linux; Android 4.1.2; LT26i Build/6.2.B.1.96) AppleWebKit/537.36 (KHTML, like Gecko) Chrome/56.0.2924.87 Mobile Safari/537.36"
40.77.167.77 - - [17/Sep/2017:02:21:06 +0200] "GET /binaries/easy-drivers-neunkirchen--au/chillilouchjpg.jpg HTTP/1.1" 200 75364 "-" "Mozilla/5.0 (compatible; bingbot/2.0; +http://www.bing.com/bingbot.htm)"
88.117.29.43 - - [17/Sep/2017:02:21:07 +0200] "GET /img/smallicon-phone.png HTTP/1.1" 304 - "-" "Mozilla/5.0 (Linux; Android 4.1.2; LT26i Build/6.2.B.1.96) AppleWebKit/537.36 (KHTML, like Gecko) Chrome/56.0.2924.87 Mobile Safari/537.36"
88.117.29.43 - - [17/Sep/2017:02:21:07 +0200] "GET /img/smallicon-mail.png HTTP/1.1" 304 - "-" "Mozilla/5.0 (Linux; Android 4.1.2; LT26i Build/6.2.B.1.96) AppleWebKit/537.36 (KHTML, like Gecko) Chrome/56.0.2924.87 Mobile Safari/537.36"
88.117.29.43 - - [17/Sep/2017:02:21:08 +0200] "GET /img/smallicon-address.png HTTP/1.1" 304 - "-" "Mozilla/5.0 (Linux; Android 4.1.2; LT26i Build/6.2.B.1.96) AppleWebKit/537.36 (KHTML, like Gecko) Chrome/56.0.2924.87 Mobile Safari/537.36"
88.117.29.43 - - [17/Sep/2017:02:21:08 +0200] "GET /img/smallicon-time.png HTTP/1.1" 304 - "-" "Mozilla/5.0 (Linux; Android 4.1.2; LT26i Build/6.2.B.1.96) AppleWebKit/537.36 (KHTML, like Gecko) Chrome/56.0.2924.87 Mobile Safari/537.36"
88.117.29.43 - - [17/Sep/2017:02:21:08 +0200] "GET /img/mobile/googlemaps-pin.png HTTP/1.1" 304 - "-" "Mozilla/5.0 (Linux; Android 4.1.2; LT26i Build/6.2.B.1.96) AppleWebKit/537.36 (KHTML, like Gecko) Chrome/56.0.2924.87 Mobile Safari/537.36"
88.117.29.43 - - [17/Sep/2017:02:21:11 +0200] "GET /img/mobile/bg-top-section.jpg HTTP/1.1" 304 - "-" "Mozilla/5.0 (Linux; Android 4.1.2; LT26i Build/6.2.B.1.96) AppleWebKit/537.36 (KHTML, like Gecko) Chrome/56.0.2924.87 Mobile Safari/537.36"
88.117.29.43 - - [17/Sep/2017:02:21:11 +0200] "GET /img/mobile/info-button.png HTTP/1.1" 304 - "-" "Mozilla/5.0 (Linux; Android 4.1.2; LT26i Build/6.2.B.1.96) AppleWebKit/537.36 (KHTML, like Gecko) Chrome/56.0.2924.87 Mobile Safari/537.36"
88.117.29.43 - - [17/Sep/2017:02:21:13 +0200] "GET /img/mobile/info-close-button.png HTTP/1.1" 304 - "-" "Mozilla/5.0 (Linux; Android 4.1.2; LT26i Build/6.2.B.1.96) AppleWebKit/537.36 (KHTML, like Gecko) Chrome/56.0.2924.87 Mobile Safari/537.36"
88.117.29.43 - - [17/Sep/2017:02:21:13 +0200] "GET /javascript/mobile-fahrschule.js HTTP/1.1" 304 - "-" "Mozilla/5.0 (Linux; Android 4.1.2; LT26i Build/6.2.B.1.96) AppleWebKit/537.36 (KHTML, like Gecko) Chrome/56.0.2924.87 Mobile Safari/537.36"
88.117.29.43 - - [17/Sep/2017:02:21:13 +0200] "GET /img/smallicon-person.png HTTP/1.1" 304 - "-" "Mozilla/5.0 (Linux; Android 4.1.2; LT26i Build/6.2.B.1.96) AppleWebKit/537.36 (KHTML, like Gecko) Chrome/56.0.2924.87 Mobile Safari/537.36"
88.117.29.43 - - [17/Sep/2017:02:21:14 +0200] "GET /img/facebook-icon.png HTTP/1.1" 304 - "-" "Mozilla/5.0 (Linux; Android 4.1.2; LT26i Build/6.2.B.1.96) AppleWebKit/537.36 (KHTML, like Gecko) Chrome/56.0.2924.87 Mobile Safari/537.36"
88.117.29.43 - - [17/Sep/2017:02:21:14 +0200] "GET /css/style.css HTTP/1.1" 304 - "-" "Mozilla/5.0 (Linux; Android 4.1.2; LT26i Build/6.2.B.1.96) AppleWebKit/537.36 (KHTML, like Gecko) Chrome/56.0.2924.87 Mobile Safari/537.36"
88.117.29.43 - - [17/Sep/2017:02:21:14 +0200] "GET /img/kursicon-share-pink.png HTTP/1.1" 304 - "-" "Mozilla/5.0 (Linux; Android 4.1.2; LT26i Build/6.2.B.1.96) AppleWebKit/537.36 (KHTML, like Gecko) Chrome/56.0.2924.87 Mobile Safari/537.36"
88.117.29.43 - - [17/Sep/2017:02:21:14 +0200] "GET /img/kursicon-phone-pink.png HTTP/1.1" 304 - "-" "Mozilla/5.0 (Linux; Android 4.1.2; LT26i Build/6.2.B.1.96) AppleWebKit/537.36 (KHTML, like Gecko) Chrome/56.0.2924.87 Mobile Safari/537.36"
88.117.29.43 - - [17/Sep/2017:02:21:14 +0200] "GET /img/schweiz-icon.png HTTP/1.1" 304 - "-" "Mozilla/5.0 (Linux; Android 4.1.2; LT26i Build/6.2.B.1.96) AppleWebKit/537.36 (KHTML, like Gecko) Chrome/56.0.2924.87 Mobile Safari/537.36"
88.117.29.43 - - [17/Sep/2017:02:21:14 +0200] "GET /css/print.css HTTP/1.1" 304 - "-" "Mozilla/5.0 (Linux; Android 4.1.2; LT26i Build/6.2.B.1.96) AppleWebKit/537.36 (KHTML, like Gecko) Chrome/56.0.2924.87 Mobile Safari/537.36"
88.117.29.43 - - [17/Sep/2017:02:21:14 +0200] "GET /img/kursicon-download-pink.png HTTP/1.1" 304 - "-" "Mozilla/5.0 (Linux; Android 4.1.2; LT26i Build/6.2.B.1.96) AppleWebKit/537.36 (KHTML, like Gecko) Chrome/56.0.2924.87 Mobile Safari/537.36"
88.117.29.43 - - [17/Sep/2017:02:21:14 +0200] "GET /img/close-button.png HTTP/1.1" 304 - "-" "Mozilla/5.0 (Linux; Android 4.1.2; LT26i Build/6.2.B.1.96) AppleWebKit/537.36 (KHTML, like Gecko) Chrome/56.0.2924.87 Mobile Safari/537.36"
88.117.29.43 - - [17/Sep/2017:02:21:14 +0200] "GET /img/bg-footer.jpg HTTP/1.1" 304 - "-" "Mozilla/5.0 (Linux; Android 4.1.2; LT26i Build/6.2.B.1.96) AppleWebKit/537.36 (KHTML, like Gecko) Chrome/56.0.2924.87 Mobile Safari/537.36"
88.117.29.43 - - [17/Sep/2017:02:21:14 +0200] "GET /javascript/portal.js?1221842734 HTTP/1.1" 304 - "-" "Mozilla/5.0 (Linux; Android 4.1.2; LT26i Build/6.2.B.1.96) AppleWebKit/537.36 (KHTML, like Gecko) Chrome/56.0.2924.87 Mobile Safari/537.36"
88.117.29.43 - - [17/Sep/2017:02:21:14 +0200] "GET /img/bg-header.jpg HTTP/1.1" 304 - "-" "Mozilla/5.0 (Linux; Android 4.1.2; LT26i Build/6.2.B.1.96) AppleWebKit/537.36 (KHTML, like Gecko) Chrome/56.0.2924.87 Mobile Safari/537.36"
88.117.29.43 - - [17/Sep/2017:02:21:14 +0200] "GET /javascript/jquery.customSelect.min.js HTTP/1.1" 304 - "-" "Mozilla/5.0 (Linux; Android 4.1.2; LT26i Build/6.2.B.1.96) AppleWebKit/537.36 (KHTML, like Gecko) Chrome/56.0.2924.87 Mobile Safari/537.36"
88.117.29.43 - - [17/Sep/2017:02:21:14 +0200] "GET /img/kursicon-print-pink.png HTTP/1.1" 304 - "-" "Mozilla/5.0 (Linux; Android 4.1.2; LT26i Build/6.2.B.1.96) AppleWebKit/537.36 (KHTML, like Gecko) Chrome/56.0.2924.87 Mobile Safari/537.36"
88.117.29.43 - - [17/Sep/2017:02:21:15 +0200] "GET /img/ED_Logo.png HTTP/1.1" 304 - "-" "Mozilla/5.0 (Linux; Android 4.1.2; LT26i Build/6.2.B.1.96) AppleWebKit/537.36 (KHTML, like Gecko) Chrome/56.0.2924.87 Mobile Safari/537.36"
88.117.29.43 - - [17/Sep/2017:02:21:15 +0200] "GET /img/locator-icon.png HTTP/1.1" 304 - "-" "Mozilla/5.0 (Linux; Android 4.1.2; LT26i Build/6.2.B.1.96) AppleWebKit/537.36 (KHTML, like Gecko) Chrome/56.0.2924.87 Mobile Safari/537.36"
88.117.29.43 - - [17/Sep/2017:02:21:16 +0200] "GET /img/close-button-small.png HTTP/1.1" 304 - "-" "Mozilla/5.0 (Linux; Android 4.1.2; LT26i Build/6.2.B.1.96) AppleWebKit/537.36 (KHTML, like Gecko) Chrome/56.0.2924.87 Mobile Safari/537.36"
88.117.29.43 - - [17/Sep/2017:02:21:16 +0200] "GET /img/bg-top-section.jpg HTTP/1.1" 304 - "-" "Mozilla/5.0 (Linux; Android 4.1.2; LT26i Build/6.2.B.1.96) AppleWebKit/537.36 (KHTML, like Gecko) Chrome/56.0.2924.87 Mobile Safari/537.36"
88.117.29.43 - - [17/Sep/2017:02:21:17 +0200] "GET /javascript/fahrschule.js HTTP/1.1" 304 - "-" "Mozilla/5.0 (Linux; Android 4.1.2; LT26i Build/6.2.B.1.96) AppleWebKit/537.36 (KHTML, like Gecko) Chrome/56.0.2924.87 Mobile Safari/537.36"
88.117.29.43 - - [17/Sep/2017:02:21:18 +0200] "GET /img/purple-dots-horizontal.png HTTP/1.1" 200 977 "-" "Mozilla/5.0 (Linux; Android 4.1.2; LT26i Build/6.2.B.1.96) AppleWebKit/537.36 (KHTML, like Gecko) Chrome/56.0.2924.87 Mobile Safari/537.36"
88.117.29.43 - - [17/Sep/2017:02:21:18 +0200] "GET /img/info-button.png HTTP/1.1" 200 738 "-" "Mozilla/5.0 (Linux; Android 4.1.2; LT26i Build/6.2.B.1.96) AppleWebKit/537.36 (KHTML, like Gecko) Chrome/56.0.2924.87 Mobile Safari/537.36"
88.117.29.43 - - [17/Sep/2017:02:21:20 +0200] "GET /img/top-image-overlay.png HTTP/1.1" 200 20650 "-" "Mozilla/5.0 (Linux; Android 4.1.2; LT26i Build/6.2.B.1.96) AppleWebKit/537.36 (KHTML, like Gecko) Chrome/56.0.2924.87 Mobile Safari/537.36"
157.55.39.215 - - [17/Sep/2017:02:23:30 +0200] "GET /feldkirch HTTP/1.1" 200 3543 "-" "Mozilla/5.0 (compatible; bingbot/2.0; +http://www.bing.com/bingbot.htm)"
77.119.129.227 - - [17/Sep/2017:02:24:07 +0200] "GET /moedling/aktionen HTTP/1.1" 200 3655 "http://m.facebook.com/" "Mozilla/5.0 (Linux; Android 7.0; SM-G930F Build/NRD90M; wv) AppleWebKit/537.36 (KHTML, like Gecko) Version/4.0 Chrome/60.0.3112.116 Mobile Safari/537.36 [FB_IAB/FB4A;FBAV/141.0.0.31.91;]"
107.170.213.98 - - [17/Sep/2017:02:25:13 +0200] "GET / HTTP/1.1" 301 382 "-" "Mozilla/5.0 (Windows NT 10.0; WOW64) AppleWebKit/537.36 (KHTML, like Gecko) Chrome/54.0.2840.99 Safari/537.36"
107.170.213.98 - - [17/Sep/2017:02:25:13 +0200] "GET / HTTP/1.1" 200 15965 "-" "Mozilla/5.0 (Windows NT 10.0; WOW64) AppleWebKit/537.36 (KHTML, like Gecko) Chrome/54.0.2840.99 Safari/537.36"
40.77.167.77 - - [17/Sep/2017:02:26:00 +0200] "GET /hartberg HTTP/1.1" 200 3686 "-" "Mozilla/5.0 (compatible; bingbot/2.0; +http://www.bing.com/bingbot.htm)"
207.46.13.119 - - [17/Sep/2017:02:27:56 +0200] "GET /gmuend HTTP/1.1" 200 3579 "-" "Mozilla/5.0 (compatible; bingbot/2.0; +http://www.bing.com/bingbot.htm)"
66.249.65.82 - - [17/Sep/2017:02:28:13 +0200] "GET /voesendorf HTTP/1.1" 200 3787 "-" "Mozilla/5.0 (compatible; Googlebot/2.1; +http://www.google.com/bot.html)"
157.55.39.231 - - [17/Sep/2017:02:28:54 +0200] "GET /am.spitz HTTP/1.1" 200 3658 "-" "Mozilla/5.0 (compatible; bingbot/2.0; +http://www.bing.com/bingbot.htm)"
157.55.39.231 - - [17/Sep/2017:02:28:57 +0200] "GET /fuehrerscheine/bus HTTP/1.1" 200 2628 "-" "Mozilla/5.0 (compatible; bingbot/2.0; +http://www.bing.com/bingbot.htm)"
157.55.39.215 - - [17/Sep/2017:02:29:07 +0200] "GET /fahrschulen HTTP/1.1" 200 3928 "-" "Mozilla/5.0 (compatible; bingbot/2.0; +http://www.bing.com/bingbot.htm)"
207.46.13.119 - - [17/Sep/2017:02:30:54 +0200] "GET /ennstal.bad.aussee HTTP/1.1" 200 3634 "-" "Mozilla/5.0 (compatible; bingbot/2.0; +http://www.bing.com/bingbot.htm)"
40.77.167.77 - - [17/Sep/2017:02:31:02 +0200] "GET /st.valentin HTTP/1.1" 200 3676 "-" "Mozilla/5.0 (compatible; bingbot/2.0; +http://www.bing.com/bingbot.htm)"
91.141.2.66 - - [17/Sep/2017:02:32:22 +0200] "GET /wr.neustadt HTTP/1.1" 200 2986 "https://www.google.at/" "Mozilla/5.0 (iPhone; CPU iPhone OS 10_3_3 like Mac OS X) AppleWebKit/603.3.8 (KHTML, like Gecko) Version/10.0 Mobile/14G60 Safari/602.1"
91.141.2.66 - - [17/Sep/2017:02:32:24 +0200] "GET /javascript/mobile-menu.js HTTP/1.1" 200 1634 "http://www.easydrivers.at/wr.neustadt" "Mozilla/5.0 (iPhone; CPU iPhone OS 10_3_3 like Mac OS X) AppleWebKit/603.3.8 (KHTML, like Gecko) Version/10.0 Mobile/14G60 Safari/602.1"
91.141.2.66 - - [17/Sep/2017:02:32:24 +0200] "GET /javascript/jquery.cookie.js HTTP/1.1" 200 863 "http://www.easydrivers.at/wr.neustadt" "Mozilla/5.0 (iPhone; CPU iPhone OS 10_3_3 like Mac OS X) AppleWebKit/603.3.8 (KHTML, like Gecko) Version/10.0 Mobile/14G60 Safari/602.1"
91.141.2.66 - - [17/Sep/2017:02:32:24 +0200] "GET /css/mobile.css HTTP/1.1" 200 2852 "http://www.easydrivers.at/wr.neustadt" "Mozilla/5.0 (iPhone; CPU iPhone OS 10_3_3 like Mac OS X) AppleWebKit/603.3.8 (KHTML, like Gecko) Version/10.0 Mobile/14G60 Safari/602.1"
91.141.2.66 - - [17/Sep/2017:02:32:24 +0200] "GET /javascript/jquery-1.9.1.min.js HTTP/1.1" 200 32731 "http://www.easydrivers.at/wr.neustadt" "Mozilla/5.0 (iPhone; CPU iPhone OS 10_3_3 like Mac OS X) AppleWebKit/603.3.8 (KHTML, like Gecko) Version/10.0 Mobile/14G60 Safari/602.1"
91.141.2.66 - - [17/Sep/2017:02:32:24 +0200] "GET /javascript/lazyload.js HTTP/1.1" 200 1170 "http://www.easydrivers.at/wr.neustadt" "Mozilla/5.0 (iPhone; CPU iPhone OS 10_3_3 like Mac OS X) AppleWebKit/603.3.8 (KHTML, like Gecko) Version/10.0 Mobile/14G60 Safari/602.1"
91.141.2.66 - - [17/Sep/2017:02:32:24 +0200] "GET /javascript/mobile-fahrschule.js HTTP/1.1" 200 328 "http://www.easydrivers.at/wr.neustadt" "Mozilla/5.0 (iPhone; CPU iPhone OS 10_3_3 like Mac OS X) AppleWebKit/603.3.8 (KHTML, like Gecko) Version/10.0 Mobile/14G60 Safari/602.1"
