91.141.0.192 - - [17/Sep/2017:07:48:58 +0200] "GET /fuehrerscheine/traktor HTTP/1.1" 200 2869 "https://www.google.at/" "Mozilla/5.0 (Linux; Android 6.0.1; D5803 Build/23.5.A.1.291) AppleWebKit/537.36 (KHTML, like Gecko) Chrome/60.0.3112.116 Mobile Safari/537.36"
194.156.48.150 - - [17/Sep/2017:07:49:21 +0200] "GET /css/style.css HTTP/1.1" 200 24081 "-" "Mozilla/4.0 (compatible;)"
91.141.0.192 - - [17/Sep/2017:07:49:24 +0200] "GET /fuehrerscheine/traktor HTTP/1.1" 200 2869 "https://www.google.at/" "Mozilla/5.0 (Linux; Android 6.0.1; D5803 Build/23.5.A.1.291) AppleWebKit/537.36 (KHTML, like Gecko) Chrome/60.0.3112.116 Mobile Safari/537.36"
91.141.0.192 - - [17/Sep/2017:07:49:37 +0200] "GET /fuehrerscheine/auto HTTP/1.1" 200 5440 "http://www.easydrivers.at/fuehrerscheine/traktor" "Mozilla/5.0 (Linux; Android 6.0.1; D5803 Build/23.5.A.1.291) AppleWebKit/537.36 (KHTML, like Gecko) Chrome/60.0.3112.116 Mobile Safari/537.36"
40.77.167.77 - - [17/Sep/2017:07:50:07 +0200] "GET /bad.voeslau/kurse/ HTTP/1.1" 200 4420 "-" "Mozilla/5.0 (compatible; bingbot/2.0; +http://www.bing.com/bingbot.htm)"
213.96.0.33 - - [17/Sep/2017:07:50:16 +0200] "GET /voesendorf/Aktionen HTTP/1.1" 200 3545 "http://m.facebook.com" "Mozilla/5.0 (iPhone; CPU iPhone OS 11_0 like Mac OS X) AppleWebKit/604.1.38 (KHTML, like Gecko) Mobile/15A372 [FBAN/FBIOS;FBAV/140.0.0.63.89;FBBV/70896504;FBDV/iPhone7,1;FBMD/iPhone;FBSN/iOS;FBSV/11.0;FBSS/3;FBCR/3Austria;FBID/phone;FBLC/de_DE;FBOP/5;FBRV/71584044]"
193.80.185.240 - - [17/Sep/2017:07:51:46 +0200] "GET / HTTP/1.1" 200 3562 "android-app://com.google.android.googlequicksearchbox" "Mozilla/5.0 (Linux; Android 6.0.1; SM-A320FL Build/MMB29K) AppleWebKit/537.36 (KHTML, like Gecko) Chrome/60.0.3112.116 Mobile Safari/537.36"
193.80.185.240 - - [17/Sep/2017:07:51:48 +0200] "GET /css/mobile.css HTTP/1.1" 200 2852 "http://www.easydrivers.at/" "Mozilla/5.0 (Linux; Android 6.0.1; SM-A320FL Build/MMB29K) AppleWebKit/537.36 (KHTML, like Gecko) Chrome/60.0.3112.116 Mobile Safari/537.36"
193.80.185.240 - - [17/Sep/2017:07:51:48 +0200] "GET /javascript/jquery.cookie.js HTTP/1.1" 200 863 "http://www.easydrivers.at/" "Mozilla/5.0 (Linux; Android 6.0.1; SM-A320FL Build/MMB29K) AppleWebKit/537.36 (KHTML, like Gecko) Chrome/60.0.3112.116 Mobile Safari/537.36"
193.80.185.240 - - [17/Sep/2017:07:51:48 +0200] "GET /javascript/mobile-menu.js HTTP/1.1" 200 1634 "http://www.easydrivers.at/" "Mozilla/5.0 (Linux; Android 6.0.1; SM-A320FL Build/MMB29K) AppleWebKit/537.36 (KHTML, like Gecko) Chrome/60.0.3112.116 Mobile Safari/537.36"
193.80.185.240 - - [17/Sep/2017:07:51:48 +0200] "GET /javascript/jquery.simplemodal.js HTTP/1.1" 200 3070 "http://www.easydrivers.at/" "Mozilla/5.0 (Linux; Android 6.0.1; SM-A320FL Build/MMB29K) AppleWebKit/537.36 (KHTML, like Gecko) Chrome/60.0.3112.116 Mobile Safari/537.36"
193.80.185.240 - - [17/Sep/2017:07:51:48 +0200] "GET /javascript/jquery-1.9.1.min.js HTTP/1.1" 200 32731 "http://www.easydrivers.at/" "Mozilla/5.0 (Linux; Android 6.0.1; SM-A320FL Build/MMB29K) AppleWebKit/537.36 (KHTML, like Gecko) Chrome/60.0.3112.116 Mobile Safari/537.36"
193.80.185.240 - - [17/Sep/2017:07:51:48 +0200] "GET /javascript/mobile-homesearch.js HTTP/1.1" 200 340 "http://www.easydrivers.at/" "Mozilla/5.0 (Linux; Android 6.0.1; SM-A320FL Build/MMB29K) AppleWebKit/537.36 (KHTML, like Gecko) Chrome/60.0.3112.116 Mobile Safari/537.36"
193.80.185.240 - - [17/Sep/2017:07:51:48 +0200] "GET /javascript/lazyload.js HTTP/1.1" 200 1170 "http://www.easydrivers.at/" "Mozilla/5.0 (Linux; Android 6.0.1; SM-A320FL Build/MMB29K) AppleWebKit/537.36 (KHTML, like Gecko) Chrome/60.0.3112.116 Mobile Safari/537.36"
193.80.185.240 - - [17/Sep/2017:07:51:48 +0200] "GET /img/mobile/easydrivers-logo-mobile.png HTTP/1.1" 200 10766 "http://www.easydrivers.at/" "Mozilla/5.0 (Linux; Android 6.0.1; SM-A320FL Build/MMB29K) AppleWebKit/537.36 (KHTML, like Gecko) Chrome/60.0.3112.116 Mobile Safari/537.36"
62.46.158.254 - - [17/Sep/2017:07:51:48 +0200] "GET /img/new_favicon.ico HTTP/1.1" 200 1150 "-" "Mozilla/5.0 (Windows NT 10.0; WOW64; rv:55.0) Gecko/20100101 Firefox/55.0"
193.80.185.240 - - [17/Sep/2017:07:51:48 +0200] "GET /img/mobile/menu-button.png HTTP/1.1" 200 1746 "http://www.easydrivers.at/" "Mozilla/5.0 (Linux; Android 6.0.1; SM-A320FL Build/MMB29K) AppleWebKit/537.36 (KHTML, like Gecko) Chrome/60.0.3112.116 Mobile Safari/537.36"
193.80.185.240 - - [17/Sep/2017:07:51:48 +0200] "GET /img/mobile/close-button.png HTTP/1.1" 200 2411 "http://www.easydrivers.at/" "Mozilla/5.0 (Linux; Android 6.0.1; SM-A320FL Build/MMB29K) AppleWebKit/537.36 (KHTML, like Gecko) Chrome/60.0.3112.116 Mobile Safari/537.36"
193.80.185.240 - - [17/Sep/2017:07:51:48 +0200] "GET /img/mobile/facebook-icon.png HTTP/1.1" 200 1902 "http://www.easydrivers.at/" "Mozilla/5.0 (Linux; Android 6.0.1; SM-A320FL Build/MMB29K) AppleWebKit/537.36 (KHTML, like Gecko) Chrome/60.0.3112.116 Mobile Safari/537.36"
193.80.185.240 - - [17/Sep/2017:07:51:49 +0200] "GET /img/mobile/widget-icon-app.png HTTP/1.1" 200 3458 "http://www.easydrivers.at/" "Mozilla/5.0 (Linux; Android 6.0.1; SM-A320FL Build/MMB29K) AppleWebKit/537.36 (KHTML, like Gecko) Chrome/60.0.3112.116 Mobile Safari/537.36"
193.80.185.240 - - [17/Sep/2017:07:51:49 +0200] "GET /img/mobile/bg-header.jpg HTTP/1.1" 200 19741 "http://www.easydrivers.at/css/mobile.css" "Mozilla/5.0 (Linux; Android 6.0.1; SM-A320FL Build/MMB29K) AppleWebKit/537.36 (KHTML, like Gecko) Chrome/60.0.3112.116 Mobile Safari/537.36"
193.80.185.240 - - [17/Sep/2017:07:51:49 +0200] "GET /img/mobile/bg-menu.jpg HTTP/1.1" 200 1698 "http://www.easydrivers.at/css/mobile.css" "Mozilla/5.0 (Linux; Android 6.0.1; SM-A320FL Build/MMB29K) AppleWebKit/537.36 (KHTML, like Gecko) Chrome/60.0.3112.116 Mobile Safari/537.36"
193.80.185.240 - - [17/Sep/2017:07:51:49 +0200] "GET /img/mobile/bg-top-section.jpg HTTP/1.1" 200 21711 "http://www.easydrivers.at/css/mobile.css" "Mozilla/5.0 (Linux; Android 6.0.1; SM-A320FL Build/MMB29K) AppleWebKit/537.36 (KHTML, like Gecko) Chrome/60.0.3112.116 Mobile Safari/537.36"
193.80.185.240 - - [17/Sep/2017:07:51:49 +0200] "GET /img/mobile/pfeil-rechts.png HTTP/1.1" 200 1228 "http://www.easydrivers.at/css/mobile.css" "Mozilla/5.0 (Linux; Android 6.0.1; SM-A320FL Build/MMB29K) AppleWebKit/537.36 (KHTML, like Gecko) Chrome/60.0.3112.116 Mobile Safari/537.36"
193.80.185.240 - - [17/Sep/2017:07:51:49 +0200] "GET /img/favicon.ico HTTP/1.1" 404 300 "http://www.easydrivers.at/" "Mozilla/5.0 (Linux; Android 6.0.1; SM-A320FL Build/MMB29K) AppleWebKit/537.36 (KHTML, like Gecko) Chrome/60.0.3112.116 Mobile Safari/537.36"
181.128.62.21 - - [17/Sep/2017:07:52:18 +0200] "GET /wp-login.php HTTP/1.1" 404 8396 "-" "Mozilla/5.0 (Windows NT 6.1; WOW64; rv:40.0) Gecko/20100101 Firefox/40.1"
193.80.185.240 - - [17/Sep/2017:07:52:17 +0200] "GET /easy_drivers_st._peterau HTTP/1.1" 200 2972 "http://www.easydrivers.at/" "Mozilla/5.0 (Linux; Android 6.0.1; SM-A320FL Build/MMB29K) AppleWebKit/537.36 (KHTML, like Gecko) Chrome/60.0.3112.116 Mobile Safari/537.36"
193.80.185.240 - - [17/Sep/2017:07:52:20 +0200] "GET /javascript/mobile-fahrschule.js HTTP/1.1" 200 328 "http://www.easydrivers.at/easy_drivers_st._peterau" "Mozilla/5.0 (Linux; Android 6.0.1; SM-A320FL Build/MMB29K) AppleWebKit/537.36 (KHTML, like Gecko) Chrome/60.0.3112.116 Mobile Safari/537.36"
193.80.185.240 - - [17/Sep/2017:07:52:20 +0200] "GET /img/mobile/info-button.png HTTP/1.1" 200 1549 "http://www.easydrivers.at/easy_drivers_st._peterau" "Mozilla/5.0 (Linux; Android 6.0.1; SM-A320FL Build/MMB29K) AppleWebKit/537.36 (KHTML, like Gecko) Chrome/60.0.3112.116 Mobile Safari/537.36"
193.80.185.240 - - [17/Sep/2017:07:52:20 +0200] "GET /img/mobile/info-close-button.png HTTP/1.1" 200 1721 "http://www.easydrivers.at/easy_drivers_st._peterau" "Mozilla/5.0 (Linux; Android 6.0.1; SM-A320FL Build/MMB29K) AppleWebKit/537.36 (KHTML, like Gecko) Chrome/60.0.3112.116 Mobile Safari/537.36"
193.80.185.240 - - [17/Sep/2017:07:52:20 +0200] "GET /img/smallicon-person.png HTTP/1.1" 200 1141 "http://www.easydrivers.at/easy_drivers_st._peterau" "Mozilla/5.0 (Linux; Android 6.0.1; SM-A320FL Build/MMB29K) AppleWebKit/537.36 (KHTML, like Gecko) Chrome/60.0.3112.116 Mobile Safari/537.36"
193.80.185.240 - - [17/Sep/2017:07:52:20 +0200] "GET /img/smallicon-address.png HTTP/1.1" 200 1211 "http://www.easydrivers.at/easy_drivers_st._peterau" "Mozilla/5.0 (Linux; Android 6.0.1; SM-A320FL Build/MMB29K) AppleWebKit/537.36 (KHTML, like Gecko) Chrome/60.0.3112.116 Mobile Safari/537.36"
193.80.185.240 - - [17/Sep/2017:07:52:20 +0200] "GET /img/mobile/googlemaps-pin.png HTTP/1.1" 200 1597 "http://www.easydrivers.at/easy_drivers_st._peterau" "Mozilla/5.0 (Linux; Android 6.0.1; SM-A320FL Build/MMB29K) AppleWebKit/537.36 (KHTML, like Gecko) Chrome/60.0.3112.116 Mobile Safari/537.36"
193.80.185.240 - - [17/Sep/2017:07:52:20 +0200] "GET /img/smallicon-time.png HTTP/1.1" 200 1262 "http://www.easydrivers.at/easy_drivers_st._peterau" "Mozilla/5.0 (Linux; Android 6.0.1; SM-A320FL Build/MMB29K) AppleWebKit/537.36 (KHTML, like Gecko) Chrome/60.0.3112.116 Mobile Safari/537.36"
193.80.185.240 - - [17/Sep/2017:07:52:20 +0200] "GET /img/smallicon-phone.png HTTP/1.1" 200 3056 "http://www.easydrivers.at/easy_drivers_st._peterau" "Mozilla/5.0 (Linux; Android 6.0.1; SM-A320FL Build/MMB29K) AppleWebKit/537.36 (KHTML, like Gecko) Chrome/60.0.3112.116 Mobile Safari/537.36"
193.80.185.240 - - [17/Sep/2017:07:52:20 +0200] "GET /img/smallicon-mail.png HTTP/1.1" 200 1341 "http://www.easydrivers.at/easy_drivers_st._peterau" "Mozilla/5.0 (Linux; Android 6.0.1; SM-A320FL Build/MMB29K) AppleWebKit/537.36 (KHTML, like Gecko) Chrome/60.0.3112.116 Mobile Safari/537.36"
213.225.0.122 - - [17/Sep/2017:07:52:19 +0200] "GET /fuehrerscheine/lkw HTTP/1.1" 200 3733 "https://www.google.at/" "Mozilla/5.0 (Linux; Android 6.0.1; SAMSUNG SM-J510FN Build/MMB29M) AppleWebKit/537.36 (KHTML, like Gecko) SamsungBrowser/5.4 Chrome/51.0.2704.106 Mobile Safari/537.36"
181.128.62.21 - - [17/Sep/2017:07:52:20 +0200] "GET / HTTP/1.1" 200 15965 "-" "Mozilla/5.0 (Windows NT 6.1; WOW64; rv:40.0) Gecko/20100101 Firefox/40.1"
213.225.0.122 - - [17/Sep/2017:07:52:21 +0200] "GET /css/mobile.css HTTP/1.1" 200 2852 "http://www.easydrivers.at/fuehrerscheine/lkw" "Mozilla/5.0 (Linux; Android 6.0.1; SAMSUNG SM-J510FN Build/MMB29M) AppleWebKit/537.36 (KHTML, like Gecko) SamsungBrowser/5.4 Chrome/51.0.2704.106 Mobile Safari/537.36"
213.225.0.122 - - [17/Sep/2017:07:52:21 +0200] "GET /javascript/jquery.cookie.js HTTP/1.1" 200 863 "http://www.easydrivers.at/fuehrerscheine/lkw" "Mozilla/5.0 (Linux; Android 6.0.1; SAMSUNG SM-J510FN Build/MMB29M) AppleWebKit/537.36 (KHTML, like Gecko) SamsungBrowser/5.4 Chrome/51.0.2704.106 Mobile Safari/537.36"
213.225.0.122 - - [17/Sep/2017:07:52:21 +0200] "GET /javascript/jquery-1.9.1.min.js HTTP/1.1" 200 32731 "http://www.easydrivers.at/fuehrerscheine/lkw" "Mozilla/5.0 (Linux; Android 6.0.1; SAMSUNG SM-J510FN Build/MMB29M) AppleWebKit/537.36 (KHTML, like Gecko) SamsungBrowser/5.4 Chrome/51.0.2704.106 Mobile Safari/537.36"
213.225.0.122 - - [17/Sep/2017:07:52:21 +0200] "GET /javascript/mobile-license.js HTTP/1.1" 200 216 "http://www.easydrivers.at/fuehrerscheine/lkw" "Mozilla/5.0 (Linux; Android 6.0.1; SAMSUNG SM-J510FN Build/MMB29M) AppleWebKit/537.36 (KHTML, like Gecko) SamsungBrowser/5.4 Chrome/51.0.2704.106 Mobile Safari/537.36"
213.225.0.122 - - [17/Sep/2017:07:52:21 +0200] "GET /javascript/mobile-menu.js HTTP/1.1" 200 1634 "http://www.easydrivers.at/fuehrerscheine/lkw" "Mozilla/5.0 (Linux; Android 6.0.1; SAMSUNG SM-J510FN Build/MMB29M) AppleWebKit/537.36 (KHTML, like Gecko) SamsungBrowser/5.4 Chrome/51.0.2704.106 Mobile Safari/537.36"
213.225.0.122 - - [17/Sep/2017:07:52:21 +0200] "GET /javascript/jquery.simplemodal.js HTTP/1.1" 200 3070 "http://www.easydrivers.at/fuehrerscheine/lkw" "Mozilla/5.0 (Linux; Android 6.0.1; SAMSUNG SM-J510FN Build/MMB29M) AppleWebKit/537.36 (KHTML, like Gecko) SamsungBrowser/5.4 Chrome/51.0.2704.106 Mobile Safari/537.36"
213.225.0.122 - - [17/Sep/2017:07:52:21 +0200] "GET /javascript/lazyload.js HTTP/1.1" 200 1170 "http://www.easydrivers.at/fuehrerscheine/lkw" "Mozilla/5.0 (Linux; Android 6.0.1; SAMSUNG SM-J510FN Build/MMB29M) AppleWebKit/537.36 (KHTML, like Gecko) SamsungBrowser/5.4 Chrome/51.0.2704.106 Mobile Safari/537.36"
213.225.0.122 - - [17/Sep/2017:07:52:21 +0200] "GET /img/mobile/easydrivers-logo-mobile.png HTTP/1.1" 200 10766 "http://www.easydrivers.at/fuehrerscheine/lkw" "Mozilla/5.0 (Linux; Android 6.0.1; SAMSUNG SM-J510FN Build/MMB29M) AppleWebKit/537.36 (KHTML, like Gecko) SamsungBrowser/5.4 Chrome/51.0.2704.106 Mobile Safari/537.36"
213.225.0.122 - - [17/Sep/2017:07:52:21 +0200] "GET /img/mobile/menu-button.png HTTP/1.1" 200 1746 "http://www.easydrivers.at/fuehrerscheine/lkw" "Mozilla/5.0 (Linux; Android 6.0.1; SAMSUNG SM-J510FN Build/MMB29M) AppleWebKit/537.36 (KHTML, like Gecko) SamsungBrowser/5.4 Chrome/51.0.2704.106 Mobile Safari/537.36"
213.225.0.122 - - [17/Sep/2017:07:52:21 +0200] "GET /img/mobile/close-button.png HTTP/1.1" 200 2411 "http://www.easydrivers.at/fuehrerscheine/lkw" "Mozilla/5.0 (Linux; Android 6.0.1; SAMSUNG SM-J510FN Build/MMB29M) AppleWebKit/537.36 (KHTML, like Gecko) SamsungBrowser/5.4 Chrome/51.0.2704.106 Mobile Safari/537.36"
213.225.0.122 - - [17/Sep/2017:07:52:21 +0200] "GET /img/mobile/facebook-icon.png HTTP/1.1" 200 1902 "http://www.easydrivers.at/fuehrerscheine/lkw" "Mozilla/5.0 (Linux; Android 6.0.1; SAMSUNG SM-J510FN Build/MMB29M) AppleWebKit/537.36 (KHTML, like Gecko) SamsungBrowser/5.4 Chrome/51.0.2704.106 Mobile Safari/537.36"
213.225.0.122 - - [17/Sep/2017:07:52:22 +0200] "GET /img/mobile/bg-header.jpg HTTP/1.1" 200 19741 "http://www.easydrivers.at/css/mobile.css" "Mozilla/5.0 (Linux; Android 6.0.1; SAMSUNG SM-J510FN Build/MMB29M) AppleWebKit/537.36 (KHTML, like Gecko) SamsungBrowser/5.4 Chrome/51.0.2704.106 Mobile Safari/537.36"
213.225.0.122 - - [17/Sep/2017:07:52:22 +0200] "GET /img/mobile/bg-menu.jpg HTTP/1.1" 200 1698 "http://www.easydrivers.at/css/mobile.css" "Mozilla/5.0 (Linux; Android 6.0.1; SAMSUNG SM-J510FN Build/MMB29M) AppleWebKit/537.36 (KHTML, like Gecko) SamsungBrowser/5.4 Chrome/51.0.2704.106 Mobile Safari/537.36"
213.225.0.122 - - [17/Sep/2017:07:52:22 +0200] "GET /img/mobile/weiter-button.png HTTP/1.1" 200 1670 "http://www.easydrivers.at/css/mobile.css" "Mozilla/5.0 (Linux; Android 6.0.1; SAMSUNG SM-J510FN Build/MMB29M) AppleWebKit/537.36 (KHTML, like Gecko) SamsungBrowser/5.4 Chrome/51.0.2704.106 Mobile Safari/537.36"
213.225.0.122 - - [17/Sep/2017:07:52:22 +0200] "GET /img/mobile/bg-yellow.jpg HTTP/1.1" 200 1569 "http://www.easydrivers.at/css/mobile.css" "Mozilla/5.0 (Linux; Android 6.0.1; SAMSUNG SM-J510FN Build/MMB29M) AppleWebKit/537.36 (KHTML, like Gecko) SamsungBrowser/5.4 Chrome/51.0.2704.106 Mobile Safari/537.36"
213.225.0.122 - - [17/Sep/2017:07:52:22 +0200] "GET /img/favicon.ico HTTP/1.1" 404 300 "http://www.easydrivers.at/fuehrerscheine/lkw" "Mozilla/5.0 (Linux; Android 6.0.1; SAMSUNG SM-J510FN Build/MMB29M) AppleWebKit/537.36 (KHTML, like Gecko) SamsungBrowser/5.4 Chrome/51.0.2704.106 Mobile Safari/537.36"
62.93.126.35 - - [17/Sep/2017:07:52:23 +0200] "GET /krems?utm_source=facebook&utm_medium=ad&utm_campaign=moped HTTP/1.1" 200 2936 "http://m.facebook.com/" "Mozilla/5.0 (Linux; Android 4.4.2; LG-D505 Build/KOT49I.D50520i) AppleWebKit/537.36 (KHTML, like Gecko) Version/4.0 Chrome/30.0.0.0 Mobile Safari/537.36 [FB_IAB/FB4A;FBAV/141.0.0.31.91;]"
193.80.185.240 - - [17/Sep/2017:07:52:25 +0200] "POST /easy_drivers_st._peterau/kursauswahl HTTP/1.1" 200 3134 "http://www.easydrivers.at/easy_drivers_st._peterau" "Mozilla/5.0 (Linux; Android 6.0.1; SM-A320FL Build/MMB29K) AppleWebKit/537.36 (KHTML, like Gecko) Chrome/60.0.3112.116 Mobile Safari/537.36"
193.80.185.240 - - [17/Sep/2017:07:52:28 +0200] "POST /easy_drivers_st._peterau/kursauswahl HTTP/1.1" 200 3134 "http://www.easydrivers.at/easy_drivers_st._peterau" "Mozilla/5.0 (Linux; Android 6.0.1; SM-A320FL Build/MMB29K) AppleWebKit/537.36 (KHTML, like Gecko) Chrome/60.0.3112.116 Mobile Safari/537.36"
193.80.185.240 - - [17/Sep/2017:07:52:30 +0200] "GET /javascript/mobile-fahrschule-kurs-suchergebnis.js HTTP/1.1" 200 274 "http://www.easydrivers.at/easy_drivers_st._peterau/kursauswahl" "Mozilla/5.0 (Linux; Android 6.0.1; SM-A320FL Build/MMB29K) AppleWebKit/537.36 (KHTML, like Gecko) Chrome/60.0.3112.116 Mobile Safari/537.36"
193.80.185.240 - - [17/Sep/2017:07:52:30 +0200] "GET /img/mobile/pfeil-links-small.png HTTP/1.1" 200 1065 "http://www.easydrivers.at/css/mobile.css" "Mozilla/5.0 (Linux; Android 6.0.1; SM-A320FL Build/MMB29K) AppleWebKit/537.36 (KHTML, like Gecko) Chrome/60.0.3112.116 Mobile Safari/537.36"
193.80.185.240 - - [17/Sep/2017:07:52:30 +0200] "GET /img/mobile/bg-yellow.jpg HTTP/1.1" 200 1569 "http://www.easydrivers.at/css/mobile.css" "Mozilla/5.0 (Linux; Android 6.0.1; SM-A320FL Build/MMB29K) AppleWebKit/537.36 (KHTML, like Gecko) Chrome/60.0.3112.116 Mobile Safari/537.36"
193.80.185.240 - - [17/Sep/2017:07:52:30 +0200] "GET /img/loading-bars.gif HTTP/1.1" 200 3951 "http://www.easydrivers.at/css/mobile.css" "Mozilla/5.0 (Linux; Android 6.0.1; SM-A320FL Build/MMB29K) AppleWebKit/537.36 (KHTML, like Gecko) Chrome/60.0.3112.116 Mobile Safari/537.36"
213.225.0.122 - - [17/Sep/2017:07:52:38 +0200] "GET /fuehrerscheine/lkw HTTP/1.1" 200 3733 "http://www.easydrivers.at/fuehrerscheine/lkw" "Mozilla/5.0 (Linux; Android 6.0.1; SAMSUNG SM-J510FN Build/MMB29M) AppleWebKit/537.36 (KHTML, like Gecko) SamsungBrowser/5.4 Chrome/51.0.2704.106 Mobile Safari/537.36"
213.225.0.122 - - [17/Sep/2017:07:52:45 +0200] "GET /img/mobile/pfeil-links-small.png HTTP/1.1" 200 1065 "http://www.easydrivers.at/css/mobile.css" "Mozilla/5.0 (Linux; Android 6.0.1; SAMSUNG SM-J510FN Build/MMB29M) AppleWebKit/537.36 (KHTML, like Gecko) SamsungBrowser/5.4 Chrome/51.0.2704.106 Mobile Safari/537.36"
213.225.0.122 - - [17/Sep/2017:07:52:45 +0200] "GET /img/mobile/pfeil-rechts-small.png HTTP/1.1" 200 1056 "http://www.easydrivers.at/css/mobile.css" "Mozilla/5.0 (Linux; Android 6.0.1; SAMSUNG SM-J510FN Build/MMB29M) AppleWebKit/537.36 (KHTML, like Gecko) SamsungBrowser/5.4 Chrome/51.0.2704.106 Mobile Safari/537.36"
207.46.13.142 - - [17/Sep/2017:07:52:43 +0200] "GET /krems/BE-Kurs-November-2017?FS=BBE HTTP/1.1" 200 5708 "-" "Mozilla/5.0 (compatible; bingbot/2.0; +http://www.bing.com/bingbot.htm)"
66.249.65.82 - - [17/Sep/2017:07:52:59 +0200] "GET /binaries/easy-drivers-hollabrunn/-1.pdf HTTP/1.1" 200 64959 "-" "Googlebot/2.1 (+http://www.google.com/bot.html)"
193.80.185.240 - - [17/Sep/2017:07:53:10 +0200] "POST /loadkursliste HTTP/1.1" 200 428 "http://www.easydrivers.at/easy_drivers_st._peterau/kursauswahl" "Mozilla/5.0 (Linux; Android 6.0.1; SM-A320FL Build/MMB29K) AppleWebKit/537.36 (KHTML, like Gecko) Chrome/60.0.3112.116 Mobile Safari/537.36"
193.80.185.240 - - [17/Sep/2017:07:53:23 +0200] "GET /easy_drivers_st._peterau HTTP/1.1" 200 2972 "http://www.easydrivers.at/" "Mozilla/5.0 (Linux; Android 6.0.1; SM-A320FL Build/MMB29K) AppleWebKit/537.36 (KHTML, like Gecko) Chrome/60.0.3112.116 Mobile Safari/537.36"
193.80.185.240 - - [17/Sep/2017:07:53:31 +0200] "GET / HTTP/1.1" 200 3562 "android-app://com.google.android.googlequicksearchbox" "Mozilla/5.0 (Linux; Android 6.0.1; SM-A320FL Build/MMB29K) AppleWebKit/537.36 (KHTML, like Gecko) Chrome/60.0.3112.116 Mobile Safari/537.36"
193.80.185.240 - - [17/Sep/2017:07:53:38 +0200] "GET / HTTP/1.1" 200 3562 "android-app://com.google.android.googlequicksearchbox" "Mozilla/5.0 (Linux; Android 6.0.1; SM-A320FL Build/MMB29K) AppleWebKit/537.36 (KHTML, like Gecko) Chrome/60.0.3112.116 Mobile Safari/537.36"
193.80.185.240 - - [17/Sep/2017:07:53:58 +0200] "POST /suche HTTP/1.1" 200 11857 "http://www.easydrivers.at/" "Mozilla/5.0 (Linux; Android 6.0.1; SM-A320FL Build/MMB29K) AppleWebKit/537.36 (KHTML, like Gecko) Chrome/60.0.3112.116 Mobile Safari/537.36"
193.80.185.240 - - [17/Sep/2017:07:54:03 +0200] "GET /javascript/mobile-kurs-suchergebnis.js HTTP/1.1" 200 382 "http://www.easydrivers.at/suche" "Mozilla/5.0 (Linux; Android 6.0.1; SM-A320FL Build/MMB29K) AppleWebKit/537.36 (KHTML, like Gecko) Chrome/60.0.3112.116 Mobile Safari/537.36"
193.80.185.240 - - [17/Sep/2017:07:54:03 +0200] "GET /img/mobile/smallicon-address.png HTTP/1.1" 200 1424 "http://www.easydrivers.at/suche" "Mozilla/5.0 (Linux; Android 6.0.1; SM-A320FL Build/MMB29K) AppleWebKit/537.36 (KHTML, like Gecko) Chrome/60.0.3112.116 Mobile Safari/537.36"
193.80.185.240 - - [17/Sep/2017:07:54:03 +0200] "GET /img/mobile/smallicon-time.png HTTP/1.1" 200 1328 "http://www.easydrivers.at/suche" "Mozilla/5.0 (Linux; Android 6.0.1; SM-A320FL Build/MMB29K) AppleWebKit/537.36 (KHTML, like Gecko) Chrome/60.0.3112.116 Mobile Safari/537.36"
193.80.185.240 - - [17/Sep/2017:07:54:03 +0200] "GET /img/mobile/smallicon-phone.png HTTP/1.1" 200 1311 "http://www.easydrivers.at/suche" "Mozilla/5.0 (Linux; Android 6.0.1; SM-A320FL Build/MMB29K) AppleWebKit/537.36 (KHTML, like Gecko) Chrome/60.0.3112.116 Mobile Safari/537.36"
193.80.185.240 - - [17/Sep/2017:07:54:03 +0200] "GET /img/mobile/smallicon-mail.png HTTP/1.1" 200 1335 "http://www.easydrivers.at/suche" "Mozilla/5.0 (Linux; Android 6.0.1; SM-A320FL Build/MMB29K) AppleWebKit/537.36 (KHTML, like Gecko) Chrome/60.0.3112.116 Mobile Safari/537.36"
193.80.185.240 - - [17/Sep/2017:07:54:04 +0200] "GET /img/mobile/weiter-button.png HTTP/1.1" 200 1670 "http://www.easydrivers.at/css/mobile.css" "Mozilla/5.0 (Linux; Android 6.0.1; SM-A320FL Build/MMB29K) AppleWebKit/537.36 (KHTML, like Gecko) Chrome/60.0.3112.116 Mobile Safari/537.36"
193.80.185.240 - - [17/Sep/2017:07:54:09 +0200] "GET / HTTP/1.1" 200 3562 "android-app://com.google.android.googlequicksearchbox" "Mozilla/5.0 (Linux; Android 6.0.1; SM-A320FL Build/MMB29K) AppleWebKit/537.36 (KHTML, like Gecko) Chrome/60.0.3112.116 Mobile Safari/537.36"
193.80.185.240 - - [17/Sep/2017:07:54:19 +0200] "GET /fuehrerscheine/auto HTTP/1.1" 200 5440 "http://www.easydrivers.at/" "Mozilla/5.0 (Linux; Android 6.0.1; SM-A320FL Build/MMB29K) AppleWebKit/537.36 (KHTML, like Gecko) Chrome/60.0.3112.116 Mobile Safari/537.36"
193.80.185.240 - - [17/Sep/2017:07:54:21 +0200] "GET /javascript/mobile-license.js HTTP/1.1" 200 216 "http://www.easydrivers.at/fuehrerscheine/auto" "Mozilla/5.0 (Linux; Android 6.0.1; SM-A320FL Build/MMB29K) AppleWebKit/537.36 (KHTML, like Gecko) Chrome/60.0.3112.116 Mobile Safari/537.36"
207.46.13.142 - - [17/Sep/2017:07:54:26 +0200] "GET /fuehrerscheine/motorrad/a2vona1 HTTP/1.1" 301 312 "-" "Mozilla/5.0 (iPhone; CPU iPhone OS 7_0 like Mac OS X) AppleWebKit/537.51.1 (KHTML, like Gecko) Version/7.0 Mobile/11A465 Safari/9537.53 (compatible; bingbot/2.0; +http://www.bing.com/bingbot.htm)"
193.80.185.240 - - [17/Sep/2017:07:54:27 +0200] "GET /img/mobile/pfeil-rechts-small.png HTTP/1.1" 200 1056 "http://www.easydrivers.at/css/mobile.css" "Mozilla/5.0 (Linux; Android 6.0.1; SM-A320FL Build/MMB29K) AppleWebKit/537.36 (KHTML, like Gecko) Chrome/60.0.3112.116 Mobile Safari/537.36"
207.46.13.142 - - [17/Sep/2017:07:54:37 +0200] "GET /fuehrerscheine/motorrad/a2vona1 HTTP/1.1" 404 2359 "-" "Mozilla/5.0 (iPhone; CPU iPhone OS 7_0 like Mac OS X) AppleWebKit/537.51.1 (KHTML, like Gecko) Version/7.0 Mobile/11A465 Safari/9537.53 (compatible; bingbot/2.0; +http://www.bing.com/bingbot.htm)"
66.249.90.114 - - [17/Sep/2017:07:55:03 +0200] "GET /img/schweiz-icon.png HTTP/1.1" 200 1504 "http://www.easydrivers.at/bruck.leitha" "Mozilla/5.0 (X11; Linux x86_64) AppleWebKit/537.36 (KHTML, like Gecko; Google Page Speed Insights) Chrome/41.0.2272.118 Safari/537.36"
66.249.90.116 - - [17/Sep/2017:07:55:04 +0200] "GET /css/print.css HTTP/1.1" 200 967 "http://www.easydrivers.at/bruck.leitha" "Mozilla/5.0 (X11; Linux x86_64) AppleWebKit/537.36 (KHTML, like Gecko; Google Page Speed Insights) Chrome/41.0.2272.118 Safari/537.36"
66.249.90.114 - - [17/Sep/2017:07:55:04 +0200] "GET /javascript/jquery.customSelect.min.js HTTP/1.1" 200 912 "http://www.easydrivers.at/bruck.leitha" "Mozilla/5.0 (X11; Linux x86_64) AppleWebKit/537.36 (KHTML, like Gecko; Google Page Speed Insights) Chrome/41.0.2272.118 Safari/537.36"
66.249.90.116 - - [17/Sep/2017:07:55:05 +0200] "GET /img/close-button.png HTTP/1.1" 200 2237 "http://www.easydrivers.at/bruck.leitha" "Mozilla/5.0 (X11; Linux x86_64) AppleWebKit/537.36 (KHTML, like Gecko; Google Page Speed Insights) Chrome/41.0.2272.118 Safari/537.36"
66.249.90.116 - - [17/Sep/2017:07:55:05 +0200] "GET /javascript/jquery.simplemodal.js HTTP/1.1" 200 3070 "http://www.easydrivers.at/bruck.leitha" "Mozilla/5.0 (X11; Linux x86_64) AppleWebKit/537.36 (KHTML, like Gecko; Google Page Speed Insights) Chrome/41.0.2272.118 Safari/537.36"
66.249.90.114 - - [17/Sep/2017:07:55:05 +0200] "GET /javascript/fahrschule.js HTTP/1.1" 200 462 "http://www.easydrivers.at/bruck.leitha" "Mozilla/5.0 (X11; Linux x86_64) AppleWebKit/537.36 (KHTML, like Gecko; Google Page Speed Insights) Chrome/41.0.2272.118 Safari/537.36"
66.249.90.116 - - [17/Sep/2017:07:55:06 +0200] "GET /css/style.css HTTP/1.1" 200 5004 "http://www.easydrivers.at/bruck.leitha" "Mozilla/5.0 (X11; Linux x86_64) AppleWebKit/537.36 (KHTML, like Gecko; Google Page Speed Insights) Chrome/41.0.2272.118 Safari/537.36"
66.249.90.112 - - [17/Sep/2017:07:55:06 +0200] "GET /javascript/portal.js?1221842734 HTTP/1.1" 200 3529 "http://www.easydrivers.at/bruck.leitha" "Mozilla/5.0 (X11; Linux x86_64) AppleWebKit/537.36 (KHTML, like Gecko; Google Page Speed Insights) Chrome/41.0.2272.118 Safari/537.36"
66.249.90.114 - - [17/Sep/2017:07:55:07 +0200] "GET /javascript/lazyload.js HTTP/1.1" 200 1170 "http://www.easydrivers.at/bruck.leitha" "Mozilla/5.0 (X11; Linux x86_64) AppleWebKit/537.36 (KHTML, like Gecko; Google Page Speed Insights) Chrome/41.0.2272.118 Safari/537.36"
66.249.90.112 - - [17/Sep/2017:07:55:07 +0200] "GET /javascript/jquery.cookie.js HTTP/1.1" 200 863 "http://www.easydrivers.at/bruck.leitha" "Mozilla/5.0 (X11; Linux x86_64) AppleWebKit/537.36 (KHTML, like Gecko; Google Page Speed Insights) Chrome/41.0.2272.118 Safari/537.36"
66.249.90.112 - - [17/Sep/2017:07:55:08 +0200] "GET /binaries/easy-drivers-portal/widget-icon-apppng.png HTTP/1.1" 200 2432 "http://www.easydrivers.at/bruck.leitha" "Mozilla/5.0 (X11; Linux x86_64) AppleWebKit/537.36 (KHTML, like Gecko; Google Page Speed Insights) Chrome/41.0.2272.118 Safari/537.36"
66.249.90.112 - - [17/Sep/2017:07:55:08 +0200] "GET /img/submit-button.png HTTP/1.1" 200 1958 "http://www.easydrivers.at/bruck.leitha" "Mozilla/5.0 (X11; Linux x86_64) AppleWebKit/537.36 (KHTML, like Gecko; Google Page Speed Insights) Chrome/41.0.2272.118 Safari/537.36"
66.249.90.112 - - [17/Sep/2017:07:55:09 +0200] "GET /img/facebook-icon.png HTTP/1.1" 200 1506 "http://www.easydrivers.at/bruck.leitha" "Mozilla/5.0 (X11; Linux x86_64) AppleWebKit/537.36 (KHTML, like Gecko; Google Page Speed Insights) Chrome/41.0.2272.118 Safari/537.36"
66.249.90.112 - - [17/Sep/2017:07:55:09 +0200] "GET /binaries/easy-drivers-portal/widget-icon-expertspng.png HTTP/1.1" 200 2159 "http://www.easydrivers.at/bruck.leitha" "Mozilla/5.0 (X11; Linux x86_64) AppleWebKit/537.36 (KHTML, like Gecko; Google Page Speed Insights) Chrome/41.0.2272.118 Safari/537.36"
66.249.90.112 - - [17/Sep/2017:07:55:10 +0200] "GET /img/empty.gif HTTP/1.1" 200 43 "http://www.easydrivers.at/bruck.leitha" "Mozilla/5.0 (X11; Linux x86_64) AppleWebKit/537.36 (KHTML, like Gecko; Google Page Speed Insights) Chrome/41.0.2272.118 Safari/537.36"
66.249.90.112 - - [17/Sep/2017:07:55:10 +0200] "GET /binaries/easy-drivers-portal/widget-icon-trainingpng.png HTTP/1.1" 200 2662 "http://www.easydrivers.at/bruck.leitha" "Mozilla/5.0 (X11; Linux x86_64) AppleWebKit/537.36 (KHTML, like Gecko; Google Page Speed Insights) Chrome/41.0.2272.118 Safari/537.36"
66.249.90.112 - - [17/Sep/2017:07:55:10 +0200] "GET /img/info-button.png HTTP/1.1" 200 738 "http://www.easydrivers.at/bruck.leitha" "Mozilla/5.0 (X11; Linux x86_64) AppleWebKit/537.36 (KHTML, like Gecko; Google Page Speed Insights) Chrome/41.0.2272.118 Safari/537.36"
66.249.90.112 - - [17/Sep/2017:07:55:11 +0200] "GET /img/locator-icon.png HTTP/1.1" 200 1377 "http://www.easydrivers.at/bruck.leitha" "Mozilla/5.0 (X11; Linux x86_64) AppleWebKit/537.36 (KHTML, like Gecko; Google Page Speed Insights) Chrome/41.0.2272.118 Safari/537.36"
66.249.90.112 - - [17/Sep/2017:07:55:11 +0200] "GET /img/close-button-small.png HTTP/1.1" 200 1671 "http://www.easydrivers.at/bruck.leitha" "Mozilla/5.0 (X11; Linux x86_64) AppleWebKit/537.36 (KHTML, like Gecko; Google Page Speed Insights) Chrome/41.0.2272.118 Safari/537.36"
66.249.90.112 - - [17/Sep/2017:07:55:12 +0200] "GET /img/bg-top-section.jpg HTTP/1.1" 200 82172 "http://www.easydrivers.at/css/style.css" "Mozilla/5.0 (X11; Linux x86_64) AppleWebKit/537.36 (KHTML, like Gecko; Google Page Speed Insights) Chrome/41.0.2272.118 Safari/537.36"
66.249.90.112 - - [17/Sep/2017:07:55:13 +0200] "GET /img/purple-dots-horizontal.png HTTP/1.1" 200 977 "http://www.easydrivers.at/css/style.css" "Mozilla/5.0 (X11; Linux x86_64) AppleWebKit/537.36 (KHTML, like Gecko; Google Page Speed Insights) Chrome/41.0.2272.118 Safari/537.36"
66.249.90.112 - - [17/Sep/2017:07:55:13 +0200] "GET /img/kursicon-download-pink.png HTTP/1.1" 200 1213 "http://www.easydrivers.at/bruck.leitha" "Mozilla/5.0 (X11; Linux x86_64) AppleWebKit/537.36 (KHTML, like Gecko; Google Page Speed Insights) Chrome/41.0.2272.118 Safari/537.36"
66.249.90.112 - - [17/Sep/2017:07:55:13 +0200] "GET /img/kursicon-print-pink.png HTTP/1.1" 200 1125 "http://www.easydrivers.at/bruck.leitha" "Mozilla/5.0 (X11; Linux x86_64) AppleWebKit/537.36 (KHTML, like Gecko; Google Page Speed Insights) Chrome/41.0.2272.118 Safari/537.36"
66.249.90.112 - - [17/Sep/2017:07:55:14 +0200] "GET /img/yellow-dots-vertical.png HTTP/1.1" 200 981 "http://www.easydrivers.at/css/style.css" "Mozilla/5.0 (X11; Linux x86_64) AppleWebKit/537.36 (KHTML, like Gecko; Google Page Speed Insights) Chrome/41.0.2272.118 Safari/537.36"
213.225.10.4 - - [17/Sep/2017:07:55:15 +0200] "GET /krems?utm_source=facebook&utm_medium=ad&utm_campaign=motorrad HTTP/1.1" 200 2936 "http://m.facebook.com" "Mozilla/5.0 (iPhone; CPU iPhone OS 10_3_3 like Mac OS X) AppleWebKit/603.3.8 (KHTML, like Gecko) Mobile/14G60 [FBAN/FBIOS;FBAV/140.0.0.63.89;FBBV/70896504;FBDV/iPhone8,2;FBMD/iPhone;FBSN/iOS;FBSV/10.3.3;FBSS/3;FBCR/A1;FBID/phone;FBLC/de_DE;FBOP/5;FBRV/71584044]"
213.225.10.4 - - [17/Sep/2017:07:55:18 +0200] "GET /img/mobile/easydrivers-logo-mobile.png HTTP/1.1" 200 10766 "-" "Mozilla/5.0 (iPhone; CPU iPhone OS 10_3_3 like Mac OS X) AppleWebKit/603.3.8 (KHTML, like Gecko) Mobile/14G60 [FBAN/FBIOS;FBAV/140.0.0.63.89;FBBV/70896504;FBDV/iPhone8,2;FBMD/iPhone;FBSN/iOS;FBSV/10.3.3;FBSS/3;FBCR/A1;FBID/phone;FBLC/de_DE;FBOP/5;FBRV/71584044]"
193.80.185.240 - - [17/Sep/2017:07:55:17 +0200] "GET / HTTP/1.1" 200 3562 "android-app://com.google.android.googlequicksearchbox" "Mozilla/5.0 (Linux; Android 6.0.1; SM-A320FL Build/MMB29K) AppleWebKit/537.36 (KHTML, like Gecko) Chrome/60.0.3112.116 Mobile Safari/537.36"
193.80.185.240 - - [17/Sep/2017:07:55:21 +0200] "GET / HTTP/1.1" 200 3562 "android-app://com.google.android.googlequicksearchbox" "Mozilla/5.0 (Linux; Android 6.0.1; SM-A320FL Build/MMB29K) AppleWebKit/537.36 (KHTML, like Gecko) Chrome/60.0.3112.116 Mobile Safari/537.36"
193.80.185.240 - - [17/Sep/2017:07:55:35 +0200] "GET /fuehrerscheine/auto HTTP/1.1" 200 5440 "http://www.easydrivers.at/" "Mozilla/5.0 (Linux; Android 6.0.1; SM-A320FL Build/MMB29K) AppleWebKit/537.36 (KHTML, like Gecko) Chrome/60.0.3112.116 Mobile Safari/537.36"
193.80.185.240 - - [17/Sep/2017:07:56:33 +0200] "POST / HTTP/1.1" 200 3570 "http://www.easydrivers.at/fuehrerscheine/auto" "Mozilla/5.0 (Linux; Android 6.0.1; SM-A320FL Build/MMB29K) AppleWebKit/537.36 (KHTML, like Gecko) Chrome/60.0.3112.116 Mobile Safari/537.36"
193.80.185.240 - - [17/Sep/2017:07:56:46 +0200] "POST /suche HTTP/1.1" 200 5388 "http://www.easydrivers.at/" "Mozilla/5.0 (Linux; Android 6.0.1; SM-A320FL Build/MMB29K) AppleWebKit/537.36 (KHTML, like Gecko) Chrome/60.0.3112.116 Mobile Safari/537.36"
193.80.185.240 - - [17/Sep/2017:07:57:09 +0200] "GET /fuehrerscheine/auto HTTP/1.1" 200 5440 "http://www.easydrivers.at/" "Mozilla/5.0 (Linux; Android 6.0.1; SM-A320FL Build/MMB29K) AppleWebKit/537.36 (KHTML, like Gecko) Chrome/60.0.3112.116 Mobile Safari/537.36"
35.162.214.175 - - [17/Sep/2017:07:57:17 +0200] "GET / HTTP/1.1" 301 295 "-" "Magic Browser"
193.80.185.240 - - [17/Sep/2017:07:57:17 +0200] "GET / HTTP/1.1" 200 3562 "android-app://com.google.android.googlequicksearchbox" "Mozilla/5.0 (Linux; Android 6.0.1; SM-A320FL Build/MMB29K) AppleWebKit/537.36 (KHTML, like Gecko) Chrome/60.0.3112.116 Mobile Safari/537.36"
35.162.214.175 - - [17/Sep/2017:07:57:19 +0200] "GET / HTTP/1.1" 200 4409 "-" "Magic Browser"
66.249.65.84 - - [17/Sep/2017:07:57:22 +0200] "GET /moedling/10281879?FS=A HTTP/1.1" 410 3473 "-" "Mozilla/5.0 (compatible; Googlebot/2.1; +http://www.google.com/bot.html)"
199.193.251.133 - - [17/Sep/2017:07:57:28 +0200] "HEAD / HTTP/1.1" 501 - "https://www.inboundlinks.win/InboundLinks/www.easydrivers.at" "Mozilla/5.0 (compatible; MSIE 9.0; Windows NT 6.1; WOW64; Trident/5.0)"
216.244.66.249 - - [17/Sep/2017:07:57:43 +0200] "GET /robots.txt HTTP/1.1" 200 178 "-" "Mozilla/5.0 (compatible; DotBot/1.1; http://www.opensiteexplorer.org/dotbot, help@moz.com)"
91.115.18.55 - - [17/Sep/2017:07:58:24 +0200] "GET /krems?utm_source=facebook&utm_medium=ad&utm_campaign=motorrad HTTP/1.1" 200 2936 "http://m.facebook.com" "Mozilla/5.0 (iPhone; CPU iPhone OS 10_3_3 like Mac OS X) AppleWebKit/603.3.8 (KHTML, like Gecko) Mobile/14G60 [FBAN/FBIOS;FBAV/140.0.0.63.89;FBBV/70896504;FBDV/iPhone9,3;FBMD/iPhone;FBSN/iOS;FBSV/10.3.3;FBSS/2;FBCR/A1;FBID/phone;FBLC/de_DE;FBOP/5;FBRV/71584044]"
46.125.250.51 - - [17/Sep/2017:07:58:38 +0200] "GET /krems?utm_source=facebook&utm_medium=ad&utm_campaign=motorrad HTTP/1.1" 200 2936 "http://m.facebook.com" "Mozilla/5.0 (iPhone; CPU iPhone OS 10_3_3 like Mac OS X) AppleWebKit/603.3.8 (KHTML, like Gecko) Mobile/14G60 [FBAN/FBIOS;FBAV/140.0.0.63.89;FBBV/70896504;FBDV/iPhone8,1;FBMD/iPhone;FBSN/iOS;FBSV/10.3.3;FBSS/2;FBCR/T-MobileA;FBID/phone;FBLC/de_DE;FBOP/5;FBRV/71584044]"
46.125.250.51 - - [17/Sep/2017:07:58:41 +0200] "GET /img/mobile/easydrivers-logo-mobile.png HTTP/1.1" 200 10766 "-" "Mozilla/5.0 (iPhone; CPU iPhone OS 10_3_3 like Mac OS X) AppleWebKit/603.3.8 (KHTML, like Gecko) Mobile/14G60 [FBAN/FBIOS;FBAV/140.0.0.63.89;FBBV/70896504;FBDV/iPhone8,1;FBMD/iPhone;FBSN/iOS;FBSV/10.3.3;FBSS/2;FBCR/T-MobileA;FBID/phone;FBLC/de_DE;FBOP/5;FBRV/71584044]"
77.119.131.181 - - [17/Sep/2017:07:58:52 +0200] "GET /krems?utm_source=facebook&utm_medium=ad&utm_campaign=moped HTTP/1.1" 200 2936 "http://m.facebook.com" "Mozilla/5.0 (iPhone; CPU iPhone OS 10_3_3 like Mac OS X) AppleWebKit/603.3.8 (KHTML, like Gecko) Mobile/14G60 [FBAN/FBIOS;FBAV/139.0.0.46.90;FBBV/70207865;FBDV/iPhone9,3;FBMD/iPhone;FBSN/iOS;FBSV/10.3.3;FBSS/2;FBCR/3Austria;FBID/phone;FBLC/de_DE;FBOP/5;FBRV/71160268]"
77.119.131.181 - - [17/Sep/2017:07:58:55 +0200] "GET /img/mobile/easydrivers-logo-mobile.png HTTP/1.1" 200 10766 "-" "Mozilla/5.0 (iPhone; CPU iPhone OS 10_3_3 like Mac OS X) AppleWebKit/603.3.8 (KHTML, like Gecko) Mobile/14G60 [FBAN/FBIOS;FBAV/139.0.0.46.90;FBBV/70207865;FBDV/iPhone9,3;FBMD/iPhone;FBSN/iOS;FBSV/10.3.3;FBSS/2;FBCR/3Austria;FBID/phone;FBLC/de_DE;FBOP/5;FBRV/71160268]"
46.125.250.51 - - [17/Sep/2017:07:59:11 +0200] "GET /img/mobile/menu-button.png HTTP/1.1" 200 1746 "-" "Mozilla/5.0 (iPhone; CPU iPhone OS 10_3_3 like Mac OS X) AppleWebKit/603.3.8 (KHTML, like Gecko) Mobile/14G60 [FBAN/FBIOS;FBAV/140.0.0.63.89;FBBV/70896504;FBDV/iPhone8,1;FBMD/iPhone;FBSN/iOS;FBSV/10.3.3;FBSS/2;FBCR/T-MobileA;FBID/phone;FBLC/de_DE;FBOP/5;FBRV/71584044]"
77.119.131.181 - - [17/Sep/2017:07:59:25 +0200] "GET /img/mobile/menu-button.png HTTP/1.1" 200 1746 "-" "Mozilla/5.0 (iPhone; CPU iPhone OS 10_3_3 like Mac OS X) AppleWebKit/603.3.8 (KHTML, like Gecko) Mobile/14G60 [FBAN/FBIOS;FBAV/139.0.0.46.90;FBBV/70207865;FBDV/iPhone9,3;FBMD/iPhone;FBSN/iOS;FBSV/10.3.3;FBSS/2;FBCR/3Austria;FBID/phone;FBLC/de_DE;FBOP/5;FBRV/71160268]"
46.125.250.51 - - [17/Sep/2017:07:59:43 +0200] "GET /img/mobile/facebook-icon.png HTTP/1.1" 200 1902 "-" "Mozilla/5.0 (iPhone; CPU iPhone OS 10_3_3 like Mac OS X) AppleWebKit/603.3.8 (KHTML, like Gecko) Mobile/14G60 [FBAN/FBIOS;FBAV/140.0.0.63.89;FBBV/70896504;FBDV/iPhone8,1;FBMD/iPhone;FBSN/iOS;FBSV/10.3.3;FBSS/2;FBCR/T-MobileA;FBID/phone;FBLC/de_DE;FBOP/5;FBRV/71584044]"
46.125.250.51 - - [17/Sep/2017:08:00:13 +0200] "GET /img/mobile/info-button.png HTTP/1.1" 200 1549 "-" "Mozilla/5.0 (iPhone; CPU iPhone OS 10_3_3 like Mac OS X) AppleWebKit/603.3.8 (KHTML, like Gecko) Mobile/14G60 [FBAN/FBIOS;FBAV/140.0.0.63.89;FBBV/70896504;FBDV/iPhone8,1;FBMD/iPhone;FBSN/iOS;FBSV/10.3.3;FBSS/2;FBCR/T-MobileA;FBID/phone;FBLC/de_DE;FBOP/5;FBRV/71584044]"
93.82.102.227 - - [17/Sep/2017:08:00:42 +0200] "GET / HTTP/1.1" 200 3562 "https://www.google.at/" "Mozilla/5.0 (iPhone; CPU iPhone OS 10_3_3 like Mac OS X) AppleWebKit/603.3.8 (KHTML, like Gecko) Version/10.0 Mobile/14G60 Safari/602.1"
93.82.102.227 - - [17/Sep/2017:08:00:44 +0200] "GET /css/mobile.css HTTP/1.1" 200 2852 "http://www.easydrivers.at/" "Mozilla/5.0 (iPhone; CPU iPhone OS 10_3_3 like Mac OS X) AppleWebKit/603.3.8 (KHTML, like Gecko) Version/10.0 Mobile/14G60 Safari/602.1"
93.82.102.227 - - [17/Sep/2017:08:00:44 +0200] "GET /javascript/jquery.cookie.js HTTP/1.1" 200 863 "http://www.easydrivers.at/" "Mozilla/5.0 (iPhone; CPU iPhone OS 10_3_3 like Mac OS X) AppleWebKit/603.3.8 (KHTML, like Gecko) Version/10.0 Mobile/14G60 Safari/602.1"
93.82.102.227 - - [17/Sep/2017:08:00:44 +0200] "GET /javascript/jquery-1.9.1.min.js HTTP/1.1" 200 32731 "http://www.easydrivers.at/" "Mozilla/5.0 (iPhone; CPU iPhone OS 10_3_3 like Mac OS X) AppleWebKit/603.3.8 (KHTML, like Gecko) Version/10.0 Mobile/14G60 Safari/602.1"
93.82.102.227 - - [17/Sep/2017:08:00:44 +0200] "GET /javascript/mobile-menu.js HTTP/1.1" 200 1634 "http://www.easydrivers.at/" "Mozilla/5.0 (iPhone; CPU iPhone OS 10_3_3 like Mac OS X) AppleWebKit/603.3.8 (KHTML, like Gecko) Version/10.0 Mobile/14G60 Safari/602.1"
93.82.102.227 - - [17/Sep/2017:08:00:44 +0200] "GET /javascript/jquery.simplemodal.js HTTP/1.1" 200 3070 "http://www.easydrivers.at/" "Mozilla/5.0 (iPhone; CPU iPhone OS 10_3_3 like Mac OS X) AppleWebKit/603.3.8 (KHTML, like Gecko) Version/10.0 Mobile/14G60 Safari/602.1"
93.82.102.227 - - [17/Sep/2017:08:00:44 +0200] "GET /javascript/lazyload.js HTTP/1.1" 200 1170 "http://www.easydrivers.at/" "Mozilla/5.0 (iPhone; CPU iPhone OS 10_3_3 like Mac OS X) AppleWebKit/603.3.8 (KHTML, like Gecko) Version/10.0 Mobile/14G60 Safari/602.1"
93.82.102.227 - - [17/Sep/2017:08:00:44 +0200] "GET /javascript/mobile-homesearch.js HTTP/1.1" 200 340 "http://www.easydrivers.at/" "Mozilla/5.0 (iPhone; CPU iPhone OS 10_3_3 like Mac OS X) AppleWebKit/603.3.8 (KHTML, like Gecko) Version/10.0 Mobile/14G60 Safari/602.1"
93.82.102.227 - - [17/Sep/2017:08:00:44 +0200] "GET /img/mobile/easydrivers-logo-mobile.png HTTP/1.1" 200 10766 "http://www.easydrivers.at/" "Mozilla/5.0 (iPhone; CPU iPhone OS 10_3_3 like Mac OS X) AppleWebKit/603.3.8 (KHTML, like Gecko) Version/10.0 Mobile/14G60 Safari/602.1"
93.82.102.227 - - [17/Sep/2017:08:00:45 +0200] "GET /img/mobile/menu-button.png HTTP/1.1" 200 1746 "http://www.easydrivers.at/" "Mozilla/5.0 (iPhone; CPU iPhone OS 10_3_3 like Mac OS X) AppleWebKit/603.3.8 (KHTML, like Gecko) Version/10.0 Mobile/14G60 Safari/602.1"
93.82.102.227 - - [17/Sep/2017:08:00:45 +0200] "GET /img/mobile/close-button.png HTTP/1.1" 200 2411 "http://www.easydrivers.at/" "Mozilla/5.0 (iPhone; CPU iPhone OS 10_3_3 like Mac OS X) AppleWebKit/603.3.8 (KHTML, like Gecko) Version/10.0 Mobile/14G60 Safari/602.1"
93.82.102.227 - - [17/Sep/2017:08:00:45 +0200] "GET /img/mobile/facebook-icon.png HTTP/1.1" 200 1902 "http://www.easydrivers.at/" "Mozilla/5.0 (iPhone; CPU iPhone OS 10_3_3 like Mac OS X) AppleWebKit/603.3.8 (KHTML, like Gecko) Version/10.0 Mobile/14G60 Safari/602.1"
93.82.102.227 - - [17/Sep/2017:08:00:45 +0200] "GET /img/mobile/widget-icon-app.png HTTP/1.1" 200 3458 "http://www.easydrivers.at/" "Mozilla/5.0 (iPhone; CPU iPhone OS 10_3_3 like Mac OS X) AppleWebKit/603.3.8 (KHTML, like Gecko) Version/10.0 Mobile/14G60 Safari/602.1"
46.125.250.51 - - [17/Sep/2017:08:00:45 +0200] "GET /img/mobile/info-close-button.png HTTP/1.1" 200 1721 "-" "Mozilla/5.0 (iPhone; CPU iPhone OS 10_3_3 like Mac OS X) AppleWebKit/603.3.8 (KHTML, like Gecko) Mobile/14G60 [FBAN/FBIOS;FBAV/140.0.0.63.89;FBBV/70896504;FBDV/iPhone8,1;FBMD/iPhone;FBSN/iOS;FBSV/10.3.3;FBSS/2;FBCR/T-MobileA;FBID/phone;FBLC/de_DE;FBOP/5;FBRV/71584044]"
93.82.102.227 - - [17/Sep/2017:08:00:45 +0200] "GET /img/mobile/bg-menu.jpg HTTP/1.1" 200 1698 "http://www.easydrivers.at/" "Mozilla/5.0 (iPhone; CPU iPhone OS 10_3_3 like Mac OS X) AppleWebKit/603.3.8 (KHTML, like Gecko) Version/10.0 Mobile/14G60 Safari/602.1"
93.82.102.227 - - [17/Sep/2017:08:00:45 +0200] "GET /img/mobile/bg-header.jpg HTTP/1.1" 200 19741 "http://www.easydrivers.at/" "Mozilla/5.0 (iPhone; CPU iPhone OS 10_3_3 like Mac OS X) AppleWebKit/603.3.8 (KHTML, like Gecko) Version/10.0 Mobile/14G60 Safari/602.1"
93.82.102.227 - - [17/Sep/2017:08:00:45 +0200] "GET /img/mobile/pfeil-rechts.png HTTP/1.1" 200 1228 "http://www.easydrivers.at/" "Mozilla/5.0 (iPhone; CPU iPhone OS 10_3_3 like Mac OS X) AppleWebKit/603.3.8 (KHTML, like Gecko) Version/10.0 Mobile/14G60 Safari/602.1"
93.82.102.227 - - [17/Sep/2017:08:00:45 +0200] "GET /img/mobile/bg-top-section.jpg HTTP/1.1" 200 21711 "http://www.easydrivers.at/" "Mozilla/5.0 (iPhone; CPU iPhone OS 10_3_3 like Mac OS X) AppleWebKit/603.3.8 (KHTML, like Gecko) Version/10.0 Mobile/14G60 Safari/602.1"
87.243.181.119 - - [17/Sep/2017:08:00:56 +0200] "GET /fuehrerscheine/traktor HTTP/1.1" 200 2599 "https://www.google.at/" "Mozilla/5.0 (Windows NT 6.3; Win64; x64) AppleWebKit/537.36 (KHTML, like Gecko) Chrome/60.0.3112.113 Safari/537.36"
87.243.181.119 - - [17/Sep/2017:08:00:58 +0200] "GET /css/style.css HTTP/1.1" 200 5004 "http://www.easydrivers.at/fuehrerscheine/traktor" "Mozilla/5.0 (Windows NT 6.3; Win64; x64) AppleWebKit/537.36 (KHTML, like Gecko) Chrome/60.0.3112.113 Safari/537.36"
87.243.181.119 - - [17/Sep/2017:08:00:58 +0200] "GET /javascript/jquery.customSelect.min.js HTTP/1.1" 200 912 "http://www.easydrivers.at/fuehrerscheine/traktor" "Mozilla/5.0 (Windows NT 6.3; Win64; x64) AppleWebKit/537.36 (KHTML, like Gecko) Chrome/60.0.3112.113 Safari/537.36"
87.243.181.119 - - [17/Sep/2017:08:00:58 +0200] "GET /javascript/jquery.simplemodal.js HTTP/1.1" 200 3070 "http://www.easydrivers.at/fuehrerscheine/traktor" "Mozilla/5.0 (Windows NT 6.3; Win64; x64) AppleWebKit/537.36 (KHTML, like Gecko) Chrome/60.0.3112.113 Safari/537.36"
87.243.181.119 - - [17/Sep/2017:08:00:58 +0200] "GET /javascript/jquery.cookie.js HTTP/1.1" 200 863 "http://www.easydrivers.at/fuehrerscheine/traktor" "Mozilla/5.0 (Windows NT 6.3; Win64; x64) AppleWebKit/537.36 (KHTML, like Gecko) Chrome/60.0.3112.113 Safari/537.36"
87.243.181.119 - - [17/Sep/2017:08:00:58 +0200] "GET /javascript/portal.js?1221842734 HTTP/1.1" 200 3529 "http://www.easydrivers.at/fuehrerscheine/traktor" "Mozilla/5.0 (Windows NT 6.3; Win64; x64) AppleWebKit/537.36 (KHTML, like Gecko) Chrome/60.0.3112.113 Safari/537.36"
87.243.181.119 - - [17/Sep/2017:08:00:58 +0200] "GET /javascript/license.js HTTP/1.1" 200 315 "http://www.easydrivers.at/fuehrerscheine/traktor" "Mozilla/5.0 (Windows NT 6.3; Win64; x64) AppleWebKit/537.36 (KHTML, like Gecko) Chrome/60.0.3112.113 Safari/537.36"
87.243.181.119 - - [17/Sep/2017:08:00:58 +0200] "GET /img/close-button.png HTTP/1.1" 200 2237 "http://www.easydrivers.at/fuehrerscheine/traktor" "Mozilla/5.0 (Windows NT 6.3; Win64; x64) AppleWebKit/537.36 (KHTML, like Gecko) Chrome/60.0.3112.113 Safari/537.36"
87.243.181.119 - - [17/Sep/2017:08:00:58 +0200] "GET /javascript/lazyload.js HTTP/1.1" 200 1170 "http://www.easydrivers.at/fuehrerscheine/traktor" "Mozilla/5.0 (Windows NT 6.3; Win64; x64) AppleWebKit/537.36 (KHTML, like Gecko) Chrome/60.0.3112.113 Safari/537.36"
87.243.181.119 - - [17/Sep/2017:08:00:58 +0200] "GET /img/facebook-icon.png HTTP/1.1" 200 1506 "http://www.easydrivers.at/fuehrerscheine/traktor" "Mozilla/5.0 (Windows NT 6.3; Win64; x64) AppleWebKit/537.36 (KHTML, like Gecko) Chrome/60.0.3112.113 Safari/537.36"
87.243.181.119 - - [17/Sep/2017:08:00:58 +0200] "GET /img/schweiz-icon.png HTTP/1.1" 200 1504 "http://www.easydrivers.at/fuehrerscheine/traktor" "Mozilla/5.0 (Windows NT 6.3; Win64; x64) AppleWebKit/537.36 (KHTML, like Gecko) Chrome/60.0.3112.113 Safari/537.36"
87.243.181.119 - - [17/Sep/2017:08:00:58 +0200] "GET /css/print.css HTTP/1.1" 200 967 "http://www.easydrivers.at/fuehrerscheine/traktor" "Mozilla/5.0 (Windows NT 6.3; Win64; x64) AppleWebKit/537.36 (KHTML, like Gecko) Chrome/60.0.3112.113 Safari/537.36"
87.243.181.119 - - [17/Sep/2017:08:00:58 +0200] "GET /img/ED_Logo.png HTTP/1.1" 200 3385 "http://www.easydrivers.at/css/style.css" "Mozilla/5.0 (Windows NT 6.3; Win64; x64) AppleWebKit/537.36 (KHTML, like Gecko) Chrome/60.0.3112.113 Safari/537.36"
87.243.181.119 - - [17/Sep/2017:08:00:58 +0200] "GET /img/bg-header.jpg HTTP/1.1" 200 38680 "http://www.easydrivers.at/css/style.css" "Mozilla/5.0 (Windows NT 6.3; Win64; x64) AppleWebKit/537.36 (KHTML, like Gecko) Chrome/60.0.3112.113 Safari/537.36"
87.243.181.119 - - [17/Sep/2017:08:00:58 +0200] "GET /img/bg-footer.jpg HTTP/1.1" 200 31770 "http://www.easydrivers.at/css/style.css" "Mozilla/5.0 (Windows NT 6.3; Win64; x64) AppleWebKit/537.36 (KHTML, like Gecko) Chrome/60.0.3112.113 Safari/537.36"
87.243.181.119 - - [17/Sep/2017:08:00:58 +0200] "GET /binaries/easy-drivers-portal/traktor1jpg.jpg HTTP/1.1" 200 121024 "http://www.easydrivers.at/fuehrerscheine/traktor" "Mozilla/5.0 (Windows NT 6.3; Win64; x64) AppleWebKit/537.36 (KHTML, like Gecko) Chrome/60.0.3112.113 Safari/537.36"
87.243.181.119 - - [17/Sep/2017:08:00:58 +0200] "GET /img/submit-button-small.png HTTP/1.1" 200 1456 "http://www.easydrivers.at/css/style.css" "Mozilla/5.0 (Windows NT 6.3; Win64; x64) AppleWebKit/537.36 (KHTML, like Gecko) Chrome/60.0.3112.113 Safari/537.36"
87.243.181.119 - - [17/Sep/2017:08:00:58 +0200] "GET /img/bg-yellow.jpg HTTP/1.1" 200 2250 "http://www.easydrivers.at/css/style.css" "Mozilla/5.0 (Windows NT 6.3; Win64; x64) AppleWebKit/537.36 (KHTML, like Gecko) Chrome/60.0.3112.113 Safari/537.36"
87.243.181.119 - - [17/Sep/2017:08:00:59 +0200] "GET /img/kursicon-print-pink.png HTTP/1.1" 200 1125 "http://www.easydrivers.at/fuehrerscheine/traktor" "Mozilla/5.0 (Windows NT 6.3; Win64; x64) AppleWebKit/537.36 (KHTML, like Gecko) Chrome/60.0.3112.113 Safari/537.36"
87.243.181.119 - - [17/Sep/2017:08:00:59 +0200] "GET /img/kursicon-download-pink.png HTTP/1.1" 200 1213 "http://www.easydrivers.at/fuehrerscheine/traktor" "Mozilla/5.0 (Windows NT 6.3; Win64; x64) AppleWebKit/537.36 (KHTML, like Gecko) Chrome/60.0.3112.113 Safari/537.36"
87.243.181.119 - - [17/Sep/2017:08:00:59 +0200] "GET /img/kursicon-share-pink.png HTTP/1.1" 200 1277 "http://www.easydrivers.at/fuehrerscheine/traktor" "Mozilla/5.0 (Windows NT 6.3; Win64; x64) AppleWebKit/537.36 (KHTML, like Gecko) Chrome/60.0.3112.113 Safari/537.36"
87.243.181.119 - - [17/Sep/2017:08:00:59 +0200] "GET /img/kursicon-phone-pink.png HTTP/1.1" 200 1286 "http://www.easydrivers.at/fuehrerscheine/traktor" "Mozilla/5.0 (Windows NT 6.3; Win64; x64) AppleWebKit/537.36 (KHTML, like Gecko) Chrome/60.0.3112.113 Safari/537.36"
87.243.181.119 - - [17/Sep/2017:08:00:59 +0200] "GET /img/new_favicon.ico HTTP/1.1" 200 1150 "http://www.easydrivers.at/fuehrerscheine/traktor" "Mozilla/5.0 (Windows NT 6.3; Win64; x64) AppleWebKit/537.36 (KHTML, like Gecko) Chrome/60.0.3112.113 Safari/537.36"
87.243.181.119 - - [17/Sep/2017:08:01:07 +0200] "GET /fuehrerscheine/traktor/F-Plus HTTP/1.1" 200 3718 "http://www.easydrivers.at/fuehrerscheine/traktor" "Mozilla/5.0 (Windows NT 6.3; Win64; x64) AppleWebKit/537.36 (KHTML, like Gecko) Chrome/60.0.3112.113 Safari/537.36"
87.243.181.119 - - [17/Sep/2017:08:01:08 +0200] "GET /javascript/product.js HTTP/1.1" 200 139 "http://www.easydrivers.at/fuehrerscheine/traktor/F-Plus" "Mozilla/5.0 (Windows NT 6.3; Win64; x64) AppleWebKit/537.36 (KHTML, like Gecko) Chrome/60.0.3112.113 Safari/537.36"
87.243.181.119 - - [17/Sep/2017:08:01:08 +0200] "GET /binaries/easy-drivers-portal/traktor6jpg.jpg HTTP/1.1" 200 98615 "http://www.easydrivers.at/fuehrerscheine/traktor/F-Plus" "Mozilla/5.0 (Windows NT 6.3; Win64; x64) AppleWebKit/537.36 (KHTML, like Gecko) Chrome/60.0.3112.113 Safari/537.36"
87.243.181.119 - - [17/Sep/2017:08:01:08 +0200] "GET /img/arrow-left.png HTTP/1.1" 200 1015 "http://www.easydrivers.at/css/style.css" "Mozilla/5.0 (Windows NT 6.3; Win64; x64) AppleWebKit/537.36 (KHTML, like Gecko) Chrome/60.0.3112.113 Safari/537.36"
87.243.181.119 - - [17/Sep/2017:08:01:08 +0200] "GET /img/arrow-up.png HTTP/1.1" 200 1081 "http://www.easydrivers.at/css/style.css" "Mozilla/5.0 (Windows NT 6.3; Win64; x64) AppleWebKit/537.36 (KHTML, like Gecko) Chrome/60.0.3112.113 Safari/537.36"
46.125.250.51 - - [17/Sep/2017:08:01:15 +0200] "GET /img/smallicon-person.png HTTP/1.1" 200 1141 "-" "Mozilla/5.0 (iPhone; CPU iPhone OS 10_3_3 like Mac OS X) AppleWebKit/603.3.8 (KHTML, like Gecko) Mobile/14G60 [FBAN/FBIOS;FBAV/140.0.0.63.89;FBBV/70896504;FBDV/iPhone8,1;FBMD/iPhone;FBSN/iOS;FBSV/10.3.3;FBSS/2;FBCR/T-MobileA;FBID/phone;FBLC/de_DE;FBOP/5;FBRV/71584044]"
46.125.250.51 - - [17/Sep/2017:08:01:49 +0200] "GET /img/smallicon-address.png HTTP/1.1" 200 1211 "-" "Mozilla/5.0 (iPhone; CPU iPhone OS 10_3_3 like Mac OS X) AppleWebKit/603.3.8 (KHTML, like Gecko) Mobile/14G60 [FBAN/FBIOS;FBAV/140.0.0.63.89;FBBV/70896504;FBDV/iPhone8,1;FBMD/iPhone;FBSN/iOS;FBSV/10.3.3;FBSS/2;FBCR/T-MobileA;FBID/phone;FBLC/de_DE;FBOP/5;FBRV/71584044]"
