46.125.250.61 - - [17/Sep/2017:08:58:27 +0200] "GET /img/mobile/info-button.png HTTP/1.1" 200 1549 "http://www.easydrivers.at/steyr" "Mozilla/5.0 (iPhone; CPU iPhone OS 10_3_3 like Mac OS X) AppleWebKit/603.3.8 (KHTML, like Gecko) Version/10.0 Mobile/14G60 Safari/602.1"
46.125.250.61 - - [17/Sep/2017:08:58:27 +0200] "GET /img/mobile/facebook-icon.png HTTP/1.1" 200 1902 "http://www.easydrivers.at/steyr" "Mozilla/5.0 (iPhone; CPU iPhone OS 10_3_3 like Mac OS X) AppleWebKit/603.3.8 (KHTML, like Gecko) Version/10.0 Mobile/14G60 Safari/602.1"
46.125.250.61 - - [17/Sep/2017:08:58:27 +0200] "GET /img/mobile/info-close-button.png HTTP/1.1" 200 1721 "http://www.easydrivers.at/steyr" "Mozilla/5.0 (iPhone; CPU iPhone OS 10_3_3 like Mac OS X) AppleWebKit/603.3.8 (KHTML, like Gecko) Version/10.0 Mobile/14G60 Safari/602.1"
46.125.250.61 - - [17/Sep/2017:08:58:27 +0200] "GET /img/smallicon-person.png HTTP/1.1" 200 1141 "http://www.easydrivers.at/steyr" "Mozilla/5.0 (iPhone; CPU iPhone OS 10_3_3 like Mac OS X) AppleWebKit/603.3.8 (KHTML, like Gecko) Version/10.0 Mobile/14G60 Safari/602.1"
46.125.250.61 - - [17/Sep/2017:08:58:27 +0200] "GET /img/smallicon-address.png HTTP/1.1" 200 1211 "http://www.easydrivers.at/steyr" "Mozilla/5.0 (iPhone; CPU iPhone OS 10_3_3 like Mac OS X) AppleWebKit/603.3.8 (KHTML, like Gecko) Version/10.0 Mobile/14G60 Safari/602.1"
46.125.250.61 - - [17/Sep/2017:08:58:27 +0200] "GET /img/mobile/googlemaps-pin.png HTTP/1.1" 200 1597 "http://www.easydrivers.at/steyr" "Mozilla/5.0 (iPhone; CPU iPhone OS 10_3_3 like Mac OS X) AppleWebKit/603.3.8 (KHTML, like Gecko) Version/10.0 Mobile/14G60 Safari/602.1"
46.125.250.61 - - [17/Sep/2017:08:58:27 +0200] "GET /img/smallicon-time.png HTTP/1.1" 200 1262 "http://www.easydrivers.at/steyr" "Mozilla/5.0 (iPhone; CPU iPhone OS 10_3_3 like Mac OS X) AppleWebKit/603.3.8 (KHTML, like Gecko) Version/10.0 Mobile/14G60 Safari/602.1"
46.125.250.61 - - [17/Sep/2017:08:58:27 +0200] "GET /img/smallicon-phone.png HTTP/1.1" 200 3056 "http://www.easydrivers.at/steyr" "Mozilla/5.0 (iPhone; CPU iPhone OS 10_3_3 like Mac OS X) AppleWebKit/603.3.8 (KHTML, like Gecko) Version/10.0 Mobile/14G60 Safari/602.1"
46.125.250.61 - - [17/Sep/2017:08:58:27 +0200] "GET /img/smallicon-mail.png HTTP/1.1" 200 1341 "http://www.easydrivers.at/steyr" "Mozilla/5.0 (iPhone; CPU iPhone OS 10_3_3 like Mac OS X) AppleWebKit/603.3.8 (KHTML, like Gecko) Version/10.0 Mobile/14G60 Safari/602.1"
46.125.250.61 - - [17/Sep/2017:08:58:27 +0200] "GET /img/mobile/widget-icon-app.png HTTP/1.1" 200 3458 "http://www.easydrivers.at/steyr" "Mozilla/5.0 (iPhone; CPU iPhone OS 10_3_3 like Mac OS X) AppleWebKit/603.3.8 (KHTML, like Gecko) Version/10.0 Mobile/14G60 Safari/602.1"
46.125.250.61 - - [17/Sep/2017:08:58:28 +0200] "GET /img/mobile/bg-header.jpg HTTP/1.1" 200 19741 "http://www.easydrivers.at/steyr" "Mozilla/5.0 (iPhone; CPU iPhone OS 10_3_3 like Mac OS X) AppleWebKit/603.3.8 (KHTML, like Gecko) Version/10.0 Mobile/14G60 Safari/602.1"
46.125.250.61 - - [17/Sep/2017:08:58:28 +0200] "GET /img/mobile/bg-menu.jpg HTTP/1.1" 200 1698 "http://www.easydrivers.at/steyr" "Mozilla/5.0 (iPhone; CPU iPhone OS 10_3_3 like Mac OS X) AppleWebKit/603.3.8 (KHTML, like Gecko) Version/10.0 Mobile/14G60 Safari/602.1"
46.125.250.61 - - [17/Sep/2017:08:58:28 +0200] "GET /img/mobile/bg-top-section.jpg HTTP/1.1" 200 21711 "http://www.easydrivers.at/steyr" "Mozilla/5.0 (iPhone; CPU iPhone OS 10_3_3 like Mac OS X) AppleWebKit/603.3.8 (KHTML, like Gecko) Version/10.0 Mobile/14G60 Safari/602.1"
46.125.250.61 - - [17/Sep/2017:08:58:28 +0200] "GET /img/mobile/pfeil-rechts.png HTTP/1.1" 200 1228 "http://www.easydrivers.at/steyr" "Mozilla/5.0 (iPhone; CPU iPhone OS 10_3_3 like Mac OS X) AppleWebKit/603.3.8 (KHTML, like Gecko) Version/10.0 Mobile/14G60 Safari/602.1"
81.217.187.60 - - [17/Sep/2017:08:58:28 +0200] "GET /voesendorf/Aktionen HTTP/1.1" 200 3545 "http://m.facebook.com" "Mozilla/5.0 (iPhone; CPU iPhone OS 10_3_2 like Mac OS X) AppleWebKit/603.2.4 (KHTML, like Gecko) Mobile/14F89 [FBAN/FBIOS;FBAV/140.0.0.63.89;FBBV/70896504;FBDV/iPhone9,3;FBMD/iPhone;FBSN/iOS;FBSV/10.3.2;FBSS/2;FBCR/3Austria;FBID/phone;FBLC/de_DE;FBOP/5;FBRV/71584044]"
81.217.122.15 - - [17/Sep/2017:08:58:28 +0200] "GET /moedling/img/mobile/close-button.png HTTP/1.1" 404 3101 "-" "Mozilla/5.0 (iPhone; CPU iPhone OS 10_3_3 like Mac OS X) AppleWebKit/603.3.8 (KHTML, like Gecko) Mobile/14G60 [FBAN/FBIOS;FBAV/140.0.0.63.89;FBBV/70896504;FBDV/iPhone8,4;FBMD/iPhone;FBSN/iOS;FBSV/10.3.3;FBSS/2;FBCR/T-MobileA;FBID/phone;FBLC/de_DE;FBOP/5;FBRV/71584044]"
82.218.209.170 - - [17/Sep/2017:08:58:36 +0200] "GET / HTTP/1.1" 200 4409 "-" "Mozilla/5.0 (Windows NT 10.0; Win64; x64) AppleWebKit/537.36 (KHTML, like Gecko) Chrome/60.0.3112.113 Safari/537.36"
46.125.250.61 - - [17/Sep/2017:08:58:35 +0200] "POST /steyr/kursauswahl HTTP/1.1" 200 2877 "http://www.easydrivers.at/steyr" "Mozilla/5.0 (iPhone; CPU iPhone OS 10_3_3 like Mac OS X) AppleWebKit/603.3.8 (KHTML, like Gecko) Version/10.0 Mobile/14G60 Safari/602.1"
46.125.250.61 - - [17/Sep/2017:08:58:37 +0200] "GET /img/mobile/pfeil-links-small.png HTTP/1.1" 200 1065 "http://www.easydrivers.at/steyr/kursauswahl" "Mozilla/5.0 (iPhone; CPU iPhone OS 10_3_3 like Mac OS X) AppleWebKit/603.3.8 (KHTML, like Gecko) Version/10.0 Mobile/14G60 Safari/602.1"
46.125.250.61 - - [17/Sep/2017:08:58:37 +0200] "GET /javascript/mobile-fahrschule-kurs-suchergebnis.js HTTP/1.1" 200 274 "http://www.easydrivers.at/steyr/kursauswahl" "Mozilla/5.0 (iPhone; CPU iPhone OS 10_3_3 like Mac OS X) AppleWebKit/603.3.8 (KHTML, like Gecko) Version/10.0 Mobile/14G60 Safari/602.1"
46.125.250.61 - - [17/Sep/2017:08:58:37 +0200] "GET /img/mobile/bg-yellow.jpg HTTP/1.1" 200 1569 "http://www.easydrivers.at/steyr/kursauswahl" "Mozilla/5.0 (iPhone; CPU iPhone OS 10_3_3 like Mac OS X) AppleWebKit/603.3.8 (KHTML, like Gecko) Version/10.0 Mobile/14G60 Safari/602.1"
46.125.250.61 - - [17/Sep/2017:08:58:37 +0200] "GET /img/loading-bars.gif HTTP/1.1" 200 3951 "http://www.easydrivers.at/steyr/kursauswahl" "Mozilla/5.0 (iPhone; CPU iPhone OS 10_3_3 like Mac OS X) AppleWebKit/603.3.8 (KHTML, like Gecko) Version/10.0 Mobile/14G60 Safari/602.1"
66.249.65.80 - - [17/Sep/2017:08:59:05 +0200] "GET /uploads/pdfs/feldkirch/LKW-Kurs-CD-2015-09-15_DD195-B.pdf HTTP/1.1" 200 28675 "-" "Mozilla/5.0 (compatible; Googlebot/2.1; +http://www.google.com/bot.html)"
46.125.250.61 - - [17/Sep/2017:08:59:07 +0200] "POST /loadkursliste HTTP/1.1" 200 493 "http://www.easydrivers.at/steyr/kursauswahl" "Mozilla/5.0 (iPhone; CPU iPhone OS 10_3_3 like Mac OS X) AppleWebKit/603.3.8 (KHTML, like Gecko) Version/10.0 Mobile/14G60 Safari/602.1"
84.38.130.200 - - [17/Sep/2017:08:59:16 +0200] "GET / HTTP/1.1" 301 387 "-" "Java/1.4.1_04"
84.38.130.200 - - [17/Sep/2017:08:59:16 +0200] "GET / HTTP/1.1" 200 15965 "-" "Java/1.4.1_04"
77.118.234.198 - - [17/Sep/2017:08:59:27 +0200] "GET /fuehrerscheine/traktor HTTP/1.1" 200 2869 "https://www.google.at/" "Mozilla/5.0 (Linux; Android 5.0.2; SAMSUNG SM-T530 Build/LRX22G) AppleWebKit/537.36 (KHTML, like Gecko) SamsungBrowser/3.3 Chrome/38.0.2125.102 Safari/537.36"
46.125.250.61 - - [17/Sep/2017:08:59:26 +0200] "GET /steyr/moped-kurs_dezember?FS=AM-M HTTP/1.1" 200 3423 "http://www.easydrivers.at/steyr/kursauswahl" "Mozilla/5.0 (iPhone; CPU iPhone OS 10_3_3 like Mac OS X) AppleWebKit/603.3.8 (KHTML, like Gecko) Version/10.0 Mobile/14G60 Safari/602.1"
77.118.234.198 - - [17/Sep/2017:08:59:28 +0200] "GET /javascript/jquery.cookie.js HTTP/1.1" 200 863 "http://www.easydrivers.at/fuehrerscheine/traktor" "Mozilla/5.0 (Linux; Android 5.0.2; SAMSUNG SM-T530 Build/LRX22G) AppleWebKit/537.36 (KHTML, like Gecko) SamsungBrowser/3.3 Chrome/38.0.2125.102 Safari/537.36"
77.118.234.198 - - [17/Sep/2017:08:59:28 +0200] "GET /javascript/jquery.simplemodal.js HTTP/1.1" 200 3070 "http://www.easydrivers.at/fuehrerscheine/traktor" "Mozilla/5.0 (Linux; Android 5.0.2; SAMSUNG SM-T530 Build/LRX22G) AppleWebKit/537.36 (KHTML, like Gecko) SamsungBrowser/3.3 Chrome/38.0.2125.102 Safari/537.36"
77.118.234.198 - - [17/Sep/2017:08:59:28 +0200] "GET /css/mobile.css HTTP/1.1" 200 2852 "http://www.easydrivers.at/fuehrerscheine/traktor" "Mozilla/5.0 (Linux; Android 5.0.2; SAMSUNG SM-T530 Build/LRX22G) AppleWebKit/537.36 (KHTML, like Gecko) SamsungBrowser/3.3 Chrome/38.0.2125.102 Safari/537.36"
77.118.234.198 - - [17/Sep/2017:08:59:28 +0200] "GET /javascript/mobile-menu.js HTTP/1.1" 200 1634 "http://www.easydrivers.at/fuehrerscheine/traktor" "Mozilla/5.0 (Linux; Android 5.0.2; SAMSUNG SM-T530 Build/LRX22G) AppleWebKit/537.36 (KHTML, like Gecko) SamsungBrowser/3.3 Chrome/38.0.2125.102 Safari/537.36"
77.118.234.198 - - [17/Sep/2017:08:59:28 +0200] "GET /javascript/lazyload.js HTTP/1.1" 200 1170 "http://www.easydrivers.at/fuehrerscheine/traktor" "Mozilla/5.0 (Linux; Android 5.0.2; SAMSUNG SM-T530 Build/LRX22G) AppleWebKit/537.36 (KHTML, like Gecko) SamsungBrowser/3.3 Chrome/38.0.2125.102 Safari/537.36"
77.118.234.198 - - [17/Sep/2017:08:59:28 +0200] "GET /javascript/jquery-1.9.1.min.js HTTP/1.1" 200 32731 "http://www.easydrivers.at/fuehrerscheine/traktor" "Mozilla/5.0 (Linux; Android 5.0.2; SAMSUNG SM-T530 Build/LRX22G) AppleWebKit/537.36 (KHTML, like Gecko) SamsungBrowser/3.3 Chrome/38.0.2125.102 Safari/537.36"
77.118.234.198 - - [17/Sep/2017:08:59:28 +0200] "GET /img/mobile/easydrivers-logo-mobile.png HTTP/1.1" 200 10766 "http://www.easydrivers.at/fuehrerscheine/traktor" "Mozilla/5.0 (Linux; Android 5.0.2; SAMSUNG SM-T530 Build/LRX22G) AppleWebKit/537.36 (KHTML, like Gecko) SamsungBrowser/3.3 Chrome/38.0.2125.102 Safari/537.36"
77.118.234.198 - - [17/Sep/2017:08:59:28 +0200] "GET /javascript/mobile-license.js HTTP/1.1" 200 216 "http://www.easydrivers.at/fuehrerscheine/traktor" "Mozilla/5.0 (Linux; Android 5.0.2; SAMSUNG SM-T530 Build/LRX22G) AppleWebKit/537.36 (KHTML, like Gecko) SamsungBrowser/3.3 Chrome/38.0.2125.102 Safari/537.36"
46.125.250.61 - - [17/Sep/2017:08:59:28 +0200] "GET /img/mobile/smallicon-phone.png HTTP/1.1" 200 1311 "http://www.easydrivers.at/steyr/moped-kurs_dezember?FS=AM-M" "Mozilla/5.0 (iPhone; CPU iPhone OS 10_3_3 like Mac OS X) AppleWebKit/603.3.8 (KHTML, like Gecko) Version/10.0 Mobile/14G60 Safari/602.1"
46.125.250.61 - - [17/Sep/2017:08:59:28 +0200] "GET /img/mobile/kursicon-share.png HTTP/1.1" 200 2065 "http://www.easydrivers.at/steyr/moped-kurs_dezember?FS=AM-M" "Mozilla/5.0 (iPhone; CPU iPhone OS 10_3_3 like Mac OS X) AppleWebKit/603.3.8 (KHTML, like Gecko) Version/10.0 Mobile/14G60 Safari/602.1"
46.125.250.61 - - [17/Sep/2017:08:59:28 +0200] "GET /img/mobile/kursicon-phone.png HTTP/1.1" 200 1932 "http://www.easydrivers.at/steyr/moped-kurs_dezember?FS=AM-M" "Mozilla/5.0 (iPhone; CPU iPhone OS 10_3_3 like Mac OS X) AppleWebKit/603.3.8 (KHTML, like Gecko) Version/10.0 Mobile/14G60 Safari/602.1"
46.125.250.61 - - [17/Sep/2017:08:59:28 +0200] "GET /img/mobile/smallicon-mail.png HTTP/1.1" 200 1335 "http://www.easydrivers.at/steyr/moped-kurs_dezember?FS=AM-M" "Mozilla/5.0 (iPhone; CPU iPhone OS 10_3_3 like Mac OS X) AppleWebKit/603.3.8 (KHTML, like Gecko) Version/10.0 Mobile/14G60 Safari/602.1"
46.125.250.61 - - [17/Sep/2017:08:59:28 +0200] "GET /img/mobile/pfeil-rechts-small.png HTTP/1.1" 200 1056 "http://www.easydrivers.at/steyr/moped-kurs_dezember?FS=AM-M" "Mozilla/5.0 (iPhone; CPU iPhone OS 10_3_3 like Mac OS X) AppleWebKit/603.3.8 (KHTML, like Gecko) Version/10.0 Mobile/14G60 Safari/602.1"
77.118.234.198 - - [17/Sep/2017:08:59:29 +0200] "GET /img/mobile/menu-button.png HTTP/1.1" 200 1746 "http://www.easydrivers.at/fuehrerscheine/traktor" "Mozilla/5.0 (Linux; Android 5.0.2; SAMSUNG SM-T530 Build/LRX22G) AppleWebKit/537.36 (KHTML, like Gecko) SamsungBrowser/3.3 Chrome/38.0.2125.102 Safari/537.36"
77.118.234.198 - - [17/Sep/2017:08:59:29 +0200] "GET /img/mobile/close-button.png HTTP/1.1" 200 2411 "http://www.easydrivers.at/fuehrerscheine/traktor" "Mozilla/5.0 (Linux; Android 5.0.2; SAMSUNG SM-T530 Build/LRX22G) AppleWebKit/537.36 (KHTML, like Gecko) SamsungBrowser/3.3 Chrome/38.0.2125.102 Safari/537.36"
77.118.234.198 - - [17/Sep/2017:08:59:29 +0200] "GET /img/mobile/facebook-icon.png HTTP/1.1" 200 1902 "http://www.easydrivers.at/fuehrerscheine/traktor" "Mozilla/5.0 (Linux; Android 5.0.2; SAMSUNG SM-T530 Build/LRX22G) AppleWebKit/537.36 (KHTML, like Gecko) SamsungBrowser/3.3 Chrome/38.0.2125.102 Safari/537.36"
77.118.234.198 - - [17/Sep/2017:08:59:29 +0200] "GET /img/mobile/bg-header.jpg HTTP/1.1" 200 19741 "http://www.easydrivers.at/css/mobile.css" "Mozilla/5.0 (Linux; Android 5.0.2; SAMSUNG SM-T530 Build/LRX22G) AppleWebKit/537.36 (KHTML, like Gecko) SamsungBrowser/3.3 Chrome/38.0.2125.102 Safari/537.36"
77.118.234.198 - - [17/Sep/2017:08:59:29 +0200] "GET /img/mobile/bg-menu.jpg HTTP/1.1" 200 1698 "http://www.easydrivers.at/css/mobile.css" "Mozilla/5.0 (Linux; Android 5.0.2; SAMSUNG SM-T530 Build/LRX22G) AppleWebKit/537.36 (KHTML, like Gecko) SamsungBrowser/3.3 Chrome/38.0.2125.102 Safari/537.36"
77.118.234.198 - - [17/Sep/2017:08:59:29 +0200] "GET /img/mobile/weiter-button.png HTTP/1.1" 200 1670 "http://www.easydrivers.at/css/mobile.css" "Mozilla/5.0 (Linux; Android 5.0.2; SAMSUNG SM-T530 Build/LRX22G) AppleWebKit/537.36 (KHTML, like Gecko) SamsungBrowser/3.3 Chrome/38.0.2125.102 Safari/537.36"
77.118.234.198 - - [17/Sep/2017:08:59:29 +0200] "GET /img/mobile/bg-yellow.jpg HTTP/1.1" 200 1569 "http://www.easydrivers.at/css/mobile.css" "Mozilla/5.0 (Linux; Android 5.0.2; SAMSUNG SM-T530 Build/LRX22G) AppleWebKit/537.36 (KHTML, like Gecko) SamsungBrowser/3.3 Chrome/38.0.2125.102 Safari/537.36"
77.118.234.198 - - [17/Sep/2017:08:59:30 +0200] "GET /img/favicon.ico HTTP/1.1" 404 300 "-" "Mozilla/5.0 (Linux; Android 5.0.2; SAMSUNG SM-T530 Build/LRX22G) AppleWebKit/537.36 (KHTML, like Gecko) SamsungBrowser/3.3 Chrome/38.0.2125.102 Safari/537.36"
84.38.130.200 - - [17/Sep/2017:08:59:32 +0200] "GET /am.spitz HTTP/1.1" 301 395 "-" "Java/1.4.1_04"
84.38.130.200 - - [17/Sep/2017:08:59:32 +0200] "GET /am.spitz HTTP/1.1" 200 11462 "-" "Java/1.4.1_04"
77.118.234.198 - - [17/Sep/2017:08:59:37 +0200] "GET /img/mobile/pfeil-rechts-small.png HTTP/1.1" 200 1056 "http://www.easydrivers.at/css/mobile.css" "Mozilla/5.0 (Linux; Android 5.0.2; SAMSUNG SM-T530 Build/LRX22G) AppleWebKit/537.36 (KHTML, like Gecko) SamsungBrowser/3.3 Chrome/38.0.2125.102 Safari/537.36"
77.118.234.198 - - [17/Sep/2017:08:59:37 +0200] "GET /img/mobile/pfeil-links-small.png HTTP/1.1" 200 1065 "http://www.easydrivers.at/css/mobile.css" "Mozilla/5.0 (Linux; Android 5.0.2; SAMSUNG SM-T530 Build/LRX22G) AppleWebKit/537.36 (KHTML, like Gecko) SamsungBrowser/3.3 Chrome/38.0.2125.102 Safari/537.36"
84.38.130.200 - - [17/Sep/2017:08:59:39 +0200] "GET /bad.voeslau HTTP/1.1" 301 398 "-" "Java/1.4.1_04"
84.38.130.200 - - [17/Sep/2017:08:59:41 +0200] "GET /bad.voeslau HTTP/1.1" 200 12356 "-" "Java/1.4.1_04"
84.38.130.200 - - [17/Sep/2017:08:59:47 +0200] "GET /bruck.leitha HTTP/1.1" 301 399 "-" "Java/1.4.1_04"
84.38.130.200 - - [17/Sep/2017:08:59:47 +0200] "GET /bruck.leitha HTTP/1.1" 200 11539 "-" "Java/1.4.1_04"
77.118.234.198 - - [17/Sep/2017:08:59:51 +0200] "POST / HTTP/1.1" 200 3568 "http://www.easydrivers.at/fuehrerscheine/traktor" "Mozilla/5.0 (Linux; Android 5.0.2; SAMSUNG SM-T530 Build/LRX22G) AppleWebKit/537.36 (KHTML, like Gecko) SamsungBrowser/3.3 Chrome/38.0.2125.102 Safari/537.36"
77.118.234.198 - - [17/Sep/2017:08:59:53 +0200] "GET /img/mobile/widget-icon-app.png HTTP/1.1" 200 3458 "http://www.easydrivers.at/" "Mozilla/5.0 (Linux; Android 5.0.2; SAMSUNG SM-T530 Build/LRX22G) AppleWebKit/537.36 (KHTML, like Gecko) SamsungBrowser/3.3 Chrome/38.0.2125.102 Safari/537.36"
77.118.234.198 - - [17/Sep/2017:08:59:53 +0200] "GET /javascript/mobile-homesearch.js HTTP/1.1" 200 340 "http://www.easydrivers.at/" "Mozilla/5.0 (Linux; Android 5.0.2; SAMSUNG SM-T530 Build/LRX22G) AppleWebKit/537.36 (KHTML, like Gecko) SamsungBrowser/3.3 Chrome/38.0.2125.102 Safari/537.36"
77.118.234.198 - - [17/Sep/2017:08:59:53 +0200] "GET /img/mobile/bg-top-section.jpg HTTP/1.1" 200 21711 "http://www.easydrivers.at/css/mobile.css" "Mozilla/5.0 (Linux; Android 5.0.2; SAMSUNG SM-T530 Build/LRX22G) AppleWebKit/537.36 (KHTML, like Gecko) SamsungBrowser/3.3 Chrome/38.0.2125.102 Safari/537.36"
77.118.234.198 - - [17/Sep/2017:08:59:53 +0200] "GET /img/mobile/pfeil-rechts.png HTTP/1.1" 200 1228 "http://www.easydrivers.at/css/mobile.css" "Mozilla/5.0 (Linux; Android 5.0.2; SAMSUNG SM-T530 Build/LRX22G) AppleWebKit/537.36 (KHTML, like Gecko) SamsungBrowser/3.3 Chrome/38.0.2125.102 Safari/537.36"
84.38.130.200 - - [17/Sep/2017:08:59:53 +0200] "GET /easy_drivers_st._peterau HTTP/1.1" 301 411 "-" "Java/1.4.1_04"
84.38.130.200 - - [17/Sep/2017:08:59:53 +0200] "GET /easy_drivers_st._peterau HTTP/1.1" 200 12343 "-" "Java/1.4.1_04"
84.38.130.200 - - [17/Sep/2017:09:00:03 +0200] "GET /eisenerz.pankl HTTP/1.1" 301 401 "-" "Java/1.4.1_04"
84.38.130.200 - - [17/Sep/2017:09:00:04 +0200] "GET /eisenerz.pankl HTTP/1.1" 200 9874 "-" "Java/1.4.1_04"
77.118.234.198 - - [17/Sep/2017:09:00:06 +0200] "GET /scheibbs HTTP/1.1" 200 2928 "http://www.easydrivers.at/" "Mozilla/5.0 (Linux; Android 5.0.2; SAMSUNG SM-T530 Build/LRX22G) AppleWebKit/537.36 (KHTML, like Gecko) SamsungBrowser/3.3 Chrome/38.0.2125.102 Safari/537.36"
77.118.234.198 - - [17/Sep/2017:09:00:09 +0200] "GET /img/mobile/info-button.png HTTP/1.1" 200 1549 "http://www.easydrivers.at/scheibbs" "Mozilla/5.0 (Linux; Android 5.0.2; SAMSUNG SM-T530 Build/LRX22G) AppleWebKit/537.36 (KHTML, like Gecko) SamsungBrowser/3.3 Chrome/38.0.2125.102 Safari/537.36"
77.118.234.198 - - [17/Sep/2017:09:00:09 +0200] "GET /javascript/mobile-fahrschule.js HTTP/1.1" 200 328 "http://www.easydrivers.at/scheibbs" "Mozilla/5.0 (Linux; Android 5.0.2; SAMSUNG SM-T530 Build/LRX22G) AppleWebKit/537.36 (KHTML, like Gecko) SamsungBrowser/3.3 Chrome/38.0.2125.102 Safari/537.36"
77.118.234.198 - - [17/Sep/2017:09:00:09 +0200] "GET /img/mobile/info-close-button.png HTTP/1.1" 200 1721 "http://www.easydrivers.at/scheibbs" "Mozilla/5.0 (Linux; Android 5.0.2; SAMSUNG SM-T530 Build/LRX22G) AppleWebKit/537.36 (KHTML, like Gecko) SamsungBrowser/3.3 Chrome/38.0.2125.102 Safari/537.36"
77.118.234.198 - - [17/Sep/2017:09:00:09 +0200] "GET /img/smallicon-address.png HTTP/1.1" 200 1211 "http://www.easydrivers.at/scheibbs" "Mozilla/5.0 (Linux; Android 5.0.2; SAMSUNG SM-T530 Build/LRX22G) AppleWebKit/537.36 (KHTML, like Gecko) SamsungBrowser/3.3 Chrome/38.0.2125.102 Safari/537.36"
77.118.234.198 - - [17/Sep/2017:09:00:09 +0200] "GET /img/smallicon-person.png HTTP/1.1" 200 1141 "http://www.easydrivers.at/scheibbs" "Mozilla/5.0 (Linux; Android 5.0.2; SAMSUNG SM-T530 Build/LRX22G) AppleWebKit/537.36 (KHTML, like Gecko) SamsungBrowser/3.3 Chrome/38.0.2125.102 Safari/537.36"
77.118.234.198 - - [17/Sep/2017:09:00:09 +0200] "GET /img/smallicon-mail.png HTTP/1.1" 200 1341 "http://www.easydrivers.at/scheibbs" "Mozilla/5.0 (Linux; Android 5.0.2; SAMSUNG SM-T530 Build/LRX22G) AppleWebKit/537.36 (KHTML, like Gecko) SamsungBrowser/3.3 Chrome/38.0.2125.102 Safari/537.36"
77.118.234.198 - - [17/Sep/2017:09:00:09 +0200] "GET /img/smallicon-phone.png HTTP/1.1" 200 3056 "http://www.easydrivers.at/scheibbs" "Mozilla/5.0 (Linux; Android 5.0.2; SAMSUNG SM-T530 Build/LRX22G) AppleWebKit/537.36 (KHTML, like Gecko) SamsungBrowser/3.3 Chrome/38.0.2125.102 Safari/537.36"
77.118.234.198 - - [17/Sep/2017:09:00:09 +0200] "GET /img/mobile/googlemaps-pin.png HTTP/1.1" 200 1597 "http://www.easydrivers.at/scheibbs" "Mozilla/5.0 (Linux; Android 5.0.2; SAMSUNG SM-T530 Build/LRX22G) AppleWebKit/537.36 (KHTML, like Gecko) SamsungBrowser/3.3 Chrome/38.0.2125.102 Safari/537.36"
77.118.234.198 - - [17/Sep/2017:09:00:09 +0200] "GET /img/smallicon-time.png HTTP/1.1" 200 1262 "http://www.easydrivers.at/scheibbs" "Mozilla/5.0 (Linux; Android 5.0.2; SAMSUNG SM-T530 Build/LRX22G) AppleWebKit/537.36 (KHTML, like Gecko) SamsungBrowser/3.3 Chrome/38.0.2125.102 Safari/537.36"
84.38.130.200 - - [17/Sep/2017:09:00:14 +0200] "GET /ennstal.schladming HTTP/1.1" 301 405 "-" "Java/1.4.1_04"
84.38.130.200 - - [17/Sep/2017:09:00:14 +0200] "GET /ennstal.schladming HTTP/1.1" 200 12475 "-" "Java/1.4.1_04"
77.118.234.198 - - [17/Sep/2017:09:00:16 +0200] "POST /scheibbs/kursauswahl HTTP/1.1" 200 2798 "http://www.easydrivers.at/scheibbs" "Mozilla/5.0 (Linux; Android 5.0.2; SAMSUNG SM-T530 Build/LRX22G) AppleWebKit/537.36 (KHTML, like Gecko) SamsungBrowser/3.3 Chrome/38.0.2125.102 Safari/537.36"
84.38.130.200 - - [17/Sep/2017:09:00:19 +0200] "GET /kapfenberg.pankl HTTP/1.1" 301 403 "-" "Java/1.4.1_04"
81.5.197.134 - - [17/Sep/2017:09:00:17 +0200] "GET /wr.neustadt HTTP/1.1" 200 2986 "https://www.google.at/" "Mozilla/5.0 (iPhone; CPU iPhone OS 10_3_3 like Mac OS X) AppleWebKit/603.3.8 (KHTML, like Gecko) Version/10.0 Mobile/14G60 Safari/602.1"
77.118.234.198 - - [17/Sep/2017:09:00:19 +0200] "GET /javascript/mobile-fahrschule-kurs-suchergebnis.js HTTP/1.1" 200 274 "http://www.easydrivers.at/scheibbs/kursauswahl" "Mozilla/5.0 (Linux; Android 5.0.2; SAMSUNG SM-T530 Build/LRX22G) AppleWebKit/537.36 (KHTML, like Gecko) SamsungBrowser/3.3 Chrome/38.0.2125.102 Safari/537.36"
77.118.234.198 - - [17/Sep/2017:09:00:19 +0200] "GET /img/loading-bars.gif HTTP/1.1" 200 3951 "http://www.easydrivers.at/css/mobile.css" "Mozilla/5.0 (Linux; Android 5.0.2; SAMSUNG SM-T530 Build/LRX22G) AppleWebKit/537.36 (KHTML, like Gecko) SamsungBrowser/3.3 Chrome/38.0.2125.102 Safari/537.36"
81.5.197.134 - - [17/Sep/2017:09:00:19 +0200] "GET /css/mobile.css HTTP/1.1" 200 2852 "http://www.easydrivers.at/wr.neustadt" "Mozilla/5.0 (iPhone; CPU iPhone OS 10_3_3 like Mac OS X) AppleWebKit/603.3.8 (KHTML, like Gecko) Version/10.0 Mobile/14G60 Safari/602.1"
81.5.197.134 - - [17/Sep/2017:09:00:19 +0200] "GET /javascript/jquery.cookie.js HTTP/1.1" 200 863 "http://www.easydrivers.at/wr.neustadt" "Mozilla/5.0 (iPhone; CPU iPhone OS 10_3_3 like Mac OS X) AppleWebKit/603.3.8 (KHTML, like Gecko) Version/10.0 Mobile/14G60 Safari/602.1"
81.5.197.134 - - [17/Sep/2017:09:00:19 +0200] "GET /javascript/jquery-1.9.1.min.js HTTP/1.1" 200 32731 "http://www.easydrivers.at/wr.neustadt" "Mozilla/5.0 (iPhone; CPU iPhone OS 10_3_3 like Mac OS X) AppleWebKit/603.3.8 (KHTML, like Gecko) Version/10.0 Mobile/14G60 Safari/602.1"
81.5.197.134 - - [17/Sep/2017:09:00:19 +0200] "GET /javascript/mobile-menu.js HTTP/1.1" 200 1634 "http://www.easydrivers.at/wr.neustadt" "Mozilla/5.0 (iPhone; CPU iPhone OS 10_3_3 like Mac OS X) AppleWebKit/603.3.8 (KHTML, like Gecko) Version/10.0 Mobile/14G60 Safari/602.1"
81.5.197.134 - - [17/Sep/2017:09:00:19 +0200] "GET /javascript/jquery.simplemodal.js HTTP/1.1" 200 3070 "http://www.easydrivers.at/wr.neustadt" "Mozilla/5.0 (iPhone; CPU iPhone OS 10_3_3 like Mac OS X) AppleWebKit/603.3.8 (KHTML, like Gecko) Version/10.0 Mobile/14G60 Safari/602.1"
81.5.197.134 - - [17/Sep/2017:09:00:19 +0200] "GET /javascript/lazyload.js HTTP/1.1" 200 1170 "http://www.easydrivers.at/wr.neustadt" "Mozilla/5.0 (iPhone; CPU iPhone OS 10_3_3 like Mac OS X) AppleWebKit/603.3.8 (KHTML, like Gecko) Version/10.0 Mobile/14G60 Safari/602.1"
81.5.197.134 - - [17/Sep/2017:09:00:19 +0200] "GET /img/mobile/easydrivers-logo-mobile.png HTTP/1.1" 200 10766 "http://www.easydrivers.at/wr.neustadt" "Mozilla/5.0 (iPhone; CPU iPhone OS 10_3_3 like Mac OS X) AppleWebKit/603.3.8 (KHTML, like Gecko) Version/10.0 Mobile/14G60 Safari/602.1"
81.5.197.134 - - [17/Sep/2017:09:00:19 +0200] "GET /img/mobile/menu-button.png HTTP/1.1" 200 1746 "http://www.easydrivers.at/wr.neustadt" "Mozilla/5.0 (iPhone; CPU iPhone OS 10_3_3 like Mac OS X) AppleWebKit/603.3.8 (KHTML, like Gecko) Version/10.0 Mobile/14G60 Safari/602.1"
81.5.197.134 - - [17/Sep/2017:09:00:19 +0200] "GET /img/mobile/close-button.png HTTP/1.1" 200 2411 "http://www.easydrivers.at/wr.neustadt" "Mozilla/5.0 (iPhone; CPU iPhone OS 10_3_3 like Mac OS X) AppleWebKit/603.3.8 (KHTML, like Gecko) Version/10.0 Mobile/14G60 Safari/602.1"
81.5.197.134 - - [17/Sep/2017:09:00:19 +0200] "GET /img/mobile/facebook-icon.png HTTP/1.1" 200 1902 "http://www.easydrivers.at/wr.neustadt" "Mozilla/5.0 (iPhone; CPU iPhone OS 10_3_3 like Mac OS X) AppleWebKit/603.3.8 (KHTML, like Gecko) Version/10.0 Mobile/14G60 Safari/602.1"
81.5.197.134 - - [17/Sep/2017:09:00:19 +0200] "GET /img/mobile/info-button.png HTTP/1.1" 200 1549 "http://www.easydrivers.at/wr.neustadt" "Mozilla/5.0 (iPhone; CPU iPhone OS 10_3_3 like Mac OS X) AppleWebKit/603.3.8 (KHTML, like Gecko) Version/10.0 Mobile/14G60 Safari/602.1"
81.5.197.134 - - [17/Sep/2017:09:00:19 +0200] "GET /img/mobile/info-close-button.png HTTP/1.1" 200 1721 "http://www.easydrivers.at/wr.neustadt" "Mozilla/5.0 (iPhone; CPU iPhone OS 10_3_3 like Mac OS X) AppleWebKit/603.3.8 (KHTML, like Gecko) Version/10.0 Mobile/14G60 Safari/602.1"
81.5.197.134 - - [17/Sep/2017:09:00:19 +0200] "GET /img/smallicon-person.png HTTP/1.1" 200 1141 "http://www.easydrivers.at/wr.neustadt" "Mozilla/5.0 (iPhone; CPU iPhone OS 10_3_3 like Mac OS X) AppleWebKit/603.3.8 (KHTML, like Gecko) Version/10.0 Mobile/14G60 Safari/602.1"
81.5.197.134 - - [17/Sep/2017:09:00:19 +0200] "GET /javascript/mobile-fahrschule.js HTTP/1.1" 200 328 "http://www.easydrivers.at/wr.neustadt" "Mozilla/5.0 (iPhone; CPU iPhone OS 10_3_3 like Mac OS X) AppleWebKit/603.3.8 (KHTML, like Gecko) Version/10.0 Mobile/14G60 Safari/602.1"
81.5.197.134 - - [17/Sep/2017:09:00:19 +0200] "GET /img/smallicon-address.png HTTP/1.1" 200 1211 "http://www.easydrivers.at/wr.neustadt" "Mozilla/5.0 (iPhone; CPU iPhone OS 10_3_3 like Mac OS X) AppleWebKit/603.3.8 (KHTML, like Gecko) Version/10.0 Mobile/14G60 Safari/602.1"
81.5.197.134 - - [17/Sep/2017:09:00:19 +0200] "GET /img/mobile/googlemaps-pin.png HTTP/1.1" 200 1597 "http://www.easydrivers.at/wr.neustadt" "Mozilla/5.0 (iPhone; CPU iPhone OS 10_3_3 like Mac OS X) AppleWebKit/603.3.8 (KHTML, like Gecko) Version/10.0 Mobile/14G60 Safari/602.1"
81.5.197.134 - - [17/Sep/2017:09:00:19 +0200] "GET /img/smallicon-time.png HTTP/1.1" 200 1262 "http://www.easydrivers.at/wr.neustadt" "Mozilla/5.0 (iPhone; CPU iPhone OS 10_3_3 like Mac OS X) AppleWebKit/603.3.8 (KHTML, like Gecko) Version/10.0 Mobile/14G60 Safari/602.1"
81.5.197.134 - - [17/Sep/2017:09:00:19 +0200] "GET /img/smallicon-phone.png HTTP/1.1" 200 3056 "http://www.easydrivers.at/wr.neustadt" "Mozilla/5.0 (iPhone; CPU iPhone OS 10_3_3 like Mac OS X) AppleWebKit/603.3.8 (KHTML, like Gecko) Version/10.0 Mobile/14G60 Safari/602.1"
81.5.197.134 - - [17/Sep/2017:09:00:19 +0200] "GET /img/smallicon-mail.png HTTP/1.1" 200 1341 "http://www.easydrivers.at/wr.neustadt" "Mozilla/5.0 (iPhone; CPU iPhone OS 10_3_3 like Mac OS X) AppleWebKit/603.3.8 (KHTML, like Gecko) Version/10.0 Mobile/14G60 Safari/602.1"
81.5.197.134 - - [17/Sep/2017:09:00:19 +0200] "GET /img/mobile/widget-icon-app.png HTTP/1.1" 200 3458 "http://www.easydrivers.at/wr.neustadt" "Mozilla/5.0 (iPhone; CPU iPhone OS 10_3_3 like Mac OS X) AppleWebKit/603.3.8 (KHTML, like Gecko) Version/10.0 Mobile/14G60 Safari/602.1"
81.5.197.134 - - [17/Sep/2017:09:00:19 +0200] "GET /img/mobile/bg-header.jpg HTTP/1.1" 200 19741 "http://www.easydrivers.at/wr.neustadt" "Mozilla/5.0 (iPhone; CPU iPhone OS 10_3_3 like Mac OS X) AppleWebKit/603.3.8 (KHTML, like Gecko) Version/10.0 Mobile/14G60 Safari/602.1"
81.5.197.134 - - [17/Sep/2017:09:00:20 +0200] "GET /img/mobile/bg-top-section.jpg HTTP/1.1" 200 21711 "http://www.easydrivers.at/wr.neustadt" "Mozilla/5.0 (iPhone; CPU iPhone OS 10_3_3 like Mac OS X) AppleWebKit/603.3.8 (KHTML, like Gecko) Version/10.0 Mobile/14G60 Safari/602.1"
81.5.197.134 - - [17/Sep/2017:09:00:20 +0200] "GET /img/mobile/pfeil-rechts.png HTTP/1.1" 200 1228 "http://www.easydrivers.at/wr.neustadt" "Mozilla/5.0 (iPhone; CPU iPhone OS 10_3_3 like Mac OS X) AppleWebKit/603.3.8 (KHTML, like Gecko) Version/10.0 Mobile/14G60 Safari/602.1"
81.5.197.134 - - [17/Sep/2017:09:00:20 +0200] "GET /img/mobile/bg-menu.jpg HTTP/1.1" 200 1698 "http://www.easydrivers.at/wr.neustadt" "Mozilla/5.0 (iPhone; CPU iPhone OS 10_3_3 like Mac OS X) AppleWebKit/603.3.8 (KHTML, like Gecko) Version/10.0 Mobile/14G60 Safari/602.1"
84.38.130.200 - - [17/Sep/2017:09:00:19 +0200] "GET /kapfenberg.pankl HTTP/1.1" 200 12421 "-" "Java/1.4.1_04"
84.38.130.200 - - [17/Sep/2017:09:00:21 +0200] "GET /skarabela.gross-enzersdorf HTTP/1.1" 301 413 "-" "Java/1.4.1_04"
84.38.130.200 - - [17/Sep/2017:09:00:21 +0200] "GET /skarabela.gross-enzersdorf HTTP/1.1" 200 12155 "-" "Java/1.4.1_04"
84.38.130.200 - - [17/Sep/2017:09:00:25 +0200] "GET /st.poelten HTTP/1.1" 301 397 "-" "Java/1.4.1_04"
84.38.130.200 - - [17/Sep/2017:09:00:25 +0200] "GET /st.poelten HTTP/1.1" 200 12100 "-" "Java/1.4.1_04"
77.118.234.198 - - [17/Sep/2017:09:00:25 +0200] "POST /loadkursliste HTTP/1.1" 200 962 "http://www.easydrivers.at/scheibbs/kursauswahl" "Mozilla/5.0 (Linux; Android 5.0.2; SAMSUNG SM-T530 Build/LRX22G) AppleWebKit/537.36 (KHTML, like Gecko) SamsungBrowser/3.3 Chrome/38.0.2125.102 Safari/537.36"
84.38.130.200 - - [17/Sep/2017:09:00:28 +0200] "GET /st.valentin HTTP/1.1" 301 398 "-" "Java/1.4.1_04"
84.38.130.200 - - [17/Sep/2017:09:00:28 +0200] "GET /st.valentin HTTP/1.1" 200 12141 "-" "Java/1.4.1_04"
84.38.130.200 - - [17/Sep/2017:09:00:31 +0200] "GET /waidhofen.thaya HTTP/1.1" 301 402 "-" "Java/1.4.1_04"
84.38.130.200 - - [17/Sep/2017:09:00:31 +0200] "GET /waidhofen.thaya HTTP/1.1" 200 12077 "-" "Java/1.4.1_04"
84.38.130.200 - - [17/Sep/2017:09:00:34 +0200] "GET /waidhofen.ybbs HTTP/1.1" 301 401 "-" "Java/1.4.1_04"
84.38.130.200 - - [17/Sep/2017:09:00:34 +0200] "GET /waidhofen.ybbs HTTP/1.1" 200 11813 "-" "Java/1.4.1_04"
84.38.130.200 - - [17/Sep/2017:09:00:36 +0200] "GET /wr.neustadt HTTP/1.1" 301 398 "-" "Java/1.4.1_04"
84.38.130.200 - - [17/Sep/2017:09:00:36 +0200] "GET /wr.neustadt HTTP/1.1" 200 11714 "-" "Java/1.4.1_04"
77.118.234.198 - - [17/Sep/2017:09:00:36 +0200] "GET /scheibbs/10249650?FS=F HTTP/1.1" 200 3050 "http://www.easydrivers.at/scheibbs/kursauswahl" "Mozilla/5.0 (Linux; Android 5.0.2; SAMSUNG SM-T530 Build/LRX22G) AppleWebKit/537.36 (KHTML, like Gecko) SamsungBrowser/3.3 Chrome/38.0.2125.102 Safari/537.36"
81.5.197.134 - - [17/Sep/2017:09:00:36 +0200] "POST /wr.neustadt/kursauswahl HTTP/1.1" 200 3116 "http://www.easydrivers.at/wr.neustadt" "Mozilla/5.0 (iPhone; CPU iPhone OS 10_3_3 like Mac OS X) AppleWebKit/603.3.8 (KHTML, like Gecko) Version/10.0 Mobile/14G60 Safari/602.1"
81.5.197.134 - - [17/Sep/2017:09:00:38 +0200] "GET /javascript/mobile-fahrschule-kurs-suchergebnis.js HTTP/1.1" 200 274 "http://www.easydrivers.at/wr.neustadt/kursauswahl" "Mozilla/5.0 (iPhone; CPU iPhone OS 10_3_3 like Mac OS X) AppleWebKit/603.3.8 (KHTML, like Gecko) Version/10.0 Mobile/14G60 Safari/602.1"
81.5.197.134 - - [17/Sep/2017:09:00:38 +0200] "GET /img/mobile/pfeil-links-small.png HTTP/1.1" 200 1065 "http://www.easydrivers.at/wr.neustadt/kursauswahl" "Mozilla/5.0 (iPhone; CPU iPhone OS 10_3_3 like Mac OS X) AppleWebKit/603.3.8 (KHTML, like Gecko) Version/10.0 Mobile/14G60 Safari/602.1"
81.5.197.134 - - [17/Sep/2017:09:00:39 +0200] "GET /img/mobile/bg-yellow.jpg HTTP/1.1" 200 1569 "http://www.easydrivers.at/wr.neustadt/kursauswahl" "Mozilla/5.0 (iPhone; CPU iPhone OS 10_3_3 like Mac OS X) AppleWebKit/603.3.8 (KHTML, like Gecko) Version/10.0 Mobile/14G60 Safari/602.1"
81.5.197.134 - - [17/Sep/2017:09:00:39 +0200] "GET /img/loading-bars.gif HTTP/1.1" 200 3951 "http://www.easydrivers.at/wr.neustadt/kursauswahl" "Mozilla/5.0 (iPhone; CPU iPhone OS 10_3_3 like Mac OS X) AppleWebKit/603.3.8 (KHTML, like Gecko) Version/10.0 Mobile/14G60 Safari/602.1"
77.118.234.198 - - [17/Sep/2017:09:00:39 +0200] "GET /img/mobile/kursicon-phone.png HTTP/1.1" 200 1932 "http://www.easydrivers.at/scheibbs/10249650?FS=F" "Mozilla/5.0 (Linux; Android 5.0.2; SAMSUNG SM-T530 Build/LRX22G) AppleWebKit/537.36 (KHTML, like Gecko) SamsungBrowser/3.3 Chrome/38.0.2125.102 Safari/537.36"
77.118.234.198 - - [17/Sep/2017:09:00:39 +0200] "GET /img/mobile/kursicon-share.png HTTP/1.1" 200 2065 "http://www.easydrivers.at/scheibbs/10249650?FS=F" "Mozilla/5.0 (Linux; Android 5.0.2; SAMSUNG SM-T530 Build/LRX22G) AppleWebKit/537.36 (KHTML, like Gecko) SamsungBrowser/3.3 Chrome/38.0.2125.102 Safari/537.36"
77.118.234.198 - - [17/Sep/2017:09:00:39 +0200] "GET /img/mobile/smallicon-phone.png HTTP/1.1" 200 1311 "http://www.easydrivers.at/scheibbs/10249650?FS=F" "Mozilla/5.0 (Linux; Android 5.0.2; SAMSUNG SM-T530 Build/LRX22G) AppleWebKit/537.36 (KHTML, like Gecko) SamsungBrowser/3.3 Chrome/38.0.2125.102 Safari/537.36"
77.118.234.198 - - [17/Sep/2017:09:00:39 +0200] "GET /img/mobile/smallicon-mail.png HTTP/1.1" 200 1335 "http://www.easydrivers.at/scheibbs/10249650?FS=F" "Mozilla/5.0 (Linux; Android 5.0.2; SAMSUNG SM-T530 Build/LRX22G) AppleWebKit/537.36 (KHTML, like Gecko) SamsungBrowser/3.3 Chrome/38.0.2125.102 Safari/537.36"
84.38.130.200 - - [17/Sep/2017:09:00:39 +0200] "GET /about:blank HTTP/1.1" 301 398 "-" "Java/1.4.1_04"
84.38.130.200 - - [17/Sep/2017:09:00:39 +0200] "GET /about:blank HTTP/1.1" 404 8396 "-" "Java/1.4.1_04"
84.38.130.200 - - [17/Sep/2017:09:00:41 +0200] "GET /amstetten HTTP/1.1" 301 396 "-" "Java/1.4.1_04"
84.38.130.200 - - [17/Sep/2017:09:00:41 +0200] "GET /amstetten HTTP/1.1" 200 12077 "-" "Java/1.4.1_04"
84.38.130.200 - - [17/Sep/2017:09:00:45 +0200] "GET /berndorf HTTP/1.1" 301 395 "-" "Java/1.4.1_04"
84.38.130.200 - - [17/Sep/2017:09:00:45 +0200] "GET /berndorf HTTP/1.1" 200 12362 "-" "Java/1.4.1_04"
84.38.130.200 - - [17/Sep/2017:09:00:47 +0200] "GET /bludenz HTTP/1.1" 301 394 "-" "Java/1.4.1_04"
84.38.130.200 - - [17/Sep/2017:09:00:47 +0200] "GET /bludenz HTTP/1.1" 200 11780 "-" "Java/1.4.1_04"
84.38.130.200 - - [17/Sep/2017:09:00:51 +0200] "GET /brigittenau HTTP/1.1" 301 398 "-" "Java/1.4.1_04"
84.38.130.200 - - [17/Sep/2017:09:00:51 +0200] "GET /brigittenau HTTP/1.1" 200 11685 "-" "Java/1.4.1_04"
81.5.197.134 - - [17/Sep/2017:09:00:53 +0200] "POST /loadkursliste HTTP/1.1" 200 539 "http://www.easydrivers.at/wr.neustadt/kursauswahl" "Mozilla/5.0 (iPhone; CPU iPhone OS 10_3_3 like Mac OS X) AppleWebKit/603.3.8 (KHTML, like Gecko) Version/10.0 Mobile/14G60 Safari/602.1"
84.38.130.200 - - [17/Sep/2017:09:00:59 +0200] "GET /dornbirn HTTP/1.1" 301 395 "-" "Java/1.4.1_04"
84.38.130.200 - - [17/Sep/2017:09:01:00 +0200] "GET /dornbirn HTTP/1.1" 200 12252 "-" "Java/1.4.1_04"
84.38.130.200 - - [17/Sep/2017:09:01:03 +0200] "GET /eisenstadt HTTP/1.1" 301 397 "-" "Java/1.4.1_04"
84.38.130.200 - - [17/Sep/2017:09:01:03 +0200] "GET /eisenstadt HTTP/1.1" 200 10792 "-" "Java/1.4.1_04"
84.38.130.200 - - [17/Sep/2017:09:01:07 +0200] "GET /enns HTTP/1.1" 301 391 "-" "Java/1.4.1_04"
84.38.130.200 - - [17/Sep/2017:09:01:07 +0200] "GET /enns HTTP/1.1" 200 11186 "-" "Java/1.4.1_04"
84.38.130.200 - - [17/Sep/2017:09:01:11 +0200] "GET /fahrschulen HTTP/1.1" 301 398 "-" "Java/1.4.1_04"
84.38.130.200 - - [17/Sep/2017:09:01:11 +0200] "GET /fahrschulen HTTP/1.1" 200 12419 "-" "Java/1.4.1_04"
84.38.130.200 - - [17/Sep/2017:09:01:17 +0200] "GET /feldkirch HTTP/1.1" 301 396 "-" "Java/1.4.1_04"
84.38.130.200 - - [17/Sep/2017:09:01:18 +0200] "GET /feldkirch HTTP/1.1" 200 11521 "-" "Java/1.4.1_04"
84.38.130.200 - - [17/Sep/2017:09:01:23 +0200] "GET /gmuend HTTP/1.1" 301 393 "-" "Java/1.4.1_04"
84.38.130.200 - - [17/Sep/2017:09:01:23 +0200] "GET /gmuend HTTP/1.1" 200 11895 "-" "Java/1.4.1_04"
84.38.130.200 - - [17/Sep/2017:09:01:25 +0200] "GET /guessing HTTP/1.1" 301 395 "-" "Java/1.4.1_04"
84.38.130.200 - - [17/Sep/2017:09:01:26 +0200] "GET /guessing HTTP/1.1" 200 11625 "-" "Java/1.4.1_04"
84.38.130.200 - - [17/Sep/2017:09:01:28 +0200] "GET /hartberg HTTP/1.1" 301 395 "-" "Java/1.4.1_04"
84.38.130.200 - - [17/Sep/2017:09:01:28 +0200] "GET /hartberg HTTP/1.1" 200 12213 "-" "Java/1.4.1_04"
84.38.130.200 - - [17/Sep/2017:09:01:33 +0200] "GET /hollabrunn HTTP/1.1" 301 397 "-" "Java/1.4.1_04"
84.38.130.200 - - [17/Sep/2017:09:01:34 +0200] "GET /hollabrunn HTTP/1.1" 200 12341 "-" "Java/1.4.1_04"
54.90.125.218 - - [17/Sep/2017:09:01:36 +0200] "GET /administrator HTTP/1.1" 301 302 "https://search.yahoo.com/search=easydrivers.at?p=easydrivers.at" "Mozilla/5.0 (Windows NT 6.0; rv:36.0) Gecko/20100101 Firefox/36.0"
84.38.130.200 - - [17/Sep/2017:09:01:37 +0200] "GET /horn HTTP/1.1" 301 391 "-" "Java/1.4.1_04"
84.38.130.200 - - [17/Sep/2017:09:01:37 +0200] "GET /horn HTTP/1.1" 200 11825 "-" "Java/1.4.1_04"
84.38.130.200 - - [17/Sep/2017:09:01:40 +0200] "GET /img/close-button.png HTTP/1.1" 301 407 "-" "Java/1.4.1_04"
84.38.130.200 - - [17/Sep/2017:09:01:40 +0200] "GET /img/close-button.png HTTP/1.1" 200 2237 "-" "Java/1.4.1_04"
54.90.125.218 - - [17/Sep/2017:09:01:41 +0200] "GET /administrator HTTP/1.1" 404 2659 "https://search.yahoo.com/search=easydrivers.at?p=easydrivers.at" "Mozilla/5.0 (Windows NT 6.0; rv:36.0) Gecko/20100101 Firefox/36.0"
193.83.213.210 - - [17/Sep/2017:09:03:22 +0200] "GET / HTTP/1.1" 200 3562 "android-app://com.google.android.googlequicksearchbox/https/www.google.com" "Mozilla/5.0 (Linux; Android 7.0; HUAWEI VNS-L21 Build/HUAWEIVNS-L21) AppleWebKit/537.36 (KHTML, like Gecko) Chrome/60.0.3112.116 Mobile Safari/537.36"
193.83.213.210 - - [17/Sep/2017:09:03:24 +0200] "GET /css/mobile.css HTTP/1.1" 200 2852 "http://www.easydrivers.at/" "Mozilla/5.0 (Linux; Android 7.0; HUAWEI VNS-L21 Build/HUAWEIVNS-L21) AppleWebKit/537.36 (KHTML, like Gecko) Chrome/60.0.3112.116 Mobile Safari/537.36"
193.83.213.210 - - [17/Sep/2017:09:03:24 +0200] "GET /javascript/jquery.cookie.js HTTP/1.1" 200 863 "http://www.easydrivers.at/" "Mozilla/5.0 (Linux; Android 7.0; HUAWEI VNS-L21 Build/HUAWEIVNS-L21) AppleWebKit/537.36 (KHTML, like Gecko) Chrome/60.0.3112.116 Mobile Safari/537.36"
193.83.213.210 - - [17/Sep/2017:09:03:24 +0200] "GET /javascript/mobile-menu.js HTTP/1.1" 200 1634 "http://www.easydrivers.at/" "Mozilla/5.0 (Linux; Android 7.0; HUAWEI VNS-L21 Build/HUAWEIVNS-L21) AppleWebKit/537.36 (KHTML, like Gecko) Chrome/60.0.3112.116 Mobile Safari/537.36"
193.83.213.210 - - [17/Sep/2017:09:03:24 +0200] "GET /javascript/jquery.simplemodal.js HTTP/1.1" 200 3070 "http://www.easydrivers.at/" "Mozilla/5.0 (Linux; Android 7.0; HUAWEI VNS-L21 Build/HUAWEIVNS-L21) AppleWebKit/537.36 (KHTML, like Gecko) Chrome/60.0.3112.116 Mobile Safari/537.36"
193.83.213.210 - - [17/Sep/2017:09:03:24 +0200] "GET /javascript/jquery-1.9.1.min.js HTTP/1.1" 200 32731 "http://www.easydrivers.at/" "Mozilla/5.0 (Linux; Android 7.0; HUAWEI VNS-L21 Build/HUAWEIVNS-L21) AppleWebKit/537.36 (KHTML, like Gecko) Chrome/60.0.3112.116 Mobile Safari/537.36"
193.83.213.210 - - [17/Sep/2017:09:03:24 +0200] "GET /javascript/mobile-homesearch.js HTTP/1.1" 200 340 "http://www.easydrivers.at/" "Mozilla/5.0 (Linux; Android 7.0; HUAWEI VNS-L21 Build/HUAWEIVNS-L21) AppleWebKit/537.36 (KHTML, like Gecko) Chrome/60.0.3112.116 Mobile Safari/537.36"
193.83.213.210 - - [17/Sep/2017:09:03:24 +0200] "GET /javascript/lazyload.js HTTP/1.1" 200 1170 "http://www.easydrivers.at/" "Mozilla/5.0 (Linux; Android 7.0; HUAWEI VNS-L21 Build/HUAWEIVNS-L21) AppleWebKit/537.36 (KHTML, like Gecko) Chrome/60.0.3112.116 Mobile Safari/537.36"
193.83.213.210 - - [17/Sep/2017:09:03:24 +0200] "GET /img/mobile/easydrivers-logo-mobile.png HTTP/1.1" 200 10766 "http://www.easydrivers.at/" "Mozilla/5.0 (Linux; Android 7.0; HUAWEI VNS-L21 Build/HUAWEIVNS-L21) AppleWebKit/537.36 (KHTML, like Gecko) Chrome/60.0.3112.116 Mobile Safari/537.36"
193.83.213.210 - - [17/Sep/2017:09:03:24 +0200] "GET /img/mobile/menu-button.png HTTP/1.1" 200 1746 "http://www.easydrivers.at/" "Mozilla/5.0 (Linux; Android 7.0; HUAWEI VNS-L21 Build/HUAWEIVNS-L21) AppleWebKit/537.36 (KHTML, like Gecko) Chrome/60.0.3112.116 Mobile Safari/537.36"
193.83.213.210 - - [17/Sep/2017:09:03:24 +0200] "GET /img/mobile/close-button.png HTTP/1.1" 200 2411 "http://www.easydrivers.at/" "Mozilla/5.0 (Linux; Android 7.0; HUAWEI VNS-L21 Build/HUAWEIVNS-L21) AppleWebKit/537.36 (KHTML, like Gecko) Chrome/60.0.3112.116 Mobile Safari/537.36"
193.83.213.210 - - [17/Sep/2017:09:03:24 +0200] "GET /img/mobile/facebook-icon.png HTTP/1.1" 200 1902 "http://www.easydrivers.at/" "Mozilla/5.0 (Linux; Android 7.0; HUAWEI VNS-L21 Build/HUAWEIVNS-L21) AppleWebKit/537.36 (KHTML, like Gecko) Chrome/60.0.3112.116 Mobile Safari/537.36"
193.83.213.210 - - [17/Sep/2017:09:03:24 +0200] "GET /img/mobile/widget-icon-app.png HTTP/1.1" 200 3458 "http://www.easydrivers.at/" "Mozilla/5.0 (Linux; Android 7.0; HUAWEI VNS-L21 Build/HUAWEIVNS-L21) AppleWebKit/537.36 (KHTML, like Gecko) Chrome/60.0.3112.116 Mobile Safari/537.36"
193.83.213.210 - - [17/Sep/2017:09:03:24 +0200] "GET /img/mobile/bg-header.jpg HTTP/1.1" 200 19741 "http://www.easydrivers.at/css/mobile.css" "Mozilla/5.0 (Linux; Android 7.0; HUAWEI VNS-L21 Build/HUAWEIVNS-L21) AppleWebKit/537.36 (KHTML, like Gecko) Chrome/60.0.3112.116 Mobile Safari/537.36"
193.83.213.210 - - [17/Sep/2017:09:03:24 +0200] "GET /img/mobile/bg-menu.jpg HTTP/1.1" 200 1698 "http://www.easydrivers.at/css/mobile.css" "Mozilla/5.0 (Linux; Android 7.0; HUAWEI VNS-L21 Build/HUAWEIVNS-L21) AppleWebKit/537.36 (KHTML, like Gecko) Chrome/60.0.3112.116 Mobile Safari/537.36"
193.83.213.210 - - [17/Sep/2017:09:03:24 +0200] "GET /img/mobile/bg-top-section.jpg HTTP/1.1" 200 21711 "http://www.easydrivers.at/css/mobile.css" "Mozilla/5.0 (Linux; Android 7.0; HUAWEI VNS-L21 Build/HUAWEIVNS-L21) AppleWebKit/537.36 (KHTML, like Gecko) Chrome/60.0.3112.116 Mobile Safari/537.36"
193.83.213.210 - - [17/Sep/2017:09:03:25 +0200] "GET /img/mobile/pfeil-rechts.png HTTP/1.1" 200 1228 "http://www.easydrivers.at/css/mobile.css" "Mozilla/5.0 (Linux; Android 7.0; HUAWEI VNS-L21 Build/HUAWEIVNS-L21) AppleWebKit/537.36 (KHTML, like Gecko) Chrome/60.0.3112.116 Mobile Safari/537.36"
193.83.213.210 - - [17/Sep/2017:09:03:25 +0200] "GET /img/favicon.ico HTTP/1.1" 404 300 "http://www.easydrivers.at/" "Mozilla/5.0 (Linux; Android 7.0; HUAWEI VNS-L21 Build/HUAWEIVNS-L21) AppleWebKit/537.36 (KHTML, like Gecko) Chrome/60.0.3112.116 Mobile Safari/537.36"
51.255.71.130 - - [17/Sep/2017:09:03:37 +0200] "GET /oberwart HTTP/1.1" 200 3644 "-" "Mozilla/5.0 (compatible; AhrefsBot/5.2; +http://ahrefs.com/robot/)"
91.200.12.28 - - [17/Sep/2017:09:04:14 +0200] "GET /wp-login.php HTTP/1.1" 301 394 "-" "Mozilla/5.0 (compatible; MSIE 9.0; Windows NT 6.1; Trident/5.0)"
91.200.12.28 - - [17/Sep/2017:09:04:16 +0200] "GET //wp-login.php HTTP/1.1" 301 394 "-" "Mozilla/5.0 (compatible; MSIE 9.0; Windows NT 6.1; Trident/5.0)"
81.217.193.42 - - [17/Sep/2017:09:05:40 +0200] "GET /moedling/aktionen HTTP/1.1" 200 3655 "http://m.facebook.com/" "Mozilla/5.0 (Linux; Android 6.0.1; SM-G900F Build/MMB29M; wv) AppleWebKit/537.36 (KHTML, like Gecko) Version/4.0 Chrome/61.0.3163.81 Mobile Safari/537.36 [FB_IAB/FB4A;FBAV/141.0.0.31.91;]"
193.81.149.242 - - [17/Sep/2017:09:06:37 +0200] "GET / HTTP/1.1" 301 295 "android-app://com.google.android.googlequicksearchbox" "Mozilla/5.0 (Linux; Android 7.0; HUAWEI VNS-L21 Build/HUAWEIVNS-L21) AppleWebKit/537.36 (KHTML, like Gecko) Chrome/60.0.3112.116 Mobile Safari/537.36"
68.61.152.240 - - [17/Sep/2017:09:06:37 +0200] "GET /wp-login.php HTTP/1.1" 404 8396 "-" "Mozilla/5.0 (Windows NT 6.1; WOW64; rv:40.0) Gecko/20100101 Firefox/40.1"
68.61.152.240 - - [17/Sep/2017:09:06:38 +0200] "GET / HTTP/1.1" 200 15965 "-" "Mozilla/5.0 (Windows NT 6.1; WOW64; rv:40.0) Gecko/20100101 Firefox/40.1"
193.81.149.242 - - [17/Sep/2017:09:06:43 +0200] "GET / HTTP/1.1" 200 3562 "android-app://com.google.android.googlequicksearchbox" "Mozilla/5.0 (Linux; Android 7.0; HUAWEI VNS-L21 Build/HUAWEIVNS-L21) AppleWebKit/537.36 (KHTML, like Gecko) Chrome/60.0.3112.116 Mobile Safari/537.36"
213.162.68.204 - - [17/Sep/2017:09:06:47 +0200] "GET / HTTP/1.1" 200 3562 "-" "Mozilla/5.0 (Linux; Android 7.0; HUAWEI VNS-L21 Build/HUAWEIVNS-L21) AppleWebKit/537.36 (KHTML, like Gecko) Chrome/60.0.3112.116 Mobile Safari/537.36"
213.162.68.204 - - [17/Sep/2017:09:06:49 +0200] "GET /css/mobile.css HTTP/1.1" 200 2852 "http://www.easydrivers.at/" "Mozilla/5.0 (Linux; Android 7.0; HUAWEI VNS-L21 Build/HUAWEIVNS-L21) AppleWebKit/537.36 (KHTML, like Gecko) Chrome/60.0.3112.116 Mobile Safari/537.36"
213.162.68.204 - - [17/Sep/2017:09:06:49 +0200] "GET /javascript/jquery.cookie.js HTTP/1.1" 200 863 "http://www.easydrivers.at/" "Mozilla/5.0 (Linux; Android 7.0; HUAWEI VNS-L21 Build/HUAWEIVNS-L21) AppleWebKit/537.36 (KHTML, like Gecko) Chrome/60.0.3112.116 Mobile Safari/537.36"
213.162.68.204 - - [17/Sep/2017:09:06:49 +0200] "GET /javascript/mobile-menu.js HTTP/1.1" 200 1634 "http://www.easydrivers.at/" "Mozilla/5.0 (Linux; Android 7.0; HUAWEI VNS-L21 Build/HUAWEIVNS-L21) AppleWebKit/537.36 (KHTML, like Gecko) Chrome/60.0.3112.116 Mobile Safari/537.36"
213.162.68.204 - - [17/Sep/2017:09:06:49 +0200] "GET /javascript/jquery.simplemodal.js HTTP/1.1" 200 3070 "http://www.easydrivers.at/" "Mozilla/5.0 (Linux; Android 7.0; HUAWEI VNS-L21 Build/HUAWEIVNS-L21) AppleWebKit/537.36 (KHTML, like Gecko) Chrome/60.0.3112.116 Mobile Safari/537.36"
213.162.68.204 - - [17/Sep/2017:09:06:49 +0200] "GET /javascript/jquery-1.9.1.min.js HTTP/1.1" 200 32731 "http://www.easydrivers.at/" "Mozilla/5.0 (Linux; Android 7.0; HUAWEI VNS-L21 Build/HUAWEIVNS-L21) AppleWebKit/537.36 (KHTML, like Gecko) Chrome/60.0.3112.116 Mobile Safari/537.36"
213.162.68.204 - - [17/Sep/2017:09:06:49 +0200] "GET /javascript/mobile-homesearch.js HTTP/1.1" 200 340 "http://www.easydrivers.at/" "Mozilla/5.0 (Linux; Android 7.0; HUAWEI VNS-L21 Build/HUAWEIVNS-L21) AppleWebKit/537.36 (KHTML, like Gecko) Chrome/60.0.3112.116 Mobile Safari/537.36"
213.162.68.204 - - [17/Sep/2017:09:06:49 +0200] "GET /javascript/lazyload.js HTTP/1.1" 200 1170 "http://www.easydrivers.at/" "Mozilla/5.0 (Linux; Android 7.0; HUAWEI VNS-L21 Build/HUAWEIVNS-L21) AppleWebKit/537.36 (KHTML, like Gecko) Chrome/60.0.3112.116 Mobile Safari/537.36"
213.162.68.204 - - [17/Sep/2017:09:06:49 +0200] "GET /img/mobile/easydrivers-logo-mobile.png HTTP/1.1" 200 10766 "http://www.easydrivers.at/" "Mozilla/5.0 (Linux; Android 7.0; HUAWEI VNS-L21 Build/HUAWEIVNS-L21) AppleWebKit/537.36 (KHTML, like Gecko) Chrome/60.0.3112.116 Mobile Safari/537.36"
213.162.68.204 - - [17/Sep/2017:09:06:49 +0200] "GET /img/mobile/menu-button.png HTTP/1.1" 200 1746 "http://www.easydrivers.at/" "Mozilla/5.0 (Linux; Android 7.0; HUAWEI VNS-L21 Build/HUAWEIVNS-L21) AppleWebKit/537.36 (KHTML, like Gecko) Chrome/60.0.3112.116 Mobile Safari/537.36"
213.162.68.204 - - [17/Sep/2017:09:06:49 +0200] "GET /img/mobile/close-button.png HTTP/1.1" 200 2411 "http://www.easydrivers.at/" "Mozilla/5.0 (Linux; Android 7.0; HUAWEI VNS-L21 Build/HUAWEIVNS-L21) AppleWebKit/537.36 (KHTML, like Gecko) Chrome/60.0.3112.116 Mobile Safari/537.36"
213.162.68.204 - - [17/Sep/2017:09:06:49 +0200] "GET /img/mobile/facebook-icon.png HTTP/1.1" 200 1902 "http://www.easydrivers.at/" "Mozilla/5.0 (Linux; Android 7.0; HUAWEI VNS-L21 Build/HUAWEIVNS-L21) AppleWebKit/537.36 (KHTML, like Gecko) Chrome/60.0.3112.116 Mobile Safari/537.36"
213.162.68.204 - - [17/Sep/2017:09:06:49 +0200] "GET /img/mobile/widget-icon-app.png HTTP/1.1" 200 3458 "http://www.easydrivers.at/" "Mozilla/5.0 (Linux; Android 7.0; HUAWEI VNS-L21 Build/HUAWEIVNS-L21) AppleWebKit/537.36 (KHTML, like Gecko) Chrome/60.0.3112.116 Mobile Safari/537.36"
213.162.68.204 - - [17/Sep/2017:09:06:50 +0200] "GET /img/mobile/bg-header.jpg HTTP/1.1" 200 19741 "http://www.easydrivers.at/css/mobile.css" "Mozilla/5.0 (Linux; Android 7.0; HUAWEI VNS-L21 Build/HUAWEIVNS-L21) AppleWebKit/537.36 (KHTML, like Gecko) Chrome/60.0.3112.116 Mobile Safari/537.36"
213.162.68.204 - - [17/Sep/2017:09:06:50 +0200] "GET /img/mobile/bg-menu.jpg HTTP/1.1" 200 1698 "http://www.easydrivers.at/css/mobile.css" "Mozilla/5.0 (Linux; Android 7.0; HUAWEI VNS-L21 Build/HUAWEIVNS-L21) AppleWebKit/537.36 (KHTML, like Gecko) Chrome/60.0.3112.116 Mobile Safari/537.36"
213.162.68.204 - - [17/Sep/2017:09:06:50 +0200] "GET /img/mobile/bg-top-section.jpg HTTP/1.1" 200 21711 "http://www.easydrivers.at/css/mobile.css" "Mozilla/5.0 (Linux; Android 7.0; HUAWEI VNS-L21 Build/HUAWEIVNS-L21) AppleWebKit/537.36 (KHTML, like Gecko) Chrome/60.0.3112.116 Mobile Safari/537.36"
213.162.68.204 - - [17/Sep/2017:09:06:50 +0200] "GET /img/mobile/pfeil-rechts.png HTTP/1.1" 200 1228 "http://www.easydrivers.at/css/mobile.css" "Mozilla/5.0 (Linux; Android 7.0; HUAWEI VNS-L21 Build/HUAWEIVNS-L21) AppleWebKit/537.36 (KHTML, like Gecko) Chrome/60.0.3112.116 Mobile Safari/537.36"
213.162.68.204 - - [17/Sep/2017:09:06:51 +0200] "GET /img/favicon.ico HTTP/1.1" 404 300 "http://www.easydrivers.at/" "Mozilla/5.0 (Linux; Android 7.0; HUAWEI VNS-L21 Build/HUAWEIVNS-L21) AppleWebKit/537.36 (KHTML, like Gecko) Chrome/60.0.3112.116 Mobile Safari/537.36"
213.162.68.204 - - [17/Sep/2017:09:06:59 +0200] "GET / HTTP/1.1" 200 3562 "http://www.easydrivers.at/" "Mozilla/5.0 (Linux; Android 7.0; HUAWEI VNS-L21 Build/HUAWEIVNS-L21) AppleWebKit/537.36 (KHTML, like Gecko) Chrome/60.0.3112.116 Mobile Safari/537.36"
213.162.68.204 - - [17/Sep/2017:09:07:00 +0200] "GET / HTTP/1.1" 200 3562 "http://www.easydrivers.at/" "Mozilla/5.0 (Linux; Android 7.0; HUAWEI VNS-L21 Build/HUAWEIVNS-L21) AppleWebKit/537.36 (KHTML, like Gecko) Chrome/60.0.3112.116 Mobile Safari/537.36"
213.162.68.204 - - [17/Sep/2017:09:07:06 +0200] "GET / HTTP/1.1" 200 3562 "http://www.easydrivers.at/" "Mozilla/5.0 (Linux; Android 7.0; HUAWEI VNS-L21 Build/HUAWEIVNS-L21) AppleWebKit/537.36 (KHTML, like Gecko) Chrome/60.0.3112.116 Mobile Safari/537.36"
188.117.245.208 - - [17/Sep/2017:09:07:14 +0200] "GET / HTTP/1.1" 200 4409 "https://www.google.at/" "Mozilla/5.0 (Windows NT 10.0; Win64; x64; rv:55.0) Gecko/20100101 Firefox/55.0"
188.117.245.208 - - [17/Sep/2017:09:07:15 +0200] "GET /css/style.css HTTP/1.1" 304 - "http://www.easydrivers.at/" "Mozilla/5.0 (Windows NT 10.0; Win64; x64; rv:55.0) Gecko/20100101 Firefox/55.0"
188.117.245.208 - - [17/Sep/2017:09:07:15 +0200] "GET /css/print.css HTTP/1.1" 304 - "http://www.easydrivers.at/" "Mozilla/5.0 (Windows NT 10.0; Win64; x64; rv:55.0) Gecko/20100101 Firefox/55.0"
