62.46.167.185 - - [17/Sep/2017:10:38:11 +0200] "GET /img/black-dots-vertical.png HTTP/1.1" 200 1165 "http://www.easydrivers.at/css/style.css" "Mozilla/5.0 (Windows NT 10.0; Win64; x64) AppleWebKit/537.36 (KHTML, like Gecko) Chrome/60.0.3112.113 Safari/537.36"
62.46.167.185 - - [17/Sep/2017:10:38:11 +0200] "GET /img/bg-footer.jpg HTTP/1.1" 200 31770 "http://www.easydrivers.at/css/style.css" "Mozilla/5.0 (Windows NT 10.0; Win64; x64) AppleWebKit/537.36 (KHTML, like Gecko) Chrome/60.0.3112.113 Safari/537.36"
62.46.167.185 - - [17/Sep/2017:10:38:11 +0200] "GET /img/bg-header.jpg HTTP/1.1" 200 38680 "http://www.easydrivers.at/css/style.css" "Mozilla/5.0 (Windows NT 10.0; Win64; x64) AppleWebKit/537.36 (KHTML, like Gecko) Chrome/60.0.3112.113 Safari/537.36"
62.46.167.185 - - [17/Sep/2017:10:38:11 +0200] "GET /img/kursicon-print-pink.png HTTP/1.1" 200 1125 "http://www.easydrivers.at/" "Mozilla/5.0 (Windows NT 10.0; Win64; x64) AppleWebKit/537.36 (KHTML, like Gecko) Chrome/60.0.3112.113 Safari/537.36"
62.46.167.185 - - [17/Sep/2017:10:38:11 +0200] "GET /img/kursicon-download-pink.png HTTP/1.1" 200 1213 "http://www.easydrivers.at/" "Mozilla/5.0 (Windows NT 10.0; Win64; x64) AppleWebKit/537.36 (KHTML, like Gecko) Chrome/60.0.3112.113 Safari/537.36"
62.46.167.185 - - [17/Sep/2017:10:38:11 +0200] "GET /img/bg-top-section.jpg HTTP/1.1" 200 82172 "http://www.easydrivers.at/css/style.css" "Mozilla/5.0 (Windows NT 10.0; Win64; x64) AppleWebKit/537.36 (KHTML, like Gecko) Chrome/60.0.3112.113 Safari/537.36"
62.46.167.185 - - [17/Sep/2017:10:38:11 +0200] "GET /img/kursicon-share-pink.png HTTP/1.1" 200 1277 "http://www.easydrivers.at/" "Mozilla/5.0 (Windows NT 10.0; Win64; x64) AppleWebKit/537.36 (KHTML, like Gecko) Chrome/60.0.3112.113 Safari/537.36"
62.46.167.185 - - [17/Sep/2017:10:38:11 +0200] "GET /img/kursicon-phone-pink.png HTTP/1.1" 200 1286 "http://www.easydrivers.at/" "Mozilla/5.0 (Windows NT 10.0; Win64; x64) AppleWebKit/537.36 (KHTML, like Gecko) Chrome/60.0.3112.113 Safari/537.36"
62.46.167.185 - - [17/Sep/2017:10:38:11 +0200] "GET /css/print.css HTTP/1.1" 200 967 "http://www.easydrivers.at/" "Mozilla/5.0 (Windows NT 10.0; Win64; x64) AppleWebKit/537.36 (KHTML, like Gecko) Chrome/60.0.3112.113 Safari/537.36"
62.46.167.185 - - [17/Sep/2017:10:38:12 +0200] "GET /img/new_favicon.ico HTTP/1.1" 200 1150 "http://www.easydrivers.at/" "Mozilla/5.0 (Windows NT 10.0; Win64; x64) AppleWebKit/537.36 (KHTML, like Gecko) Chrome/60.0.3112.113 Safari/537.36"
62.46.167.185 - - [17/Sep/2017:10:38:14 +0200] "GET /fahrschulen HTTP/1.1" 200 3925 "http://www.easydrivers.at/" "Mozilla/5.0 (Windows NT 10.0; Win64; x64) AppleWebKit/537.36 (KHTML, like Gecko) Chrome/60.0.3112.113 Safari/537.36"
62.46.167.185 - - [17/Sep/2017:10:38:16 +0200] "GET /javascript/fahrschulen.js HTTP/1.1" 200 470 "http://www.easydrivers.at/fahrschulen" "Mozilla/5.0 (Windows NT 10.0; Win64; x64) AppleWebKit/537.36 (KHTML, like Gecko) Chrome/60.0.3112.113 Safari/537.36"
62.46.167.185 - - [17/Sep/2017:10:38:16 +0200] "GET /img/austria-map-burgenland.png HTTP/1.1" 200 10146 "http://www.easydrivers.at/fahrschulen" "Mozilla/5.0 (Windows NT 10.0; Win64; x64) AppleWebKit/537.36 (KHTML, like Gecko) Chrome/60.0.3112.113 Safari/537.36"
62.46.167.185 - - [17/Sep/2017:10:38:16 +0200] "GET /img/austria-map-kaernten.png HTTP/1.1" 200 9968 "http://www.easydrivers.at/fahrschulen" "Mozilla/5.0 (Windows NT 10.0; Win64; x64) AppleWebKit/537.36 (KHTML, like Gecko) Chrome/60.0.3112.113 Safari/537.36"
62.46.167.185 - - [17/Sep/2017:10:38:16 +0200] "GET /img/submit-button-small.png HTTP/1.1" 200 1456 "http://www.easydrivers.at/fahrschulen" "Mozilla/5.0 (Windows NT 10.0; Win64; x64) AppleWebKit/537.36 (KHTML, like Gecko) Chrome/60.0.3112.113 Safari/537.36"
62.46.167.185 - - [17/Sep/2017:10:38:16 +0200] "GET /img/austria-map-noe.png HTTP/1.1" 200 17166 "http://www.easydrivers.at/fahrschulen" "Mozilla/5.0 (Windows NT 10.0; Win64; x64) AppleWebKit/537.36 (KHTML, like Gecko) Chrome/60.0.3112.113 Safari/537.36"
62.46.167.185 - - [17/Sep/2017:10:38:16 +0200] "GET /img/austria-map-ooe.png HTTP/1.1" 200 14597 "http://www.easydrivers.at/fahrschulen" "Mozilla/5.0 (Windows NT 10.0; Win64; x64) AppleWebKit/537.36 (KHTML, like Gecko) Chrome/60.0.3112.113 Safari/537.36"
62.46.167.185 - - [17/Sep/2017:10:38:16 +0200] "GET /img/austria-map-salzburg.png HTTP/1.1" 200 13786 "http://www.easydrivers.at/fahrschulen" "Mozilla/5.0 (Windows NT 10.0; Win64; x64) AppleWebKit/537.36 (KHTML, like Gecko) Chrome/60.0.3112.113 Safari/537.36"
62.46.167.185 - - [17/Sep/2017:10:38:16 +0200] "GET /img/austria-map.jpg HTTP/1.1" 200 57110 "http://www.easydrivers.at/fahrschulen" "Mozilla/5.0 (Windows NT 10.0; Win64; x64) AppleWebKit/537.36 (KHTML, like Gecko) Chrome/60.0.3112.113 Safari/537.36"
62.46.167.185 - - [17/Sep/2017:10:38:16 +0200] "GET /img/austria-map-steiermark.png HTTP/1.1" 200 14192 "http://www.easydrivers.at/fahrschulen" "Mozilla/5.0 (Windows NT 10.0; Win64; x64) AppleWebKit/537.36 (KHTML, like Gecko) Chrome/60.0.3112.113 Safari/537.36"
62.46.167.185 - - [17/Sep/2017:10:38:16 +0200] "GET /img/austria-map-tirol.png HTTP/1.1" 200 13911 "http://www.easydrivers.at/fahrschulen" "Mozilla/5.0 (Windows NT 10.0; Win64; x64) AppleWebKit/537.36 (KHTML, like Gecko) Chrome/60.0.3112.113 Safari/537.36"
62.46.167.185 - - [17/Sep/2017:10:38:16 +0200] "GET /img/austria-map-vorarlberg.png HTTP/1.1" 200 5780 "http://www.easydrivers.at/fahrschulen" "Mozilla/5.0 (Windows NT 10.0; Win64; x64) AppleWebKit/537.36 (KHTML, like Gecko) Chrome/60.0.3112.113 Safari/537.36"
62.46.167.185 - - [17/Sep/2017:10:38:16 +0200] "GET /img/austria-map-wien.png HTTP/1.1" 200 2864 "http://www.easydrivers.at/fahrschulen" "Mozilla/5.0 (Windows NT 10.0; Win64; x64) AppleWebKit/537.36 (KHTML, like Gecko) Chrome/60.0.3112.113 Safari/537.36"
46.125.250.123 - - [17/Sep/2017:10:38:28 +0200] "GET /img/mobile/close-button.png HTTP/1.1" 200 2411 "-" "Mozilla/5.0 (iPhone; CPU iPhone OS 10_3_3 like Mac OS X) AppleWebKit/603.3.8 (KHTML, like Gecko) Mobile/14G60 [FBAN/FBIOS;FBAV/140.0.0.63.89;FBBV/70896504;FBDV/iPhone6,2;FBMD/iPhone;FBSN/iOS;FBSV/10.3.3;FBSS/2;FBCR/T-MobileA;FBID/phone;FBLC/de_DE;FBOP/5;FBRV/71584044]"
46.125.250.123 - - [17/Sep/2017:10:38:30 +0200] "GET /img/mobile/facebook-icon.png HTTP/1.1" 200 1902 "-" "Mozilla/5.0 (iPhone; CPU iPhone OS 10_3_3 like Mac OS X) AppleWebKit/603.3.8 (KHTML, like Gecko) Mobile/14G60 [FBAN/FBIOS;FBAV/140.0.0.63.89;FBBV/70896504;FBDV/iPhone6,2;FBMD/iPhone;FBSN/iOS;FBSV/10.3.3;FBSS/2;FBCR/T-MobileA;FBID/phone;FBLC/de_DE;FBOP/5;FBRV/71584044]"
62.46.167.185 - - [17/Sep/2017:10:38:35 +0200] "GET /img/loading-bars.gif HTTP/1.1" 200 3951 "http://www.easydrivers.at/css/style.css" "Mozilla/5.0 (Windows NT 10.0; Win64; x64) AppleWebKit/537.36 (KHTML, like Gecko) Chrome/60.0.3112.113 Safari/537.36"
62.46.167.185 - - [17/Sep/2017:10:38:35 +0200] "POST /fahrschulen/Gro%C3%9F%20Enzersdorf HTTP/1.1" 200 3802 "http://www.easydrivers.at/fahrschulen" "Mozilla/5.0 (Windows NT 10.0; Win64; x64) AppleWebKit/537.36 (KHTML, like Gecko) Chrome/60.0.3112.113 Safari/537.36"
62.46.167.185 - - [17/Sep/2017:10:38:36 +0200] "GET /img/smallicon-address.png HTTP/1.1" 200 1211 "http://www.easydrivers.at/fahrschulen/Gro%C3%9F%20Enzersdorf" "Mozilla/5.0 (Windows NT 10.0; Win64; x64) AppleWebKit/537.36 (KHTML, like Gecko) Chrome/60.0.3112.113 Safari/537.36"
62.46.167.185 - - [17/Sep/2017:10:38:36 +0200] "GET /img/locator-icon.png HTTP/1.1" 200 1377 "http://www.easydrivers.at/fahrschulen/Gro%C3%9F%20Enzersdorf" "Mozilla/5.0 (Windows NT 10.0; Win64; x64) AppleWebKit/537.36 (KHTML, like Gecko) Chrome/60.0.3112.113 Safari/537.36"
62.46.167.185 - - [17/Sep/2017:10:38:36 +0200] "GET /img/smallicon-phone.png HTTP/1.1" 200 3056 "http://www.easydrivers.at/fahrschulen/Gro%C3%9F%20Enzersdorf" "Mozilla/5.0 (Windows NT 10.0; Win64; x64) AppleWebKit/537.36 (KHTML, like Gecko) Chrome/60.0.3112.113 Safari/537.36"
62.46.167.185 - - [17/Sep/2017:10:38:36 +0200] "GET /img/smallicon-time.png HTTP/1.1" 200 1262 "http://www.easydrivers.at/fahrschulen/Gro%C3%9F%20Enzersdorf" "Mozilla/5.0 (Windows NT 10.0; Win64; x64) AppleWebKit/537.36 (KHTML, like Gecko) Chrome/60.0.3112.113 Safari/537.36"
62.46.167.185 - - [17/Sep/2017:10:38:36 +0200] "GET /img/smallicon-mail.png HTTP/1.1" 200 1341 "http://www.easydrivers.at/fahrschulen/Gro%C3%9F%20Enzersdorf" "Mozilla/5.0 (Windows NT 10.0; Win64; x64) AppleWebKit/537.36 (KHTML, like Gecko) Chrome/60.0.3112.113 Safari/537.36"
62.46.167.185 - - [17/Sep/2017:10:38:36 +0200] "GET /img/arrow-left.png HTTP/1.1" 200 1015 "http://www.easydrivers.at/css/style.css" "Mozilla/5.0 (Windows NT 10.0; Win64; x64) AppleWebKit/537.36 (KHTML, like Gecko) Chrome/60.0.3112.113 Safari/537.36"
62.46.167.185 - - [17/Sep/2017:10:38:36 +0200] "GET /img/bg-yellow.jpg HTTP/1.1" 200 2250 "http://www.easydrivers.at/css/style.css" "Mozilla/5.0 (Windows NT 10.0; Win64; x64) AppleWebKit/537.36 (KHTML, like Gecko) Chrome/60.0.3112.113 Safari/537.36"
194.166.93.78 - - [17/Sep/2017:10:38:38 +0200] "GET /krems?utm_source=facebook&utm_medium=ad&utm_campaign=motorrad HTTP/1.1" 200 2936 "http://m.facebook.com" "Mozilla/5.0 (iPhone; CPU iPhone OS 10_3_3 like Mac OS X) AppleWebKit/603.3.8 (KHTML, like Gecko) Mobile/14G60 [FBAN/FBIOS;FBAV/140.0.0.63.89;FBBV/70896504;FBDV/iPhone5,2;FBMD/iPhone;FBSN/iOS;FBSV/10.3.3;FBSS/2;FBCR/T-MobileA;FBID/phone;FBLC/de_DE;FBOP/5;FBRV/71584044]"
194.166.93.78 - - [17/Sep/2017:10:38:41 +0200] "GET /img/mobile/easydrivers-logo-mobile.png HTTP/1.1" 200 10766 "-" "Mozilla/5.0 (iPhone; CPU iPhone OS 10_3_3 like Mac OS X) AppleWebKit/603.3.8 (KHTML, like Gecko) Mobile/14G60 [FBAN/FBIOS;FBAV/140.0.0.63.89;FBBV/70896504;FBDV/iPhone5,2;FBMD/iPhone;FBSN/iOS;FBSV/10.3.3;FBSS/2;FBCR/T-MobileA;FBID/phone;FBLC/de_DE;FBOP/5;FBRV/71584044]"
40.77.179.197 - - [17/Sep/2017:10:38:52 +0200] "GET /javascript/homesearch.js HTTP/1.1" 200 639 "-" "Mozilla/5.0 (Windows NT 6.1; WOW64) AppleWebKit/534+ (KHTML, like Gecko) BingPreview/1.0b"
46.125.250.123 - - [17/Sep/2017:10:39:00 +0200] "GET /img/mobile/info-button.png HTTP/1.1" 200 1549 "-" "Mozilla/5.0 (iPhone; CPU iPhone OS 10_3_3 like Mac OS X) AppleWebKit/603.3.8 (KHTML, like Gecko) Mobile/14G60 [FBAN/FBIOS;FBAV/140.0.0.63.89;FBBV/70896504;FBDV/iPhone6,2;FBMD/iPhone;FBSN/iOS;FBSV/10.3.3;FBSS/2;FBCR/T-MobileA;FBID/phone;FBLC/de_DE;FBOP/5;FBRV/71584044]"
194.166.93.78 - - [17/Sep/2017:10:39:11 +0200] "GET /img/mobile/menu-button.png HTTP/1.1" 200 1746 "-" "Mozilla/5.0 (iPhone; CPU iPhone OS 10_3_3 like Mac OS X) AppleWebKit/603.3.8 (KHTML, like Gecko) Mobile/14G60 [FBAN/FBIOS;FBAV/140.0.0.63.89;FBBV/70896504;FBDV/iPhone5,2;FBMD/iPhone;FBSN/iOS;FBSV/10.3.3;FBSS/2;FBCR/T-MobileA;FBID/phone;FBLC/de_DE;FBOP/5;FBRV/71584044]"
62.46.167.185 - - [17/Sep/2017:10:39:10 +0200] "GET /links HTTP/1.1" 200 2322 "http://www.easydrivers.at/fahrschulen/Gro%C3%9F%20Enzersdorf" "Mozilla/5.0 (Windows NT 10.0; Win64; x64) AppleWebKit/537.36 (KHTML, like Gecko) Chrome/60.0.3112.113 Safari/537.36"
62.46.167.185 - - [17/Sep/2017:10:39:11 +0200] "GET /img/top-image-overlay.png HTTP/1.1" 200 20650 "http://www.easydrivers.at/css/style.css" "Mozilla/5.0 (Windows NT 10.0; Win64; x64) AppleWebKit/537.36 (KHTML, like Gecko) Chrome/60.0.3112.113 Safari/537.36"
62.46.167.185 - - [17/Sep/2017:10:39:11 +0200] "GET /binaries/easy-drivers-portal/pkw1jpg.jpg HTTP/1.1" 200 88975 "http://www.easydrivers.at/links" "Mozilla/5.0 (Windows NT 10.0; Win64; x64) AppleWebKit/537.36 (KHTML, like Gecko) Chrome/60.0.3112.113 Safari/537.36"
62.46.167.185 - - [17/Sep/2017:10:39:15 +0200] "GET /pruefprotokoll HTTP/1.1" 200 2603 "http://www.easydrivers.at/links" "Mozilla/5.0 (Windows NT 10.0; Win64; x64) AppleWebKit/537.36 (KHTML, like Gecko) Chrome/60.0.3112.113 Safari/537.36"
62.46.167.185 - - [17/Sep/2017:10:39:17 +0200] "GET /img/download-arrow.png HTTP/1.1" 200 363 "http://www.easydrivers.at/css/style.css" "Mozilla/5.0 (Windows NT 10.0; Win64; x64) AppleWebKit/537.36 (KHTML, like Gecko) Chrome/60.0.3112.113 Safari/537.36"
62.46.167.185 - - [17/Sep/2017:10:39:16 +0200] "GET /binaries/easy-drivers-portal/moped3jpg.jpg HTTP/1.1" 200 85313 "http://www.easydrivers.at/pruefprotokoll" "Mozilla/5.0 (Windows NT 10.0; Win64; x64) AppleWebKit/537.36 (KHTML, like Gecko) Chrome/60.0.3112.113 Safari/537.36"
213.33.98.121 - - [17/Sep/2017:10:39:26 +0200] "GET /fuehrerscheine/lkw HTTP/1.1" 200 2684 "https://www.google.at/" "Mozilla/5.0 (Windows NT 6.0; rv:52.0) Gecko/20100101 Firefox/52.0"
213.33.98.121 - - [17/Sep/2017:10:39:28 +0200] "GET /css/style.css HTTP/1.1" 200 5004 "http://www.easydrivers.at/fuehrerscheine/lkw" "Mozilla/5.0 (Windows NT 6.0; rv:52.0) Gecko/20100101 Firefox/52.0"
213.33.98.121 - - [17/Sep/2017:10:39:28 +0200] "GET /css/print.css HTTP/1.1" 200 967 "http://www.easydrivers.at/fuehrerscheine/lkw" "Mozilla/5.0 (Windows NT 6.0; rv:52.0) Gecko/20100101 Firefox/52.0"
213.33.98.121 - - [17/Sep/2017:10:39:28 +0200] "GET /javascript/jquery.customSelect.min.js HTTP/1.1" 200 912 "http://www.easydrivers.at/fuehrerscheine/lkw" "Mozilla/5.0 (Windows NT 6.0; rv:52.0) Gecko/20100101 Firefox/52.0"
213.33.98.121 - - [17/Sep/2017:10:39:28 +0200] "GET /javascript/jquery.simplemodal.js HTTP/1.1" 200 3070 "http://www.easydrivers.at/fuehrerscheine/lkw" "Mozilla/5.0 (Windows NT 6.0; rv:52.0) Gecko/20100101 Firefox/52.0"
213.33.98.121 - - [17/Sep/2017:10:39:28 +0200] "GET /javascript/jquery.cookie.js HTTP/1.1" 200 863 "http://www.easydrivers.at/fuehrerscheine/lkw" "Mozilla/5.0 (Windows NT 6.0; rv:52.0) Gecko/20100101 Firefox/52.0"
213.33.98.121 - - [17/Sep/2017:10:39:28 +0200] "GET /javascript/portal.js?1221842734 HTTP/1.1" 200 3529 "http://www.easydrivers.at/fuehrerscheine/lkw" "Mozilla/5.0 (Windows NT 6.0; rv:52.0) Gecko/20100101 Firefox/52.0"
213.33.98.121 - - [17/Sep/2017:10:39:28 +0200] "GET /javascript/lazyload.js HTTP/1.1" 200 1170 "http://www.easydrivers.at/fuehrerscheine/lkw" "Mozilla/5.0 (Windows NT 6.0; rv:52.0) Gecko/20100101 Firefox/52.0"
213.33.98.121 - - [17/Sep/2017:10:39:29 +0200] "GET /javascript/license.js HTTP/1.1" 200 315 "http://www.easydrivers.at/fuehrerscheine/lkw" "Mozilla/5.0 (Windows NT 6.0; rv:52.0) Gecko/20100101 Firefox/52.0"
213.33.98.121 - - [17/Sep/2017:10:39:29 +0200] "GET /img/new_favicon.ico HTTP/1.1" 200 1150 "-" "Mozilla/5.0 (Windows NT 6.0; rv:52.0) Gecko/20100101 Firefox/52.0"
164.132.162.153 - - [17/Sep/2017:10:39:27 +0200] "GET /fuehrerscheine/motorrad HTTP/1.1" 200 2892 "-" "Mozilla/5.0 (compatible; AhrefsBot/5.2; +http://ahrefs.com/robot/)"
213.33.98.121 - - [17/Sep/2017:10:39:29 +0200] "GET /img/close-button.png HTTP/1.1" 200 2237 "http://www.easydrivers.at/fuehrerscheine/lkw" "Mozilla/5.0 (Windows NT 6.0; rv:52.0) Gecko/20100101 Firefox/52.0"
213.33.98.121 - - [17/Sep/2017:10:39:29 +0200] "GET /img/facebook-icon.png HTTP/1.1" 200 1506 "http://www.easydrivers.at/fuehrerscheine/lkw" "Mozilla/5.0 (Windows NT 6.0; rv:52.0) Gecko/20100101 Firefox/52.0"
213.33.98.121 - - [17/Sep/2017:10:39:29 +0200] "GET /img/schweiz-icon.png HTTP/1.1" 200 1504 "http://www.easydrivers.at/fuehrerscheine/lkw" "Mozilla/5.0 (Windows NT 6.0; rv:52.0) Gecko/20100101 Firefox/52.0"
213.33.98.121 - - [17/Sep/2017:10:39:29 +0200] "GET /binaries/easy-drivers-portal/lkw2jpg.jpg HTTP/1.1" 200 96752 "http://www.easydrivers.at/fuehrerscheine/lkw" "Mozilla/5.0 (Windows NT 6.0; rv:52.0) Gecko/20100101 Firefox/52.0"
213.33.98.121 - - [17/Sep/2017:10:39:29 +0200] "GET /img/bg-header.jpg HTTP/1.1" 200 38680 "http://www.easydrivers.at/css/style.css" "Mozilla/5.0 (Windows NT 6.0; rv:52.0) Gecko/20100101 Firefox/52.0"
213.33.98.121 - - [17/Sep/2017:10:39:29 +0200] "GET /img/ED_Logo.png HTTP/1.1" 200 3385 "http://www.easydrivers.at/css/style.css" "Mozilla/5.0 (Windows NT 6.0; rv:52.0) Gecko/20100101 Firefox/52.0"
213.33.98.121 - - [17/Sep/2017:10:39:29 +0200] "GET /img/bg-footer.jpg HTTP/1.1" 200 31770 "http://www.easydrivers.at/css/style.css" "Mozilla/5.0 (Windows NT 6.0; rv:52.0) Gecko/20100101 Firefox/52.0"
213.33.98.121 - - [17/Sep/2017:10:39:29 +0200] "GET /img/bg-yellow.jpg HTTP/1.1" 200 2250 "http://www.easydrivers.at/css/style.css" "Mozilla/5.0 (Windows NT 6.0; rv:52.0) Gecko/20100101 Firefox/52.0"
213.33.98.121 - - [17/Sep/2017:10:39:29 +0200] "GET /img/submit-button-small.png HTTP/1.1" 200 1456 "http://www.easydrivers.at/css/style.css" "Mozilla/5.0 (Windows NT 6.0; rv:52.0) Gecko/20100101 Firefox/52.0"
213.33.98.121 - - [17/Sep/2017:10:39:29 +0200] "GET /img/kursicon-print-pink.png HTTP/1.1" 200 1125 "http://www.easydrivers.at/fuehrerscheine/lkw" "Mozilla/5.0 (Windows NT 6.0; rv:52.0) Gecko/20100101 Firefox/52.0"
213.33.98.121 - - [17/Sep/2017:10:39:29 +0200] "GET /img/kursicon-download-pink.png HTTP/1.1" 200 1213 "http://www.easydrivers.at/fuehrerscheine/lkw" "Mozilla/5.0 (Windows NT 6.0; rv:52.0) Gecko/20100101 Firefox/52.0"
213.33.98.121 - - [17/Sep/2017:10:39:29 +0200] "GET /img/kursicon-share-pink.png HTTP/1.1" 200 1277 "http://www.easydrivers.at/fuehrerscheine/lkw" "Mozilla/5.0 (Windows NT 6.0; rv:52.0) Gecko/20100101 Firefox/52.0"
213.33.98.121 - - [17/Sep/2017:10:39:29 +0200] "GET /img/kursicon-phone-pink.png HTTP/1.1" 200 1286 "http://www.easydrivers.at/fuehrerscheine/lkw" "Mozilla/5.0 (Windows NT 6.0; rv:52.0) Gecko/20100101 Firefox/52.0"
62.46.167.185 - - [17/Sep/2017:10:39:32 +0200] "GET /img/download-arrow-pink.png HTTP/1.1" 200 408 "http://www.easydrivers.at/css/style.css" "Mozilla/5.0 (Windows NT 10.0; Win64; x64) AppleWebKit/537.36 (KHTML, like Gecko) Chrome/60.0.3112.113 Safari/537.36"
46.125.250.123 - - [17/Sep/2017:10:39:32 +0200] "GET /img/mobile/info-close-button.png HTTP/1.1" 200 1721 "-" "Mozilla/5.0 (iPhone; CPU iPhone OS 10_3_3 like Mac OS X) AppleWebKit/603.3.8 (KHTML, like Gecko) Mobile/14G60 [FBAN/FBIOS;FBAV/140.0.0.63.89;FBBV/70896504;FBDV/iPhone6,2;FBMD/iPhone;FBSN/iOS;FBSV/10.3.3;FBSS/2;FBCR/T-MobileA;FBID/phone;FBLC/de_DE;FBOP/5;FBRV/71584044]"
62.46.167.185 - - [17/Sep/2017:10:39:34 +0200] "GET /download.php?id=10247287 HTTP/1.1" 200 188158 "http://www.easydrivers.at/pruefprotokoll" "Mozilla/5.0 (Windows NT 10.0; Win64; x64) AppleWebKit/537.36 (KHTML, like Gecko) Chrome/60.0.3112.113 Safari/537.36"
62.46.9.189 - - [17/Sep/2017:10:39:33 +0200] "GET /hartberg HTTP/1.1" 200 2927 "-" "Mozilla/5.0 (Linux; Android 5.1.1; SAMSUNG SM-G903F/G903FXXU1AOI4 Build/LMY47X) AppleWebKit/537.36 (KHTML, like Gecko) SamsungBrowser/4.0 Chrome/44.0.2403.133 Mobile Safari/537.36"
62.46.9.189 - - [17/Sep/2017:10:39:35 +0200] "GET /css/mobile.css HTTP/1.1" 200 2852 "http://www.easydrivers.at/hartberg" "Mozilla/5.0 (Linux; Android 5.1.1; SAMSUNG SM-G903F/G903FXXU1AOI4 Build/LMY47X) AppleWebKit/537.36 (KHTML, like Gecko) SamsungBrowser/4.0 Chrome/44.0.2403.133 Mobile Safari/537.36"
62.46.9.189 - - [17/Sep/2017:10:39:35 +0200] "GET /javascript/jquery-1.9.1.min.js HTTP/1.1" 200 32731 "http://www.easydrivers.at/hartberg" "Mozilla/5.0 (Linux; Android 5.1.1; SAMSUNG SM-G903F/G903FXXU1AOI4 Build/LMY47X) AppleWebKit/537.36 (KHTML, like Gecko) SamsungBrowser/4.0 Chrome/44.0.2403.133 Mobile Safari/537.36"
62.46.9.189 - - [17/Sep/2017:10:39:35 +0200] "GET /javascript/jquery.cookie.js HTTP/1.1" 200 863 "http://www.easydrivers.at/hartberg" "Mozilla/5.0 (Linux; Android 5.1.1; SAMSUNG SM-G903F/G903FXXU1AOI4 Build/LMY47X) AppleWebKit/537.36 (KHTML, like Gecko) SamsungBrowser/4.0 Chrome/44.0.2403.133 Mobile Safari/537.36"
62.46.9.189 - - [17/Sep/2017:10:39:35 +0200] "GET /javascript/mobile-menu.js HTTP/1.1" 200 1634 "http://www.easydrivers.at/hartberg" "Mozilla/5.0 (Linux; Android 5.1.1; SAMSUNG SM-G903F/G903FXXU1AOI4 Build/LMY47X) AppleWebKit/537.36 (KHTML, like Gecko) SamsungBrowser/4.0 Chrome/44.0.2403.133 Mobile Safari/537.36"
62.46.9.189 - - [17/Sep/2017:10:39:35 +0200] "GET /javascript/jquery.simplemodal.js HTTP/1.1" 200 3070 "http://www.easydrivers.at/hartberg" "Mozilla/5.0 (Linux; Android 5.1.1; SAMSUNG SM-G903F/G903FXXU1AOI4 Build/LMY47X) AppleWebKit/537.36 (KHTML, like Gecko) SamsungBrowser/4.0 Chrome/44.0.2403.133 Mobile Safari/537.36"
62.46.9.189 - - [17/Sep/2017:10:39:35 +0200] "GET /javascript/mobile-fahrschule.js HTTP/1.1" 200 328 "http://www.easydrivers.at/hartberg" "Mozilla/5.0 (Linux; Android 5.1.1; SAMSUNG SM-G903F/G903FXXU1AOI4 Build/LMY47X) AppleWebKit/537.36 (KHTML, like Gecko) SamsungBrowser/4.0 Chrome/44.0.2403.133 Mobile Safari/537.36"
62.46.9.189 - - [17/Sep/2017:10:39:35 +0200] "GET /javascript/lazyload.js HTTP/1.1" 200 1170 "http://www.easydrivers.at/hartberg" "Mozilla/5.0 (Linux; Android 5.1.1; SAMSUNG SM-G903F/G903FXXU1AOI4 Build/LMY47X) AppleWebKit/537.36 (KHTML, like Gecko) SamsungBrowser/4.0 Chrome/44.0.2403.133 Mobile Safari/537.36"
62.46.9.189 - - [17/Sep/2017:10:39:35 +0200] "GET /img/mobile/easydrivers-logo-mobile.png HTTP/1.1" 200 10766 "http://www.easydrivers.at/hartberg" "Mozilla/5.0 (Linux; Android 5.1.1; SAMSUNG SM-G903F/G903FXXU1AOI4 Build/LMY47X) AppleWebKit/537.36 (KHTML, like Gecko) SamsungBrowser/4.0 Chrome/44.0.2403.133 Mobile Safari/537.36"
62.46.9.189 - - [17/Sep/2017:10:39:35 +0200] "GET /img/mobile/menu-button.png HTTP/1.1" 200 1746 "http://www.easydrivers.at/hartberg" "Mozilla/5.0 (Linux; Android 5.1.1; SAMSUNG SM-G903F/G903FXXU1AOI4 Build/LMY47X) AppleWebKit/537.36 (KHTML, like Gecko) SamsungBrowser/4.0 Chrome/44.0.2403.133 Mobile Safari/537.36"
62.46.9.189 - - [17/Sep/2017:10:39:35 +0200] "GET /img/mobile/close-button.png HTTP/1.1" 200 2411 "http://www.easydrivers.at/hartberg" "Mozilla/5.0 (Linux; Android 5.1.1; SAMSUNG SM-G903F/G903FXXU1AOI4 Build/LMY47X) AppleWebKit/537.36 (KHTML, like Gecko) SamsungBrowser/4.0 Chrome/44.0.2403.133 Mobile Safari/537.36"
62.46.9.189 - - [17/Sep/2017:10:39:35 +0200] "GET /img/mobile/facebook-icon.png HTTP/1.1" 200 1902 "http://www.easydrivers.at/hartberg" "Mozilla/5.0 (Linux; Android 5.1.1; SAMSUNG SM-G903F/G903FXXU1AOI4 Build/LMY47X) AppleWebKit/537.36 (KHTML, like Gecko) SamsungBrowser/4.0 Chrome/44.0.2403.133 Mobile Safari/537.36"
62.46.9.189 - - [17/Sep/2017:10:39:35 +0200] "GET /img/mobile/info-button.png HTTP/1.1" 200 1549 "http://www.easydrivers.at/hartberg" "Mozilla/5.0 (Linux; Android 5.1.1; SAMSUNG SM-G903F/G903FXXU1AOI4 Build/LMY47X) AppleWebKit/537.36 (KHTML, like Gecko) SamsungBrowser/4.0 Chrome/44.0.2403.133 Mobile Safari/537.36"
62.46.9.189 - - [17/Sep/2017:10:39:35 +0200] "GET /img/mobile/info-close-button.png HTTP/1.1" 200 1721 "http://www.easydrivers.at/hartberg" "Mozilla/5.0 (Linux; Android 5.1.1; SAMSUNG SM-G903F/G903FXXU1AOI4 Build/LMY47X) AppleWebKit/537.36 (KHTML, like Gecko) SamsungBrowser/4.0 Chrome/44.0.2403.133 Mobile Safari/537.36"
62.46.9.189 - - [17/Sep/2017:10:39:35 +0200] "GET /img/smallicon-person.png HTTP/1.1" 200 1141 "http://www.easydrivers.at/hartberg" "Mozilla/5.0 (Linux; Android 5.1.1; SAMSUNG SM-G903F/G903FXXU1AOI4 Build/LMY47X) AppleWebKit/537.36 (KHTML, like Gecko) SamsungBrowser/4.0 Chrome/44.0.2403.133 Mobile Safari/537.36"
62.46.9.189 - - [17/Sep/2017:10:39:35 +0200] "GET /img/smallicon-address.png HTTP/1.1" 200 1211 "http://www.easydrivers.at/hartberg" "Mozilla/5.0 (Linux; Android 5.1.1; SAMSUNG SM-G903F/G903FXXU1AOI4 Build/LMY47X) AppleWebKit/537.36 (KHTML, like Gecko) SamsungBrowser/4.0 Chrome/44.0.2403.133 Mobile Safari/537.36"
62.46.9.189 - - [17/Sep/2017:10:39:35 +0200] "GET /img/mobile/googlemaps-pin.png HTTP/1.1" 200 1597 "http://www.easydrivers.at/hartberg" "Mozilla/5.0 (Linux; Android 5.1.1; SAMSUNG SM-G903F/G903FXXU1AOI4 Build/LMY47X) AppleWebKit/537.36 (KHTML, like Gecko) SamsungBrowser/4.0 Chrome/44.0.2403.133 Mobile Safari/537.36"
62.46.9.189 - - [17/Sep/2017:10:39:35 +0200] "GET /img/smallicon-time.png HTTP/1.1" 200 1262 "http://www.easydrivers.at/hartberg" "Mozilla/5.0 (Linux; Android 5.1.1; SAMSUNG SM-G903F/G903FXXU1AOI4 Build/LMY47X) AppleWebKit/537.36 (KHTML, like Gecko) SamsungBrowser/4.0 Chrome/44.0.2403.133 Mobile Safari/537.36"
62.46.9.189 - - [17/Sep/2017:10:39:35 +0200] "GET /img/smallicon-phone.png HTTP/1.1" 200 3056 "http://www.easydrivers.at/hartberg" "Mozilla/5.0 (Linux; Android 5.1.1; SAMSUNG SM-G903F/G903FXXU1AOI4 Build/LMY47X) AppleWebKit/537.36 (KHTML, like Gecko) SamsungBrowser/4.0 Chrome/44.0.2403.133 Mobile Safari/537.36"
62.46.9.189 - - [17/Sep/2017:10:39:35 +0200] "GET /img/smallicon-mail.png HTTP/1.1" 200 1341 "http://www.easydrivers.at/hartberg" "Mozilla/5.0 (Linux; Android 5.1.1; SAMSUNG SM-G903F/G903FXXU1AOI4 Build/LMY47X) AppleWebKit/537.36 (KHTML, like Gecko) SamsungBrowser/4.0 Chrome/44.0.2403.133 Mobile Safari/537.36"
62.46.9.189 - - [17/Sep/2017:10:39:35 +0200] "GET /img/mobile/widget-icon-app.png HTTP/1.1" 200 3458 "http://www.easydrivers.at/hartberg" "Mozilla/5.0 (Linux; Android 5.1.1; SAMSUNG SM-G903F/G903FXXU1AOI4 Build/LMY47X) AppleWebKit/537.36 (KHTML, like Gecko) SamsungBrowser/4.0 Chrome/44.0.2403.133 Mobile Safari/537.36"
62.46.9.189 - - [17/Sep/2017:10:39:35 +0200] "GET /img/mobile/bg-header.jpg HTTP/1.1" 200 19741 "http://www.easydrivers.at/css/mobile.css" "Mozilla/5.0 (Linux; Android 5.1.1; SAMSUNG SM-G903F/G903FXXU1AOI4 Build/LMY47X) AppleWebKit/537.36 (KHTML, like Gecko) SamsungBrowser/4.0 Chrome/44.0.2403.133 Mobile Safari/537.36"
62.46.9.189 - - [17/Sep/2017:10:39:35 +0200] "GET /img/mobile/bg-menu.jpg HTTP/1.1" 200 1698 "http://www.easydrivers.at/css/mobile.css" "Mozilla/5.0 (Linux; Android 5.1.1; SAMSUNG SM-G903F/G903FXXU1AOI4 Build/LMY47X) AppleWebKit/537.36 (KHTML, like Gecko) SamsungBrowser/4.0 Chrome/44.0.2403.133 Mobile Safari/537.36"
62.46.9.189 - - [17/Sep/2017:10:39:35 +0200] "GET /img/mobile/bg-top-section.jpg HTTP/1.1" 200 21711 "http://www.easydrivers.at/css/mobile.css" "Mozilla/5.0 (Linux; Android 5.1.1; SAMSUNG SM-G903F/G903FXXU1AOI4 Build/LMY47X) AppleWebKit/537.36 (KHTML, like Gecko) SamsungBrowser/4.0 Chrome/44.0.2403.133 Mobile Safari/537.36"
62.46.9.189 - - [17/Sep/2017:10:39:35 +0200] "GET /img/mobile/pfeil-rechts.png HTTP/1.1" 200 1228 "http://www.easydrivers.at/css/mobile.css" "Mozilla/5.0 (Linux; Android 5.1.1; SAMSUNG SM-G903F/G903FXXU1AOI4 Build/LMY47X) AppleWebKit/537.36 (KHTML, like Gecko) SamsungBrowser/4.0 Chrome/44.0.2403.133 Mobile Safari/537.36"
62.46.9.189 - - [17/Sep/2017:10:39:36 +0200] "GET /img/favicon.ico HTTP/1.1" 404 300 "http://www.easydrivers.at/hartberg" "Mozilla/5.0 (Linux; Android 5.1.1; SAMSUNG SM-G903F/G903FXXU1AOI4 Build/LMY47X) AppleWebKit/537.36 (KHTML, like Gecko) SamsungBrowser/4.0 Chrome/44.0.2403.133 Mobile Safari/537.36"
194.166.93.78 - - [17/Sep/2017:10:39:41 +0200] "GET /img/smallicon-mail.png HTTP/1.1" 200 1341 "-" "Mozilla/5.0 (iPhone; CPU iPhone OS 10_3_3 like Mac OS X) AppleWebKit/603.3.8 (KHTML, like Gecko) Mobile/14G60 [FBAN/FBIOS;FBAV/140.0.0.63.89;FBBV/70896504;FBDV/iPhone5,2;FBMD/iPhone;FBSN/iOS;FBSV/10.3.3;FBSS/2;FBCR/T-MobileA;FBID/phone;FBLC/de_DE;FBOP/5;FBRV/71584044]"
194.166.93.78 - - [17/Sep/2017:10:39:43 +0200] "GET /img/mobile/close-button.png HTTP/1.1" 200 2411 "-" "Mozilla/5.0 (iPhone; CPU iPhone OS 10_3_3 like Mac OS X) AppleWebKit/603.3.8 (KHTML, like Gecko) Mobile/14G60 [FBAN/FBIOS;FBAV/140.0.0.63.89;FBBV/70896504;FBDV/iPhone5,2;FBMD/iPhone;FBSN/iOS;FBSV/10.3.3;FBSS/2;FBCR/T-MobileA;FBID/phone;FBLC/de_DE;FBOP/5;FBRV/71584044]"
62.46.9.189 - - [17/Sep/2017:10:39:49 +0200] "POST /hartberg/kursauswahl HTTP/1.1" 200 2847 "http://www.easydrivers.at/hartberg" "Mozilla/5.0 (Linux; Android 5.1.1; SAMSUNG SM-G903F/G903FXXU1AOI4 Build/LMY47X) AppleWebKit/537.36 (KHTML, like Gecko) SamsungBrowser/4.0 Chrome/44.0.2403.133 Mobile Safari/537.36"
62.46.9.189 - - [17/Sep/2017:10:39:51 +0200] "GET /javascript/mobile-fahrschule-kurs-suchergebnis.js HTTP/1.1" 200 274 "http://www.easydrivers.at/hartberg/kursauswahl" "Mozilla/5.0 (Linux; Android 5.1.1; SAMSUNG SM-G903F/G903FXXU1AOI4 Build/LMY47X) AppleWebKit/537.36 (KHTML, like Gecko) SamsungBrowser/4.0 Chrome/44.0.2403.133 Mobile Safari/537.36"
62.46.9.189 - - [17/Sep/2017:10:39:51 +0200] "GET /img/mobile/pfeil-links-small.png HTTP/1.1" 200 1065 "http://www.easydrivers.at/css/mobile.css" "Mozilla/5.0 (Linux; Android 5.1.1; SAMSUNG SM-G903F/G903FXXU1AOI4 Build/LMY47X) AppleWebKit/537.36 (KHTML, like Gecko) SamsungBrowser/4.0 Chrome/44.0.2403.133 Mobile Safari/537.36"
62.46.9.189 - - [17/Sep/2017:10:39:51 +0200] "GET /img/mobile/bg-yellow.jpg HTTP/1.1" 200 1569 "http://www.easydrivers.at/css/mobile.css" "Mozilla/5.0 (Linux; Android 5.1.1; SAMSUNG SM-G903F/G903FXXU1AOI4 Build/LMY47X) AppleWebKit/537.36 (KHTML, like Gecko) SamsungBrowser/4.0 Chrome/44.0.2403.133 Mobile Safari/537.36"
62.46.9.189 - - [17/Sep/2017:10:39:51 +0200] "GET /img/loading-bars.gif HTTP/1.1" 200 3951 "http://www.easydrivers.at/css/mobile.css" "Mozilla/5.0 (Linux; Android 5.1.1; SAMSUNG SM-G903F/G903FXXU1AOI4 Build/LMY47X) AppleWebKit/537.36 (KHTML, like Gecko) SamsungBrowser/4.0 Chrome/44.0.2403.133 Mobile Safari/537.36"
62.46.167.185 - - [17/Sep/2017:10:39:54 +0200] "GET /links HTTP/1.1" 200 2321 "http://www.easydrivers.at/fahrschulen/Gro%C3%9F%20Enzersdorf" "Mozilla/5.0 (Windows NT 10.0; Win64; x64) AppleWebKit/537.36 (KHTML, like Gecko) Chrome/60.0.3112.113 Safari/537.36"
62.46.167.185 - - [17/Sep/2017:10:39:56 +0200] "GET /binaries/easy-drivers-portal/motorrad1jpg.jpg HTTP/1.1" 200 125850 "http://www.easydrivers.at/links" "Mozilla/5.0 (Windows NT 10.0; Win64; x64) AppleWebKit/537.36 (KHTML, like Gecko) Chrome/60.0.3112.113 Safari/537.36"
62.46.9.189 - - [17/Sep/2017:10:39:56 +0200] "POST /loadkursliste HTTP/1.1" 200 448 "http://www.easydrivers.at/hartberg/kursauswahl" "Mozilla/5.0 (Linux; Android 5.1.1; SAMSUNG SM-G903F/G903FXXU1AOI4 Build/LMY47X) AppleWebKit/537.36 (KHTML, like Gecko) SamsungBrowser/4.0 Chrome/44.0.2403.133 Mobile Safari/537.36"
213.33.98.121 - - [17/Sep/2017:10:39:59 +0200] "GET /fuehrerscheine/lkw/C HTTP/1.1" 200 3782 "http://www.easydrivers.at/fuehrerscheine/lkw" "Mozilla/5.0 (Windows NT 6.0; rv:52.0) Gecko/20100101 Firefox/52.0"
213.33.98.121 - - [17/Sep/2017:10:40:01 +0200] "GET /binaries/easy-drivers-portal/lkw5jpg.jpg HTTP/1.1" 200 78806 "http://www.easydrivers.at/fuehrerscheine/lkw/C" "Mozilla/5.0 (Windows NT 6.0; rv:52.0) Gecko/20100101 Firefox/52.0"
213.33.98.121 - - [17/Sep/2017:10:40:01 +0200] "GET /javascript/product.js HTTP/1.1" 200 139 "http://www.easydrivers.at/fuehrerscheine/lkw/C" "Mozilla/5.0 (Windows NT 6.0; rv:52.0) Gecko/20100101 Firefox/52.0"
213.33.98.121 - - [17/Sep/2017:10:40:01 +0200] "GET /img/arrow-left.png HTTP/1.1" 200 1015 "http://www.easydrivers.at/css/style.css" "Mozilla/5.0 (Windows NT 6.0; rv:52.0) Gecko/20100101 Firefox/52.0"
213.33.98.121 - - [17/Sep/2017:10:40:01 +0200] "GET /img/arrow-up.png HTTP/1.1" 200 1081 "http://www.easydrivers.at/css/style.css" "Mozilla/5.0 (Windows NT 6.0; rv:52.0) Gecko/20100101 Firefox/52.0"
62.46.167.185 - - [17/Sep/2017:10:39:59 +0200] "GET /fuehrerscheinerwerb HTTP/1.1" 200 2202 "http://www.easydrivers.at/links" "Mozilla/5.0 (Windows NT 10.0; Win64; x64) AppleWebKit/537.36 (KHTML, like Gecko) Chrome/60.0.3112.113 Safari/537.36"
62.46.167.185 - - [17/Sep/2017:10:40:01 +0200] "GET /binaries/easy-drivers-portal/motorrad3jpg.jpg HTTP/1.1" 200 111280 "http://www.easydrivers.at/fuehrerscheinerwerb" "Mozilla/5.0 (Windows NT 10.0; Win64; x64) AppleWebKit/537.36 (KHTML, like Gecko) Chrome/60.0.3112.113 Safari/537.36"
46.125.250.123 - - [17/Sep/2017:10:40:03 +0200] "GET /img/smallicon-person.png HTTP/1.1" 200 1141 "-" "Mozilla/5.0 (iPhone; CPU iPhone OS 10_3_3 like Mac OS X) AppleWebKit/603.3.8 (KHTML, like Gecko) Mobile/14G60 [FBAN/FBIOS;FBAV/140.0.0.63.89;FBBV/70896504;FBDV/iPhone6,2;FBMD/iPhone;FBSN/iOS;FBSV/10.3.3;FBSS/2;FBCR/T-MobileA;FBID/phone;FBLC/de_DE;FBOP/5;FBRV/71584044]"
62.46.167.185 - - [17/Sep/2017:10:40:20 +0200] "GET /ueberuns HTTP/1.1" 200 3260 "http://www.easydrivers.at/fuehrerscheinerwerb" "Mozilla/5.0 (Windows NT 10.0; Win64; x64) AppleWebKit/537.36 (KHTML, like Gecko) Chrome/60.0.3112.113 Safari/537.36"
62.46.167.185 - - [17/Sep/2017:10:40:22 +0200] "GET /css/history.css HTTP/1.1" 200 609 "http://www.easydrivers.at/ueberuns" "Mozilla/5.0 (Windows NT 10.0; Win64; x64) AppleWebKit/537.36 (KHTML, like Gecko) Chrome/60.0.3112.113 Safari/537.36"
62.46.167.185 - - [17/Sep/2017:10:40:22 +0200] "GET /javascript/history.js HTTP/1.1" 200 967 "http://www.easydrivers.at/ueberuns" "Mozilla/5.0 (Windows NT 10.0; Win64; x64) AppleWebKit/537.36 (KHTML, like Gecko) Chrome/60.0.3112.113 Safari/537.36"
62.46.167.185 - - [17/Sep/2017:10:40:22 +0200] "GET /binaries/easy-drivers-portal/edwebhistoryillu392x3922jpg.jpg HTTP/1.1" 200 32209 "http://www.easydrivers.at/ueberuns" "Mozilla/5.0 (Windows NT 10.0; Win64; x64) AppleWebKit/537.36 (KHTML, like Gecko) Chrome/60.0.3112.113 Safari/537.36"
62.46.167.185 - - [17/Sep/2017:10:40:22 +0200] "GET /binaries/easy-drivers-portal/edwebhistoryillu392x3924jpg.jpg HTTP/1.1" 200 35765 "http://www.easydrivers.at/ueberuns" "Mozilla/5.0 (Windows NT 10.0; Win64; x64) AppleWebKit/537.36 (KHTML, like Gecko) Chrome/60.0.3112.113 Safari/537.36"
62.46.167.185 - - [17/Sep/2017:10:40:22 +0200] "GET /binaries/easy-drivers-portal/edwebhistoryillu392x3925jpg.jpg HTTP/1.1" 200 31708 "http://www.easydrivers.at/ueberuns" "Mozilla/5.0 (Windows NT 10.0; Win64; x64) AppleWebKit/537.36 (KHTML, like Gecko) Chrome/60.0.3112.113 Safari/537.36"
62.46.167.185 - - [17/Sep/2017:10:40:22 +0200] "GET /binaries/easy-drivers-portal/edwebhistoryillu392x3923jpg.jpg HTTP/1.1" 200 54656 "http://www.easydrivers.at/ueberuns" "Mozilla/5.0 (Windows NT 10.0; Win64; x64) AppleWebKit/537.36 (KHTML, like Gecko) Chrome/60.0.3112.113 Safari/537.36"
62.46.167.185 - - [17/Sep/2017:10:40:22 +0200] "GET /binaries/easy-drivers-portal/edwebhistoryillu392x3926jpg.jpg HTTP/1.1" 200 41118 "http://www.easydrivers.at/ueberuns" "Mozilla/5.0 (Windows NT 10.0; Win64; x64) AppleWebKit/537.36 (KHTML, like Gecko) Chrome/60.0.3112.113 Safari/537.36"
62.46.167.185 - - [17/Sep/2017:10:40:22 +0200] "GET /binaries/easy-drivers-portal/edwebhistoryillu392x3929jpg.jpg HTTP/1.1" 200 31823 "http://www.easydrivers.at/ueberuns" "Mozilla/5.0 (Windows NT 10.0; Win64; x64) AppleWebKit/537.36 (KHTML, like Gecko) Chrome/60.0.3112.113 Safari/537.36"
62.46.167.185 - - [17/Sep/2017:10:40:22 +0200] "GET /binaries/easy-drivers-portal/edwebhistoryillu392x392radjpg.jpg HTTP/1.1" 200 124939 "http://www.easydrivers.at/ueberuns" "Mozilla/5.0 (Windows NT 10.0; Win64; x64) AppleWebKit/537.36 (KHTML, like Gecko) Chrome/60.0.3112.113 Safari/537.36"
62.46.167.185 - - [17/Sep/2017:10:40:22 +0200] "GET /binaries/easy-drivers-portal/edwebhistoryillu392x39210jpg.jpg HTTP/1.1" 200 19475 "http://www.easydrivers.at/ueberuns" "Mozilla/5.0 (Windows NT 10.0; Win64; x64) AppleWebKit/537.36 (KHTML, like Gecko) Chrome/60.0.3112.113 Safari/537.36"
62.46.167.185 - - [17/Sep/2017:10:40:22 +0200] "GET /binaries/easy-drivers-portal/edwebhistoryillu392x3928jpg.jpg HTTP/1.1" 200 38907 "http://www.easydrivers.at/ueberuns" "Mozilla/5.0 (Windows NT 10.0; Win64; x64) AppleWebKit/537.36 (KHTML, like Gecko) Chrome/60.0.3112.113 Safari/537.36"
62.46.167.185 - - [17/Sep/2017:10:40:22 +0200] "GET /binaries/easy-drivers-portal/edwebhistoryillu392x3927jpg.jpg HTTP/1.1" 200 71377 "http://www.easydrivers.at/ueberuns" "Mozilla/5.0 (Windows NT 10.0; Win64; x64) AppleWebKit/537.36 (KHTML, like Gecko) Chrome/60.0.3112.113 Safari/537.36"
62.46.167.185 - - [17/Sep/2017:10:40:22 +0200] "GET /binaries/easy-drivers-portal/edwebhistoryillu392x39211jpg.jpg HTTP/1.1" 200 36282 "http://www.easydrivers.at/ueberuns" "Mozilla/5.0 (Windows NT 10.0; Win64; x64) AppleWebKit/537.36 (KHTML, like Gecko) Chrome/60.0.3112.113 Safari/537.36"
62.46.167.185 - - [17/Sep/2017:10:40:22 +0200] "GET /binaries/easy-drivers-portal/edwebhistoryillu392x39220kpng.png HTTP/1.1" 200 49333 "http://www.easydrivers.at/ueberuns" "Mozilla/5.0 (Windows NT 10.0; Win64; x64) AppleWebKit/537.36 (KHTML, like Gecko) Chrome/60.0.3112.113 Safari/537.36"
192.164.254.230 - - [17/Sep/2017:10:40:24 +0200] "GET /moedling/aktionen HTTP/1.1" 200 3655 "http://m.facebook.com/" "Mozilla/5.0 (Linux; Android 7.0; SM-G928F Build/NRD90M; wv) AppleWebKit/537.36 (KHTML, like Gecko) Version/4.0 Chrome/60.0.3112.116 Mobile Safari/537.36 [FB_IAB/FB4A;FBAV/141.0.0.31.91;]"
62.46.9.189 - - [17/Sep/2017:10:40:26 +0200] "GET /hartberg/mopedkurs_09.11.2017?FS=AM-M HTTP/1.1" 200 3103 "http://www.easydrivers.at/hartberg/kursauswahl" "Mozilla/5.0 (Linux; Android 5.1.1; SAMSUNG SM-G903F/G903FXXU1AOI4 Build/LMY47X) AppleWebKit/537.36 (KHTML, like Gecko) SamsungBrowser/4.0 Chrome/44.0.2403.133 Mobile Safari/537.36"
62.46.9.189 - - [17/Sep/2017:10:40:29 +0200] "GET /img/mobile/kursicon-share.png HTTP/1.1" 200 2065 "http://www.easydrivers.at/hartberg/mopedkurs_09.11.2017?FS=AM-M" "Mozilla/5.0 (Linux; Android 5.1.1; SAMSUNG SM-G903F/G903FXXU1AOI4 Build/LMY47X) AppleWebKit/537.36 (KHTML, like Gecko) SamsungBrowser/4.0 Chrome/44.0.2403.133 Mobile Safari/537.36"
62.46.9.189 - - [17/Sep/2017:10:40:29 +0200] "GET /img/mobile/kursicon-phone.png HTTP/1.1" 200 1932 "http://www.easydrivers.at/hartberg/mopedkurs_09.11.2017?FS=AM-M" "Mozilla/5.0 (Linux; Android 5.1.1; SAMSUNG SM-G903F/G903FXXU1AOI4 Build/LMY47X) AppleWebKit/537.36 (KHTML, like Gecko) SamsungBrowser/4.0 Chrome/44.0.2403.133 Mobile Safari/537.36"
62.46.9.189 - - [17/Sep/2017:10:40:29 +0200] "GET /img/mobile/smallicon-phone.png HTTP/1.1" 200 1311 "http://www.easydrivers.at/hartberg/mopedkurs_09.11.2017?FS=AM-M" "Mozilla/5.0 (Linux; Android 5.1.1; SAMSUNG SM-G903F/G903FXXU1AOI4 Build/LMY47X) AppleWebKit/537.36 (KHTML, like Gecko) SamsungBrowser/4.0 Chrome/44.0.2403.133 Mobile Safari/537.36"
62.46.9.189 - - [17/Sep/2017:10:40:29 +0200] "GET /img/mobile/smallicon-mail.png HTTP/1.1" 200 1335 "http://www.easydrivers.at/hartberg/mopedkurs_09.11.2017?FS=AM-M" "Mozilla/5.0 (Linux; Android 5.1.1; SAMSUNG SM-G903F/G903FXXU1AOI4 Build/LMY47X) AppleWebKit/537.36 (KHTML, like Gecko) SamsungBrowser/4.0 Chrome/44.0.2403.133 Mobile Safari/537.36"
62.46.9.189 - - [17/Sep/2017:10:40:29 +0200] "GET /img/mobile/pfeil-rechts-small.png HTTP/1.1" 200 1056 "http://www.easydrivers.at/css/mobile.css" "Mozilla/5.0 (Linux; Android 5.1.1; SAMSUNG SM-G903F/G903FXXU1AOI4 Build/LMY47X) AppleWebKit/537.36 (KHTML, like Gecko) SamsungBrowser/4.0 Chrome/44.0.2403.133 Mobile Safari/537.36"
193.80.120.177 - - [17/Sep/2017:10:40:34 +0200] "GET /img/smallicon-address.png HTTP/1.1" 200 1211 "-" "Mozilla/5.0 (iPhone; CPU iPhone OS 10_3_3 like Mac OS X) AppleWebKit/603.3.8 (KHTML, like Gecko) Mobile/14G60 [FBAN/FBIOS;FBAV/140.0.0.63.89;FBBV/70896504;FBDV/iPhone6,2;FBMD/iPhone;FBSN/iOS;FBSV/10.3.3;FBSS/2;FBCR/T-MobileA;FBID/phone;FBLC/de_DE;FBOP/5;FBRV/71584044]"
212.108.50.152 - - [17/Sep/2017:10:40:46 +0200] "GET /moedling/aktionen HTTP/1.1" 200 3655 "http://m.facebook.com/" "Mozilla/5.0 (Linux; Android 5.0.1; GT-I9505 Build/LRX22C; wv) AppleWebKit/537.36 (KHTML, like Gecko) Version/4.0 Chrome/60.0.3112.116 Mobile Safari/537.36 [FB_IAB/FB4A;FBAV/136.0.0.22.91;]"
178.115.130.146 - - [17/Sep/2017:10:40:56 +0200] "GET /voesendorf/Aktionen HTTP/1.1" 200 3545 "http://m.facebook.com/" "Mozilla/5.0 (Linux; Android 7.0; MHA-L29 Build/HUAWEIMHA-L29; wv) AppleWebKit/537.36 (KHTML, like Gecko) Version/4.0 Chrome/61.0.3163.81 Mobile Safari/537.36 [FB_IAB/FB4A;FBAV/141.0.0.31.91;]"
193.80.120.177 - - [17/Sep/2017:10:41:04 +0200] "GET /img/mobile/googlemaps-pin.png HTTP/1.1" 200 1597 "-" "Mozilla/5.0 (iPhone; CPU iPhone OS 10_3_3 like Mac OS X) AppleWebKit/603.3.8 (KHTML, like Gecko) Mobile/14G60 [FBAN/FBIOS;FBAV/140.0.0.63.89;FBBV/70896504;FBDV/iPhone6,2;FBMD/iPhone;FBSN/iOS;FBSV/10.3.3;FBSS/2;FBCR/T-MobileA;FBID/phone;FBLC/de_DE;FBOP/5;FBRV/71584044]"
86.32.39.53 - - [17/Sep/2017:10:41:11 +0200] "GET /voesendorf/Aktionen HTTP/1.1" 200 3545 "http://m.facebook.com/" "Mozilla/5.0 (Linux; Android 6.0.1; SM-G800F Build/MMB29K; wv) AppleWebKit/537.36 (KHTML, like Gecko) Version/4.0 Chrome/60.0.3112.116 Mobile Safari/537.36 [FB_IAB/FB4A;FBAV/136.0.0.22.91;]"
62.46.9.189 - - [17/Sep/2017:10:41:16 +0200] "GET /fuehrerscheine/auto HTTP/1.1" 200 5440 "http://www.easydrivers.at/hartberg/mopedkurs_09.11.2017?FS=AM-M" "Mozilla/5.0 (Linux; Android 5.1.1; SAMSUNG SM-G903F/G903FXXU1AOI4 Build/LMY47X) AppleWebKit/537.36 (KHTML, like Gecko) SamsungBrowser/4.0 Chrome/44.0.2403.133 Mobile Safari/537.36"
62.46.9.189 - - [17/Sep/2017:10:41:18 +0200] "GET /javascript/mobile-license.js HTTP/1.1" 200 216 "http://www.easydrivers.at/fuehrerscheine/auto" "Mozilla/5.0 (Linux; Android 5.1.1; SAMSUNG SM-G903F/G903FXXU1AOI4 Build/LMY47X) AppleWebKit/537.36 (KHTML, like Gecko) SamsungBrowser/4.0 Chrome/44.0.2403.133 Mobile Safari/537.36"
62.46.9.189 - - [17/Sep/2017:10:41:18 +0200] "GET /img/mobile/weiter-button.png HTTP/1.1" 200 1670 "http://www.easydrivers.at/css/mobile.css" "Mozilla/5.0 (Linux; Android 5.1.1; SAMSUNG SM-G903F/G903FXXU1AOI4 Build/LMY47X) AppleWebKit/537.36 (KHTML, like Gecko) SamsungBrowser/4.0 Chrome/44.0.2403.133 Mobile Safari/537.36"
62.46.9.189 - - [17/Sep/2017:10:41:32 +0200] "POST / HTTP/1.1" 200 3570 "http://www.easydrivers.at/fuehrerscheine/auto" "Mozilla/5.0 (Linux; Android 5.1.1; SAMSUNG SM-G903F/G903FXXU1AOI4 Build/LMY47X) AppleWebKit/537.36 (KHTML, like Gecko) SamsungBrowser/4.0 Chrome/44.0.2403.133 Mobile Safari/537.36"
62.46.9.189 - - [17/Sep/2017:10:41:33 +0200] "GET /javascript/mobile-homesearch.js HTTP/1.1" 200 340 "http://www.easydrivers.at/" "Mozilla/5.0 (Linux; Android 5.1.1; SAMSUNG SM-G903F/G903FXXU1AOI4 Build/LMY47X) AppleWebKit/537.36 (KHTML, like Gecko) SamsungBrowser/4.0 Chrome/44.0.2403.133 Mobile Safari/537.36"
213.33.98.121 - - [17/Sep/2017:10:41:39 +0200] "GET /fuehrerscheine/lkw HTTP/1.1" 200 2684 "https://www.google.at/" "Mozilla/5.0 (Windows NT 6.0; rv:52.0) Gecko/20100101 Firefox/52.0"
213.33.98.121 - - [17/Sep/2017:10:41:40 +0200] "GET /binaries/easy-drivers-portal/lkw4jpg.jpg HTTP/1.1" 200 118819 "http://www.easydrivers.at/fuehrerscheine/lkw" "Mozilla/5.0 (Windows NT 6.0; rv:52.0) Gecko/20100101 Firefox/52.0"
188.22.83.185 - - [17/Sep/2017:10:41:49 +0200] "GET /berndorf/ HTTP/1.1" 301 140 "-" "Mozilla/5.0 (iPad; CPU OS 9_3_5 like Mac OS X) AppleWebKit/601.1.46 (KHTML, like Gecko) Version/9.0 Mobile/13G36 Safari/601.1"
188.22.83.185 - - [17/Sep/2017:10:41:49 +0200] "GET /berndorf HTTP/1.1" 200 3751 "-" "Mozilla/5.0 (iPad; CPU OS 9_3_5 like Mac OS X) AppleWebKit/601.1.46 (KHTML, like Gecko) Version/9.0 Mobile/13G36 Safari/601.1"
188.22.83.185 - - [17/Sep/2017:10:41:52 +0200] "GET /css/print.css HTTP/1.1" 200 967 "http://www.easydrivers.at/berndorf" "Mozilla/5.0 (iPad; CPU OS 9_3_5 like Mac OS X) AppleWebKit/601.1.46 (KHTML, like Gecko) Version/9.0 Mobile/13G36 Safari/601.1"
188.22.83.185 - - [17/Sep/2017:10:41:52 +0200] "GET /javascript/jquery.simplemodal.js HTTP/1.1" 200 3070 "http://www.easydrivers.at/berndorf" "Mozilla/5.0 (iPad; CPU OS 9_3_5 like Mac OS X) AppleWebKit/601.1.46 (KHTML, like Gecko) Version/9.0 Mobile/13G36 Safari/601.1"
188.22.83.185 - - [17/Sep/2017:10:41:52 +0200] "GET /javascript/portal.js?1221842734 HTTP/1.1" 200 3529 "http://www.easydrivers.at/berndorf" "Mozilla/5.0 (iPad; CPU OS 9_3_5 like Mac OS X) AppleWebKit/601.1.46 (KHTML, like Gecko) Version/9.0 Mobile/13G36 Safari/601.1"
188.22.83.185 - - [17/Sep/2017:10:41:52 +0200] "GET /binaries/easy-drivers-portal/widget-icon-expertspng.png HTTP/1.1" 200 2159 "http://www.easydrivers.at/berndorf" "Mozilla/5.0 (iPad; CPU OS 9_3_5 like Mac OS X) AppleWebKit/601.1.46 (KHTML, like Gecko) Version/9.0 Mobile/13G36 Safari/601.1"
188.22.83.185 - - [17/Sep/2017:10:41:52 +0200] "GET /img/schweiz-icon.png HTTP/1.1" 200 1504 "http://www.easydrivers.at/berndorf" "Mozilla/5.0 (iPad; CPU OS 9_3_5 like Mac OS X) AppleWebKit/601.1.46 (KHTML, like Gecko) Version/9.0 Mobile/13G36 Safari/601.1"
188.22.83.185 - - [17/Sep/2017:10:41:52 +0200] "GET /img/locator-icon.png HTTP/1.1" 200 1377 "http://www.easydrivers.at/berndorf" "Mozilla/5.0 (iPad; CPU OS 9_3_5 like Mac OS X) AppleWebKit/601.1.46 (KHTML, like Gecko) Version/9.0 Mobile/13G36 Safari/601.1"
188.22.83.185 - - [17/Sep/2017:10:41:52 +0200] "GET /img/purple-dots-horizontal.png HTTP/1.1" 200 977 "http://www.easydrivers.at/berndorf" "Mozilla/5.0 (iPad; CPU OS 9_3_5 like Mac OS X) AppleWebKit/601.1.46 (KHTML, like Gecko) Version/9.0 Mobile/13G36 Safari/601.1"
188.22.83.185 - - [17/Sep/2017:10:41:52 +0200] "GET /img/bg-header.jpg HTTP/1.1" 200 38680 "http://www.easydrivers.at/berndorf" "Mozilla/5.0 (iPad; CPU OS 9_3_5 like Mac OS X) AppleWebKit/601.1.46 (KHTML, like Gecko) Version/9.0 Mobile/13G36 Safari/601.1"
188.22.83.185 - - [17/Sep/2017:10:41:52 +0200] "GET /img/yellow-dots-vertical.png HTTP/1.1" 200 981 "http://www.easydrivers.at/berndorf" "Mozilla/5.0 (iPad; CPU OS 9_3_5 like Mac OS X) AppleWebKit/601.1.46 (KHTML, like Gecko) Version/9.0 Mobile/13G36 Safari/601.1"
188.22.83.185 - - [17/Sep/2017:10:41:52 +0200] "GET /img/bg-top-section.jpg HTTP/1.1" 200 82172 "http://www.easydrivers.at/berndorf" "Mozilla/5.0 (iPad; CPU OS 9_3_5 like Mac OS X) AppleWebKit/601.1.46 (KHTML, like Gecko) Version/9.0 Mobile/13G36 Safari/601.1"
213.33.98.121 - - [17/Sep/2017:10:41:53 +0200] "GET /fuehrerscheine/bus HTTP/1.1" 200 2628 "http://www.easydrivers.at/fuehrerscheine/lkw" "Mozilla/5.0 (Windows NT 6.0; rv:52.0) Gecko/20100101 Firefox/52.0"
213.33.98.121 - - [17/Sep/2017:10:41:54 +0200] "GET /binaries/easy-drivers-portal/bus1jpg.jpg HTTP/1.1" 200 127116 "http://www.easydrivers.at/fuehrerscheine/bus" "Mozilla/5.0 (Windows NT 6.0; rv:52.0) Gecko/20100101 Firefox/52.0"
66.249.65.84 - - [17/Sep/2017:10:41:56 +0200] "GET /uploads/pdfs/bad.voeslau/Intensivkurs-8-Einheiten-Juli-1-2016_B-L.pdf HTTP/1.1" 200 35634 "-" "Mozilla/5.0 (compatible; Googlebot/2.1; +http://www.google.com/bot.html)"
188.22.83.185 - - [17/Sep/2017:10:41:56 +0200] "POST /berndorf/kursauswahl HTTP/1.1" 200 4190 "http://www.easydrivers.at/berndorf" "Mozilla/5.0 (iPad; CPU OS 9_3_5 like Mac OS X) AppleWebKit/601.1.46 (KHTML, like Gecko) Version/9.0 Mobile/13G36 Safari/601.1"
188.22.83.185 - - [17/Sep/2017:10:41:59 +0200] "GET /javascript/jquery.showLoading.min.js HTTP/1.1" 200 1136 "http://www.easydrivers.at/berndorf/kursauswahl" "Mozilla/5.0 (iPad; CPU OS 9_3_5 like Mac OS X) AppleWebKit/601.1.46 (KHTML, like Gecko) Version/9.0 Mobile/13G36 Safari/601.1"
62.46.9.189 - - [17/Sep/2017:10:41:58 +0200] "POST /suche HTTP/1.1" 200 3335 "http://www.easydrivers.at/" "Mozilla/5.0 (Linux; Android 5.1.1; SAMSUNG SM-G903F/G903FXXU1AOI4 Build/LMY47X) AppleWebKit/537.36 (KHTML, like Gecko) SamsungBrowser/4.0 Chrome/44.0.2403.133 Mobile Safari/537.36"
62.46.9.189 - - [17/Sep/2017:10:42:00 +0200] "GET /javascript/mobile-kurs-suchergebnis.js HTTP/1.1" 200 382 "http://www.easydrivers.at/suche" "Mozilla/5.0 (Linux; Android 5.1.1; SAMSUNG SM-G903F/G903FXXU1AOI4 Build/LMY47X) AppleWebKit/537.36 (KHTML, like Gecko) SamsungBrowser/4.0 Chrome/44.0.2403.133 Mobile Safari/537.36"
62.46.9.189 - - [17/Sep/2017:10:42:00 +0200] "GET /img/mobile/smallicon-address.png HTTP/1.1" 200 1424 "http://www.easydrivers.at/suche" "Mozilla/5.0 (Linux; Android 5.1.1; SAMSUNG SM-G903F/G903FXXU1AOI4 Build/LMY47X) AppleWebKit/537.36 (KHTML, like Gecko) SamsungBrowser/4.0 Chrome/44.0.2403.133 Mobile Safari/537.36"
62.46.9.189 - - [17/Sep/2017:10:42:00 +0200] "GET /img/mobile/smallicon-time.png HTTP/1.1" 200 1328 "http://www.easydrivers.at/suche" "Mozilla/5.0 (Linux; Android 5.1.1; SAMSUNG SM-G903F/G903FXXU1AOI4 Build/LMY47X) AppleWebKit/537.36 (KHTML, like Gecko) SamsungBrowser/4.0 Chrome/44.0.2403.133 Mobile Safari/537.36"
188.22.83.185 - - [17/Sep/2017:10:42:04 +0200] "POST /loadkursliste HTTP/1.1" 200 495 "http://www.easydrivers.at/berndorf/kursauswahl" "Mozilla/5.0 (iPad; CPU OS 9_3_5 like Mac OS X) AppleWebKit/601.1.46 (KHTML, like Gecko) Version/9.0 Mobile/13G36 Safari/601.1"
188.22.83.185 - - [17/Sep/2017:10:42:06 +0200] "GET /img/kursicon-share.png HTTP/1.1" 200 1302 "http://www.easydrivers.at/berndorf/kursauswahl" "Mozilla/5.0 (iPad; CPU OS 9_3_5 like Mac OS X) AppleWebKit/601.1.46 (KHTML, like Gecko) Version/9.0 Mobile/13G36 Safari/601.1"
62.46.9.189 - - [17/Sep/2017:10:42:09 +0200] "POST /loadkursliste HTTP/1.1" 200 677 "http://www.easydrivers.at/suche" "Mozilla/5.0 (Linux; Android 5.1.1; SAMSUNG SM-G903F/G903FXXU1AOI4 Build/LMY47X) AppleWebKit/537.36 (KHTML, like Gecko) SamsungBrowser/4.0 Chrome/44.0.2403.133 Mobile Safari/537.36"
213.33.98.121 - - [17/Sep/2017:10:42:10 +0200] "GET /fuehrerscheine/bus/DD195-C HTTP/1.1" 200 3758 "http://www.easydrivers.at/fuehrerscheine/bus" "Mozilla/5.0 (Windows NT 6.0; rv:52.0) Gecko/20100101 Firefox/52.0"
213.33.98.121 - - [17/Sep/2017:10:42:11 +0200] "GET /binaries/easy-drivers-portal/bus2jpg.jpg HTTP/1.1" 200 102026 "http://www.easydrivers.at/fuehrerscheine/bus/DD195-C" "Mozilla/5.0 (Windows NT 6.0; rv:52.0) Gecko/20100101 Firefox/52.0"
188.22.83.185 - - [17/Sep/2017:10:42:09 +0200] "GET /berndorf/Intensivkurs-8-Einheiten-September-2017?FS=AM-M HTTP/1.1" 200 5202 "http://www.easydrivers.at/berndorf/kursauswahl" "Mozilla/5.0 (iPad; CPU OS 9_3_5 like Mac OS X) AppleWebKit/601.1.46 (KHTML, like Gecko) Version/9.0 Mobile/13G36 Safari/601.1"
188.22.83.185 - - [17/Sep/2017:10:42:11 +0200] "GET /binaries/easy-drivers-portal/moped2jpg.jpg HTTP/1.1" 200 82133 "http://www.easydrivers.at/berndorf/Intensivkurs-8-Einheiten-September-2017?FS=AM-M" "Mozilla/5.0 (iPad; CPU OS 9_3_5 like Mac OS X) AppleWebKit/601.1.46 (KHTML, like Gecko) Version/9.0 Mobile/13G36 Safari/601.1"
188.22.83.185 - - [17/Sep/2017:10:42:11 +0200] "GET /img/smallicon-phone.png HTTP/1.1" 200 3056 "http://www.easydrivers.at/berndorf/Intensivkurs-8-Einheiten-September-2017?FS=AM-M" "Mozilla/5.0 (iPad; CPU OS 9_3_5 like Mac OS X) AppleWebKit/601.1.46 (KHTML, like Gecko) Version/9.0 Mobile/13G36 Safari/601.1"
62.46.9.189 - - [17/Sep/2017:10:42:13 +0200] "GET /hartberg/schnellkurs_11.09.2017?FS=B HTTP/1.1" 200 3089 "http://www.easydrivers.at/suche" "Mozilla/5.0 (Linux; Android 5.1.1; SAMSUNG SM-G903F/G903FXXU1AOI4 Build/LMY47X) AppleWebKit/537.36 (KHTML, like Gecko) SamsungBrowser/4.0 Chrome/44.0.2403.133 Mobile Safari/537.36"
