91.141.1.30 - - [17/Sep/2017:08:28:13 +0200] "GET /javascript/jquery-1.9.1.min.js HTTP/1.1" 200 32731 "http://www.easydrivers.at/enns/Abendkurs-25Sept2017?FS=B-L" "Mozilla/5.0 (iPhone; CPU iPhone OS 10_3_3 like Mac OS X) AppleWebKit/603.3.8 (KHTML, like Gecko) Version/10.0 Mobile/14G60 Safari/602.1"
91.141.1.30 - - [17/Sep/2017:08:28:13 +0200] "GET /javascript/jquery.simplemodal.js HTTP/1.1" 200 3070 "http://www.easydrivers.at/enns/Abendkurs-25Sept2017?FS=B-L" "Mozilla/5.0 (iPhone; CPU iPhone OS 10_3_3 like Mac OS X) AppleWebKit/603.3.8 (KHTML, like Gecko) Version/10.0 Mobile/14G60 Safari/602.1"
91.141.1.30 - - [17/Sep/2017:08:28:13 +0200] "GET /img/mobile/easydrivers-logo-mobile.png HTTP/1.1" 200 10766 "http://www.easydrivers.at/enns/Abendkurs-25Sept2017?FS=B-L" "Mozilla/5.0 (iPhone; CPU iPhone OS 10_3_3 like Mac OS X) AppleWebKit/603.3.8 (KHTML, like Gecko) Version/10.0 Mobile/14G60 Safari/602.1"
91.141.1.30 - - [17/Sep/2017:08:28:13 +0200] "GET /javascript/lazyload.js HTTP/1.1" 200 1170 "http://www.easydrivers.at/enns/Abendkurs-25Sept2017?FS=B-L" "Mozilla/5.0 (iPhone; CPU iPhone OS 10_3_3 like Mac OS X) AppleWebKit/603.3.8 (KHTML, like Gecko) Version/10.0 Mobile/14G60 Safari/602.1"
91.141.1.30 - - [17/Sep/2017:08:28:13 +0200] "GET /javascript/mobile-fahrschule.js HTTP/1.1" 200 328 "http://www.easydrivers.at/enns/Abendkurs-25Sept2017?FS=B-L" "Mozilla/5.0 (iPhone; CPU iPhone OS 10_3_3 like Mac OS X) AppleWebKit/603.3.8 (KHTML, like Gecko) Version/10.0 Mobile/14G60 Safari/602.1"
91.141.1.30 - - [17/Sep/2017:08:28:13 +0200] "GET /img/mobile/menu-button.png HTTP/1.1" 200 1746 "http://www.easydrivers.at/enns/Abendkurs-25Sept2017?FS=B-L" "Mozilla/5.0 (iPhone; CPU iPhone OS 10_3_3 like Mac OS X) AppleWebKit/603.3.8 (KHTML, like Gecko) Version/10.0 Mobile/14G60 Safari/602.1"
91.141.1.30 - - [17/Sep/2017:08:28:13 +0200] "GET /img/mobile/facebook-icon.png HTTP/1.1" 200 1902 "http://www.easydrivers.at/enns/Abendkurs-25Sept2017?FS=B-L" "Mozilla/5.0 (iPhone; CPU iPhone OS 10_3_3 like Mac OS X) AppleWebKit/603.3.8 (KHTML, like Gecko) Version/10.0 Mobile/14G60 Safari/602.1"
91.141.1.30 - - [17/Sep/2017:08:28:13 +0200] "GET /img/mobile/info-button.png HTTP/1.1" 200 1549 "http://www.easydrivers.at/enns/Abendkurs-25Sept2017?FS=B-L" "Mozilla/5.0 (iPhone; CPU iPhone OS 10_3_3 like Mac OS X) AppleWebKit/603.3.8 (KHTML, like Gecko) Version/10.0 Mobile/14G60 Safari/602.1"
91.141.1.30 - - [17/Sep/2017:08:28:13 +0200] "GET /img/mobile/close-button.png HTTP/1.1" 200 2411 "http://www.easydrivers.at/enns/Abendkurs-25Sept2017?FS=B-L" "Mozilla/5.0 (iPhone; CPU iPhone OS 10_3_3 like Mac OS X) AppleWebKit/603.3.8 (KHTML, like Gecko) Version/10.0 Mobile/14G60 Safari/602.1"
91.141.1.30 - - [17/Sep/2017:08:28:13 +0200] "GET /img/mobile/info-close-button.png HTTP/1.1" 200 1721 "http://www.easydrivers.at/enns/Abendkurs-25Sept2017?FS=B-L" "Mozilla/5.0 (iPhone; CPU iPhone OS 10_3_3 like Mac OS X) AppleWebKit/603.3.8 (KHTML, like Gecko) Version/10.0 Mobile/14G60 Safari/602.1"
91.141.1.30 - - [17/Sep/2017:08:28:13 +0200] "GET /img/smallicon-address.png HTTP/1.1" 200 1211 "http://www.easydrivers.at/enns/Abendkurs-25Sept2017?FS=B-L" "Mozilla/5.0 (iPhone; CPU iPhone OS 10_3_3 like Mac OS X) AppleWebKit/603.3.8 (KHTML, like Gecko) Version/10.0 Mobile/14G60 Safari/602.1"
91.141.1.30 - - [17/Sep/2017:08:28:13 +0200] "GET /img/smallicon-person.png HTTP/1.1" 200 1141 "http://www.easydrivers.at/enns/Abendkurs-25Sept2017?FS=B-L" "Mozilla/5.0 (iPhone; CPU iPhone OS 10_3_3 like Mac OS X) AppleWebKit/603.3.8 (KHTML, like Gecko) Version/10.0 Mobile/14G60 Safari/602.1"
91.141.1.30 - - [17/Sep/2017:08:28:13 +0200] "GET /img/mobile/googlemaps-pin.png HTTP/1.1" 200 1597 "http://www.easydrivers.at/enns/Abendkurs-25Sept2017?FS=B-L" "Mozilla/5.0 (iPhone; CPU iPhone OS 10_3_3 like Mac OS X) AppleWebKit/603.3.8 (KHTML, like Gecko) Version/10.0 Mobile/14G60 Safari/602.1"
66.249.65.85 - - [17/Sep/2017:08:28:13 +0200] "GET /hartberg/Mofa_Day/galerien/Poli___04_02_2006/detail.php?pageid=16 HTTP/1.1" 301 341 "-" "Mozilla/5.0 (compatible; Googlebot/2.1; +http://www.google.com/bot.html)"
91.141.1.30 - - [17/Sep/2017:08:28:13 +0200] "GET /img/smallicon-time.png HTTP/1.1" 200 1262 "http://www.easydrivers.at/enns/Abendkurs-25Sept2017?FS=B-L" "Mozilla/5.0 (iPhone; CPU iPhone OS 10_3_3 like Mac OS X) AppleWebKit/603.3.8 (KHTML, like Gecko) Version/10.0 Mobile/14G60 Safari/602.1"
91.141.1.30 - - [17/Sep/2017:08:28:13 +0200] "GET /img/smallicon-mail.png HTTP/1.1" 200 1341 "http://www.easydrivers.at/enns/Abendkurs-25Sept2017?FS=B-L" "Mozilla/5.0 (iPhone; CPU iPhone OS 10_3_3 like Mac OS X) AppleWebKit/603.3.8 (KHTML, like Gecko) Version/10.0 Mobile/14G60 Safari/602.1"
91.141.1.30 - - [17/Sep/2017:08:28:13 +0200] "GET /img/smallicon-phone.png HTTP/1.1" 200 3056 "http://www.easydrivers.at/enns/Abendkurs-25Sept2017?FS=B-L" "Mozilla/5.0 (iPhone; CPU iPhone OS 10_3_3 like Mac OS X) AppleWebKit/603.3.8 (KHTML, like Gecko) Version/10.0 Mobile/14G60 Safari/602.1"
91.141.1.30 - - [17/Sep/2017:08:28:13 +0200] "GET /img/mobile/kursicon-share.png HTTP/1.1" 200 2065 "http://www.easydrivers.at/enns/Abendkurs-25Sept2017?FS=B-L" "Mozilla/5.0 (iPhone; CPU iPhone OS 10_3_3 like Mac OS X) AppleWebKit/603.3.8 (KHTML, like Gecko) Version/10.0 Mobile/14G60 Safari/602.1"
91.141.1.30 - - [17/Sep/2017:08:28:13 +0200] "GET /img/mobile/kursicon-phone.png HTTP/1.1" 200 1932 "http://www.easydrivers.at/enns/Abendkurs-25Sept2017?FS=B-L" "Mozilla/5.0 (iPhone; CPU iPhone OS 10_3_3 like Mac OS X) AppleWebKit/603.3.8 (KHTML, like Gecko) Version/10.0 Mobile/14G60 Safari/602.1"
91.141.1.30 - - [17/Sep/2017:08:28:13 +0200] "GET /img/mobile/bg-header.jpg HTTP/1.1" 200 19741 "http://www.easydrivers.at/enns/Abendkurs-25Sept2017?FS=B-L" "Mozilla/5.0 (iPhone; CPU iPhone OS 10_3_3 like Mac OS X) AppleWebKit/603.3.8 (KHTML, like Gecko) Version/10.0 Mobile/14G60 Safari/602.1"
91.141.1.30 - - [17/Sep/2017:08:28:13 +0200] "GET /img/mobile/smallicon-phone.png HTTP/1.1" 200 1311 "http://www.easydrivers.at/enns/Abendkurs-25Sept2017?FS=B-L" "Mozilla/5.0 (iPhone; CPU iPhone OS 10_3_3 like Mac OS X) AppleWebKit/603.3.8 (KHTML, like Gecko) Version/10.0 Mobile/14G60 Safari/602.1"
91.141.1.30 - - [17/Sep/2017:08:28:13 +0200] "GET /img/mobile/smallicon-mail.png HTTP/1.1" 200 1335 "http://www.easydrivers.at/enns/Abendkurs-25Sept2017?FS=B-L" "Mozilla/5.0 (iPhone; CPU iPhone OS 10_3_3 like Mac OS X) AppleWebKit/603.3.8 (KHTML, like Gecko) Version/10.0 Mobile/14G60 Safari/602.1"
91.141.1.30 - - [17/Sep/2017:08:28:13 +0200] "GET /img/mobile/bg-menu.jpg HTTP/1.1" 200 1698 "http://www.easydrivers.at/enns/Abendkurs-25Sept2017?FS=B-L" "Mozilla/5.0 (iPhone; CPU iPhone OS 10_3_3 like Mac OS X) AppleWebKit/603.3.8 (KHTML, like Gecko) Version/10.0 Mobile/14G60 Safari/602.1"
91.141.1.30 - - [17/Sep/2017:08:28:13 +0200] "GET /img/mobile/pfeil-links-small.png HTTP/1.1" 200 1065 "http://www.easydrivers.at/enns/Abendkurs-25Sept2017?FS=B-L" "Mozilla/5.0 (iPhone; CPU iPhone OS 10_3_3 like Mac OS X) AppleWebKit/603.3.8 (KHTML, like Gecko) Version/10.0 Mobile/14G60 Safari/602.1"
91.141.1.30 - - [17/Sep/2017:08:28:13 +0200] "GET /img/mobile/bg-yellow.jpg HTTP/1.1" 200 1569 "http://www.easydrivers.at/enns/Abendkurs-25Sept2017?FS=B-L" "Mozilla/5.0 (iPhone; CPU iPhone OS 10_3_3 like Mac OS X) AppleWebKit/603.3.8 (KHTML, like Gecko) Version/10.0 Mobile/14G60 Safari/602.1"
91.141.1.30 - - [17/Sep/2017:08:28:13 +0200] "GET /img/mobile/bg-top-section.jpg HTTP/1.1" 200 21711 "http://www.easydrivers.at/enns/Abendkurs-25Sept2017?FS=B-L" "Mozilla/5.0 (iPhone; CPU iPhone OS 10_3_3 like Mac OS X) AppleWebKit/603.3.8 (KHTML, like Gecko) Version/10.0 Mobile/14G60 Safari/602.1"
91.141.1.30 - - [17/Sep/2017:08:28:13 +0200] "GET /img/mobile/pfeil-rechts-small.png HTTP/1.1" 200 1056 "http://www.easydrivers.at/enns/Abendkurs-25Sept2017?FS=B-L" "Mozilla/5.0 (iPhone; CPU iPhone OS 10_3_3 like Mac OS X) AppleWebKit/603.3.8 (KHTML, like Gecko) Version/10.0 Mobile/14G60 Safari/602.1"
66.249.65.82 - - [17/Sep/2017:08:28:14 +0200] "GET /hartberg/Mofa_Day/galerien/Poli___04_02_2006/detail.php?pageid=16 HTTP/1.1" 404 3425 "-" "Mozilla/5.0 (compatible; Googlebot/2.1; +http://www.google.com/bot.html)"
178.165.131.138 - - [17/Sep/2017:08:28:46 +0200] "GET /krems?utm_source=facebook&utm_medium=ad&utm_campaign=moped HTTP/1.1" 200 2936 "http://m.facebook.com" "Mozilla/5.0 (iPhone; CPU iPhone OS 10_3_3 like Mac OS X) AppleWebKit/603.3.8 (KHTML, like Gecko) Mobile/14G60 [FBAN/FBIOS;FBAV/140.0.0.63.89;FBBV/70896504;FBDV/iPhone5,2;FBMD/iPhone;FBSN/iOS;FBSV/10.3.3;FBSS/2;FBCR/3Austria;FBID/phone;FBLC/de_DE;FBOP/5;FBRV/71584044]"
178.165.131.138 - - [17/Sep/2017:08:28:49 +0200] "GET /img/mobile/easydrivers-logo-mobile.png HTTP/1.1" 200 10766 "-" "Mozilla/5.0 (iPhone; CPU iPhone OS 10_3_3 like Mac OS X) AppleWebKit/603.3.8 (KHTML, like Gecko) Mobile/14G60 [FBAN/FBIOS;FBAV/140.0.0.63.89;FBBV/70896504;FBDV/iPhone5,2;FBMD/iPhone;FBSN/iOS;FBSV/10.3.3;FBSS/2;FBCR/3Austria;FBID/phone;FBLC/de_DE;FBOP/5;FBRV/71584044]"
178.191.98.220 - - [17/Sep/2017:08:29:10 +0200] "GET /tulln HTTP/1.1" 200 2877 "https://www.google.at/" "Mozilla/5.0 (iPhone; CPU iPhone OS 10_3_3 like Mac OS X) AppleWebKit/602.1.50 (KHTML, like Gecko) GSA/34.1.167176684 Mobile/14G60 Safari/602.1"
178.191.98.220 - - [17/Sep/2017:08:29:13 +0200] "GET /javascript/jquery.cookie.js HTTP/1.1" 200 863 "http://www.easydrivers.at/tulln" "Mozilla/5.0 (iPhone; CPU iPhone OS 10_3_3 like Mac OS X) AppleWebKit/602.1.50 (KHTML, like Gecko) GSA/34.1.167176684 Mobile/14G60 Safari/602.1"
207.46.13.65 - - [17/Sep/2017:08:29:11 +0200] "GET /voesendorf HTTP/1.1" 200 3787 "-" "Mozilla/5.0 (compatible; bingbot/2.0; +http://www.bing.com/bingbot.htm)"
178.165.131.138 - - [17/Sep/2017:08:29:19 +0200] "GET /img/mobile/menu-button.png HTTP/1.1" 200 1746 "-" "Mozilla/5.0 (iPhone; CPU iPhone OS 10_3_3 like Mac OS X) AppleWebKit/603.3.8 (KHTML, like Gecko) Mobile/14G60 [FBAN/FBIOS;FBAV/140.0.0.63.89;FBBV/70896504;FBDV/iPhone5,2;FBMD/iPhone;FBSN/iOS;FBSV/10.3.3;FBSS/2;FBCR/3Austria;FBID/phone;FBLC/de_DE;FBOP/5;FBRV/71584044]"
178.165.131.138 - - [17/Sep/2017:08:29:51 +0200] "GET /img/mobile/close-button.png HTTP/1.1" 200 2411 "-" "Mozilla/5.0 (iPhone; CPU iPhone OS 10_3_3 like Mac OS X) AppleWebKit/603.3.8 (KHTML, like Gecko) Mobile/14G60 [FBAN/FBIOS;FBAV/140.0.0.63.89;FBBV/70896504;FBDV/iPhone5,2;FBMD/iPhone;FBSN/iOS;FBSV/10.3.3;FBSS/2;FBCR/3Austria;FBID/phone;FBLC/de_DE;FBOP/5;FBRV/71584044]"
178.165.131.138 - - [17/Sep/2017:08:29:51 +0200] "GET /img/mobile/info-button.png HTTP/1.1" 200 1549 "-" "Mozilla/5.0 (iPhone; CPU iPhone OS 10_3_3 like Mac OS X) AppleWebKit/603.3.8 (KHTML, like Gecko) Mobile/14G60 [FBAN/FBIOS;FBAV/140.0.0.63.89;FBBV/70896504;FBDV/iPhone5,2;FBMD/iPhone;FBSN/iOS;FBSV/10.3.3;FBSS/2;FBCR/3Austria;FBID/phone;FBLC/de_DE;FBOP/5;FBRV/71584044]"
40.77.167.118 - - [17/Sep/2017:08:29:59 +0200] "GET /binaries/easy-drivers---skarabela-gro/easypreise-2016pdf.pdf HTTP/1.1" 200 177622 "-" "Mozilla/5.0 (iPhone; CPU iPhone OS 7_0 like Mac OS X) AppleWebKit/537.51.1 (KHTML, like Gecko) Version/7.0 Mobile/11A465 Safari/9537.53 (compatible; bingbot/2.0; +http://www.bing.com/bingbot.htm)"
178.165.131.138 - - [17/Sep/2017:08:30:21 +0200] "GET /img/mobile/info-close-button.png HTTP/1.1" 200 1721 "-" "Mozilla/5.0 (iPhone; CPU iPhone OS 10_3_3 like Mac OS X) AppleWebKit/603.3.8 (KHTML, like Gecko) Mobile/14G60 [FBAN/FBIOS;FBAV/140.0.0.63.89;FBBV/70896504;FBDV/iPhone5,2;FBMD/iPhone;FBSN/iOS;FBSV/10.3.3;FBSS/2;FBCR/3Austria;FBID/phone;FBLC/de_DE;FBOP/5;FBRV/71584044]"
178.165.131.138 - - [17/Sep/2017:08:30:53 +0200] "GET /img/mobile/facebook-icon.png HTTP/1.1" 200 1902 "-" "Mozilla/5.0 (iPhone; CPU iPhone OS 10_3_3 like Mac OS X) AppleWebKit/603.3.8 (KHTML, like Gecko) Mobile/14G60 [FBAN/FBIOS;FBAV/140.0.0.63.89;FBBV/70896504;FBDV/iPhone5,2;FBMD/iPhone;FBSN/iOS;FBSV/10.3.3;FBSS/2;FBCR/3Austria;FBID/phone;FBLC/de_DE;FBOP/5;FBRV/71584044]"
178.165.131.138 - - [17/Sep/2017:08:31:23 +0200] "GET /img/smallicon-person.png HTTP/1.1" 200 1141 "-" "Mozilla/5.0 (iPhone; CPU iPhone OS 10_3_3 like Mac OS X) AppleWebKit/603.3.8 (KHTML, like Gecko) Mobile/14G60 [FBAN/FBIOS;FBAV/140.0.0.63.89;FBBV/70896504;FBDV/iPhone5,2;FBMD/iPhone;FBSN/iOS;FBSV/10.3.3;FBSS/2;FBCR/3Austria;FBID/phone;FBLC/de_DE;FBOP/5;FBRV/71584044]"
66.249.65.84 - - [17/Sep/2017:08:31:26 +0200] "GET /wieselburg/Inhaberdaten HTTP/1.1" 200 3710 "-" "Mozilla/5.0 (compatible; Googlebot/2.1; +http://www.google.com/bot.html)"
178.165.131.138 - - [17/Sep/2017:08:31:57 +0200] "GET /img/smallicon-address.png HTTP/1.1" 200 1211 "-" "Mozilla/5.0 (iPhone; CPU iPhone OS 10_3_3 like Mac OS X) AppleWebKit/603.3.8 (KHTML, like Gecko) Mobile/14G60 [FBAN/FBIOS;FBAV/140.0.0.63.89;FBBV/70896504;FBDV/iPhone5,2;FBMD/iPhone;FBSN/iOS;FBSV/10.3.3;FBSS/2;FBCR/3Austria;FBID/phone;FBLC/de_DE;FBOP/5;FBRV/71584044]"
178.165.131.138 - - [17/Sep/2017:08:32:27 +0200] "GET /img/mobile/googlemaps-pin.png HTTP/1.1" 200 1597 "-" "Mozilla/5.0 (iPhone; CPU iPhone OS 10_3_3 like Mac OS X) AppleWebKit/603.3.8 (KHTML, like Gecko) Mobile/14G60 [FBAN/FBIOS;FBAV/140.0.0.63.89;FBBV/70896504;FBDV/iPhone5,2;FBMD/iPhone;FBSN/iOS;FBSV/10.3.3;FBSS/2;FBCR/3Austria;FBID/phone;FBLC/de_DE;FBOP/5;FBRV/71584044]"
178.115.128.46 - - [17/Sep/2017:08:32:41 +0200] "GET /krems?utm_source=facebook&utm_medium=ad&utm_campaign=motorrad HTTP/1.1" 200 2936 "http://m.facebook.com" "Mozilla/5.0 (iPhone; CPU iPhone OS 10_3_3 like Mac OS X) AppleWebKit/603.3.8 (KHTML, like Gecko) Mobile/14G60 [FBAN/FBIOS;FBAV/140.0.0.63.89;FBBV/70896504;FBDV/iPhone9,3;FBMD/iPhone;FBSN/iOS;FBSV/10.3.3;FBSS/2;FBCR/3Austria;FBID/phone;FBLC/de_DE;FBOP/5;FBRV/71584044]"
178.115.128.46 - - [17/Sep/2017:08:32:44 +0200] "GET /img/mobile/easydrivers-logo-mobile.png HTTP/1.1" 200 10766 "-" "Mozilla/5.0 (iPhone; CPU iPhone OS 10_3_3 like Mac OS X) AppleWebKit/603.3.8 (KHTML, like Gecko) Mobile/14G60 [FBAN/FBIOS;FBAV/140.0.0.63.89;FBBV/70896504;FBDV/iPhone9,3;FBMD/iPhone;FBSN/iOS;FBSV/10.3.3;FBSS/2;FBCR/3Austria;FBID/phone;FBLC/de_DE;FBOP/5;FBRV/71584044]"
77.119.130.211 - - [17/Sep/2017:08:32:43 +0200] "GET /waidhofen.ybbs HTTP/1.1" 200 2953 "https://www.google.at/" "Mozilla/5.0 (iPhone; CPU iPhone OS 10_3_3 like Mac OS X) AppleWebKit/603.3.8 (KHTML, like Gecko) Version/10.0 Mobile/14G60 Safari/602.1"
77.119.130.211 - - [17/Sep/2017:08:32:46 +0200] "GET /javascript/mobile-menu.js HTTP/1.1" 200 1634 "http://www.easydrivers.at/waidhofen.ybbs" "Mozilla/5.0 (iPhone; CPU iPhone OS 10_3_3 like Mac OS X) AppleWebKit/603.3.8 (KHTML, like Gecko) Version/10.0 Mobile/14G60 Safari/602.1"
77.119.130.211 - - [17/Sep/2017:08:32:46 +0200] "GET /javascript/jquery.cookie.js HTTP/1.1" 200 863 "http://www.easydrivers.at/waidhofen.ybbs" "Mozilla/5.0 (iPhone; CPU iPhone OS 10_3_3 like Mac OS X) AppleWebKit/603.3.8 (KHTML, like Gecko) Version/10.0 Mobile/14G60 Safari/602.1"
77.119.130.211 - - [17/Sep/2017:08:32:46 +0200] "GET /css/mobile.css HTTP/1.1" 200 2852 "http://www.easydrivers.at/waidhofen.ybbs" "Mozilla/5.0 (iPhone; CPU iPhone OS 10_3_3 like Mac OS X) AppleWebKit/603.3.8 (KHTML, like Gecko) Version/10.0 Mobile/14G60 Safari/602.1"
77.119.130.211 - - [17/Sep/2017:08:32:46 +0200] "GET /javascript/jquery-1.9.1.min.js HTTP/1.1" 200 32731 "http://www.easydrivers.at/waidhofen.ybbs" "Mozilla/5.0 (iPhone; CPU iPhone OS 10_3_3 like Mac OS X) AppleWebKit/603.3.8 (KHTML, like Gecko) Version/10.0 Mobile/14G60 Safari/602.1"
77.119.130.211 - - [17/Sep/2017:08:32:46 +0200] "GET /img/mobile/easydrivers-logo-mobile.png HTTP/1.1" 200 10766 "http://www.easydrivers.at/waidhofen.ybbs" "Mozilla/5.0 (iPhone; CPU iPhone OS 10_3_3 like Mac OS X) AppleWebKit/603.3.8 (KHTML, like Gecko) Version/10.0 Mobile/14G60 Safari/602.1"
77.119.130.211 - - [17/Sep/2017:08:32:46 +0200] "GET /javascript/mobile-fahrschule.js HTTP/1.1" 200 328 "http://www.easydrivers.at/waidhofen.ybbs" "Mozilla/5.0 (iPhone; CPU iPhone OS 10_3_3 like Mac OS X) AppleWebKit/603.3.8 (KHTML, like Gecko) Version/10.0 Mobile/14G60 Safari/602.1"
77.119.130.211 - - [17/Sep/2017:08:32:46 +0200] "GET /javascript/jquery.simplemodal.js HTTP/1.1" 200 3070 "http://www.easydrivers.at/waidhofen.ybbs" "Mozilla/5.0 (iPhone; CPU iPhone OS 10_3_3 like Mac OS X) AppleWebKit/603.3.8 (KHTML, like Gecko) Version/10.0 Mobile/14G60 Safari/602.1"
77.119.130.211 - - [17/Sep/2017:08:32:46 +0200] "GET /javascript/lazyload.js HTTP/1.1" 200 1170 "http://www.easydrivers.at/waidhofen.ybbs" "Mozilla/5.0 (iPhone; CPU iPhone OS 10_3_3 like Mac OS X) AppleWebKit/603.3.8 (KHTML, like Gecko) Version/10.0 Mobile/14G60 Safari/602.1"
77.119.130.211 - - [17/Sep/2017:08:32:46 +0200] "GET /img/mobile/facebook-icon.png HTTP/1.1" 200 1902 "http://www.easydrivers.at/waidhofen.ybbs" "Mozilla/5.0 (iPhone; CPU iPhone OS 10_3_3 like Mac OS X) AppleWebKit/603.3.8 (KHTML, like Gecko) Version/10.0 Mobile/14G60 Safari/602.1"
77.119.130.211 - - [17/Sep/2017:08:32:46 +0200] "GET /img/mobile/info-button.png HTTP/1.1" 200 1549 "http://www.easydrivers.at/waidhofen.ybbs" "Mozilla/5.0 (iPhone; CPU iPhone OS 10_3_3 like Mac OS X) AppleWebKit/603.3.8 (KHTML, like Gecko) Version/10.0 Mobile/14G60 Safari/602.1"
77.119.130.211 - - [17/Sep/2017:08:32:46 +0200] "GET /img/mobile/menu-button.png HTTP/1.1" 200 1746 "http://www.easydrivers.at/waidhofen.ybbs" "Mozilla/5.0 (iPhone; CPU iPhone OS 10_3_3 like Mac OS X) AppleWebKit/603.3.8 (KHTML, like Gecko) Version/10.0 Mobile/14G60 Safari/602.1"
77.119.130.211 - - [17/Sep/2017:08:32:46 +0200] "GET /img/mobile/close-button.png HTTP/1.1" 200 2411 "http://www.easydrivers.at/waidhofen.ybbs" "Mozilla/5.0 (iPhone; CPU iPhone OS 10_3_3 like Mac OS X) AppleWebKit/603.3.8 (KHTML, like Gecko) Version/10.0 Mobile/14G60 Safari/602.1"
77.119.130.211 - - [17/Sep/2017:08:32:46 +0200] "GET /img/smallicon-address.png HTTP/1.1" 200 1211 "http://www.easydrivers.at/waidhofen.ybbs" "Mozilla/5.0 (iPhone; CPU iPhone OS 10_3_3 like Mac OS X) AppleWebKit/603.3.8 (KHTML, like Gecko) Version/10.0 Mobile/14G60 Safari/602.1"
77.119.130.211 - - [17/Sep/2017:08:32:46 +0200] "GET /img/smallicon-person.png HTTP/1.1" 200 1141 "http://www.easydrivers.at/waidhofen.ybbs" "Mozilla/5.0 (iPhone; CPU iPhone OS 10_3_3 like Mac OS X) AppleWebKit/603.3.8 (KHTML, like Gecko) Version/10.0 Mobile/14G60 Safari/602.1"
77.119.130.211 - - [17/Sep/2017:08:32:46 +0200] "GET /img/mobile/info-close-button.png HTTP/1.1" 200 1721 "http://www.easydrivers.at/waidhofen.ybbs" "Mozilla/5.0 (iPhone; CPU iPhone OS 10_3_3 like Mac OS X) AppleWebKit/603.3.8 (KHTML, like Gecko) Version/10.0 Mobile/14G60 Safari/602.1"
77.119.130.211 - - [17/Sep/2017:08:32:46 +0200] "GET /img/mobile/googlemaps-pin.png HTTP/1.1" 200 1597 "http://www.easydrivers.at/waidhofen.ybbs" "Mozilla/5.0 (iPhone; CPU iPhone OS 10_3_3 like Mac OS X) AppleWebKit/603.3.8 (KHTML, like Gecko) Version/10.0 Mobile/14G60 Safari/602.1"
77.119.130.211 - - [17/Sep/2017:08:32:46 +0200] "GET /img/mobile/widget-icon-app.png HTTP/1.1" 200 3458 "http://www.easydrivers.at/waidhofen.ybbs" "Mozilla/5.0 (iPhone; CPU iPhone OS 10_3_3 like Mac OS X) AppleWebKit/603.3.8 (KHTML, like Gecko) Version/10.0 Mobile/14G60 Safari/602.1"
77.119.130.211 - - [17/Sep/2017:08:32:46 +0200] "GET /img/smallicon-mail.png HTTP/1.1" 200 1341 "http://www.easydrivers.at/waidhofen.ybbs" "Mozilla/5.0 (iPhone; CPU iPhone OS 10_3_3 like Mac OS X) AppleWebKit/603.3.8 (KHTML, like Gecko) Version/10.0 Mobile/14G60 Safari/602.1"
77.119.130.211 - - [17/Sep/2017:08:32:46 +0200] "GET /img/smallicon-time.png HTTP/1.1" 200 1262 "http://www.easydrivers.at/waidhofen.ybbs" "Mozilla/5.0 (iPhone; CPU iPhone OS 10_3_3 like Mac OS X) AppleWebKit/603.3.8 (KHTML, like Gecko) Version/10.0 Mobile/14G60 Safari/602.1"
77.119.130.211 - - [17/Sep/2017:08:32:46 +0200] "GET /img/smallicon-phone.png HTTP/1.1" 200 3056 "http://www.easydrivers.at/waidhofen.ybbs" "Mozilla/5.0 (iPhone; CPU iPhone OS 10_3_3 like Mac OS X) AppleWebKit/603.3.8 (KHTML, like Gecko) Version/10.0 Mobile/14G60 Safari/602.1"
77.119.130.211 - - [17/Sep/2017:08:32:46 +0200] "GET /img/mobile/bg-header.jpg HTTP/1.1" 200 19741 "http://www.easydrivers.at/waidhofen.ybbs" "Mozilla/5.0 (iPhone; CPU iPhone OS 10_3_3 like Mac OS X) AppleWebKit/603.3.8 (KHTML, like Gecko) Version/10.0 Mobile/14G60 Safari/602.1"
77.119.130.211 - - [17/Sep/2017:08:32:46 +0200] "GET /img/mobile/pfeil-rechts.png HTTP/1.1" 200 1228 "http://www.easydrivers.at/waidhofen.ybbs" "Mozilla/5.0 (iPhone; CPU iPhone OS 10_3_3 like Mac OS X) AppleWebKit/603.3.8 (KHTML, like Gecko) Version/10.0 Mobile/14G60 Safari/602.1"
77.119.130.211 - - [17/Sep/2017:08:32:46 +0200] "GET /img/mobile/bg-top-section.jpg HTTP/1.1" 200 21711 "http://www.easydrivers.at/waidhofen.ybbs" "Mozilla/5.0 (iPhone; CPU iPhone OS 10_3_3 like Mac OS X) AppleWebKit/603.3.8 (KHTML, like Gecko) Version/10.0 Mobile/14G60 Safari/602.1"
77.119.130.211 - - [17/Sep/2017:08:32:46 +0200] "GET /img/mobile/bg-menu.jpg HTTP/1.1" 200 1698 "http://www.easydrivers.at/waidhofen.ybbs" "Mozilla/5.0 (iPhone; CPU iPhone OS 10_3_3 like Mac OS X) AppleWebKit/603.3.8 (KHTML, like Gecko) Version/10.0 Mobile/14G60 Safari/602.1"
194.118.226.31 - - [17/Sep/2017:08:32:47 +0200] "GET /st.valentin/ HTTP/1.1" 301 142 "-" "Mozilla/5.0 (iPhone; CPU iPhone OS 10_3_3 like Mac OS X) AppleWebKit/602.1.50 (KHTML, like Gecko) GSA/34.1.167176684 Mobile/14G60 Safari/602.1"
194.118.226.31 - - [17/Sep/2017:08:32:47 +0200] "GET /st.valentin HTTP/1.1" 200 2946 "-" "Mozilla/5.0 (iPhone; CPU iPhone OS 10_3_3 like Mac OS X) AppleWebKit/602.1.50 (KHTML, like Gecko) GSA/34.1.167176684 Mobile/14G60 Safari/602.1"
194.118.226.31 - - [17/Sep/2017:08:32:50 +0200] "GET /css/mobile.css HTTP/1.1" 200 2852 "http://www.easydrivers.at/st.valentin" "Mozilla/5.0 (iPhone; CPU iPhone OS 10_3_3 like Mac OS X) AppleWebKit/602.1.50 (KHTML, like Gecko) GSA/34.1.167176684 Mobile/14G60 Safari/602.1"
194.118.226.31 - - [17/Sep/2017:08:32:50 +0200] "GET /javascript/jquery.cookie.js HTTP/1.1" 200 863 "http://www.easydrivers.at/st.valentin" "Mozilla/5.0 (iPhone; CPU iPhone OS 10_3_3 like Mac OS X) AppleWebKit/602.1.50 (KHTML, like Gecko) GSA/34.1.167176684 Mobile/14G60 Safari/602.1"
194.118.226.31 - - [17/Sep/2017:08:32:50 +0200] "GET /javascript/mobile-menu.js HTTP/1.1" 200 1634 "http://www.easydrivers.at/st.valentin" "Mozilla/5.0 (iPhone; CPU iPhone OS 10_3_3 like Mac OS X) AppleWebKit/602.1.50 (KHTML, like Gecko) GSA/34.1.167176684 Mobile/14G60 Safari/602.1"
194.118.226.31 - - [17/Sep/2017:08:32:50 +0200] "GET /javascript/jquery-1.9.1.min.js HTTP/1.1" 200 32731 "http://www.easydrivers.at/st.valentin" "Mozilla/5.0 (iPhone; CPU iPhone OS 10_3_3 like Mac OS X) AppleWebKit/602.1.50 (KHTML, like Gecko) GSA/34.1.167176684 Mobile/14G60 Safari/602.1"
194.118.226.31 - - [17/Sep/2017:08:32:50 +0200] "GET /javascript/jquery.simplemodal.js HTTP/1.1" 200 3070 "http://www.easydrivers.at/st.valentin" "Mozilla/5.0 (iPhone; CPU iPhone OS 10_3_3 like Mac OS X) AppleWebKit/602.1.50 (KHTML, like Gecko) GSA/34.1.167176684 Mobile/14G60 Safari/602.1"
194.118.226.31 - - [17/Sep/2017:08:32:50 +0200] "GET /javascript/lazyload.js HTTP/1.1" 200 1170 "http://www.easydrivers.at/st.valentin" "Mozilla/5.0 (iPhone; CPU iPhone OS 10_3_3 like Mac OS X) AppleWebKit/602.1.50 (KHTML, like Gecko) GSA/34.1.167176684 Mobile/14G60 Safari/602.1"
194.118.226.31 - - [17/Sep/2017:08:32:50 +0200] "GET /javascript/mobile-fahrschule.js HTTP/1.1" 200 328 "http://www.easydrivers.at/st.valentin" "Mozilla/5.0 (iPhone; CPU iPhone OS 10_3_3 like Mac OS X) AppleWebKit/602.1.50 (KHTML, like Gecko) GSA/34.1.167176684 Mobile/14G60 Safari/602.1"
194.118.226.31 - - [17/Sep/2017:08:32:50 +0200] "GET /img/mobile/easydrivers-logo-mobile.png HTTP/1.1" 200 10766 "http://www.easydrivers.at/st.valentin" "Mozilla/5.0 (iPhone; CPU iPhone OS 10_3_3 like Mac OS X) AppleWebKit/602.1.50 (KHTML, like Gecko) GSA/34.1.167176684 Mobile/14G60 Safari/602.1"
194.118.226.31 - - [17/Sep/2017:08:32:50 +0200] "GET /img/mobile/menu-button.png HTTP/1.1" 200 1746 "http://www.easydrivers.at/st.valentin" "Mozilla/5.0 (iPhone; CPU iPhone OS 10_3_3 like Mac OS X) AppleWebKit/602.1.50 (KHTML, like Gecko) GSA/34.1.167176684 Mobile/14G60 Safari/602.1"
194.118.226.31 - - [17/Sep/2017:08:32:50 +0200] "GET /img/mobile/close-button.png HTTP/1.1" 200 2411 "http://www.easydrivers.at/st.valentin" "Mozilla/5.0 (iPhone; CPU iPhone OS 10_3_3 like Mac OS X) AppleWebKit/602.1.50 (KHTML, like Gecko) GSA/34.1.167176684 Mobile/14G60 Safari/602.1"
194.118.226.31 - - [17/Sep/2017:08:32:50 +0200] "GET /img/mobile/facebook-icon.png HTTP/1.1" 200 1902 "http://www.easydrivers.at/st.valentin" "Mozilla/5.0 (iPhone; CPU iPhone OS 10_3_3 like Mac OS X) AppleWebKit/602.1.50 (KHTML, like Gecko) GSA/34.1.167176684 Mobile/14G60 Safari/602.1"
194.118.226.31 - - [17/Sep/2017:08:32:50 +0200] "GET /img/mobile/info-button.png HTTP/1.1" 200 1549 "http://www.easydrivers.at/st.valentin" "Mozilla/5.0 (iPhone; CPU iPhone OS 10_3_3 like Mac OS X) AppleWebKit/602.1.50 (KHTML, like Gecko) GSA/34.1.167176684 Mobile/14G60 Safari/602.1"
194.118.226.31 - - [17/Sep/2017:08:32:50 +0200] "GET /img/mobile/info-close-button.png HTTP/1.1" 200 1721 "http://www.easydrivers.at/st.valentin" "Mozilla/5.0 (iPhone; CPU iPhone OS 10_3_3 like Mac OS X) AppleWebKit/602.1.50 (KHTML, like Gecko) GSA/34.1.167176684 Mobile/14G60 Safari/602.1"
194.118.226.31 - - [17/Sep/2017:08:32:50 +0200] "GET /img/smallicon-person.png HTTP/1.1" 200 1141 "http://www.easydrivers.at/st.valentin" "Mozilla/5.0 (iPhone; CPU iPhone OS 10_3_3 like Mac OS X) AppleWebKit/602.1.50 (KHTML, like Gecko) GSA/34.1.167176684 Mobile/14G60 Safari/602.1"
194.118.226.31 - - [17/Sep/2017:08:32:50 +0200] "GET /img/smallicon-address.png HTTP/1.1" 200 1211 "http://www.easydrivers.at/st.valentin" "Mozilla/5.0 (iPhone; CPU iPhone OS 10_3_3 like Mac OS X) AppleWebKit/602.1.50 (KHTML, like Gecko) GSA/34.1.167176684 Mobile/14G60 Safari/602.1"
194.118.226.31 - - [17/Sep/2017:08:32:50 +0200] "GET /img/mobile/googlemaps-pin.png HTTP/1.1" 200 1597 "http://www.easydrivers.at/st.valentin" "Mozilla/5.0 (iPhone; CPU iPhone OS 10_3_3 like Mac OS X) AppleWebKit/602.1.50 (KHTML, like Gecko) GSA/34.1.167176684 Mobile/14G60 Safari/602.1"
194.118.226.31 - - [17/Sep/2017:08:32:50 +0200] "GET /img/smallicon-time.png HTTP/1.1" 200 1262 "http://www.easydrivers.at/st.valentin" "Mozilla/5.0 (iPhone; CPU iPhone OS 10_3_3 like Mac OS X) AppleWebKit/602.1.50 (KHTML, like Gecko) GSA/34.1.167176684 Mobile/14G60 Safari/602.1"
194.118.226.31 - - [17/Sep/2017:08:32:50 +0200] "GET /img/smallicon-phone.png HTTP/1.1" 200 3056 "http://www.easydrivers.at/st.valentin" "Mozilla/5.0 (iPhone; CPU iPhone OS 10_3_3 like Mac OS X) AppleWebKit/602.1.50 (KHTML, like Gecko) GSA/34.1.167176684 Mobile/14G60 Safari/602.1"
194.118.226.31 - - [17/Sep/2017:08:32:50 +0200] "GET /img/smallicon-mail.png HTTP/1.1" 200 1341 "http://www.easydrivers.at/st.valentin" "Mozilla/5.0 (iPhone; CPU iPhone OS 10_3_3 like Mac OS X) AppleWebKit/602.1.50 (KHTML, like Gecko) GSA/34.1.167176684 Mobile/14G60 Safari/602.1"
194.118.226.31 - - [17/Sep/2017:08:32:50 +0200] "GET /img/mobile/widget-icon-app.png HTTP/1.1" 200 3458 "http://www.easydrivers.at/st.valentin" "Mozilla/5.0 (iPhone; CPU iPhone OS 10_3_3 like Mac OS X) AppleWebKit/602.1.50 (KHTML, like Gecko) GSA/34.1.167176684 Mobile/14G60 Safari/602.1"
194.118.226.31 - - [17/Sep/2017:08:32:50 +0200] "GET /img/mobile/bg-header.jpg HTTP/1.1" 200 19741 "http://www.easydrivers.at/st.valentin" "Mozilla/5.0 (iPhone; CPU iPhone OS 10_3_3 like Mac OS X) AppleWebKit/602.1.50 (KHTML, like Gecko) GSA/34.1.167176684 Mobile/14G60 Safari/602.1"
194.118.226.31 - - [17/Sep/2017:08:32:50 +0200] "GET /img/mobile/bg-menu.jpg HTTP/1.1" 200 1698 "http://www.easydrivers.at/st.valentin" "Mozilla/5.0 (iPhone; CPU iPhone OS 10_3_3 like Mac OS X) AppleWebKit/602.1.50 (KHTML, like Gecko) GSA/34.1.167176684 Mobile/14G60 Safari/602.1"
194.118.226.31 - - [17/Sep/2017:08:32:50 +0200] "GET /img/mobile/bg-top-section.jpg HTTP/1.1" 200 21711 "http://www.easydrivers.at/st.valentin" "Mozilla/5.0 (iPhone; CPU iPhone OS 10_3_3 like Mac OS X) AppleWebKit/602.1.50 (KHTML, like Gecko) GSA/34.1.167176684 Mobile/14G60 Safari/602.1"
194.118.226.31 - - [17/Sep/2017:08:32:50 +0200] "GET /img/mobile/pfeil-rechts.png HTTP/1.1" 200 1228 "http://www.easydrivers.at/st.valentin" "Mozilla/5.0 (iPhone; CPU iPhone OS 10_3_3 like Mac OS X) AppleWebKit/602.1.50 (KHTML, like Gecko) GSA/34.1.167176684 Mobile/14G60 Safari/602.1"
77.119.130.211 - - [17/Sep/2017:08:32:54 +0200] "POST /waidhofen.ybbs/kursauswahl HTTP/1.1" 200 3148 "http://www.easydrivers.at/waidhofen.ybbs" "Mozilla/5.0 (iPhone; CPU iPhone OS 10_3_3 like Mac OS X) AppleWebKit/603.3.8 (KHTML, like Gecko) Version/10.0 Mobile/14G60 Safari/602.1"
77.119.130.211 - - [17/Sep/2017:08:32:57 +0200] "GET /img/mobile/pfeil-links-small.png HTTP/1.1" 200 1065 "http://www.easydrivers.at/waidhofen.ybbs/kursauswahl" "Mozilla/5.0 (iPhone; CPU iPhone OS 10_3_3 like Mac OS X) AppleWebKit/603.3.8 (KHTML, like Gecko) Version/10.0 Mobile/14G60 Safari/602.1"
77.119.130.211 - - [17/Sep/2017:08:32:57 +0200] "GET /img/mobile/bg-yellow.jpg HTTP/1.1" 200 1569 "http://www.easydrivers.at/waidhofen.ybbs/kursauswahl" "Mozilla/5.0 (iPhone; CPU iPhone OS 10_3_3 like Mac OS X) AppleWebKit/603.3.8 (KHTML, like Gecko) Version/10.0 Mobile/14G60 Safari/602.1"
77.119.130.211 - - [17/Sep/2017:08:32:57 +0200] "GET /javascript/mobile-fahrschule-kurs-suchergebnis.js HTTP/1.1" 200 274 "http://www.easydrivers.at/waidhofen.ybbs/kursauswahl" "Mozilla/5.0 (iPhone; CPU iPhone OS 10_3_3 like Mac OS X) AppleWebKit/603.3.8 (KHTML, like Gecko) Version/10.0 Mobile/14G60 Safari/602.1"
77.119.130.211 - - [17/Sep/2017:08:32:57 +0200] "GET /img/loading-bars.gif HTTP/1.1" 200 3951 "http://www.easydrivers.at/waidhofen.ybbs/kursauswahl" "Mozilla/5.0 (iPhone; CPU iPhone OS 10_3_3 like Mac OS X) AppleWebKit/603.3.8 (KHTML, like Gecko) Version/10.0 Mobile/14G60 Safari/602.1"
194.118.226.31 - - [17/Sep/2017:08:32:58 +0200] "POST /st.valentin/kursauswahl HTTP/1.1" 200 3112 "http://www.easydrivers.at/st.valentin" "Mozilla/5.0 (iPhone; CPU iPhone OS 10_3_3 like Mac OS X) AppleWebKit/602.1.50 (KHTML, like Gecko) GSA/34.1.167176684 Mobile/14G60 Safari/602.1"
194.118.226.31 - - [17/Sep/2017:08:33:01 +0200] "GET /javascript/mobile-fahrschule-kurs-suchergebnis.js HTTP/1.1" 200 274 "http://www.easydrivers.at/st.valentin/kursauswahl" "Mozilla/5.0 (iPhone; CPU iPhone OS 10_3_3 like Mac OS X) AppleWebKit/602.1.50 (KHTML, like Gecko) GSA/34.1.167176684 Mobile/14G60 Safari/602.1"
194.118.226.31 - - [17/Sep/2017:08:33:01 +0200] "GET /img/mobile/pfeil-links-small.png HTTP/1.1" 200 1065 "http://www.easydrivers.at/st.valentin/kursauswahl" "Mozilla/5.0 (iPhone; CPU iPhone OS 10_3_3 like Mac OS X) AppleWebKit/602.1.50 (KHTML, like Gecko) GSA/34.1.167176684 Mobile/14G60 Safari/602.1"
194.118.226.31 - - [17/Sep/2017:08:33:01 +0200] "GET /img/mobile/bg-yellow.jpg HTTP/1.1" 200 1569 "http://www.easydrivers.at/st.valentin/kursauswahl" "Mozilla/5.0 (iPhone; CPU iPhone OS 10_3_3 like Mac OS X) AppleWebKit/602.1.50 (KHTML, like Gecko) GSA/34.1.167176684 Mobile/14G60 Safari/602.1"
194.118.226.31 - - [17/Sep/2017:08:33:01 +0200] "GET /img/loading-bars.gif HTTP/1.1" 200 3951 "http://www.easydrivers.at/st.valentin/kursauswahl" "Mozilla/5.0 (iPhone; CPU iPhone OS 10_3_3 like Mac OS X) AppleWebKit/602.1.50 (KHTML, like Gecko) GSA/34.1.167176684 Mobile/14G60 Safari/602.1"
178.165.131.138 - - [17/Sep/2017:08:33:04 +0200] "GET /img/smallicon-mail.png HTTP/1.1" 200 1341 "-" "Mozilla/5.0 (iPhone; CPU iPhone OS 10_3_3 like Mac OS X) AppleWebKit/603.3.8 (KHTML, like Gecko) Mobile/14G60 [FBAN/FBIOS;FBAV/140.0.0.63.89;FBBV/70896504;FBDV/iPhone5,2;FBMD/iPhone;FBSN/iOS;FBSV/10.3.3;FBSS/2;FBCR/3Austria;FBID/phone;FBLC/de_DE;FBOP/5;FBRV/71584044]"
77.119.130.211 - - [17/Sep/2017:08:33:03 +0200] "POST /loadkursliste HTTP/1.1" 200 997 "http://www.easydrivers.at/waidhofen.ybbs/kursauswahl" "Mozilla/5.0 (iPhone; CPU iPhone OS 10_3_3 like Mac OS X) AppleWebKit/603.3.8 (KHTML, like Gecko) Version/10.0 Mobile/14G60 Safari/602.1"
77.119.131.149 - - [17/Sep/2017:08:33:07 +0200] "GET /gewinnspielbedingungen HTTP/1.1" 200 3864 "http://m.facebook.com/" "Mozilla/5.0 (Linux; Android 6.0.1; SM-A320FL Build/MMB29K; wv) AppleWebKit/537.36 (KHTML, like Gecko) Version/4.0 Chrome/60.0.3112.116 Mobile Safari/537.36 [FB_IAB/FB4A;FBAV/140.0.0.24.91;]"
77.119.131.149 - - [17/Sep/2017:08:33:10 +0200] "GET /css/mobile.css HTTP/1.1" 200 2852 "http://www.easydrivers.at/gewinnspielbedingungen" "Mozilla/5.0 (Linux; Android 6.0.1; SM-A320FL Build/MMB29K; wv) AppleWebKit/537.36 (KHTML, like Gecko) Version/4.0 Chrome/60.0.3112.116 Mobile Safari/537.36 [FB_IAB/FB4A;FBAV/140.0.0.24.91;]"
77.119.131.149 - - [17/Sep/2017:08:33:10 +0200] "GET /javascript/jquery-1.9.1.min.js HTTP/1.1" 200 32731 "http://www.easydrivers.at/gewinnspielbedingungen" "Mozilla/5.0 (Linux; Android 6.0.1; SM-A320FL Build/MMB29K; wv) AppleWebKit/537.36 (KHTML, like Gecko) Version/4.0 Chrome/60.0.3112.116 Mobile Safari/537.36 [FB_IAB/FB4A;FBAV/140.0.0.24.91;]"
77.119.131.149 - - [17/Sep/2017:08:33:10 +0200] "GET /javascript/jquery.cookie.js HTTP/1.1" 200 863 "http://www.easydrivers.at/gewinnspielbedingungen" "Mozilla/5.0 (Linux; Android 6.0.1; SM-A320FL Build/MMB29K; wv) AppleWebKit/537.36 (KHTML, like Gecko) Version/4.0 Chrome/60.0.3112.116 Mobile Safari/537.36 [FB_IAB/FB4A;FBAV/140.0.0.24.91;]"
77.119.131.149 - - [17/Sep/2017:08:33:10 +0200] "GET /javascript/mobile-menu.js HTTP/1.1" 200 1634 "http://www.easydrivers.at/gewinnspielbedingungen" "Mozilla/5.0 (Linux; Android 6.0.1; SM-A320FL Build/MMB29K; wv) AppleWebKit/537.36 (KHTML, like Gecko) Version/4.0 Chrome/60.0.3112.116 Mobile Safari/537.36 [FB_IAB/FB4A;FBAV/140.0.0.24.91;]"
77.119.131.149 - - [17/Sep/2017:08:33:10 +0200] "GET /javascript/jquery.simplemodal.js HTTP/1.1" 200 3070 "http://www.easydrivers.at/gewinnspielbedingungen" "Mozilla/5.0 (Linux; Android 6.0.1; SM-A320FL Build/MMB29K; wv) AppleWebKit/537.36 (KHTML, like Gecko) Version/4.0 Chrome/60.0.3112.116 Mobile Safari/537.36 [FB_IAB/FB4A;FBAV/140.0.0.24.91;]"
194.118.226.31 - - [17/Sep/2017:08:33:09 +0200] "POST /loadkursliste HTTP/1.1" 200 508 "http://www.easydrivers.at/st.valentin/kursauswahl" "Mozilla/5.0 (iPhone; CPU iPhone OS 10_3_3 like Mac OS X) AppleWebKit/602.1.50 (KHTML, like Gecko) GSA/34.1.167176684 Mobile/14G60 Safari/602.1"
77.119.131.149 - - [17/Sep/2017:08:33:11 +0200] "GET /javascript/lazyload.js HTTP/1.1" 200 1170 "http://www.easydrivers.at/gewinnspielbedingungen" "Mozilla/5.0 (Linux; Android 6.0.1; SM-A320FL Build/MMB29K; wv) AppleWebKit/537.36 (KHTML, like Gecko) Version/4.0 Chrome/60.0.3112.116 Mobile Safari/537.36 [FB_IAB/FB4A;FBAV/140.0.0.24.91;]"
77.119.131.149 - - [17/Sep/2017:08:33:11 +0200] "GET /img/mobile/easydrivers-logo-mobile.png HTTP/1.1" 200 10766 "http://www.easydrivers.at/gewinnspielbedingungen" "Mozilla/5.0 (Linux; Android 6.0.1; SM-A320FL Build/MMB29K; wv) AppleWebKit/537.36 (KHTML, like Gecko) Version/4.0 Chrome/60.0.3112.116 Mobile Safari/537.36 [FB_IAB/FB4A;FBAV/140.0.0.24.91;]"
77.119.131.149 - - [17/Sep/2017:08:33:11 +0200] "GET /img/mobile/menu-button.png HTTP/1.1" 200 1746 "http://www.easydrivers.at/gewinnspielbedingungen" "Mozilla/5.0 (Linux; Android 6.0.1; SM-A320FL Build/MMB29K; wv) AppleWebKit/537.36 (KHTML, like Gecko) Version/4.0 Chrome/60.0.3112.116 Mobile Safari/537.36 [FB_IAB/FB4A;FBAV/140.0.0.24.91;]"
77.119.131.149 - - [17/Sep/2017:08:33:11 +0200] "GET /img/mobile/close-button.png HTTP/1.1" 200 2411 "http://www.easydrivers.at/gewinnspielbedingungen" "Mozilla/5.0 (Linux; Android 6.0.1; SM-A320FL Build/MMB29K; wv) AppleWebKit/537.36 (KHTML, like Gecko) Version/4.0 Chrome/60.0.3112.116 Mobile Safari/537.36 [FB_IAB/FB4A;FBAV/140.0.0.24.91;]"
77.119.131.149 - - [17/Sep/2017:08:33:11 +0200] "GET /img/mobile/facebook-icon.png HTTP/1.1" 200 1902 "http://www.easydrivers.at/gewinnspielbedingungen" "Mozilla/5.0 (Linux; Android 6.0.1; SM-A320FL Build/MMB29K; wv) AppleWebKit/537.36 (KHTML, like Gecko) Version/4.0 Chrome/60.0.3112.116 Mobile Safari/537.36 [FB_IAB/FB4A;FBAV/140.0.0.24.91;]"
77.119.131.149 - - [17/Sep/2017:08:33:12 +0200] "GET /img/mobile/bg-header.jpg HTTP/1.1" 200 19741 "http://www.easydrivers.at/css/mobile.css" "Mozilla/5.0 (Linux; Android 6.0.1; SM-A320FL Build/MMB29K; wv) AppleWebKit/537.36 (KHTML, like Gecko) Version/4.0 Chrome/60.0.3112.116 Mobile Safari/537.36 [FB_IAB/FB4A;FBAV/140.0.0.24.91;]"
77.119.131.149 - - [17/Sep/2017:08:33:12 +0200] "GET /img/mobile/bg-menu.jpg HTTP/1.1" 200 1698 "http://www.easydrivers.at/css/mobile.css" "Mozilla/5.0 (Linux; Android 6.0.1; SM-A320FL Build/MMB29K; wv) AppleWebKit/537.36 (KHTML, like Gecko) Version/4.0 Chrome/60.0.3112.116 Mobile Safari/537.36 [FB_IAB/FB4A;FBAV/140.0.0.24.91;]"
178.115.128.46 - - [17/Sep/2017:08:33:14 +0200] "GET /img/mobile/menu-button.png HTTP/1.1" 200 1746 "-" "Mozilla/5.0 (iPhone; CPU iPhone OS 10_3_3 like Mac OS X) AppleWebKit/603.3.8 (KHTML, like Gecko) Mobile/14G60 [FBAN/FBIOS;FBAV/140.0.0.63.89;FBBV/70896504;FBDV/iPhone9,3;FBMD/iPhone;FBSN/iOS;FBSV/10.3.3;FBSS/2;FBCR/3Austria;FBID/phone;FBLC/de_DE;FBOP/5;FBRV/71584044]"
77.119.131.149 - - [17/Sep/2017:08:33:15 +0200] "GET /img/favicon.ico HTTP/1.1" 404 300 "http://www.easydrivers.at/gewinnspielbedingungen" "Mozilla/5.0 (Linux; Android 6.0.1; SM-A320FL Build/MMB29K; wv) AppleWebKit/537.36 (KHTML, like Gecko) Version/4.0 Chrome/60.0.3112.116 Mobile Safari/537.36 [FB_IAB/FB4A;FBAV/140.0.0.24.91;]"
194.118.226.31 - - [17/Sep/2017:08:33:24 +0200] "POST /loadkursliste HTTP/1.1" 200 515 "http://www.easydrivers.at/st.valentin/kursauswahl" "Mozilla/5.0 (iPhone; CPU iPhone OS 10_3_3 like Mac OS X) AppleWebKit/602.1.50 (KHTML, like Gecko) GSA/34.1.167176684 Mobile/14G60 Safari/602.1"
178.165.131.138 - - [17/Sep/2017:08:33:38 +0200] "GET /img/smallicon-phone.png HTTP/1.1" 200 3056 "-" "Mozilla/5.0 (iPhone; CPU iPhone OS 10_3_3 like Mac OS X) AppleWebKit/603.3.8 (KHTML, like Gecko) Mobile/14G60 [FBAN/FBIOS;FBAV/140.0.0.63.89;FBBV/70896504;FBDV/iPhone5,2;FBMD/iPhone;FBSN/iOS;FBSV/10.3.3;FBSS/2;FBCR/3Austria;FBID/phone;FBLC/de_DE;FBOP/5;FBRV/71584044]"
178.115.128.46 - - [17/Sep/2017:08:33:46 +0200] "GET /img/mobile/close-button.png HTTP/1.1" 200 2411 "-" "Mozilla/5.0 (iPhone; CPU iPhone OS 10_3_3 like Mac OS X) AppleWebKit/603.3.8 (KHTML, like Gecko) Mobile/14G60 [FBAN/FBIOS;FBAV/140.0.0.63.89;FBBV/70896504;FBDV/iPhone9,3;FBMD/iPhone;FBSN/iOS;FBSV/10.3.3;FBSS/2;FBCR/3Austria;FBID/phone;FBLC/de_DE;FBOP/5;FBRV/71584044]"
88.117.29.43 - - [17/Sep/2017:08:33:48 +0200] "GET /javascript/jquery.cookie.js HTTP/1.1" 200 863 "-" "Mozilla/5.0 (Linux; Android 4.1.2; LT26i Build/6.2.B.1.96) AppleWebKit/537.36 (KHTML, like Gecko) Chrome/56.0.2924.87 Mobile Safari/537.36"
88.117.29.43 - - [17/Sep/2017:08:33:48 +0200] "GET /javascript/jquery.simplemodal.js HTTP/1.1" 200 3070 "-" "Mozilla/5.0 (Linux; Android 4.1.2; LT26i Build/6.2.B.1.96) AppleWebKit/537.36 (KHTML, like Gecko) Chrome/56.0.2924.87 Mobile Safari/537.36"
88.117.29.43 - - [17/Sep/2017:08:33:48 +0200] "GET /javascript/lazyload.js HTTP/1.1" 200 1170 "-" "Mozilla/5.0 (Linux; Android 4.1.2; LT26i Build/6.2.B.1.96) AppleWebKit/537.36 (KHTML, like Gecko) Chrome/56.0.2924.87 Mobile Safari/537.36"
88.117.29.43 - - [17/Sep/2017:08:33:54 +0200] "GET /img/mobile/bg-menu.jpg HTTP/1.1" 200 1698 "-" "Mozilla/5.0 (Linux; Android 4.1.2; LT26i Build/6.2.B.1.96) AppleWebKit/537.36 (KHTML, like Gecko) Chrome/56.0.2924.87 Mobile Safari/537.36"
93.82.121.86 - - [17/Sep/2017:08:33:53 +0200] "GET / HTTP/1.1" 200 3562 "https://www.google.at/" "Mozilla/5.0 (Linux; Android 7.0; SM-G950F Build/NRD90M) AppleWebKit/537.36 (KHTML, like Gecko) Chrome/60.0.3112.116 Mobile Safari/537.36"
93.82.121.86 - - [17/Sep/2017:08:33:54 +0200] "GET /css/mobile.css HTTP/1.1" 200 2852 "http://www.easydrivers.at/" "Mozilla/5.0 (Linux; Android 7.0; SM-G950F Build/NRD90M) AppleWebKit/537.36 (KHTML, like Gecko) Chrome/60.0.3112.116 Mobile Safari/537.36"
93.82.121.86 - - [17/Sep/2017:08:33:54 +0200] "GET /javascript/jquery.cookie.js HTTP/1.1" 200 863 "http://www.easydrivers.at/" "Mozilla/5.0 (Linux; Android 7.0; SM-G950F Build/NRD90M) AppleWebKit/537.36 (KHTML, like Gecko) Chrome/60.0.3112.116 Mobile Safari/537.36"
93.82.121.86 - - [17/Sep/2017:08:33:54 +0200] "GET /javascript/jquery-1.9.1.min.js HTTP/1.1" 200 32731 "http://www.easydrivers.at/" "Mozilla/5.0 (Linux; Android 7.0; SM-G950F Build/NRD90M) AppleWebKit/537.36 (KHTML, like Gecko) Chrome/60.0.3112.116 Mobile Safari/537.36"
93.82.121.86 - - [17/Sep/2017:08:33:54 +0200] "GET /javascript/mobile-menu.js HTTP/1.1" 200 1634 "http://www.easydrivers.at/" "Mozilla/5.0 (Linux; Android 7.0; SM-G950F Build/NRD90M) AppleWebKit/537.36 (KHTML, like Gecko) Chrome/60.0.3112.116 Mobile Safari/537.36"
93.82.121.86 - - [17/Sep/2017:08:33:54 +0200] "GET /javascript/jquery.simplemodal.js HTTP/1.1" 200 3070 "http://www.easydrivers.at/" "Mozilla/5.0 (Linux; Android 7.0; SM-G950F Build/NRD90M) AppleWebKit/537.36 (KHTML, like Gecko) Chrome/60.0.3112.116 Mobile Safari/537.36"
93.82.121.86 - - [17/Sep/2017:08:33:55 +0200] "GET /javascript/mobile-homesearch.js HTTP/1.1" 200 340 "http://www.easydrivers.at/" "Mozilla/5.0 (Linux; Android 7.0; SM-G950F Build/NRD90M) AppleWebKit/537.36 (KHTML, like Gecko) Chrome/60.0.3112.116 Mobile Safari/537.36"
93.82.121.86 - - [17/Sep/2017:08:33:55 +0200] "GET /javascript/lazyload.js HTTP/1.1" 200 1170 "http://www.easydrivers.at/" "Mozilla/5.0 (Linux; Android 7.0; SM-G950F Build/NRD90M) AppleWebKit/537.36 (KHTML, like Gecko) Chrome/60.0.3112.116 Mobile Safari/537.36"
93.82.121.86 - - [17/Sep/2017:08:33:55 +0200] "GET /img/mobile/easydrivers-logo-mobile.png HTTP/1.1" 200 10766 "http://www.easydrivers.at/" "Mozilla/5.0 (Linux; Android 7.0; SM-G950F Build/NRD90M) AppleWebKit/537.36 (KHTML, like Gecko) Chrome/60.0.3112.116 Mobile Safari/537.36"
93.82.121.86 - - [17/Sep/2017:08:33:55 +0200] "GET /img/mobile/menu-button.png HTTP/1.1" 200 1746 "http://www.easydrivers.at/" "Mozilla/5.0 (Linux; Android 7.0; SM-G950F Build/NRD90M) AppleWebKit/537.36 (KHTML, like Gecko) Chrome/60.0.3112.116 Mobile Safari/537.36"
93.82.121.86 - - [17/Sep/2017:08:33:55 +0200] "GET /img/mobile/close-button.png HTTP/1.1" 200 2411 "http://www.easydrivers.at/" "Mozilla/5.0 (Linux; Android 7.0; SM-G950F Build/NRD90M) AppleWebKit/537.36 (KHTML, like Gecko) Chrome/60.0.3112.116 Mobile Safari/537.36"
93.82.121.86 - - [17/Sep/2017:08:33:55 +0200] "GET /img/mobile/facebook-icon.png HTTP/1.1" 200 1902 "http://www.easydrivers.at/" "Mozilla/5.0 (Linux; Android 7.0; SM-G950F Build/NRD90M) AppleWebKit/537.36 (KHTML, like Gecko) Chrome/60.0.3112.116 Mobile Safari/537.36"
93.82.121.86 - - [17/Sep/2017:08:33:55 +0200] "GET /img/mobile/widget-icon-app.png HTTP/1.1" 200 3458 "http://www.easydrivers.at/" "Mozilla/5.0 (Linux; Android 7.0; SM-G950F Build/NRD90M) AppleWebKit/537.36 (KHTML, like Gecko) Chrome/60.0.3112.116 Mobile Safari/537.36"
93.82.121.86 - - [17/Sep/2017:08:33:55 +0200] "GET /img/mobile/bg-header.jpg HTTP/1.1" 200 19741 "http://www.easydrivers.at/css/mobile.css" "Mozilla/5.0 (Linux; Android 7.0; SM-G950F Build/NRD90M) AppleWebKit/537.36 (KHTML, like Gecko) Chrome/60.0.3112.116 Mobile Safari/537.36"
93.82.121.86 - - [17/Sep/2017:08:33:55 +0200] "GET /img/mobile/bg-top-section.jpg HTTP/1.1" 200 21711 "http://www.easydrivers.at/css/mobile.css" "Mozilla/5.0 (Linux; Android 7.0; SM-G950F Build/NRD90M) AppleWebKit/537.36 (KHTML, like Gecko) Chrome/60.0.3112.116 Mobile Safari/537.36"
93.82.121.86 - - [17/Sep/2017:08:33:55 +0200] "GET /img/mobile/pfeil-rechts.png HTTP/1.1" 200 1228 "http://www.easydrivers.at/css/mobile.css" "Mozilla/5.0 (Linux; Android 7.0; SM-G950F Build/NRD90M) AppleWebKit/537.36 (KHTML, like Gecko) Chrome/60.0.3112.116 Mobile Safari/537.36"
93.82.121.86 - - [17/Sep/2017:08:33:55 +0200] "GET /img/mobile/bg-menu.jpg HTTP/1.1" 200 1698 "http://www.easydrivers.at/css/mobile.css" "Mozilla/5.0 (Linux; Android 7.0; SM-G950F Build/NRD90M) AppleWebKit/537.36 (KHTML, like Gecko) Chrome/60.0.3112.116 Mobile Safari/537.36"
88.117.29.43 - - [17/Sep/2017:08:33:55 +0200] "GET /javascript/mobile-menu.js HTTP/1.1" 200 1634 "-" "Mozilla/5.0 (Linux; Android 4.1.2; LT26i Build/6.2.B.1.96) AppleWebKit/537.36 (KHTML, like Gecko) Chrome/56.0.2924.87 Mobile Safari/537.36"
88.117.29.43 - - [17/Sep/2017:08:33:55 +0200] "GET /img/mobile/bg-header.jpg HTTP/1.1" 200 19741 "-" "Mozilla/5.0 (Linux; Android 4.1.2; LT26i Build/6.2.B.1.96) AppleWebKit/537.36 (KHTML, like Gecko) Chrome/56.0.2924.87 Mobile Safari/537.36"
88.117.29.43 - - [17/Sep/2017:08:33:55 +0200] "GET /img/mobile/menu-button.png HTTP/1.1" 200 1746 "-" "Mozilla/5.0 (Linux; Android 4.1.2; LT26i Build/6.2.B.1.96) AppleWebKit/537.36 (KHTML, like Gecko) Chrome/56.0.2924.87 Mobile Safari/537.36"
88.117.29.43 - - [17/Sep/2017:08:33:56 +0200] "GET /img/mobile/facebook-icon.png HTTP/1.1" 200 1902 "-" "Mozilla/5.0 (Linux; Android 4.1.2; LT26i Build/6.2.B.1.96) AppleWebKit/537.36 (KHTML, like Gecko) Chrome/56.0.2924.87 Mobile Safari/537.36"
88.117.29.43 - - [17/Sep/2017:08:33:56 +0200] "GET /css/mobile.css HTTP/1.1" 200 2852 "-" "Mozilla/5.0 (Linux; Android 4.1.2; LT26i Build/6.2.B.1.96) AppleWebKit/537.36 (KHTML, like Gecko) Chrome/56.0.2924.87 Mobile Safari/537.36"
88.117.29.43 - - [17/Sep/2017:08:33:56 +0200] "GET /img/mobile/close-button.png HTTP/1.1" 200 2411 "-" "Mozilla/5.0 (Linux; Android 4.1.2; LT26i Build/6.2.B.1.96) AppleWebKit/537.36 (KHTML, like Gecko) Chrome/56.0.2924.87 Mobile Safari/537.36"
88.117.29.43 - - [17/Sep/2017:08:33:56 +0200] "GET /img/mobile/easydrivers-logo-mobile.png HTTP/1.1" 200 10766 "-" "Mozilla/5.0 (Linux; Android 4.1.2; LT26i Build/6.2.B.1.96) AppleWebKit/537.36 (KHTML, like Gecko) Chrome/56.0.2924.87 Mobile Safari/537.36"
88.117.29.43 - - [17/Sep/2017:08:33:56 +0200] "GET /javascript/jquery-1.9.1.min.js HTTP/1.1" 200 32731 "-" "Mozilla/5.0 (Linux; Android 4.1.2; LT26i Build/6.2.B.1.96) AppleWebKit/537.36 (KHTML, like Gecko) Chrome/56.0.2924.87 Mobile Safari/537.36"
93.82.121.86 - - [17/Sep/2017:08:33:56 +0200] "GET /img/favicon.ico HTTP/1.1" 404 300 "http://www.easydrivers.at/" "Mozilla/5.0 (Linux; Android 7.0; SM-G950F Build/NRD90M) AppleWebKit/537.36 (KHTML, like Gecko) Chrome/60.0.3112.116 Mobile Safari/537.36"
88.117.29.43 - - [17/Sep/2017:08:33:56 +0200] "GET /img/smallicon-phone.png HTTP/1.1" 200 3056 "-" "Mozilla/5.0 (Linux; Android 4.1.2; LT26i Build/6.2.B.1.96) AppleWebKit/537.36 (KHTML, like Gecko) Chrome/56.0.2924.87 Mobile Safari/537.36"
88.117.29.43 - - [17/Sep/2017:08:33:56 +0200] "GET /img/smallicon-mail.png HTTP/1.1" 200 1341 "-" "Mozilla/5.0 (Linux; Android 4.1.2; LT26i Build/6.2.B.1.96) AppleWebKit/537.36 (KHTML, like Gecko) Chrome/56.0.2924.87 Mobile Safari/537.36"
88.117.29.43 - - [17/Sep/2017:08:33:56 +0200] "GET /img/smallicon-address.png HTTP/1.1" 200 1211 "-" "Mozilla/5.0 (Linux; Android 4.1.2; LT26i Build/6.2.B.1.96) AppleWebKit/537.36 (KHTML, like Gecko) Chrome/56.0.2924.87 Mobile Safari/537.36"
88.117.29.43 - - [17/Sep/2017:08:33:56 +0200] "GET /img/smallicon-time.png HTTP/1.1" 200 1262 "-" "Mozilla/5.0 (Linux; Android 4.1.2; LT26i Build/6.2.B.1.96) AppleWebKit/537.36 (KHTML, like Gecko) Chrome/56.0.2924.87 Mobile Safari/537.36"
88.117.29.43 - - [17/Sep/2017:08:33:56 +0200] "GET /img/mobile/googlemaps-pin.png HTTP/1.1" 200 1597 "-" "Mozilla/5.0 (Linux; Android 4.1.2; LT26i Build/6.2.B.1.96) AppleWebKit/537.36 (KHTML, like Gecko) Chrome/56.0.2924.87 Mobile Safari/537.36"
88.117.29.43 - - [17/Sep/2017:08:33:56 +0200] "GET /img/mobile/bg-top-section.jpg HTTP/1.1" 200 21711 "-" "Mozilla/5.0 (Linux; Android 4.1.2; LT26i Build/6.2.B.1.96) AppleWebKit/537.36 (KHTML, like Gecko) Chrome/56.0.2924.87 Mobile Safari/537.36"
88.117.29.43 - - [17/Sep/2017:08:33:57 +0200] "GET /img/mobile/info-button.png HTTP/1.1" 200 1549 "-" "Mozilla/5.0 (Linux; Android 4.1.2; LT26i Build/6.2.B.1.96) AppleWebKit/537.36 (KHTML, like Gecko) Chrome/56.0.2924.87 Mobile Safari/537.36"
178.189.208.64 - - [17/Sep/2017:08:33:56 +0200] "GET / HTTP/1.1" 200 4409 "-" "Mozilla/5.0 (Windows NT 10.0; rv:55.0) Gecko/20100101 Firefox/55.0"
88.117.29.43 - - [17/Sep/2017:08:33:58 +0200] "GET /img/mobile/info-close-button.png HTTP/1.1" 200 1721 "-" "Mozilla/5.0 (Linux; Android 4.1.2; LT26i Build/6.2.B.1.96) AppleWebKit/537.36 (KHTML, like Gecko) Chrome/56.0.2924.87 Mobile Safari/537.36"
88.117.29.43 - - [17/Sep/2017:08:33:58 +0200] "GET /javascript/mobile-fahrschule.js HTTP/1.1" 200 328 "-" "Mozilla/5.0 (Linux; Android 4.1.2; LT26i Build/6.2.B.1.96) AppleWebKit/537.36 (KHTML, like Gecko) Chrome/56.0.2924.87 Mobile Safari/537.36"
88.117.29.43 - - [17/Sep/2017:08:33:59 +0200] "GET /img/smallicon-person.png HTTP/1.1" 200 1141 "-" "Mozilla/5.0 (Linux; Android 4.1.2; LT26i Build/6.2.B.1.96) AppleWebKit/537.36 (KHTML, like Gecko) Chrome/56.0.2924.87 Mobile Safari/537.36"
88.117.29.43 - - [17/Sep/2017:08:34:00 +0200] "GET /img/facebook-icon.png HTTP/1.1" 200 1506 "-" "Mozilla/5.0 (Linux; Android 4.1.2; LT26i Build/6.2.B.1.96) AppleWebKit/537.36 (KHTML, like Gecko) Chrome/56.0.2924.87 Mobile Safari/537.36"
88.117.29.43 - - [17/Sep/2017:08:34:00 +0200] "GET /css/style.css HTTP/1.1" 200 5004 "-" "Mozilla/5.0 (Linux; Android 4.1.2; LT26i Build/6.2.B.1.96) AppleWebKit/537.36 (KHTML, like Gecko) Chrome/56.0.2924.87 Mobile Safari/537.36"
88.117.29.43 - - [17/Sep/2017:08:34:00 +0200] "GET /img/kursicon-share-pink.png HTTP/1.1" 200 1277 "-" "Mozilla/5.0 (Linux; Android 4.1.2; LT26i Build/6.2.B.1.96) AppleWebKit/537.36 (KHTML, like Gecko) Chrome/56.0.2924.87 Mobile Safari/537.36"
88.117.29.43 - - [17/Sep/2017:08:34:00 +0200] "GET /img/kursicon-phone-pink.png HTTP/1.1" 200 1286 "-" "Mozilla/5.0 (Linux; Android 4.1.2; LT26i Build/6.2.B.1.96) AppleWebKit/537.36 (KHTML, like Gecko) Chrome/56.0.2924.87 Mobile Safari/537.36"
88.117.29.43 - - [17/Sep/2017:08:34:00 +0200] "GET /img/schweiz-icon.png HTTP/1.1" 200 1504 "-" "Mozilla/5.0 (Linux; Android 4.1.2; LT26i Build/6.2.B.1.96) AppleWebKit/537.36 (KHTML, like Gecko) Chrome/56.0.2924.87 Mobile Safari/537.36"
