66.249.76.76 - - [17/Oct/2017:05:16:27 +0200] "GET /uploads/pdfs/innsbruck/10258742_B-L.pdf HTTP/1.1" 301 322 "-" "Mozilla/5.0 (compatible; Googlebot/2.1; +http://www.google.com/bot.html)"
66.249.76.80 - - [17/Oct/2017:05:16:27 +0200] "GET /uploads/pdfs/innsbruck/10258742_B-L.pdf HTTP/1.1" 200 32469 "-" "Mozilla/5.0 (compatible; Googlebot/2.1; +http://www.google.com/bot.html)"
66.249.76.78 - - [17/Oct/2017:05:17:20 +0200] "GET /am.spitz/10281204?FS=BCE HTTP/1.1" 301 312 "-" "Mozilla/5.0 (compatible; Googlebot/2.1; +http://www.google.com/bot.html)"
66.249.76.80 - - [17/Oct/2017:05:17:21 +0200] "GET /am.spitz/10281204?FS=BCE HTTP/1.1" 410 3380 "-" "Mozilla/5.0 (compatible; Googlebot/2.1; +http://www.google.com/bot.html)"
66.249.76.76 - - [17/Oct/2017:05:18:14 +0200] "GET /uploads/pdfs/brigittenau/10280874_BBE.pdf HTTP/1.1" 301 322 "-" "Mozilla/5.0 (compatible; Googlebot/2.1; +http://www.google.com/bot.html)"
66.249.76.80 - - [17/Oct/2017:05:18:15 +0200] "GET /uploads/pdfs/brigittenau/10280874_BBE.pdf HTTP/1.1" 200 29968 "-" "Mozilla/5.0 (compatible; Googlebot/2.1; +http://www.google.com/bot.html)"
207.46.13.48 - - [17/Oct/2017:05:19:02 +0200] "GET /binaries/10251007.jpg HTTP/1.1" 301 309 "-" "Mozilla/5.0 (compatible; bingbot/2.0; +http://www.bing.com/bingbot.htm)"
207.46.13.48 - - [17/Oct/2017:05:19:03 +0200] "GET /binaries/10251007.jpg HTTP/1.1" 200 36211 "-" "Mozilla/5.0 (compatible; bingbot/2.0; +http://www.bing.com/bingbot.htm)"
66.249.76.74 - - [17/Oct/2017:05:19:08 +0200] "GET /uploads/pdfs/am.spitz/10269919_CCE95.pdf HTTP/1.1" 301 322 "-" "Mozilla/5.0 (compatible; Googlebot/2.1; +http://www.google.com/bot.html)"
66.249.76.82 - - [17/Oct/2017:05:19:08 +0200] "GET /uploads/pdfs/am.spitz/10269919_CCE95.pdf HTTP/1.1" 200 29188 "-" "Mozilla/5.0 (compatible; Googlebot/2.1; +http://www.google.com/bot.html)"
79.196.233.72 - - [17/Oct/2017:05:19:13 +0200] "GET /wieselburg HTTP/1.1" 200 3467 "-" "Mozilla/5.0 (Windows; U; Windows NT 6.0; de; rv:1.9.2.3) Gecko/20100401 Firefox/3.6.3 ( .NET CLR 3.5.30729)"
207.46.13.69 - - [17/Oct/2017:05:19:39 +0200] "GET / HTTP/1.1" 301 304 "-" "Mozilla/5.0 (compatible; bingbot/2.0; +http://www.bing.com/bingbot.htm)"
207.46.13.120 - - [17/Oct/2017:05:19:46 +0200] "GET /binaries/easy-drivers-steyr/antrag-ausbildungsfahrtenpdf.pdf HTTP/1.1" 301 330 "-" "Mozilla/5.0 (compatible; bingbot/2.0; +http://www.bing.com/bingbot.htm)"
66.249.76.76 - - [17/Oct/2017:05:20:01 +0200] "GET /uploads/pdfs/dornbirn/10267907_BBE.pdf HTTP/1.1" 301 320 "-" "Mozilla/5.0 (compatible; Googlebot/2.1; +http://www.google.com/bot.html)"
66.249.66.80 - - [17/Oct/2017:05:20:02 +0200] "GET /uploads/pdfs/dornbirn/10267907_BBE.pdf HTTP/1.1" 200 31486 "-" "Mozilla/5.0 (compatible; Googlebot/2.1; +http://www.google.com/bot.html)"
79.196.233.72 - - [17/Oct/2017:05:20:13 +0200] "GET /easy_drivers_st._peterau HTTP/1.1" 301 304 "-" "Mozilla/5.0 (Windows; U; Windows NT 6.0; de; rv:1.9.2.3) Gecko/20100401 Firefox/3.6.3 ( .NET CLR 3.5.30729)"
66.249.76.74 - - [17/Oct/2017:05:20:55 +0200] "GET /uploads/pdfs/poechlarn/10259231_B.pdf HTTP/1.1" 301 318 "-" "Mozilla/5.0 (compatible; Googlebot/2.1; +http://www.google.com/bot.html)"
66.249.76.80 - - [17/Oct/2017:05:20:56 +0200] "GET /uploads/pdfs/poechlarn/10259231_B.pdf HTTP/1.1" 200 29540 "-" "Mozilla/5.0 (compatible; Googlebot/2.1; +http://www.google.com/bot.html)"
213.225.0.142 - - [17/Oct/2017:05:21:36 +0200] "GET /hartberg HTTP/1.1" 301 299 "https://www.google.at/" "Mozilla/5.0 (iPhone; CPU iPhone OS 11_0_2 like Mac OS X) AppleWebKit/604.1.38 (KHTML, like Gecko) Version/11.0 Mobile/15A421 Safari/604.1"
213.225.0.142 - - [17/Oct/2017:05:21:36 +0200] "GET /hartberg HTTP/1.1" 200 2928 "https://www.google.at/" "Mozilla/5.0 (iPhone; CPU iPhone OS 11_0_2 like Mac OS X) AppleWebKit/604.1.38 (KHTML, like Gecko) Version/11.0 Mobile/15A421 Safari/604.1"
213.225.0.142 - - [17/Oct/2017:05:21:38 +0200] "GET /javascript/jquery.cookie.js HTTP/1.1" 200 863 "https://www.easydrivers.at/hartberg" "Mozilla/5.0 (iPhone; CPU iPhone OS 11_0_2 like Mac OS X) AppleWebKit/604.1.38 (KHTML, like Gecko) Version/11.0 Mobile/15A421 Safari/604.1"
213.225.0.142 - - [17/Oct/2017:05:21:38 +0200] "GET /javascript/mobile-menu.js HTTP/1.1" 200 1634 "https://www.easydrivers.at/hartberg" "Mozilla/5.0 (iPhone; CPU iPhone OS 11_0_2 like Mac OS X) AppleWebKit/604.1.38 (KHTML, like Gecko) Version/11.0 Mobile/15A421 Safari/604.1"
213.225.0.142 - - [17/Oct/2017:05:21:38 +0200] "GET /css/mobile.css HTTP/1.1" 200 2852 "https://www.easydrivers.at/hartberg" "Mozilla/5.0 (iPhone; CPU iPhone OS 11_0_2 like Mac OS X) AppleWebKit/604.1.38 (KHTML, like Gecko) Version/11.0 Mobile/15A421 Safari/604.1"
213.225.0.142 - - [17/Oct/2017:05:21:38 +0200] "GET /javascript/jquery-1.9.1.min.js HTTP/1.1" 200 32731 "https://www.easydrivers.at/hartberg" "Mozilla/5.0 (iPhone; CPU iPhone OS 11_0_2 like Mac OS X) AppleWebKit/604.1.38 (KHTML, like Gecko) Version/11.0 Mobile/15A421 Safari/604.1"
213.225.0.142 - - [17/Oct/2017:05:21:38 +0200] "GET /javascript/lazyload.js HTTP/1.1" 200 1170 "https://www.easydrivers.at/hartberg" "Mozilla/5.0 (iPhone; CPU iPhone OS 11_0_2 like Mac OS X) AppleWebKit/604.1.38 (KHTML, like Gecko) Version/11.0 Mobile/15A421 Safari/604.1"
213.225.0.142 - - [17/Oct/2017:05:21:38 +0200] "GET /javascript/jquery.simplemodal.js HTTP/1.1" 200 3070 "https://www.easydrivers.at/hartberg" "Mozilla/5.0 (iPhone; CPU iPhone OS 11_0_2 like Mac OS X) AppleWebKit/604.1.38 (KHTML, like Gecko) Version/11.0 Mobile/15A421 Safari/604.1"
213.225.0.142 - - [17/Oct/2017:05:21:38 +0200] "GET /javascript/mobile-fahrschule.js HTTP/1.1" 200 328 "https://www.easydrivers.at/hartberg" "Mozilla/5.0 (iPhone; CPU iPhone OS 11_0_2 like Mac OS X) AppleWebKit/604.1.38 (KHTML, like Gecko) Version/11.0 Mobile/15A421 Safari/604.1"
213.225.0.142 - - [17/Oct/2017:05:21:38 +0200] "GET /img/mobile/easydrivers-logo-mobile.png HTTP/1.1" 200 10766 "https://www.easydrivers.at/hartberg" "Mozilla/5.0 (iPhone; CPU iPhone OS 11_0_2 like Mac OS X) AppleWebKit/604.1.38 (KHTML, like Gecko) Version/11.0 Mobile/15A421 Safari/604.1"
213.225.0.142 - - [17/Oct/2017:05:21:38 +0200] "GET /img/mobile/menu-button.png HTTP/1.1" 200 1746 "https://www.easydrivers.at/hartberg" "Mozilla/5.0 (iPhone; CPU iPhone OS 11_0_2 like Mac OS X) AppleWebKit/604.1.38 (KHTML, like Gecko) Version/11.0 Mobile/15A421 Safari/604.1"
213.225.0.142 - - [17/Oct/2017:05:21:38 +0200] "GET /img/mobile/close-button.png HTTP/1.1" 200 2411 "https://www.easydrivers.at/hartberg" "Mozilla/5.0 (iPhone; CPU iPhone OS 11_0_2 like Mac OS X) AppleWebKit/604.1.38 (KHTML, like Gecko) Version/11.0 Mobile/15A421 Safari/604.1"
213.225.0.142 - - [17/Oct/2017:05:21:39 +0200] "GET /img/mobile/facebook-icon.png HTTP/1.1" 200 1902 "https://www.easydrivers.at/hartberg" "Mozilla/5.0 (iPhone; CPU iPhone OS 11_0_2 like Mac OS X) AppleWebKit/604.1.38 (KHTML, like Gecko) Version/11.0 Mobile/15A421 Safari/604.1"
213.225.0.142 - - [17/Oct/2017:05:21:39 +0200] "GET /img/mobile/info-button.png HTTP/1.1" 200 1549 "https://www.easydrivers.at/hartberg" "Mozilla/5.0 (iPhone; CPU iPhone OS 11_0_2 like Mac OS X) AppleWebKit/604.1.38 (KHTML, like Gecko) Version/11.0 Mobile/15A421 Safari/604.1"
213.225.0.142 - - [17/Oct/2017:05:21:39 +0200] "GET /img/smallicon-person.png HTTP/1.1" 200 1141 "https://www.easydrivers.at/hartberg" "Mozilla/5.0 (iPhone; CPU iPhone OS 11_0_2 like Mac OS X) AppleWebKit/604.1.38 (KHTML, like Gecko) Version/11.0 Mobile/15A421 Safari/604.1"
213.225.0.142 - - [17/Oct/2017:05:21:39 +0200] "GET /img/mobile/info-close-button.png HTTP/1.1" 200 1721 "https://www.easydrivers.at/hartberg" "Mozilla/5.0 (iPhone; CPU iPhone OS 11_0_2 like Mac OS X) AppleWebKit/604.1.38 (KHTML, like Gecko) Version/11.0 Mobile/15A421 Safari/604.1"
213.225.0.142 - - [17/Oct/2017:05:21:39 +0200] "GET /img/smallicon-address.png HTTP/1.1" 200 1211 "https://www.easydrivers.at/hartberg" "Mozilla/5.0 (iPhone; CPU iPhone OS 11_0_2 like Mac OS X) AppleWebKit/604.1.38 (KHTML, like Gecko) Version/11.0 Mobile/15A421 Safari/604.1"
213.225.0.142 - - [17/Oct/2017:05:21:39 +0200] "GET /img/mobile/googlemaps-pin.png HTTP/1.1" 200 1597 "https://www.easydrivers.at/hartberg" "Mozilla/5.0 (iPhone; CPU iPhone OS 11_0_2 like Mac OS X) AppleWebKit/604.1.38 (KHTML, like Gecko) Version/11.0 Mobile/15A421 Safari/604.1"
213.225.0.142 - - [17/Oct/2017:05:21:39 +0200] "GET /img/smallicon-time.png HTTP/1.1" 200 1262 "https://www.easydrivers.at/hartberg" "Mozilla/5.0 (iPhone; CPU iPhone OS 11_0_2 like Mac OS X) AppleWebKit/604.1.38 (KHTML, like Gecko) Version/11.0 Mobile/15A421 Safari/604.1"
213.225.0.142 - - [17/Oct/2017:05:21:39 +0200] "GET /img/smallicon-phone.png HTTP/1.1" 200 3056 "https://www.easydrivers.at/hartberg" "Mozilla/5.0 (iPhone; CPU iPhone OS 11_0_2 like Mac OS X) AppleWebKit/604.1.38 (KHTML, like Gecko) Version/11.0 Mobile/15A421 Safari/604.1"
213.225.0.142 - - [17/Oct/2017:05:21:39 +0200] "GET /img/smallicon-mail.png HTTP/1.1" 200 1341 "https://www.easydrivers.at/hartberg" "Mozilla/5.0 (iPhone; CPU iPhone OS 11_0_2 like Mac OS X) AppleWebKit/604.1.38 (KHTML, like Gecko) Version/11.0 Mobile/15A421 Safari/604.1"
213.225.0.142 - - [17/Oct/2017:05:21:39 +0200] "GET /img/mobile/widget-icon-app.png HTTP/1.1" 200 3458 "https://www.easydrivers.at/hartberg" "Mozilla/5.0 (iPhone; CPU iPhone OS 11_0_2 like Mac OS X) AppleWebKit/604.1.38 (KHTML, like Gecko) Version/11.0 Mobile/15A421 Safari/604.1"
213.225.0.142 - - [17/Oct/2017:05:21:39 +0200] "GET /img/mobile/bg-header.jpg HTTP/1.1" 200 19741 "https://www.easydrivers.at/hartberg" "Mozilla/5.0 (iPhone; CPU iPhone OS 11_0_2 like Mac OS X) AppleWebKit/604.1.38 (KHTML, like Gecko) Version/11.0 Mobile/15A421 Safari/604.1"
213.225.0.142 - - [17/Oct/2017:05:21:39 +0200] "GET /img/mobile/bg-top-section.jpg HTTP/1.1" 200 21711 "https://www.easydrivers.at/hartberg" "Mozilla/5.0 (iPhone; CPU iPhone OS 11_0_2 like Mac OS X) AppleWebKit/604.1.38 (KHTML, like Gecko) Version/11.0 Mobile/15A421 Safari/604.1"
213.225.0.142 - - [17/Oct/2017:05:21:39 +0200] "GET /img/mobile/bg-menu.jpg HTTP/1.1" 200 1698 "https://www.easydrivers.at/hartberg" "Mozilla/5.0 (iPhone; CPU iPhone OS 11_0_2 like Mac OS X) AppleWebKit/604.1.38 (KHTML, like Gecko) Version/11.0 Mobile/15A421 Safari/604.1"
213.225.0.142 - - [17/Oct/2017:05:21:39 +0200] "GET /img/mobile/pfeil-rechts.png HTTP/1.1" 200 1228 "https://www.easydrivers.at/hartberg" "Mozilla/5.0 (iPhone; CPU iPhone OS 11_0_2 like Mac OS X) AppleWebKit/604.1.38 (KHTML, like Gecko) Version/11.0 Mobile/15A421 Safari/604.1"
66.249.76.74 - - [17/Oct/2017:05:21:49 +0200] "GET /waidhofen.ybbs/10265803?FS=A2B HTTP/1.1" 301 316 "-" "Mozilla/5.0 (compatible; Googlebot/2.1; +http://www.google.com/bot.html)"
66.249.76.82 - - [17/Oct/2017:05:21:49 +0200] "GET /waidhofen.ybbs/10265803?FS=A2B HTTP/1.1" 200 6119 "-" "Mozilla/5.0 (compatible; Googlebot/2.1; +http://www.google.com/bot.html)"
213.225.0.142 - - [17/Oct/2017:05:22:00 +0200] "GET /hartberg/driving HTTP/1.1" 200 3319 "https://www.easydrivers.at/hartberg" "Mozilla/5.0 (iPhone; CPU iPhone OS 11_0_2 like Mac OS X) AppleWebKit/604.1.38 (KHTML, like Gecko) Version/11.0 Mobile/15A421 Safari/604.1"
213.225.0.142 - - [17/Oct/2017:05:22:03 +0200] "GET /binaries/10245917.jpg HTTP/1.1" 200 125126 "https://www.easydrivers.at/hartberg/driving" "Mozilla/5.0 (iPhone; CPU iPhone OS 11_0_2 like Mac OS X) AppleWebKit/604.1.38 (KHTML, like Gecko) Version/11.0 Mobile/15A421 Safari/604.1"
213.225.0.142 - - [17/Oct/2017:05:22:03 +0200] "GET /binaries/10245915.jpg HTTP/1.1" 200 127810 "https://www.easydrivers.at/hartberg/driving" "Mozilla/5.0 (iPhone; CPU iPhone OS 11_0_2 like Mac OS X) AppleWebKit/604.1.38 (KHTML, like Gecko) Version/11.0 Mobile/15A421 Safari/604.1"
213.225.0.142 - - [17/Oct/2017:05:22:03 +0200] "GET /binaries/easy-drivers-martschitsch-hartberg/mini-gelb-black-14jpg.jpg HTTP/1.1" 200 201425 "https://www.easydrivers.at/hartberg/driving" "Mozilla/5.0 (iPhone; CPU iPhone OS 11_0_2 like Mac OS X) AppleWebKit/604.1.38 (KHTML, like Gecko) Version/11.0 Mobile/15A421 Safari/604.1"
213.225.0.142 - - [17/Oct/2017:05:22:03 +0200] "GET /binaries/easy-drivers-martschitsch-hartberg/bmw-1.jpg HTTP/1.1" 200 178978 "https://www.easydrivers.at/hartberg/driving" "Mozilla/5.0 (iPhone; CPU iPhone OS 11_0_2 like Mac OS X) AppleWebKit/604.1.38 (KHTML, like Gecko) Version/11.0 Mobile/15A421 Safari/604.1"
213.225.0.142 - - [17/Oct/2017:05:22:03 +0200] "GET /binaries/easy-drivers-martschitsch-hartberg/i8.jpg HTTP/1.1" 200 63808 "https://www.easydrivers.at/hartberg/driving" "Mozilla/5.0 (iPhone; CPU iPhone OS 11_0_2 like Mac OS X) AppleWebKit/604.1.38 (KHTML, like Gecko) Version/11.0 Mobile/15A421 Safari/604.1"
213.225.0.142 - - [17/Oct/2017:05:22:03 +0200] "GET /binaries/10250992.jpg HTTP/1.1" 200 10401 "https://www.easydrivers.at/hartberg/driving" "Mozilla/5.0 (iPhone; CPU iPhone OS 11_0_2 like Mac OS X) AppleWebKit/604.1.38 (KHTML, like Gecko) Version/11.0 Mobile/15A421 Safari/604.1"
213.225.0.142 - - [17/Oct/2017:05:22:03 +0200] "GET /binaries/10250947.jpg HTTP/1.1" 200 73604 "https://www.easydrivers.at/hartberg/driving" "Mozilla/5.0 (iPhone; CPU iPhone OS 11_0_2 like Mac OS X) AppleWebKit/604.1.38 (KHTML, like Gecko) Version/11.0 Mobile/15A421 Safari/604.1"
213.225.0.142 - - [17/Oct/2017:05:22:03 +0200] "GET /binaries/easy-drivers-martschitsch-hartberg/audi2013jpg.jpg HTTP/1.1" 200 111413 "https://www.easydrivers.at/hartberg/driving" "Mozilla/5.0 (iPhone; CPU iPhone OS 11_0_2 like Mac OS X) AppleWebKit/604.1.38 (KHTML, like Gecko) Version/11.0 Mobile/15A421 Safari/604.1"
213.225.0.142 - - [17/Oct/2017:05:22:03 +0200] "GET /binaries/easy-drivers-martschitsch-hartberg/md-2016-1jpg.jpg HTTP/1.1" 200 169749 "https://www.easydrivers.at/hartberg/driving" "Mozilla/5.0 (iPhone; CPU iPhone OS 11_0_2 like Mac OS X) AppleWebKit/604.1.38 (KHTML, like Gecko) Version/11.0 Mobile/15A421 Safari/604.1"
213.225.0.142 - - [17/Oct/2017:05:22:03 +0200] "GET /binaries/10250990.jpg HTTP/1.1" 200 32937 "https://www.easydrivers.at/hartberg/driving" "Mozilla/5.0 (iPhone; CPU iPhone OS 11_0_2 like Mac OS X) AppleWebKit/604.1.38 (KHTML, like Gecko) Version/11.0 Mobile/15A421 Safari/604.1"
213.225.0.142 - - [17/Oct/2017:05:22:03 +0200] "GET /binaries/10247815.jpg HTTP/1.1" 200 80938 "https://www.easydrivers.at/hartberg/driving" "Mozilla/5.0 (iPhone; CPU iPhone OS 11_0_2 like Mac OS X) AppleWebKit/604.1.38 (KHTML, like Gecko) Version/11.0 Mobile/15A421 Safari/604.1"
213.225.0.142 - - [17/Oct/2017:05:22:03 +0200] "GET /binaries/easy-drivers-martschitsch-hartberg/i3.jpg HTTP/1.1" 200 134483 "https://www.easydrivers.at/hartberg/driving" "Mozilla/5.0 (iPhone; CPU iPhone OS 11_0_2 like Mac OS X) AppleWebKit/604.1.38 (KHTML, like Gecko) Version/11.0 Mobile/15A421 Safari/604.1"
213.225.0.142 - - [17/Oct/2017:05:22:03 +0200] "GET /binaries/10245652.jpg HTTP/1.1" 200 114428 "https://www.easydrivers.at/hartberg/driving" "Mozilla/5.0 (iPhone; CPU iPhone OS 11_0_2 like Mac OS X) AppleWebKit/604.1.38 (KHTML, like Gecko) Version/11.0 Mobile/15A421 Safari/604.1"
213.225.0.142 - - [17/Oct/2017:05:22:03 +0200] "GET /binaries/10250909.jpg HTTP/1.1" 200 114586 "https://www.easydrivers.at/hartberg/driving" "Mozilla/5.0 (iPhone; CPU iPhone OS 11_0_2 like Mac OS X) AppleWebKit/604.1.38 (KHTML, like Gecko) Version/11.0 Mobile/15A421 Safari/604.1"
213.225.0.142 - - [17/Oct/2017:05:22:03 +0200] "GET /binaries/10250991.jpg HTTP/1.1" 200 246865 "https://www.easydrivers.at/hartberg/driving" "Mozilla/5.0 (iPhone; CPU iPhone OS 11_0_2 like Mac OS X) AppleWebKit/604.1.38 (KHTML, like Gecko) Version/11.0 Mobile/15A421 Safari/604.1"
213.225.0.142 - - [17/Oct/2017:05:22:03 +0200] "GET /binaries/10250916.jpg HTTP/1.1" 200 128380 "https://www.easydrivers.at/hartberg/driving" "Mozilla/5.0 (iPhone; CPU iPhone OS 11_0_2 like Mac OS X) AppleWebKit/604.1.38 (KHTML, like Gecko) Version/11.0 Mobile/15A421 Safari/604.1"
213.225.0.142 - - [17/Oct/2017:05:22:03 +0200] "GET /binaries/easy-drivers-martschitsch-hartberg/bmw-cabrio.jpg HTTP/1.1" 200 559262 "https://www.easydrivers.at/hartberg/driving" "Mozilla/5.0 (iPhone; CPU iPhone OS 11_0_2 like Mac OS X) AppleWebKit/604.1.38 (KHTML, like Gecko) Version/11.0 Mobile/15A421 Safari/604.1"
213.225.0.142 - - [17/Oct/2017:05:22:03 +0200] "GET /binaries/10245956.jpg HTTP/1.1" 200 83821 "https://www.easydrivers.at/hartberg/driving" "Mozilla/5.0 (iPhone; CPU iPhone OS 11_0_2 like Mac OS X) AppleWebKit/604.1.38 (KHTML, like Gecko) Version/11.0 Mobile/15A421 Safari/604.1"
213.225.0.142 - - [17/Oct/2017:05:22:03 +0200] "GET /binaries/10250921.jpg HTTP/1.1" 200 132610 "https://www.easydrivers.at/hartberg/driving" "Mozilla/5.0 (iPhone; CPU iPhone OS 11_0_2 like Mac OS X) AppleWebKit/604.1.38 (KHTML, like Gecko) Version/11.0 Mobile/15A421 Safari/604.1"
213.225.0.142 - - [17/Oct/2017:05:22:03 +0200] "GET /binaries/10250936.jpg HTTP/1.1" 200 177506 "https://www.easydrivers.at/hartberg/driving" "Mozilla/5.0 (iPhone; CPU iPhone OS 11_0_2 like Mac OS X) AppleWebKit/604.1.38 (KHTML, like Gecko) Version/11.0 Mobile/15A421 Safari/604.1"
213.225.0.142 - - [17/Oct/2017:05:22:04 +0200] "GET /binaries/10250964.jpg HTTP/1.1" 200 94416 "https://www.easydrivers.at/hartberg/driving" "Mozilla/5.0 (iPhone; CPU iPhone OS 11_0_2 like Mac OS X) AppleWebKit/604.1.38 (KHTML, like Gecko) Version/11.0 Mobile/15A421 Safari/604.1"
213.225.0.142 - - [17/Oct/2017:05:22:03 +0200] "GET /binaries/10250926.jpg HTTP/1.1" 200 149848 "https://www.easydrivers.at/hartberg/driving" "Mozilla/5.0 (iPhone; CPU iPhone OS 11_0_2 like Mac OS X) AppleWebKit/604.1.38 (KHTML, like Gecko) Version/11.0 Mobile/15A421 Safari/604.1"
213.225.0.142 - - [17/Oct/2017:05:22:03 +0200] "GET /binaries/10250937.jpg HTTP/1.1" 200 329044 "https://www.easydrivers.at/hartberg/driving" "Mozilla/5.0 (iPhone; CPU iPhone OS 11_0_2 like Mac OS X) AppleWebKit/604.1.38 (KHTML, like Gecko) Version/11.0 Mobile/15A421 Safari/604.1"
66.249.76.78 - - [17/Oct/2017:05:22:43 +0200] "GET /uploads/pdfs/neunkirchen/10275034_AM-M1.pdf HTTP/1.1" 301 323 "-" "Mozilla/5.0 (compatible; Googlebot/2.1; +http://www.google.com/bot.html)"
66.249.76.82 - - [17/Oct/2017:05:22:43 +0200] "GET /uploads/pdfs/neunkirchen/10275034_AM-M1.pdf HTTP/1.1" 200 30460 "-" "Mozilla/5.0 (compatible; Googlebot/2.1; +http://www.google.com/bot.html)"
216.244.66.249 - - [17/Oct/2017:05:23:14 +0200] "GET /leonding/10249896?FS=BC HTTP/1.1" 301 410 "-" "Mozilla/5.0 (compatible; DotBot/1.1; http://www.opensiteexplorer.org/dotbot, help@moz.com)"
216.244.66.249 - - [17/Oct/2017:05:23:15 +0200] "GET /leonding/10249899?FS=A1F HTTP/1.1" 301 411 "-" "Mozilla/5.0 (compatible; DotBot/1.1; http://www.opensiteexplorer.org/dotbot, help@moz.com)"
216.244.66.249 - - [17/Oct/2017:05:23:16 +0200] "GET /scheibbs/10249644?FS=A1 HTTP/1.1" 301 410 "-" "Mozilla/5.0 (compatible; DotBot/1.1; http://www.opensiteexplorer.org/dotbot, help@moz.com)"
216.244.66.249 - - [17/Oct/2017:05:23:18 +0200] "GET /scheibbs/10249668?FS=BE HTTP/1.1" 301 410 "-" "Mozilla/5.0 (compatible; DotBot/1.1; http://www.opensiteexplorer.org/dotbot, help@moz.com)"
216.244.66.249 - - [17/Oct/2017:05:23:19 +0200] "GET /bludenz/LKW-Kurs-CD-2014-10-06?FS=DD195-B HTTP/1.1" 301 428 "-" "Mozilla/5.0 (compatible; DotBot/1.1; http://www.opensiteexplorer.org/dotbot, help@moz.com)"
216.244.66.249 - - [17/Oct/2017:05:23:20 +0200] "GET /ennstal.schladming/kk_18.08.2014?FS=A1L17 HTTP/1.1" 301 428 "-" "Mozilla/5.0 (compatible; DotBot/1.1; http://www.opensiteexplorer.org/dotbot, help@moz.com)"
216.244.66.249 - - [17/Oct/2017:05:23:22 +0200] "GET /hartberg/10250462?FS=BL1796 HTTP/1.1" 301 414 "-" "Mozilla/5.0 (compatible; DotBot/1.1; http://www.opensiteexplorer.org/dotbot, help@moz.com)"
216.244.66.249 - - [17/Oct/2017:05:23:23 +0200] "GET /ennstal.schladming/kk_22.09.2014?FS=F-Plus HTTP/1.1" 301 429 "-" "Mozilla/5.0 (compatible; DotBot/1.1; http://www.opensiteexplorer.org/dotbot, help@moz.com)"
216.244.66.249 - - [17/Oct/2017:05:23:24 +0200] "GET /guessing/Mofa_Day/ HTTP/1.1" 301 405 "-" "Mozilla/5.0 (compatible; DotBot/1.1; http://www.opensiteexplorer.org/dotbot, help@moz.com)"
216.244.66.249 - - [17/Oct/2017:05:23:25 +0200] "GET /hartberg/10245683?FS=BBE HTTP/1.1" 301 411 "-" "Mozilla/5.0 (compatible; DotBot/1.1; http://www.opensiteexplorer.org/dotbot, help@moz.com)"
216.244.66.249 - - [17/Oct/2017:05:23:27 +0200] "GET /hartberg/10245693 HTTP/1.1" 301 404 "-" "Mozilla/5.0 (compatible; DotBot/1.1; http://www.opensiteexplorer.org/dotbot, help@moz.com)"
216.244.66.249 - - [17/Oct/2017:05:23:28 +0200] "GET /hartberg/10245697?FS=BBE HTTP/1.1" 301 411 "-" "Mozilla/5.0 (compatible; DotBot/1.1; http://www.opensiteexplorer.org/dotbot, help@moz.com)"
66.249.76.78 - - [17/Oct/2017:05:23:36 +0200] "GET /brigittenau/10281003?FS=AM HTTP/1.1" 301 313 "-" "Mozilla/5.0 (compatible; Googlebot/2.1; +http://www.google.com/bot.html)"
66.249.76.80 - - [17/Oct/2017:05:23:37 +0200] "GET /brigittenau/10281003?FS=AM HTTP/1.1" 410 3425 "-" "Mozilla/5.0 (compatible; Googlebot/2.1; +http://www.google.com/bot.html)"
213.225.0.142 - - [17/Oct/2017:05:23:46 +0200] "GET /hartberg HTTP/1.1" 200 2928 "https://www.google.at/" "Mozilla/5.0 (iPhone; CPU iPhone OS 11_0_2 like Mac OS X) AppleWebKit/604.1.38 (KHTML, like Gecko) Version/11.0 Mobile/15A421 Safari/604.1"
66.249.76.78 - - [17/Oct/2017:05:24:30 +0200] "GET /uploads/pdfs/eisenstadt/Weihnachtskurs_B-L17.pdf HTTP/1.1" 301 325 "-" "Mozilla/5.0 (compatible; Googlebot/2.1; +http://www.google.com/bot.html)"
66.249.76.84 - - [17/Oct/2017:05:24:31 +0200] "GET /uploads/pdfs/eisenstadt/Weihnachtskurs_B-L17.pdf HTTP/1.1" 200 36818 "-" "Mozilla/5.0 (compatible; Googlebot/2.1; +http://www.google.com/bot.html)"
66.249.76.76 - - [17/Oct/2017:05:25:24 +0200] "GET /spittelau/10281282?FS=A1L17 HTTP/1.1" 301 313 "-" "Mozilla/5.0 (compatible; Googlebot/2.1; +http://www.google.com/bot.html)"
66.249.76.82 - - [17/Oct/2017:05:25:24 +0200] "GET /spittelau/10281282?FS=A1L17 HTTP/1.1" 200 6619 "-" "Mozilla/5.0 (compatible; Googlebot/2.1; +http://www.google.com/bot.html)"
40.77.167.108 - - [17/Oct/2017:05:25:34 +0200] "GET /cache/emu/images/10255541/easy-1jpg_257_193_0.jpg HTTP/1.1" 301 328 "-" "Mozilla/5.0 (compatible; bingbot/2.0; +http://www.bing.com/bingbot.htm)"
207.46.13.48 - - [17/Oct/2017:05:25:42 +0200] "GET /binaries/10251120.jpg HTTP/1.1" 301 308 "-" "Mozilla/5.0 (compatible; bingbot/2.0; +http://www.bing.com/bingbot.htm)"
207.46.13.48 - - [17/Oct/2017:05:25:45 +0200] "GET /binaries/10251120.jpg HTTP/1.1" 200 177506 "-" "Mozilla/5.0 (compatible; bingbot/2.0; +http://www.bing.com/bingbot.htm)"
216.244.66.202 - - [17/Oct/2017:05:25:52 +0200] "GET /wr.neustadt/Inhaberdaten HTTP/1.1" 301 411 "-" "Mozilla/5.0 (compatible; DotBot/1.1; http://www.opensiteexplorer.org/dotbot, help@moz.com)"
79.196.233.72 - - [17/Oct/2017:05:25:54 +0200] "GET /leonding HTTP/1.1" 301 299 "-" "Mozilla/5.0 (Windows; U; Windows NT 6.0; de; rv:1.9.2.3) Gecko/20100401 Firefox/3.6.3 ( .NET CLR 3.5.30729)"
40.77.167.108 - - [17/Oct/2017:05:25:55 +0200] "GET /cache/emu/images/10255541/easy-1jpg_257_193_0.jpg HTTP/1.1" 200 6950 "-" "Mozilla/5.0 (compatible; bingbot/2.0; +http://www.bing.com/bingbot.htm)"
182.253.62.114 - - [17/Oct/2017:05:26:03 +0200] "GET /wp-login.php HTTP/1.1" 301 399 "-" "Mozilla/5.0 (Windows NT 6.1; WOW64; rv:40.0) Gecko/20100101 Firefox/40.1"
182.253.62.114 - - [17/Oct/2017:05:26:10 +0200] "GET /wp-login.php HTTP/1.1" 301 399 "-" "Mozilla/5.0 (Windows NT 6.1; WOW64; rv:40.0) Gecko/20100101 Firefox/40.1"
182.253.62.114 - - [17/Oct/2017:05:26:16 +0200] "GET / HTTP/1.1" 301 387 "-" "Mozilla/5.0 (Windows NT 6.1; WOW64; rv:40.0) Gecko/20100101 Firefox/40.1"
66.249.76.74 - - [17/Oct/2017:05:26:18 +0200] "GET /uploads/pdfs/retz/10259453_A2BF.pdf HTTP/1.1" 301 318 "-" "Mozilla/5.0 (compatible; Googlebot/2.1; +http://www.google.com/bot.html)"
66.249.76.84 - - [17/Oct/2017:05:26:18 +0200] "GET /uploads/pdfs/retz/10259453_A2BF.pdf HTTP/1.1" 200 31324 "-" "Mozilla/5.0 (compatible; Googlebot/2.1; +http://www.google.com/bot.html)"
213.240.123.6 - - [17/Oct/2017:05:26:48 +0200] "GET /wieselburg HTTP/1.1" 200 2905 "https://lm.facebook.com/l.php?u=https%3A%2F%2Fwww.easydrivers.at%2Fwieselburg&h=ATOwA8ndvM_i-06_HJt5zZXcQlxlPO-gldYDUXDuWYbuMcnNJWgzylv8557Fr0vm_wBEWdx1WVxebh1eZWB9eAknqBTWVzWfhBF5OT-sbzt2Q8YdA64aQALAbdhyaweQarvVzb-ZRIbQ9KjGRR2XF2UPjK5BxBefqOrhTeyebVE5Z9h8utC1KY-yMaVZKnk2mUpfdKiy-CgtSW92MYHv" "Mozilla/5.0 (Linux; Android 5.1.1; SM-G903F Build/LMY47X; wv) AppleWebKit/537.36 (KHTML, like Gecko) Version/4.0 Chrome/60.0.3112.116 Mobile Safari/537.36 [FB_IAB/MESSENGER;FBAV/136.0.0.8.90;]"
213.240.123.6 - - [17/Oct/2017:05:26:51 +0200] "GET /css/mobile.css HTTP/1.1" 200 2852 "https://www.easydrivers.at/wieselburg" "Mozilla/5.0 (Linux; Android 5.1.1; SM-G903F Build/LMY47X; wv) AppleWebKit/537.36 (KHTML, like Gecko) Version/4.0 Chrome/60.0.3112.116 Mobile Safari/537.36 [FB_IAB/MESSENGER;FBAV/136.0.0.8.90;]"
213.240.123.6 - - [17/Oct/2017:05:26:51 +0200] "GET /javascript/jquery.cookie.js HTTP/1.1" 200 863 "https://www.easydrivers.at/wieselburg" "Mozilla/5.0 (Linux; Android 5.1.1; SM-G903F Build/LMY47X; wv) AppleWebKit/537.36 (KHTML, like Gecko) Version/4.0 Chrome/60.0.3112.116 Mobile Safari/537.36 [FB_IAB/MESSENGER;FBAV/136.0.0.8.90;]"
213.240.123.6 - - [17/Oct/2017:05:26:51 +0200] "GET /javascript/jquery-1.9.1.min.js HTTP/1.1" 200 32731 "https://www.easydrivers.at/wieselburg" "Mozilla/5.0 (Linux; Android 5.1.1; SM-G903F Build/LMY47X; wv) AppleWebKit/537.36 (KHTML, like Gecko) Version/4.0 Chrome/60.0.3112.116 Mobile Safari/537.36 [FB_IAB/MESSENGER;FBAV/136.0.0.8.90;]"
213.240.123.6 - - [17/Oct/2017:05:26:51 +0200] "GET /javascript/mobile-menu.js HTTP/1.1" 200 1634 "https://www.easydrivers.at/wieselburg" "Mozilla/5.0 (Linux; Android 5.1.1; SM-G903F Build/LMY47X; wv) AppleWebKit/537.36 (KHTML, like Gecko) Version/4.0 Chrome/60.0.3112.116 Mobile Safari/537.36 [FB_IAB/MESSENGER;FBAV/136.0.0.8.90;]"
213.240.123.6 - - [17/Oct/2017:05:26:51 +0200] "GET /javascript/jquery.simplemodal.js HTTP/1.1" 200 3070 "https://www.easydrivers.at/wieselburg" "Mozilla/5.0 (Linux; Android 5.1.1; SM-G903F Build/LMY47X; wv) AppleWebKit/537.36 (KHTML, like Gecko) Version/4.0 Chrome/60.0.3112.116 Mobile Safari/537.36 [FB_IAB/MESSENGER;FBAV/136.0.0.8.90;]"
213.240.123.6 - - [17/Oct/2017:05:26:51 +0200] "GET /javascript/mobile-fahrschule.js HTTP/1.1" 200 328 "https://www.easydrivers.at/wieselburg" "Mozilla/5.0 (Linux; Android 5.1.1; SM-G903F Build/LMY47X; wv) AppleWebKit/537.36 (KHTML, like Gecko) Version/4.0 Chrome/60.0.3112.116 Mobile Safari/537.36 [FB_IAB/MESSENGER;FBAV/136.0.0.8.90;]"
213.240.123.6 - - [17/Oct/2017:05:26:51 +0200] "GET /javascript/lazyload.js HTTP/1.1" 200 1170 "https://www.easydrivers.at/wieselburg" "Mozilla/5.0 (Linux; Android 5.1.1; SM-G903F Build/LMY47X; wv) AppleWebKit/537.36 (KHTML, like Gecko) Version/4.0 Chrome/60.0.3112.116 Mobile Safari/537.36 [FB_IAB/MESSENGER;FBAV/136.0.0.8.90;]"
213.240.123.6 - - [17/Oct/2017:05:26:51 +0200] "GET /img/mobile/easydrivers-logo-mobile.png HTTP/1.1" 200 10766 "https://www.easydrivers.at/wieselburg" "Mozilla/5.0 (Linux; Android 5.1.1; SM-G903F Build/LMY47X; wv) AppleWebKit/537.36 (KHTML, like Gecko) Version/4.0 Chrome/60.0.3112.116 Mobile Safari/537.36 [FB_IAB/MESSENGER;FBAV/136.0.0.8.90;]"
213.240.123.6 - - [17/Oct/2017:05:26:52 +0200] "GET /img/mobile/menu-button.png HTTP/1.1" 200 1746 "https://www.easydrivers.at/wieselburg" "Mozilla/5.0 (Linux; Android 5.1.1; SM-G903F Build/LMY47X; wv) AppleWebKit/537.36 (KHTML, like Gecko) Version/4.0 Chrome/60.0.3112.116 Mobile Safari/537.36 [FB_IAB/MESSENGER;FBAV/136.0.0.8.90;]"
213.240.123.6 - - [17/Oct/2017:05:26:52 +0200] "GET /img/mobile/close-button.png HTTP/1.1" 200 2411 "https://www.easydrivers.at/wieselburg" "Mozilla/5.0 (Linux; Android 5.1.1; SM-G903F Build/LMY47X; wv) AppleWebKit/537.36 (KHTML, like Gecko) Version/4.0 Chrome/60.0.3112.116 Mobile Safari/537.36 [FB_IAB/MESSENGER;FBAV/136.0.0.8.90;]"
213.240.123.6 - - [17/Oct/2017:05:26:52 +0200] "GET /img/mobile/bg-top-section.jpg HTTP/1.1" 200 21711 "https://www.easydrivers.at/css/mobile.css" "Mozilla/5.0 (Linux; Android 5.1.1; SM-G903F Build/LMY47X; wv) AppleWebKit/537.36 (KHTML, like Gecko) Version/4.0 Chrome/60.0.3112.116 Mobile Safari/537.36 [FB_IAB/MESSENGER;FBAV/136.0.0.8.90;]"
213.240.123.6 - - [17/Oct/2017:05:26:52 +0200] "GET /img/mobile/bg-header.jpg HTTP/1.1" 200 19741 "https://www.easydrivers.at/css/mobile.css" "Mozilla/5.0 (Linux; Android 5.1.1; SM-G903F Build/LMY47X; wv) AppleWebKit/537.36 (KHTML, like Gecko) Version/4.0 Chrome/60.0.3112.116 Mobile Safari/537.36 [FB_IAB/MESSENGER;FBAV/136.0.0.8.90;]"
213.240.123.6 - - [17/Oct/2017:05:26:52 +0200] "GET /img/mobile/pfeil-rechts.png HTTP/1.1" 200 1228 "https://www.easydrivers.at/css/mobile.css" "Mozilla/5.0 (Linux; Android 5.1.1; SM-G903F Build/LMY47X; wv) AppleWebKit/537.36 (KHTML, like Gecko) Version/4.0 Chrome/60.0.3112.116 Mobile Safari/537.36 [FB_IAB/MESSENGER;FBAV/136.0.0.8.90;]"
213.240.123.6 - - [17/Oct/2017:05:26:52 +0200] "GET /img/mobile/facebook-icon.png HTTP/1.1" 200 1902 "https://www.easydrivers.at/wieselburg" "Mozilla/5.0 (Linux; Android 5.1.1; SM-G903F Build/LMY47X; wv) AppleWebKit/537.36 (KHTML, like Gecko) Version/4.0 Chrome/60.0.3112.116 Mobile Safari/537.36 [FB_IAB/MESSENGER;FBAV/136.0.0.8.90;]"
213.240.123.6 - - [17/Oct/2017:05:26:52 +0200] "GET /img/mobile/info-button.png HTTP/1.1" 200 1549 "https://www.easydrivers.at/wieselburg" "Mozilla/5.0 (Linux; Android 5.1.1; SM-G903F Build/LMY47X; wv) AppleWebKit/537.36 (KHTML, like Gecko) Version/4.0 Chrome/60.0.3112.116 Mobile Safari/537.36 [FB_IAB/MESSENGER;FBAV/136.0.0.8.90;]"
213.240.123.6 - - [17/Oct/2017:05:26:52 +0200] "GET /img/mobile/info-close-button.png HTTP/1.1" 200 1721 "https://www.easydrivers.at/wieselburg" "Mozilla/5.0 (Linux; Android 5.1.1; SM-G903F Build/LMY47X; wv) AppleWebKit/537.36 (KHTML, like Gecko) Version/4.0 Chrome/60.0.3112.116 Mobile Safari/537.36 [FB_IAB/MESSENGER;FBAV/136.0.0.8.90;]"
213.240.123.6 - - [17/Oct/2017:05:26:52 +0200] "GET /img/smallicon-person.png HTTP/1.1" 200 1141 "https://www.easydrivers.at/wieselburg" "Mozilla/5.0 (Linux; Android 5.1.1; SM-G903F Build/LMY47X; wv) AppleWebKit/537.36 (KHTML, like Gecko) Version/4.0 Chrome/60.0.3112.116 Mobile Safari/537.36 [FB_IAB/MESSENGER;FBAV/136.0.0.8.90;]"
213.240.123.6 - - [17/Oct/2017:05:26:52 +0200] "GET /img/smallicon-address.png HTTP/1.1" 200 1211 "https://www.easydrivers.at/wieselburg" "Mozilla/5.0 (Linux; Android 5.1.1; SM-G903F Build/LMY47X; wv) AppleWebKit/537.36 (KHTML, like Gecko) Version/4.0 Chrome/60.0.3112.116 Mobile Safari/537.36 [FB_IAB/MESSENGER;FBAV/136.0.0.8.90;]"
213.240.123.6 - - [17/Oct/2017:05:26:52 +0200] "GET /img/mobile/googlemaps-pin.png HTTP/1.1" 200 1597 "https://www.easydrivers.at/wieselburg" "Mozilla/5.0 (Linux; Android 5.1.1; SM-G903F Build/LMY47X; wv) AppleWebKit/537.36 (KHTML, like Gecko) Version/4.0 Chrome/60.0.3112.116 Mobile Safari/537.36 [FB_IAB/MESSENGER;FBAV/136.0.0.8.90;]"
213.240.123.6 - - [17/Oct/2017:05:26:52 +0200] "GET /img/smallicon-time.png HTTP/1.1" 200 1262 "https://www.easydrivers.at/wieselburg" "Mozilla/5.0 (Linux; Android 5.1.1; SM-G903F Build/LMY47X; wv) AppleWebKit/537.36 (KHTML, like Gecko) Version/4.0 Chrome/60.0.3112.116 Mobile Safari/537.36 [FB_IAB/MESSENGER;FBAV/136.0.0.8.90;]"
213.240.123.6 - - [17/Oct/2017:05:26:52 +0200] "GET /img/smallicon-phone.png HTTP/1.1" 200 3056 "https://www.easydrivers.at/wieselburg" "Mozilla/5.0 (Linux; Android 5.1.1; SM-G903F Build/LMY47X; wv) AppleWebKit/537.36 (KHTML, like Gecko) Version/4.0 Chrome/60.0.3112.116 Mobile Safari/537.36 [FB_IAB/MESSENGER;FBAV/136.0.0.8.90;]"
213.240.123.6 - - [17/Oct/2017:05:26:52 +0200] "GET /img/smallicon-mail.png HTTP/1.1" 200 1341 "https://www.easydrivers.at/wieselburg" "Mozilla/5.0 (Linux; Android 5.1.1; SM-G903F Build/LMY47X; wv) AppleWebKit/537.36 (KHTML, like Gecko) Version/4.0 Chrome/60.0.3112.116 Mobile Safari/537.36 [FB_IAB/MESSENGER;FBAV/136.0.0.8.90;]"
213.240.123.6 - - [17/Oct/2017:05:26:52 +0200] "GET /img/mobile/widget-icon-app.png HTTP/1.1" 200 3458 "https://www.easydrivers.at/wieselburg" "Mozilla/5.0 (Linux; Android 5.1.1; SM-G903F Build/LMY47X; wv) AppleWebKit/537.36 (KHTML, like Gecko) Version/4.0 Chrome/60.0.3112.116 Mobile Safari/537.36 [FB_IAB/MESSENGER;FBAV/136.0.0.8.90;]"
213.240.123.6 - - [17/Oct/2017:05:26:52 +0200] "GET /img/mobile/bg-menu.jpg HTTP/1.1" 200 1698 "https://www.easydrivers.at/css/mobile.css" "Mozilla/5.0 (Linux; Android 5.1.1; SM-G903F Build/LMY47X; wv) AppleWebKit/537.36 (KHTML, like Gecko) Version/4.0 Chrome/60.0.3112.116 Mobile Safari/537.36 [FB_IAB/MESSENGER;FBAV/136.0.0.8.90;]"
66.249.76.78 - - [17/Oct/2017:05:27:11 +0200] "GET /uploads/pdfs/jennersdorf/10275593_C.pdf HTTP/1.1" 301 320 "-" "Mozilla/5.0 (compatible; Googlebot/2.1; +http://www.google.com/bot.html)"
66.249.76.82 - - [17/Oct/2017:05:27:12 +0200] "GET /uploads/pdfs/jennersdorf/10275593_C.pdf HTTP/1.1" 200 27078 "-" "Mozilla/5.0 (compatible; Googlebot/2.1; +http://www.google.com/bot.html)"
216.244.66.202 - - [17/Oct/2017:05:28:01 +0200] "GET /tulln/ HTTP/1.1" 301 393 "-" "Mozilla/5.0 (compatible; DotBot/1.1; http://www.opensiteexplorer.org/dotbot, help@moz.com)"
66.249.76.74 - - [17/Oct/2017:05:28:05 +0200] "GET /uploads/pdfs/bruck.leitha/10279718_BE96.pdf HTTP/1.1" 301 325 "-" "Mozilla/5.0 (compatible; Googlebot/2.1; +http://www.google.com/bot.html)"
66.249.76.80 - - [17/Oct/2017:05:28:06 +0200] "GET /uploads/pdfs/bruck.leitha/10279718_BE96.pdf HTTP/1.1" 200 29872 "-" "Mozilla/5.0 (compatible; Googlebot/2.1; +http://www.google.com/bot.html)"
79.196.233.72 - - [17/Oct/2017:05:28:44 +0200] "GET /app HTTP/1.1" 200 2725 "-" "Mozilla/5.0 (Windows; U; Windows NT 6.0; de; rv:1.9.2.3) Gecko/20100401 Firefox/3.6.3 ( .NET CLR 3.5.30729)"
40.77.167.108 - - [17/Oct/2017:05:28:49 +0200] "GET /st.poelten HTTP/1.1" 301 300 "-" "Mozilla/5.0 (compatible; bingbot/2.0; +http://www.bing.com/bingbot.htm)"
66.249.76.74 - - [17/Oct/2017:05:28:59 +0200] "GET /uploads/pdfs/bludenz/Grundkurs-B-2015-08-18_B.pdf HTTP/1.1" 301 330 "-" "Mozilla/5.0 (compatible; Googlebot/2.1; +http://www.google.com/bot.html)"
66.249.76.82 - - [17/Oct/2017:05:28:59 +0200] "GET /uploads/pdfs/bludenz/Grundkurs-B-2015-08-18_B.pdf HTTP/1.1" 200 31209 "-" "Mozilla/5.0 (compatible; Googlebot/2.1; +http://www.google.com/bot.html)"
66.249.76.76 - - [17/Oct/2017:05:29:53 +0200] "GET /uploads/pdfs/spittelau/10281414_DD195-B.pdf HTTP/1.1" 301 324 "-" "Mozilla/5.0 (compatible; Googlebot/2.1; +http://www.google.com/bot.html)"
66.249.76.84 - - [17/Oct/2017:05:29:53 +0200] "GET /uploads/pdfs/spittelau/10281414_DD195-B.pdf HTTP/1.1" 200 28668 "-" "Mozilla/5.0 (compatible; Googlebot/2.1; +http://www.google.com/bot.html)"
194.48.32.17 - - [17/Oct/2017:05:29:55 +0200] "GET /cache/emu/images/easy-drivers-portal10280554/i-3_135_90_0.jpg HTTP/1.1" 301 448 "-" "Mozilla/4.0 (compatible;)"
66.249.76.76 - - [17/Oct/2017:05:30:46 +0200] "GET /uploads/pdfs/wallensteinplatz/10281246_B.pdf HTTP/1.1" 301 325 "-" "Mozilla/5.0 (compatible; Googlebot/2.1; +http://www.google.com/bot.html)"
66.249.76.84 - - [17/Oct/2017:05:30:47 +0200] "GET /uploads/pdfs/wallensteinplatz/10281246_B.pdf HTTP/1.1" 200 31299 "-" "Mozilla/5.0 (compatible; Googlebot/2.1; +http://www.google.com/bot.html)"
207.46.13.55 - - [17/Oct/2017:05:31:09 +0200] "GET /binaries/easy-drivers-harm-innsbruck/800x450louijpg.jpg HTTP/1.1" 301 329 "-" "Mozilla/5.0 (compatible; bingbot/2.0; +http://www.bing.com/bingbot.htm)"
79.196.233.72 - - [17/Oct/2017:05:31:08 +0200] "GET /neunkirchen HTTP/1.1" 200 3844 "-" "Mozilla/5.0 (Windows; U; Windows NT 6.0; de; rv:1.9.2.3) Gecko/20100401 Firefox/3.6.3 ( .NET CLR 3.5.30729)"
79.196.233.72 - - [17/Oct/2017:05:31:22 +0200] "GET /gmuend HTTP/1.1" 200 3470 "-" "Mozilla/5.0 (Windows; U; Windows NT 6.0; de; rv:1.9.2.3) Gecko/20100401 Firefox/3.6.3 ( .NET CLR 3.5.30729)"
207.46.13.55 - - [17/Oct/2017:05:31:24 +0200] "GET /binaries/easy-drivers-harm-innsbruck/800x450louijpg.jpg HTTP/1.1" 200 228891 "-" "Mozilla/5.0 (compatible; bingbot/2.0; +http://www.bing.com/bingbot.htm)"
66.249.76.78 - - [17/Oct/2017:05:31:40 +0200] "GET /uploads/pdfs/skarabela.gross-enzersdorf/10280614_BE.pdf HTTP/1.1" 301 332 "-" "Mozilla/5.0 (compatible; Googlebot/2.1; +http://www.google.com/bot.html)"
66.249.76.82 - - [17/Oct/2017:05:31:40 +0200] "GET /uploads/pdfs/skarabela.gross-enzersdorf/10280614_BE.pdf HTTP/1.1" 200 28435 "-" "Mozilla/5.0 (compatible; Googlebot/2.1; +http://www.google.com/bot.html)"
68.180.228.44 - - [17/Oct/2017:05:32:02 +0200] "GET /steyr HTTP/1.1" 200 3689 "-" "Mozilla/5.0 (compatible; Yahoo! Slurp; http://help.yahoo.com/help/us/ysearch/slurp)"
66.249.76.74 - - [17/Oct/2017:05:32:34 +0200] "GET /uploads/pdfs/spittelau/10281192_BL1796.pdf HTTP/1.1" 301 323 "-" "Mozilla/5.0 (compatible; Googlebot/2.1; +http://www.google.com/bot.html)"
66.249.76.82 - - [17/Oct/2017:05:32:34 +0200] "GET /uploads/pdfs/spittelau/10281192_BL1796.pdf HTTP/1.1" 200 35863 "-" "Mozilla/5.0 (compatible; Googlebot/2.1; +http://www.google.com/bot.html)"
79.196.233.72 - - [17/Oct/2017:05:32:44 +0200] "GET /gmuend HTTP/1.1" 301 298 "-" "Mozilla/5.0 (Windows; U; Windows NT 6.0; de; rv:1.9.2.3) Gecko/20100401 Firefox/3.6.3 ( .NET CLR 3.5.30729)"
160.202.163.235 - - [17/Oct/2017:05:32:49 +0200] "GET /wp-login.php HTTP/1.1" 301 395 "http://easydrivers.at/wp-login.php" "Mozilla/4.0 (compatible; MSIE 9.0; Windows NT 6.1; 125LA; .NET CLR 2.0.50727; .NET CLR 3.0.04506.648; .NET CLR 3.5.21022)"
160.202.163.235 - - [17/Oct/2017:05:32:50 +0200] "GET /wp-login.php HTTP/1.1" 301 395 "http://easydrivers.at/wp-login.php" "Mozilla/4.0 (compatible; MSIE 9.0; Windows NT 6.1; 125LA; .NET CLR 2.0.50727; .NET CLR 3.0.04506.648; .NET CLR 3.5.21022)"
52.53.231.176 - - [17/Oct/2017:05:33:10 +0200] "GET / HTTP/1.1" 301 311 "-" "Mozilla/5.0 (Macintosh; Intel Mac OS X 10_12_6) AppleWebKit/537.36 (KHTML, like Gecko) Chrome/61.0.3163.100 Safari/537.36"
52.53.231.176 - - [17/Oct/2017:05:33:11 +0200] "GET / HTTP/1.1" 400 292 "https://www.sogutwiedufairtkeiner.com/" "Mozilla/5.0 (Macintosh; Intel Mac OS X 10_12_6) AppleWebKit/537.36 (KHTML, like Gecko) Chrome/61.0.3163.100 Safari/537.36"
66.249.66.75 - - [17/Oct/2017:05:33:28 +0200] "GET /moedling/10281900?FS=CC95 HTTP/1.1" 301 313 "-" "Mozilla/5.0 (compatible; Googlebot/2.1; +http://www.google.com/bot.html)"
66.249.76.82 - - [17/Oct/2017:05:33:28 +0200] "GET /moedling/10281900?FS=CC95 HTTP/1.1" 200 5591 "-" "Mozilla/5.0 (compatible; Googlebot/2.1; +http://www.google.com/bot.html)"
79.196.233.72 - - [17/Oct/2017:05:33:32 +0200] "GET /steyr HTTP/1.1" 200 3689 "-" "Mozilla/5.0 (Windows; U; Windows NT 6.0; de; rv:1.9.2.3) Gecko/20100401 Firefox/3.6.3 ( .NET CLR 3.5.30729)"
195.212.98.190 - - [17/Oct/2017:05:33:34 +0200] "GET /binaries/easy-drivers-portal/edwebhistoryillu392x3927jpg.jpg HTTP/1.1" 301 447 "-" "Mozilla/4.0 (compatible;)"
79.196.233.72 - - [17/Oct/2017:05:33:47 +0200] "GET /spittelau HTTP/1.1" 200 3696 "-" "Mozilla/5.0 (Windows; U; Windows NT 6.0; de; rv:1.9.2.3) Gecko/20100401 Firefox/3.6.3 ( .NET CLR 3.5.30729)"
66.249.66.75 - - [17/Oct/2017:05:34:21 +0200] "GET /uploads/pdfs/bruck.leitha/10280236_AM.pdf HTTP/1.1" 301 322 "-" "Mozilla/5.0 (compatible; Googlebot/2.1; +http://www.google.com/bot.html)"
66.249.76.80 - - [17/Oct/2017:05:34:22 +0200] "GET /uploads/pdfs/bruck.leitha/10280236_AM.pdf HTTP/1.1" 200 28040 "-" "Mozilla/5.0 (compatible; Googlebot/2.1; +http://www.google.com/bot.html)"
66.249.76.78 - - [17/Oct/2017:05:35:15 +0200] "GET /uploads/pdfs/easy_drivers_st._peterau/10243396_B-L17.pdf HTTP/1.1" 301 330 "-" "Mozilla/5.0 (compatible; Googlebot/2.1; +http://www.google.com/bot.html)"
66.249.76.80 - - [17/Oct/2017:05:35:15 +0200] "GET /uploads/pdfs/easy_drivers_st._peterau/10243396_B-L17.pdf HTTP/1.1" 200 34738 "-" "Mozilla/5.0 (compatible; Googlebot/2.1; +http://www.google.com/bot.html)"
66.249.76.74 - - [17/Oct/2017:05:36:09 +0200] "GET /uploads/pdfs/bludenz/Mopedkurs-M-2015-06-23_AM-M.pdf HTTP/1.1" 301 332 "-" "Mozilla/5.0 (compatible; Googlebot/2.1; +http://www.google.com/bot.html)"
66.249.76.82 - - [17/Oct/2017:05:36:09 +0200] "GET /uploads/pdfs/bludenz/Mopedkurs-M-2015-06-23_AM-M.pdf HTTP/1.1" 200 28120 "-" "Mozilla/5.0 (compatible; Googlebot/2.1; +http://www.google.com/bot.html)"
79.196.233.72 - - [17/Oct/2017:05:36:31 +0200] "GET /st.valentin HTTP/1.1" 301 300 "-" "Mozilla/5.0 (Windows; U; Windows NT 6.0; de; rv:1.9.2.3) Gecko/20100401 Firefox/3.6.3 ( .NET CLR 3.5.30729)"
204.79.180.12 - - [17/Oct/2017:05:36:44 +0200] "GET /dornbirn/10248221?FS=DD195-B HTTP/1.1" 301 315 "-" "Mozilla/5.0 (compatible; MSIE 9.0; Windows NT 6.1; Trident/5.0; Trident/5.0)"
79.196.233.72 - - [17/Oct/2017:05:36:55 +0200] "GET /fuehrerscheine/bus HTTP/1.1" 200 2629 "-" "Mozilla/5.0 (Windows; U; Windows NT 6.0; de; rv:1.9.2.3) Gecko/20100401 Firefox/3.6.3 ( .NET CLR 3.5.30729)"
66.249.76.78 - - [17/Oct/2017:05:37:02 +0200] "GET /bruck.leitha/10279720?FS=BBE HTTP/1.1" 301 316 "-" "Mozilla/5.0 (compatible; Googlebot/2.1; +http://www.google.com/bot.html)"
66.249.76.82 - - [17/Oct/2017:05:37:03 +0200] "GET /bruck.leitha/10279720?FS=BBE HTTP/1.1" 410 3438 "-" "Mozilla/5.0 (compatible; Googlebot/2.1; +http://www.google.com/bot.html)"
79.196.233.72 - - [17/Oct/2017:05:37:07 +0200] "GET /waidhofen.thaya HTTP/1.1" 200 3494 "-" "Mozilla/5.0 (Windows; U; Windows NT 6.0; de; rv:1.9.2.3) Gecko/20100401 Firefox/3.6.3 ( .NET CLR 3.5.30729)"
185.188.182.230 - - [17/Oct/2017:05:37:50 +0200] "GET / HTTP/1.1" 301 296 "-" "Mozilla/5.0 (X11; Linux x86_64) AppleWebKit/537.36 (KHTML, like Gecko) Chrome/51.0.2735.70 Safari/537.36"
185.188.182.230 - - [17/Oct/2017:05:37:50 +0200] "GET / HTTP/1.1" 200 4425 "-" "Mozilla/5.0 (X11; Linux x86_64) AppleWebKit/537.36 (KHTML, like Gecko) Chrome/51.0.2735.70 Safari/537.36"
66.249.76.74 - - [17/Oct/2017:05:37:56 +0200] "GET /uploads/pdfs/wr.neustadt/10276983_A2B.pdf HTTP/1.1" 301 322 "-" "Mozilla/5.0 (compatible; Googlebot/2.1; +http://www.google.com/bot.html)"
66.249.76.80 - - [17/Oct/2017:05:37:57 +0200] "GET /uploads/pdfs/wr.neustadt/10276983_A2B.pdf HTTP/1.1" 200 29879 "-" "Mozilla/5.0 (compatible; Googlebot/2.1; +http://www.google.com/bot.html)"
79.196.233.72 - - [17/Oct/2017:05:38:18 +0200] "GET /brigittenau HTTP/1.1" 301 301 "-" "Mozilla/5.0 (Windows; U; Windows NT 6.0; de; rv:1.9.2.3) Gecko/20100401 Firefox/3.6.3 ( .NET CLR 3.5.30729)"
185.188.182.230 - - [17/Oct/2017:05:38:40 +0200] "GET / HTTP/1.1" 301 294 "-" "Mozilla/5.0 (compatible; MSIE 9.0; Windows NT 6.2; Trident/5.0)"
185.188.182.230 - - [17/Oct/2017:05:38:40 +0200] "GET / HTTP/1.1" 200 4530 "-" "Mozilla/5.0 (compatible; MSIE 9.0; Windows NT 6.2; Trident/5.0)"
66.249.76.74 - - [17/Oct/2017:05:38:50 +0200] "GET /uploads/pdfs/neunkirchen/10274975_AM.pdf HTTP/1.1" 301 321 "-" "Mozilla/5.0 (compatible; Googlebot/2.1; +http://www.google.com/bot.html)"
66.249.76.80 - - [17/Oct/2017:05:38:50 +0200] "GET /uploads/pdfs/neunkirchen/10274975_AM.pdf HTTP/1.1" 200 30115 "-" "Mozilla/5.0 (compatible; Googlebot/2.1; +http://www.google.com/bot.html)"
207.46.13.48 - - [17/Oct/2017:05:39:36 +0200] "GET /binaries/easy-drivers-rudi-dornbirn/traktor-kleinjpg.jpg HTTP/1.1" 301 328 "-" "Mozilla/5.0 (compatible; bingbot/2.0; +http://www.bing.com/bingbot.htm)"
207.46.13.48 - - [17/Oct/2017:05:39:37 +0200] "GET /binaries/easy-drivers-rudi-dornbirn/traktor-kleinjpg.jpg HTTP/1.1" 200 349793 "-" "Mozilla/5.0 (compatible; bingbot/2.0; +http://www.bing.com/bingbot.htm)"
185.104.248.67 - - [17/Oct/2017:05:39:42 +0200] "GET / HTTP/1.1" 301 295 "-" "Mozilla/5.0 (compatible; MSIE 9.0; Windows NT 6.2; WOW64; Trident/5.0)"
66.249.76.76 - - [17/Oct/2017:05:39:44 +0200] "GET /uploads/pdfs/st.valentin/10280134_AM.pdf HTTP/1.1" 301 320 "-" "Mozilla/5.0 (compatible; Googlebot/2.1; +http://www.google.com/bot.html)"
66.249.76.80 - - [17/Oct/2017:05:39:44 +0200] "GET /uploads/pdfs/st.valentin/10280134_AM.pdf HTTP/1.1" 200 27468 "-" "Mozilla/5.0 (compatible; Googlebot/2.1; +http://www.google.com/bot.html)"
185.104.248.67 - - [17/Oct/2017:05:39:45 +0200] "GET / HTTP/1.1" 301 295 "-" "Mozilla/5.0 (X11; Ubuntu; Linux i686; rv:47.0) Gecko/20100101 Firefox/47.0"
216.244.66.249 - - [17/Oct/2017:05:39:55 +0200] "GET /robots.txt HTTP/1.1" 301 397 "-" "Mozilla/5.0 (compatible; DotBot/1.1; http://www.opensiteexplorer.org/dotbot, help@moz.com)"
216.244.66.249 - - [17/Oct/2017:05:39:58 +0200] "GET /robots.txt HTTP/1.1" 200 178 "-" "Mozilla/5.0 (compatible; DotBot/1.1; http://www.opensiteexplorer.org/dotbot, help@moz.com)"
17.110.165.10 - - [17/Oct/2017:05:40:31 +0200] "GET /neusiedl HTTP/1.1" 301 298 "-" "Mozilla/5.0 (Macintosh; Intel Mac OS X 10.12; rv:52.0) Gecko/20100101 Firefox/52.0"
17.110.165.10 - - [17/Oct/2017:05:40:34 +0200] "GET /neusiedl HTTP/1.1" 404 2657 "-" "Mozilla/5.0 (Macintosh; Intel Mac OS X 10.12; rv:52.0) Gecko/20100101 Firefox/52.0"
66.249.76.74 - - [17/Oct/2017:05:40:37 +0200] "GET /bruck.leitha/10279675?FS=A1F HTTP/1.1" 301 316 "-" "Mozilla/5.0 (compatible; Googlebot/2.1; +http://www.google.com/bot.html)"
66.249.76.80 - - [17/Oct/2017:05:40:38 +0200] "GET /bruck.leitha/10279675?FS=A1F HTTP/1.1" 410 3439 "-" "Mozilla/5.0 (compatible; Googlebot/2.1; +http://www.google.com/bot.html)"
66.249.76.78 - - [17/Oct/2017:05:41:31 +0200] "GET /uploads/pdfs/schwechat/10280437_AM-M1.pdf HTTP/1.1" 301 322 "-" "Mozilla/5.0 (compatible; Googlebot/2.1; +http://www.google.com/bot.html)"
66.249.76.80 - - [17/Oct/2017:05:41:32 +0200] "GET /uploads/pdfs/schwechat/10280437_AM-M1.pdf HTTP/1.1" 200 28289 "-" "Mozilla/5.0 (compatible; Googlebot/2.1; +http://www.google.com/bot.html)"
35.198.169.202 - - [17/Oct/2017:05:41:44 +0200] "GET /robots.txt HTTP/1.1" 301 300 "-" "BUbiNG (+http://law.di.unimi.it/BUbiNG.html)"
194.118.20.88 - - [17/Oct/2017:05:42:00 +0200] "GET /fuehrerscheine/lkw HTTP/1.1" 301 304 "https://www.google.at/" "Mozilla/5.0 (Windows NT 10.0; Win64; x64) AppleWebKit/537.36 (KHTML, like Gecko) Chrome/61.0.3163.100 Safari/537.36"
194.118.20.88 - - [17/Oct/2017:05:42:00 +0200] "GET /fuehrerscheine/lkw HTTP/1.1" 200 2686 "https://www.google.at/" "Mozilla/5.0 (Windows NT 10.0; Win64; x64) AppleWebKit/537.36 (KHTML, like Gecko) Chrome/61.0.3163.100 Safari/537.36"
194.118.20.88 - - [17/Oct/2017:05:42:01 +0200] "GET /css/style.css HTTP/1.1" 200 5004 "https://www.easydrivers.at/fuehrerscheine/lkw" "Mozilla/5.0 (Windows NT 10.0; Win64; x64) AppleWebKit/537.36 (KHTML, like Gecko) Chrome/61.0.3163.100 Safari/537.36"
194.118.20.88 - - [17/Oct/2017:05:42:01 +0200] "GET /javascript/jquery.customSelect.min.js HTTP/1.1" 200 912 "https://www.easydrivers.at/fuehrerscheine/lkw" "Mozilla/5.0 (Windows NT 10.0; Win64; x64) AppleWebKit/537.36 (KHTML, like Gecko) Chrome/61.0.3163.100 Safari/537.36"
194.118.20.88 - - [17/Oct/2017:05:42:01 +0200] "GET /javascript/jquery.cookie.js HTTP/1.1" 200 863 "https://www.easydrivers.at/fuehrerscheine/lkw" "Mozilla/5.0 (Windows NT 10.0; Win64; x64) AppleWebKit/537.36 (KHTML, like Gecko) Chrome/61.0.3163.100 Safari/537.36"
194.118.20.88 - - [17/Oct/2017:05:42:01 +0200] "GET /javascript/jquery.simplemodal.js HTTP/1.1" 200 3070 "https://www.easydrivers.at/fuehrerscheine/lkw" "Mozilla/5.0 (Windows NT 10.0; Win64; x64) AppleWebKit/537.36 (KHTML, like Gecko) Chrome/61.0.3163.100 Safari/537.36"
194.118.20.88 - - [17/Oct/2017:05:42:01 +0200] "GET /javascript/portal.js?1221842734 HTTP/1.1" 200 3529 "https://www.easydrivers.at/fuehrerscheine/lkw" "Mozilla/5.0 (Windows NT 10.0; Win64; x64) AppleWebKit/537.36 (KHTML, like Gecko) Chrome/61.0.3163.100 Safari/537.36"
194.118.20.88 - - [17/Oct/2017:05:42:02 +0200] "GET /javascript/lazyload.js HTTP/1.1" 200 1170 "https://www.easydrivers.at/fuehrerscheine/lkw" "Mozilla/5.0 (Windows NT 10.0; Win64; x64) AppleWebKit/537.36 (KHTML, like Gecko) Chrome/61.0.3163.100 Safari/537.36"
194.118.20.88 - - [17/Oct/2017:05:42:02 +0200] "GET /img/ED_Logo.png HTTP/1.1" 200 3385 "https://www.easydrivers.at/css/style.css" "Mozilla/5.0 (Windows NT 10.0; Win64; x64) AppleWebKit/537.36 (KHTML, like Gecko) Chrome/61.0.3163.100 Safari/537.36"
194.118.20.88 - - [17/Oct/2017:05:42:02 +0200] "GET /img/close-button.png HTTP/1.1" 200 2237 "https://www.easydrivers.at/fuehrerscheine/lkw" "Mozilla/5.0 (Windows NT 10.0; Win64; x64) AppleWebKit/537.36 (KHTML, like Gecko) Chrome/61.0.3163.100 Safari/537.36"
194.118.20.88 - - [17/Oct/2017:05:42:02 +0200] "GET /img/facebook-icon.png HTTP/1.1" 200 1506 "https://www.easydrivers.at/fuehrerscheine/lkw" "Mozilla/5.0 (Windows NT 10.0; Win64; x64) AppleWebKit/537.36 (KHTML, like Gecko) Chrome/61.0.3163.100 Safari/537.36"
194.118.20.88 - - [17/Oct/2017:05:42:02 +0200] "GET /javascript/license.js HTTP/1.1" 200 315 "https://www.easydrivers.at/fuehrerscheine/lkw" "Mozilla/5.0 (Windows NT 10.0; Win64; x64) AppleWebKit/537.36 (KHTML, like Gecko) Chrome/61.0.3163.100 Safari/537.36"
194.118.20.88 - - [17/Oct/2017:05:42:02 +0200] "GET /img/bg-header.jpg HTTP/1.1" 200 38680 "https://www.easydrivers.at/css/style.css" "Mozilla/5.0 (Windows NT 10.0; Win64; x64) AppleWebKit/537.36 (KHTML, like Gecko) Chrome/61.0.3163.100 Safari/537.36"
194.118.20.88 - - [17/Oct/2017:05:42:02 +0200] "GET /img/schweiz-icon.png HTTP/1.1" 200 1504 "https://www.easydrivers.at/fuehrerscheine/lkw" "Mozilla/5.0 (Windows NT 10.0; Win64; x64) AppleWebKit/537.36 (KHTML, like Gecko) Chrome/61.0.3163.100 Safari/537.36"
194.118.20.88 - - [17/Oct/2017:05:42:02 +0200] "GET /css/print.css HTTP/1.1" 200 967 "https://www.easydrivers.at/fuehrerscheine/lkw" "Mozilla/5.0 (Windows NT 10.0; Win64; x64) AppleWebKit/537.36 (KHTML, like Gecko) Chrome/61.0.3163.100 Safari/537.36"
194.118.20.88 - - [17/Oct/2017:05:42:02 +0200] "GET /img/bg-yellow.jpg HTTP/1.1" 200 2250 "https://www.easydrivers.at/css/style.css" "Mozilla/5.0 (Windows NT 10.0; Win64; x64) AppleWebKit/537.36 (KHTML, like Gecko) Chrome/61.0.3163.100 Safari/537.36"
