213.143.98.254 - - [17/Oct/2017:07:28:58 +0200] "GET /img/bg-yellow.jpg HTTP/1.1" 200 2250 "https://www.easydrivers.at/fuehrerscheine/auto" "Mozilla/5.0 (Windows NT 10.0; Win64; x64) AppleWebKit/537.36 (KHTML, like Gecko) Chrome/46.0.2486.0 Safari/537.36 Edge/13.10586"
213.143.98.254 - - [17/Oct/2017:07:28:58 +0200] "GET /img/submit-button-small.png HTTP/1.1" 200 1456 "https://www.easydrivers.at/fuehrerscheine/auto" "Mozilla/5.0 (Windows NT 10.0; Win64; x64) AppleWebKit/537.36 (KHTML, like Gecko) Chrome/46.0.2486.0 Safari/537.36 Edge/13.10586"
213.143.98.254 - - [17/Oct/2017:07:28:58 +0200] "GET /img/ED_Logo.png HTTP/1.1" 200 3385 "https://www.easydrivers.at/fuehrerscheine/auto" "Mozilla/5.0 (Windows NT 10.0; Win64; x64) AppleWebKit/537.36 (KHTML, like Gecko) Chrome/46.0.2486.0 Safari/537.36 Edge/13.10586"
213.143.98.254 - - [17/Oct/2017:07:28:58 +0200] "GET /img/bg-header.jpg HTTP/1.1" 200 38680 "https://www.easydrivers.at/fuehrerscheine/auto" "Mozilla/5.0 (Windows NT 10.0; Win64; x64) AppleWebKit/537.36 (KHTML, like Gecko) Chrome/46.0.2486.0 Safari/537.36 Edge/13.10586"
213.143.98.254 - - [17/Oct/2017:07:28:58 +0200] "GET /img/bg-footer.jpg HTTP/1.1" 200 31770 "https://www.easydrivers.at/fuehrerscheine/auto" "Mozilla/5.0 (Windows NT 10.0; Win64; x64) AppleWebKit/537.36 (KHTML, like Gecko) Chrome/46.0.2486.0 Safari/537.36 Edge/13.10586"
213.143.98.254 - - [17/Oct/2017:07:28:58 +0200] "GET /img/new_favicon.ico HTTP/1.1" 301 306 "-" "Mozilla/5.0 (Windows NT 10.0; Win64; x64) AppleWebKit/537.36 (KHTML, like Gecko) Chrome/46.0.2486.0 Safari/537.36 Edge/13.10586"
66.249.66.74 - - [17/Oct/2017:07:28:59 +0200] "GET /uploads/pdfs/waidhofen.ybbs/10267695_BZ.pdf HTTP/1.1" 301 325 "-" "Mozilla/5.0 (compatible; Googlebot/2.1; +http://www.google.com/bot.html)"
66.249.76.82 - - [17/Oct/2017:07:28:59 +0200] "GET /uploads/pdfs/waidhofen.ybbs/10267695_BZ.pdf HTTP/1.1" 200 34041 "-" "Mozilla/5.0 (compatible; Googlebot/2.1; +http://www.google.com/bot.html)"
213.143.98.254 - - [17/Oct/2017:07:29:00 +0200] "GET /img/new_favicon.ico HTTP/1.1" 200 1150 "-" "Mozilla/5.0 (Windows NT 10.0; Win64; x64) AppleWebKit/537.36 (KHTML, like Gecko) Chrome/46.0.2486.0 Safari/537.36 Edge/13.10586"
213.143.98.254 - - [17/Oct/2017:07:29:09 +0200] "GET /fuehrerscheine/auto/A2B HTTP/1.1" 200 4205 "https://www.easydrivers.at/fuehrerscheine/auto" "Mozilla/5.0 (Windows NT 10.0; Win64; x64) AppleWebKit/537.36 (KHTML, like Gecko) Chrome/46.0.2486.0 Safari/537.36 Edge/13.10586"
213.143.98.254 - - [17/Oct/2017:07:29:10 +0200] "GET /binaries/easy-drivers-portal/motorrad2jpg.jpg HTTP/1.1" 200 45802 "https://www.easydrivers.at/fuehrerscheine/auto/A2B" "Mozilla/5.0 (Windows NT 10.0; Win64; x64) AppleWebKit/537.36 (KHTML, like Gecko) Chrome/46.0.2486.0 Safari/537.36 Edge/13.10586"
213.143.98.254 - - [17/Oct/2017:07:29:10 +0200] "GET /javascript/product.js HTTP/1.1" 200 139 "https://www.easydrivers.at/fuehrerscheine/auto/A2B" "Mozilla/5.0 (Windows NT 10.0; Win64; x64) AppleWebKit/537.36 (KHTML, like Gecko) Chrome/46.0.2486.0 Safari/537.36 Edge/13.10586"
213.143.98.254 - - [17/Oct/2017:07:29:10 +0200] "GET /img/arrow-up.png HTTP/1.1" 200 1081 "https://www.easydrivers.at/fuehrerscheine/auto/A2B" "Mozilla/5.0 (Windows NT 10.0; Win64; x64) AppleWebKit/537.36 (KHTML, like Gecko) Chrome/46.0.2486.0 Safari/537.36 Edge/13.10586"
213.143.98.254 - - [17/Oct/2017:07:29:10 +0200] "GET /img/arrow-left.png HTTP/1.1" 200 1015 "https://www.easydrivers.at/fuehrerscheine/auto/A2B" "Mozilla/5.0 (Windows NT 10.0; Win64; x64) AppleWebKit/537.36 (KHTML, like Gecko) Chrome/46.0.2486.0 Safari/537.36 Edge/13.10586"
178.165.129.167 - - [17/Oct/2017:07:29:18 +0200] "GET /dornbirn HTTP/1.1" 301 299 "-" "Mozilla/5.0 (Linux; Android 7.0; SAMSUNG SM-G920F Build/NRD90M) AppleWebKit/537.36 (KHTML, like Gecko) SamsungBrowser/5.4 Chrome/51.0.2704.106 Mobile Safari/537.36"
178.165.129.167 - - [17/Oct/2017:07:29:18 +0200] "GET /dornbirn HTTP/1.1" 200 3038 "-" "Mozilla/5.0 (Linux; Android 7.0; SAMSUNG SM-G920F Build/NRD90M) AppleWebKit/537.36 (KHTML, like Gecko) SamsungBrowser/5.4 Chrome/51.0.2704.106 Mobile Safari/537.36"
45.116.148.80 - - [17/Oct/2017:07:29:21 +0200] "GET /wp-login.php HTTP/1.1" 301 399 "-" "Mozilla/5.0 (Windows NT 6.1; WOW64; rv:40.0) Gecko/20100101 Firefox/40.1"
178.165.129.167 - - [17/Oct/2017:07:29:23 +0200] "GET /img/favicon.ico HTTP/1.1" 301 303 "-" "Mozilla/5.0 (Linux; Android 7.0; SAMSUNG SM-G920F Build/NRD90M) AppleWebKit/537.36 (KHTML, like Gecko) SamsungBrowser/5.4 Chrome/51.0.2704.106 Mobile Safari/537.36"
178.165.129.167 - - [17/Oct/2017:07:29:23 +0200] "GET /img/favicon.ico HTTP/1.1" 404 301 "-" "Mozilla/5.0 (Linux; Android 7.0; SAMSUNG SM-G920F Build/NRD90M) AppleWebKit/537.36 (KHTML, like Gecko) SamsungBrowser/5.4 Chrome/51.0.2704.106 Mobile Safari/537.36"
45.116.148.80 - - [17/Oct/2017:07:29:27 +0200] "GET /wp-login.php HTTP/1.1" 301 399 "-" "Mozilla/5.0 (Windows NT 6.1; WOW64; rv:40.0) Gecko/20100101 Firefox/40.1"
45.116.148.80 - - [17/Oct/2017:07:29:33 +0200] "GET / HTTP/1.1" 301 387 "-" "Mozilla/5.0 (Windows NT 6.1; WOW64; rv:40.0) Gecko/20100101 Firefox/40.1"
213.143.98.254 - - [17/Oct/2017:07:29:45 +0200] "GET /fuehrerscheine/auto HTTP/1.1" 200 3370 "https://www.google.at/" "Mozilla/5.0 (Windows NT 10.0; Win64; x64) AppleWebKit/537.36 (KHTML, like Gecko) Chrome/46.0.2486.0 Safari/537.36 Edge/13.10586"
213.143.98.254 - - [17/Oct/2017:07:29:47 +0200] "GET /binaries/easy-drivers-portal/pkw4jpg.jpg HTTP/1.1" 200 125726 "https://www.easydrivers.at/fuehrerscheine/auto" "Mozilla/5.0 (Windows NT 10.0; Win64; x64) AppleWebKit/537.36 (KHTML, like Gecko) Chrome/46.0.2486.0 Safari/537.36 Edge/13.10586"
66.249.76.76 - - [17/Oct/2017:07:29:53 +0200] "GET /voesendorf/10281942?FS=BF HTTP/1.1" 301 312 "-" "Mozilla/5.0 (compatible; Googlebot/2.1; +http://www.google.com/bot.html)"
66.249.66.81 - - [17/Oct/2017:07:29:53 +0200] "GET /voesendorf/10281942?FS=BF HTTP/1.1" 200 5607 "-" "Mozilla/5.0 (compatible; Googlebot/2.1; +http://www.google.com/bot.html)"
46.125.250.61 - - [17/Oct/2017:07:30:05 +0200] "GET /linz/10284344?FS=B&channel=fullversion HTTP/1.1" 200 5646 "https://www.easydrivers.at/linz/10284344?FS=B" "Mozilla/5.0 (Linux; Android 7.0; VKY-L09 Build/HUAWEIVKY-L09) AppleWebKit/537.36 (KHTML, like Gecko) Chrome/61.0.3163.98 Mobile Safari/537.36"
207.46.13.120 - - [17/Oct/2017:07:30:24 +0200] "GET /dornbirn/inhaberdaten HTTP/1.1" 301 307 "-" "Mozilla/5.0 (iPhone; CPU iPhone OS 7_0 like Mac OS X) AppleWebKit/537.51.1 (KHTML, like Gecko) Version/7.0 Mobile/11A465 Safari/9537.53 (compatible; bingbot/2.0; +http://www.bing.com/bingbot.htm)"
35.184.189.105 - - [17/Oct/2017:07:30:27 +0200] "GET /robots.txt HTTP/1.1" 301 300 "-" "ltx71 - (http://ltx71.com/)"
88.99.151.233 - - [17/Oct/2017:07:30:29 +0200] "GET /robots.txt HTTP/1.1" 301 302 "-" "Mozilla/5.0 (X11; Ubuntu; Linux x86_64; rv:55.0) Gecko/20100101 Firefox/55.0"
88.99.151.233 - - [17/Oct/2017:07:30:29 +0200] "GET / HTTP/1.1" 301 295 "-" "Mozilla/5.0 (X11; Ubuntu; Linux x86_64; rv:55.0) Gecko/20100101 Firefox/55.0"
88.99.151.233 - - [17/Oct/2017:07:30:29 +0200] "GET / HTTP/1.1" 200 4425 "-" "Mozilla/5.0 (X11; Ubuntu; Linux x86_64; rv:55.0) Gecko/20100101 Firefox/55.0"
207.46.13.120 - - [17/Oct/2017:07:30:29 +0200] "GET /dornbirn/inhaberdaten HTTP/1.1" 404 3166 "-" "Mozilla/5.0 (iPhone; CPU iPhone OS 7_0 like Mac OS X) AppleWebKit/537.51.1 (KHTML, like Gecko) Version/7.0 Mobile/11A465 Safari/9537.53 (compatible; bingbot/2.0; +http://www.bing.com/bingbot.htm)"
213.101.146.138 - - [17/Oct/2017:07:30:44 +0200] "GET / HTTP/1.1" 200 3579 "-" "Mozilla/5.0 (iPhone; CPU iPhone OS 10_2_1 like Mac OS X) AppleWebKit/602.4.6 (KHTML, like Gecko) Version/10.0 Mobile/14D27 Safari/602.1"
213.101.146.138 - - [17/Oct/2017:07:30:46 +0200] "GET /javascript/mobile-menu.js HTTP/1.1" 200 1634 "https://www.easydrivers.at/" "Mozilla/5.0 (iPhone; CPU iPhone OS 10_2_1 like Mac OS X) AppleWebKit/602.4.6 (KHTML, like Gecko) Version/10.0 Mobile/14D27 Safari/602.1"
213.101.146.138 - - [17/Oct/2017:07:30:46 +0200] "GET /css/mobile.css HTTP/1.1" 200 2852 "https://www.easydrivers.at/" "Mozilla/5.0 (iPhone; CPU iPhone OS 10_2_1 like Mac OS X) AppleWebKit/602.4.6 (KHTML, like Gecko) Version/10.0 Mobile/14D27 Safari/602.1"
213.101.146.138 - - [17/Oct/2017:07:30:46 +0200] "GET /javascript/jquery.cookie.js HTTP/1.1" 200 863 "https://www.easydrivers.at/" "Mozilla/5.0 (iPhone; CPU iPhone OS 10_2_1 like Mac OS X) AppleWebKit/602.4.6 (KHTML, like Gecko) Version/10.0 Mobile/14D27 Safari/602.1"
213.101.146.138 - - [17/Oct/2017:07:30:46 +0200] "GET /javascript/jquery-1.9.1.min.js HTTP/1.1" 200 32731 "https://www.easydrivers.at/" "Mozilla/5.0 (iPhone; CPU iPhone OS 10_2_1 like Mac OS X) AppleWebKit/602.4.6 (KHTML, like Gecko) Version/10.0 Mobile/14D27 Safari/602.1"
213.101.146.138 - - [17/Oct/2017:07:30:46 +0200] "GET /javascript/mobile-homesearch.js HTTP/1.1" 200 340 "https://www.easydrivers.at/" "Mozilla/5.0 (iPhone; CPU iPhone OS 10_2_1 like Mac OS X) AppleWebKit/602.4.6 (KHTML, like Gecko) Version/10.0 Mobile/14D27 Safari/602.1"
213.101.146.138 - - [17/Oct/2017:07:30:46 +0200] "GET /javascript/lazyload.js HTTP/1.1" 200 1170 "https://www.easydrivers.at/" "Mozilla/5.0 (iPhone; CPU iPhone OS 10_2_1 like Mac OS X) AppleWebKit/602.4.6 (KHTML, like Gecko) Version/10.0 Mobile/14D27 Safari/602.1"
213.101.146.138 - - [17/Oct/2017:07:30:46 +0200] "GET /img/mobile/easydrivers-logo-mobile.png HTTP/1.1" 200 10766 "https://www.easydrivers.at/" "Mozilla/5.0 (iPhone; CPU iPhone OS 10_2_1 like Mac OS X) AppleWebKit/602.4.6 (KHTML, like Gecko) Version/10.0 Mobile/14D27 Safari/602.1"
213.101.146.138 - - [17/Oct/2017:07:30:46 +0200] "GET /javascript/jquery.simplemodal.js HTTP/1.1" 200 3070 "https://www.easydrivers.at/" "Mozilla/5.0 (iPhone; CPU iPhone OS 10_2_1 like Mac OS X) AppleWebKit/602.4.6 (KHTML, like Gecko) Version/10.0 Mobile/14D27 Safari/602.1"
66.249.76.78 - - [17/Oct/2017:07:30:46 +0200] "GET /voesendorf/10281963?FS=BE HTTP/1.1" 301 313 "-" "Mozilla/5.0 (compatible; Googlebot/2.1; +http://www.google.com/bot.html)"
213.101.146.138 - - [17/Oct/2017:07:30:46 +0200] "GET /img/mobile/close-button.png HTTP/1.1" 200 2411 "https://www.easydrivers.at/" "Mozilla/5.0 (iPhone; CPU iPhone OS 10_2_1 like Mac OS X) AppleWebKit/602.4.6 (KHTML, like Gecko) Version/10.0 Mobile/14D27 Safari/602.1"
213.101.146.138 - - [17/Oct/2017:07:30:46 +0200] "GET /img/mobile/menu-button.png HTTP/1.1" 200 1746 "https://www.easydrivers.at/" "Mozilla/5.0 (iPhone; CPU iPhone OS 10_2_1 like Mac OS X) AppleWebKit/602.4.6 (KHTML, like Gecko) Version/10.0 Mobile/14D27 Safari/602.1"
213.101.146.138 - - [17/Oct/2017:07:30:46 +0200] "GET /img/mobile/widget-icon-app.png HTTP/1.1" 200 3458 "https://www.easydrivers.at/" "Mozilla/5.0 (iPhone; CPU iPhone OS 10_2_1 like Mac OS X) AppleWebKit/602.4.6 (KHTML, like Gecko) Version/10.0 Mobile/14D27 Safari/602.1"
213.101.146.138 - - [17/Oct/2017:07:30:46 +0200] "GET /img/mobile/facebook-icon.png HTTP/1.1" 200 1902 "https://www.easydrivers.at/" "Mozilla/5.0 (iPhone; CPU iPhone OS 10_2_1 like Mac OS X) AppleWebKit/602.4.6 (KHTML, like Gecko) Version/10.0 Mobile/14D27 Safari/602.1"
213.101.146.138 - - [17/Oct/2017:07:30:47 +0200] "GET /img/mobile/bg-menu.jpg HTTP/1.1" 200 1698 "https://www.easydrivers.at/" "Mozilla/5.0 (iPhone; CPU iPhone OS 10_2_1 like Mac OS X) AppleWebKit/602.4.6 (KHTML, like Gecko) Version/10.0 Mobile/14D27 Safari/602.1"
213.101.146.138 - - [17/Oct/2017:07:30:47 +0200] "GET /img/mobile/bg-header.jpg HTTP/1.1" 200 19741 "https://www.easydrivers.at/" "Mozilla/5.0 (iPhone; CPU iPhone OS 10_2_1 like Mac OS X) AppleWebKit/602.4.6 (KHTML, like Gecko) Version/10.0 Mobile/14D27 Safari/602.1"
213.101.146.138 - - [17/Oct/2017:07:30:47 +0200] "GET /img/mobile/bg-top-section.jpg HTTP/1.1" 200 21711 "https://www.easydrivers.at/" "Mozilla/5.0 (iPhone; CPU iPhone OS 10_2_1 like Mac OS X) AppleWebKit/602.4.6 (KHTML, like Gecko) Version/10.0 Mobile/14D27 Safari/602.1"
213.101.146.138 - - [17/Oct/2017:07:30:47 +0200] "GET /img/mobile/pfeil-rechts.png HTTP/1.1" 200 1228 "https://www.easydrivers.at/" "Mozilla/5.0 (iPhone; CPU iPhone OS 10_2_1 like Mac OS X) AppleWebKit/602.4.6 (KHTML, like Gecko) Version/10.0 Mobile/14D27 Safari/602.1"
66.249.76.82 - - [17/Oct/2017:07:30:47 +0200] "GET /voesendorf/10281963?FS=BE HTTP/1.1" 200 5066 "-" "Mozilla/5.0 (compatible; Googlebot/2.1; +http://www.google.com/bot.html)"
52.28.50.34 - - [17/Oct/2017:07:30:59 +0200] "GET /fuehrerscheine/traktor HTTP/1.1" 200 2601 "https://www.google.at/" "Mozilla/5.0 (Windows NT 6.1; WOW64) AppleWebKit/537.36 (KHTML, like Gecko) Chrome/56.0.2924.87 Safari/537.36"
52.28.50.34 - - [17/Oct/2017:07:31:06 +0200] "GET /fuehrerscheine/traktor/F HTTP/1.1" 200 3700 "https://www.easydrivers.at/fuehrerscheine/traktor" "Mozilla/5.0 (Windows NT 6.1; WOW64) AppleWebKit/537.36 (KHTML, like Gecko) Chrome/56.0.2924.87 Safari/537.36"
52.28.50.34 - - [17/Oct/2017:07:31:07 +0200] "GET /binaries/easy-drivers-portal/traktor2jpg.jpg HTTP/1.1" 200 130773 "https://www.easydrivers.at/fuehrerscheine/traktor/F" "Mozilla/5.0 (Windows NT 6.1; WOW64) AppleWebKit/537.36 (KHTML, like Gecko) Chrome/56.0.2924.87 Safari/537.36"
35.184.189.105 - - [17/Oct/2017:07:31:08 +0200] "GET /robots.txt HTTP/1.1" 200 101 "-" "ltx71 - (http://ltx71.com/)"
164.132.161.52 - - [17/Oct/2017:07:31:14 +0200] "GET /binaries/10253210.jpg HTTP/1.1" 301 309 "-" "Mozilla/5.0 (compatible; AhrefsBot/5.2; +http://ahrefs.com/robot/)"
79.196.230.31 - - [17/Oct/2017:07:31:18 +0200] "GET /steyr/kurse HTTP/1.1" 200 4399 "-" "Mozilla/5.0 (Windows; U; Windows NT 6.0; de; rv:1.9.2.3) Gecko/20100401 Firefox/3.6.3 ( .NET CLR 3.5.30729)"
52.28.50.34 - - [17/Oct/2017:07:31:25 +0200] "GET /fuehrerscheine/traktor HTTP/1.1" 200 2601 "https://www.google.at/" "Mozilla/5.0 (Windows NT 6.1; WOW64) AppleWebKit/537.36 (KHTML, like Gecko) Chrome/56.0.2924.87 Safari/537.36"
52.28.50.34 - - [17/Oct/2017:07:31:27 +0200] "GET /binaries/easy-drivers-portal/traktor4jpg.jpg HTTP/1.1" 200 110863 "https://www.easydrivers.at/fuehrerscheine/traktor" "Mozilla/5.0 (Windows NT 6.1; WOW64) AppleWebKit/537.36 (KHTML, like Gecko) Chrome/56.0.2924.87 Safari/537.36"
66.249.76.78 - - [17/Oct/2017:07:31:40 +0200] "GET /uploads/pdfs/schwechat/10280305_BZ.pdf HTTP/1.1" 301 319 "-" "Mozilla/5.0 (compatible; Googlebot/2.1; +http://www.google.com/bot.html)"
66.249.76.80 - - [17/Oct/2017:07:31:40 +0200] "GET /uploads/pdfs/schwechat/10280305_BZ.pdf HTTP/1.1" 200 27419 "-" "Mozilla/5.0 (compatible; Googlebot/2.1; +http://www.google.com/bot.html)"
80.121.76.25 - - [17/Oct/2017:07:31:43 +0200] "GET /steyr HTTP/1.1" 301 296 "https://www.google.at/" "Mozilla/5.0 (iPhone; CPU iPhone OS 10_1_1 like Mac OS X) AppleWebKit/602.2.14 (KHTML, like Gecko) Version/10.0 Mobile/14B100 Safari/602.1"
80.121.76.25 - - [17/Oct/2017:07:31:43 +0200] "GET /steyr HTTP/1.1" 200 2946 "https://www.google.at/" "Mozilla/5.0 (iPhone; CPU iPhone OS 10_1_1 like Mac OS X) AppleWebKit/602.2.14 (KHTML, like Gecko) Version/10.0 Mobile/14B100 Safari/602.1"
80.121.76.25 - - [17/Oct/2017:07:31:45 +0200] "GET /css/mobile.css HTTP/1.1" 200 2852 "https://www.easydrivers.at/steyr" "Mozilla/5.0 (iPhone; CPU iPhone OS 10_1_1 like Mac OS X) AppleWebKit/602.2.14 (KHTML, like Gecko) Version/10.0 Mobile/14B100 Safari/602.1"
80.121.76.25 - - [17/Oct/2017:07:31:45 +0200] "GET /javascript/jquery.cookie.js HTTP/1.1" 200 863 "https://www.easydrivers.at/steyr" "Mozilla/5.0 (iPhone; CPU iPhone OS 10_1_1 like Mac OS X) AppleWebKit/602.2.14 (KHTML, like Gecko) Version/10.0 Mobile/14B100 Safari/602.1"
80.121.76.25 - - [17/Oct/2017:07:31:45 +0200] "GET /javascript/jquery-1.9.1.min.js HTTP/1.1" 200 32731 "https://www.easydrivers.at/steyr" "Mozilla/5.0 (iPhone; CPU iPhone OS 10_1_1 like Mac OS X) AppleWebKit/602.2.14 (KHTML, like Gecko) Version/10.0 Mobile/14B100 Safari/602.1"
80.121.76.25 - - [17/Oct/2017:07:31:45 +0200] "GET /javascript/mobile-menu.js HTTP/1.1" 200 1634 "https://www.easydrivers.at/steyr" "Mozilla/5.0 (iPhone; CPU iPhone OS 10_1_1 like Mac OS X) AppleWebKit/602.2.14 (KHTML, like Gecko) Version/10.0 Mobile/14B100 Safari/602.1"
80.121.76.25 - - [17/Oct/2017:07:31:46 +0200] "GET /javascript/jquery.simplemodal.js HTTP/1.1" 200 3070 "https://www.easydrivers.at/steyr" "Mozilla/5.0 (iPhone; CPU iPhone OS 10_1_1 like Mac OS X) AppleWebKit/602.2.14 (KHTML, like Gecko) Version/10.0 Mobile/14B100 Safari/602.1"
80.121.76.25 - - [17/Oct/2017:07:31:46 +0200] "GET /javascript/lazyload.js HTTP/1.1" 200 1170 "https://www.easydrivers.at/steyr" "Mozilla/5.0 (iPhone; CPU iPhone OS 10_1_1 like Mac OS X) AppleWebKit/602.2.14 (KHTML, like Gecko) Version/10.0 Mobile/14B100 Safari/602.1"
80.121.76.25 - - [17/Oct/2017:07:31:46 +0200] "GET /javascript/mobile-fahrschule.js HTTP/1.1" 200 328 "https://www.easydrivers.at/steyr" "Mozilla/5.0 (iPhone; CPU iPhone OS 10_1_1 like Mac OS X) AppleWebKit/602.2.14 (KHTML, like Gecko) Version/10.0 Mobile/14B100 Safari/602.1"
80.121.76.25 - - [17/Oct/2017:07:31:46 +0200] "GET /img/mobile/easydrivers-logo-mobile.png HTTP/1.1" 200 10766 "https://www.easydrivers.at/steyr" "Mozilla/5.0 (iPhone; CPU iPhone OS 10_1_1 like Mac OS X) AppleWebKit/602.2.14 (KHTML, like Gecko) Version/10.0 Mobile/14B100 Safari/602.1"
80.121.76.25 - - [17/Oct/2017:07:31:46 +0200] "GET /img/mobile/menu-button.png HTTP/1.1" 200 1746 "https://www.easydrivers.at/steyr" "Mozilla/5.0 (iPhone; CPU iPhone OS 10_1_1 like Mac OS X) AppleWebKit/602.2.14 (KHTML, like Gecko) Version/10.0 Mobile/14B100 Safari/602.1"
80.121.76.25 - - [17/Oct/2017:07:31:46 +0200] "GET /img/mobile/close-button.png HTTP/1.1" 200 2411 "https://www.easydrivers.at/steyr" "Mozilla/5.0 (iPhone; CPU iPhone OS 10_1_1 like Mac OS X) AppleWebKit/602.2.14 (KHTML, like Gecko) Version/10.0 Mobile/14B100 Safari/602.1"
80.121.76.25 - - [17/Oct/2017:07:31:46 +0200] "GET /img/mobile/facebook-icon.png HTTP/1.1" 200 1902 "https://www.easydrivers.at/steyr" "Mozilla/5.0 (iPhone; CPU iPhone OS 10_1_1 like Mac OS X) AppleWebKit/602.2.14 (KHTML, like Gecko) Version/10.0 Mobile/14B100 Safari/602.1"
80.121.76.25 - - [17/Oct/2017:07:31:46 +0200] "GET /img/mobile/info-button.png HTTP/1.1" 200 1549 "https://www.easydrivers.at/steyr" "Mozilla/5.0 (iPhone; CPU iPhone OS 10_1_1 like Mac OS X) AppleWebKit/602.2.14 (KHTML, like Gecko) Version/10.0 Mobile/14B100 Safari/602.1"
80.121.76.25 - - [17/Oct/2017:07:31:46 +0200] "GET /img/mobile/info-close-button.png HTTP/1.1" 200 1721 "https://www.easydrivers.at/steyr" "Mozilla/5.0 (iPhone; CPU iPhone OS 10_1_1 like Mac OS X) AppleWebKit/602.2.14 (KHTML, like Gecko) Version/10.0 Mobile/14B100 Safari/602.1"
80.121.76.25 - - [17/Oct/2017:07:31:46 +0200] "GET /img/smallicon-person.png HTTP/1.1" 200 1141 "https://www.easydrivers.at/steyr" "Mozilla/5.0 (iPhone; CPU iPhone OS 10_1_1 like Mac OS X) AppleWebKit/602.2.14 (KHTML, like Gecko) Version/10.0 Mobile/14B100 Safari/602.1"
80.121.76.25 - - [17/Oct/2017:07:31:46 +0200] "GET /img/smallicon-address.png HTTP/1.1" 200 1211 "https://www.easydrivers.at/steyr" "Mozilla/5.0 (iPhone; CPU iPhone OS 10_1_1 like Mac OS X) AppleWebKit/602.2.14 (KHTML, like Gecko) Version/10.0 Mobile/14B100 Safari/602.1"
80.121.76.25 - - [17/Oct/2017:07:31:46 +0200] "GET /img/mobile/googlemaps-pin.png HTTP/1.1" 200 1597 "https://www.easydrivers.at/steyr" "Mozilla/5.0 (iPhone; CPU iPhone OS 10_1_1 like Mac OS X) AppleWebKit/602.2.14 (KHTML, like Gecko) Version/10.0 Mobile/14B100 Safari/602.1"
80.121.76.25 - - [17/Oct/2017:07:31:46 +0200] "GET /img/smallicon-time.png HTTP/1.1" 200 1262 "https://www.easydrivers.at/steyr" "Mozilla/5.0 (iPhone; CPU iPhone OS 10_1_1 like Mac OS X) AppleWebKit/602.2.14 (KHTML, like Gecko) Version/10.0 Mobile/14B100 Safari/602.1"
80.121.76.25 - - [17/Oct/2017:07:31:46 +0200] "GET /img/smallicon-phone.png HTTP/1.1" 200 3056 "https://www.easydrivers.at/steyr" "Mozilla/5.0 (iPhone; CPU iPhone OS 10_1_1 like Mac OS X) AppleWebKit/602.2.14 (KHTML, like Gecko) Version/10.0 Mobile/14B100 Safari/602.1"
80.121.76.25 - - [17/Oct/2017:07:31:46 +0200] "GET /img/smallicon-mail.png HTTP/1.1" 200 1341 "https://www.easydrivers.at/steyr" "Mozilla/5.0 (iPhone; CPU iPhone OS 10_1_1 like Mac OS X) AppleWebKit/602.2.14 (KHTML, like Gecko) Version/10.0 Mobile/14B100 Safari/602.1"
80.121.76.25 - - [17/Oct/2017:07:31:46 +0200] "GET /img/mobile/widget-icon-app.png HTTP/1.1" 200 3458 "https://www.easydrivers.at/steyr" "Mozilla/5.0 (iPhone; CPU iPhone OS 10_1_1 like Mac OS X) AppleWebKit/602.2.14 (KHTML, like Gecko) Version/10.0 Mobile/14B100 Safari/602.1"
80.121.76.25 - - [17/Oct/2017:07:31:46 +0200] "GET /img/mobile/bg-header.jpg HTTP/1.1" 200 19741 "https://www.easydrivers.at/steyr" "Mozilla/5.0 (iPhone; CPU iPhone OS 10_1_1 like Mac OS X) AppleWebKit/602.2.14 (KHTML, like Gecko) Version/10.0 Mobile/14B100 Safari/602.1"
80.121.76.25 - - [17/Oct/2017:07:31:46 +0200] "GET /img/mobile/bg-menu.jpg HTTP/1.1" 200 1698 "https://www.easydrivers.at/steyr" "Mozilla/5.0 (iPhone; CPU iPhone OS 10_1_1 like Mac OS X) AppleWebKit/602.2.14 (KHTML, like Gecko) Version/10.0 Mobile/14B100 Safari/602.1"
80.121.76.25 - - [17/Oct/2017:07:31:46 +0200] "GET /img/mobile/bg-top-section.jpg HTTP/1.1" 200 21711 "https://www.easydrivers.at/steyr" "Mozilla/5.0 (iPhone; CPU iPhone OS 10_1_1 like Mac OS X) AppleWebKit/602.2.14 (KHTML, like Gecko) Version/10.0 Mobile/14B100 Safari/602.1"
80.121.76.25 - - [17/Oct/2017:07:31:46 +0200] "GET /img/mobile/pfeil-rechts.png HTTP/1.1" 200 1228 "https://www.easydrivers.at/steyr" "Mozilla/5.0 (iPhone; CPU iPhone OS 10_1_1 like Mac OS X) AppleWebKit/602.2.14 (KHTML, like Gecko) Version/10.0 Mobile/14B100 Safari/602.1"
88.99.151.233 - - [17/Oct/2017:07:31:46 +0200] "GET /ueberuns HTTP/1.1" 200 3260 "-" "Mozilla/5.0 (X11; Ubuntu; Linux x86_64; rv:55.0) Gecko/20100101 Firefox/55.0"
80.121.76.25 - - [17/Oct/2017:07:31:59 +0200] "GET /fuehrerscheine/auto HTTP/1.1" 200 5442 "https://www.easydrivers.at/steyr" "Mozilla/5.0 (iPhone; CPU iPhone OS 10_1_1 like Mac OS X) AppleWebKit/602.2.14 (KHTML, like Gecko) Version/10.0 Mobile/14B100 Safari/602.1"
80.121.76.25 - - [17/Oct/2017:07:32:00 +0200] "GET /fuehrerscheine/auto HTTP/1.1" 200 5442 "https://www.easydrivers.at/steyr" "Mozilla/5.0 (iPhone; CPU iPhone OS 10_1_1 like Mac OS X) AppleWebKit/602.2.14 (KHTML, like Gecko) Version/10.0 Mobile/14B100 Safari/602.1"
80.121.76.25 - - [17/Oct/2017:07:32:02 +0200] "GET /javascript/mobile-license.js HTTP/1.1" 200 216 "https://www.easydrivers.at/fuehrerscheine/auto" "Mozilla/5.0 (iPhone; CPU iPhone OS 10_1_1 like Mac OS X) AppleWebKit/602.2.14 (KHTML, like Gecko) Version/10.0 Mobile/14B100 Safari/602.1"
80.121.76.25 - - [17/Oct/2017:07:32:02 +0200] "GET /img/mobile/bg-yellow.jpg HTTP/1.1" 200 1569 "https://www.easydrivers.at/fuehrerscheine/auto" "Mozilla/5.0 (iPhone; CPU iPhone OS 10_1_1 like Mac OS X) AppleWebKit/602.2.14 (KHTML, like Gecko) Version/10.0 Mobile/14B100 Safari/602.1"
80.121.76.25 - - [17/Oct/2017:07:32:02 +0200] "GET /img/mobile/weiter-button.png HTTP/1.1" 200 1670 "https://www.easydrivers.at/fuehrerscheine/auto" "Mozilla/5.0 (iPhone; CPU iPhone OS 10_1_1 like Mac OS X) AppleWebKit/602.2.14 (KHTML, like Gecko) Version/10.0 Mobile/14B100 Safari/602.1"
80.121.76.25 - - [17/Oct/2017:07:32:15 +0200] "GET /img/mobile/pfeil-links-small.png HTTP/1.1" 200 1065 "https://www.easydrivers.at/fuehrerscheine/auto" "Mozilla/5.0 (iPhone; CPU iPhone OS 10_1_1 like Mac OS X) AppleWebKit/602.2.14 (KHTML, like Gecko) Version/10.0 Mobile/14B100 Safari/602.1"
80.121.76.25 - - [17/Oct/2017:07:32:15 +0200] "GET /img/mobile/pfeil-rechts-small.png HTTP/1.1" 200 1056 "https://www.easydrivers.at/fuehrerscheine/auto" "Mozilla/5.0 (iPhone; CPU iPhone OS 10_1_1 like Mac OS X) AppleWebKit/602.2.14 (KHTML, like Gecko) Version/10.0 Mobile/14B100 Safari/602.1"
193.170.238.146 - - [17/Oct/2017:07:32:26 +0200] "GET /kapfenberg.pankl HTTP/1.1" 200 3699 "https://www.google.at/" "Mozilla/5.0 (Windows NT 10.0; WOW64; rv:56.0) Gecko/20100101 Firefox/56.0"
80.121.76.25 - - [17/Oct/2017:07:32:31 +0200] "GET /fuehrerscheine/auto?channel=fullversion HTTP/1.1" 200 3372 "https://www.easydrivers.at/fuehrerscheine/auto" "Mozilla/5.0 (iPhone; CPU iPhone OS 10_1_1 like Mac OS X) AppleWebKit/602.2.14 (KHTML, like Gecko) Version/10.0 Mobile/14B100 Safari/602.1"
80.121.76.25 - - [17/Oct/2017:07:32:33 +0200] "GET /css/style.css HTTP/1.1" 200 5004 "https://www.easydrivers.at/fuehrerscheine/auto?channel=fullversion" "Mozilla/5.0 (iPhone; CPU iPhone OS 10_1_1 like Mac OS X) AppleWebKit/602.2.14 (KHTML, like Gecko) Version/10.0 Mobile/14B100 Safari/602.1"
80.121.76.25 - - [17/Oct/2017:07:32:33 +0200] "GET /css/print.css HTTP/1.1" 200 967 "https://www.easydrivers.at/fuehrerscheine/auto?channel=fullversion" "Mozilla/5.0 (iPhone; CPU iPhone OS 10_1_1 like Mac OS X) AppleWebKit/602.2.14 (KHTML, like Gecko) Version/10.0 Mobile/14B100 Safari/602.1"
80.121.76.25 - - [17/Oct/2017:07:32:33 +0200] "GET /javascript/jquery.customSelect.min.js HTTP/1.1" 200 912 "https://www.easydrivers.at/fuehrerscheine/auto?channel=fullversion" "Mozilla/5.0 (iPhone; CPU iPhone OS 10_1_1 like Mac OS X) AppleWebKit/602.2.14 (KHTML, like Gecko) Version/10.0 Mobile/14B100 Safari/602.1"
80.121.76.25 - - [17/Oct/2017:07:32:33 +0200] "GET /javascript/portal.js?1221842734 HTTP/1.1" 200 3529 "https://www.easydrivers.at/fuehrerscheine/auto?channel=fullversion" "Mozilla/5.0 (iPhone; CPU iPhone OS 10_1_1 like Mac OS X) AppleWebKit/602.2.14 (KHTML, like Gecko) Version/10.0 Mobile/14B100 Safari/602.1"
80.121.76.25 - - [17/Oct/2017:07:32:33 +0200] "GET /javascript/license.js HTTP/1.1" 200 315 "https://www.easydrivers.at/fuehrerscheine/auto?channel=fullversion" "Mozilla/5.0 (iPhone; CPU iPhone OS 10_1_1 like Mac OS X) AppleWebKit/602.2.14 (KHTML, like Gecko) Version/10.0 Mobile/14B100 Safari/602.1"
80.121.76.25 - - [17/Oct/2017:07:32:33 +0200] "GET /img/close-button.png HTTP/1.1" 200 2237 "https://www.easydrivers.at/fuehrerscheine/auto?channel=fullversion" "Mozilla/5.0 (iPhone; CPU iPhone OS 10_1_1 like Mac OS X) AppleWebKit/602.2.14 (KHTML, like Gecko) Version/10.0 Mobile/14B100 Safari/602.1"
80.121.76.25 - - [17/Oct/2017:07:32:33 +0200] "GET /img/facebook-icon.png HTTP/1.1" 200 1506 "https://www.easydrivers.at/fuehrerscheine/auto?channel=fullversion" "Mozilla/5.0 (iPhone; CPU iPhone OS 10_1_1 like Mac OS X) AppleWebKit/602.2.14 (KHTML, like Gecko) Version/10.0 Mobile/14B100 Safari/602.1"
80.121.76.25 - - [17/Oct/2017:07:32:33 +0200] "GET /binaries/easy-drivers-portal/pkw9jpg-1.jpg HTTP/1.1" 200 68933 "https://www.easydrivers.at/fuehrerscheine/auto?channel=fullversion" "Mozilla/5.0 (iPhone; CPU iPhone OS 10_1_1 like Mac OS X) AppleWebKit/602.2.14 (KHTML, like Gecko) Version/10.0 Mobile/14B100 Safari/602.1"
80.121.76.25 - - [17/Oct/2017:07:32:33 +0200] "GET /img/schweiz-icon.png HTTP/1.1" 200 1504 "https://www.easydrivers.at/fuehrerscheine/auto?channel=fullversion" "Mozilla/5.0 (iPhone; CPU iPhone OS 10_1_1 like Mac OS X) AppleWebKit/602.2.14 (KHTML, like Gecko) Version/10.0 Mobile/14B100 Safari/602.1"
80.121.76.25 - - [17/Oct/2017:07:32:33 +0200] "GET /img/bg-header.jpg HTTP/1.1" 200 38680 "https://www.easydrivers.at/fuehrerscheine/auto?channel=fullversion" "Mozilla/5.0 (iPhone; CPU iPhone OS 10_1_1 like Mac OS X) AppleWebKit/602.2.14 (KHTML, like Gecko) Version/10.0 Mobile/14B100 Safari/602.1"
80.121.76.25 - - [17/Oct/2017:07:32:33 +0200] "GET /img/ED_Logo.png HTTP/1.1" 200 3385 "https://www.easydrivers.at/fuehrerscheine/auto?channel=fullversion" "Mozilla/5.0 (iPhone; CPU iPhone OS 10_1_1 like Mac OS X) AppleWebKit/602.2.14 (KHTML, like Gecko) Version/10.0 Mobile/14B100 Safari/602.1"
80.121.76.25 - - [17/Oct/2017:07:32:33 +0200] "GET /img/bg-yellow.jpg HTTP/1.1" 200 2250 "https://www.easydrivers.at/fuehrerscheine/auto?channel=fullversion" "Mozilla/5.0 (iPhone; CPU iPhone OS 10_1_1 like Mac OS X) AppleWebKit/602.2.14 (KHTML, like Gecko) Version/10.0 Mobile/14B100 Safari/602.1"
80.121.76.25 - - [17/Oct/2017:07:32:33 +0200] "GET /img/submit-button-small.png HTTP/1.1" 200 1456 "https://www.easydrivers.at/fuehrerscheine/auto?channel=fullversion" "Mozilla/5.0 (iPhone; CPU iPhone OS 10_1_1 like Mac OS X) AppleWebKit/602.2.14 (KHTML, like Gecko) Version/10.0 Mobile/14B100 Safari/602.1"
80.121.76.25 - - [17/Oct/2017:07:32:33 +0200] "GET /img/bg-footer.jpg HTTP/1.1" 200 31770 "https://www.easydrivers.at/fuehrerscheine/auto?channel=fullversion" "Mozilla/5.0 (iPhone; CPU iPhone OS 10_1_1 like Mac OS X) AppleWebKit/602.2.14 (KHTML, like Gecko) Version/10.0 Mobile/14B100 Safari/602.1"
80.121.76.25 - - [17/Oct/2017:07:32:33 +0200] "GET /img/kursicon-print-pink.png HTTP/1.1" 200 1125 "https://www.easydrivers.at/fuehrerscheine/auto?channel=fullversion" "Mozilla/5.0 (iPhone; CPU iPhone OS 10_1_1 like Mac OS X) AppleWebKit/602.2.14 (KHTML, like Gecko) Version/10.0 Mobile/14B100 Safari/602.1"
80.121.76.25 - - [17/Oct/2017:07:32:33 +0200] "GET /img/kursicon-download-pink.png HTTP/1.1" 200 1213 "https://www.easydrivers.at/fuehrerscheine/auto?channel=fullversion" "Mozilla/5.0 (iPhone; CPU iPhone OS 10_1_1 like Mac OS X) AppleWebKit/602.2.14 (KHTML, like Gecko) Version/10.0 Mobile/14B100 Safari/602.1"
80.121.76.25 - - [17/Oct/2017:07:32:33 +0200] "GET /img/kursicon-share-pink.png HTTP/1.1" 200 1277 "https://www.easydrivers.at/fuehrerscheine/auto?channel=fullversion" "Mozilla/5.0 (iPhone; CPU iPhone OS 10_1_1 like Mac OS X) AppleWebKit/602.2.14 (KHTML, like Gecko) Version/10.0 Mobile/14B100 Safari/602.1"
80.121.76.25 - - [17/Oct/2017:07:32:33 +0200] "GET /img/kursicon-phone-pink.png HTTP/1.1" 200 1286 "https://www.easydrivers.at/fuehrerscheine/auto?channel=fullversion" "Mozilla/5.0 (iPhone; CPU iPhone OS 10_1_1 like Mac OS X) AppleWebKit/602.2.14 (KHTML, like Gecko) Version/10.0 Mobile/14B100 Safari/602.1"
66.249.66.75 - - [17/Oct/2017:07:32:34 +0200] "GET /uploads/pdfs/schwechat/10280281_F.pdf HTTP/1.1" 301 316 "-" "Mozilla/5.0 (compatible; Googlebot/2.1; +http://www.google.com/bot.html)"
66.249.76.82 - - [17/Oct/2017:07:32:34 +0200] "GET /uploads/pdfs/schwechat/10280281_F.pdf HTTP/1.1" 200 28879 "-" "Mozilla/5.0 (compatible; Googlebot/2.1; +http://www.google.com/bot.html)"
88.99.151.233 - - [17/Oct/2017:07:32:41 +0200] "GET /fahrschulen HTTP/1.1" 200 3924 "-" "Mozilla/5.0 (X11; Ubuntu; Linux x86_64; rv:55.0) Gecko/20100101 Firefox/55.0"
40.77.167.108 - - [17/Oct/2017:07:32:47 +0200] "GET /bruck.leitha/10290919?FS=BF HTTP/1.1" 200 5957 "-" "Mozilla/5.0 (compatible; bingbot/2.0; +http://www.bing.com/bingbot.htm)"
80.121.76.25 - - [17/Oct/2017:07:32:50 +0200] "GET /fuehrerscheine/auto/B HTTP/1.1" 200 3735 "https://www.easydrivers.at/fuehrerscheine/auto?channel=fullversion" "Mozilla/5.0 (iPhone; CPU iPhone OS 10_1_1 like Mac OS X) AppleWebKit/602.2.14 (KHTML, like Gecko) Version/10.0 Mobile/14B100 Safari/602.1"
80.121.76.25 - - [17/Oct/2017:07:32:52 +0200] "GET /fuehrerscheine/auto/B HTTP/1.1" 500 714 "https://www.easydrivers.at/fuehrerscheine/auto?channel=fullversion" "Mozilla/5.0 (iPhone; CPU iPhone OS 10_1_1 like Mac OS X) AppleWebKit/602.2.14 (KHTML, like Gecko) Version/10.0 Mobile/14B100 Safari/602.1"
80.121.76.25 - - [17/Oct/2017:07:32:55 +0200] "GET /fuehrerscheine/auto/B HTTP/1.1" 200 3736 "https://www.easydrivers.at/fuehrerscheine/auto?channel=fullversion" "Mozilla/5.0 (iPhone; CPU iPhone OS 10_1_1 like Mac OS X) AppleWebKit/602.2.14 (KHTML, like Gecko) Version/10.0 Mobile/14B100 Safari/602.1"
80.121.76.25 - - [17/Oct/2017:07:32:57 +0200] "GET /fuehrerscheine/auto/B HTTP/1.1" 200 3735 "https://www.easydrivers.at/fuehrerscheine/auto?channel=fullversion" "Mozilla/5.0 (iPhone; CPU iPhone OS 10_1_1 like Mac OS X) AppleWebKit/602.2.14 (KHTML, like Gecko) Version/10.0 Mobile/14B100 Safari/602.1"
80.121.76.25 - - [17/Oct/2017:07:33:01 +0200] "GET /binaries/easy-drivers-portal/motorrad2jpg.jpg HTTP/1.1" 200 45802 "https://www.easydrivers.at/fuehrerscheine/auto/B" "Mozilla/5.0 (iPhone; CPU iPhone OS 10_1_1 like Mac OS X) AppleWebKit/602.2.14 (KHTML, like Gecko) Version/10.0 Mobile/14B100 Safari/602.1"
80.121.76.25 - - [17/Oct/2017:07:33:01 +0200] "GET /javascript/product.js HTTP/1.1" 200 139 "https://www.easydrivers.at/fuehrerscheine/auto/B" "Mozilla/5.0 (iPhone; CPU iPhone OS 10_1_1 like Mac OS X) AppleWebKit/602.2.14 (KHTML, like Gecko) Version/10.0 Mobile/14B100 Safari/602.1"
80.121.76.25 - - [17/Oct/2017:07:33:01 +0200] "GET /img/arrow-left.png HTTP/1.1" 200 1015 "https://www.easydrivers.at/fuehrerscheine/auto/B" "Mozilla/5.0 (iPhone; CPU iPhone OS 10_1_1 like Mac OS X) AppleWebKit/602.2.14 (KHTML, like Gecko) Version/10.0 Mobile/14B100 Safari/602.1"
80.121.76.25 - - [17/Oct/2017:07:33:01 +0200] "GET /img/arrow-up.png HTTP/1.1" 200 1081 "https://www.easydrivers.at/fuehrerscheine/auto/B" "Mozilla/5.0 (iPhone; CPU iPhone OS 10_1_1 like Mac OS X) AppleWebKit/602.2.14 (KHTML, like Gecko) Version/10.0 Mobile/14B100 Safari/602.1"
66.249.76.76 - - [17/Oct/2017:07:33:27 +0200] "GET /uploads/pdfs/voesendorf/10281957_BZ.pdf HTTP/1.1" 301 321 "-" "Mozilla/5.0 (compatible; Googlebot/2.1; +http://www.google.com/bot.html)"
178.115.128.52 - - [17/Oct/2017:07:33:28 +0200] "GET /fuehrerscheine/traktor HTTP/1.1" 301 306 "http://www.google.at/" "Mozilla/5.0 (Linux; Android 6.0; ALE-L21 Build/HuaweiALE-L21) AppleWebKit/537.36 (KHTML, like Gecko) Chrome/61.0.3163.98 Mobile Safari/537.36"
66.249.66.81 - - [17/Oct/2017:07:33:28 +0200] "GET /uploads/pdfs/voesendorf/10281957_BZ.pdf HTTP/1.1" 200 26270 "-" "Mozilla/5.0 (compatible; Googlebot/2.1; +http://www.google.com/bot.html)"
178.115.128.52 - - [17/Oct/2017:07:33:30 +0200] "GET /fuehrerscheine/traktor HTTP/1.1" 200 2871 "http://www.google.at/" "Mozilla/5.0 (Linux; Android 6.0; ALE-L21 Build/HuaweiALE-L21) AppleWebKit/537.36 (KHTML, like Gecko) Chrome/61.0.3163.98 Mobile Safari/537.36"
178.115.128.52 - - [17/Oct/2017:07:33:33 +0200] "GET /css/mobile.css HTTP/1.1" 200 2852 "https://www.easydrivers.at/fuehrerscheine/traktor" "Mozilla/5.0 (Linux; Android 6.0; ALE-L21 Build/HuaweiALE-L21) AppleWebKit/537.36 (KHTML, like Gecko) Chrome/61.0.3163.98 Mobile Safari/537.36"
178.115.128.52 - - [17/Oct/2017:07:33:33 +0200] "GET /javascript/jquery.cookie.js HTTP/1.1" 200 863 "https://www.easydrivers.at/fuehrerscheine/traktor" "Mozilla/5.0 (Linux; Android 6.0; ALE-L21 Build/HuaweiALE-L21) AppleWebKit/537.36 (KHTML, like Gecko) Chrome/61.0.3163.98 Mobile Safari/537.36"
178.115.128.52 - - [17/Oct/2017:07:33:33 +0200] "GET /javascript/mobile-menu.js HTTP/1.1" 200 1634 "https://www.easydrivers.at/fuehrerscheine/traktor" "Mozilla/5.0 (Linux; Android 6.0; ALE-L21 Build/HuaweiALE-L21) AppleWebKit/537.36 (KHTML, like Gecko) Chrome/61.0.3163.98 Mobile Safari/537.36"
178.115.128.52 - - [17/Oct/2017:07:33:33 +0200] "GET /javascript/jquery-1.9.1.min.js HTTP/1.1" 200 32731 "https://www.easydrivers.at/fuehrerscheine/traktor" "Mozilla/5.0 (Linux; Android 6.0; ALE-L21 Build/HuaweiALE-L21) AppleWebKit/537.36 (KHTML, like Gecko) Chrome/61.0.3163.98 Mobile Safari/537.36"
178.115.128.52 - - [17/Oct/2017:07:33:33 +0200] "GET /javascript/jquery.simplemodal.js HTTP/1.1" 200 3070 "https://www.easydrivers.at/fuehrerscheine/traktor" "Mozilla/5.0 (Linux; Android 6.0; ALE-L21 Build/HuaweiALE-L21) AppleWebKit/537.36 (KHTML, like Gecko) Chrome/61.0.3163.98 Mobile Safari/537.36"
178.115.128.52 - - [17/Oct/2017:07:33:34 +0200] "GET /javascript/mobile-license.js HTTP/1.1" 200 216 "https://www.easydrivers.at/fuehrerscheine/traktor" "Mozilla/5.0 (Linux; Android 6.0; ALE-L21 Build/HuaweiALE-L21) AppleWebKit/537.36 (KHTML, like Gecko) Chrome/61.0.3163.98 Mobile Safari/537.36"
178.115.128.52 - - [17/Oct/2017:07:33:34 +0200] "GET /javascript/lazyload.js HTTP/1.1" 200 1170 "https://www.easydrivers.at/fuehrerscheine/traktor" "Mozilla/5.0 (Linux; Android 6.0; ALE-L21 Build/HuaweiALE-L21) AppleWebKit/537.36 (KHTML, like Gecko) Chrome/61.0.3163.98 Mobile Safari/537.36"
178.115.128.52 - - [17/Oct/2017:07:33:34 +0200] "GET /img/mobile/easydrivers-logo-mobile.png HTTP/1.1" 200 10766 "https://www.easydrivers.at/fuehrerscheine/traktor" "Mozilla/5.0 (Linux; Android 6.0; ALE-L21 Build/HuaweiALE-L21) AppleWebKit/537.36 (KHTML, like Gecko) Chrome/61.0.3163.98 Mobile Safari/537.36"
178.115.128.52 - - [17/Oct/2017:07:33:35 +0200] "GET /img/mobile/menu-button.png HTTP/1.1" 200 1746 "https://www.easydrivers.at/fuehrerscheine/traktor" "Mozilla/5.0 (Linux; Android 6.0; ALE-L21 Build/HuaweiALE-L21) AppleWebKit/537.36 (KHTML, like Gecko) Chrome/61.0.3163.98 Mobile Safari/537.36"
178.115.128.52 - - [17/Oct/2017:07:33:35 +0200] "GET /img/mobile/close-button.png HTTP/1.1" 200 2411 "https://www.easydrivers.at/fuehrerscheine/traktor" "Mozilla/5.0 (Linux; Android 6.0; ALE-L21 Build/HuaweiALE-L21) AppleWebKit/537.36 (KHTML, like Gecko) Chrome/61.0.3163.98 Mobile Safari/537.36"
178.115.128.52 - - [17/Oct/2017:07:33:35 +0200] "GET /img/mobile/facebook-icon.png HTTP/1.1" 200 1902 "https://www.easydrivers.at/fuehrerscheine/traktor" "Mozilla/5.0 (Linux; Android 6.0; ALE-L21 Build/HuaweiALE-L21) AppleWebKit/537.36 (KHTML, like Gecko) Chrome/61.0.3163.98 Mobile Safari/537.36"
178.115.128.52 - - [17/Oct/2017:07:33:35 +0200] "GET /img/mobile/bg-header.jpg HTTP/1.1" 200 19741 "https://www.easydrivers.at/css/mobile.css" "Mozilla/5.0 (Linux; Android 6.0; ALE-L21 Build/HuaweiALE-L21) AppleWebKit/537.36 (KHTML, like Gecko) Chrome/61.0.3163.98 Mobile Safari/537.36"
178.115.128.52 - - [17/Oct/2017:07:33:35 +0200] "GET /img/mobile/bg-menu.jpg HTTP/1.1" 200 1698 "https://www.easydrivers.at/css/mobile.css" "Mozilla/5.0 (Linux; Android 6.0; ALE-L21 Build/HuaweiALE-L21) AppleWebKit/537.36 (KHTML, like Gecko) Chrome/61.0.3163.98 Mobile Safari/537.36"
178.115.128.52 - - [17/Oct/2017:07:33:36 +0200] "GET /img/mobile/weiter-button.png HTTP/1.1" 200 1670 "https://www.easydrivers.at/css/mobile.css" "Mozilla/5.0 (Linux; Android 6.0; ALE-L21 Build/HuaweiALE-L21) AppleWebKit/537.36 (KHTML, like Gecko) Chrome/61.0.3163.98 Mobile Safari/537.36"
178.115.128.52 - - [17/Oct/2017:07:33:36 +0200] "GET /img/mobile/bg-yellow.jpg HTTP/1.1" 200 1569 "https://www.easydrivers.at/css/mobile.css" "Mozilla/5.0 (Linux; Android 6.0; ALE-L21 Build/HuaweiALE-L21) AppleWebKit/537.36 (KHTML, like Gecko) Chrome/61.0.3163.98 Mobile Safari/537.36"
178.115.128.52 - - [17/Oct/2017:07:33:46 +0200] "GET /img/favicon.ico HTTP/1.1" 301 303 "-" "Mozilla/5.0 (Linux; Android 6.0; ALE-L21 Build/HuaweiALE-L21) AppleWebKit/537.36 (KHTML, like Gecko) Chrome/61.0.3163.98 Mobile Safari/537.36"
178.115.128.52 - - [17/Oct/2017:07:33:46 +0200] "GET /img/favicon.ico HTTP/1.1" 404 301 "-" "Mozilla/5.0 (Linux; Android 6.0; ALE-L21 Build/HuaweiALE-L21) AppleWebKit/537.36 (KHTML, like Gecko) Chrome/61.0.3163.98 Mobile Safari/537.36"
88.99.151.233 - - [17/Oct/2017:07:33:50 +0200] "GET /fahrschulen/niederoesterreich HTTP/1.1" 200 6025 "-" "Mozilla/5.0 (X11; Ubuntu; Linux x86_64; rv:55.0) Gecko/20100101 Firefox/55.0"
178.115.128.52 - - [17/Oct/2017:07:33:54 +0200] "GET /img/mobile/pfeil-rechts-small.png HTTP/1.1" 200 1056 "https://www.easydrivers.at/css/mobile.css" "Mozilla/5.0 (Linux; Android 6.0; ALE-L21 Build/HuaweiALE-L21) AppleWebKit/537.36 (KHTML, like Gecko) Chrome/61.0.3163.98 Mobile Safari/537.36"
178.115.128.52 - - [17/Oct/2017:07:33:54 +0200] "GET /img/mobile/pfeil-links-small.png HTTP/1.1" 200 1065 "https://www.easydrivers.at/css/mobile.css" "Mozilla/5.0 (Linux; Android 6.0; ALE-L21 Build/HuaweiALE-L21) AppleWebKit/537.36 (KHTML, like Gecko) Chrome/61.0.3163.98 Mobile Safari/537.36"
66.249.76.78 - - [17/Oct/2017:07:34:21 +0200] "GET /woergl HTTP/1.1" 301 298 "-" "Mozilla/5.0 (Linux; Android 6.0.1; Nexus 5X Build/MMB29P) AppleWebKit/537.36 (KHTML, like Gecko) Chrome/41.0.2272.96 Mobile Safari/537.36 (compatible; Googlebot/2.1; +http://www.google.com/bot.html)"
66.249.76.80 - - [17/Oct/2017:07:34:22 +0200] "GET /woergl HTTP/1.1" 404 2358 "-" "Mozilla/5.0 (Linux; Android 6.0.1; Nexus 5X Build/MMB29P) AppleWebKit/537.36 (KHTML, like Gecko) Chrome/41.0.2272.96 Mobile Safari/537.36 (compatible; Googlebot/2.1; +http://www.google.com/bot.html)"
79.196.230.31 - - [17/Oct/2017:07:34:57 +0200] "GET /bludenz/aktionen HTTP/1.1" 200 3071 "-" "Mozilla/5.0 (Windows; U; Windows NT 6.0; de; rv:1.9.2.3) Gecko/20100401 Firefox/3.6.3 ( .NET CLR 3.5.30729)"
88.99.151.233 - - [17/Oct/2017:07:35:00 +0200] "GET /fahrschulen/salzburg HTTP/1.1" 200 2170 "-" "Mozilla/5.0 (X11; Ubuntu; Linux x86_64; rv:55.0) Gecko/20100101 Firefox/55.0"
62.46.239.116 - - [17/Oct/2017:07:35:02 +0200] "GET /steyr HTTP/1.1" 301 296 "http://www.search.ask.com/web?q=Easy+driver+Steyr&apn_dtid=%5EOSJ000%5EYY%5EAT&apn_dbr=ie_11.0.9600.17689&psv=&itbv=12.24.1.51&p2=%5EBBE%5EOSJ000%5EYY%5EAT&apn_ptnrs=BBE&o=APN11406&gct=hp&pf=V7&tpid=ORJ-SPE&trgb=IE&pt=tb&apn_uid=E1AB9FD9-D2AA-4D37-8C9B-305537F40005&tpr=1&doi=2015-04-10&ts=1508218501142" "Mozilla/5.0 (Windows NT 6.1; WOW64; Trident/7.0; rv:11.0) like Gecko"
62.46.239.116 - - [17/Oct/2017:07:35:03 +0200] "GET /steyr HTTP/1.1" 200 3689 "http://www.search.ask.com/web?q=Easy+driver+Steyr&apn_dtid=%5EOSJ000%5EYY%5EAT&apn_dbr=ie_11.0.9600.17689&psv=&itbv=12.24.1.51&p2=%5EBBE%5EOSJ000%5EYY%5EAT&apn_ptnrs=BBE&o=APN11406&gct=hp&pf=V7&tpid=ORJ-SPE&trgb=IE&pt=tb&apn_uid=E1AB9FD9-D2AA-4D37-8C9B-305537F40005&tpr=1&doi=2015-04-10&ts=1508218501142" "Mozilla/5.0 (Windows NT 6.1; WOW64; Trident/7.0; rv:11.0) like Gecko"
62.46.239.116 - - [17/Oct/2017:07:35:05 +0200] "GET /css/style.css HTTP/1.1" 200 5004 "https://www.easydrivers.at/steyr" "Mozilla/5.0 (Windows NT 6.1; WOW64; Trident/7.0; rv:11.0) like Gecko"
62.46.239.116 - - [17/Oct/2017:07:35:05 +0200] "GET /css/print.css HTTP/1.1" 200 967 "https://www.easydrivers.at/steyr" "Mozilla/5.0 (Windows NT 6.1; WOW64; Trident/7.0; rv:11.0) like Gecko"
62.46.239.116 - - [17/Oct/2017:07:35:05 +0200] "GET /javascript/jquery.customSelect.min.js HTTP/1.1" 200 912 "https://www.easydrivers.at/steyr" "Mozilla/5.0 (Windows NT 6.1; WOW64; Trident/7.0; rv:11.0) like Gecko"
62.46.239.116 - - [17/Oct/2017:07:35:05 +0200] "GET /javascript/jquery.cookie.js HTTP/1.1" 200 863 "https://www.easydrivers.at/steyr" "Mozilla/5.0 (Windows NT 6.1; WOW64; Trident/7.0; rv:11.0) like Gecko"
62.46.239.116 - - [17/Oct/2017:07:35:05 +0200] "GET /javascript/portal.js?1221842734 HTTP/1.1" 200 3529 "https://www.easydrivers.at/steyr" "Mozilla/5.0 (Windows NT 6.1; WOW64; Trident/7.0; rv:11.0) like Gecko"
62.46.239.116 - - [17/Oct/2017:07:35:05 +0200] "GET /javascript/jquery.simplemodal.js HTTP/1.1" 200 3070 "https://www.easydrivers.at/steyr" "Mozilla/5.0 (Windows NT 6.1; WOW64; Trident/7.0; rv:11.0) like Gecko"
62.46.239.116 - - [17/Oct/2017:07:35:05 +0200] "GET /javascript/fahrschule.js HTTP/1.1" 200 462 "https://www.easydrivers.at/steyr" "Mozilla/5.0 (Windows NT 6.1; WOW64; Trident/7.0; rv:11.0) like Gecko"
62.46.239.116 - - [17/Oct/2017:07:35:05 +0200] "GET /img/close-button.png HTTP/1.1" 200 2237 "https://www.easydrivers.at/steyr" "Mozilla/5.0 (Windows NT 6.1; WOW64; Trident/7.0; rv:11.0) like Gecko"
62.46.239.116 - - [17/Oct/2017:07:35:05 +0200] "GET /img/facebook-icon.png HTTP/1.1" 200 1506 "https://www.easydrivers.at/steyr" "Mozilla/5.0 (Windows NT 6.1; WOW64; Trident/7.0; rv:11.0) like Gecko"
62.46.239.116 - - [17/Oct/2017:07:35:05 +0200] "GET /img/info-button.png HTTP/1.1" 200 738 "https://www.easydrivers.at/steyr" "Mozilla/5.0 (Windows NT 6.1; WOW64; Trident/7.0; rv:11.0) like Gecko"
62.46.239.116 - - [17/Oct/2017:07:35:05 +0200] "GET /img/close-button-small.png HTTP/1.1" 200 1671 "https://www.easydrivers.at/steyr" "Mozilla/5.0 (Windows NT 6.1; WOW64; Trident/7.0; rv:11.0) like Gecko"
62.46.239.116 - - [17/Oct/2017:07:35:05 +0200] "GET /img/locator-icon.png HTTP/1.1" 200 1377 "https://www.easydrivers.at/steyr" "Mozilla/5.0 (Windows NT 6.1; WOW64; Trident/7.0; rv:11.0) like Gecko"
62.46.239.116 - - [17/Oct/2017:07:35:06 +0200] "GET /img/submit-button.png HTTP/1.1" 200 1958 "https://www.easydrivers.at/steyr" "Mozilla/5.0 (Windows NT 6.1; WOW64; Trident/7.0; rv:11.0) like Gecko"
62.46.239.116 - - [17/Oct/2017:07:35:06 +0200] "GET /cache/emu/images/easy-drivers-portal10255541/easy-1jpg_120_90_0.jpg HTTP/1.1" 200 2330 "https://www.easydrivers.at/steyr" "Mozilla/5.0 (Windows NT 6.1; WOW64; Trident/7.0; rv:11.0) like Gecko"
62.46.239.116 - - [17/Oct/2017:07:35:06 +0200] "GET /img/empty.gif HTTP/1.1" 200 43 "https://www.easydrivers.at/steyr" "Mozilla/5.0 (Windows NT 6.1; WOW64; Trident/7.0; rv:11.0) like Gecko"
62.46.239.116 - - [17/Oct/2017:07:35:06 +0200] "GET /cache/emu/images/easy-drivers-portal10280554/i-3_135_90_0.jpg HTTP/1.1" 200 4419 "https://www.easydrivers.at/steyr" "Mozilla/5.0 (Windows NT 6.1; WOW64; Trident/7.0; rv:11.0) like Gecko"
62.46.239.116 - - [17/Oct/2017:07:35:06 +0200] "GET /binaries/easy-drivers-portal/widget-icon-trainingpng.png HTTP/1.1" 200 2662 "https://www.easydrivers.at/steyr" "Mozilla/5.0 (Windows NT 6.1; WOW64; Trident/7.0; rv:11.0) like Gecko"
62.46.239.116 - - [17/Oct/2017:07:35:06 +0200] "GET /binaries/easy-drivers-portal/widget-icon-apppng.png HTTP/1.1" 200 2432 "https://www.easydrivers.at/steyr" "Mozilla/5.0 (Windows NT 6.1; WOW64; Trident/7.0; rv:11.0) like Gecko"
62.46.239.116 - - [17/Oct/2017:07:35:06 +0200] "GET /img/schweiz-icon.png HTTP/1.1" 200 1504 "https://www.easydrivers.at/steyr" "Mozilla/5.0 (Windows NT 6.1; WOW64; Trident/7.0; rv:11.0) like Gecko"
62.46.239.116 - - [17/Oct/2017:07:35:06 +0200] "GET /javascript/lazyload.js HTTP/1.1" 200 1170 "https://www.easydrivers.at/steyr" "Mozilla/5.0 (Windows NT 6.1; WOW64; Trident/7.0; rv:11.0) like Gecko"
62.46.239.116 - - [17/Oct/2017:07:35:06 +0200] "GET /img/kursicon-print-pink.png HTTP/1.1" 200 1125 "https://www.easydrivers.at/steyr" "Mozilla/5.0 (Windows NT 6.1; WOW64; Trident/7.0; rv:11.0) like Gecko"
62.46.239.116 - - [17/Oct/2017:07:35:06 +0200] "GET /img/bg-header.jpg HTTP/1.1" 200 38680 "https://www.easydrivers.at/steyr" "Mozilla/5.0 (Windows NT 6.1; WOW64; Trident/7.0; rv:11.0) like Gecko"
62.46.239.116 - - [17/Oct/2017:07:35:06 +0200] "GET /img/kursicon-share-pink.png HTTP/1.1" 200 1277 "https://www.easydrivers.at/steyr" "Mozilla/5.0 (Windows NT 6.1; WOW64; Trident/7.0; rv:11.0) like Gecko"
62.46.239.116 - - [17/Oct/2017:07:35:06 +0200] "GET /img/kursicon-download-pink.png HTTP/1.1" 200 1213 "https://www.easydrivers.at/steyr" "Mozilla/5.0 (Windows NT 6.1; WOW64; Trident/7.0; rv:11.0) like Gecko"
62.46.239.116 - - [17/Oct/2017:07:35:06 +0200] "GET /img/kursicon-phone-pink.png HTTP/1.1" 200 1286 "https://www.easydrivers.at/steyr" "Mozilla/5.0 (Windows NT 6.1; WOW64; Trident/7.0; rv:11.0) like Gecko"
62.46.239.116 - - [17/Oct/2017:07:35:06 +0200] "GET /img/bg-footer.jpg HTTP/1.1" 200 31770 "https://www.easydrivers.at/steyr" "Mozilla/5.0 (Windows NT 6.1; WOW64; Trident/7.0; rv:11.0) like Gecko"
62.46.239.116 - - [17/Oct/2017:07:35:06 +0200] "GET /img/ED_Logo.png HTTP/1.1" 200 3385 "https://www.easydrivers.at/steyr" "Mozilla/5.0 (Windows NT 6.1; WOW64; Trident/7.0; rv:11.0) like Gecko"
62.46.239.116 - - [17/Oct/2017:07:35:06 +0200] "GET /img/purple-dots-horizontal.png HTTP/1.1" 200 977 "https://www.easydrivers.at/steyr" "Mozilla/5.0 (Windows NT 6.1; WOW64; Trident/7.0; rv:11.0) like Gecko"
62.46.239.116 - - [17/Oct/2017:07:35:06 +0200] "GET /img/yellow-dots-vertical.png HTTP/1.1" 200 981 "https://www.easydrivers.at/steyr" "Mozilla/5.0 (Windows NT 6.1; WOW64; Trident/7.0; rv:11.0) like Gecko"
62.46.239.116 - - [17/Oct/2017:07:35:06 +0200] "GET /img/bg-top-section.jpg HTTP/1.1" 200 82172 "https://www.easydrivers.at/steyr" "Mozilla/5.0 (Windows NT 6.1; WOW64; Trident/7.0; rv:11.0) like Gecko"
62.178.33.201 - - [17/Oct/2017:07:35:07 +0200] "GET /binaries/easy-drivers-portal/motorrad6jpg.jpg HTTP/1.1" 200 83216 "-" "Mozilla/5.0 (Linux; Android 7.0; EVA-L19 Build/HUAWEIEVA-L19; wv) AppleWebKit/537.36 (KHTML, like Gecko) Version/4.0 Chrome/61.0.3163.98 Mobile Safari/537.36 GSA/7.12.24.21.arm64"
62.46.239.116 - - [17/Oct/2017:07:35:08 +0200] "GET /img/new_favicon.ico HTTP/1.1" 301 306 "-" "Mozilla/5.0 (Windows NT 6.1; WOW64; Trident/7.0; rv:11.0) like Gecko"
62.46.239.116 - - [17/Oct/2017:07:35:08 +0200] "GET /img/new_favicon.ico HTTP/1.1" 200 1150 "-" "Mozilla/5.0 (Windows NT 6.1; WOW64; Trident/7.0; rv:11.0) like Gecko"
66.249.76.74 - - [17/Oct/2017:07:35:15 +0200] "GET /bruck.leitha/10279427?FS=B-L HTTP/1.1" 301 315 "-" "Mozilla/5.0 (compatible; Googlebot/2.1; +http://www.google.com/bot.html)"
66.249.76.82 - - [17/Oct/2017:07:35:15 +0200] "GET /bruck.leitha/10279427?FS=B-L HTTP/1.1" 410 3438 "-" "Mozilla/5.0 (compatible; Googlebot/2.1; +http://www.google.com/bot.html)"
62.46.239.116 - - [17/Oct/2017:07:35:38 +0200] "GET /steyr/Inhaberdaten HTTP/1.1" 301 304 "http://www.search.ask.com/web?q=Easy+driver+Steyr&apn_dtid=%5EOSJ000%5EYY%5EAT&apn_dbr=ie_11.0.9600.17689&psv=&itbv=12.24.1.51&p2=%5EBBE%5EOSJ000%5EYY%5EAT&apn_ptnrs=BBE&o=APN11406&gct=hp&pf=V7&tpid=ORJ-SPE&trgb=IE&pt=tb&apn_uid=E1AB9FD9-D2AA-4D37-8C9B-305537F40005&tpr=1&doi=2015-04-10&ts=1508218501142" "Mozilla/5.0 (Windows NT 6.1; WOW64; Trident/7.0; rv:11.0) like Gecko"
86.110.116.119 - - [17/Oct/2017:07:35:39 +0200] "GET /skarabela.gross-enzersdorf HTTP/1.0" 301 311 "-" "Mozilla/5.0 (Macintosh; Intel Mac OS X 10_12_0) AppleWebKit/537.36 (KHTML, like Gecko) Chrome/55.0.2916.95 Safari/537.36"
62.46.239.116 - - [17/Oct/2017:07:35:38 +0200] "GET /steyr/Inhaberdaten HTTP/1.1" 200 3760 "http://www.search.ask.com/web?q=Easy+driver+Steyr&apn_dtid=%5EOSJ000%5EYY%5EAT&apn_dbr=ie_11.0.9600.17689&psv=&itbv=12.24.1.51&p2=%5EBBE%5EOSJ000%5EYY%5EAT&apn_ptnrs=BBE&o=APN11406&gct=hp&pf=V7&tpid=ORJ-SPE&trgb=IE&pt=tb&apn_uid=E1AB9FD9-D2AA-4D37-8C9B-305537F40005&tpr=1&doi=2015-04-10&ts=1508218501142" "Mozilla/5.0 (Windows NT 6.1; WOW64; Trident/7.0; rv:11.0) like Gecko"
62.46.239.116 - - [17/Oct/2017:07:35:40 +0200] "GET /binaries/easy-drivers-portal/motorrad2jpg.jpg HTTP/1.1" 200 45802 "https://www.easydrivers.at/steyr/Inhaberdaten" "Mozilla/5.0 (Windows NT 6.1; WOW64; Trident/7.0; rv:11.0) like Gecko"
216.244.66.202 - - [17/Oct/2017:07:35:40 +0200] "GET /robots.txt HTTP/1.1" 301 397 "-" "Mozilla/5.0 (compatible; DotBot/1.1; http://www.opensiteexplorer.org/dotbot, help@moz.com)"
