207.46.13.55 - - [17/Oct/2017:06:05:45 +0200] "GET /uploads/pdfs/krems/BE-Kurs-August-2017_BE.pdf HTTP/1.1" 200 27859 "-" "Mozilla/5.0 (compatible; bingbot/2.0; +http://www.bing.com/bingbot.htm)"
178.115.131.46 - - [17/Oct/2017:06:05:56 +0200] "-" 408 - "-" "-"
178.115.131.46 - - [17/Oct/2017:06:05:56 +0200] "-" 408 - "-" "-"
178.115.131.46 - - [17/Oct/2017:06:05:56 +0200] "-" 408 - "-" "-"
178.115.131.46 - - [17/Oct/2017:06:05:56 +0200] "-" 408 - "-" "-"
178.115.131.46 - - [17/Oct/2017:06:05:56 +0200] "-" 408 - "-" "-"
125.209.235.170 - - [17/Oct/2017:06:06:14 +0200] "GET /robots.txt HTTP/1.1" 301 300 "-" "Mozilla/5.0 (compatible; Yeti/1.1; +http://naver.me/bot)"
125.209.235.170 - - [17/Oct/2017:06:06:15 +0200] "GET /robots.txt HTTP/1.1" 200 101 "-" "Mozilla/5.0 (compatible; Yeti/1.1; +http://naver.me/bot)"
125.209.235.186 - - [17/Oct/2017:06:06:17 +0200] "GET /gmuend HTTP/1.1" 301 298 "-" "Mozilla/5.0 (compatible; Yeti/1.1; +http://naver.me/bot)"
204.79.180.5 - - [17/Oct/2017:06:06:20 +0200] "GET /hartberg HTTP/1.1" 301 299 "-" "Mozilla/5.0 (compatible; MSIE 9.0; Windows NT 6.0; Trident/5.0; Trident/5.0)"
66.249.76.78 - - [17/Oct/2017:06:06:35 +0200] "GET /uploads/pdfs/scheibbs/10249591_A2B.pdf HTTP/1.1" 301 318 "-" "Mozilla/5.0 (compatible; Googlebot/2.1; +http://www.google.com/bot.html)"
66.249.76.84 - - [17/Oct/2017:06:06:36 +0200] "GET /uploads/pdfs/scheibbs/10249591_A2B.pdf HTTP/1.1" 200 30041 "-" "Mozilla/5.0 (compatible; Googlebot/2.1; +http://www.google.com/bot.html)"
125.209.235.177 - - [17/Oct/2017:06:06:52 +0200] "GET /robots.txt HTTP/1.1" 200 101 "-" "Mozilla/5.0 (compatible; Yeti/1.1; +http://naver.me/bot)"
125.209.235.175 - - [17/Oct/2017:06:06:59 +0200] "GET /gmuend HTTP/1.1" 200 3470 "-" "Mozilla/5.0 (compatible; Yeti/1.1; +http://naver.me/bot)"
35.202.229.83 - - [17/Oct/2017:06:07:16 +0200] "GET /innsbruck/10256419?FS=B&channel=fullversion HTTP/1.1" 200 5775 "-" "Mozilla/5.0 (compatible; BomboraBot/1.0; +http://www.bombora.com/bot)"
79.196.230.31 - - [17/Oct/2017:06:07:25 +0200] "GET /skarabela.gross-enzersdorf/10245835 HTTP/1.1" 200 3780 "-" "Mozilla/5.0 (Windows; U; Windows NT 6.0; de; rv:1.9.2.3) Gecko/20100401 Firefox/3.6.3 ( .NET CLR 3.5.30729)"
66.249.76.76 - - [17/Oct/2017:06:07:29 +0200] "GET /uploads/pdfs/amstetten/semesterkurs_noe_BCE.pdf HTTP/1.1" 301 325 "-" "Mozilla/5.0 (compatible; Googlebot/2.1; +http://www.google.com/bot.html)"
66.249.76.82 - - [17/Oct/2017:06:07:30 +0200] "GET /uploads/pdfs/amstetten/semesterkurs_noe_BCE.pdf HTTP/1.1" 200 29487 "-" "Mozilla/5.0 (compatible; Googlebot/2.1; +http://www.google.com/bot.html)"
66.249.76.78 - - [17/Oct/2017:06:08:23 +0200] "GET /spittelau/10280823?FS=A2B HTTP/1.1" 301 312 "-" "Mozilla/5.0 (compatible; Googlebot/2.1; +http://www.google.com/bot.html)"
66.249.76.82 - - [17/Oct/2017:06:08:23 +0200] "GET /spittelau/10280823?FS=A2B HTTP/1.1" 410 3398 "-" "Mozilla/5.0 (compatible; Googlebot/2.1; +http://www.google.com/bot.html)"
62.122.80.41 - - [17/Oct/2017:06:08:36 +0200] "GET /img/ED_Logo.png HTTP/1.0" 301 402 "-" "Mozilla/4.0 (compatible;)"
216.244.66.249 - - [17/Oct/2017:06:09:05 +0200] "GET /bruck.leitha/ HTTP/1.1" 301 400 "-" "Mozilla/5.0 (compatible; DotBot/1.1; http://www.opensiteexplorer.org/dotbot, help@moz.com)"
207.46.13.55 - - [17/Oct/2017:06:09:08 +0200] "GET /scheibbs/kurse HTTP/1.1" 200 4784 "-" "Mozilla/5.0 (compatible; bingbot/2.0; +http://www.bing.com/bingbot.htm)"
62.47.153.90 - - [17/Oct/2017:06:09:15 +0200] "GET /hollabrunn HTTP/1.1" 301 300 "https://www.google.at/" "Mozilla/5.0 (iPhone; CPU iPhone OS 11_0_3 like Mac OS X) AppleWebKit/604.1.38 (KHTML, like Gecko) Version/11.0 Mobile/15A432 Safari/604.1"
66.249.76.74 - - [17/Oct/2017:06:09:17 +0200] "GET /uploads/pdfs/amstetten/abendkurs_jun16_A1L17.pdf HTTP/1.1" 301 327 "-" "Mozilla/5.0 (compatible; Googlebot/2.1; +http://www.google.com/bot.html)"
62.47.153.90 - - [17/Oct/2017:06:09:15 +0200] "GET /hollabrunn HTTP/1.1" 200 2918 "https://www.google.at/" "Mozilla/5.0 (iPhone; CPU iPhone OS 11_0_3 like Mac OS X) AppleWebKit/604.1.38 (KHTML, like Gecko) Version/11.0 Mobile/15A432 Safari/604.1"
62.47.153.90 - - [17/Oct/2017:06:09:17 +0200] "GET /css/mobile.css HTTP/1.1" 200 2852 "https://www.easydrivers.at/hollabrunn" "Mozilla/5.0 (iPhone; CPU iPhone OS 11_0_3 like Mac OS X) AppleWebKit/604.1.38 (KHTML, like Gecko) Version/11.0 Mobile/15A432 Safari/604.1"
62.47.153.90 - - [17/Oct/2017:06:09:17 +0200] "GET /javascript/jquery.cookie.js HTTP/1.1" 200 863 "https://www.easydrivers.at/hollabrunn" "Mozilla/5.0 (iPhone; CPU iPhone OS 11_0_3 like Mac OS X) AppleWebKit/604.1.38 (KHTML, like Gecko) Version/11.0 Mobile/15A432 Safari/604.1"
62.47.153.90 - - [17/Oct/2017:06:09:17 +0200] "GET /javascript/jquery-1.9.1.min.js HTTP/1.1" 200 32731 "https://www.easydrivers.at/hollabrunn" "Mozilla/5.0 (iPhone; CPU iPhone OS 11_0_3 like Mac OS X) AppleWebKit/604.1.38 (KHTML, like Gecko) Version/11.0 Mobile/15A432 Safari/604.1"
62.47.153.90 - - [17/Oct/2017:06:09:17 +0200] "GET /javascript/mobile-menu.js HTTP/1.1" 200 1634 "https://www.easydrivers.at/hollabrunn" "Mozilla/5.0 (iPhone; CPU iPhone OS 11_0_3 like Mac OS X) AppleWebKit/604.1.38 (KHTML, like Gecko) Version/11.0 Mobile/15A432 Safari/604.1"
62.47.153.90 - - [17/Oct/2017:06:09:17 +0200] "GET /javascript/jquery.simplemodal.js HTTP/1.1" 200 3070 "https://www.easydrivers.at/hollabrunn" "Mozilla/5.0 (iPhone; CPU iPhone OS 11_0_3 like Mac OS X) AppleWebKit/604.1.38 (KHTML, like Gecko) Version/11.0 Mobile/15A432 Safari/604.1"
62.47.153.90 - - [17/Oct/2017:06:09:17 +0200] "GET /javascript/lazyload.js HTTP/1.1" 200 1170 "https://www.easydrivers.at/hollabrunn" "Mozilla/5.0 (iPhone; CPU iPhone OS 11_0_3 like Mac OS X) AppleWebKit/604.1.38 (KHTML, like Gecko) Version/11.0 Mobile/15A432 Safari/604.1"
62.47.153.90 - - [17/Oct/2017:06:09:17 +0200] "GET /javascript/mobile-fahrschule.js HTTP/1.1" 200 328 "https://www.easydrivers.at/hollabrunn" "Mozilla/5.0 (iPhone; CPU iPhone OS 11_0_3 like Mac OS X) AppleWebKit/604.1.38 (KHTML, like Gecko) Version/11.0 Mobile/15A432 Safari/604.1"
62.47.153.90 - - [17/Oct/2017:06:09:17 +0200] "GET /img/mobile/easydrivers-logo-mobile.png HTTP/1.1" 200 10766 "https://www.easydrivers.at/hollabrunn" "Mozilla/5.0 (iPhone; CPU iPhone OS 11_0_3 like Mac OS X) AppleWebKit/604.1.38 (KHTML, like Gecko) Version/11.0 Mobile/15A432 Safari/604.1"
62.47.153.90 - - [17/Oct/2017:06:09:17 +0200] "GET /img/mobile/menu-button.png HTTP/1.1" 200 1746 "https://www.easydrivers.at/hollabrunn" "Mozilla/5.0 (iPhone; CPU iPhone OS 11_0_3 like Mac OS X) AppleWebKit/604.1.38 (KHTML, like Gecko) Version/11.0 Mobile/15A432 Safari/604.1"
66.249.76.82 - - [17/Oct/2017:06:09:17 +0200] "GET /uploads/pdfs/amstetten/abendkurs_jun16_A1L17.pdf HTTP/1.1" 200 34854 "-" "Mozilla/5.0 (compatible; Googlebot/2.1; +http://www.google.com/bot.html)"
62.47.153.90 - - [17/Oct/2017:06:09:17 +0200] "GET /img/mobile/close-button.png HTTP/1.1" 200 2411 "https://www.easydrivers.at/hollabrunn" "Mozilla/5.0 (iPhone; CPU iPhone OS 11_0_3 like Mac OS X) AppleWebKit/604.1.38 (KHTML, like Gecko) Version/11.0 Mobile/15A432 Safari/604.1"
62.47.153.90 - - [17/Oct/2017:06:09:17 +0200] "GET /img/mobile/facebook-icon.png HTTP/1.1" 200 1902 "https://www.easydrivers.at/hollabrunn" "Mozilla/5.0 (iPhone; CPU iPhone OS 11_0_3 like Mac OS X) AppleWebKit/604.1.38 (KHTML, like Gecko) Version/11.0 Mobile/15A432 Safari/604.1"
62.47.153.90 - - [17/Oct/2017:06:09:17 +0200] "GET /img/mobile/info-button.png HTTP/1.1" 200 1549 "https://www.easydrivers.at/hollabrunn" "Mozilla/5.0 (iPhone; CPU iPhone OS 11_0_3 like Mac OS X) AppleWebKit/604.1.38 (KHTML, like Gecko) Version/11.0 Mobile/15A432 Safari/604.1"
62.47.153.90 - - [17/Oct/2017:06:09:17 +0200] "GET /img/mobile/info-close-button.png HTTP/1.1" 200 1721 "https://www.easydrivers.at/hollabrunn" "Mozilla/5.0 (iPhone; CPU iPhone OS 11_0_3 like Mac OS X) AppleWebKit/604.1.38 (KHTML, like Gecko) Version/11.0 Mobile/15A432 Safari/604.1"
62.47.153.90 - - [17/Oct/2017:06:09:17 +0200] "GET /img/smallicon-person.png HTTP/1.1" 200 1141 "https://www.easydrivers.at/hollabrunn" "Mozilla/5.0 (iPhone; CPU iPhone OS 11_0_3 like Mac OS X) AppleWebKit/604.1.38 (KHTML, like Gecko) Version/11.0 Mobile/15A432 Safari/604.1"
62.47.153.90 - - [17/Oct/2017:06:09:17 +0200] "GET /img/smallicon-address.png HTTP/1.1" 200 1211 "https://www.easydrivers.at/hollabrunn" "Mozilla/5.0 (iPhone; CPU iPhone OS 11_0_3 like Mac OS X) AppleWebKit/604.1.38 (KHTML, like Gecko) Version/11.0 Mobile/15A432 Safari/604.1"
62.47.153.90 - - [17/Oct/2017:06:09:17 +0200] "GET /img/mobile/googlemaps-pin.png HTTP/1.1" 200 1597 "https://www.easydrivers.at/hollabrunn" "Mozilla/5.0 (iPhone; CPU iPhone OS 11_0_3 like Mac OS X) AppleWebKit/604.1.38 (KHTML, like Gecko) Version/11.0 Mobile/15A432 Safari/604.1"
62.47.153.90 - - [17/Oct/2017:06:09:18 +0200] "GET /img/smallicon-time.png HTTP/1.1" 200 1262 "https://www.easydrivers.at/hollabrunn" "Mozilla/5.0 (iPhone; CPU iPhone OS 11_0_3 like Mac OS X) AppleWebKit/604.1.38 (KHTML, like Gecko) Version/11.0 Mobile/15A432 Safari/604.1"
62.47.153.90 - - [17/Oct/2017:06:09:18 +0200] "GET /img/smallicon-phone.png HTTP/1.1" 200 3056 "https://www.easydrivers.at/hollabrunn" "Mozilla/5.0 (iPhone; CPU iPhone OS 11_0_3 like Mac OS X) AppleWebKit/604.1.38 (KHTML, like Gecko) Version/11.0 Mobile/15A432 Safari/604.1"
62.47.153.90 - - [17/Oct/2017:06:09:18 +0200] "GET /img/smallicon-mail.png HTTP/1.1" 200 1341 "https://www.easydrivers.at/hollabrunn" "Mozilla/5.0 (iPhone; CPU iPhone OS 11_0_3 like Mac OS X) AppleWebKit/604.1.38 (KHTML, like Gecko) Version/11.0 Mobile/15A432 Safari/604.1"
62.47.153.90 - - [17/Oct/2017:06:09:18 +0200] "GET /img/mobile/widget-icon-app.png HTTP/1.1" 200 3458 "https://www.easydrivers.at/hollabrunn" "Mozilla/5.0 (iPhone; CPU iPhone OS 11_0_3 like Mac OS X) AppleWebKit/604.1.38 (KHTML, like Gecko) Version/11.0 Mobile/15A432 Safari/604.1"
62.47.153.90 - - [17/Oct/2017:06:09:18 +0200] "GET /img/mobile/bg-header.jpg HTTP/1.1" 200 19741 "https://www.easydrivers.at/hollabrunn" "Mozilla/5.0 (iPhone; CPU iPhone OS 11_0_3 like Mac OS X) AppleWebKit/604.1.38 (KHTML, like Gecko) Version/11.0 Mobile/15A432 Safari/604.1"
62.47.153.90 - - [17/Oct/2017:06:09:18 +0200] "GET /img/mobile/bg-menu.jpg HTTP/1.1" 200 1698 "https://www.easydrivers.at/hollabrunn" "Mozilla/5.0 (iPhone; CPU iPhone OS 11_0_3 like Mac OS X) AppleWebKit/604.1.38 (KHTML, like Gecko) Version/11.0 Mobile/15A432 Safari/604.1"
62.47.153.90 - - [17/Oct/2017:06:09:18 +0200] "GET /img/mobile/bg-top-section.jpg HTTP/1.1" 200 21711 "https://www.easydrivers.at/hollabrunn" "Mozilla/5.0 (iPhone; CPU iPhone OS 11_0_3 like Mac OS X) AppleWebKit/604.1.38 (KHTML, like Gecko) Version/11.0 Mobile/15A432 Safari/604.1"
62.47.153.90 - - [17/Oct/2017:06:09:18 +0200] "GET /img/mobile/pfeil-rechts.png HTTP/1.1" 200 1228 "https://www.easydrivers.at/hollabrunn" "Mozilla/5.0 (iPhone; CPU iPhone OS 11_0_3 like Mac OS X) AppleWebKit/604.1.38 (KHTML, like Gecko) Version/11.0 Mobile/15A432 Safari/604.1"
62.47.153.90 - - [17/Oct/2017:06:09:23 +0200] "GET /hollabrunn HTTP/1.1" 200 2918 "https://www.easydrivers.at/hollabrunn" "Mozilla/5.0 (iPhone; CPU iPhone OS 11_0_3 like Mac OS X) AppleWebKit/604.1.38 (KHTML, like Gecko) Version/11.0 Mobile/15A432 Safari/604.1"
62.47.153.90 - - [17/Oct/2017:06:09:45 +0200] "GET /hollabrunn HTTP/1.1" 200 2918 "https://www.easydrivers.at/hollabrunn" "Mozilla/5.0 (iPhone; CPU iPhone OS 11_0_3 like Mac OS X) AppleWebKit/604.1.38 (KHTML, like Gecko) Version/11.0 Mobile/15A432 Safari/604.1"
62.47.153.90 - - [17/Oct/2017:06:09:50 +0200] "GET /hollabrunn/aktionen HTTP/1.1" 200 2697 "https://www.easydrivers.at/hollabrunn" "Mozilla/5.0 (iPhone; CPU iPhone OS 11_0_3 like Mac OS X) AppleWebKit/604.1.38 (KHTML, like Gecko) Version/11.0 Mobile/15A432 Safari/604.1"
66.249.76.76 - - [17/Oct/2017:06:10:10 +0200] "GET /uploads/pdfs/skarabela.gross-enzersdorf/10280568_A1L17.pdf HTTP/1.1" 301 336 "-" "Mozilla/5.0 (compatible; Googlebot/2.1; +http://www.google.com/bot.html)"
66.249.76.80 - - [17/Oct/2017:06:10:11 +0200] "GET /uploads/pdfs/skarabela.gross-enzersdorf/10280568_A1L17.pdf HTTP/1.1" 200 37064 "-" "Mozilla/5.0 (compatible; Googlebot/2.1; +http://www.google.com/bot.html)"
62.47.153.90 - - [17/Oct/2017:06:10:15 +0200] "GET /hollabrunn HTTP/1.1" 200 2918 "https://www.easydrivers.at/hollabrunn/aktionen" "Mozilla/5.0 (iPhone; CPU iPhone OS 11_0_3 like Mac OS X) AppleWebKit/604.1.38 (KHTML, like Gecko) Version/11.0 Mobile/15A432 Safari/604.1"
62.47.153.90 - - [17/Oct/2017:06:10:21 +0200] "POST /hollabrunn/kursauswahl HTTP/1.1" 200 2903 "https://www.easydrivers.at/hollabrunn" "Mozilla/5.0 (iPhone; CPU iPhone OS 11_0_3 like Mac OS X) AppleWebKit/604.1.38 (KHTML, like Gecko) Version/11.0 Mobile/15A432 Safari/604.1"
62.47.153.90 - - [17/Oct/2017:06:10:24 +0200] "GET /javascript/mobile-fahrschule-kurs-suchergebnis.js HTTP/1.1" 200 274 "https://www.easydrivers.at/hollabrunn/kursauswahl" "Mozilla/5.0 (iPhone; CPU iPhone OS 11_0_3 like Mac OS X) AppleWebKit/604.1.38 (KHTML, like Gecko) Version/11.0 Mobile/15A432 Safari/604.1"
62.47.153.90 - - [17/Oct/2017:06:10:24 +0200] "GET /img/mobile/pfeil-links-small.png HTTP/1.1" 200 1065 "https://www.easydrivers.at/hollabrunn/kursauswahl" "Mozilla/5.0 (iPhone; CPU iPhone OS 11_0_3 like Mac OS X) AppleWebKit/604.1.38 (KHTML, like Gecko) Version/11.0 Mobile/15A432 Safari/604.1"
62.47.153.90 - - [17/Oct/2017:06:10:24 +0200] "GET /img/mobile/bg-yellow.jpg HTTP/1.1" 200 1569 "https://www.easydrivers.at/hollabrunn/kursauswahl" "Mozilla/5.0 (iPhone; CPU iPhone OS 11_0_3 like Mac OS X) AppleWebKit/604.1.38 (KHTML, like Gecko) Version/11.0 Mobile/15A432 Safari/604.1"
62.47.153.90 - - [17/Oct/2017:06:10:24 +0200] "GET /img/loading-bars.gif HTTP/1.1" 200 3951 "https://www.easydrivers.at/hollabrunn/kursauswahl" "Mozilla/5.0 (iPhone; CPU iPhone OS 11_0_3 like Mac OS X) AppleWebKit/604.1.38 (KHTML, like Gecko) Version/11.0 Mobile/15A432 Safari/604.1"
62.47.153.90 - - [17/Oct/2017:06:10:29 +0200] "POST /loadkursliste HTTP/1.1" 200 400 "https://www.easydrivers.at/hollabrunn/kursauswahl" "Mozilla/5.0 (iPhone; CPU iPhone OS 11_0_3 like Mac OS X) AppleWebKit/604.1.38 (KHTML, like Gecko) Version/11.0 Mobile/15A432 Safari/604.1"
62.47.153.90 - - [17/Oct/2017:06:10:41 +0200] "GET /hollabrunn/kurse HTTP/1.1" 200 3473 "https://www.easydrivers.at/hollabrunn/kursauswahl" "Mozilla/5.0 (iPhone; CPU iPhone OS 11_0_3 like Mac OS X) AppleWebKit/604.1.38 (KHTML, like Gecko) Version/11.0 Mobile/15A432 Safari/604.1"
62.47.153.90 - - [17/Oct/2017:06:10:44 +0200] "POST /loadkursliste HTTP/1.1" 200 400 "https://www.easydrivers.at/hollabrunn/kurse" "Mozilla/5.0 (iPhone; CPU iPhone OS 11_0_3 like Mac OS X) AppleWebKit/604.1.38 (KHTML, like Gecko) Version/11.0 Mobile/15A432 Safari/604.1"
66.249.76.74 - - [17/Oct/2017:06:11:04 +0200] "GET /uploads/pdfs/guessing/10270355_C111.pdf HTTP/1.1" 301 319 "-" "Mozilla/5.0 (compatible; Googlebot/2.1; +http://www.google.com/bot.html)"
66.249.76.84 - - [17/Oct/2017:06:11:05 +0200] "GET /uploads/pdfs/guessing/10270355_C111.pdf HTTP/1.1" 200 26617 "-" "Mozilla/5.0 (compatible; Googlebot/2.1; +http://www.google.com/bot.html)"
79.196.230.31 - - [17/Oct/2017:06:11:26 +0200] "GET /waidhofen.ybbs/10289067 HTTP/1.1" 301 310 "-" "Mozilla/5.0 (Windows; U; Windows NT 6.0; de; rv:1.9.2.3) Gecko/20100401 Firefox/3.6.3 ( .NET CLR 3.5.30729)"
66.249.76.74 - - [17/Oct/2017:06:11:58 +0200] "GET /voesendorf/10281942?FS=B-L HTTP/1.1" 301 313 "-" "Mozilla/5.0 (compatible; Googlebot/2.1; +http://www.google.com/bot.html)"
66.249.76.80 - - [17/Oct/2017:06:11:58 +0200] "GET /voesendorf/10281942?FS=B-L HTTP/1.1" 200 5796 "-" "Mozilla/5.0 (compatible; Googlebot/2.1; +http://www.google.com/bot.html)"
178.115.131.46 - - [17/Oct/2017:06:12:13 +0200] "GET /binaries/easy-drivers-harm-innsbruck/800x450astridjpg.jpg HTTP/1.1" 200 239187 "-" "Mozilla/5.0 (Linux; Android 7.0; LG-H870 Build/NRD90U; wv) AppleWebKit/537.36 (KHTML, like Gecko) Version/4.0 Chrome/61.0.3163.98 Mobile Safari/537.36 GSA/7.12.24.21.arm64"
188.68.48.243 - - [17/Oct/2017:06:12:39 +0200] "GET / HTTP/1.1" 301 383 "-" "Mozilla/5.0 (Windows NT 10.0; Win64; x64) AppleWebKit/537.36 (KHTML, like Gecko) Chrome/58.0.3029.110 Safari/537.36"
79.196.230.31 - - [17/Oct/2017:06:12:41 +0200] "GET /zwettl/10284970?FS=BE HTTP/1.1" 301 311 "-" "Mozilla/5.0 (Windows; U; Windows NT 6.0; de; rv:1.9.2.3) Gecko/20100401 Firefox/3.6.3 ( .NET CLR 3.5.30729)"
66.249.76.74 - - [17/Oct/2017:06:12:52 +0200] "GET /uploads/pdfs/eisenstadt/B_Kurs_Novermber_A1L17.pdf HTTP/1.1" 301 328 "-" "Mozilla/5.0 (compatible; Googlebot/2.1; +http://www.google.com/bot.html)"
66.249.76.80 - - [17/Oct/2017:06:12:53 +0200] "GET /uploads/pdfs/eisenstadt/B_Kurs_Novermber_A1L17.pdf HTTP/1.1" 200 38069 "-" "Mozilla/5.0 (compatible; Googlebot/2.1; +http://www.google.com/bot.html)"
212.95.7.52 - - [17/Oct/2017:06:13:41 +0200] "GET / HTTP/1.1" 301 293 "http://www.google.at/" "Mozilla/5.0 (Linux; Android 6.0; Coolpad E502 Build/MRA58K) AppleWebKit/537.36 (KHTML, like Gecko) Chrome/61.0.3163.98 Mobile Safari/537.36"
46.125.249.75 - - [17/Oct/2017:06:13:42 +0200] "GET / HTTP/1.1" 200 3579 "http://www.google.at/" "Mozilla/5.0 (Linux; Android 6.0; Coolpad E502 Build/MRA58K) AppleWebKit/537.36 (KHTML, like Gecko) Chrome/61.0.3163.98 Mobile Safari/537.36"
46.125.249.75 - - [17/Oct/2017:06:13:44 +0200] "GET /css/mobile.css HTTP/1.1" 200 2852 "https://www.easydrivers.at/" "Mozilla/5.0 (Linux; Android 6.0; Coolpad E502 Build/MRA58K) AppleWebKit/537.36 (KHTML, like Gecko) Chrome/61.0.3163.98 Mobile Safari/537.36"
46.125.249.75 - - [17/Oct/2017:06:13:44 +0200] "GET /javascript/jquery.cookie.js HTTP/1.1" 200 863 "https://www.easydrivers.at/" "Mozilla/5.0 (Linux; Android 6.0; Coolpad E502 Build/MRA58K) AppleWebKit/537.36 (KHTML, like Gecko) Chrome/61.0.3163.98 Mobile Safari/537.36"
46.125.249.75 - - [17/Oct/2017:06:13:44 +0200] "GET /javascript/mobile-menu.js HTTP/1.1" 200 1634 "https://www.easydrivers.at/" "Mozilla/5.0 (Linux; Android 6.0; Coolpad E502 Build/MRA58K) AppleWebKit/537.36 (KHTML, like Gecko) Chrome/61.0.3163.98 Mobile Safari/537.36"
46.125.249.75 - - [17/Oct/2017:06:13:44 +0200] "GET /javascript/jquery.simplemodal.js HTTP/1.1" 200 3070 "https://www.easydrivers.at/" "Mozilla/5.0 (Linux; Android 6.0; Coolpad E502 Build/MRA58K) AppleWebKit/537.36 (KHTML, like Gecko) Chrome/61.0.3163.98 Mobile Safari/537.36"
46.125.249.75 - - [17/Oct/2017:06:13:44 +0200] "GET /javascript/jquery-1.9.1.min.js HTTP/1.1" 200 32731 "https://www.easydrivers.at/" "Mozilla/5.0 (Linux; Android 6.0; Coolpad E502 Build/MRA58K) AppleWebKit/537.36 (KHTML, like Gecko) Chrome/61.0.3163.98 Mobile Safari/537.36"
46.125.249.75 - - [17/Oct/2017:06:13:44 +0200] "GET /javascript/mobile-homesearch.js HTTP/1.1" 200 340 "https://www.easydrivers.at/" "Mozilla/5.0 (Linux; Android 6.0; Coolpad E502 Build/MRA58K) AppleWebKit/537.36 (KHTML, like Gecko) Chrome/61.0.3163.98 Mobile Safari/537.36"
46.125.249.75 - - [17/Oct/2017:06:13:45 +0200] "GET /javascript/lazyload.js HTTP/1.1" 200 1170 "https://www.easydrivers.at/" "Mozilla/5.0 (Linux; Android 6.0; Coolpad E502 Build/MRA58K) AppleWebKit/537.36 (KHTML, like Gecko) Chrome/61.0.3163.98 Mobile Safari/537.36"
46.125.249.75 - - [17/Oct/2017:06:13:45 +0200] "GET /img/mobile/easydrivers-logo-mobile.png HTTP/1.1" 200 10766 "https://www.easydrivers.at/" "Mozilla/5.0 (Linux; Android 6.0; Coolpad E502 Build/MRA58K) AppleWebKit/537.36 (KHTML, like Gecko) Chrome/61.0.3163.98 Mobile Safari/537.36"
46.125.249.75 - - [17/Oct/2017:06:13:45 +0200] "GET /img/mobile/facebook-icon.png HTTP/1.1" 200 1902 "https://www.easydrivers.at/" "Mozilla/5.0 (Linux; Android 6.0; Coolpad E502 Build/MRA58K) AppleWebKit/537.36 (KHTML, like Gecko) Chrome/61.0.3163.98 Mobile Safari/537.36"
46.125.249.75 - - [17/Oct/2017:06:13:45 +0200] "GET /img/mobile/close-button.png HTTP/1.1" 200 2411 "https://www.easydrivers.at/" "Mozilla/5.0 (Linux; Android 6.0; Coolpad E502 Build/MRA58K) AppleWebKit/537.36 (KHTML, like Gecko) Chrome/61.0.3163.98 Mobile Safari/537.36"
46.125.249.75 - - [17/Oct/2017:06:13:45 +0200] "GET /img/mobile/menu-button.png HTTP/1.1" 200 1746 "https://www.easydrivers.at/" "Mozilla/5.0 (Linux; Android 6.0; Coolpad E502 Build/MRA58K) AppleWebKit/537.36 (KHTML, like Gecko) Chrome/61.0.3163.98 Mobile Safari/537.36"
46.125.249.75 - - [17/Oct/2017:06:13:45 +0200] "GET /img/mobile/widget-icon-app.png HTTP/1.1" 200 3458 "https://www.easydrivers.at/" "Mozilla/5.0 (Linux; Android 6.0; Coolpad E502 Build/MRA58K) AppleWebKit/537.36 (KHTML, like Gecko) Chrome/61.0.3163.98 Mobile Safari/537.36"
46.125.249.75 - - [17/Oct/2017:06:13:45 +0200] "GET /img/mobile/bg-header.jpg HTTP/1.1" 200 19741 "https://www.easydrivers.at/css/mobile.css" "Mozilla/5.0 (Linux; Android 6.0; Coolpad E502 Build/MRA58K) AppleWebKit/537.36 (KHTML, like Gecko) Chrome/61.0.3163.98 Mobile Safari/537.36"
46.125.249.75 - - [17/Oct/2017:06:13:45 +0200] "GET /img/mobile/bg-menu.jpg HTTP/1.1" 200 1698 "https://www.easydrivers.at/css/mobile.css" "Mozilla/5.0 (Linux; Android 6.0; Coolpad E502 Build/MRA58K) AppleWebKit/537.36 (KHTML, like Gecko) Chrome/61.0.3163.98 Mobile Safari/537.36"
46.125.249.75 - - [17/Oct/2017:06:13:45 +0200] "GET /img/mobile/pfeil-rechts.png HTTP/1.1" 200 1228 "https://www.easydrivers.at/css/mobile.css" "Mozilla/5.0 (Linux; Android 6.0; Coolpad E502 Build/MRA58K) AppleWebKit/537.36 (KHTML, like Gecko) Chrome/61.0.3163.98 Mobile Safari/537.36"
46.125.249.75 - - [17/Oct/2017:06:13:45 +0200] "GET /img/mobile/bg-top-section.jpg HTTP/1.1" 200 21711 "https://www.easydrivers.at/css/mobile.css" "Mozilla/5.0 (Linux; Android 6.0; Coolpad E502 Build/MRA58K) AppleWebKit/537.36 (KHTML, like Gecko) Chrome/61.0.3163.98 Mobile Safari/537.36"
66.249.76.74 - - [17/Oct/2017:06:13:45 +0200] "GET /uploads/pdfs/kapfenberg.pankl/10260265_CCE95.pdf HTTP/1.1" 301 328 "-" "Mozilla/5.0 (compatible; Googlebot/2.1; +http://www.google.com/bot.html)"
212.95.7.52 - - [17/Oct/2017:06:13:46 +0200] "GET /img/favicon.ico HTTP/1.1" 301 303 "-" "Mozilla/5.0 (Linux; Android 6.0; Coolpad E502 Build/MRA58K) AppleWebKit/537.36 (KHTML, like Gecko) Chrome/61.0.3163.98 Mobile Safari/537.36"
66.249.76.84 - - [17/Oct/2017:06:13:46 +0200] "GET /uploads/pdfs/kapfenberg.pankl/10260265_CCE95.pdf HTTP/1.1" 200 28379 "-" "Mozilla/5.0 (compatible; Googlebot/2.1; +http://www.google.com/bot.html)"
46.125.249.75 - - [17/Oct/2017:06:13:46 +0200] "GET /img/favicon.ico HTTP/1.1" 404 301 "-" "Mozilla/5.0 (Linux; Android 6.0; Coolpad E502 Build/MRA58K) AppleWebKit/537.36 (KHTML, like Gecko) Chrome/61.0.3163.98 Mobile Safari/537.36"
40.77.167.108 - - [17/Oct/2017:06:14:06 +0200] "GET /st.valentin HTTP/1.1" 200 3636 "-" "Mozilla/5.0 (compatible; bingbot/2.0; +http://www.bing.com/bingbot.htm)"
46.125.249.75 - - [17/Oct/2017:06:14:10 +0200] "GET /img/loading-bars.gif HTTP/1.1" 200 3951 "https://www.easydrivers.at/css/mobile.css" "Mozilla/5.0 (Linux; Android 6.0; Coolpad E502 Build/MRA58K) AppleWebKit/537.36 (KHTML, like Gecko) Chrome/61.0.3163.98 Mobile Safari/537.36"
46.125.249.75 - - [17/Oct/2017:06:14:11 +0200] "POST /suche HTTP/1.1" 200 3336 "https://www.easydrivers.at/" "Mozilla/5.0 (Linux; Android 6.0; Coolpad E502 Build/MRA58K) AppleWebKit/537.36 (KHTML, like Gecko) Chrome/61.0.3163.98 Mobile Safari/537.36"
46.125.249.75 - - [17/Oct/2017:06:14:13 +0200] "GET /javascript/mobile-kurs-suchergebnis.js HTTP/1.1" 200 382 "https://www.easydrivers.at/suche" "Mozilla/5.0 (Linux; Android 6.0; Coolpad E502 Build/MRA58K) AppleWebKit/537.36 (KHTML, like Gecko) Chrome/61.0.3163.98 Mobile Safari/537.36"
46.125.249.75 - - [17/Oct/2017:06:14:13 +0200] "GET /img/mobile/smallicon-address.png HTTP/1.1" 200 1424 "https://www.easydrivers.at/suche" "Mozilla/5.0 (Linux; Android 6.0; Coolpad E502 Build/MRA58K) AppleWebKit/537.36 (KHTML, like Gecko) Chrome/61.0.3163.98 Mobile Safari/537.36"
46.125.249.75 - - [17/Oct/2017:06:14:13 +0200] "GET /img/mobile/googlemaps-pin.png HTTP/1.1" 200 1597 "https://www.easydrivers.at/suche" "Mozilla/5.0 (Linux; Android 6.0; Coolpad E502 Build/MRA58K) AppleWebKit/537.36 (KHTML, like Gecko) Chrome/61.0.3163.98 Mobile Safari/537.36"
46.125.249.75 - - [17/Oct/2017:06:14:13 +0200] "GET /img/mobile/smallicon-phone.png HTTP/1.1" 200 1311 "https://www.easydrivers.at/suche" "Mozilla/5.0 (Linux; Android 6.0; Coolpad E502 Build/MRA58K) AppleWebKit/537.36 (KHTML, like Gecko) Chrome/61.0.3163.98 Mobile Safari/537.36"
46.125.249.75 - - [17/Oct/2017:06:14:13 +0200] "GET /img/mobile/smallicon-mail.png HTTP/1.1" 200 1335 "https://www.easydrivers.at/suche" "Mozilla/5.0 (Linux; Android 6.0; Coolpad E502 Build/MRA58K) AppleWebKit/537.36 (KHTML, like Gecko) Chrome/61.0.3163.98 Mobile Safari/537.36"
46.125.249.75 - - [17/Oct/2017:06:14:13 +0200] "GET /img/mobile/smallicon-time.png HTTP/1.1" 200 1328 "https://www.easydrivers.at/suche" "Mozilla/5.0 (Linux; Android 6.0; Coolpad E502 Build/MRA58K) AppleWebKit/537.36 (KHTML, like Gecko) Chrome/61.0.3163.98 Mobile Safari/537.36"
46.125.249.75 - - [17/Oct/2017:06:14:13 +0200] "GET /img/mobile/weiter-button.png HTTP/1.1" 200 1670 "https://www.easydrivers.at/css/mobile.css" "Mozilla/5.0 (Linux; Android 6.0; Coolpad E502 Build/MRA58K) AppleWebKit/537.36 (KHTML, like Gecko) Chrome/61.0.3163.98 Mobile Safari/537.36"
46.125.249.75 - - [17/Oct/2017:06:14:13 +0200] "GET /img/mobile/bg-yellow.jpg HTTP/1.1" 200 1569 "https://www.easydrivers.at/css/mobile.css" "Mozilla/5.0 (Linux; Android 6.0; Coolpad E502 Build/MRA58K) AppleWebKit/537.36 (KHTML, like Gecko) Chrome/61.0.3163.98 Mobile Safari/537.36"
46.125.249.75 - - [17/Oct/2017:06:14:13 +0200] "GET /img/mobile/pfeil-links-small.png HTTP/1.1" 200 1065 "https://www.easydrivers.at/css/mobile.css" "Mozilla/5.0 (Linux; Android 6.0; Coolpad E502 Build/MRA58K) AppleWebKit/537.36 (KHTML, like Gecko) Chrome/61.0.3163.98 Mobile Safari/537.36"
46.125.249.75 - - [17/Oct/2017:06:14:37 +0200] "POST /loadkursliste HTTP/1.1" 200 596 "https://www.easydrivers.at/suche" "Mozilla/5.0 (Linux; Android 6.0; Coolpad E502 Build/MRA58K) AppleWebKit/537.36 (KHTML, like Gecko) Chrome/61.0.3163.98 Mobile Safari/537.36"
66.249.76.78 - - [17/Oct/2017:06:14:39 +0200] "GET /wallensteinplatz/10281519?FS=BCE HTTP/1.1" 301 318 "-" "Mozilla/5.0 (compatible; Googlebot/2.1; +http://www.google.com/bot.html)"
66.249.76.82 - - [17/Oct/2017:06:14:40 +0200] "GET /wallensteinplatz/10281519?FS=BCE HTTP/1.1" 410 3422 "-" "Mozilla/5.0 (compatible; Googlebot/2.1; +http://www.google.com/bot.html)"
187.188.67.243 - - [17/Oct/2017:06:15:08 +0200] "GET /wp-login.php HTTP/1.1" 301 399 "-" "Mozilla/5.0 (Windows NT 6.1; WOW64; rv:40.0) Gecko/20100101 Firefox/40.1"
187.188.67.243 - - [17/Oct/2017:06:15:09 +0200] "GET /wp-login.php HTTP/1.1" 404 8398 "-" "Mozilla/5.0 (Windows NT 6.1; WOW64; rv:40.0) Gecko/20100101 Firefox/40.1"
187.188.67.243 - - [17/Oct/2017:06:15:10 +0200] "GET / HTTP/1.1" 301 387 "-" "Mozilla/5.0 (Windows NT 6.1; WOW64; rv:40.0) Gecko/20100101 Firefox/40.1"
187.188.67.243 - - [17/Oct/2017:06:15:11 +0200] "GET / HTTP/1.1" 200 16051 "-" "Mozilla/5.0 (Windows NT 6.1; WOW64; rv:40.0) Gecko/20100101 Firefox/40.1"
199.193.251.133 - - [17/Oct/2017:06:15:13 +0200] "HEAD / HTTP/1.1" 301 - "https://www.inboundlinks.win/InboundLinks/www.easydrivers.at" "Mozilla/5.0 (compatible; MSIE 9.0; Windows NT 6.1; WOW64; Trident/5.0)"
46.125.249.75 - - [17/Oct/2017:06:15:14 +0200] "GET / HTTP/1.1" 200 3579 "https://www.easydrivers.at/suche" "Mozilla/5.0 (Linux; Android 6.0; Coolpad E502 Build/MRA58K) AppleWebKit/537.36 (KHTML, like Gecko) Chrome/61.0.3163.98 Mobile Safari/537.36"
207.46.13.120 - - [17/Oct/2017:06:15:19 +0200] "GET /mofaday HTTP/1.1" 301 299 "-" "Mozilla/5.0 (iPhone; CPU iPhone OS 7_0 like Mac OS X) AppleWebKit/537.51.1 (KHTML, like Gecko) Version/7.0 Mobile/11A465 Safari/9537.53 (compatible; bingbot/2.0; +http://www.bing.com/bingbot.htm)"
207.46.13.120 - - [17/Oct/2017:06:15:28 +0200] "GET /mofaday HTTP/1.1" 404 2358 "-" "Mozilla/5.0 (iPhone; CPU iPhone OS 7_0 like Mac OS X) AppleWebKit/537.51.1 (KHTML, like Gecko) Version/7.0 Mobile/11A465 Safari/9537.53 (compatible; bingbot/2.0; +http://www.bing.com/bingbot.htm)"
66.249.76.74 - - [17/Oct/2017:06:15:33 +0200] "GET /uploads/pdfs/wallensteinplatz/10281141_BPlus.pdf HTTP/1.1" 301 328 "-" "Mozilla/5.0 (compatible; Googlebot/2.1; +http://www.google.com/bot.html)"
66.249.76.84 - - [17/Oct/2017:06:15:33 +0200] "GET /uploads/pdfs/wallensteinplatz/10281141_BPlus.pdf HTTP/1.1" 200 29573 "-" "Mozilla/5.0 (compatible; Googlebot/2.1; +http://www.google.com/bot.html)"
213.147.161.216 - - [17/Oct/2017:06:15:34 +0200] "GET /fuehrerscheine/traktor HTTP/1.1" 301 306 "https://www.google.at/" "Mozilla/5.0 (Linux; Android 7.0; SAMSUNG SM-A310F Build/NRD90M) AppleWebKit/537.36 (KHTML, like Gecko) SamsungBrowser/5.4 Chrome/51.0.2704.106 Mobile Safari/537.36"
213.147.161.216 - - [17/Oct/2017:06:15:34 +0200] "GET /fuehrerscheine/traktor HTTP/1.1" 200 2871 "https://www.google.at/" "Mozilla/5.0 (Linux; Android 7.0; SAMSUNG SM-A310F Build/NRD90M) AppleWebKit/537.36 (KHTML, like Gecko) SamsungBrowser/5.4 Chrome/51.0.2704.106 Mobile Safari/537.36"
213.147.161.216 - - [17/Oct/2017:06:15:36 +0200] "GET /css/mobile.css HTTP/1.1" 200 2852 "https://www.easydrivers.at/fuehrerscheine/traktor" "Mozilla/5.0 (Linux; Android 7.0; SAMSUNG SM-A310F Build/NRD90M) AppleWebKit/537.36 (KHTML, like Gecko) SamsungBrowser/5.4 Chrome/51.0.2704.106 Mobile Safari/537.36"
213.147.161.216 - - [17/Oct/2017:06:15:36 +0200] "GET /javascript/jquery.cookie.js HTTP/1.1" 200 863 "https://www.easydrivers.at/fuehrerscheine/traktor" "Mozilla/5.0 (Linux; Android 7.0; SAMSUNG SM-A310F Build/NRD90M) AppleWebKit/537.36 (KHTML, like Gecko) SamsungBrowser/5.4 Chrome/51.0.2704.106 Mobile Safari/537.36"
213.147.161.216 - - [17/Oct/2017:06:15:36 +0200] "GET /javascript/mobile-menu.js HTTP/1.1" 200 1634 "https://www.easydrivers.at/fuehrerscheine/traktor" "Mozilla/5.0 (Linux; Android 7.0; SAMSUNG SM-A310F Build/NRD90M) AppleWebKit/537.36 (KHTML, like Gecko) SamsungBrowser/5.4 Chrome/51.0.2704.106 Mobile Safari/537.36"
213.147.161.216 - - [17/Oct/2017:06:15:36 +0200] "GET /javascript/jquery.simplemodal.js HTTP/1.1" 200 3070 "https://www.easydrivers.at/fuehrerscheine/traktor" "Mozilla/5.0 (Linux; Android 7.0; SAMSUNG SM-A310F Build/NRD90M) AppleWebKit/537.36 (KHTML, like Gecko) SamsungBrowser/5.4 Chrome/51.0.2704.106 Mobile Safari/537.36"
213.147.161.216 - - [17/Oct/2017:06:15:36 +0200] "GET /javascript/jquery-1.9.1.min.js HTTP/1.1" 200 32731 "https://www.easydrivers.at/fuehrerscheine/traktor" "Mozilla/5.0 (Linux; Android 7.0; SAMSUNG SM-A310F Build/NRD90M) AppleWebKit/537.36 (KHTML, like Gecko) SamsungBrowser/5.4 Chrome/51.0.2704.106 Mobile Safari/537.36"
213.147.161.216 - - [17/Oct/2017:06:15:36 +0200] "GET /javascript/mobile-license.js HTTP/1.1" 200 216 "https://www.easydrivers.at/fuehrerscheine/traktor" "Mozilla/5.0 (Linux; Android 7.0; SAMSUNG SM-A310F Build/NRD90M) AppleWebKit/537.36 (KHTML, like Gecko) SamsungBrowser/5.4 Chrome/51.0.2704.106 Mobile Safari/537.36"
213.147.161.216 - - [17/Oct/2017:06:15:36 +0200] "GET /javascript/lazyload.js HTTP/1.1" 200 1170 "https://www.easydrivers.at/fuehrerscheine/traktor" "Mozilla/5.0 (Linux; Android 7.0; SAMSUNG SM-A310F Build/NRD90M) AppleWebKit/537.36 (KHTML, like Gecko) SamsungBrowser/5.4 Chrome/51.0.2704.106 Mobile Safari/537.36"
213.147.161.216 - - [17/Oct/2017:06:15:36 +0200] "GET /img/mobile/easydrivers-logo-mobile.png HTTP/1.1" 200 10766 "https://www.easydrivers.at/fuehrerscheine/traktor" "Mozilla/5.0 (Linux; Android 7.0; SAMSUNG SM-A310F Build/NRD90M) AppleWebKit/537.36 (KHTML, like Gecko) SamsungBrowser/5.4 Chrome/51.0.2704.106 Mobile Safari/537.36"
213.147.161.216 - - [17/Oct/2017:06:15:36 +0200] "GET /img/mobile/menu-button.png HTTP/1.1" 200 1746 "https://www.easydrivers.at/fuehrerscheine/traktor" "Mozilla/5.0 (Linux; Android 7.0; SAMSUNG SM-A310F Build/NRD90M) AppleWebKit/537.36 (KHTML, like Gecko) SamsungBrowser/5.4 Chrome/51.0.2704.106 Mobile Safari/537.36"
213.147.161.216 - - [17/Oct/2017:06:15:36 +0200] "GET /img/mobile/close-button.png HTTP/1.1" 200 2411 "https://www.easydrivers.at/fuehrerscheine/traktor" "Mozilla/5.0 (Linux; Android 7.0; SAMSUNG SM-A310F Build/NRD90M) AppleWebKit/537.36 (KHTML, like Gecko) SamsungBrowser/5.4 Chrome/51.0.2704.106 Mobile Safari/537.36"
213.147.161.216 - - [17/Oct/2017:06:15:36 +0200] "GET /img/mobile/facebook-icon.png HTTP/1.1" 200 1902 "https://www.easydrivers.at/fuehrerscheine/traktor" "Mozilla/5.0 (Linux; Android 7.0; SAMSUNG SM-A310F Build/NRD90M) AppleWebKit/537.36 (KHTML, like Gecko) SamsungBrowser/5.4 Chrome/51.0.2704.106 Mobile Safari/537.36"
213.147.161.216 - - [17/Oct/2017:06:15:36 +0200] "GET /img/mobile/bg-yellow.jpg HTTP/1.1" 200 1569 "https://www.easydrivers.at/css/mobile.css" "Mozilla/5.0 (Linux; Android 7.0; SAMSUNG SM-A310F Build/NRD90M) AppleWebKit/537.36 (KHTML, like Gecko) SamsungBrowser/5.4 Chrome/51.0.2704.106 Mobile Safari/537.36"
213.147.161.216 - - [17/Oct/2017:06:15:36 +0200] "GET /img/mobile/bg-menu.jpg HTTP/1.1" 200 1698 "https://www.easydrivers.at/css/mobile.css" "Mozilla/5.0 (Linux; Android 7.0; SAMSUNG SM-A310F Build/NRD90M) AppleWebKit/537.36 (KHTML, like Gecko) SamsungBrowser/5.4 Chrome/51.0.2704.106 Mobile Safari/537.36"
213.147.161.216 - - [17/Oct/2017:06:15:36 +0200] "GET /img/mobile/bg-header.jpg HTTP/1.1" 200 19741 "https://www.easydrivers.at/css/mobile.css" "Mozilla/5.0 (Linux; Android 7.0; SAMSUNG SM-A310F Build/NRD90M) AppleWebKit/537.36 (KHTML, like Gecko) SamsungBrowser/5.4 Chrome/51.0.2704.106 Mobile Safari/537.36"
213.147.161.216 - - [17/Oct/2017:06:15:36 +0200] "GET /img/mobile/weiter-button.png HTTP/1.1" 200 1670 "https://www.easydrivers.at/css/mobile.css" "Mozilla/5.0 (Linux; Android 7.0; SAMSUNG SM-A310F Build/NRD90M) AppleWebKit/537.36 (KHTML, like Gecko) SamsungBrowser/5.4 Chrome/51.0.2704.106 Mobile Safari/537.36"
79.196.230.31 - - [17/Oct/2017:06:15:34 +0200] "GET /waidhofen.ybbs/10289067 HTTP/1.1" 200 3010 "-" "Mozilla/5.0 (Windows; U; Windows NT 6.0; de; rv:1.9.2.3) Gecko/20100401 Firefox/3.6.3 ( .NET CLR 3.5.30729)"
213.147.161.216 - - [17/Oct/2017:06:15:37 +0200] "GET /img/favicon.ico HTTP/1.1" 301 303 "-" "Mozilla/5.0 (Linux; Android 7.0; SAMSUNG SM-A310F Build/NRD90M) AppleWebKit/537.36 (KHTML, like Gecko) SamsungBrowser/5.4 Chrome/51.0.2704.106 Mobile Safari/537.36"
213.147.161.216 - - [17/Oct/2017:06:15:37 +0200] "GET /img/favicon.ico HTTP/1.1" 404 301 "-" "Mozilla/5.0 (Linux; Android 7.0; SAMSUNG SM-A310F Build/NRD90M) AppleWebKit/537.36 (KHTML, like Gecko) SamsungBrowser/5.4 Chrome/51.0.2704.106 Mobile Safari/537.36"
213.147.161.216 - - [17/Oct/2017:06:15:46 +0200] "GET /img/mobile/pfeil-rechts-small.png HTTP/1.1" 200 1056 "https://www.easydrivers.at/css/mobile.css" "Mozilla/5.0 (Linux; Android 7.0; SAMSUNG SM-A310F Build/NRD90M) AppleWebKit/537.36 (KHTML, like Gecko) SamsungBrowser/5.4 Chrome/51.0.2704.106 Mobile Safari/537.36"
213.147.161.216 - - [17/Oct/2017:06:15:46 +0200] "GET /img/mobile/pfeil-links-small.png HTTP/1.1" 200 1065 "https://www.easydrivers.at/css/mobile.css" "Mozilla/5.0 (Linux; Android 7.0; SAMSUNG SM-A310F Build/NRD90M) AppleWebKit/537.36 (KHTML, like Gecko) SamsungBrowser/5.4 Chrome/51.0.2704.106 Mobile Safari/537.36"
207.46.13.48 - - [17/Oct/2017:06:16:02 +0200] "GET /dornbirn HTTP/1.1" 200 3631 "-" "Mozilla/5.0 (compatible; bingbot/2.0; +http://www.bing.com/bingbot.htm)"
66.249.76.74 - - [17/Oct/2017:06:16:27 +0200] "GET /uploads/pdfs/steyr/abendkurs_juni_2_B-L.pdf HTTP/1.1" 301 324 "-" "Mozilla/5.0 (compatible; Googlebot/2.1; +http://www.google.com/bot.html)"
66.249.76.82 - - [17/Oct/2017:06:16:27 +0200] "GET /uploads/pdfs/steyr/abendkurs_juni_2_B-L.pdf HTTP/1.1" 200 34089 "-" "Mozilla/5.0 (compatible; Googlebot/2.1; +http://www.google.com/bot.html)"
66.249.76.74 - - [17/Oct/2017:06:16:30 +0200] "GET /am.spitz/10280856?FS=AM HTTP/1.1" 301 312 "-" "Mozilla/5.0 (compatible; Googlebot/2.1; +http://www.google.com/bot.html)"
66.249.76.74 - - [17/Oct/2017:06:17:20 +0200] "GET /uploads/pdfs/skarabela.gross-enzersdorf/10275354_AM.pdf HTTP/1.1" 301 333 "-" "Mozilla/5.0 (compatible; Googlebot/2.1; +http://www.google.com/bot.html)"
66.249.76.80 - - [17/Oct/2017:06:17:21 +0200] "GET /uploads/pdfs/skarabela.gross-enzersdorf/10275354_AM.pdf HTTP/1.1" 200 30146 "-" "Mozilla/5.0 (compatible; Googlebot/2.1; +http://www.google.com/bot.html)"
66.249.76.76 - - [17/Oct/2017:06:18:14 +0200] "GET /uploads/pdfs/bruck.leitha/10279749_CCE95.pdf HTTP/1.1" 301 327 "-" "Mozilla/5.0 (compatible; Googlebot/2.1; +http://www.google.com/bot.html)"
66.249.76.80 - - [17/Oct/2017:06:18:15 +0200] "GET /uploads/pdfs/bruck.leitha/10279749_CCE95.pdf HTTP/1.1" 200 28619 "-" "Mozilla/5.0 (compatible; Googlebot/2.1; +http://www.google.com/bot.html)"
204.79.180.20 - - [17/Oct/2017:06:18:56 +0200] "GET /fuehrerscheine/traktor HTTP/1.1" 301 306 "-" "Mozilla/5.0 (compatible; MSIE 9.0; Windows NT 6.0; Trident/5.0; Trident/5.0)"
66.249.76.76 - - [17/Oct/2017:06:19:08 +0200] "GET /wallensteinplatz/10281234?FS=BPlus HTTP/1.1" 301 319 "-" "Mozilla/5.0 (compatible; Googlebot/2.1; +http://www.google.com/bot.html)"
66.249.76.82 - - [17/Oct/2017:06:19:08 +0200] "GET /wallensteinplatz/10281234?FS=BPlus HTTP/1.1" 410 3420 "-" "Mozilla/5.0 (compatible; Googlebot/2.1; +http://www.google.com/bot.html)"
178.165.131.125 - - [17/Oct/2017:06:19:19 +0200] "GET /binaries/easy-drivers-portal/motorrad6jpg.jpg HTTP/1.1" 200 83216 "-" "com.google.GoogleMobile/36.0.0 iPhone/10.3.3 hw/iPhone7_1"
46.118.159.224 - - [17/Oct/2017:06:19:28 +0200] "GET / HTTP/1.1" 301 387 "https://univerfiles.com/" "Mozilla/4.0 (compatible; MSIE 6.0; Windows NT 5.1; TheFreeDictionary.com; .NET CLR 1.1.4322; .NET CLR 1.0.3705; .NET CLR 2.0.50727)"
178.165.131.125 - - [17/Oct/2017:06:19:36 +0200] "GET /steyr HTTP/1.1" 301 296 "https://www.google.at/" "Mozilla/5.0 (iPhone; CPU iPhone OS 10_3_3 like Mac OS X) AppleWebKit/602.1.50 (KHTML, like Gecko) GSA/36.0.169645775 Mobile/14G60 Safari/602.1"
178.165.131.125 - - [17/Oct/2017:06:19:37 +0200] "GET /steyr HTTP/1.1" 200 2946 "https://www.google.at/" "Mozilla/5.0 (iPhone; CPU iPhone OS 10_3_3 like Mac OS X) AppleWebKit/602.1.50 (KHTML, like Gecko) GSA/36.0.169645775 Mobile/14G60 Safari/602.1"
178.165.131.125 - - [17/Oct/2017:06:19:39 +0200] "GET /javascript/jquery.cookie.js HTTP/1.1" 200 863 "https://www.easydrivers.at/steyr" "Mozilla/5.0 (iPhone; CPU iPhone OS 10_3_3 like Mac OS X) AppleWebKit/602.1.50 (KHTML, like Gecko) GSA/36.0.169645775 Mobile/14G60 Safari/602.1"
178.165.131.125 - - [17/Oct/2017:06:19:39 +0200] "GET /javascript/mobile-menu.js HTTP/1.1" 200 1634 "https://www.easydrivers.at/steyr" "Mozilla/5.0 (iPhone; CPU iPhone OS 10_3_3 like Mac OS X) AppleWebKit/602.1.50 (KHTML, like Gecko) GSA/36.0.169645775 Mobile/14G60 Safari/602.1"
178.165.131.125 - - [17/Oct/2017:06:19:40 +0200] "GET /javascript/jquery-1.9.1.min.js HTTP/1.1" 200 32731 "https://www.easydrivers.at/steyr" "Mozilla/5.0 (iPhone; CPU iPhone OS 10_3_3 like Mac OS X) AppleWebKit/602.1.50 (KHTML, like Gecko) GSA/36.0.169645775 Mobile/14G60 Safari/602.1"
178.165.131.125 - - [17/Oct/2017:06:19:40 +0200] "GET /css/mobile.css HTTP/1.1" 200 2852 "https://www.easydrivers.at/steyr" "Mozilla/5.0 (iPhone; CPU iPhone OS 10_3_3 like Mac OS X) AppleWebKit/602.1.50 (KHTML, like Gecko) GSA/36.0.169645775 Mobile/14G60 Safari/602.1"
178.165.131.125 - - [17/Oct/2017:06:19:40 +0200] "GET /javascript/jquery.simplemodal.js HTTP/1.1" 200 3070 "https://www.easydrivers.at/steyr" "Mozilla/5.0 (iPhone; CPU iPhone OS 10_3_3 like Mac OS X) AppleWebKit/602.1.50 (KHTML, like Gecko) GSA/36.0.169645775 Mobile/14G60 Safari/602.1"
178.165.131.125 - - [17/Oct/2017:06:19:40 +0200] "GET /javascript/lazyload.js HTTP/1.1" 200 1170 "https://www.easydrivers.at/steyr" "Mozilla/5.0 (iPhone; CPU iPhone OS 10_3_3 like Mac OS X) AppleWebKit/602.1.50 (KHTML, like Gecko) GSA/36.0.169645775 Mobile/14G60 Safari/602.1"
178.165.131.125 - - [17/Oct/2017:06:19:40 +0200] "GET /javascript/mobile-fahrschule.js HTTP/1.1" 200 328 "https://www.easydrivers.at/steyr" "Mozilla/5.0 (iPhone; CPU iPhone OS 10_3_3 like Mac OS X) AppleWebKit/602.1.50 (KHTML, like Gecko) GSA/36.0.169645775 Mobile/14G60 Safari/602.1"
178.165.131.125 - - [17/Oct/2017:06:19:40 +0200] "GET /img/mobile/easydrivers-logo-mobile.png HTTP/1.1" 200 10766 "https://www.easydrivers.at/steyr" "Mozilla/5.0 (iPhone; CPU iPhone OS 10_3_3 like Mac OS X) AppleWebKit/602.1.50 (KHTML, like Gecko) GSA/36.0.169645775 Mobile/14G60 Safari/602.1"
178.165.131.125 - - [17/Oct/2017:06:19:40 +0200] "GET /img/mobile/close-button.png HTTP/1.1" 200 2411 "https://www.easydrivers.at/steyr" "Mozilla/5.0 (iPhone; CPU iPhone OS 10_3_3 like Mac OS X) AppleWebKit/602.1.50 (KHTML, like Gecko) GSA/36.0.169645775 Mobile/14G60 Safari/602.1"
178.165.131.125 - - [17/Oct/2017:06:19:40 +0200] "GET /img/mobile/menu-button.png HTTP/1.1" 200 1746 "https://www.easydrivers.at/steyr" "Mozilla/5.0 (iPhone; CPU iPhone OS 10_3_3 like Mac OS X) AppleWebKit/602.1.50 (KHTML, like Gecko) GSA/36.0.169645775 Mobile/14G60 Safari/602.1"
178.165.131.125 - - [17/Oct/2017:06:19:40 +0200] "GET /img/mobile/facebook-icon.png HTTP/1.1" 200 1902 "https://www.easydrivers.at/steyr" "Mozilla/5.0 (iPhone; CPU iPhone OS 10_3_3 like Mac OS X) AppleWebKit/602.1.50 (KHTML, like Gecko) GSA/36.0.169645775 Mobile/14G60 Safari/602.1"
178.165.131.125 - - [17/Oct/2017:06:19:40 +0200] "GET /img/mobile/info-button.png HTTP/1.1" 200 1549 "https://www.easydrivers.at/steyr" "Mozilla/5.0 (iPhone; CPU iPhone OS 10_3_3 like Mac OS X) AppleWebKit/602.1.50 (KHTML, like Gecko) GSA/36.0.169645775 Mobile/14G60 Safari/602.1"
178.165.131.125 - - [17/Oct/2017:06:19:41 +0200] "GET /img/smallicon-address.png HTTP/1.1" 200 1211 "https://www.easydrivers.at/steyr" "Mozilla/5.0 (iPhone; CPU iPhone OS 10_3_3 like Mac OS X) AppleWebKit/602.1.50 (KHTML, like Gecko) GSA/36.0.169645775 Mobile/14G60 Safari/602.1"
178.165.131.125 - - [17/Oct/2017:06:19:41 +0200] "GET /img/smallicon-person.png HTTP/1.1" 200 1141 "https://www.easydrivers.at/steyr" "Mozilla/5.0 (iPhone; CPU iPhone OS 10_3_3 like Mac OS X) AppleWebKit/602.1.50 (KHTML, like Gecko) GSA/36.0.169645775 Mobile/14G60 Safari/602.1"
178.165.131.125 - - [17/Oct/2017:06:19:41 +0200] "GET /img/mobile/info-close-button.png HTTP/1.1" 200 1721 "https://www.easydrivers.at/steyr" "Mozilla/5.0 (iPhone; CPU iPhone OS 10_3_3 like Mac OS X) AppleWebKit/602.1.50 (KHTML, like Gecko) GSA/36.0.169645775 Mobile/14G60 Safari/602.1"
178.165.131.125 - - [17/Oct/2017:06:19:41 +0200] "GET /img/mobile/googlemaps-pin.png HTTP/1.1" 200 1597 "https://www.easydrivers.at/steyr" "Mozilla/5.0 (iPhone; CPU iPhone OS 10_3_3 like Mac OS X) AppleWebKit/602.1.50 (KHTML, like Gecko) GSA/36.0.169645775 Mobile/14G60 Safari/602.1"
178.165.131.125 - - [17/Oct/2017:06:19:41 +0200] "GET /img/smallicon-mail.png HTTP/1.1" 200 1341 "https://www.easydrivers.at/steyr" "Mozilla/5.0 (iPhone; CPU iPhone OS 10_3_3 like Mac OS X) AppleWebKit/602.1.50 (KHTML, like Gecko) GSA/36.0.169645775 Mobile/14G60 Safari/602.1"
178.165.131.125 - - [17/Oct/2017:06:19:41 +0200] "GET /img/smallicon-time.png HTTP/1.1" 200 1262 "https://www.easydrivers.at/steyr" "Mozilla/5.0 (iPhone; CPU iPhone OS 10_3_3 like Mac OS X) AppleWebKit/602.1.50 (KHTML, like Gecko) GSA/36.0.169645775 Mobile/14G60 Safari/602.1"
178.165.131.125 - - [17/Oct/2017:06:19:41 +0200] "GET /img/smallicon-phone.png HTTP/1.1" 200 3056 "https://www.easydrivers.at/steyr" "Mozilla/5.0 (iPhone; CPU iPhone OS 10_3_3 like Mac OS X) AppleWebKit/602.1.50 (KHTML, like Gecko) GSA/36.0.169645775 Mobile/14G60 Safari/602.1"
178.165.131.125 - - [17/Oct/2017:06:19:41 +0200] "GET /img/mobile/widget-icon-app.png HTTP/1.1" 200 3458 "https://www.easydrivers.at/steyr" "Mozilla/5.0 (iPhone; CPU iPhone OS 10_3_3 like Mac OS X) AppleWebKit/602.1.50 (KHTML, like Gecko) GSA/36.0.169645775 Mobile/14G60 Safari/602.1"
178.165.131.125 - - [17/Oct/2017:06:19:41 +0200] "GET /img/mobile/bg-top-section.jpg HTTP/1.1" 200 21711 "https://www.easydrivers.at/steyr" "Mozilla/5.0 (iPhone; CPU iPhone OS 10_3_3 like Mac OS X) AppleWebKit/602.1.50 (KHTML, like Gecko) GSA/36.0.169645775 Mobile/14G60 Safari/602.1"
178.165.131.125 - - [17/Oct/2017:06:19:41 +0200] "GET /img/mobile/bg-menu.jpg HTTP/1.1" 200 1698 "https://www.easydrivers.at/steyr" "Mozilla/5.0 (iPhone; CPU iPhone OS 10_3_3 like Mac OS X) AppleWebKit/602.1.50 (KHTML, like Gecko) GSA/36.0.169645775 Mobile/14G60 Safari/602.1"
178.165.131.125 - - [17/Oct/2017:06:19:41 +0200] "GET /img/mobile/bg-header.jpg HTTP/1.1" 200 19741 "https://www.easydrivers.at/steyr" "Mozilla/5.0 (iPhone; CPU iPhone OS 10_3_3 like Mac OS X) AppleWebKit/602.1.50 (KHTML, like Gecko) GSA/36.0.169645775 Mobile/14G60 Safari/602.1"
178.165.131.125 - - [17/Oct/2017:06:19:41 +0200] "GET /img/mobile/pfeil-rechts.png HTTP/1.1" 200 1228 "https://www.easydrivers.at/steyr" "Mozilla/5.0 (iPhone; CPU iPhone OS 10_3_3 like Mac OS X) AppleWebKit/602.1.50 (KHTML, like Gecko) GSA/36.0.169645775 Mobile/14G60 Safari/602.1"
40.77.167.108 - - [17/Oct/2017:06:19:46 +0200] "GET /innsbruck/kursauswahl HTTP/1.1" 200 3616 "-" "Mozilla/5.0 (compatible; bingbot/2.0; +http://www.bing.com/bingbot.htm)"
178.165.131.125 - - [17/Oct/2017:06:19:46 +0200] "POST /steyr/kursauswahl HTTP/1.1" 200 3135 "https://www.easydrivers.at/steyr" "Mozilla/5.0 (iPhone; CPU iPhone OS 10_3_3 like Mac OS X) AppleWebKit/602.1.50 (KHTML, like Gecko) GSA/36.0.169645775 Mobile/14G60 Safari/602.1"
178.165.131.125 - - [17/Oct/2017:06:19:48 +0200] "GET /img/mobile/pfeil-links-small.png HTTP/1.1" 200 1065 "https://www.easydrivers.at/steyr/kursauswahl" "Mozilla/5.0 (iPhone; CPU iPhone OS 10_3_3 like Mac OS X) AppleWebKit/602.1.50 (KHTML, like Gecko) GSA/36.0.169645775 Mobile/14G60 Safari/602.1"
178.165.131.125 - - [17/Oct/2017:06:19:48 +0200] "GET /img/mobile/bg-yellow.jpg HTTP/1.1" 200 1569 "https://www.easydrivers.at/steyr/kursauswahl" "Mozilla/5.0 (iPhone; CPU iPhone OS 10_3_3 like Mac OS X) AppleWebKit/602.1.50 (KHTML, like Gecko) GSA/36.0.169645775 Mobile/14G60 Safari/602.1"
178.165.131.125 - - [17/Oct/2017:06:19:49 +0200] "GET /javascript/mobile-fahrschule-kurs-suchergebnis.js HTTP/1.1" 200 274 "https://www.easydrivers.at/steyr/kursauswahl" "Mozilla/5.0 (iPhone; CPU iPhone OS 10_3_3 like Mac OS X) AppleWebKit/602.1.50 (KHTML, like Gecko) GSA/36.0.169645775 Mobile/14G60 Safari/602.1"
178.165.131.125 - - [17/Oct/2017:06:19:49 +0200] "GET /img/loading-bars.gif HTTP/1.1" 200 3951 "https://www.easydrivers.at/steyr/kursauswahl" "Mozilla/5.0 (iPhone; CPU iPhone OS 10_3_3 like Mac OS X) AppleWebKit/602.1.50 (KHTML, like Gecko) GSA/36.0.169645775 Mobile/14G60 Safari/602.1"
178.165.131.125 - - [17/Oct/2017:06:19:52 +0200] "POST /loadkursliste HTTP/1.1" 200 578 "https://www.easydrivers.at/steyr/kursauswahl" "Mozilla/5.0 (iPhone; CPU iPhone OS 10_3_3 like Mac OS X) AppleWebKit/602.1.50 (KHTML, like Gecko) GSA/36.0.169645775 Mobile/14G60 Safari/602.1"
207.46.13.55 - - [17/Oct/2017:06:19:57 +0200] "GET /fahrschulen/vorarlberg HTTP/1.1" 301 309 "-" "Mozilla/5.0 (compatible; bingbot/2.0; +http://www.bing.com/bingbot.htm)"
66.249.76.76 - - [17/Oct/2017:06:20:02 +0200] "GET /uploads/pdfs/guessing/10270337_CCE95.pdf HTTP/1.1" 301 321 "-" "Mozilla/5.0 (compatible; Googlebot/2.1; +http://www.google.com/bot.html)"
66.249.66.80 - - [17/Oct/2017:06:20:02 +0200] "GET /uploads/pdfs/guessing/10270337_CCE95.pdf HTTP/1.1" 200 28240 "-" "Mozilla/5.0 (compatible; Googlebot/2.1; +http://www.google.com/bot.html)"
81.217.167.182 - - [17/Oct/2017:06:20:20 +0200] "GET /bruck.leitha?gclid=EAIaIQobChMIysKmhuf21gIVhMYbCh31YQeSEAAYASAAEgLp0fD_BwE HTTP/1.1" 301 352 "https://www.google.at/" "Mozilla/5.0 (Macintosh; Intel Mac OS X 10_12_6) AppleWebKit/604.1.38 (KHTML, like Gecko) Version/11.0 Safari/604.1.38"
81.217.167.182 - - [17/Oct/2017:06:20:20 +0200] "GET /bruck.leitha?gclid=EAIaIQobChMIysKmhuf21gIVhMYbCh31YQeSEAAYASAAEgLp0fD_BwE HTTP/1.1" 200 3502 "https://www.google.at/" "Mozilla/5.0 (Macintosh; Intel Mac OS X 10_12_6) AppleWebKit/604.1.38 (KHTML, like Gecko) Version/11.0 Safari/604.1.38"
81.217.167.182 - - [17/Oct/2017:06:20:23 +0200] "GET /css/print.css HTTP/1.1" 200 967 "https://www.easydrivers.at/bruck.leitha?gclid=EAIaIQobChMIysKmhuf21gIVhMYbCh31YQeSEAAYASAAEgLp0fD_BwE" "Mozilla/5.0 (Macintosh; Intel Mac OS X 10_12_6) AppleWebKit/604.1.38 (KHTML, like Gecko) Version/11.0 Safari/604.1.38"
81.217.167.182 - - [17/Oct/2017:06:20:23 +0200] "GET /css/style.css HTTP/1.1" 200 5004 "https://www.easydrivers.at/bruck.leitha?gclid=EAIaIQobChMIysKmhuf21gIVhMYbCh31YQeSEAAYASAAEgLp0fD_BwE" "Mozilla/5.0 (Macintosh; Intel Mac OS X 10_12_6) AppleWebKit/604.1.38 (KHTML, like Gecko) Version/11.0 Safari/604.1.38"
81.217.167.182 - - [17/Oct/2017:06:20:23 +0200] "GET /javascript/jquery.customSelect.min.js HTTP/1.1" 200 912 "https://www.easydrivers.at/bruck.leitha?gclid=EAIaIQobChMIysKmhuf21gIVhMYbCh31YQeSEAAYASAAEgLp0fD_BwE" "Mozilla/5.0 (Macintosh; Intel Mac OS X 10_12_6) AppleWebKit/604.1.38 (KHTML, like Gecko) Version/11.0 Safari/604.1.38"
81.217.167.182 - - [17/Oct/2017:06:20:23 +0200] "GET /javascript/jquery.cookie.js HTTP/1.1" 200 863 "https://www.easydrivers.at/bruck.leitha?gclid=EAIaIQobChMIysKmhuf21gIVhMYbCh31YQeSEAAYASAAEgLp0fD_BwE" "Mozilla/5.0 (Macintosh; Intel Mac OS X 10_12_6) AppleWebKit/604.1.38 (KHTML, like Gecko) Version/11.0 Safari/604.1.38"
81.217.167.182 - - [17/Oct/2017:06:20:23 +0200] "GET /javascript/portal.js?1221842734 HTTP/1.1" 200 3529 "https://www.easydrivers.at/bruck.leitha?gclid=EAIaIQobChMIysKmhuf21gIVhMYbCh31YQeSEAAYASAAEgLp0fD_BwE" "Mozilla/5.0 (Macintosh; Intel Mac OS X 10_12_6) AppleWebKit/604.1.38 (KHTML, like Gecko) Version/11.0 Safari/604.1.38"
81.217.167.182 - - [17/Oct/2017:06:20:23 +0200] "GET /javascript/jquery.simplemodal.js HTTP/1.1" 200 3070 "https://www.easydrivers.at/bruck.leitha?gclid=EAIaIQobChMIysKmhuf21gIVhMYbCh31YQeSEAAYASAAEgLp0fD_BwE" "Mozilla/5.0 (Macintosh; Intel Mac OS X 10_12_6) AppleWebKit/604.1.38 (KHTML, like Gecko) Version/11.0 Safari/604.1.38"
