176.126.252.11 - - [17/Oct/2017:02:00:01 +0200] "GET /skarabela.gross-enzersdorf/id_dsa HTTP/1.0" 404 3499 "-" "Mozilla/5.0 (Windows NT 10.0; Win64; x64) AppleWebKit/537.36 (KHTML, like Gecko) Chrome/56.0.2924.87 Safari/537.36"
176.126.252.11 - - [17/Oct/2017:02:00:05 +0200] "GET /skarabela.gross-enzersdorf/.ssh/id_dsa HTTP/1.0" 301 319 "-" "Mozilla/5.0 (Windows NT 10.0; Win64; x64) AppleWebKit/537.36 (KHTML, like Gecko) Chrome/56.0.2924.87 Safari/537.36"
176.126.252.11 - - [17/Oct/2017:02:00:06 +0200] "GET /skarabela.gross-enzersdorf/.ssh/id_dsa HTTP/1.0" 404 3503 "-" "Mozilla/5.0 (Windows NT 10.0; Win64; x64) AppleWebKit/537.36 (KHTML, like Gecko) Chrome/56.0.2924.87 Safari/537.36"
65.19.167.132 - - [17/Oct/2017:02:00:12 +0200] "GET /skarabela.gross-enzersdorf/root/.ssh/id_dsa HTTP/1.0" 301 322 "-" "Mozilla/5.0 (Windows NT 10.0; Win64; x64) AppleWebKit/537.36 (KHTML, like Gecko) Chrome/56.0.2924.87 Safari/537.36"
40.77.167.108 - - [17/Oct/2017:02:00:16 +0200] "GET /ybbs HTTP/1.1" 200 3605 "-" "Mozilla/5.0 (compatible; bingbot/2.0; +http://www.bing.com/bingbot.htm)"
37.187.129.166 - - [17/Oct/2017:02:00:15 +0200] "GET /skarabela.gross-enzersdorf/root/.ssh/id_dsa HTTP/1.0" 404 3507 "-" "Mozilla/5.0 (Windows NT 10.0; Win64; x64) AppleWebKit/537.36 (KHTML, like Gecko) Chrome/56.0.2924.87 Safari/537.36"
66.249.76.78 - - [17/Oct/2017:02:00:19 +0200] "GET /uploads/pdfs/dornbirn/10248235_E.pdf HTTP/1.1" 301 318 "-" "Mozilla/5.0 (compatible; Googlebot/2.1; +http://www.google.com/bot.html)"
66.249.76.84 - - [17/Oct/2017:02:00:19 +0200] "GET /uploads/pdfs/dornbirn/10248235_E.pdf HTTP/1.1" 200 27902 "-" "Mozilla/5.0 (compatible; Googlebot/2.1; +http://www.google.com/bot.html)"
216.244.66.249 - - [17/Oct/2017:02:00:40 +0200] "GET /robots.txt HTTP/1.1" 301 397 "-" "Mozilla/5.0 (compatible; DotBot/1.1; http://www.opensiteexplorer.org/dotbot, help@moz.com)"
216.244.66.249 - - [17/Oct/2017:02:00:44 +0200] "GET /robots.txt HTTP/1.1" 200 178 "-" "Mozilla/5.0 (compatible; DotBot/1.1; http://www.opensiteexplorer.org/dotbot, help@moz.com)"
178.115.131.100 - - [17/Oct/2017:02:00:58 +0200] "GET / HTTP/1.1" 200 3579 "http://www.google.at/" "Mozilla/5.0 (Linux; Android 7.0; SM-G920F Build/NRD90M) AppleWebKit/537.36 (KHTML, like Gecko) Chrome/61.0.3163.98 Mobile Safari/537.36"
178.115.131.100 - - [17/Oct/2017:02:01:01 +0200] "GET /img/favicon.ico HTTP/1.1" 404 301 "-" "Mozilla/5.0 (Linux; Android 7.0; SM-G920F Build/NRD90M) AppleWebKit/537.36 (KHTML, like Gecko) Chrome/61.0.3163.98 Mobile Safari/537.36"
66.249.76.78 - - [17/Oct/2017:02:01:08 +0200] "GET /uploads/pdfs/neunkirchen/10275008_B-L.pdf HTTP/1.1" 301 321 "-" "Mozilla/5.0 (compatible; Googlebot/2.1; +http://www.google.com/bot.html)"
66.249.76.84 - - [17/Oct/2017:02:01:08 +0200] "GET /uploads/pdfs/neunkirchen/10275008_B-L.pdf HTTP/1.1" 200 32423 "-" "Mozilla/5.0 (compatible; Googlebot/2.1; +http://www.google.com/bot.html)"
66.249.76.74 - - [17/Oct/2017:02:01:57 +0200] "GET /am.spitz/10281087?FS=BPlus HTTP/1.1" 301 313 "-" "Mozilla/5.0 (compatible; Googlebot/2.1; +http://www.google.com/bot.html)"
207.46.13.55 - - [17/Oct/2017:02:01:56 +0200] "GET /poechlarn HTTP/1.1" 200 3639 "-" "Mozilla/5.0 (compatible; bingbot/2.0; +http://www.bing.com/bingbot.htm)"
66.249.76.80 - - [17/Oct/2017:02:01:58 +0200] "GET /am.spitz/10281087?FS=BPlus HTTP/1.1" 410 3382 "-" "Mozilla/5.0 (compatible; Googlebot/2.1; +http://www.google.com/bot.html)"
207.46.13.55 - - [17/Oct/2017:02:01:59 +0200] "GET /klagenfurt HTTP/1.1" 200 3665 "-" "Mozilla/5.0 (compatible; bingbot/2.0; +http://www.bing.com/bingbot.htm)"
194.87.94.251 - - [17/Oct/2017:02:02:32 +0200] "HEAD / HTTP/1.1" 301 - "https://www.samara-airport.com" "Mozilla/6.0 (compatible; MSIE2.00; Windows 2005)"
194.87.236.223 - - [17/Oct/2017:02:02:32 +0200] "HEAD / HTTP/1.1" 301 - "https://city-plaza-athens.com/novosti/v-grecii-budut-provodit-ekskursii-dlya-slabovidyashhix-turistov/" "Mozilla/7.0 (compatible; MSIE5.00; Windows 2002)"
195.133.145.199 - - [17/Oct/2017:02:02:32 +0200] "HEAD / HTTP/1.1" 301 - "https://mag-shop.ru/product-category/ribalka/" "Mozilla/3.0 (compatible; MSIE3.00; Windows 2006)"
194.87.103.12 - - [17/Oct/2017:02:02:32 +0200] "HEAD / HTTP/1.1" 301 - "http://zhimskamja.ru/" "Mozilla/2.0 (compatible; MSIE6.00; Windows 2003)"
66.249.76.74 - - [17/Oct/2017:02:02:47 +0200] "GET /uploads/pdfs/krems/10279346_F-Plus.pdf HTTP/1.1" 301 321 "-" "Mozilla/5.0 (compatible; Googlebot/2.1; +http://www.google.com/bot.html)"
66.249.76.80 - - [17/Oct/2017:02:02:47 +0200] "GET /uploads/pdfs/krems/10279346_F-Plus.pdf HTTP/1.1" 200 27704 "-" "Mozilla/5.0 (compatible; Googlebot/2.1; +http://www.google.com/bot.html)"
108.59.8.70 - - [17/Oct/2017:02:03:19 +0200] "GET /skarabela.gross-enzersdorf/robots.txt HTTP/1.1" 301 424 "-" "Mozilla/5.0 (compatible; MJ12bot/v1.4.8; http://mj12bot.com/)"
108.59.8.70 - - [17/Oct/2017:02:03:19 +0200] "GET /skarabela.gross-enzersdorf/robots.txt HTTP/1.1" 404 397 "-" "Mozilla/5.0 (compatible; MJ12bot/v1.4.8; http://mj12bot.com/)"
193.124.131.168 - - [17/Oct/2017:02:03:21 +0200] "HEAD / HTTP/1.1" 301 - "http://demian.kz" "Mozilla/8.0 (compatible; MSIE6.00; Windows 2004)"
195.133.201.163 - - [17/Oct/2017:02:03:21 +0200] "HEAD / HTTP/1.1" 301 - "https://www.bufetout.ru/catering/kofe-breik/" "Mozilla/3.0 (compatible; MSIE3.00; Windows 2002)"
108.59.8.70 - - [17/Oct/2017:02:03:23 +0200] "GET /skarabela.gross-enzersdorf HTTP/1.1" 301 413 "-" "Mozilla/5.0 (compatible; MJ12bot/v1.4.8; http://mj12bot.com/)"
108.59.8.70 - - [17/Oct/2017:02:03:25 +0200] "GET /skarabela.gross-enzersdorf HTTP/1.1" 200 12156 "-" "Mozilla/5.0 (compatible; MJ12bot/v1.4.8; http://mj12bot.com/)"
66.249.76.78 - - [17/Oct/2017:02:03:36 +0200] "GET /uploads/pdfs/wallensteinplatz/10281012_B-L.pdf HTTP/1.1" 301 326 "-" "Mozilla/5.0 (compatible; Googlebot/2.1; +http://www.google.com/bot.html)"
207.46.13.48 - - [17/Oct/2017:02:04:17 +0200] "GET /binaries/easy-drivers-neunkirchen--au/aabb.jpg HTTP/1.1" 301 320 "-" "Mozilla/5.0 (compatible; bingbot/2.0; +http://www.bing.com/bingbot.htm)"
66.249.76.76 - - [17/Oct/2017:02:04:25 +0200] "GET /uploads/pdfs/brigittenau/10281117_BE96.pdf HTTP/1.1" 301 323 "-" "Mozilla/5.0 (compatible; Googlebot/2.1; +http://www.google.com/bot.html)"
66.249.76.80 - - [17/Oct/2017:02:04:26 +0200] "GET /uploads/pdfs/brigittenau/10281117_BE96.pdf HTTP/1.1" 200 29677 "-" "Mozilla/5.0 (compatible; Googlebot/2.1; +http://www.google.com/bot.html)"
207.46.13.48 - - [17/Oct/2017:02:04:33 +0200] "GET /binaries/easy-drivers-neunkirchen--au/aabb.jpg HTTP/1.1" 200 5284895 "-" "Mozilla/5.0 (compatible; bingbot/2.0; +http://www.bing.com/bingbot.htm)"
195.133.147.6 - - [17/Oct/2017:02:05:04 +0200] "HEAD / HTTP/1.1" 301 - "http://advokat-meshcherov.ru" "Mozilla/4.0 (compatible; MSIE5.00; Windows 2007)"
66.249.66.72 - - [17/Oct/2017:02:05:15 +0200] "GET /uploads/pdfs/zwettl/10259623_A2BF.pdf HTTP/1.1" 301 320 "-" "Mozilla/5.0 (compatible; Googlebot/2.1; +http://www.google.com/bot.html)"
66.249.76.84 - - [17/Oct/2017:02:05:15 +0200] "GET /uploads/pdfs/zwettl/10259623_A2BF.pdf HTTP/1.1" 200 31190 "-" "Mozilla/5.0 (compatible; Googlebot/2.1; +http://www.google.com/bot.html)"
66.249.76.80 - - [17/Oct/2017:02:05:16 +0200] "GET /uploads/pdfs/wallensteinplatz/10281012_B-L.pdf HTTP/1.1" 200 31196 "-" "Mozilla/5.0 (compatible; Googlebot/2.1; +http://www.google.com/bot.html)"
66.249.76.78 - - [17/Oct/2017:02:06:04 +0200] "GET /uploads/pdfs/spittelau/10281573_CCE95.pdf HTTP/1.1" 301 322 "-" "Mozilla/5.0 (compatible; Googlebot/2.1; +http://www.google.com/bot.html)"
66.249.76.84 - - [17/Oct/2017:02:06:05 +0200] "GET /uploads/pdfs/spittelau/10281573_CCE95.pdf HTTP/1.1" 200 28414 "-" "Mozilla/5.0 (compatible; Googlebot/2.1; +http://www.google.com/bot.html)"
207.46.13.120 - - [17/Oct/2017:02:06:15 +0200] "GET /bad.voeslau HTTP/1.1" 200 3754 "-" "Mozilla/5.0 (compatible; bingbot/2.0; +http://www.bing.com/bingbot.htm)"
207.46.13.55 - - [17/Oct/2017:02:06:18 +0200] "GET /binaries/easy-drivers-gro/merc1jpg.jpg HTTP/1.1" 301 314 "-" "Mozilla/5.0 (compatible; bingbot/2.0; +http://www.bing.com/bingbot.htm)"
207.46.13.55 - - [17/Oct/2017:02:06:24 +0200] "GET /binaries/easy-drivers-gro/merc1jpg.jpg HTTP/1.1" 200 212554 "-" "Mozilla/5.0 (compatible; bingbot/2.0; +http://www.bing.com/bingbot.htm)"
66.249.76.76 - - [17/Oct/2017:02:06:53 +0200] "GET /uploads/pdfs/am.spitz/10269191_B-L.pdf HTTP/1.1" 301 320 "-" "Mozilla/5.0 (compatible; Googlebot/2.1; +http://www.google.com/bot.html)"
66.249.76.82 - - [17/Oct/2017:02:06:54 +0200] "GET /uploads/pdfs/am.spitz/10269191_B-L.pdf HTTP/1.1" 200 30588 "-" "Mozilla/5.0 (compatible; Googlebot/2.1; +http://www.google.com/bot.html)"
194.166.121.85 - - [17/Oct/2017:02:07:14 +0200] "GET / HTTP/1.1" 301 293 "https://www.google.at/" "Mozilla/5.0 (iPhone; CPU iPhone OS 10_3_3 like Mac OS X) AppleWebKit/603.3.8 (KHTML, like Gecko) Version/10.0 Mobile/14G60 Safari/602.1"
66.249.76.76 - - [17/Oct/2017:02:07:42 +0200] "GET /download.php?id=10265374 HTTP/1.1" 301 311 "-" "Mozilla/5.0 (compatible; Googlebot/2.1; +http://www.google.com/bot.html)"
66.249.76.84 - - [17/Oct/2017:02:07:43 +0200] "GET /download.php?id=10265374 HTTP/1.1" 200 56661 "-" "Mozilla/5.0 (compatible; Googlebot/2.1; +http://www.google.com/bot.html)"
35.184.189.105 - - [17/Oct/2017:02:07:46 +0200] "GET /robots.txt HTTP/1.1" 301 300 "-" "ltx71 - (http://ltx71.com/)"
66.249.76.74 - - [17/Oct/2017:02:08:32 +0200] "GET /brigittenau/10281231?FS=B-L17 HTTP/1.1" 301 316 "-" "Mozilla/5.0 (compatible; Googlebot/2.1; +http://www.google.com/bot.html)"
66.249.76.80 - - [17/Oct/2017:02:08:32 +0200] "GET /brigittenau/10281231?FS=B-L17 HTTP/1.1" 410 3425 "-" "Mozilla/5.0 (compatible; Googlebot/2.1; +http://www.google.com/bot.html)"
66.249.76.74 - - [17/Oct/2017:02:08:41 +0200] "GET /fuehrerscheine/traktor/F HTTP/1.1" 301 308 "-" "Mozilla/5.0 (compatible; Googlebot/2.1; +http://www.google.com/bot.html)"
66.249.76.82 - - [17/Oct/2017:02:08:42 +0200] "GET /fuehrerscheine/traktor/F HTTP/1.1" 200 3700 "-" "Mozilla/5.0 (compatible; Googlebot/2.1; +http://www.google.com/bot.html)"
87.250.224.32 - - [17/Oct/2017:02:09:06 +0200] "GET /robots.txt HTTP/1.1" 301 397 "-" "Mozilla/5.0 (compatible; YandexBot/3.0; +http://yandex.com/bots)"
87.250.224.32 - - [17/Oct/2017:02:09:10 +0200] "GET /am.spitz/10280832?FS=B HTTP/1.1" 301 311 "-" "Mozilla/5.0 (compatible; YandexBot/3.0; +http://yandex.com/bots)"
87.250.224.32 - - [17/Oct/2017:02:09:11 +0200] "GET /robots.txt HTTP/1.1" 200 178 "-" "Mozilla/5.0 (compatible; YandexBot/3.0; +http://yandex.com/bots)"
178.154.171.72 - - [17/Oct/2017:02:09:15 +0200] "GET /am.spitz/10280832?FS=B HTTP/1.1" 410 3381 "-" "Mozilla/5.0 (compatible; YandexBot/3.0; +http://yandex.com/bots)"
66.249.76.74 - - [17/Oct/2017:02:09:21 +0200] "GET /uploads/pdfs/hollabrunn/Grundkurs_September_2015_BC.pdf HTTP/1.1" 301 331 "-" "Mozilla/5.0 (compatible; Googlebot/2.1; +http://www.google.com/bot.html)"
66.249.76.82 - - [17/Oct/2017:02:09:22 +0200] "GET /uploads/pdfs/hollabrunn/Grundkurs_September_2015_BC.pdf HTTP/1.1" 200 36607 "-" "Mozilla/5.0 (compatible; Googlebot/2.1; +http://www.google.com/bot.html)"
66.249.76.76 - - [17/Oct/2017:02:10:10 +0200] "GET /uploads/pdfs/hollabrunn/Grundkurs_Mai_2017_A2BF.pdf HTTP/1.1" 301 330 "-" "Mozilla/5.0 (compatible; Googlebot/2.1; +http://www.google.com/bot.html)"
66.249.76.84 - - [17/Oct/2017:02:10:11 +0200] "GET /uploads/pdfs/hollabrunn/Grundkurs_Mai_2017_A2BF.pdf HTTP/1.1" 200 35148 "-" "Mozilla/5.0 (compatible; Googlebot/2.1; +http://www.google.com/bot.html)"
207.46.13.120 - - [17/Oct/2017:02:10:12 +0200] "GET /st.poelten/10282972?FS=B-L HTTP/1.1" 200 6146 "-" "Mozilla/5.0 (compatible; bingbot/2.0; +http://www.bing.com/bingbot.htm)"
66.249.76.76 - - [17/Oct/2017:02:11:00 +0200] "GET /wallensteinplatz/10281519?FS=CCE95 HTTP/1.1" 301 320 "-" "Mozilla/5.0 (compatible; Googlebot/2.1; +http://www.google.com/bot.html)"
66.249.76.80 - - [17/Oct/2017:02:11:00 +0200] "GET /wallensteinplatz/10281519?FS=CCE95 HTTP/1.1" 410 3422 "-" "Mozilla/5.0 (compatible; Googlebot/2.1; +http://www.google.com/bot.html)"
79.196.233.72 - - [17/Oct/2017:02:11:26 +0200] "GET /krems HTTP/1.1" 301 297 "-" "Mozilla/5.0 (Windows; U; Windows NT 6.0; de; rv:1.9.2.3) Gecko/20100401 Firefox/3.6.3 ( .NET CLR 3.5.30729)"
66.249.76.74 - - [17/Oct/2017:02:11:49 +0200] "GET /uploads/pdfs/schwechat/10280332_DD195-B.pdf HTTP/1.1" 301 324 "-" "Mozilla/5.0 (compatible; Googlebot/2.1; +http://www.google.com/bot.html)"
66.249.66.80 - - [17/Oct/2017:02:11:50 +0200] "GET /uploads/pdfs/schwechat/10280332_DD195-B.pdf HTTP/1.1" 200 29088 "-" "Mozilla/5.0 (compatible; Googlebot/2.1; +http://www.google.com/bot.html)"
66.249.76.78 - - [17/Oct/2017:02:12:38 +0200] "GET /uploads/pdfs/schwechat/10274853_BF.pdf HTTP/1.1" 301 319 "-" "Mozilla/5.0 (compatible; Googlebot/2.1; +http://www.google.com/bot.html)"
66.249.76.84 - - [17/Oct/2017:02:12:39 +0200] "GET /uploads/pdfs/schwechat/10274853_BF.pdf HTTP/1.1" 200 29311 "-" "Mozilla/5.0 (compatible; Googlebot/2.1; +http://www.google.com/bot.html)"
66.249.76.78 - - [17/Oct/2017:02:13:28 +0200] "GET /uploads/pdfs/moedling/10281788_BPlus.pdf HTTP/1.1" 301 322 "-" "Mozilla/5.0 (compatible; Googlebot/2.1; +http://www.google.com/bot.html)"
66.249.76.82 - - [17/Oct/2017:02:13:28 +0200] "GET /uploads/pdfs/moedling/10281788_BPlus.pdf HTTP/1.1" 200 28593 "-" "Mozilla/5.0 (compatible; Googlebot/2.1; +http://www.google.com/bot.html)"
66.249.76.76 - - [17/Oct/2017:02:14:17 +0200] "GET /uploads/pdfs/voesendorf/10281933_A1L17.pdf HTTP/1.1" 301 323 "-" "Mozilla/5.0 (compatible; Googlebot/2.1; +http://www.google.com/bot.html)"
66.249.76.84 - - [17/Oct/2017:02:14:18 +0200] "GET /uploads/pdfs/voesendorf/10281933_A1L17.pdf HTTP/1.1" 200 37811 "-" "Mozilla/5.0 (compatible; Googlebot/2.1; +http://www.google.com/bot.html)"
79.196.233.72 - - [17/Oct/2017:02:14:17 +0200] "GET /berndorf HTTP/1.1" 200 3745 "-" "Mozilla/5.0 (Windows; U; Windows NT 6.0; de; rv:1.9.2.3) Gecko/20100401 Firefox/3.6.3 ( .NET CLR 3.5.30729)"
207.46.13.55 - - [17/Oct/2017:02:14:20 +0200] "GET /binaries/10248821.jpg HTTP/1.1" 301 309 "-" "Mozilla/5.0 (compatible; bingbot/2.0; +http://www.bing.com/bingbot.htm)"
207.46.13.55 - - [17/Oct/2017:02:14:24 +0200] "GET /binaries/10248821.jpg HTTP/1.1" 200 56384 "-" "Mozilla/5.0 (compatible; bingbot/2.0; +http://www.bing.com/bingbot.htm)"
66.249.76.74 - - [17/Oct/2017:02:15:06 +0200] "GET /uploads/pdfs/retz/10259453_A1F.pdf HTTP/1.1" 301 318 "-" "Mozilla/5.0 (compatible; Googlebot/2.1; +http://www.google.com/bot.html)"
66.249.76.80 - - [17/Oct/2017:02:15:07 +0200] "GET /uploads/pdfs/retz/10259453_A1F.pdf HTTP/1.1" 200 31846 "-" "Mozilla/5.0 (compatible; Googlebot/2.1; +http://www.google.com/bot.html)"
79.196.233.72 - - [17/Oct/2017:02:15:09 +0200] "GET /links HTTP/1.1" 301 297 "-" "Mozilla/5.0 (Windows; U; Windows NT 6.0; de; rv:1.9.2.3) Gecko/20100401 Firefox/3.6.3 ( .NET CLR 3.5.30729)"
79.196.233.72 - - [17/Oct/2017:02:15:14 +0200] "GET /kapfenberg.pankl HTTP/1.1" 301 305 "-" "Mozilla/5.0 (Windows; U; Windows NT 6.0; de; rv:1.9.2.3) Gecko/20100401 Firefox/3.6.3 ( .NET CLR 3.5.30729)"
66.249.76.74 - - [17/Oct/2017:02:15:56 +0200] "GET /spittelau/10281189?FS=BCE HTTP/1.1" 301 312 "-" "Mozilla/5.0 (compatible; Googlebot/2.1; +http://www.google.com/bot.html)"
66.249.76.80 - - [17/Oct/2017:02:15:56 +0200] "GET /spittelau/10281189?FS=BCE HTTP/1.1" 410 3398 "-" "Mozilla/5.0 (compatible; Googlebot/2.1; +http://www.google.com/bot.html)"
180.76.15.23 - - [17/Oct/2017:02:16:07 +0200] "GET / HTTP/1.1" 301 293 "-" "Mozilla/5.0 (compatible; Baiduspider/2.0; +http://www.baidu.com/search/spider.html)"
40.77.167.108 - - [17/Oct/2017:02:16:07 +0200] "GET /wieselburg HTTP/1.1" 200 3467 "-" "Mozilla/5.0 (compatible; bingbot/2.0; +http://www.bing.com/bingbot.htm)"
180.76.15.154 - - [17/Oct/2017:02:16:08 +0200] "GET / HTTP/1.1" 200 16051 "-" "Mozilla/5.0 (compatible; Baiduspider/2.0; +http://www.baidu.com/search/spider.html)"
79.196.233.72 - - [17/Oct/2017:02:16:17 +0200] "GET /fuehrerscheine/mofa HTTP/1.1" 301 304 "-" "Mozilla/5.0 (Windows; U; Windows NT 6.0; de; rv:1.9.2.3) Gecko/20100401 Firefox/3.6.3 ( .NET CLR 3.5.30729)"
66.249.76.76 - - [17/Oct/2017:02:16:45 +0200] "GET /uploads/pdfs/neunkirchen/10275011_AM-M.pdf HTTP/1.1" 301 321 "-" "Mozilla/5.0 (compatible; Googlebot/2.1; +http://www.google.com/bot.html)"
66.249.76.84 - - [17/Oct/2017:02:16:45 +0200] "GET /uploads/pdfs/neunkirchen/10275011_AM-M.pdf HTTP/1.1" 200 29833 "-" "Mozilla/5.0 (compatible; Googlebot/2.1; +http://www.google.com/bot.html)"
79.196.233.72 - - [17/Oct/2017:02:16:55 +0200] "GET /impressum HTTP/1.1" 200 5879 "-" "Mozilla/5.0 (Windows; U; Windows NT 6.0; de; rv:1.9.2.3) Gecko/20100401 Firefox/3.6.3 ( .NET CLR 3.5.30729)"
66.249.76.78 - - [17/Oct/2017:02:17:01 +0200] "GET /haag HTTP/1.1" 301 296 "-" "Mozilla/5.0 (compatible; Googlebot/2.1; +http://www.google.com/bot.html)"
66.249.76.82 - - [17/Oct/2017:02:17:01 +0200] "GET /haag HTTP/1.1" 404 2657 "-" "Mozilla/5.0 (compatible; Googlebot/2.1; +http://www.google.com/bot.html)"
79.196.233.72 - - [17/Oct/2017:02:17:14 +0200] "GET /skarabela.gross-enzersdorf HTTP/1.1" 301 311 "-" "Mozilla/5.0 (Windows; U; Windows NT 6.0; de; rv:1.9.2.3) Gecko/20100401 Firefox/3.6.3 ( .NET CLR 3.5.30729)"
194.67.210.77 - - [17/Oct/2017:02:17:31 +0200] "HEAD / HTTP/1.1" 301 - "http://avtokor-23.ru/" "Mozilla/2.0 (compatible; MSIE5.00; Windows 2005)"
66.249.76.76 - - [17/Oct/2017:02:17:34 +0200] "GET /uploads/pdfs/oberwart/Intensivkurs-16-11-2015_A2BF.pdf HTTP/1.1" 301 332 "-" "Mozilla/5.0 (compatible; Googlebot/2.1; +http://www.google.com/bot.html)"
66.249.76.82 - - [17/Oct/2017:02:17:35 +0200] "GET /uploads/pdfs/oberwart/Intensivkurs-16-11-2015_A2BF.pdf HTTP/1.1" 200 29559 "-" "Mozilla/5.0 (compatible; Googlebot/2.1; +http://www.google.com/bot.html)"
195.212.98.190 - - [17/Oct/2017:02:18:14 +0200] "GET /binaries/easy-drivers-portal/edwebhistoryillu392x39211jpg.jpg HTTP/1.1" 301 448 "-" "Mozilla/4.0 (compatible;)"
66.249.76.76 - - [17/Oct/2017:02:18:24 +0200] "GET /uploads/pdfs/amstetten/nachmittagskurs_B.pdf HTTP/1.1" 301 323 "-" "Mozilla/5.0 (compatible; Googlebot/2.1; +http://www.google.com/bot.html)"
66.249.76.84 - - [17/Oct/2017:02:18:24 +0200] "GET /uploads/pdfs/amstetten/nachmittagskurs_B.pdf HTTP/1.1" 200 28692 "-" "Mozilla/5.0 (compatible; Googlebot/2.1; +http://www.google.com/bot.html)"
207.46.13.55 - - [17/Oct/2017:02:18:25 +0200] "GET /fuehrerscheine/motorrad HTTP/1.1" 200 2895 "-" "Mozilla/5.0 (compatible; bingbot/2.0; +http://www.bing.com/bingbot.htm)"
207.46.13.48 - - [17/Oct/2017:02:18:46 +0200] "GET /schwechat HTTP/1.1" 301 299 "-" "Mozilla/5.0 (compatible; bingbot/2.0; +http://www.bing.com/bingbot.htm)"
207.46.13.48 - - [17/Oct/2017:02:18:47 +0200] "GET /scheibbs HTTP/1.1" 200 3478 "-" "Mozilla/5.0 (compatible; bingbot/2.0; +http://www.bing.com/bingbot.htm)"
66.249.76.78 - - [17/Oct/2017:02:19:13 +0200] "GET /uploads/pdfs/neunkirchen/10274978_AM-M1.pdf HTTP/1.1" 301 324 "-" "Mozilla/5.0 (compatible; Googlebot/2.1; +http://www.google.com/bot.html)"
66.249.76.80 - - [17/Oct/2017:02:19:13 +0200] "GET /uploads/pdfs/neunkirchen/10274978_AM-M1.pdf HTTP/1.1" 200 30280 "-" "Mozilla/5.0 (compatible; Googlebot/2.1; +http://www.google.com/bot.html)"
66.249.66.80 - - [17/Oct/2017:02:19:23 +0200] "GET /binaries/easy-drivers-triesterstra/anfahrtsplan-v.pdf HTTP/1.1" 304 - "-" "Mozilla/5.0 (compatible; Googlebot/2.1; +http://www.google.com/bot.html)"
66.249.76.76 - - [17/Oct/2017:02:20:02 +0200] "GET /uploads/pdfs/innsbruck/10256434_B-L.pdf HTTP/1.1" 301 322 "-" "Mozilla/5.0 (compatible; Googlebot/2.1; +http://www.google.com/bot.html)"
66.249.76.82 - - [17/Oct/2017:02:20:03 +0200] "GET /uploads/pdfs/innsbruck/10256434_B-L.pdf HTTP/1.1" 200 30034 "-" "Mozilla/5.0 (compatible; Googlebot/2.1; +http://www.google.com/bot.html)"
185.162.47.84 - - [17/Oct/2017:02:20:25 +0200] "GET / HTTP/1.1" 301 294 "-" "Mozilla/5.0 (Windows NT 10.0; Win64; x64) AppleWebKit/537.36 (KHTML, like Gecko) Chrome/42.0.2311.135 Safari/537.36 Edge/12.10240"
185.162.47.84 - - [17/Oct/2017:02:20:26 +0200] "GET / HTTP/1.1" 200 4425 "-" "Mozilla/5.0 (Windows NT 10.0; Win64; x64) AppleWebKit/537.36 (KHTML, like Gecko) Chrome/42.0.2311.135 Safari/537.36 Edge/12.10240"
185.162.47.84 - - [17/Oct/2017:02:20:27 +0200] "GET /css/style.css HTTP/1.1" 200 5004 "https://www.easydrivers.at/" "Mozilla/5.0 (Windows NT 10.0; Win64; x64) AppleWebKit/537.36 (KHTML, like Gecko) Chrome/42.0.2311.135 Safari/537.36 Edge/12.10240"
185.162.47.84 - - [17/Oct/2017:02:20:27 +0200] "GET /javascript/jquery.customSelect.min.js HTTP/1.1" 200 912 "https://www.easydrivers.at/" "Mozilla/5.0 (Windows NT 10.0; Win64; x64) AppleWebKit/537.36 (KHTML, like Gecko) Chrome/42.0.2311.135 Safari/537.36 Edge/12.10240"
185.162.47.84 - - [17/Oct/2017:02:20:27 +0200] "GET /javascript/jquery.simplemodal.js HTTP/1.1" 200 3070 "https://www.easydrivers.at/" "Mozilla/5.0 (Windows NT 10.0; Win64; x64) AppleWebKit/537.36 (KHTML, like Gecko) Chrome/42.0.2311.135 Safari/537.36 Edge/12.10240"
185.162.47.84 - - [17/Oct/2017:02:20:27 +0200] "GET /javascript/jquery.cookie.js HTTP/1.1" 200 863 "https://www.easydrivers.at/" "Mozilla/5.0 (Windows NT 10.0; Win64; x64) AppleWebKit/537.36 (KHTML, like Gecko) Chrome/42.0.2311.135 Safari/537.36 Edge/12.10240"
185.162.47.84 - - [17/Oct/2017:02:20:27 +0200] "GET /javascript/portal.js?1221842734 HTTP/1.1" 200 3529 "https://www.easydrivers.at/" "Mozilla/5.0 (Windows NT 10.0; Win64; x64) AppleWebKit/537.36 (KHTML, like Gecko) Chrome/42.0.2311.135 Safari/537.36 Edge/12.10240"
185.162.47.84 - - [17/Oct/2017:02:20:28 +0200] "GET /javascript/homesearch.js HTTP/1.1" 200 393 "https://www.easydrivers.at/" "Mozilla/5.0 (Windows NT 10.0; Win64; x64) AppleWebKit/537.36 (KHTML, like Gecko) Chrome/42.0.2311.135 Safari/537.36 Edge/12.10240"
185.162.47.84 - - [17/Oct/2017:02:20:28 +0200] "GET /img/ED_Logo.png HTTP/1.1" 200 3385 "https://www.easydrivers.at/css/style.css" "Mozilla/5.0 (Windows NT 10.0; Win64; x64) AppleWebKit/537.36 (KHTML, like Gecko) Chrome/42.0.2311.135 Safari/537.36 Edge/12.10240"
185.162.47.84 - - [17/Oct/2017:02:20:28 +0200] "GET /img/black-dots-vertical.png HTTP/1.1" 200 1165 "https://www.easydrivers.at/css/style.css" "Mozilla/5.0 (Windows NT 10.0; Win64; x64) AppleWebKit/537.36 (KHTML, like Gecko) Chrome/42.0.2311.135 Safari/537.36 Edge/12.10240"
185.162.47.84 - - [17/Oct/2017:02:20:28 +0200] "GET /img/empty.gif HTTP/1.1" 200 43 "https://www.easydrivers.at/" "Mozilla/5.0 (Windows NT 10.0; Win64; x64) AppleWebKit/537.36 (KHTML, like Gecko) Chrome/42.0.2311.135 Safari/537.36 Edge/12.10240"
185.162.47.84 - - [17/Oct/2017:02:20:28 +0200] "GET /img/purple-dots-horizontal.png HTTP/1.1" 200 977 "https://www.easydrivers.at/css/style.css" "Mozilla/5.0 (Windows NT 10.0; Win64; x64) AppleWebKit/537.36 (KHTML, like Gecko) Chrome/42.0.2311.135 Safari/537.36 Edge/12.10240"
185.162.47.84 - - [17/Oct/2017:02:20:28 +0200] "GET /img/bg-header.jpg HTTP/1.1" 200 38680 "https://www.easydrivers.at/css/style.css" "Mozilla/5.0 (Windows NT 10.0; Win64; x64) AppleWebKit/537.36 (KHTML, like Gecko) Chrome/42.0.2311.135 Safari/537.36 Edge/12.10240"
185.162.47.84 - - [17/Oct/2017:02:20:28 +0200] "GET /img/yellow-dots-vertical.png HTTP/1.1" 200 981 "https://www.easydrivers.at/css/style.css" "Mozilla/5.0 (Windows NT 10.0; Win64; x64) AppleWebKit/537.36 (KHTML, like Gecko) Chrome/42.0.2311.135 Safari/537.36 Edge/12.10240"
185.162.47.84 - - [17/Oct/2017:02:20:28 +0200] "GET /binaries/easy-drivers-portal/widget-icon-apppng.png HTTP/1.1" 200 2432 "https://www.easydrivers.at/" "Mozilla/5.0 (Windows NT 10.0; Win64; x64) AppleWebKit/537.36 (KHTML, like Gecko) Chrome/42.0.2311.135 Safari/537.36 Edge/12.10240"
185.162.47.84 - - [17/Oct/2017:02:20:28 +0200] "GET /binaries/easy-drivers-portal/widget-icon-expertspng.png HTTP/1.1" 200 2159 "https://www.easydrivers.at/" "Mozilla/5.0 (Windows NT 10.0; Win64; x64) AppleWebKit/537.36 (KHTML, like Gecko) Chrome/42.0.2311.135 Safari/537.36 Edge/12.10240"
185.162.47.84 - - [17/Oct/2017:02:20:28 +0200] "GET /binaries/easy-drivers-portal/edradfahrschullogowidget160x90pxpng.png HTTP/1.1" 200 23394 "https://www.easydrivers.at/" "Mozilla/5.0 (Windows NT 10.0; Win64; x64) AppleWebKit/537.36 (KHTML, like Gecko) Chrome/42.0.2311.135 Safari/537.36 Edge/12.10240"
185.162.47.84 - - [17/Oct/2017:02:20:28 +0200] "GET /img/selection-box-button.png HTTP/1.1" 200 1079 "https://www.easydrivers.at/css/style.css" "Mozilla/5.0 (Windows NT 10.0; Win64; x64) AppleWebKit/537.36 (KHTML, like Gecko) Chrome/42.0.2311.135 Safari/537.36 Edge/12.10240"
185.162.47.84 - - [17/Oct/2017:02:20:28 +0200] "GET /javascript/lazyload.js HTTP/1.1" 200 1170 "https://www.easydrivers.at/" "Mozilla/5.0 (Windows NT 10.0; Win64; x64) AppleWebKit/537.36 (KHTML, like Gecko) Chrome/42.0.2311.135 Safari/537.36 Edge/12.10240"
185.162.47.84 - - [17/Oct/2017:02:20:28 +0200] "GET /img/bg-top-section.jpg HTTP/1.1" 200 82172 "https://www.easydrivers.at/css/style.css" "Mozilla/5.0 (Windows NT 10.0; Win64; x64) AppleWebKit/537.36 (KHTML, like Gecko) Chrome/42.0.2311.135 Safari/537.36 Edge/12.10240"
185.162.47.84 - - [17/Oct/2017:02:20:28 +0200] "GET /img/close-button.png HTTP/1.1" 200 2237 "https://www.easydrivers.at/" "Mozilla/5.0 (Windows NT 10.0; Win64; x64) AppleWebKit/537.36 (KHTML, like Gecko) Chrome/42.0.2311.135 Safari/537.36 Edge/12.10240"
185.162.47.84 - - [17/Oct/2017:02:20:28 +0200] "GET /img/facebook-icon.png HTTP/1.1" 200 1506 "https://www.easydrivers.at/" "Mozilla/5.0 (Windows NT 10.0; Win64; x64) AppleWebKit/537.36 (KHTML, like Gecko) Chrome/42.0.2311.135 Safari/537.36 Edge/12.10240"
185.162.47.84 - - [17/Oct/2017:02:20:29 +0200] "GET /img/submit-button.png HTTP/1.1" 200 1958 "https://www.easydrivers.at/" "Mozilla/5.0 (Windows NT 10.0; Win64; x64) AppleWebKit/537.36 (KHTML, like Gecko) Chrome/42.0.2311.135 Safari/537.36 Edge/12.10240"
185.162.47.84 - - [17/Oct/2017:02:20:29 +0200] "GET /binaries/easy-drivers-portal/widget-icon-trainingpng.png HTTP/1.1" 200 2662 "https://www.easydrivers.at/" "Mozilla/5.0 (Windows NT 10.0; Win64; x64) AppleWebKit/537.36 (KHTML, like Gecko) Chrome/42.0.2311.135 Safari/537.36 Edge/12.10240"
185.162.47.84 - - [17/Oct/2017:02:20:29 +0200] "GET /img/schweiz-icon.png HTTP/1.1" 200 1504 "https://www.easydrivers.at/" "Mozilla/5.0 (Windows NT 10.0; Win64; x64) AppleWebKit/537.36 (KHTML, like Gecko) Chrome/42.0.2311.135 Safari/537.36 Edge/12.10240"
185.162.47.84 - - [17/Oct/2017:02:20:29 +0200] "GET /img/kursicon-print-pink.png HTTP/1.1" 200 1125 "https://www.easydrivers.at/" "Mozilla/5.0 (Windows NT 10.0; Win64; x64) AppleWebKit/537.36 (KHTML, like Gecko) Chrome/42.0.2311.135 Safari/537.36 Edge/12.10240"
185.162.47.84 - - [17/Oct/2017:02:20:29 +0200] "GET /img/kursicon-download-pink.png HTTP/1.1" 200 1213 "https://www.easydrivers.at/" "Mozilla/5.0 (Windows NT 10.0; Win64; x64) AppleWebKit/537.36 (KHTML, like Gecko) Chrome/42.0.2311.135 Safari/537.36 Edge/12.10240"
185.162.47.84 - - [17/Oct/2017:02:20:29 +0200] "GET /img/bg-footer.jpg HTTP/1.1" 200 31770 "https://www.easydrivers.at/css/style.css" "Mozilla/5.0 (Windows NT 10.0; Win64; x64) AppleWebKit/537.36 (KHTML, like Gecko) Chrome/42.0.2311.135 Safari/537.36 Edge/12.10240"
185.162.47.84 - - [17/Oct/2017:02:20:29 +0200] "GET /img/kursicon-share-pink.png HTTP/1.1" 200 1277 "https://www.easydrivers.at/" "Mozilla/5.0 (Windows NT 10.0; Win64; x64) AppleWebKit/537.36 (KHTML, like Gecko) Chrome/42.0.2311.135 Safari/537.36 Edge/12.10240"
185.162.47.84 - - [17/Oct/2017:02:20:30 +0200] "GET /img/kursicon-phone-pink.png HTTP/1.1" 200 1286 "https://www.easydrivers.at/" "Mozilla/5.0 (Windows NT 10.0; Win64; x64) AppleWebKit/537.36 (KHTML, like Gecko) Chrome/42.0.2311.135 Safari/537.36 Edge/12.10240"
185.162.47.84 - - [17/Oct/2017:02:20:30 +0200] "GET /css/print.css HTTP/1.1" 200 967 "https://www.easydrivers.at/" "Mozilla/5.0 (Windows NT 10.0; Win64; x64) AppleWebKit/537.36 (KHTML, like Gecko) Chrome/42.0.2311.135 Safari/537.36 Edge/12.10240"
79.196.233.72 - - [17/Oct/2017:02:20:33 +0200] "GET /app HTTP/1.1" 301 295 "-" "Mozilla/5.0 (Windows; U; Windows NT 6.0; de; rv:1.9.2.3) Gecko/20100401 Firefox/3.6.3 ( .NET CLR 3.5.30729)"
207.46.13.120 - - [17/Oct/2017:02:20:33 +0200] "GET /fuehrerscheine/mofa HTTP/1.1" 200 2789 "-" "Mozilla/5.0 (compatible; bingbot/2.0; +http://www.bing.com/bingbot.htm)"
66.249.76.76 - - [17/Oct/2017:02:20:52 +0200] "GET /brigittenau/10281000?FS=B-L HTTP/1.1" 301 314 "-" "Mozilla/5.0 (compatible; Googlebot/2.1; +http://www.google.com/bot.html)"
66.249.76.80 - - [17/Oct/2017:02:20:52 +0200] "GET /brigittenau/10281000?FS=B-L HTTP/1.1" 410 3425 "-" "Mozilla/5.0 (compatible; Googlebot/2.1; +http://www.google.com/bot.html)"
216.244.66.202 - - [17/Oct/2017:02:20:57 +0200] "GET /robots.txt HTTP/1.1" 301 397 "-" "Mozilla/5.0 (compatible; DotBot/1.1; http://www.opensiteexplorer.org/dotbot, help@moz.com)"
216.244.66.202 - - [17/Oct/2017:02:21:00 +0200] "GET /robots.txt HTTP/1.1" 200 178 "-" "Mozilla/5.0 (compatible; DotBot/1.1; http://www.opensiteexplorer.org/dotbot, help@moz.com)"
66.249.76.78 - - [17/Oct/2017:02:21:41 +0200] "GET /uploads/pdfs/krems/10279340_BBE.pdf HTTP/1.1" 301 318 "-" "Mozilla/5.0 (compatible; Googlebot/2.1; +http://www.google.com/bot.html)"
66.249.76.84 - - [17/Oct/2017:02:21:42 +0200] "GET /uploads/pdfs/krems/10279340_BBE.pdf HTTP/1.1" 200 29444 "-" "Mozilla/5.0 (compatible; Googlebot/2.1; +http://www.google.com/bot.html)"
151.80.39.172 - - [17/Oct/2017:02:21:51 +0200] "GET /robots.txt HTTP/1.1" 200 101 "-" "Mozilla/5.0 (compatible; AhrefsBot/5.2; +http://ahrefs.com/robot/)"
217.182.132.32 - - [17/Oct/2017:02:21:52 +0200] "GET /easytickets HTTP/1.1" 200 660 "-" "Mozilla/5.0 (compatible; AhrefsBot/5.2; +http://ahrefs.com/robot/)"
66.249.76.74 - - [17/Oct/2017:02:22:30 +0200] "GET /uploads/pdfs/skarabela.gross-enzersdorf/10275505_A1L17.pdf HTTP/1.1" 301 336 "-" "Mozilla/5.0 (compatible; Googlebot/2.1; +http://www.google.com/bot.html)"
66.249.76.82 - - [17/Oct/2017:02:22:31 +0200] "GET /uploads/pdfs/skarabela.gross-enzersdorf/10275505_A1L17.pdf HTTP/1.1" 200 36968 "-" "Mozilla/5.0 (compatible; Googlebot/2.1; +http://www.google.com/bot.html)"
79.196.233.72 - - [17/Oct/2017:02:22:49 +0200] "GET /fuehrerscheine/mofa HTTP/1.1" 200 2789 "-" "Mozilla/5.0 (Windows; U; Windows NT 6.0; de; rv:1.9.2.3) Gecko/20100401 Firefox/3.6.3 ( .NET CLR 3.5.30729)"
79.196.233.72 - - [17/Oct/2017:02:23:05 +0200] "GET /st.poelten HTTP/1.1" 200 3501 "-" "Mozilla/5.0 (Windows; U; Windows NT 6.0; de; rv:1.9.2.3) Gecko/20100401 Firefox/3.6.3 ( .NET CLR 3.5.30729)"
66.249.76.76 - - [17/Oct/2017:02:23:19 +0200] "GET /am.spitz/10280856?FS=BE96 HTTP/1.1" 301 313 "-" "Mozilla/5.0 (compatible; Googlebot/2.1; +http://www.google.com/bot.html)"
66.249.76.84 - - [17/Oct/2017:02:23:20 +0200] "GET /am.spitz/10280856?FS=BE96 HTTP/1.1" 410 3381 "-" "Mozilla/5.0 (compatible; Googlebot/2.1; +http://www.google.com/bot.html)"
66.249.76.78 - - [17/Oct/2017:02:24:09 +0200] "GET /uploads/pdfs/bad.voeslau/Intensivkurs-8-Einheiten-Dezember-2014_AM-M.pdf HTTP/1.1" 301 344 "-" "Mozilla/5.0 (compatible; Googlebot/2.1; +http://www.google.com/bot.html)"
66.249.76.80 - - [17/Oct/2017:02:24:09 +0200] "GET /uploads/pdfs/bad.voeslau/Intensivkurs-8-Einheiten-Dezember-2014_AM-M.pdf HTTP/1.1" 200 32296 "-" "Mozilla/5.0 (compatible; Googlebot/2.1; +http://www.google.com/bot.html)"
79.196.233.72 - - [17/Oct/2017:02:24:13 +0200] "GET /innsbruck HTTP/1.1" 200 3677 "-" "Mozilla/5.0 (Windows; U; Windows NT 6.0; de; rv:1.9.2.3) Gecko/20100401 Firefox/3.6.3 ( .NET CLR 3.5.30729)"
157.55.39.110 - - [17/Oct/2017:02:24:18 +0200] "GET / HTTP/1.1" 301 295 "-" "Mozilla/5.0 (compatible; bingbot/2.0; +http://www.bing.com/bingbot.htm)"
207.46.13.48 - - [17/Oct/2017:02:24:19 +0200] "GET /steyr HTTP/1.1" 200 3689 "-" "Mozilla/5.0 (compatible; bingbot/2.0; +http://www.bing.com/bingbot.htm)"
79.196.233.72 - - [17/Oct/2017:02:24:28 +0200] "GET /bruck.leitha HTTP/1.1" 301 302 "-" "Mozilla/5.0 (Windows; U; Windows NT 6.0; de; rv:1.9.2.3) Gecko/20100401 Firefox/3.6.3 ( .NET CLR 3.5.30729)"
66.249.76.76 - - [17/Oct/2017:02:24:58 +0200] "GET /skarabela.gross-enzersdorf/Inhaberdaten HTTP/1.1" 301 319 "-" "Mozilla/5.0 (compatible; Googlebot/2.1; +http://www.google.com/bot.html)"
66.249.66.80 - - [17/Oct/2017:02:24:59 +0200] "GET /skarabela.gross-enzersdorf/Inhaberdaten HTTP/1.1" 200 3792 "-" "Mozilla/5.0 (compatible; Googlebot/2.1; +http://www.google.com/bot.html)"
5.9.110.164 - - [17/Oct/2017:02:25:06 +0200] "GET /robots.txt HTTP/1.1" 200 178 "-" "Mozilla/5.0 (compatible; MetaJobBot; http://www.metajob.at/crawler)"
5.9.110.164 - - [17/Oct/2017:02:25:06 +0200] "GET /waidhofen.ybbs/Inhaberdaten HTTP/1.1" 200 3755 "-" "Mozilla/5.0 (compatible; MetaJobBot; http://www.metajob.at/crawler)"
107.170.213.98 - - [17/Oct/2017:02:25:27 +0200] "GET / HTTP/1.1" 301 383 "-" "Mozilla/5.0 (Windows NT 10.0; WOW64) AppleWebKit/537.36 (KHTML, like Gecko) Chrome/54.0.2840.99 Safari/537.36"
107.170.213.98 - - [17/Oct/2017:02:25:29 +0200] "GET / HTTP/1.1" 200 16051 "-" "Mozilla/5.0 (Windows NT 10.0; WOW64) AppleWebKit/537.36 (KHTML, like Gecko) Chrome/54.0.2840.99 Safari/537.36"
66.249.76.74 - - [17/Oct/2017:02:25:47 +0200] "GET /download.php?id=10277625 HTTP/1.1" 301 311 "-" "Mozilla/5.0 (compatible; Googlebot/2.1; +http://www.google.com/bot.html)"
66.249.66.79 - - [17/Oct/2017:02:25:48 +0200] "GET /download.php?id=10277625 HTTP/1.1" 200 85628 "-" "Mozilla/5.0 (compatible; Googlebot/2.1; +http://www.google.com/bot.html)"
40.77.167.108 - - [17/Oct/2017:02:25:47 +0200] "GET /eisenerz.pankl HTTP/1.1" 200 3049 "-" "Mozilla/5.0 (compatible; bingbot/2.0; +http://www.bing.com/bingbot.htm)"
164.132.161.94 - - [17/Oct/2017:02:25:56 +0200] "GET /waidhofen.ybbs/Inhaberdaten HTTP/1.1" 301 310 "-" "Mozilla/5.0 (compatible; AhrefsBot/5.2; +http://ahrefs.com/robot/)"
207.46.13.120 - - [17/Oct/2017:02:26:12 +0200] "GET /ueberuns HTTP/1.1" 200 3260 "-" "Mozilla/5.0 (compatible; bingbot/2.0; +http://www.bing.com/bingbot.htm)"
207.46.13.55 - - [17/Oct/2017:02:26:25 +0200] "GET /innsbruck HTTP/1.1" 200 3677 "-" "Mozilla/5.0 (compatible; bingbot/2.0; +http://www.bing.com/bingbot.htm)"
66.249.76.74 - - [17/Oct/2017:02:26:37 +0200] "GET /download.php?id=10281987 HTTP/1.1" 301 311 "-" "Mozilla/5.0 (compatible; Googlebot/2.1; +http://www.google.com/bot.html)"
66.249.76.84 - - [17/Oct/2017:02:26:37 +0200] "GET /download.php?id=10281987 HTTP/1.1" 200 24922 "-" "Mozilla/5.0 (compatible; Googlebot/2.1; +http://www.google.com/bot.html)"
66.249.76.74 - - [17/Oct/2017:02:27:26 +0200] "GET /brigittenau/10281117?FS=B-L17 HTTP/1.1" 301 316 "-" "Mozilla/5.0 (compatible; Googlebot/2.1; +http://www.google.com/bot.html)"
66.249.76.82 - - [17/Oct/2017:02:27:27 +0200] "GET /brigittenau/10281117?FS=B-L17 HTTP/1.1" 410 3425 "-" "Mozilla/5.0 (compatible; Googlebot/2.1; +http://www.google.com/bot.html)"
178.115.131.100 - - [17/Oct/2017:02:27:40 +0200] "GET / HTTP/1.1" 200 3579 "http://www.google.at/" "Mozilla/5.0 (Linux; Android 7.0; SM-G920F Build/NRD90M) AppleWebKit/537.36 (KHTML, like Gecko) Chrome/61.0.3163.98 Mobile Safari/537.36"
178.115.131.100 - - [17/Oct/2017:02:27:43 +0200] "GET /img/favicon.ico HTTP/1.1" 404 301 "-" "Mozilla/5.0 (Linux; Android 7.0; SM-G920F Build/NRD90M) AppleWebKit/537.36 (KHTML, like Gecko) Chrome/61.0.3163.98 Mobile Safari/537.36"
216.244.66.202 - - [17/Oct/2017:02:27:52 +0200] "GET /robots.txt HTTP/1.1" 301 397 "-" "Mozilla/5.0 (compatible; DotBot/1.1; http://www.opensiteexplorer.org/dotbot, help@moz.com)"
216.244.66.202 - - [17/Oct/2017:02:27:55 +0200] "GET /robots.txt HTTP/1.1" 200 178 "-" "Mozilla/5.0 (compatible; DotBot/1.1; http://www.opensiteexplorer.org/dotbot, help@moz.com)"
66.249.66.72 - - [17/Oct/2017:02:28:15 +0200] "GET /uploads/pdfs/eisenstadt/10279287_BZ.pdf HTTP/1.1" 301 321 "-" "Mozilla/5.0 (compatible; Googlebot/2.1; +http://www.google.com/bot.html)"
66.249.76.82 - - [17/Oct/2017:02:28:16 +0200] "GET /uploads/pdfs/eisenstadt/10279287_BZ.pdf HTTP/1.1" 200 26644 "-" "Mozilla/5.0 (compatible; Googlebot/2.1; +http://www.google.com/bot.html)"
207.46.13.55 - - [17/Oct/2017:02:28:49 +0200] "GET /ennstal.bad.aussee HTTP/1.1" 200 3628 "-" "Mozilla/5.0 (compatible; bingbot/2.0; +http://www.bing.com/bingbot.htm)"
79.196.233.72 - - [17/Oct/2017:02:28:59 +0200] "GET /reumannplatz HTTP/1.1" 200 3343 "-" "Mozilla/5.0 (Windows; U; Windows NT 6.0; de; rv:1.9.2.3) Gecko/20100401 Firefox/3.6.3 ( .NET CLR 3.5.30729)"
66.249.76.76 - - [17/Oct/2017:02:29:05 +0200] "GET /brigittenau/10281225?FS=BPlus HTTP/1.1" 301 315 "-" "Mozilla/5.0 (compatible; Googlebot/2.1; +http://www.google.com/bot.html)"
66.249.76.80 - - [17/Oct/2017:02:29:05 +0200] "GET /brigittenau/10281225?FS=BPlus HTTP/1.1" 410 3425 "-" "Mozilla/5.0 (compatible; Googlebot/2.1; +http://www.google.com/bot.html)"
66.249.76.76 - - [17/Oct/2017:02:29:54 +0200] "GET /brigittenau/10281000?FS=BL1796 HTTP/1.1" 301 317 "-" "Mozilla/5.0 (compatible; Googlebot/2.1; +http://www.google.com/bot.html)"
66.249.76.82 - - [17/Oct/2017:02:29:55 +0200] "GET /brigittenau/10281000?FS=BL1796 HTTP/1.1" 410 3425 "-" "Mozilla/5.0 (compatible; Googlebot/2.1; +http://www.google.com/bot.html)"
207.46.13.55 - - [17/Oct/2017:02:30:32 +0200] "GET /amstetten HTTP/1.1" 200 3629 "-" "Mozilla/5.0 (compatible; bingbot/2.0; +http://www.bing.com/bingbot.htm)"
207.46.13.48 - - [17/Oct/2017:02:30:38 +0200] "GET /jennersdorf/aktionen HTTP/1.1" 200 2909 "-" "Mozilla/5.0 (compatible; bingbot/2.0; +http://www.bing.com/bingbot.htm)"
66.249.76.78 - - [17/Oct/2017:02:30:43 +0200] "GET /uploads/pdfs/eisenstadt/B_Kurs_Novermber_AM.pdf HTTP/1.1" 301 326 "-" "Mozilla/5.0 (compatible; Googlebot/2.1; +http://www.google.com/bot.html)"
66.249.76.80 - - [17/Oct/2017:02:30:44 +0200] "GET /uploads/pdfs/eisenstadt/B_Kurs_Novermber_AM.pdf HTTP/1.1" 200 29990 "-" "Mozilla/5.0 (compatible; Googlebot/2.1; +http://www.google.com/bot.html)"
79.196.233.72 - - [17/Oct/2017:02:30:55 +0200] "GET /perg HTTP/1.1" 200 3532 "-" "Mozilla/5.0 (Windows; U; Windows NT 6.0; de; rv:1.9.2.3) Gecko/20100401 Firefox/3.6.3 ( .NET CLR 3.5.30729)"
66.249.76.76 - - [17/Oct/2017:02:31:33 +0200] "GET /uploads/pdfs/am.spitz/10257336_BCE.pdf HTTP/1.1" 301 321 "-" "Mozilla/5.0 (compatible; Googlebot/2.1; +http://www.google.com/bot.html)"
66.249.76.82 - - [17/Oct/2017:02:31:33 +0200] "GET /uploads/pdfs/am.spitz/10257336_BCE.pdf HTTP/1.1" 200 29935 "-" "Mozilla/5.0 (compatible; Googlebot/2.1; +http://www.google.com/bot.html)"
40.77.167.108 - - [17/Oct/2017:02:31:54 +0200] "GET /schwechat/10280404?FS=B-L17 HTTP/1.1" 301 313 "-" "Mozilla/5.0 (compatible; bingbot/2.0; +http://www.bing.com/bingbot.htm)"
46.229.164.99 - - [17/Oct/2017:02:32:09 +0200] "GET /robots.txt HTTP/1.1" 301 302 "-" "Mozilla/5.0 (compatible; SemrushBot/1.2~bl; +http://www.semrush.com/bot.html)"
46.229.164.99 - - [17/Oct/2017:02:32:14 +0200] "GET /robots.txt HTTP/1.1" 200 101 "-" "Mozilla/5.0 (compatible; SemrushBot/1.2~bl; +http://www.semrush.com/bot.html)"
66.102.6.10 - - [17/Oct/2017:02:32:18 +0200] "GET /schwechat HTTP/1.1" 301 396 "http://www.google.com/url?sa=t&rct=j&q=&esrc=s&source=web&cd=2&ved=0CEQQFjAD&url=http%3A%2F%2Fwww.easydrivers.at%2Fschwechat&ei=kk_lWYjYE8GPyAO6KA&usg=AFQjCNEITr5XV3Hz5jLZ8epTvKZtHle2iA" "Mozilla/5.0 (iPhone; CPU iPhone OS 10_3_3 like Mac OS X) AppleWebKit/603.1.30 (KHTML, like Gecko) GSA/35.0.167640935 Mobile/14G60 Safari/602.1"
212.95.8.174 - - [17/Oct/2017:02:32:20 +0200] "GET /binaries/easy-drivers-pankl-mariazell/fahrpr.pdf HTTP/1.1" 200 193072 "https://www.google.at/" "Mozilla/5.0 (iPhone; CPU iPhone OS 10_3_3 like Mac OS X) AppleWebKit/603.3.8 (KHTML, like Gecko) Version/10.0 Mobile/14G60 Safari/602.1"
66.102.6.19 - - [17/Oct/2017:02:32:19 +0200] "GET /schwechat HTTP/1.1" 200 9378 "http://www.google.com/url?sa=t&rct=j&q=&esrc=s&source=web&cd=2&ved=0CEQQFjAD&url=http%3A%2F%2Fwww.easydrivers.at%2Fschwechat&ei=kk_lWYjYE8GPyAO6KA&usg=AFQjCNEITr5XV3Hz5jLZ8epTvKZtHle2iA" "Mozilla/5.0 (iPhone; CPU iPhone OS 10_3_3 like Mac OS X) AppleWebKit/603.1.30 (KHTML, like Gecko) GSA/35.0.167640935 Mobile/14G60 Safari/602.1"
66.249.76.74 - - [17/Oct/2017:02:32:22 +0200] "GET /uploads/pdfs/skarabela.gross-enzersdorf/10275402_A.pdf HTTP/1.1" 301 331 "-" "Mozilla/5.0 (compatible; Googlebot/2.1; +http://www.google.com/bot.html)"
66.102.6.17 - - [17/Oct/2017:02:32:22 +0200] "GET /javascript/jquery.simplemodal.js HTTP/1.1" 200 9776 "https://www.easydrivers.at/schwechat" "Mozilla/5.0 (iPhone; CPU iPhone OS 10_3_3 like Mac OS X) AppleWebKit/603.1.30 (KHTML, like Gecko) GSA/35.0.167640935 Mobile/14G60 Safari/602.1"
66.102.6.19 - - [17/Oct/2017:02:32:22 +0200] "GET /javascript/mobile-menu.js HTTP/1.1" 200 4534 "https://www.easydrivers.at/schwechat" "Mozilla/5.0 (iPhone; CPU iPhone OS 10_3_3 like Mac OS X) AppleWebKit/603.1.30 (KHTML, like Gecko) GSA/35.0.167640935 Mobile/14G60 Safari/602.1"
66.102.6.19 - - [17/Oct/2017:02:32:22 +0200] "GET /javascript/jquery.cookie.js HTTP/1.1" 200 1876 "https://www.easydrivers.at/schwechat" "Mozilla/5.0 (iPhone; CPU iPhone OS 10_3_3 like Mac OS X) AppleWebKit/603.1.30 (KHTML, like Gecko) GSA/35.0.167640935 Mobile/14G60 Safari/602.1"
66.102.6.17 - - [17/Oct/2017:02:32:22 +0200] "GET /css/mobile.css HTTP/1.1" 200 13499 "https://www.easydrivers.at/schwechat" "Mozilla/5.0 (iPhone; CPU iPhone OS 10_3_3 like Mac OS X) AppleWebKit/603.1.30 (KHTML, like Gecko) GSA/35.0.167640935 Mobile/14G60 Safari/602.1"
66.102.6.21 - - [17/Oct/2017:02:32:22 +0200] "GET /javascript/lazyload.js HTTP/1.1" 200 2726 "https://www.easydrivers.at/schwechat" "Mozilla/5.0 (iPhone; CPU iPhone OS 10_3_3 like Mac OS X) AppleWebKit/603.1.30 (KHTML, like Gecko) GSA/35.0.167640935 Mobile/14G60 Safari/602.1"
66.249.76.80 - - [17/Oct/2017:02:32:22 +0200] "GET /uploads/pdfs/skarabela.gross-enzersdorf/10275402_A.pdf HTTP/1.1" 200 29704 "-" "Mozilla/5.0 (compatible; Googlebot/2.1; +http://www.google.com/bot.html)"
66.102.6.17 - - [17/Oct/2017:02:32:22 +0200] "GET /javascript/jquery-1.9.1.min.js HTTP/1.1" 200 92630 "https://www.easydrivers.at/schwechat" "Mozilla/5.0 (iPhone; CPU iPhone OS 10_3_3 like Mac OS X) AppleWebKit/603.1.30 (KHTML, like Gecko) GSA/35.0.167640935 Mobile/14G60 Safari/602.1"
66.102.6.21 - - [17/Oct/2017:02:32:23 +0200] "GET /javascript/mobile-fahrschule.js HTTP/1.1" 200 1133 "https://www.easydrivers.at/schwechat" "Mozilla/5.0 (iPhone; CPU iPhone OS 10_3_3 like Mac OS X) AppleWebKit/603.1.30 (KHTML, like Gecko) GSA/35.0.167640935 Mobile/14G60 Safari/602.1"
66.102.6.19 - - [17/Oct/2017:02:32:23 +0200] "GET /img/mobile/bg-menu.jpg HTTP/1.1" 200 1698 "https://www.easydrivers.at/schwechat" "Mozilla/5.0 (iPhone; CPU iPhone OS 10_3_3 like Mac OS X) AppleWebKit/603.1.30 (KHTML, like Gecko) GSA/35.0.167640935 Mobile/14G60 Safari/602.1"
66.102.6.17 - - [17/Oct/2017:02:32:23 +0200] "GET /img/mobile/close-button.png HTTP/1.1" 200 2411 "https://www.easydrivers.at/schwechat" "Mozilla/5.0 (iPhone; CPU iPhone OS 10_3_3 like Mac OS X) AppleWebKit/603.1.30 (KHTML, like Gecko) GSA/35.0.167640935 Mobile/14G60 Safari/602.1"
66.102.6.19 - - [17/Oct/2017:02:32:23 +0200] "GET /img/mobile/bg-header.jpg HTTP/1.1" 200 19741 "https://www.easydrivers.at/schwechat" "Mozilla/5.0 (iPhone; CPU iPhone OS 10_3_3 like Mac OS X) AppleWebKit/603.1.30 (KHTML, like Gecko) GSA/35.0.167640935 Mobile/14G60 Safari/602.1"
66.102.6.19 - - [17/Oct/2017:02:32:23 +0200] "GET /img/mobile/easydrivers-logo-mobile.png HTTP/1.1" 200 10766 "https://www.easydrivers.at/schwechat" "Mozilla/5.0 (iPhone; CPU iPhone OS 10_3_3 like Mac OS X) AppleWebKit/603.1.30 (KHTML, like Gecko) GSA/35.0.167640935 Mobile/14G60 Safari/602.1"
66.102.6.21 - - [17/Oct/2017:02:32:23 +0200] "GET /img/mobile/menu-button.png HTTP/1.1" 200 1746 "https://www.easydrivers.at/schwechat" "Mozilla/5.0 (iPhone; CPU iPhone OS 10_3_3 like Mac OS X) AppleWebKit/603.1.30 (KHTML, like Gecko) GSA/35.0.167640935 Mobile/14G60 Safari/602.1"
66.102.6.17 - - [17/Oct/2017:02:32:23 +0200] "GET /img/mobile/facebook-icon.png HTTP/1.1" 200 1902 "https://www.easydrivers.at/schwechat" "Mozilla/5.0 (iPhone; CPU iPhone OS 10_3_3 like Mac OS X) AppleWebKit/603.1.30 (KHTML, like Gecko) GSA/35.0.167640935 Mobile/14G60 Safari/602.1"
66.102.6.21 - - [17/Oct/2017:02:32:24 +0200] "GET /img/mobile/info-button.png HTTP/1.1" 200 1549 "https://www.easydrivers.at/schwechat" "Mozilla/5.0 (iPhone; CPU iPhone OS 10_3_3 like Mac OS X) AppleWebKit/603.1.30 (KHTML, like Gecko) GSA/35.0.167640935 Mobile/14G60 Safari/602.1"
66.102.6.21 - - [17/Oct/2017:02:32:24 +0200] "GET /img/mobile/info-close-button.png HTTP/1.1" 200 1721 "https://www.easydrivers.at/schwechat" "Mozilla/5.0 (iPhone; CPU iPhone OS 10_3_3 like Mac OS X) AppleWebKit/603.1.30 (KHTML, like Gecko) GSA/35.0.167640935 Mobile/14G60 Safari/602.1"
66.102.6.21 - - [17/Oct/2017:02:32:24 +0200] "GET /img/smallicon-person.png HTTP/1.1" 200 1141 "https://www.easydrivers.at/schwechat" "Mozilla/5.0 (iPhone; CPU iPhone OS 10_3_3 like Mac OS X) AppleWebKit/603.1.30 (KHTML, like Gecko) GSA/35.0.167640935 Mobile/14G60 Safari/602.1"
66.102.6.19 - - [17/Oct/2017:02:32:24 +0200] "GET /img/smallicon-address.png HTTP/1.1" 200 1211 "https://www.easydrivers.at/schwechat" "Mozilla/5.0 (iPhone; CPU iPhone OS 10_3_3 like Mac OS X) AppleWebKit/603.1.30 (KHTML, like Gecko) GSA/35.0.167640935 Mobile/14G60 Safari/602.1"
66.102.6.19 - - [17/Oct/2017:02:32:24 +0200] "GET /img/mobile/googlemaps-pin.png HTTP/1.1" 200 1597 "https://www.easydrivers.at/schwechat" "Mozilla/5.0 (iPhone; CPU iPhone OS 10_3_3 like Mac OS X) AppleWebKit/603.1.30 (KHTML, like Gecko) GSA/35.0.167640935 Mobile/14G60 Safari/602.1"
66.102.6.17 - - [17/Oct/2017:02:32:24 +0200] "GET /img/smallicon-time.png HTTP/1.1" 200 1262 "https://www.easydrivers.at/schwechat" "Mozilla/5.0 (iPhone; CPU iPhone OS 10_3_3 like Mac OS X) AppleWebKit/603.1.30 (KHTML, like Gecko) GSA/35.0.167640935 Mobile/14G60 Safari/602.1"
66.102.6.19 - - [17/Oct/2017:02:32:24 +0200] "GET /img/smallicon-mail.png HTTP/1.1" 200 1341 "https://www.easydrivers.at/schwechat" "Mozilla/5.0 (iPhone; CPU iPhone OS 10_3_3 like Mac OS X) AppleWebKit/603.1.30 (KHTML, like Gecko) GSA/35.0.167640935 Mobile/14G60 Safari/602.1"
66.102.6.21 - - [17/Oct/2017:02:32:24 +0200] "GET /img/smallicon-phone.png HTTP/1.1" 200 3056 "https://www.easydrivers.at/schwechat" "Mozilla/5.0 (iPhone; CPU iPhone OS 10_3_3 like Mac OS X) AppleWebKit/603.1.30 (KHTML, like Gecko) GSA/35.0.167640935 Mobile/14G60 Safari/602.1"
66.102.6.19 - - [17/Oct/2017:02:32:24 +0200] "GET /img/mobile/widget-icon-app.png HTTP/1.1" 200 3458 "https://www.easydrivers.at/schwechat" "Mozilla/5.0 (iPhone; CPU iPhone OS 10_3_3 like Mac OS X) AppleWebKit/603.1.30 (KHTML, like Gecko) GSA/35.0.167640935 Mobile/14G60 Safari/602.1"
66.102.6.19 - - [17/Oct/2017:02:32:24 +0200] "GET /img/mobile/bg-top-section.jpg HTTP/1.1" 200 21711 "https://www.easydrivers.at/schwechat" "Mozilla/5.0 (iPhone; CPU iPhone OS 10_3_3 like Mac OS X) AppleWebKit/603.1.30 (KHTML, like Gecko) GSA/35.0.167640935 Mobile/14G60 Safari/602.1"
66.102.6.17 - - [17/Oct/2017:02:32:24 +0200] "GET /img/mobile/pfeil-rechts.png HTTP/1.1" 200 1228 "https://www.easydrivers.at/schwechat" "Mozilla/5.0 (iPhone; CPU iPhone OS 10_3_3 like Mac OS X) AppleWebKit/603.1.30 (KHTML, like Gecko) GSA/35.0.167640935 Mobile/14G60 Safari/602.1"
207.46.13.120 - - [17/Oct/2017:02:32:34 +0200] "GET /waidhofen.ybbs HTTP/1.1" 200 3516 "-" "Mozilla/5.0 (compatible; bingbot/2.0; +http://www.bing.com/bingbot.htm)"
66.249.76.78 - - [17/Oct/2017:02:33:11 +0200] "GET /uploads/pdfs/schwechat/10261103_B.pdf HTTP/1.1" 301 317 "-" "Mozilla/5.0 (compatible; Googlebot/2.1; +http://www.google.com/bot.html)"
66.249.76.80 - - [17/Oct/2017:02:33:12 +0200] "GET /uploads/pdfs/schwechat/10261103_B.pdf HTTP/1.1" 200 29980 "-" "Mozilla/5.0 (compatible; Googlebot/2.1; +http://www.google.com/bot.html)"
207.46.13.55 - - [17/Oct/2017:02:33:47 +0200] "GET /uploads/pdfs/hollabrunn/10240234_A1L17.pdf HTTP/1.1" 301 323 "-" "Mozilla/5.0 (compatible; bingbot/2.0; +http://www.bing.com/bingbot.htm)"
66.249.76.74 - - [17/Oct/2017:02:34:01 +0200] "GET /uploads/pdfs/spittelau/10281408_CCE.pdf HTTP/1.1" 301 319 "-" "Mozilla/5.0 (compatible; Googlebot/2.1; +http://www.google.com/bot.html)"
66.249.66.79 - - [17/Oct/2017:02:34:01 +0200] "GET /uploads/pdfs/spittelau/10281408_CCE.pdf HTTP/1.1" 200 28184 "-" "Mozilla/5.0 (compatible; Googlebot/2.1; +http://www.google.com/bot.html)"
207.46.13.48 - - [17/Oct/2017:02:34:23 +0200] "GET /dornbirn HTTP/1.1" 200 3631 "-" "Mozilla/5.0 (compatible; bingbot/2.0; +http://www.bing.com/bingbot.htm)"
66.249.76.74 - - [17/Oct/2017:02:34:50 +0200] "GET /amstetten/abendkurssept?FS=BE96 HTTP/1.1" 301 315 "-" "Mozilla/5.0 (compatible; Googlebot/2.1; +http://www.google.com/bot.html)"
66.249.76.80 - - [17/Oct/2017:02:34:50 +0200] "GET /amstetten/abendkurssept?FS=BE96 HTTP/1.1" 410 3431 "-" "Mozilla/5.0 (compatible; Googlebot/2.1; +http://www.google.com/bot.html)"
66.249.76.84 - - [17/Oct/2017:02:35:28 +0200] "GET /binaries/easy-drivers-steyr/antrag--3.pdf HTTP/1.1" 200 132156 "-" "Mozilla/5.0 (compatible; Googlebot/2.1; +http://www.google.com/bot.html)"
66.249.66.72 - - [17/Oct/2017:02:35:39 +0200] "GET /uploads/pdfs/am.spitz/10281198_B-L17.pdf HTTP/1.1" 301 322 "-" "Mozilla/5.0 (compatible; Googlebot/2.1; +http://www.google.com/bot.html)"
66.249.76.82 - - [17/Oct/2017:02:35:40 +0200] "GET /uploads/pdfs/am.spitz/10281198_B-L17.pdf HTTP/1.1" 200 35025 "-" "Mozilla/5.0 (compatible; Googlebot/2.1; +http://www.google.com/bot.html)"
66.249.66.72 - - [17/Oct/2017:02:36:29 +0200] "GET /uploads/pdfs/gmuend/10272075_A.pdf HTTP/1.1" 301 317 "-" "Mozilla/5.0 (compatible; Googlebot/2.1; +http://www.google.com/bot.html)"
66.249.76.82 - - [17/Oct/2017:02:36:29 +0200] "GET /uploads/pdfs/gmuend/10272075_A.pdf HTTP/1.1" 200 29068 "-" "Mozilla/5.0 (compatible; Googlebot/2.1; +http://www.google.com/bot.html)"
66.249.76.74 - - [17/Oct/2017:02:37:18 +0200] "GET /uploads/pdfs/am.spitz/10281288_A1L17.pdf HTTP/1.1" 301 321 "-" "Mozilla/5.0 (compatible; Googlebot/2.1; +http://www.google.com/bot.html)"
