82.135.5.126 - - [17/Oct/2017:08:33:14 +0200] "GET /img/smallicon-mail-wbg.png HTTP/1.1" 200 487 "https://www.easydrivers.at/hartberg/kursehartberg/schnellkurs_16.10.2017?FS=B-L&print=true" "Mozilla/5.0 (Windows NT 6.1; Trident/7.0; rv:11.0) like Gecko"
82.135.5.126 - - [17/Oct/2017:08:33:14 +0200] "GET /img/smallicon-time-wbg.png HTTP/1.1" 200 526 "https://www.easydrivers.at/hartberg/kursehartberg/schnellkurs_16.10.2017?FS=B-L&print=true" "Mozilla/5.0 (Windows NT 6.1; Trident/7.0; rv:11.0) like Gecko"
82.135.5.126 - - [17/Oct/2017:08:33:14 +0200] "GET /cache/emu/images/10246751/_146_167.jpg HTTP/1.1" 200 4972 "https://www.easydrivers.at/hartberg/kursehartberg/schnellkurs_16.10.2017?FS=B-L&print=true" "Mozilla/5.0 (Windows NT 6.1; Trident/7.0; rv:11.0) like Gecko"
82.135.5.126 - - [17/Oct/2017:08:33:14 +0200] "GET /cache/emu/images/10246739/_155_153.jpg HTTP/1.1" 200 5074 "https://www.easydrivers.at/hartberg/kursehartberg/schnellkurs_16.10.2017?FS=B-L&print=true" "Mozilla/5.0 (Windows NT 6.1; Trident/7.0; rv:11.0) like Gecko"
82.135.5.126 - - [17/Oct/2017:08:33:14 +0200] "GET /cache/emu/images/10246742/_155_148.jpg HTTP/1.1" 200 5129 "https://www.easydrivers.at/hartberg/kursehartberg/schnellkurs_16.10.2017?FS=B-L&print=true" "Mozilla/5.0 (Windows NT 6.1; Trident/7.0; rv:11.0) like Gecko"
82.135.5.126 - - [17/Oct/2017:08:33:14 +0200] "GET /cache/emu/images/10246744/_144_167.jpg HTTP/1.1" 200 5747 "https://www.easydrivers.at/hartberg/kursehartberg/schnellkurs_16.10.2017?FS=B-L&print=true" "Mozilla/5.0 (Windows NT 6.1; Trident/7.0; rv:11.0) like Gecko"
82.135.5.126 - - [17/Oct/2017:08:33:14 +0200] "GET /img/arrow-up.png HTTP/1.1" 200 1081 "https://www.easydrivers.at/hartberg/kursehartberg/schnellkurs_16.10.2017?FS=B-L&print=true" "Mozilla/5.0 (Windows NT 6.1; Trident/7.0; rv:11.0) like Gecko"
82.135.5.126 - - [17/Oct/2017:08:33:14 +0200] "GET /img/arrow-left.png HTTP/1.1" 200 1015 "https://www.easydrivers.at/hartberg/kursehartberg/schnellkurs_16.10.2017?FS=B-L&print=true" "Mozilla/5.0 (Windows NT 6.1; Trident/7.0; rv:11.0) like Gecko"
52.28.50.34 - - [17/Oct/2017:08:33:15 +0200] "GET /fuehrerscheine/traktor HTTP/1.1" 200 2601 "https://www.google.at/" "Mozilla/5.0 (Windows NT 6.1; WOW64) AppleWebKit/537.36 (KHTML, like Gecko) Chrome/56.0.2924.87 Safari/537.36"
82.135.5.126 - - [17/Oct/2017:08:33:17 +0200] "GET /css/fonts/Arial.ttf HTTP/1.1" 301 306 "-" "Mozilla/5.0 (Windows NT 6.1; Trident/7.0; rv:11.0) like Gecko"
82.135.5.126 - - [17/Oct/2017:08:33:17 +0200] "GET /css/fonts/Arial.ttf HTTP/1.1" 200 773236 "-" "Mozilla/5.0 (Windows NT 6.1; Trident/7.0; rv:11.0) like Gecko"
82.135.5.126 - - [17/Oct/2017:08:33:19 +0200] "GET /css/fonts/AntennaCond-Black.eot? HTTP/1.1" 301 316 "-" "Mozilla/5.0 (Windows NT 6.1; Trident/7.0; rv:11.0) like Gecko"
82.135.5.126 - - [17/Oct/2017:08:33:19 +0200] "GET /css/fonts/AntennaCond-Black.eot? HTTP/1.1" 301 316 "-" "Mozilla/5.0 (Windows NT 6.1; Trident/7.0; rv:11.0) like Gecko"
82.135.5.126 - - [17/Oct/2017:08:33:19 +0200] "GET /css/fonts/AntennaCond-Black.eot? HTTP/1.1" 200 42736 "-" "Mozilla/5.0 (Windows NT 6.1; Trident/7.0; rv:11.0) like Gecko"
82.135.5.126 - - [17/Oct/2017:08:33:20 +0200] "GET /css/fonts/AntennaCond-Black.eot? HTTP/1.1" 200 42736 "-" "Mozilla/5.0 (Windows NT 6.1; Trident/7.0; rv:11.0) like Gecko"
84.115.13.49 - - [17/Oct/2017:08:33:20 +0200] "GET /moedling/aktionen HTTP/1.1" 301 305 "http://m.facebook.com" "Mozilla/5.0 (iPhone; CPU iPhone OS 10_3_3 like Mac OS X) AppleWebKit/603.3.8 (KHTML, like Gecko) Mobile/14G60 [FBAN/FBIOS;FBAV/145.0.0.59.86;FBBV/74951375;FBDV/iPhone7,2;FBMD/iPhone;FBSN/iOS;FBSV/10.3.3;FBSS/2;FBCR/T-MobileA;FBID/phone;FBLC/de_DE;FBOP/5;FBRV/74951375]"
82.135.5.126 - - [17/Oct/2017:08:33:21 +0200] "GET /css/fonts/AntennaCond-Black.ttf HTTP/1.1" 301 315 "-" "Mozilla/5.0 (Windows NT 6.1; Trident/7.0; rv:11.0) like Gecko"
82.135.5.126 - - [17/Oct/2017:08:33:21 +0200] "GET /css/fonts/AntennaCond-Black.ttf HTTP/1.1" 301 315 "-" "Mozilla/5.0 (Windows NT 6.1; Trident/7.0; rv:11.0) like Gecko"
84.115.13.49 - - [17/Oct/2017:08:33:20 +0200] "GET /moedling/aktionen HTTP/1.1" 200 3658 "http://m.facebook.com" "Mozilla/5.0 (iPhone; CPU iPhone OS 10_3_3 like Mac OS X) AppleWebKit/603.3.8 (KHTML, like Gecko) Mobile/14G60 [FBAN/FBIOS;FBAV/145.0.0.59.86;FBBV/74951375;FBDV/iPhone7,2;FBMD/iPhone;FBSN/iOS;FBSV/10.3.3;FBSS/2;FBCR/T-MobileA;FBID/phone;FBLC/de_DE;FBOP/5;FBRV/74951375]"
84.115.13.49 - - [17/Oct/2017:08:33:23 +0200] "GET /moedling/img/mobile/easydrivers-logo-mobile.png HTTP/1.1" 301 318 "-" "Mozilla/5.0 (iPhone; CPU iPhone OS 10_3_3 like Mac OS X) AppleWebKit/603.3.8 (KHTML, like Gecko) Mobile/14G60 [FBAN/FBIOS;FBAV/145.0.0.59.86;FBBV/74951375;FBDV/iPhone7,2;FBMD/iPhone;FBSN/iOS;FBSV/10.3.3;FBSS/2;FBCR/T-MobileA;FBID/phone;FBLC/de_DE;FBOP/5;FBRV/74951375]"
84.115.13.49 - - [17/Oct/2017:08:33:23 +0200] "GET /moedling/img/mobile/easydrivers-logo-mobile.png HTTP/1.1" 404 3092 "-" "Mozilla/5.0 (iPhone; CPU iPhone OS 10_3_3 like Mac OS X) AppleWebKit/603.3.8 (KHTML, like Gecko) Mobile/14G60 [FBAN/FBIOS;FBAV/145.0.0.59.86;FBBV/74951375;FBDV/iPhone7,2;FBMD/iPhone;FBSN/iOS;FBSV/10.3.3;FBSS/2;FBCR/T-MobileA;FBID/phone;FBLC/de_DE;FBOP/5;FBRV/74951375]"
66.249.76.84 - - [17/Oct/2017:08:33:28 +0200] "GET /binaries/easy-drivers-portal/agb-easy-drivers-waidhofen-thaya-2014-09pdf.pdf HTTP/1.1" 304 - "-" "Mozilla/5.0 (compatible; Googlebot/2.1; +http://www.google.com/bot.html)"
207.46.13.55 - - [17/Oct/2017:08:33:37 +0200] "GET /fuehrerscheine/motorrad/a1f HTTP/1.1" 301 310 "-" "Mozilla/5.0 (iPhone; CPU iPhone OS 7_0 like Mac OS X) AppleWebKit/537.51.1 (KHTML, like Gecko) Version/7.0 Mobile/11A465 Safari/9537.53 (compatible; bingbot/2.0; +http://www.bing.com/bingbot.htm)"
91.112.18.62 - - [17/Oct/2017:08:33:45 +0200] "GET /uploads/pdfs/moedling/10287545_B-L17.pdf HTTP/1.1" 200 35864 "https://www.easydrivers.at/moedling/kursauswahl" "Mozilla/5.0 (Windows NT 10.0; Win64; x64) AppleWebKit/537.36 (KHTML, like Gecko) Chrome/52.0.2743.116 Safari/537.36 Edge/15.15063"
207.46.13.55 - - [17/Oct/2017:08:33:51 +0200] "GET /fuehrerscheine/motorrad/a1f HTTP/1.1" 404 2358 "-" "Mozilla/5.0 (iPhone; CPU iPhone OS 7_0 like Mac OS X) AppleWebKit/537.51.1 (KHTML, like Gecko) Version/7.0 Mobile/11A465 Safari/9537.53 (compatible; bingbot/2.0; +http://www.bing.com/bingbot.htm)"
84.115.13.49 - - [17/Oct/2017:08:33:53 +0200] "GET /moedling/img/mobile/menu-button.png HTTP/1.1" 301 317 "-" "Mozilla/5.0 (iPhone; CPU iPhone OS 10_3_3 like Mac OS X) AppleWebKit/603.3.8 (KHTML, like Gecko) Mobile/14G60 [FBAN/FBIOS;FBAV/145.0.0.59.86;FBBV/74951375;FBDV/iPhone7,2;FBMD/iPhone;FBSN/iOS;FBSV/10.3.3;FBSS/2;FBCR/T-MobileA;FBID/phone;FBLC/de_DE;FBOP/5;FBRV/74951375]"
84.115.13.49 - - [17/Oct/2017:08:33:53 +0200] "GET /moedling/img/mobile/menu-button.png HTTP/1.1" 404 3098 "-" "Mozilla/5.0 (iPhone; CPU iPhone OS 10_3_3 like Mac OS X) AppleWebKit/603.3.8 (KHTML, like Gecko) Mobile/14G60 [FBAN/FBIOS;FBAV/145.0.0.59.86;FBBV/74951375;FBDV/iPhone7,2;FBMD/iPhone;FBSN/iOS;FBSV/10.3.3;FBSS/2;FBCR/T-MobileA;FBID/phone;FBLC/de_DE;FBOP/5;FBRV/74951375]"
91.112.18.62 - - [17/Oct/2017:08:34:06 +0200] "-" 408 - "-" "-"
212.95.7.233 - - [17/Oct/2017:08:34:13 +0200] "POST /suche HTTP/1.1" 200 1919 "https://www.easydrivers.at/" "Mozilla/5.0 (iPhone; CPU iPhone OS 11_1 like Mac OS X) AppleWebKit/604.3.3 (KHTML, like Gecko) Version/11.0 Mobile/15B5078e Safari/604.1"
216.244.66.249 - - [17/Oct/2017:08:34:17 +0200] "GET /mariazell.pankl/ HTTP/1.1" 301 403 "-" "Mozilla/5.0 (compatible; DotBot/1.1; http://www.opensiteexplorer.org/dotbot, help@moz.com)"
66.249.76.76 - - [17/Oct/2017:08:34:21 +0200] "GET /schwechat/10280395?FS=A1L17 HTTP/1.1" 301 314 "-" "Mozilla/5.0 (compatible; Googlebot/2.1; +http://www.google.com/bot.html)"
66.249.76.84 - - [17/Oct/2017:08:34:22 +0200] "GET /schwechat/10280395?FS=A1L17 HTTP/1.1" 410 3535 "-" "Mozilla/5.0 (compatible; Googlebot/2.1; +http://www.google.com/bot.html)"
84.115.13.49 - - [17/Oct/2017:08:34:25 +0200] "GET /moedling/img/mobile/close-button.png HTTP/1.1" 301 317 "-" "Mozilla/5.0 (iPhone; CPU iPhone OS 10_3_3 like Mac OS X) AppleWebKit/603.3.8 (KHTML, like Gecko) Mobile/14G60 [FBAN/FBIOS;FBAV/145.0.0.59.86;FBBV/74951375;FBDV/iPhone7,2;FBMD/iPhone;FBSN/iOS;FBSV/10.3.3;FBSS/2;FBCR/T-MobileA;FBID/phone;FBLC/de_DE;FBOP/5;FBRV/74951375]"
92.252.119.57 - - [17/Oct/2017:08:34:25 +0200] "GET /cache/emu/images/easy-drivers-portal10280670/fahrsicherheitstraining-foto-playpng_160_90_0.png HTTP/1.1" 200 28455 "https://www.google.de/" "Mozilla/5.0 (Windows NT 6.1; WOW64; rv:56.0) Gecko/20100101 Firefox/56.0"
84.115.13.49 - - [17/Oct/2017:08:34:25 +0200] "GET /moedling/img/mobile/close-button.png HTTP/1.1" 404 3099 "-" "Mozilla/5.0 (iPhone; CPU iPhone OS 10_3_3 like Mac OS X) AppleWebKit/603.3.8 (KHTML, like Gecko) Mobile/14G60 [FBAN/FBIOS;FBAV/145.0.0.59.86;FBBV/74951375;FBDV/iPhone7,2;FBMD/iPhone;FBSN/iOS;FBSV/10.3.3;FBSS/2;FBCR/T-MobileA;FBID/phone;FBLC/de_DE;FBOP/5;FBRV/74951375]"
216.244.66.202 - - [17/Oct/2017:08:34:36 +0200] "GET /waidhofen.ybbs/kurse HTTP/1.1" 301 407 "-" "Mozilla/5.0 (compatible; DotBot/1.1; http://www.opensiteexplorer.org/dotbot, help@moz.com)"
91.112.18.62 - - [17/Oct/2017:08:34:42 +0200] "GET /uploads/pdfs/moedling/10289359_B-L17.pdf HTTP/1.1" 200 35702 "https://www.easydrivers.at/moedling/kursauswahl" "Mozilla/5.0 (Windows NT 10.0; Win64; x64) AppleWebKit/537.36 (KHTML, like Gecko) Chrome/52.0.2743.116 Safari/537.36 Edge/15.15063"
84.115.13.49 - - [17/Oct/2017:08:34:55 +0200] "GET /moedling/img/mobile/facebook-icon.png HTTP/1.1" 301 319 "-" "Mozilla/5.0 (iPhone; CPU iPhone OS 10_3_3 like Mac OS X) AppleWebKit/603.3.8 (KHTML, like Gecko) Mobile/14G60 [FBAN/FBIOS;FBAV/145.0.0.59.86;FBBV/74951375;FBDV/iPhone7,2;FBMD/iPhone;FBSN/iOS;FBSV/10.3.3;FBSS/2;FBCR/T-MobileA;FBID/phone;FBLC/de_DE;FBOP/5;FBRV/74951375]"
84.115.13.49 - - [17/Oct/2017:08:34:55 +0200] "GET /moedling/img/mobile/facebook-icon.png HTTP/1.1" 404 3097 "-" "Mozilla/5.0 (iPhone; CPU iPhone OS 10_3_3 like Mac OS X) AppleWebKit/603.3.8 (KHTML, like Gecko) Mobile/14G60 [FBAN/FBIOS;FBAV/145.0.0.59.86;FBBV/74951375;FBDV/iPhone7,2;FBMD/iPhone;FBSN/iOS;FBSV/10.3.3;FBSS/2;FBCR/T-MobileA;FBID/phone;FBLC/de_DE;FBOP/5;FBRV/74951375]"
91.112.18.62 - - [17/Oct/2017:08:35:03 +0200] "-" 408 - "-" "-"
66.249.76.80 - - [17/Oct/2017:08:35:15 +0200] "GET /krems/Fotos_Fahrzeuge HTTP/1.1" 200 3459 "-" "Mozilla/5.0 (compatible; Googlebot/2.1; +http://www.google.com/bot.html)"
46.229.164.102 - - [17/Oct/2017:08:35:21 +0200] "GET /skarabela.gross-enzersdorf/robots.txt HTTP/1.1" 404 318 "-" "Mozilla/5.0 (compatible; SemrushBot/1.2~bl; +http://www.semrush.com/bot.html)"
84.115.13.49 - - [17/Oct/2017:08:35:25 +0200] "GET /moedling/img/mobile/info-button.png HTTP/1.1" 301 317 "-" "Mozilla/5.0 (iPhone; CPU iPhone OS 10_3_3 like Mac OS X) AppleWebKit/603.3.8 (KHTML, like Gecko) Mobile/14G60 [FBAN/FBIOS;FBAV/145.0.0.59.86;FBBV/74951375;FBDV/iPhone7,2;FBMD/iPhone;FBSN/iOS;FBSV/10.3.3;FBSS/2;FBCR/T-MobileA;FBID/phone;FBLC/de_DE;FBOP/5;FBRV/74951375]"
84.115.13.49 - - [17/Oct/2017:08:35:27 +0200] "GET /moedling/img/mobile/info-close-button.png HTTP/1.1" 301 321 "-" "Mozilla/5.0 (iPhone; CPU iPhone OS 10_3_3 like Mac OS X) AppleWebKit/603.3.8 (KHTML, like Gecko) Mobile/14G60 [FBAN/FBIOS;FBAV/145.0.0.59.86;FBBV/74951375;FBDV/iPhone7,2;FBMD/iPhone;FBSN/iOS;FBSV/10.3.3;FBSS/2;FBCR/T-MobileA;FBID/phone;FBLC/de_DE;FBOP/5;FBRV/74951375]"
84.115.13.49 - - [17/Oct/2017:08:35:27 +0200] "GET /moedling/img/mobile/info-close-button.png HTTP/1.1" 404 3103 "-" "Mozilla/5.0 (iPhone; CPU iPhone OS 10_3_3 like Mac OS X) AppleWebKit/603.3.8 (KHTML, like Gecko) Mobile/14G60 [FBAN/FBIOS;FBAV/145.0.0.59.86;FBBV/74951375;FBDV/iPhone7,2;FBMD/iPhone;FBSN/iOS;FBSV/10.3.3;FBSS/2;FBCR/T-MobileA;FBID/phone;FBLC/de_DE;FBOP/5;FBRV/74951375]"
35.184.189.105 - - [17/Oct/2017:08:35:40 +0200] "GET /robots.txt HTTP/1.1" 301 300 "-" "ltx71 - (http://ltx71.com/)"
216.244.66.249 - - [17/Oct/2017:08:35:45 +0200] "GET /fahrschulen/tirol HTTP/1.1" 301 404 "-" "Mozilla/5.0 (compatible; DotBot/1.1; http://www.opensiteexplorer.org/dotbot, help@moz.com)"
84.115.13.49 - - [17/Oct/2017:08:35:57 +0200] "GET /moedling/img/smallicon-person.png HTTP/1.1" 301 315 "-" "Mozilla/5.0 (iPhone; CPU iPhone OS 10_3_3 like Mac OS X) AppleWebKit/603.3.8 (KHTML, like Gecko) Mobile/14G60 [FBAN/FBIOS;FBAV/145.0.0.59.86;FBBV/74951375;FBDV/iPhone7,2;FBMD/iPhone;FBSN/iOS;FBSV/10.3.3;FBSS/2;FBCR/T-MobileA;FBID/phone;FBLC/de_DE;FBOP/5;FBRV/74951375]"
84.115.13.49 - - [17/Oct/2017:08:35:58 +0200] "GET /moedling/img/smallicon-person.png HTTP/1.1" 404 3102 "-" "Mozilla/5.0 (iPhone; CPU iPhone OS 10_3_3 like Mac OS X) AppleWebKit/603.3.8 (KHTML, like Gecko) Mobile/14G60 [FBAN/FBIOS;FBAV/145.0.0.59.86;FBBV/74951375;FBDV/iPhone7,2;FBMD/iPhone;FBSN/iOS;FBSV/10.3.3;FBSS/2;FBCR/T-MobileA;FBID/phone;FBLC/de_DE;FBOP/5;FBRV/74951375]"
66.249.76.80 - - [17/Oct/2017:08:36:09 +0200] "GET /binaries/easy-drivers-neunkirchen--au/agb-easy-drivers-neunkirchen.pdf HTTP/1.1" 304 - "-" "Mozilla/5.0 (Linux; Android 6.0.1; Nexus 5X Build/MMB29P) AppleWebKit/537.36 (KHTML, like Gecko) Chrome/41.0.2272.96 Mobile Safari/537.36 (compatible; Googlebot/2.1; +http://www.google.com/bot.html)"
204.79.180.14 - - [17/Oct/2017:08:36:10 +0200] "GET /dornbirn/10248221?FS=DD195-C HTTP/1.1" 301 315 "-" "Mozilla/5.0 (compatible; MSIE 9.0; Windows NT 6.0; Trident/5.0; Trident/5.0)"
84.201.148.111 - - [17/Oct/2017:08:36:10 +0200] "GET / HTTP/1.1" 301 294 "-" "Mozilla/5.0 (iPhone; CPU iPhone OS 9_3 like Mac OS X) AppleWebKit/601.1.46 (KHTML, like Gecko) Version/9.0 Mobile/13E188a Safari/601.1"
84.201.148.111 - - [17/Oct/2017:08:36:11 +0200] "GET / HTTP/1.1" 200 3579 "-" "Mozilla/5.0 (iPhone; CPU iPhone OS 9_3 like Mac OS X) AppleWebKit/601.1.46 (KHTML, like Gecko) Version/9.0 Mobile/13E188a Safari/601.1"
54.165.90.203 - - [17/Oct/2017:08:36:21 +0200] "GET /robots.txt HTTP/1.0" 301 397 "-" "ia_archiver"
54.165.90.203 - - [17/Oct/2017:08:36:21 +0200] "GET /am.spitz HTTP/1.0" 301 395 "-" "ia_archiver"
84.115.13.49 - - [17/Oct/2017:08:36:31 +0200] "GET /moedling/img/smallicon-mail.png HTTP/1.1" 301 315 "-" "Mozilla/5.0 (iPhone; CPU iPhone OS 10_3_3 like Mac OS X) AppleWebKit/603.3.8 (KHTML, like Gecko) Mobile/14G60 [FBAN/FBIOS;FBAV/145.0.0.59.86;FBBV/74951375;FBDV/iPhone7,2;FBMD/iPhone;FBSN/iOS;FBSV/10.3.3;FBSS/2;FBCR/T-MobileA;FBID/phone;FBLC/de_DE;FBOP/5;FBRV/74951375]"
84.115.13.49 - - [17/Oct/2017:08:36:31 +0200] "GET /moedling/img/smallicon-mail.png HTTP/1.1" 404 3104 "-" "Mozilla/5.0 (iPhone; CPU iPhone OS 10_3_3 like Mac OS X) AppleWebKit/603.3.8 (KHTML, like Gecko) Mobile/14G60 [FBAN/FBIOS;FBAV/145.0.0.59.86;FBBV/74951375;FBDV/iPhone7,2;FBMD/iPhone;FBSN/iOS;FBSV/10.3.3;FBSS/2;FBCR/T-MobileA;FBID/phone;FBLC/de_DE;FBOP/5;FBRV/74951375]"
207.46.13.120 - - [17/Oct/2017:08:36:43 +0200] "GET /feldkirch HTTP/1.1" 301 300 "-" "Mozilla/5.0 (compatible; bingbot/2.0; +http://www.bing.com/bingbot.htm)"
178.165.129.83 - - [17/Oct/2017:08:36:59 +0200] "GET /voesendorf/Aktionen HTTP/1.1" 301 307 "http://m.facebook.com/" "Mozilla/5.0 (Linux; Android 6.0.1; D5803 Build/23.5.A.1.291; wv) AppleWebKit/537.36 (KHTML, like Gecko) Version/4.0 Chrome/61.0.3163.98 Mobile Safari/537.36 [FB_IAB/FB4A;FBAV/144.0.0.27.91;]"
84.115.13.49 - - [17/Oct/2017:08:37:01 +0200] "GET /moedling/img/smallicon-phone.png HTTP/1.1" 301 315 "-" "Mozilla/5.0 (iPhone; CPU iPhone OS 10_3_3 like Mac OS X) AppleWebKit/603.3.8 (KHTML, like Gecko) Mobile/14G60 [FBAN/FBIOS;FBAV/145.0.0.59.86;FBBV/74951375;FBDV/iPhone7,2;FBMD/iPhone;FBSN/iOS;FBSV/10.3.3;FBSS/2;FBCR/T-MobileA;FBID/phone;FBLC/de_DE;FBOP/5;FBRV/74951375]"
178.165.129.83 - - [17/Oct/2017:08:36:59 +0200] "GET /voesendorf/Aktionen HTTP/1.1" 200 3548 "http://m.facebook.com/" "Mozilla/5.0 (Linux; Android 6.0.1; D5803 Build/23.5.A.1.291; wv) AppleWebKit/537.36 (KHTML, like Gecko) Version/4.0 Chrome/61.0.3163.98 Mobile Safari/537.36 [FB_IAB/FB4A;FBAV/144.0.0.27.91;]"
66.249.76.80 - - [17/Oct/2017:08:37:02 +0200] "GET /binaries/easy-drivers---skarabela-gro/kurse2016pdf.pdf HTTP/1.1" 304 - "-" "Mozilla/5.0 (compatible; Googlebot/2.1; +http://www.google.com/bot.html)"
84.115.13.49 - - [17/Oct/2017:08:37:01 +0200] "GET /moedling/img/smallicon-phone.png HTTP/1.1" 404 3103 "-" "Mozilla/5.0 (iPhone; CPU iPhone OS 10_3_3 like Mac OS X) AppleWebKit/603.3.8 (KHTML, like Gecko) Mobile/14G60 [FBAN/FBIOS;FBAV/145.0.0.59.86;FBBV/74951375;FBDV/iPhone7,2;FBMD/iPhone;FBSN/iOS;FBSV/10.3.3;FBSS/2;FBCR/T-MobileA;FBID/phone;FBLC/de_DE;FBOP/5;FBRV/74951375]"
46.125.250.22 - - [17/Oct/2017:08:37:42 +0200] "GET /moedling/aktionen HTTP/1.1" 301 305 "http://m.facebook.com" "Mozilla/5.0 (iPhone; CPU iPhone OS 11_0_3 like Mac OS X) AppleWebKit/604.1.38 (KHTML, like Gecko) Mobile/15A432 [FBAN/FBIOS;FBAV/145.0.0.59.86;FBBV/74951375;FBDV/iPhone8,1;FBMD/iPhone;FBSN/iOS;FBSV/11.0.3;FBSS/2;FBCR/T-MobileA;FBID/phone;FBLC/de_DE;FBOP/5;FBRV/74951375]"
46.125.250.22 - - [17/Oct/2017:08:37:43 +0200] "GET /moedling/aktionen HTTP/1.1" 200 3658 "http://m.facebook.com" "Mozilla/5.0 (iPhone; CPU iPhone OS 11_0_3 like Mac OS X) AppleWebKit/604.1.38 (KHTML, like Gecko) Mobile/15A432 [FBAN/FBIOS;FBAV/145.0.0.59.86;FBBV/74951375;FBDV/iPhone8,1;FBMD/iPhone;FBSN/iOS;FBSV/11.0.3;FBSS/2;FBCR/T-MobileA;FBID/phone;FBLC/de_DE;FBOP/5;FBRV/74951375]"
66.249.76.74 - - [17/Oct/2017:08:37:56 +0200] "GET /amstetten/abendkurssept?FS=F HTTP/1.1" 301 312 "-" "Mozilla/5.0 (compatible; Googlebot/2.1; +http://www.google.com/bot.html)"
46.125.249.56 - - [17/Oct/2017:08:37:56 +0200] "GET / HTTP/1.1" 200 3579 "https://www.easydrivers.at/fuehrerscheine/auto" "Mozilla/5.0 (Linux; Android 5.1.1; SM-J500FN Build/LMY48B) AppleWebKit/537.36 (KHTML, like Gecko) Chrome/61.0.3163.98 Mobile Safari/537.36"
66.249.76.80 - - [17/Oct/2017:08:37:57 +0200] "GET /amstetten/abendkurssept?FS=F HTTP/1.1" 410 3431 "-" "Mozilla/5.0 (compatible; Googlebot/2.1; +http://www.google.com/bot.html)"
192.164.4.1 - - [17/Oct/2017:08:38:04 +0200] "GET /fuehrerscheine/lkw HTTP/1.1" 200 3734 "-" "Mozilla/5.0 (Android 6.0; Mobile; rv:56.0) Gecko/56.0 Firefox/56.0"
192.164.4.1 - - [17/Oct/2017:08:38:07 +0200] "GET /img/favicon.ico HTTP/1.1" 301 303 "-" "Mozilla/5.0 (Android 6.0; Mobile; rv:56.0) Gecko/56.0 Firefox/56.0"
192.164.4.1 - - [17/Oct/2017:08:38:07 +0200] "GET /img/favicon.ico HTTP/1.1" 404 301 "-" "Mozilla/5.0 (Android 6.0; Mobile; rv:56.0) Gecko/56.0 Firefox/56.0"
80.108.161.74 - - [17/Oct/2017:08:38:15 +0200] "GET /am.spitz HTTP/1.1" 301 299 "http://www.google.at/" "Mozilla/5.0 (Linux; Android 6.0.1; SM-J710F Build/MMB29K) AppleWebKit/537.36 (KHTML, like Gecko) Chrome/61.0.3163.98 Mobile Safari/537.36"
86.56.153.198 - - [17/Oct/2017:08:38:14 +0200] "GET / HTTP/1.1" 200 4425 "https://search.avira.com/" "Mozilla/5.0 (Windows NT 10.0; WOW64; rv:56.0) Gecko/20100101 Firefox/56.0"
46.125.249.56 - - [17/Oct/2017:08:38:17 +0200] "-" 408 - "-" "-"
46.125.249.56 - - [17/Oct/2017:08:38:17 +0200] "-" 408 - "-" "-"
46.125.249.56 - - [17/Oct/2017:08:38:17 +0200] "-" 408 - "-" "-"
46.125.249.56 - - [17/Oct/2017:08:38:17 +0200] "-" 408 - "-" "-"
46.125.249.56 - - [17/Oct/2017:08:38:17 +0200] "-" 408 - "-" "-"
80.108.161.74 - - [17/Oct/2017:08:38:15 +0200] "GET /am.spitz HTTP/1.1" 200 2875 "http://www.google.at/" "Mozilla/5.0 (Linux; Android 6.0.1; SM-J710F Build/MMB29K) AppleWebKit/537.36 (KHTML, like Gecko) Chrome/61.0.3163.98 Mobile Safari/537.36"
80.108.161.74 - - [17/Oct/2017:08:38:17 +0200] "GET /css/mobile.css HTTP/1.1" 200 2852 "https://www.easydrivers.at/am.spitz" "Mozilla/5.0 (Linux; Android 6.0.1; SM-J710F Build/MMB29K) AppleWebKit/537.36 (KHTML, like Gecko) Chrome/61.0.3163.98 Mobile Safari/537.36"
80.108.161.74 - - [17/Oct/2017:08:38:17 +0200] "GET /javascript/jquery.cookie.js HTTP/1.1" 200 863 "https://www.easydrivers.at/am.spitz" "Mozilla/5.0 (Linux; Android 6.0.1; SM-J710F Build/MMB29K) AppleWebKit/537.36 (KHTML, like Gecko) Chrome/61.0.3163.98 Mobile Safari/537.36"
80.108.161.74 - - [17/Oct/2017:08:38:17 +0200] "GET /javascript/mobile-menu.js HTTP/1.1" 200 1634 "https://www.easydrivers.at/am.spitz" "Mozilla/5.0 (Linux; Android 6.0.1; SM-J710F Build/MMB29K) AppleWebKit/537.36 (KHTML, like Gecko) Chrome/61.0.3163.98 Mobile Safari/537.36"
80.108.161.74 - - [17/Oct/2017:08:38:17 +0200] "GET /javascript/jquery.simplemodal.js HTTP/1.1" 200 3070 "https://www.easydrivers.at/am.spitz" "Mozilla/5.0 (Linux; Android 6.0.1; SM-J710F Build/MMB29K) AppleWebKit/537.36 (KHTML, like Gecko) Chrome/61.0.3163.98 Mobile Safari/537.36"
80.108.161.74 - - [17/Oct/2017:08:38:17 +0200] "GET /javascript/jquery-1.9.1.min.js HTTP/1.1" 200 32731 "https://www.easydrivers.at/am.spitz" "Mozilla/5.0 (Linux; Android 6.0.1; SM-J710F Build/MMB29K) AppleWebKit/537.36 (KHTML, like Gecko) Chrome/61.0.3163.98 Mobile Safari/537.36"
80.108.161.74 - - [17/Oct/2017:08:38:17 +0200] "GET /javascript/mobile-fahrschule.js HTTP/1.1" 200 328 "https://www.easydrivers.at/am.spitz" "Mozilla/5.0 (Linux; Android 6.0.1; SM-J710F Build/MMB29K) AppleWebKit/537.36 (KHTML, like Gecko) Chrome/61.0.3163.98 Mobile Safari/537.36"
80.108.161.74 - - [17/Oct/2017:08:38:18 +0200] "GET /javascript/lazyload.js HTTP/1.1" 200 1170 "https://www.easydrivers.at/am.spitz" "Mozilla/5.0 (Linux; Android 6.0.1; SM-J710F Build/MMB29K) AppleWebKit/537.36 (KHTML, like Gecko) Chrome/61.0.3163.98 Mobile Safari/537.36"
80.108.161.74 - - [17/Oct/2017:08:38:18 +0200] "GET /img/mobile/bg-header.jpg HTTP/1.1" 200 19741 "https://www.easydrivers.at/css/mobile.css" "Mozilla/5.0 (Linux; Android 6.0.1; SM-J710F Build/MMB29K) AppleWebKit/537.36 (KHTML, like Gecko) Chrome/61.0.3163.98 Mobile Safari/537.36"
80.108.161.74 - - [17/Oct/2017:08:38:18 +0200] "GET /img/mobile/bg-top-section.jpg HTTP/1.1" 200 21711 "https://www.easydrivers.at/css/mobile.css" "Mozilla/5.0 (Linux; Android 6.0.1; SM-J710F Build/MMB29K) AppleWebKit/537.36 (KHTML, like Gecko) Chrome/61.0.3163.98 Mobile Safari/537.36"
80.108.161.74 - - [17/Oct/2017:08:38:18 +0200] "GET /img/mobile/pfeil-rechts.png HTTP/1.1" 200 1228 "https://www.easydrivers.at/css/mobile.css" "Mozilla/5.0 (Linux; Android 6.0.1; SM-J710F Build/MMB29K) AppleWebKit/537.36 (KHTML, like Gecko) Chrome/61.0.3163.98 Mobile Safari/537.36"
80.108.161.74 - - [17/Oct/2017:08:38:18 +0200] "GET /img/mobile/easydrivers-logo-mobile.png HTTP/1.1" 200 10766 "https://www.easydrivers.at/am.spitz" "Mozilla/5.0 (Linux; Android 6.0.1; SM-J710F Build/MMB29K) AppleWebKit/537.36 (KHTML, like Gecko) Chrome/61.0.3163.98 Mobile Safari/537.36"
80.108.161.74 - - [17/Oct/2017:08:38:18 +0200] "GET /img/mobile/menu-button.png HTTP/1.1" 200 1746 "https://www.easydrivers.at/am.spitz" "Mozilla/5.0 (Linux; Android 6.0.1; SM-J710F Build/MMB29K) AppleWebKit/537.36 (KHTML, like Gecko) Chrome/61.0.3163.98 Mobile Safari/537.36"
80.108.161.74 - - [17/Oct/2017:08:38:18 +0200] "GET /img/mobile/close-button.png HTTP/1.1" 200 2411 "https://www.easydrivers.at/am.spitz" "Mozilla/5.0 (Linux; Android 6.0.1; SM-J710F Build/MMB29K) AppleWebKit/537.36 (KHTML, like Gecko) Chrome/61.0.3163.98 Mobile Safari/537.36"
80.108.161.74 - - [17/Oct/2017:08:38:18 +0200] "GET /img/mobile/info-button.png HTTP/1.1" 200 1549 "https://www.easydrivers.at/am.spitz" "Mozilla/5.0 (Linux; Android 6.0.1; SM-J710F Build/MMB29K) AppleWebKit/537.36 (KHTML, like Gecko) Chrome/61.0.3163.98 Mobile Safari/537.36"
80.108.161.74 - - [17/Oct/2017:08:38:18 +0200] "GET /img/mobile/facebook-icon.png HTTP/1.1" 200 1902 "https://www.easydrivers.at/am.spitz" "Mozilla/5.0 (Linux; Android 6.0.1; SM-J710F Build/MMB29K) AppleWebKit/537.36 (KHTML, like Gecko) Chrome/61.0.3163.98 Mobile Safari/537.36"
80.108.161.74 - - [17/Oct/2017:08:38:18 +0200] "GET /img/mobile/info-close-button.png HTTP/1.1" 200 1721 "https://www.easydrivers.at/am.spitz" "Mozilla/5.0 (Linux; Android 6.0.1; SM-J710F Build/MMB29K) AppleWebKit/537.36 (KHTML, like Gecko) Chrome/61.0.3163.98 Mobile Safari/537.36"
80.108.161.74 - - [17/Oct/2017:08:38:18 +0200] "GET /img/smallicon-person.png HTTP/1.1" 200 1141 "https://www.easydrivers.at/am.spitz" "Mozilla/5.0 (Linux; Android 6.0.1; SM-J710F Build/MMB29K) AppleWebKit/537.36 (KHTML, like Gecko) Chrome/61.0.3163.98 Mobile Safari/537.36"
80.108.161.74 - - [17/Oct/2017:08:38:18 +0200] "GET /img/smallicon-address.png HTTP/1.1" 200 1211 "https://www.easydrivers.at/am.spitz" "Mozilla/5.0 (Linux; Android 6.0.1; SM-J710F Build/MMB29K) AppleWebKit/537.36 (KHTML, like Gecko) Chrome/61.0.3163.98 Mobile Safari/537.36"
80.108.161.74 - - [17/Oct/2017:08:38:18 +0200] "GET /img/mobile/googlemaps-pin.png HTTP/1.1" 200 1597 "https://www.easydrivers.at/am.spitz" "Mozilla/5.0 (Linux; Android 6.0.1; SM-J710F Build/MMB29K) AppleWebKit/537.36 (KHTML, like Gecko) Chrome/61.0.3163.98 Mobile Safari/537.36"
80.108.161.74 - - [17/Oct/2017:08:38:18 +0200] "GET /img/smallicon-phone.png HTTP/1.1" 200 3056 "https://www.easydrivers.at/am.spitz" "Mozilla/5.0 (Linux; Android 6.0.1; SM-J710F Build/MMB29K) AppleWebKit/537.36 (KHTML, like Gecko) Chrome/61.0.3163.98 Mobile Safari/537.36"
80.108.161.74 - - [17/Oct/2017:08:38:18 +0200] "GET /img/smallicon-time.png HTTP/1.1" 200 1262 "https://www.easydrivers.at/am.spitz" "Mozilla/5.0 (Linux; Android 6.0.1; SM-J710F Build/MMB29K) AppleWebKit/537.36 (KHTML, like Gecko) Chrome/61.0.3163.98 Mobile Safari/537.36"
80.108.161.74 - - [17/Oct/2017:08:38:18 +0200] "GET /img/smallicon-mail.png HTTP/1.1" 200 1341 "https://www.easydrivers.at/am.spitz" "Mozilla/5.0 (Linux; Android 6.0.1; SM-J710F Build/MMB29K) AppleWebKit/537.36 (KHTML, like Gecko) Chrome/61.0.3163.98 Mobile Safari/537.36"
80.108.161.74 - - [17/Oct/2017:08:38:18 +0200] "GET /img/mobile/widget-icon-app.png HTTP/1.1" 200 3458 "https://www.easydrivers.at/am.spitz" "Mozilla/5.0 (Linux; Android 6.0.1; SM-J710F Build/MMB29K) AppleWebKit/537.36 (KHTML, like Gecko) Chrome/61.0.3163.98 Mobile Safari/537.36"
80.108.161.74 - - [17/Oct/2017:08:38:18 +0200] "GET /img/mobile/bg-menu.jpg HTTP/1.1" 200 1698 "https://www.easydrivers.at/css/mobile.css" "Mozilla/5.0 (Linux; Android 6.0.1; SM-J710F Build/MMB29K) AppleWebKit/537.36 (KHTML, like Gecko) Chrome/61.0.3163.98 Mobile Safari/537.36"
80.108.161.74 - - [17/Oct/2017:08:38:18 +0200] "GET /img/favicon.ico HTTP/1.1" 301 303 "-" "Mozilla/5.0 (Linux; Android 6.0.1; SM-J710F Build/MMB29K) AppleWebKit/537.36 (KHTML, like Gecko) Chrome/61.0.3163.98 Mobile Safari/537.36"
80.108.161.74 - - [17/Oct/2017:08:38:19 +0200] "GET /img/favicon.ico HTTP/1.1" 404 301 "-" "Mozilla/5.0 (Linux; Android 6.0.1; SM-J710F Build/MMB29K) AppleWebKit/537.36 (KHTML, like Gecko) Chrome/61.0.3163.98 Mobile Safari/537.36"
46.125.249.56 - - [17/Oct/2017:08:38:19 +0200] "GET /img/favicon.ico HTTP/1.1" 404 301 "-" "Mozilla/5.0 (Linux; Android 5.1.1; SM-J500FN Build/LMY48B) AppleWebKit/537.36 (KHTML, like Gecko) Chrome/61.0.3163.98 Mobile Safari/537.36"
185.13.106.231 - - [17/Oct/2017:08:38:24 +0200] "GET /reumannplatz HTTP/1.1" 301 302 "http://m.facebook.com/" "Mozilla/5.0 (Linux; Android 5.1.1; SM-J320F Build/LMY47V; wv) AppleWebKit/537.36 (KHTML, like Gecko) Version/4.0 Chrome/55.0.2883.91 Mobile Safari/537.36 [FB_IAB/MESSENGER;FBAV/138.0.0.20.92;]"
185.13.106.231 - - [17/Oct/2017:08:38:24 +0200] "GET /reumannplatz HTTP/1.1" 200 2821 "http://m.facebook.com/" "Mozilla/5.0 (Linux; Android 5.1.1; SM-J320F Build/LMY47V; wv) AppleWebKit/537.36 (KHTML, like Gecko) Version/4.0 Chrome/55.0.2883.91 Mobile Safari/537.36 [FB_IAB/MESSENGER;FBAV/138.0.0.20.92;]"
93.83.5.196 - - [17/Oct/2017:08:38:27 +0200] "GET /wr.neustadt HTTP/1.1" 301 300 "https://www.google.com/" "Mozilla/5.0 (Windows NT 6.3; Win64; x64; rv:56.0) Gecko/20100101 Firefox/56.0"
185.13.106.231 - - [17/Oct/2017:08:38:27 +0200] "GET /css/mobile.css HTTP/1.1" 200 2852 "https://www.easydrivers.at/reumannplatz" "Mozilla/5.0 (Linux; Android 5.1.1; SM-J320F Build/LMY47V; wv) AppleWebKit/537.36 (KHTML, like Gecko) Version/4.0 Chrome/55.0.2883.91 Mobile Safari/537.36 [FB_IAB/MESSENGER;FBAV/138.0.0.20.92;]"
185.13.106.231 - - [17/Oct/2017:08:38:27 +0200] "GET /javascript/jquery.cookie.js HTTP/1.1" 200 863 "https://www.easydrivers.at/reumannplatz" "Mozilla/5.0 (Linux; Android 5.1.1; SM-J320F Build/LMY47V; wv) AppleWebKit/537.36 (KHTML, like Gecko) Version/4.0 Chrome/55.0.2883.91 Mobile Safari/537.36 [FB_IAB/MESSENGER;FBAV/138.0.0.20.92;]"
185.13.106.231 - - [17/Oct/2017:08:38:27 +0200] "GET /javascript/mobile-menu.js HTTP/1.1" 200 1634 "https://www.easydrivers.at/reumannplatz" "Mozilla/5.0 (Linux; Android 5.1.1; SM-J320F Build/LMY47V; wv) AppleWebKit/537.36 (KHTML, like Gecko) Version/4.0 Chrome/55.0.2883.91 Mobile Safari/537.36 [FB_IAB/MESSENGER;FBAV/138.0.0.20.92;]"
185.13.106.231 - - [17/Oct/2017:08:38:27 +0200] "GET /javascript/jquery-1.9.1.min.js HTTP/1.1" 200 32731 "https://www.easydrivers.at/reumannplatz" "Mozilla/5.0 (Linux; Android 5.1.1; SM-J320F Build/LMY47V; wv) AppleWebKit/537.36 (KHTML, like Gecko) Version/4.0 Chrome/55.0.2883.91 Mobile Safari/537.36 [FB_IAB/MESSENGER;FBAV/138.0.0.20.92;]"
185.13.106.231 - - [17/Oct/2017:08:38:27 +0200] "GET /javascript/jquery.simplemodal.js HTTP/1.1" 200 3070 "https://www.easydrivers.at/reumannplatz" "Mozilla/5.0 (Linux; Android 5.1.1; SM-J320F Build/LMY47V; wv) AppleWebKit/537.36 (KHTML, like Gecko) Version/4.0 Chrome/55.0.2883.91 Mobile Safari/537.36 [FB_IAB/MESSENGER;FBAV/138.0.0.20.92;]"
80.108.161.74 - - [17/Oct/2017:08:38:26 +0200] "GET /am.spitz HTTP/1.1" 200 2875 "https://www.easydrivers.at/am.spitz" "Mozilla/5.0 (Linux; Android 6.0.1; SM-J710F Build/MMB29K) AppleWebKit/537.36 (KHTML, like Gecko) Chrome/61.0.3163.98 Mobile Safari/537.36"
185.13.106.231 - - [17/Oct/2017:08:38:28 +0200] "GET /javascript/mobile-fahrschule.js HTTP/1.1" 200 328 "https://www.easydrivers.at/reumannplatz" "Mozilla/5.0 (Linux; Android 5.1.1; SM-J320F Build/LMY47V; wv) AppleWebKit/537.36 (KHTML, like Gecko) Version/4.0 Chrome/55.0.2883.91 Mobile Safari/537.36 [FB_IAB/MESSENGER;FBAV/138.0.0.20.92;]"
185.13.106.231 - - [17/Oct/2017:08:38:28 +0200] "GET /javascript/lazyload.js HTTP/1.1" 200 1170 "https://www.easydrivers.at/reumannplatz" "Mozilla/5.0 (Linux; Android 5.1.1; SM-J320F Build/LMY47V; wv) AppleWebKit/537.36 (KHTML, like Gecko) Version/4.0 Chrome/55.0.2883.91 Mobile Safari/537.36 [FB_IAB/MESSENGER;FBAV/138.0.0.20.92;]"
185.13.106.231 - - [17/Oct/2017:08:38:28 +0200] "GET /img/mobile/easydrivers-logo-mobile.png HTTP/1.1" 200 10766 "https://www.easydrivers.at/reumannplatz" "Mozilla/5.0 (Linux; Android 5.1.1; SM-J320F Build/LMY47V; wv) AppleWebKit/537.36 (KHTML, like Gecko) Version/4.0 Chrome/55.0.2883.91 Mobile Safari/537.36 [FB_IAB/MESSENGER;FBAV/138.0.0.20.92;]"
185.13.106.231 - - [17/Oct/2017:08:38:28 +0200] "GET /img/mobile/menu-button.png HTTP/1.1" 200 1746 "https://www.easydrivers.at/reumannplatz" "Mozilla/5.0 (Linux; Android 5.1.1; SM-J320F Build/LMY47V; wv) AppleWebKit/537.36 (KHTML, like Gecko) Version/4.0 Chrome/55.0.2883.91 Mobile Safari/537.36 [FB_IAB/MESSENGER;FBAV/138.0.0.20.92;]"
185.13.106.231 - - [17/Oct/2017:08:38:28 +0200] "GET /img/mobile/close-button.png HTTP/1.1" 200 2411 "https://www.easydrivers.at/reumannplatz" "Mozilla/5.0 (Linux; Android 5.1.1; SM-J320F Build/LMY47V; wv) AppleWebKit/537.36 (KHTML, like Gecko) Version/4.0 Chrome/55.0.2883.91 Mobile Safari/537.36 [FB_IAB/MESSENGER;FBAV/138.0.0.20.92;]"
185.13.106.231 - - [17/Oct/2017:08:38:28 +0200] "GET /img/mobile/facebook-icon.png HTTP/1.1" 200 1902 "https://www.easydrivers.at/reumannplatz" "Mozilla/5.0 (Linux; Android 5.1.1; SM-J320F Build/LMY47V; wv) AppleWebKit/537.36 (KHTML, like Gecko) Version/4.0 Chrome/55.0.2883.91 Mobile Safari/537.36 [FB_IAB/MESSENGER;FBAV/138.0.0.20.92;]"
185.13.106.231 - - [17/Oct/2017:08:38:28 +0200] "GET /img/mobile/info-button.png HTTP/1.1" 200 1549 "https://www.easydrivers.at/reumannplatz" "Mozilla/5.0 (Linux; Android 5.1.1; SM-J320F Build/LMY47V; wv) AppleWebKit/537.36 (KHTML, like Gecko) Version/4.0 Chrome/55.0.2883.91 Mobile Safari/537.36 [FB_IAB/MESSENGER;FBAV/138.0.0.20.92;]"
185.13.106.231 - - [17/Oct/2017:08:38:29 +0200] "GET /img/mobile/info-close-button.png HTTP/1.1" 200 1721 "https://www.easydrivers.at/reumannplatz" "Mozilla/5.0 (Linux; Android 5.1.1; SM-J320F Build/LMY47V; wv) AppleWebKit/537.36 (KHTML, like Gecko) Version/4.0 Chrome/55.0.2883.91 Mobile Safari/537.36 [FB_IAB/MESSENGER;FBAV/138.0.0.20.92;]"
185.13.106.231 - - [17/Oct/2017:08:38:29 +0200] "GET /img/smallicon-person.png HTTP/1.1" 200 1141 "https://www.easydrivers.at/reumannplatz" "Mozilla/5.0 (Linux; Android 5.1.1; SM-J320F Build/LMY47V; wv) AppleWebKit/537.36 (KHTML, like Gecko) Version/4.0 Chrome/55.0.2883.91 Mobile Safari/537.36 [FB_IAB/MESSENGER;FBAV/138.0.0.20.92;]"
185.13.106.231 - - [17/Oct/2017:08:38:29 +0200] "GET /img/smallicon-address.png HTTP/1.1" 200 1211 "https://www.easydrivers.at/reumannplatz" "Mozilla/5.0 (Linux; Android 5.1.1; SM-J320F Build/LMY47V; wv) AppleWebKit/537.36 (KHTML, like Gecko) Version/4.0 Chrome/55.0.2883.91 Mobile Safari/537.36 [FB_IAB/MESSENGER;FBAV/138.0.0.20.92;]"
185.13.106.231 - - [17/Oct/2017:08:38:29 +0200] "GET /img/mobile/googlemaps-pin.png HTTP/1.1" 200 1597 "https://www.easydrivers.at/reumannplatz" "Mozilla/5.0 (Linux; Android 5.1.1; SM-J320F Build/LMY47V; wv) AppleWebKit/537.36 (KHTML, like Gecko) Version/4.0 Chrome/55.0.2883.91 Mobile Safari/537.36 [FB_IAB/MESSENGER;FBAV/138.0.0.20.92;]"
185.13.106.231 - - [17/Oct/2017:08:38:29 +0200] "GET /img/smallicon-time.png HTTP/1.1" 200 1262 "https://www.easydrivers.at/reumannplatz" "Mozilla/5.0 (Linux; Android 5.1.1; SM-J320F Build/LMY47V; wv) AppleWebKit/537.36 (KHTML, like Gecko) Version/4.0 Chrome/55.0.2883.91 Mobile Safari/537.36 [FB_IAB/MESSENGER;FBAV/138.0.0.20.92;]"
185.13.106.231 - - [17/Oct/2017:08:38:29 +0200] "GET /img/smallicon-phone.png HTTP/1.1" 200 3056 "https://www.easydrivers.at/reumannplatz" "Mozilla/5.0 (Linux; Android 5.1.1; SM-J320F Build/LMY47V; wv) AppleWebKit/537.36 (KHTML, like Gecko) Version/4.0 Chrome/55.0.2883.91 Mobile Safari/537.36 [FB_IAB/MESSENGER;FBAV/138.0.0.20.92;]"
185.13.106.231 - - [17/Oct/2017:08:38:29 +0200] "GET /img/smallicon-mail.png HTTP/1.1" 200 1341 "https://www.easydrivers.at/reumannplatz" "Mozilla/5.0 (Linux; Android 5.1.1; SM-J320F Build/LMY47V; wv) AppleWebKit/537.36 (KHTML, like Gecko) Version/4.0 Chrome/55.0.2883.91 Mobile Safari/537.36 [FB_IAB/MESSENGER;FBAV/138.0.0.20.92;]"
185.13.106.231 - - [17/Oct/2017:08:38:29 +0200] "GET /img/mobile/widget-icon-app.png HTTP/1.1" 200 3458 "https://www.easydrivers.at/reumannplatz" "Mozilla/5.0 (Linux; Android 5.1.1; SM-J320F Build/LMY47V; wv) AppleWebKit/537.36 (KHTML, like Gecko) Version/4.0 Chrome/55.0.2883.91 Mobile Safari/537.36 [FB_IAB/MESSENGER;FBAV/138.0.0.20.92;]"
185.13.106.231 - - [17/Oct/2017:08:38:29 +0200] "GET /img/mobile/bg-header.jpg HTTP/1.1" 200 19741 "https://www.easydrivers.at/css/mobile.css" "Mozilla/5.0 (Linux; Android 5.1.1; SM-J320F Build/LMY47V; wv) AppleWebKit/537.36 (KHTML, like Gecko) Version/4.0 Chrome/55.0.2883.91 Mobile Safari/537.36 [FB_IAB/MESSENGER;FBAV/138.0.0.20.92;]"
185.13.106.231 - - [17/Oct/2017:08:38:29 +0200] "GET /img/mobile/bg-menu.jpg HTTP/1.1" 200 1698 "https://www.easydrivers.at/css/mobile.css" "Mozilla/5.0 (Linux; Android 5.1.1; SM-J320F Build/LMY47V; wv) AppleWebKit/537.36 (KHTML, like Gecko) Version/4.0 Chrome/55.0.2883.91 Mobile Safari/537.36 [FB_IAB/MESSENGER;FBAV/138.0.0.20.92;]"
185.13.106.231 - - [17/Oct/2017:08:38:29 +0200] "GET /img/mobile/bg-top-section.jpg HTTP/1.1" 200 21711 "https://www.easydrivers.at/css/mobile.css" "Mozilla/5.0 (Linux; Android 5.1.1; SM-J320F Build/LMY47V; wv) AppleWebKit/537.36 (KHTML, like Gecko) Version/4.0 Chrome/55.0.2883.91 Mobile Safari/537.36 [FB_IAB/MESSENGER;FBAV/138.0.0.20.92;]"
93.83.5.196 - - [17/Oct/2017:08:38:27 +0200] "GET /wr.neustadt HTTP/1.1" 200 3523 "https://www.google.com/" "Mozilla/5.0 (Windows NT 6.3; Win64; x64; rv:56.0) Gecko/20100101 Firefox/56.0"
185.13.106.231 - - [17/Oct/2017:08:38:29 +0200] "GET /img/mobile/pfeil-rechts.png HTTP/1.1" 200 1228 "https://www.easydrivers.at/css/mobile.css" "Mozilla/5.0 (Linux; Android 5.1.1; SM-J320F Build/LMY47V; wv) AppleWebKit/537.36 (KHTML, like Gecko) Version/4.0 Chrome/55.0.2883.91 Mobile Safari/537.36 [FB_IAB/MESSENGER;FBAV/138.0.0.20.92;]"
93.83.5.196 - - [17/Oct/2017:08:38:29 +0200] "GET /css/print.css HTTP/1.1" 200 967 "https://www.easydrivers.at/wr.neustadt" "Mozilla/5.0 (Windows NT 6.3; Win64; x64; rv:56.0) Gecko/20100101 Firefox/56.0"
93.83.5.196 - - [17/Oct/2017:08:38:29 +0200] "GET /javascript/jquery.customSelect.min.js HTTP/1.1" 200 912 "https://www.easydrivers.at/wr.neustadt" "Mozilla/5.0 (Windows NT 6.3; Win64; x64; rv:56.0) Gecko/20100101 Firefox/56.0"
93.83.5.196 - - [17/Oct/2017:08:38:29 +0200] "GET /javascript/jquery.simplemodal.js HTTP/1.1" 200 3070 "https://www.easydrivers.at/wr.neustadt" "Mozilla/5.0 (Windows NT 6.3; Win64; x64; rv:56.0) Gecko/20100101 Firefox/56.0"
93.83.5.196 - - [17/Oct/2017:08:38:29 +0200] "GET /css/style.css HTTP/1.1" 200 5004 "https://www.easydrivers.at/wr.neustadt" "Mozilla/5.0 (Windows NT 6.3; Win64; x64; rv:56.0) Gecko/20100101 Firefox/56.0"
93.83.5.196 - - [17/Oct/2017:08:38:29 +0200] "GET /javascript/jquery.cookie.js HTTP/1.1" 200 863 "https://www.easydrivers.at/wr.neustadt" "Mozilla/5.0 (Windows NT 6.3; Win64; x64; rv:56.0) Gecko/20100101 Firefox/56.0"
93.83.5.196 - - [17/Oct/2017:08:38:29 +0200] "GET /javascript/portal.js?1221842734 HTTP/1.1" 200 3529 "https://www.easydrivers.at/wr.neustadt" "Mozilla/5.0 (Windows NT 6.3; Win64; x64; rv:56.0) Gecko/20100101 Firefox/56.0"
93.83.5.196 - - [17/Oct/2017:08:38:29 +0200] "GET /javascript/fahrschule.js HTTP/1.1" 200 462 "https://www.easydrivers.at/wr.neustadt" "Mozilla/5.0 (Windows NT 6.3; Win64; x64; rv:56.0) Gecko/20100101 Firefox/56.0"
93.83.5.196 - - [17/Oct/2017:08:38:30 +0200] "GET /binaries/easy-drivers-portal/widget-icon-apppng.png HTTP/1.1" 200 2432 "https://www.easydrivers.at/wr.neustadt" "Mozilla/5.0 (Windows NT 6.3; Win64; x64; rv:56.0) Gecko/20100101 Firefox/56.0"
93.83.5.196 - - [17/Oct/2017:08:38:30 +0200] "GET /img/close-button.png HTTP/1.1" 200 2237 "https://www.easydrivers.at/wr.neustadt" "Mozilla/5.0 (Windows NT 6.3; Win64; x64; rv:56.0) Gecko/20100101 Firefox/56.0"
93.83.5.196 - - [17/Oct/2017:08:38:30 +0200] "GET /javascript/lazyload.js HTTP/1.1" 200 1170 "https://www.easydrivers.at/wr.neustadt" "Mozilla/5.0 (Windows NT 6.3; Win64; x64; rv:56.0) Gecko/20100101 Firefox/56.0"
93.83.5.196 - - [17/Oct/2017:08:38:30 +0200] "GET /img/schweiz-icon.png HTTP/1.1" 200 1504 "https://www.easydrivers.at/wr.neustadt" "Mozilla/5.0 (Windows NT 6.3; Win64; x64; rv:56.0) Gecko/20100101 Firefox/56.0"
93.83.5.196 - - [17/Oct/2017:08:38:30 +0200] "GET /img/info-button.png HTTP/1.1" 200 738 "https://www.easydrivers.at/wr.neustadt" "Mozilla/5.0 (Windows NT 6.3; Win64; x64; rv:56.0) Gecko/20100101 Firefox/56.0"
93.83.5.196 - - [17/Oct/2017:08:38:30 +0200] "GET /img/facebook-icon.png HTTP/1.1" 200 1506 "https://www.easydrivers.at/wr.neustadt" "Mozilla/5.0 (Windows NT 6.3; Win64; x64; rv:56.0) Gecko/20100101 Firefox/56.0"
93.83.5.196 - - [17/Oct/2017:08:38:30 +0200] "GET /img/locator-icon.png HTTP/1.1" 200 1377 "https://www.easydrivers.at/wr.neustadt" "Mozilla/5.0 (Windows NT 6.3; Win64; x64; rv:56.0) Gecko/20100101 Firefox/56.0"
93.83.5.196 - - [17/Oct/2017:08:38:30 +0200] "GET /img/close-button-small.png HTTP/1.1" 200 1671 "https://www.easydrivers.at/wr.neustadt" "Mozilla/5.0 (Windows NT 6.3; Win64; x64; rv:56.0) Gecko/20100101 Firefox/56.0"
93.83.5.196 - - [17/Oct/2017:08:38:30 +0200] "GET /img/empty.gif HTTP/1.1" 200 43 "https://www.easydrivers.at/wr.neustadt" "Mozilla/5.0 (Windows NT 6.3; Win64; x64; rv:56.0) Gecko/20100101 Firefox/56.0"
93.83.5.196 - - [17/Oct/2017:08:38:30 +0200] "GET /binaries/easy-drivers-portal/widget-icon-expertspng.png HTTP/1.1" 200 2159 "https://www.easydrivers.at/wr.neustadt" "Mozilla/5.0 (Windows NT 6.3; Win64; x64; rv:56.0) Gecko/20100101 Firefox/56.0"
93.83.5.196 - - [17/Oct/2017:08:38:30 +0200] "GET /binaries/easy-drivers-portal/widget-icon-trainingpng.png HTTP/1.1" 200 2662 "https://www.easydrivers.at/wr.neustadt" "Mozilla/5.0 (Windows NT 6.3; Win64; x64; rv:56.0) Gecko/20100101 Firefox/56.0"
93.83.5.196 - - [17/Oct/2017:08:38:30 +0200] "GET /img/submit-button.png HTTP/1.1" 200 1958 "https://www.easydrivers.at/wr.neustadt" "Mozilla/5.0 (Windows NT 6.3; Win64; x64; rv:56.0) Gecko/20100101 Firefox/56.0"
93.83.5.196 - - [17/Oct/2017:08:38:30 +0200] "GET /img/bg-header.jpg HTTP/1.1" 200 38680 "https://www.easydrivers.at/css/style.css" "Mozilla/5.0 (Windows NT 6.3; Win64; x64; rv:56.0) Gecko/20100101 Firefox/56.0"
93.83.5.196 - - [17/Oct/2017:08:38:30 +0200] "GET /img/bg-footer.jpg HTTP/1.1" 200 31770 "https://www.easydrivers.at/css/style.css" "Mozilla/5.0 (Windows NT 6.3; Win64; x64; rv:56.0) Gecko/20100101 Firefox/56.0"
93.83.5.196 - - [17/Oct/2017:08:38:30 +0200] "GET /img/ED_Logo.png HTTP/1.1" 200 3385 "https://www.easydrivers.at/css/style.css" "Mozilla/5.0 (Windows NT 6.3; Win64; x64; rv:56.0) Gecko/20100101 Firefox/56.0"
93.83.5.196 - - [17/Oct/2017:08:38:30 +0200] "GET /img/kursicon-print-pink.png HTTP/1.1" 200 1125 "https://www.easydrivers.at/wr.neustadt" "Mozilla/5.0 (Windows NT 6.3; Win64; x64; rv:56.0) Gecko/20100101 Firefox/56.0"
93.83.5.196 - - [17/Oct/2017:08:38:30 +0200] "GET /img/yellow-dots-vertical.png HTTP/1.1" 200 981 "https://www.easydrivers.at/css/style.css" "Mozilla/5.0 (Windows NT 6.3; Win64; x64; rv:56.0) Gecko/20100101 Firefox/56.0"
93.83.5.196 - - [17/Oct/2017:08:38:30 +0200] "GET /img/bg-top-section.jpg HTTP/1.1" 200 82172 "https://www.easydrivers.at/css/style.css" "Mozilla/5.0 (Windows NT 6.3; Win64; x64; rv:56.0) Gecko/20100101 Firefox/56.0"
93.83.5.196 - - [17/Oct/2017:08:38:30 +0200] "GET /img/kursicon-download-pink.png HTTP/1.1" 200 1213 "https://www.easydrivers.at/wr.neustadt" "Mozilla/5.0 (Windows NT 6.3; Win64; x64; rv:56.0) Gecko/20100101 Firefox/56.0"
93.83.5.196 - - [17/Oct/2017:08:38:30 +0200] "GET /img/kursicon-share-pink.png HTTP/1.1" 200 1277 "https://www.easydrivers.at/wr.neustadt" "Mozilla/5.0 (Windows NT 6.3; Win64; x64; rv:56.0) Gecko/20100101 Firefox/56.0"
93.83.5.196 - - [17/Oct/2017:08:38:30 +0200] "GET /img/kursicon-phone-pink.png HTTP/1.1" 200 1286 "https://www.easydrivers.at/wr.neustadt" "Mozilla/5.0 (Windows NT 6.3; Win64; x64; rv:56.0) Gecko/20100101 Firefox/56.0"
93.83.5.196 - - [17/Oct/2017:08:38:30 +0200] "GET /img/purple-dots-horizontal.png HTTP/1.1" 200 977 "https://www.easydrivers.at/css/style.css" "Mozilla/5.0 (Windows NT 6.3; Win64; x64; rv:56.0) Gecko/20100101 Firefox/56.0"
93.83.5.196 - - [17/Oct/2017:08:38:30 +0200] "GET /img/new_favicon.ico HTTP/1.1" 301 306 "-" "Mozilla/5.0 (Windows NT 6.3; Win64; x64; rv:56.0) Gecko/20100101 Firefox/56.0"
93.83.5.196 - - [17/Oct/2017:08:38:30 +0200] "GET /img/new_favicon.ico HTTP/1.1" 200 1150 "-" "Mozilla/5.0 (Windows NT 6.3; Win64; x64; rv:56.0) Gecko/20100101 Firefox/56.0"
93.83.5.196 - - [17/Oct/2017:08:38:40 +0200] "GET /img/loading-bars.gif HTTP/1.1" 200 3951 "https://www.easydrivers.at/css/style.css" "Mozilla/5.0 (Windows NT 6.3; Win64; x64; rv:56.0) Gecko/20100101 Firefox/56.0"
93.83.5.196 - - [17/Oct/2017:08:38:41 +0200] "POST /wr.neustadt/kursauswahl HTTP/1.1" 200 4377 "https://www.easydrivers.at/wr.neustadt" "Mozilla/5.0 (Windows NT 6.3; Win64; x64; rv:56.0) Gecko/20100101 Firefox/56.0"
93.83.5.196 - - [17/Oct/2017:08:38:43 +0200] "GET /javascript/jquery.showLoading.min.js HTTP/1.1" 200 1136 "https://www.easydrivers.at/wr.neustadt/kursauswahl" "Mozilla/5.0 (Windows NT 6.3; Win64; x64; rv:56.0) Gecko/20100101 Firefox/56.0"
93.83.5.196 - - [17/Oct/2017:08:38:43 +0200] "GET /css/showLoading.css HTTP/1.1" 200 219 "https://www.easydrivers.at/wr.neustadt/kursauswahl" "Mozilla/5.0 (Windows NT 6.3; Win64; x64; rv:56.0) Gecko/20100101 Firefox/56.0"
93.83.5.196 - - [17/Oct/2017:08:38:43 +0200] "GET /binaries/easy-drivers-portal/motorrad2jpg.jpg HTTP/1.1" 200 45802 "https://www.easydrivers.at/wr.neustadt/kursauswahl" "Mozilla/5.0 (Windows NT 6.3; Win64; x64; rv:56.0) Gecko/20100101 Firefox/56.0"
93.83.5.196 - - [17/Oct/2017:08:38:43 +0200] "GET /javascript/jquery.base64.min.js HTTP/1.1" 200 37135 "https://www.easydrivers.at/wr.neustadt/kursauswahl" "Mozilla/5.0 (Windows NT 6.3; Win64; x64; rv:56.0) Gecko/20100101 Firefox/56.0"
93.83.5.196 - - [17/Oct/2017:08:38:43 +0200] "GET /img/arrow-left.png HTTP/1.1" 200 1015 "https://www.easydrivers.at/css/style.css" "Mozilla/5.0 (Windows NT 6.3; Win64; x64; rv:56.0) Gecko/20100101 Firefox/56.0"
93.83.5.196 - - [17/Oct/2017:08:38:43 +0200] "GET /img/top-image-overlay.png HTTP/1.1" 200 20650 "https://www.easydrivers.at/css/style.css" "Mozilla/5.0 (Windows NT 6.3; Win64; x64; rv:56.0) Gecko/20100101 Firefox/56.0"
93.83.5.196 - - [17/Oct/2017:08:38:43 +0200] "GET /img/bg-yellow.jpg HTTP/1.1" 200 2250 "https://www.easydrivers.at/css/style.css" "Mozilla/5.0 (Windows NT 6.3; Win64; x64; rv:56.0) Gecko/20100101 Firefox/56.0"
93.83.5.196 - - [17/Oct/2017:08:38:47 +0200] "POST /loadkursliste HTTP/1.1" 200 594 "https://www.easydrivers.at/wr.neustadt/kursauswahl" "Mozilla/5.0 (Windows NT 6.3; Win64; x64; rv:56.0) Gecko/20100101 Firefox/56.0"
93.83.5.196 - - [17/Oct/2017:08:38:48 +0200] "GET /img/kursicon-print.png HTTP/1.1" 200 1184 "https://www.easydrivers.at/wr.neustadt/kursauswahl" "Mozilla/5.0 (Windows NT 6.3; Win64; x64; rv:56.0) Gecko/20100101 Firefox/56.0"
93.83.5.196 - - [17/Oct/2017:08:38:48 +0200] "GET /img/kursicon-share.png HTTP/1.1" 200 1302 "https://www.easydrivers.at/wr.neustadt/kursauswahl" "Mozilla/5.0 (Windows NT 6.3; Win64; x64; rv:56.0) Gecko/20100101 Firefox/56.0"
93.83.5.196 - - [17/Oct/2017:08:38:48 +0200] "GET /img/kursicon-download.png HTTP/1.1" 200 1218 "https://www.easydrivers.at/wr.neustadt/kursauswahl" "Mozilla/5.0 (Windows NT 6.3; Win64; x64; rv:56.0) Gecko/20100101 Firefox/56.0"
93.83.5.196 - - [17/Oct/2017:08:38:48 +0200] "GET /img/kursicon-phone.png HTTP/1.1" 200 1287 "https://www.easydrivers.at/wr.neustadt/kursauswahl" "Mozilla/5.0 (Windows NT 6.3; Win64; x64; rv:56.0) Gecko/20100101 Firefox/56.0"
66.249.76.76 - - [17/Oct/2017:08:38:50 +0200] "GET /dornbirn/10267907?FS=BE HTTP/1.1" 301 312 "-" "Mozilla/5.0 (compatible; Googlebot/2.1; +http://www.google.com/bot.html)"
66.249.76.84 - - [17/Oct/2017:08:38:50 +0200] "GET /dornbirn/10267907?FS=BE HTTP/1.1" 200 5357 "-" "Mozilla/5.0 (compatible; Googlebot/2.1; +http://www.google.com/bot.html)"
213.225.5.12 - - [17/Oct/2017:08:38:54 +0200] "GET /hartberg HTTP/1.1" 200 3654 "https://www.google.at/" "Mozilla/5.0 (Windows NT 6.1; WOW64; rv:56.0) Gecko/20100101 Firefox/56.0"
93.83.5.196 - - [17/Oct/2017:08:38:55 +0200] "GET /wr.neustadt/10290332?FS=B HTTP/1.1" 200 5393 "https://www.easydrivers.at/wr.neustadt/kursauswahl" "Mozilla/5.0 (Windows NT 6.3; Win64; x64; rv:56.0) Gecko/20100101 Firefox/56.0"
93.83.5.196 - - [17/Oct/2017:08:38:57 +0200] "GET /javascript/suche.js HTTP/1.1" 200 209 "https://www.easydrivers.at/wr.neustadt/10290332?FS=B" "Mozilla/5.0 (Windows NT 6.3; Win64; x64; rv:56.0) Gecko/20100101 Firefox/56.0"
93.83.5.196 - - [17/Oct/2017:08:38:57 +0200] "GET /binaries/easy-drivers-portal/pkw8jpg-1.jpg HTTP/1.1" 200 77231 "https://www.easydrivers.at/wr.neustadt/10290332?FS=B" "Mozilla/5.0 (Windows NT 6.3; Win64; x64; rv:56.0) Gecko/20100101 Firefox/56.0"
93.83.5.196 - - [17/Oct/2017:08:38:57 +0200] "GET /img/smallicon-phone.png HTTP/1.1" 200 3056 "https://www.easydrivers.at/css/style.css" "Mozilla/5.0 (Windows NT 6.3; Win64; x64; rv:56.0) Gecko/20100101 Firefox/56.0"
93.83.5.196 - - [17/Oct/2017:08:38:57 +0200] "GET /img/smallicon-mail.png HTTP/1.1" 200 1341 "https://www.easydrivers.at/css/style.css" "Mozilla/5.0 (Windows NT 6.3; Win64; x64; rv:56.0) Gecko/20100101 Firefox/56.0"
93.83.5.196 - - [17/Oct/2017:08:38:57 +0200] "GET /img/arrow-up.png HTTP/1.1" 200 1081 "https://www.easydrivers.at/css/style.css" "Mozilla/5.0 (Windows NT 6.3; Win64; x64; rv:56.0) Gecko/20100101 Firefox/56.0"
80.108.161.74 - - [17/Oct/2017:08:39:06 +0200] "GET /am.spitz HTTP/1.1" 200 2875 "http://www.google.at/" "Mozilla/5.0 (Linux; Android 6.0.1; SM-J710F Build/MMB29K) AppleWebKit/537.36 (KHTML, like Gecko) Chrome/61.0.3163.98 Mobile Safari/537.36"
93.160.60.32 - - [17/Oct/2017:08:39:14 +0200] "GET / HTTP/1.1" 301 387 "-" "Mozilla/4.0 (compatible; MSIE 7.0; Windows NT 5.0) Match by Siteimprove.com"
93.160.60.32 - - [17/Oct/2017:08:39:17 +0200] "GET / HTTP/1.1" 200 16442 "-" "Mozilla/4.0 (compatible; MSIE 7.0; Windows NT 5.0) Match by Siteimprove.com"
91.212.46.241 - - [17/Oct/2017:08:39:22 +0200] "GET /browserconfig.xml HTTP/1.1" 404 2358 "-" "Mozilla/5.0 (Windows NT 6.3; Win64; x64; Trident/7.0; rv:11.0) like Gecko"
80.108.161.74 - - [17/Oct/2017:08:39:27 +0200] "-" 408 - "-" "-"
80.108.161.74 - - [17/Oct/2017:08:39:27 +0200] "-" 408 - "-" "-"
80.108.161.74 - - [17/Oct/2017:08:39:27 +0200] "-" 408 - "-" "-"
80.108.161.74 - - [17/Oct/2017:08:39:27 +0200] "-" 408 - "-" "-"
80.108.161.74 - - [17/Oct/2017:08:39:27 +0200] "-" 408 - "-" "-"
123.125.71.50 - - [17/Oct/2017:08:39:34 +0200] "GET /binaries/easy-drivers-gro/kurse2015pdf.pdf HTTP/1.1" 301 317 "-" "Mozilla/5.0 (compatible; Baiduspider/2.0; +http://www.baidu.com/search/spider.html)"
80.108.161.74 - - [17/Oct/2017:08:39:35 +0200] "GET /am.spitz?channel=fullversion HTTP/1.1" 200 3656 "https://www.easydrivers.at/am.spitz" "Mozilla/5.0 (Linux; Android 6.0.1; SM-J710F Build/MMB29K) AppleWebKit/537.36 (KHTML, like Gecko) Chrome/61.0.3163.98 Mobile Safari/537.36"
80.108.161.74 - - [17/Oct/2017:08:39:37 +0200] "GET /css/style.css HTTP/1.1" 200 5004 "https://www.easydrivers.at/am.spitz?channel=fullversion" "Mozilla/5.0 (Linux; Android 6.0.1; SM-J710F Build/MMB29K) AppleWebKit/537.36 (KHTML, like Gecko) Chrome/61.0.3163.98 Mobile Safari/537.36"
80.108.161.74 - - [17/Oct/2017:08:39:37 +0200] "GET /javascript/jquery.customSelect.min.js HTTP/1.1" 200 912 "https://www.easydrivers.at/am.spitz?channel=fullversion" "Mozilla/5.0 (Linux; Android 6.0.1; SM-J710F Build/MMB29K) AppleWebKit/537.36 (KHTML, like Gecko) Chrome/61.0.3163.98 Mobile Safari/537.36"
