194.29.99.50 - - [17/Oct/2017:08:58:28 +0200] "-" 408 - "-" "-"
194.29.99.50 - - [17/Oct/2017:08:58:29 +0200] "-" 408 - "-" "-"
193.83.212.231 - - [17/Oct/2017:08:58:28 +0200] "GET / HTTP/1.1" 200 4425 "https://www.bing.com/" "Mozilla/5.0 (Windows NT 10.0; Win64; x64) AppleWebKit/537.36 (KHTML, like Gecko) Chrome/52.0.2743.116 Safari/537.36 Edge/15.15063"
193.83.212.231 - - [17/Oct/2017:08:58:30 +0200] "GET /img/new_favicon.ico HTTP/1.1" 301 306 "-" "Mozilla/5.0 (Windows NT 10.0; Win64; x64) AppleWebKit/537.36 (KHTML, like Gecko) Chrome/52.0.2743.116 Safari/537.36 Edge/15.15063"
66.249.76.78 - - [17/Oct/2017:08:58:32 +0200] "GET /dornbirn/10248227?FS=BF HTTP/1.1" 301 311 "-" "Mozilla/5.0 (compatible; Googlebot/2.1; +http://www.google.com/bot.html)"
193.83.212.231 - - [17/Oct/2017:08:58:32 +0200] "GET /fahrschulen HTTP/1.1" 200 3924 "https://www.easydrivers.at/" "Mozilla/5.0 (Windows NT 10.0; Win64; x64) AppleWebKit/537.36 (KHTML, like Gecko) Chrome/52.0.2743.116 Safari/537.36 Edge/15.15063"
193.83.212.231 - - [17/Oct/2017:08:58:33 +0200] "GET /javascript/fahrschulen.js HTTP/1.1" 200 470 "https://www.easydrivers.at/fahrschulen" "Mozilla/5.0 (Windows NT 10.0; Win64; x64) AppleWebKit/537.36 (KHTML, like Gecko) Chrome/52.0.2743.116 Safari/537.36 Edge/15.15063"
193.83.212.231 - - [17/Oct/2017:08:58:33 +0200] "GET /img/austria-map.jpg HTTP/1.1" 200 57110 "https://www.easydrivers.at/fahrschulen" "Mozilla/5.0 (Windows NT 10.0; Win64; x64) AppleWebKit/537.36 (KHTML, like Gecko) Chrome/52.0.2743.116 Safari/537.36 Edge/15.15063"
193.83.212.231 - - [17/Oct/2017:08:58:33 +0200] "GET /img/austria-map-burgenland.png HTTP/1.1" 200 10146 "https://www.easydrivers.at/fahrschulen" "Mozilla/5.0 (Windows NT 10.0; Win64; x64) AppleWebKit/537.36 (KHTML, like Gecko) Chrome/52.0.2743.116 Safari/537.36 Edge/15.15063"
193.83.212.231 - - [17/Oct/2017:08:58:33 +0200] "GET /img/austria-map-kaernten.png HTTP/1.1" 200 9968 "https://www.easydrivers.at/fahrschulen" "Mozilla/5.0 (Windows NT 10.0; Win64; x64) AppleWebKit/537.36 (KHTML, like Gecko) Chrome/52.0.2743.116 Safari/537.36 Edge/15.15063"
193.83.212.231 - - [17/Oct/2017:08:58:33 +0200] "GET /img/austria-map-noe.png HTTP/1.1" 200 17166 "https://www.easydrivers.at/fahrschulen" "Mozilla/5.0 (Windows NT 10.0; Win64; x64) AppleWebKit/537.36 (KHTML, like Gecko) Chrome/52.0.2743.116 Safari/537.36 Edge/15.15063"
193.83.212.231 - - [17/Oct/2017:08:58:33 +0200] "GET /img/austria-map-ooe.png HTTP/1.1" 200 14597 "https://www.easydrivers.at/fahrschulen" "Mozilla/5.0 (Windows NT 10.0; Win64; x64) AppleWebKit/537.36 (KHTML, like Gecko) Chrome/52.0.2743.116 Safari/537.36 Edge/15.15063"
193.83.212.231 - - [17/Oct/2017:08:58:33 +0200] "GET /img/austria-map-salzburg.png HTTP/1.1" 200 13786 "https://www.easydrivers.at/fahrschulen" "Mozilla/5.0 (Windows NT 10.0; Win64; x64) AppleWebKit/537.36 (KHTML, like Gecko) Chrome/52.0.2743.116 Safari/537.36 Edge/15.15063"
193.83.212.231 - - [17/Oct/2017:08:58:33 +0200] "GET /img/new_favicon.ico HTTP/1.1" 301 306 "-" "Mozilla/5.0 (Windows NT 10.0; Win64; x64) AppleWebKit/537.36 (KHTML, like Gecko) Chrome/52.0.2743.116 Safari/537.36 Edge/15.15063"
193.83.212.231 - - [17/Oct/2017:08:58:33 +0200] "GET /img/austria-map-tirol.png HTTP/1.1" 200 13911 "https://www.easydrivers.at/fahrschulen" "Mozilla/5.0 (Windows NT 10.0; Win64; x64) AppleWebKit/537.36 (KHTML, like Gecko) Chrome/52.0.2743.116 Safari/537.36 Edge/15.15063"
193.83.212.231 - - [17/Oct/2017:08:58:33 +0200] "GET /img/austria-map-vorarlberg.png HTTP/1.1" 200 5780 "https://www.easydrivers.at/fahrschulen" "Mozilla/5.0 (Windows NT 10.0; Win64; x64) AppleWebKit/537.36 (KHTML, like Gecko) Chrome/52.0.2743.116 Safari/537.36 Edge/15.15063"
193.83.212.231 - - [17/Oct/2017:08:58:33 +0200] "GET /img/austria-map-steiermark.png HTTP/1.1" 200 14192 "https://www.easydrivers.at/fahrschulen" "Mozilla/5.0 (Windows NT 10.0; Win64; x64) AppleWebKit/537.36 (KHTML, like Gecko) Chrome/52.0.2743.116 Safari/537.36 Edge/15.15063"
193.83.212.231 - - [17/Oct/2017:08:58:34 +0200] "GET /img/austria-map-wien.png HTTP/1.1" 200 2864 "https://www.easydrivers.at/fahrschulen" "Mozilla/5.0 (Windows NT 10.0; Win64; x64) AppleWebKit/537.36 (KHTML, like Gecko) Chrome/52.0.2743.116 Safari/537.36 Edge/15.15063"
193.83.212.231 - - [17/Oct/2017:08:58:34 +0200] "POST /fahrschulen/niederoesterreich HTTP/1.1" 301 311 "-" "Mozilla/5.0 (Windows NT 10.0; Win64; x64) AppleWebKit/537.36 (KHTML, like Gecko) Chrome/52.0.2743.116 Safari/537.36 Edge/15.15063"
66.249.76.82 - - [17/Oct/2017:08:58:32 +0200] "GET /dornbirn/10248227?FS=BF HTTP/1.1" 410 3541 "-" "Mozilla/5.0 (compatible; Googlebot/2.1; +http://www.google.com/bot.html)"
193.83.212.231 - - [17/Oct/2017:08:58:35 +0200] "GET /fahrschulen/niederoesterreich HTTP/1.1" 200 6025 "-" "Mozilla/5.0 (Windows NT 10.0; Win64; x64) AppleWebKit/537.36 (KHTML, like Gecko) Chrome/52.0.2743.116 Safari/537.36 Edge/15.15063"
193.83.212.231 - - [17/Oct/2017:08:58:36 +0200] "GET /img/smallicon-address.png HTTP/1.1" 200 1211 "https://www.easydrivers.at/fahrschulen/niederoesterreich" "Mozilla/5.0 (Windows NT 10.0; Win64; x64) AppleWebKit/537.36 (KHTML, like Gecko) Chrome/52.0.2743.116 Safari/537.36 Edge/15.15063"
193.83.212.231 - - [17/Oct/2017:08:58:36 +0200] "GET /img/locator-icon.png HTTP/1.1" 200 1377 "https://www.easydrivers.at/fahrschulen/niederoesterreich" "Mozilla/5.0 (Windows NT 10.0; Win64; x64) AppleWebKit/537.36 (KHTML, like Gecko) Chrome/52.0.2743.116 Safari/537.36 Edge/15.15063"
193.83.212.231 - - [17/Oct/2017:08:58:36 +0200] "GET /img/smallicon-phone.png HTTP/1.1" 200 3056 "https://www.easydrivers.at/fahrschulen/niederoesterreich" "Mozilla/5.0 (Windows NT 10.0; Win64; x64) AppleWebKit/537.36 (KHTML, like Gecko) Chrome/52.0.2743.116 Safari/537.36 Edge/15.15063"
193.83.212.231 - - [17/Oct/2017:08:58:36 +0200] "GET /img/smallicon-time.png HTTP/1.1" 200 1262 "https://www.easydrivers.at/fahrschulen/niederoesterreich" "Mozilla/5.0 (Windows NT 10.0; Win64; x64) AppleWebKit/537.36 (KHTML, like Gecko) Chrome/52.0.2743.116 Safari/537.36 Edge/15.15063"
193.83.212.231 - - [17/Oct/2017:08:58:36 +0200] "GET /img/smallicon-mail.png HTTP/1.1" 200 1341 "https://www.easydrivers.at/fahrschulen/niederoesterreich" "Mozilla/5.0 (Windows NT 10.0; Win64; x64) AppleWebKit/537.36 (KHTML, like Gecko) Chrome/52.0.2743.116 Safari/537.36 Edge/15.15063"
193.83.212.231 - - [17/Oct/2017:08:58:36 +0200] "GET /img/new_favicon.ico HTTP/1.1" 301 306 "-" "Mozilla/5.0 (Windows NT 10.0; Win64; x64) AppleWebKit/537.36 (KHTML, like Gecko) Chrome/52.0.2743.116 Safari/537.36 Edge/15.15063"
66.249.76.74 - - [17/Oct/2017:08:58:38 +0200] "GET /uploads/pdfs/am.spitz/10280967_B.pdf HTTP/1.1" 301 319 "-" "Mozilla/5.0 (compatible; Googlebot/2.1; +http://www.google.com/bot.html)"
193.83.212.231 - - [17/Oct/2017:08:58:43 +0200] "GET /gmuend HTTP/1.1" 200 3470 "https://www.easydrivers.at/fahrschulen/niederoesterreich" "Mozilla/5.0 (Windows NT 10.0; Win64; x64) AppleWebKit/537.36 (KHTML, like Gecko) Chrome/52.0.2743.116 Safari/537.36 Edge/15.15063"
193.83.212.231 - - [17/Oct/2017:08:58:46 +0200] "GET /img/close-button-small.png HTTP/1.1" 200 1671 "https://www.easydrivers.at/gmuend" "Mozilla/5.0 (Windows NT 10.0; Win64; x64) AppleWebKit/537.36 (KHTML, like Gecko) Chrome/52.0.2743.116 Safari/537.36 Edge/15.15063"
193.83.212.231 - - [17/Oct/2017:08:58:46 +0200] "GET /javascript/fahrschule.js HTTP/1.1" 200 462 "https://www.easydrivers.at/gmuend" "Mozilla/5.0 (Windows NT 10.0; Win64; x64) AppleWebKit/537.36 (KHTML, like Gecko) Chrome/52.0.2743.116 Safari/537.36 Edge/15.15063"
193.83.212.231 - - [17/Oct/2017:08:58:46 +0200] "GET /img/info-button.png HTTP/1.1" 200 738 "https://www.easydrivers.at/gmuend" "Mozilla/5.0 (Windows NT 10.0; Win64; x64) AppleWebKit/537.36 (KHTML, like Gecko) Chrome/52.0.2743.116 Safari/537.36 Edge/15.15063"
193.83.212.231 - - [17/Oct/2017:08:58:46 +0200] "GET /img/new_favicon.ico HTTP/1.1" 301 306 "-" "Mozilla/5.0 (Windows NT 10.0; Win64; x64) AppleWebKit/537.36 (KHTML, like Gecko) Chrome/52.0.2743.116 Safari/537.36 Edge/15.15063"
91.113.119.186 - - [17/Oct/2017:08:58:46 +0200] "GET /tulln HTTP/1.1" 301 297 "https://www.google.at/" "Mozilla/5.0 (Windows NT 10.0; Win64; x64) AppleWebKit/537.36 (KHTML, like Gecko) Chrome/52.0.2743.116 Safari/537.36 Edge/15.15063"
204.79.180.11 - - [17/Oct/2017:08:58:47 +0200] "GET /ennstal.schladming/ak-16.10.2017?FS=B HTTP/1.1" 301 320 "-" "Mozilla/5.0 (compatible; MSIE 9.0; Windows NT 6.1; Trident/5.0; Trident/5.0)"
91.113.119.186 - - [17/Oct/2017:08:58:46 +0200] "GET /tulln HTTP/1.1" 200 3518 "https://www.google.at/" "Mozilla/5.0 (Windows NT 10.0; Win64; x64) AppleWebKit/537.36 (KHTML, like Gecko) Chrome/52.0.2743.116 Safari/537.36 Edge/15.15063"
193.83.212.231 - - [17/Oct/2017:08:58:48 +0200] "GET /fahrschulen/niederoesterreich HTTP/1.1" 200 6025 "-" "Mozilla/5.0 (Windows NT 10.0; Win64; x64) AppleWebKit/537.36 (KHTML, like Gecko) Chrome/52.0.2743.116 Safari/537.36 Edge/15.15063"
193.83.212.231 - - [17/Oct/2017:08:58:50 +0200] "GET /img/new_favicon.ico HTTP/1.1" 301 306 "-" "Mozilla/5.0 (Windows NT 10.0; Win64; x64) AppleWebKit/537.36 (KHTML, like Gecko) Chrome/52.0.2743.116 Safari/537.36 Edge/15.15063"
193.83.212.231 - - [17/Oct/2017:08:58:53 +0200] "GET /horn HTTP/1.1" 200 3450 "https://www.easydrivers.at/fahrschulen/niederoesterreich" "Mozilla/5.0 (Windows NT 10.0; Win64; x64) AppleWebKit/537.36 (KHTML, like Gecko) Chrome/52.0.2743.116 Safari/537.36 Edge/15.15063"
193.83.212.231 - - [17/Oct/2017:08:58:55 +0200] "GET /img/new_favicon.ico HTTP/1.1" 301 306 "-" "Mozilla/5.0 (Windows NT 10.0; Win64; x64) AppleWebKit/537.36 (KHTML, like Gecko) Chrome/52.0.2743.116 Safari/537.36 Edge/15.15063"
193.83.212.231 - - [17/Oct/2017:08:58:59 +0200] "GET /fahrschulen/niederoesterreich HTTP/1.1" 200 6025 "-" "Mozilla/5.0 (Windows NT 10.0; Win64; x64) AppleWebKit/537.36 (KHTML, like Gecko) Chrome/52.0.2743.116 Safari/537.36 Edge/15.15063"
193.83.212.231 - - [17/Oct/2017:08:59:01 +0200] "GET /img/new_favicon.ico HTTP/1.1" 301 306 "-" "Mozilla/5.0 (Windows NT 10.0; Win64; x64) AppleWebKit/537.36 (KHTML, like Gecko) Chrome/52.0.2743.116 Safari/537.36 Edge/15.15063"
79.196.230.31 - - [17/Oct/2017:08:59:02 +0200] "GET /wieselburg/ HTTP/1.1" 301 301 "-" "Mozilla/5.0 (Windows; U; Windows NT 6.0; de; rv:1.9.2.3) Gecko/20100401 Firefox/3.6.3 ( .NET CLR 3.5.30729)"
77.119.130.80 - - [17/Oct/2017:08:59:17 +0200] "GET / HTTP/1.1" 301 293 "https://www.google.at/" "Mozilla/5.0 (iPhone; CPU iPhone OS 11_0 like Mac OS X) AppleWebKit/604.1.38 (KHTML, like Gecko) Version/11.0 Mobile/15A372 Safari/604.1"
79.196.230.31 - - [17/Oct/2017:08:59:19 +0200] "GET /wieselburg/ HTTP/1.1" 301 142 "-" "Mozilla/5.0 (Windows; U; Windows NT 6.0; de; rv:1.9.2.3) Gecko/20100401 Firefox/3.6.3 ( .NET CLR 3.5.30729)"
77.119.130.80 - - [17/Oct/2017:08:59:18 +0200] "GET / HTTP/1.1" 200 3579 "https://www.google.at/" "Mozilla/5.0 (iPhone; CPU iPhone OS 11_0 like Mac OS X) AppleWebKit/604.1.38 (KHTML, like Gecko) Version/11.0 Mobile/15A372 Safari/604.1"
77.119.130.80 - - [17/Oct/2017:08:59:19 +0200] "GET /css/mobile.css HTTP/1.1" 200 2852 "https://www.easydrivers.at/" "Mozilla/5.0 (iPhone; CPU iPhone OS 11_0 like Mac OS X) AppleWebKit/604.1.38 (KHTML, like Gecko) Version/11.0 Mobile/15A372 Safari/604.1"
77.119.130.80 - - [17/Oct/2017:08:59:19 +0200] "GET /javascript/mobile-menu.js HTTP/1.1" 200 1634 "https://www.easydrivers.at/" "Mozilla/5.0 (iPhone; CPU iPhone OS 11_0 like Mac OS X) AppleWebKit/604.1.38 (KHTML, like Gecko) Version/11.0 Mobile/15A372 Safari/604.1"
77.119.130.80 - - [17/Oct/2017:08:59:19 +0200] "GET /javascript/jquery.cookie.js HTTP/1.1" 200 863 "https://www.easydrivers.at/" "Mozilla/5.0 (iPhone; CPU iPhone OS 11_0 like Mac OS X) AppleWebKit/604.1.38 (KHTML, like Gecko) Version/11.0 Mobile/15A372 Safari/604.1"
77.119.130.80 - - [17/Oct/2017:08:59:19 +0200] "GET /javascript/jquery-1.9.1.min.js HTTP/1.1" 200 32731 "https://www.easydrivers.at/" "Mozilla/5.0 (iPhone; CPU iPhone OS 11_0 like Mac OS X) AppleWebKit/604.1.38 (KHTML, like Gecko) Version/11.0 Mobile/15A372 Safari/604.1"
77.119.130.80 - - [17/Oct/2017:08:59:19 +0200] "GET /javascript/jquery.simplemodal.js HTTP/1.1" 200 3070 "https://www.easydrivers.at/" "Mozilla/5.0 (iPhone; CPU iPhone OS 11_0 like Mac OS X) AppleWebKit/604.1.38 (KHTML, like Gecko) Version/11.0 Mobile/15A372 Safari/604.1"
77.119.130.80 - - [17/Oct/2017:08:59:19 +0200] "GET /javascript/lazyload.js HTTP/1.1" 200 1170 "https://www.easydrivers.at/" "Mozilla/5.0 (iPhone; CPU iPhone OS 11_0 like Mac OS X) AppleWebKit/604.1.38 (KHTML, like Gecko) Version/11.0 Mobile/15A372 Safari/604.1"
77.119.130.80 - - [17/Oct/2017:08:59:19 +0200] "GET /javascript/mobile-homesearch.js HTTP/1.1" 200 340 "https://www.easydrivers.at/" "Mozilla/5.0 (iPhone; CPU iPhone OS 11_0 like Mac OS X) AppleWebKit/604.1.38 (KHTML, like Gecko) Version/11.0 Mobile/15A372 Safari/604.1"
77.119.130.80 - - [17/Oct/2017:08:59:19 +0200] "GET /img/mobile/easydrivers-logo-mobile.png HTTP/1.1" 200 10766 "https://www.easydrivers.at/" "Mozilla/5.0 (iPhone; CPU iPhone OS 11_0 like Mac OS X) AppleWebKit/604.1.38 (KHTML, like Gecko) Version/11.0 Mobile/15A372 Safari/604.1"
77.119.130.80 - - [17/Oct/2017:08:59:20 +0200] "GET /img/mobile/close-button.png HTTP/1.1" 200 2411 "https://www.easydrivers.at/" "Mozilla/5.0 (iPhone; CPU iPhone OS 11_0 like Mac OS X) AppleWebKit/604.1.38 (KHTML, like Gecko) Version/11.0 Mobile/15A372 Safari/604.1"
77.119.130.80 - - [17/Oct/2017:08:59:20 +0200] "GET /img/mobile/menu-button.png HTTP/1.1" 200 1746 "https://www.easydrivers.at/" "Mozilla/5.0 (iPhone; CPU iPhone OS 11_0 like Mac OS X) AppleWebKit/604.1.38 (KHTML, like Gecko) Version/11.0 Mobile/15A372 Safari/604.1"
77.119.130.80 - - [17/Oct/2017:08:59:20 +0200] "GET /img/mobile/facebook-icon.png HTTP/1.1" 200 1902 "https://www.easydrivers.at/" "Mozilla/5.0 (iPhone; CPU iPhone OS 11_0 like Mac OS X) AppleWebKit/604.1.38 (KHTML, like Gecko) Version/11.0 Mobile/15A372 Safari/604.1"
77.119.130.80 - - [17/Oct/2017:08:59:20 +0200] "GET /img/mobile/widget-icon-app.png HTTP/1.1" 200 3458 "https://www.easydrivers.at/" "Mozilla/5.0 (iPhone; CPU iPhone OS 11_0 like Mac OS X) AppleWebKit/604.1.38 (KHTML, like Gecko) Version/11.0 Mobile/15A372 Safari/604.1"
77.119.130.80 - - [17/Oct/2017:08:59:20 +0200] "GET /img/mobile/bg-header.jpg HTTP/1.1" 200 19741 "https://www.easydrivers.at/" "Mozilla/5.0 (iPhone; CPU iPhone OS 11_0 like Mac OS X) AppleWebKit/604.1.38 (KHTML, like Gecko) Version/11.0 Mobile/15A372 Safari/604.1"
77.119.130.80 - - [17/Oct/2017:08:59:20 +0200] "GET /img/mobile/bg-menu.jpg HTTP/1.1" 200 1698 "https://www.easydrivers.at/" "Mozilla/5.0 (iPhone; CPU iPhone OS 11_0 like Mac OS X) AppleWebKit/604.1.38 (KHTML, like Gecko) Version/11.0 Mobile/15A372 Safari/604.1"
77.119.130.80 - - [17/Oct/2017:08:59:20 +0200] "GET /img/mobile/pfeil-rechts.png HTTP/1.1" 200 1228 "https://www.easydrivers.at/" "Mozilla/5.0 (iPhone; CPU iPhone OS 11_0 like Mac OS X) AppleWebKit/604.1.38 (KHTML, like Gecko) Version/11.0 Mobile/15A372 Safari/604.1"
77.119.130.80 - - [17/Oct/2017:08:59:20 +0200] "GET /img/mobile/bg-top-section.jpg HTTP/1.1" 200 21711 "https://www.easydrivers.at/" "Mozilla/5.0 (iPhone; CPU iPhone OS 11_0 like Mac OS X) AppleWebKit/604.1.38 (KHTML, like Gecko) Version/11.0 Mobile/15A372 Safari/604.1"
66.249.76.74 - - [17/Oct/2017:08:59:26 +0200] "GET /am.spitz/10281315?FS=A HTTP/1.1" 301 311 "-" "Mozilla/5.0 (compatible; Googlebot/2.1; +http://www.google.com/bot.html)"
66.249.76.80 - - [17/Oct/2017:08:59:26 +0200] "GET /am.spitz/10281315?FS=A HTTP/1.1" 200 6242 "-" "Mozilla/5.0 (compatible; Googlebot/2.1; +http://www.google.com/bot.html)"
77.119.130.80 - - [17/Oct/2017:08:59:31 +0200] "GET /tulln HTTP/1.1" 200 2879 "https://www.easydrivers.at/" "Mozilla/5.0 (iPhone; CPU iPhone OS 11_0 like Mac OS X) AppleWebKit/604.1.38 (KHTML, like Gecko) Version/11.0 Mobile/15A372 Safari/604.1"
77.119.130.80 - - [17/Oct/2017:08:59:34 +0200] "GET /img/mobile/info-button.png HTTP/1.1" 200 1549 "https://www.easydrivers.at/tulln" "Mozilla/5.0 (iPhone; CPU iPhone OS 11_0 like Mac OS X) AppleWebKit/604.1.38 (KHTML, like Gecko) Version/11.0 Mobile/15A372 Safari/604.1"
77.119.130.80 - - [17/Oct/2017:08:59:34 +0200] "GET /img/mobile/info-close-button.png HTTP/1.1" 200 1721 "https://www.easydrivers.at/tulln" "Mozilla/5.0 (iPhone; CPU iPhone OS 11_0 like Mac OS X) AppleWebKit/604.1.38 (KHTML, like Gecko) Version/11.0 Mobile/15A372 Safari/604.1"
77.119.130.80 - - [17/Oct/2017:08:59:34 +0200] "GET /img/smallicon-person.png HTTP/1.1" 200 1141 "https://www.easydrivers.at/tulln" "Mozilla/5.0 (iPhone; CPU iPhone OS 11_0 like Mac OS X) AppleWebKit/604.1.38 (KHTML, like Gecko) Version/11.0 Mobile/15A372 Safari/604.1"
77.119.130.80 - - [17/Oct/2017:08:59:34 +0200] "GET /javascript/mobile-fahrschule.js HTTP/1.1" 200 328 "https://www.easydrivers.at/tulln" "Mozilla/5.0 (iPhone; CPU iPhone OS 11_0 like Mac OS X) AppleWebKit/604.1.38 (KHTML, like Gecko) Version/11.0 Mobile/15A372 Safari/604.1"
77.119.130.80 - - [17/Oct/2017:08:59:34 +0200] "GET /img/smallicon-address.png HTTP/1.1" 200 1211 "https://www.easydrivers.at/tulln" "Mozilla/5.0 (iPhone; CPU iPhone OS 11_0 like Mac OS X) AppleWebKit/604.1.38 (KHTML, like Gecko) Version/11.0 Mobile/15A372 Safari/604.1"
77.119.130.80 - - [17/Oct/2017:08:59:34 +0200] "GET /img/mobile/googlemaps-pin.png HTTP/1.1" 200 1597 "https://www.easydrivers.at/tulln" "Mozilla/5.0 (iPhone; CPU iPhone OS 11_0 like Mac OS X) AppleWebKit/604.1.38 (KHTML, like Gecko) Version/11.0 Mobile/15A372 Safari/604.1"
77.119.130.80 - - [17/Oct/2017:08:59:34 +0200] "GET /img/smallicon-time.png HTTP/1.1" 200 1262 "https://www.easydrivers.at/tulln" "Mozilla/5.0 (iPhone; CPU iPhone OS 11_0 like Mac OS X) AppleWebKit/604.1.38 (KHTML, like Gecko) Version/11.0 Mobile/15A372 Safari/604.1"
77.119.130.80 - - [17/Oct/2017:08:59:34 +0200] "GET /img/smallicon-phone.png HTTP/1.1" 200 3056 "https://www.easydrivers.at/tulln" "Mozilla/5.0 (iPhone; CPU iPhone OS 11_0 like Mac OS X) AppleWebKit/604.1.38 (KHTML, like Gecko) Version/11.0 Mobile/15A372 Safari/604.1"
77.119.130.80 - - [17/Oct/2017:08:59:34 +0200] "GET /img/smallicon-mail.png HTTP/1.1" 200 1341 "https://www.easydrivers.at/tulln" "Mozilla/5.0 (iPhone; CPU iPhone OS 11_0 like Mac OS X) AppleWebKit/604.1.38 (KHTML, like Gecko) Version/11.0 Mobile/15A372 Safari/604.1"
77.119.130.80 - - [17/Oct/2017:08:59:41 +0200] "POST /tulln/kursauswahl HTTP/1.1" 200 3105 "https://www.easydrivers.at/tulln" "Mozilla/5.0 (iPhone; CPU iPhone OS 11_0 like Mac OS X) AppleWebKit/604.1.38 (KHTML, like Gecko) Version/11.0 Mobile/15A372 Safari/604.1"
77.119.130.80 - - [17/Oct/2017:08:59:43 +0200] "GET /javascript/mobile-fahrschule-kurs-suchergebnis.js HTTP/1.1" 200 274 "https://www.easydrivers.at/tulln/kursauswahl" "Mozilla/5.0 (iPhone; CPU iPhone OS 11_0 like Mac OS X) AppleWebKit/604.1.38 (KHTML, like Gecko) Version/11.0 Mobile/15A372 Safari/604.1"
77.119.130.80 - - [17/Oct/2017:08:59:43 +0200] "GET /img/mobile/pfeil-links-small.png HTTP/1.1" 200 1065 "https://www.easydrivers.at/tulln/kursauswahl" "Mozilla/5.0 (iPhone; CPU iPhone OS 11_0 like Mac OS X) AppleWebKit/604.1.38 (KHTML, like Gecko) Version/11.0 Mobile/15A372 Safari/604.1"
77.119.130.80 - - [17/Oct/2017:08:59:43 +0200] "GET /img/mobile/bg-yellow.jpg HTTP/1.1" 200 1569 "https://www.easydrivers.at/tulln/kursauswahl" "Mozilla/5.0 (iPhone; CPU iPhone OS 11_0 like Mac OS X) AppleWebKit/604.1.38 (KHTML, like Gecko) Version/11.0 Mobile/15A372 Safari/604.1"
77.119.130.80 - - [17/Oct/2017:08:59:43 +0200] "GET /img/loading-bars.gif HTTP/1.1" 200 3951 "https://www.easydrivers.at/tulln/kursauswahl" "Mozilla/5.0 (iPhone; CPU iPhone OS 11_0 like Mac OS X) AppleWebKit/604.1.38 (KHTML, like Gecko) Version/11.0 Mobile/15A372 Safari/604.1"
93.82.56.76 - - [17/Oct/2017:08:59:46 +0200] "GET /ennstal.schladming HTTP/1.1" 301 306 "http://www.google.at/" "Mozilla/5.0 (Linux; Android 7.0; SM-A310F Build/NRD90M) AppleWebKit/537.36 (KHTML, like Gecko) Chrome/61.0.3163.98 Mobile Safari/537.36"
93.82.56.76 - - [17/Oct/2017:08:59:47 +0200] "GET /ennstal.schladming HTTP/1.1" 200 2926 "http://www.google.at/" "Mozilla/5.0 (Linux; Android 7.0; SM-A310F Build/NRD90M) AppleWebKit/537.36 (KHTML, like Gecko) Chrome/61.0.3163.98 Mobile Safari/537.36"
93.82.56.76 - - [17/Oct/2017:08:59:50 +0200] "GET /css/mobile.css HTTP/1.1" 200 2852 "https://www.easydrivers.at/ennstal.schladming" "Mozilla/5.0 (Linux; Android 7.0; SM-A310F Build/NRD90M) AppleWebKit/537.36 (KHTML, like Gecko) Chrome/61.0.3163.98 Mobile Safari/537.36"
93.82.56.76 - - [17/Oct/2017:08:59:50 +0200] "GET /javascript/jquery.cookie.js HTTP/1.1" 200 863 "https://www.easydrivers.at/ennstal.schladming" "Mozilla/5.0 (Linux; Android 7.0; SM-A310F Build/NRD90M) AppleWebKit/537.36 (KHTML, like Gecko) Chrome/61.0.3163.98 Mobile Safari/537.36"
93.82.56.76 - - [17/Oct/2017:08:59:50 +0200] "GET /javascript/mobile-menu.js HTTP/1.1" 200 1634 "https://www.easydrivers.at/ennstal.schladming" "Mozilla/5.0 (Linux; Android 7.0; SM-A310F Build/NRD90M) AppleWebKit/537.36 (KHTML, like Gecko) Chrome/61.0.3163.98 Mobile Safari/537.36"
93.82.56.76 - - [17/Oct/2017:08:59:50 +0200] "GET /javascript/jquery.simplemodal.js HTTP/1.1" 200 3070 "https://www.easydrivers.at/ennstal.schladming" "Mozilla/5.0 (Linux; Android 7.0; SM-A310F Build/NRD90M) AppleWebKit/537.36 (KHTML, like Gecko) Chrome/61.0.3163.98 Mobile Safari/537.36"
93.82.56.76 - - [17/Oct/2017:08:59:50 +0200] "GET /javascript/jquery-1.9.1.min.js HTTP/1.1" 200 32731 "https://www.easydrivers.at/ennstal.schladming" "Mozilla/5.0 (Linux; Android 7.0; SM-A310F Build/NRD90M) AppleWebKit/537.36 (KHTML, like Gecko) Chrome/61.0.3163.98 Mobile Safari/537.36"
216.244.66.202 - - [17/Oct/2017:08:59:50 +0200] "GET /ennstal.bad.aussee/links HTTP/1.1" 301 411 "-" "Mozilla/5.0 (compatible; DotBot/1.1; http://www.opensiteexplorer.org/dotbot, help@moz.com)"
93.82.56.76 - - [17/Oct/2017:08:59:50 +0200] "GET /javascript/mobile-fahrschule.js HTTP/1.1" 200 328 "https://www.easydrivers.at/ennstal.schladming" "Mozilla/5.0 (Linux; Android 7.0; SM-A310F Build/NRD90M) AppleWebKit/537.36 (KHTML, like Gecko) Chrome/61.0.3163.98 Mobile Safari/537.36"
93.82.56.76 - - [17/Oct/2017:08:59:51 +0200] "GET /javascript/lazyload.js HTTP/1.1" 200 1170 "https://www.easydrivers.at/ennstal.schladming" "Mozilla/5.0 (Linux; Android 7.0; SM-A310F Build/NRD90M) AppleWebKit/537.36 (KHTML, like Gecko) Chrome/61.0.3163.98 Mobile Safari/537.36"
93.82.56.76 - - [17/Oct/2017:08:59:51 +0200] "GET /img/mobile/easydrivers-logo-mobile.png HTTP/1.1" 200 10766 "https://www.easydrivers.at/ennstal.schladming" "Mozilla/5.0 (Linux; Android 7.0; SM-A310F Build/NRD90M) AppleWebKit/537.36 (KHTML, like Gecko) Chrome/61.0.3163.98 Mobile Safari/537.36"
93.82.56.76 - - [17/Oct/2017:08:59:51 +0200] "GET /img/mobile/menu-button.png HTTP/1.1" 200 1746 "https://www.easydrivers.at/ennstal.schladming" "Mozilla/5.0 (Linux; Android 7.0; SM-A310F Build/NRD90M) AppleWebKit/537.36 (KHTML, like Gecko) Chrome/61.0.3163.98 Mobile Safari/537.36"
93.82.56.76 - - [17/Oct/2017:08:59:51 +0200] "GET /img/mobile/close-button.png HTTP/1.1" 200 2411 "https://www.easydrivers.at/ennstal.schladming" "Mozilla/5.0 (Linux; Android 7.0; SM-A310F Build/NRD90M) AppleWebKit/537.36 (KHTML, like Gecko) Chrome/61.0.3163.98 Mobile Safari/537.36"
93.82.56.76 - - [17/Oct/2017:08:59:51 +0200] "GET /img/mobile/facebook-icon.png HTTP/1.1" 200 1902 "https://www.easydrivers.at/ennstal.schladming" "Mozilla/5.0 (Linux; Android 7.0; SM-A310F Build/NRD90M) AppleWebKit/537.36 (KHTML, like Gecko) Chrome/61.0.3163.98 Mobile Safari/537.36"
93.82.56.76 - - [17/Oct/2017:08:59:51 +0200] "GET /img/mobile/info-button.png HTTP/1.1" 200 1549 "https://www.easydrivers.at/ennstal.schladming" "Mozilla/5.0 (Linux; Android 7.0; SM-A310F Build/NRD90M) AppleWebKit/537.36 (KHTML, like Gecko) Chrome/61.0.3163.98 Mobile Safari/537.36"
93.82.56.76 - - [17/Oct/2017:08:59:51 +0200] "GET /img/mobile/info-close-button.png HTTP/1.1" 200 1721 "https://www.easydrivers.at/ennstal.schladming" "Mozilla/5.0 (Linux; Android 7.0; SM-A310F Build/NRD90M) AppleWebKit/537.36 (KHTML, like Gecko) Chrome/61.0.3163.98 Mobile Safari/537.36"
93.82.56.76 - - [17/Oct/2017:08:59:51 +0200] "GET /img/smallicon-person.png HTTP/1.1" 200 1141 "https://www.easydrivers.at/ennstal.schladming" "Mozilla/5.0 (Linux; Android 7.0; SM-A310F Build/NRD90M) AppleWebKit/537.36 (KHTML, like Gecko) Chrome/61.0.3163.98 Mobile Safari/537.36"
93.82.56.76 - - [17/Oct/2017:08:59:51 +0200] "GET /img/mobile/bg-header.jpg HTTP/1.1" 200 19741 "https://www.easydrivers.at/css/mobile.css" "Mozilla/5.0 (Linux; Android 7.0; SM-A310F Build/NRD90M) AppleWebKit/537.36 (KHTML, like Gecko) Chrome/61.0.3163.98 Mobile Safari/537.36"
93.82.56.76 - - [17/Oct/2017:08:59:51 +0200] "GET /img/mobile/bg-top-section.jpg HTTP/1.1" 200 21711 "https://www.easydrivers.at/css/mobile.css" "Mozilla/5.0 (Linux; Android 7.0; SM-A310F Build/NRD90M) AppleWebKit/537.36 (KHTML, like Gecko) Chrome/61.0.3163.98 Mobile Safari/537.36"
93.82.56.76 - - [17/Oct/2017:08:59:51 +0200] "GET /img/mobile/pfeil-rechts.png HTTP/1.1" 200 1228 "https://www.easydrivers.at/css/mobile.css" "Mozilla/5.0 (Linux; Android 7.0; SM-A310F Build/NRD90M) AppleWebKit/537.36 (KHTML, like Gecko) Chrome/61.0.3163.98 Mobile Safari/537.36"
93.82.56.76 - - [17/Oct/2017:08:59:51 +0200] "GET /img/smallicon-address.png HTTP/1.1" 200 1211 "https://www.easydrivers.at/ennstal.schladming" "Mozilla/5.0 (Linux; Android 7.0; SM-A310F Build/NRD90M) AppleWebKit/537.36 (KHTML, like Gecko) Chrome/61.0.3163.98 Mobile Safari/537.36"
93.82.56.76 - - [17/Oct/2017:08:59:51 +0200] "GET /img/mobile/googlemaps-pin.png HTTP/1.1" 200 1597 "https://www.easydrivers.at/ennstal.schladming" "Mozilla/5.0 (Linux; Android 7.0; SM-A310F Build/NRD90M) AppleWebKit/537.36 (KHTML, like Gecko) Chrome/61.0.3163.98 Mobile Safari/537.36"
93.82.56.76 - - [17/Oct/2017:08:59:51 +0200] "GET /img/smallicon-time.png HTTP/1.1" 200 1262 "https://www.easydrivers.at/ennstal.schladming" "Mozilla/5.0 (Linux; Android 7.0; SM-A310F Build/NRD90M) AppleWebKit/537.36 (KHTML, like Gecko) Chrome/61.0.3163.98 Mobile Safari/537.36"
194.29.99.50 - - [17/Oct/2017:08:59:51 +0200] "GET /retz HTTP/1.1" 301 296 "http://www.google.at/url?sa=t&rct=j&q=&esrc=s&source=web&cd=1&ved=0ahUKEwir67KqiPfWAhWIAMAKHSfJDHkQFggnMAA&url=http%3A%2F%2Fwww.easydrivers.at%2Fretz&usg=AOvVaw2NbITn_sweFdx_RtfGC9o7" "Mozilla/5.0 (Windows NT 6.1; Trident/7.0; rv:11.0) like Gecko"
93.82.56.76 - - [17/Oct/2017:08:59:51 +0200] "GET /img/smallicon-phone.png HTTP/1.1" 200 3056 "https://www.easydrivers.at/ennstal.schladming" "Mozilla/5.0 (Linux; Android 7.0; SM-A310F Build/NRD90M) AppleWebKit/537.36 (KHTML, like Gecko) Chrome/61.0.3163.98 Mobile Safari/537.36"
93.82.56.76 - - [17/Oct/2017:08:59:51 +0200] "GET /img/smallicon-mail.png HTTP/1.1" 200 1341 "https://www.easydrivers.at/ennstal.schladming" "Mozilla/5.0 (Linux; Android 7.0; SM-A310F Build/NRD90M) AppleWebKit/537.36 (KHTML, like Gecko) Chrome/61.0.3163.98 Mobile Safari/537.36"
93.82.56.76 - - [17/Oct/2017:08:59:52 +0200] "GET /img/mobile/widget-icon-app.png HTTP/1.1" 200 3458 "https://www.easydrivers.at/ennstal.schladming" "Mozilla/5.0 (Linux; Android 7.0; SM-A310F Build/NRD90M) AppleWebKit/537.36 (KHTML, like Gecko) Chrome/61.0.3163.98 Mobile Safari/537.36"
93.82.56.76 - - [17/Oct/2017:08:59:52 +0200] "GET /img/mobile/bg-menu.jpg HTTP/1.1" 200 1698 "https://www.easydrivers.at/css/mobile.css" "Mozilla/5.0 (Linux; Android 7.0; SM-A310F Build/NRD90M) AppleWebKit/537.36 (KHTML, like Gecko) Chrome/61.0.3163.98 Mobile Safari/537.36"
93.82.56.76 - - [17/Oct/2017:08:59:52 +0200] "GET /img/favicon.ico HTTP/1.1" 301 303 "-" "Mozilla/5.0 (Linux; Android 7.0; SM-A310F Build/NRD90M) AppleWebKit/537.36 (KHTML, like Gecko) Chrome/61.0.3163.98 Mobile Safari/537.36"
93.82.56.76 - - [17/Oct/2017:08:59:52 +0200] "GET /img/favicon.ico HTTP/1.1" 404 301 "-" "Mozilla/5.0 (Linux; Android 7.0; SM-A310F Build/NRD90M) AppleWebKit/537.36 (KHTML, like Gecko) Chrome/61.0.3163.98 Mobile Safari/537.36"
194.29.99.50 - - [17/Oct/2017:08:59:51 +0200] "GET /retz HTTP/1.1" 200 3450 "http://www.google.at/url?sa=t&rct=j&q=&esrc=s&source=web&cd=1&ved=0ahUKEwir67KqiPfWAhWIAMAKHSfJDHkQFggnMAA&url=http%3A%2F%2Fwww.easydrivers.at%2Fretz&usg=AOvVaw2NbITn_sweFdx_RtfGC9o7" "Mozilla/5.0 (Windows NT 6.1; Trident/7.0; rv:11.0) like Gecko"
77.119.130.80 - - [17/Oct/2017:08:59:53 +0200] "GET /fuehrerscheine/auto HTTP/1.1" 200 5442 "https://www.easydrivers.at/tulln/kursauswahl" "Mozilla/5.0 (iPhone; CPU iPhone OS 11_0 like Mac OS X) AppleWebKit/604.1.38 (KHTML, like Gecko) Version/11.0 Mobile/15A372 Safari/604.1"
77.119.130.80 - - [17/Oct/2017:08:59:55 +0200] "GET /javascript/mobile-license.js HTTP/1.1" 200 216 "https://www.easydrivers.at/fuehrerscheine/auto" "Mozilla/5.0 (iPhone; CPU iPhone OS 11_0 like Mac OS X) AppleWebKit/604.1.38 (KHTML, like Gecko) Version/11.0 Mobile/15A372 Safari/604.1"
77.119.130.80 - - [17/Oct/2017:08:59:55 +0200] "GET /img/mobile/weiter-button.png HTTP/1.1" 200 1670 "https://www.easydrivers.at/fuehrerscheine/auto" "Mozilla/5.0 (iPhone; CPU iPhone OS 11_0 like Mac OS X) AppleWebKit/604.1.38 (KHTML, like Gecko) Version/11.0 Mobile/15A372 Safari/604.1"
194.29.99.50 - - [17/Oct/2017:08:59:53 +0200] "GET /retz HTTP/1.1" 200 3450 "http://www.google.at/url?sa=t&rct=j&q=&esrc=s&source=web&cd=1&ved=0ahUKEwir67KqiPfWAhWIAMAKHSfJDHkQFggnMAA&url=http%3A%2F%2Fwww.easydrivers.at%2Fretz&usg=AOvVaw2NbITn_sweFdx_RtfGC9o7" "Mozilla/5.0 (Windows NT 6.1; Trident/7.0; rv:11.0) like Gecko"
194.29.99.50 - - [17/Oct/2017:08:59:57 +0200] "GET /img/new_favicon.ico HTTP/1.1" 301 306 "-" "Mozilla/5.0 (Windows NT 6.1; Trident/7.0; rv:11.0) like Gecko"
77.119.130.80 - - [17/Oct/2017:08:59:57 +0200] "GET /img/mobile/pfeil-rechts-small.png HTTP/1.1" 200 1056 "https://www.easydrivers.at/fuehrerscheine/auto" "Mozilla/5.0 (iPhone; CPU iPhone OS 11_0 like Mac OS X) AppleWebKit/604.1.38 (KHTML, like Gecko) Version/11.0 Mobile/15A372 Safari/604.1"
93.82.56.76 - - [17/Oct/2017:09:00:00 +0200] "POST /ennstal.schladming/kursauswahl HTTP/1.1" 200 3101 "https://www.easydrivers.at/ennstal.schladming" "Mozilla/5.0 (Linux; Android 7.0; SM-A310F Build/NRD90M) AppleWebKit/537.36 (KHTML, like Gecko) Chrome/61.0.3163.98 Mobile Safari/537.36"
93.82.56.76 - - [17/Oct/2017:09:00:02 +0200] "GET /javascript/mobile-fahrschule-kurs-suchergebnis.js HTTP/1.1" 200 274 "https://www.easydrivers.at/ennstal.schladming/kursauswahl" "Mozilla/5.0 (Linux; Android 7.0; SM-A310F Build/NRD90M) AppleWebKit/537.36 (KHTML, like Gecko) Chrome/61.0.3163.98 Mobile Safari/537.36"
93.82.56.76 - - [17/Oct/2017:09:00:03 +0200] "GET /img/mobile/pfeil-links-small.png HTTP/1.1" 200 1065 "https://www.easydrivers.at/css/mobile.css" "Mozilla/5.0 (Linux; Android 7.0; SM-A310F Build/NRD90M) AppleWebKit/537.36 (KHTML, like Gecko) Chrome/61.0.3163.98 Mobile Safari/537.36"
93.82.56.76 - - [17/Oct/2017:09:00:03 +0200] "GET /img/mobile/bg-yellow.jpg HTTP/1.1" 200 1569 "https://www.easydrivers.at/css/mobile.css" "Mozilla/5.0 (Linux; Android 7.0; SM-A310F Build/NRD90M) AppleWebKit/537.36 (KHTML, like Gecko) Chrome/61.0.3163.98 Mobile Safari/537.36"
93.82.56.76 - - [17/Oct/2017:09:00:03 +0200] "GET /img/loading-bars.gif HTTP/1.1" 200 3951 "https://www.easydrivers.at/css/mobile.css" "Mozilla/5.0 (Linux; Android 7.0; SM-A310F Build/NRD90M) AppleWebKit/537.36 (KHTML, like Gecko) Chrome/61.0.3163.98 Mobile Safari/537.36"
212.183.41.122 - - [17/Oct/2017:09:00:06 +0200] "GET /kapfenberg.pankl HTTP/1.1" 301 305 "https://www.google.at/" "Mozilla/5.0 (Linux; Android 6.0.1; D6603 Build/23.5.A.1.291) AppleWebKit/537.36 (KHTML, like Gecko) Chrome/59.0.3071.125 Mobile Safari/537.36 OPR/43.0.2246.121183"
77.119.130.80 - - [17/Oct/2017:09:00:05 +0200] "GET /fuehrerscheine/auto?channel=fullversion HTTP/1.1" 200 3370 "https://www.easydrivers.at/fuehrerscheine/auto" "Mozilla/5.0 (iPhone; CPU iPhone OS 11_0 like Mac OS X) AppleWebKit/604.1.38 (KHTML, like Gecko) Version/11.0 Mobile/15A372 Safari/604.1"
77.119.130.80 - - [17/Oct/2017:09:00:07 +0200] "GET /css/style.css HTTP/1.1" 200 5004 "https://www.easydrivers.at/fuehrerscheine/auto?channel=fullversion" "Mozilla/5.0 (iPhone; CPU iPhone OS 11_0 like Mac OS X) AppleWebKit/604.1.38 (KHTML, like Gecko) Version/11.0 Mobile/15A372 Safari/604.1"
77.119.130.80 - - [17/Oct/2017:09:00:07 +0200] "GET /javascript/portal.js?1221842734 HTTP/1.1" 200 3529 "https://www.easydrivers.at/fuehrerscheine/auto?channel=fullversion" "Mozilla/5.0 (iPhone; CPU iPhone OS 11_0 like Mac OS X) AppleWebKit/604.1.38 (KHTML, like Gecko) Version/11.0 Mobile/15A372 Safari/604.1"
77.119.130.80 - - [17/Oct/2017:09:00:07 +0200] "GET /javascript/jquery.customSelect.min.js HTTP/1.1" 200 912 "https://www.easydrivers.at/fuehrerscheine/auto?channel=fullversion" "Mozilla/5.0 (iPhone; CPU iPhone OS 11_0 like Mac OS X) AppleWebKit/604.1.38 (KHTML, like Gecko) Version/11.0 Mobile/15A372 Safari/604.1"
77.119.130.80 - - [17/Oct/2017:09:00:07 +0200] "GET /css/print.css HTTP/1.1" 200 967 "https://www.easydrivers.at/fuehrerscheine/auto?channel=fullversion" "Mozilla/5.0 (iPhone; CPU iPhone OS 11_0 like Mac OS X) AppleWebKit/604.1.38 (KHTML, like Gecko) Version/11.0 Mobile/15A372 Safari/604.1"
77.119.130.80 - - [17/Oct/2017:09:00:07 +0200] "GET /javascript/license.js HTTP/1.1" 200 315 "https://www.easydrivers.at/fuehrerscheine/auto?channel=fullversion" "Mozilla/5.0 (iPhone; CPU iPhone OS 11_0 like Mac OS X) AppleWebKit/604.1.38 (KHTML, like Gecko) Version/11.0 Mobile/15A372 Safari/604.1"
77.119.130.80 - - [17/Oct/2017:09:00:07 +0200] "GET /img/close-button.png HTTP/1.1" 200 2237 "https://www.easydrivers.at/fuehrerscheine/auto?channel=fullversion" "Mozilla/5.0 (iPhone; CPU iPhone OS 11_0 like Mac OS X) AppleWebKit/604.1.38 (KHTML, like Gecko) Version/11.0 Mobile/15A372 Safari/604.1"
77.119.130.80 - - [17/Oct/2017:09:00:07 +0200] "GET /img/facebook-icon.png HTTP/1.1" 200 1506 "https://www.easydrivers.at/fuehrerscheine/auto?channel=fullversion" "Mozilla/5.0 (iPhone; CPU iPhone OS 11_0 like Mac OS X) AppleWebKit/604.1.38 (KHTML, like Gecko) Version/11.0 Mobile/15A372 Safari/604.1"
77.119.130.80 - - [17/Oct/2017:09:00:07 +0200] "GET /img/schweiz-icon.png HTTP/1.1" 200 1504 "https://www.easydrivers.at/fuehrerscheine/auto?channel=fullversion" "Mozilla/5.0 (iPhone; CPU iPhone OS 11_0 like Mac OS X) AppleWebKit/604.1.38 (KHTML, like Gecko) Version/11.0 Mobile/15A372 Safari/604.1"
77.119.130.80 - - [17/Oct/2017:09:00:07 +0200] "GET /binaries/easy-drivers-portal/pkw1jpg.jpg HTTP/1.1" 200 88975 "https://www.easydrivers.at/fuehrerscheine/auto?channel=fullversion" "Mozilla/5.0 (iPhone; CPU iPhone OS 11_0 like Mac OS X) AppleWebKit/604.1.38 (KHTML, like Gecko) Version/11.0 Mobile/15A372 Safari/604.1"
77.119.130.80 - - [17/Oct/2017:09:00:08 +0200] "GET /img/bg-header.jpg HTTP/1.1" 200 38680 "https://www.easydrivers.at/fuehrerscheine/auto?channel=fullversion" "Mozilla/5.0 (iPhone; CPU iPhone OS 11_0 like Mac OS X) AppleWebKit/604.1.38 (KHTML, like Gecko) Version/11.0 Mobile/15A372 Safari/604.1"
77.119.130.80 - - [17/Oct/2017:09:00:08 +0200] "GET /img/ED_Logo.png HTTP/1.1" 200 3385 "https://www.easydrivers.at/fuehrerscheine/auto?channel=fullversion" "Mozilla/5.0 (iPhone; CPU iPhone OS 11_0 like Mac OS X) AppleWebKit/604.1.38 (KHTML, like Gecko) Version/11.0 Mobile/15A372 Safari/604.1"
77.119.130.80 - - [17/Oct/2017:09:00:08 +0200] "GET /img/bg-yellow.jpg HTTP/1.1" 200 2250 "https://www.easydrivers.at/fuehrerscheine/auto?channel=fullversion" "Mozilla/5.0 (iPhone; CPU iPhone OS 11_0 like Mac OS X) AppleWebKit/604.1.38 (KHTML, like Gecko) Version/11.0 Mobile/15A372 Safari/604.1"
77.119.130.80 - - [17/Oct/2017:09:00:08 +0200] "GET /img/submit-button-small.png HTTP/1.1" 200 1456 "https://www.easydrivers.at/fuehrerscheine/auto?channel=fullversion" "Mozilla/5.0 (iPhone; CPU iPhone OS 11_0 like Mac OS X) AppleWebKit/604.1.38 (KHTML, like Gecko) Version/11.0 Mobile/15A372 Safari/604.1"
77.119.130.80 - - [17/Oct/2017:09:00:08 +0200] "GET /img/bg-footer.jpg HTTP/1.1" 200 31770 "https://www.easydrivers.at/fuehrerscheine/auto?channel=fullversion" "Mozilla/5.0 (iPhone; CPU iPhone OS 11_0 like Mac OS X) AppleWebKit/604.1.38 (KHTML, like Gecko) Version/11.0 Mobile/15A372 Safari/604.1"
77.119.130.80 - - [17/Oct/2017:09:00:08 +0200] "GET /img/kursicon-share-pink.png HTTP/1.1" 200 1277 "https://www.easydrivers.at/fuehrerscheine/auto?channel=fullversion" "Mozilla/5.0 (iPhone; CPU iPhone OS 11_0 like Mac OS X) AppleWebKit/604.1.38 (KHTML, like Gecko) Version/11.0 Mobile/15A372 Safari/604.1"
77.119.130.80 - - [17/Oct/2017:09:00:08 +0200] "GET /img/kursicon-download-pink.png HTTP/1.1" 200 1213 "https://www.easydrivers.at/fuehrerscheine/auto?channel=fullversion" "Mozilla/5.0 (iPhone; CPU iPhone OS 11_0 like Mac OS X) AppleWebKit/604.1.38 (KHTML, like Gecko) Version/11.0 Mobile/15A372 Safari/604.1"
77.119.130.80 - - [17/Oct/2017:09:00:08 +0200] "GET /img/kursicon-print-pink.png HTTP/1.1" 200 1125 "https://www.easydrivers.at/fuehrerscheine/auto?channel=fullversion" "Mozilla/5.0 (iPhone; CPU iPhone OS 11_0 like Mac OS X) AppleWebKit/604.1.38 (KHTML, like Gecko) Version/11.0 Mobile/15A372 Safari/604.1"
77.119.130.80 - - [17/Oct/2017:09:00:08 +0200] "GET /img/kursicon-phone-pink.png HTTP/1.1" 200 1286 "https://www.easydrivers.at/fuehrerscheine/auto?channel=fullversion" "Mozilla/5.0 (iPhone; CPU iPhone OS 11_0 like Mac OS X) AppleWebKit/604.1.38 (KHTML, like Gecko) Version/11.0 Mobile/15A372 Safari/604.1"
212.183.41.122 - - [17/Oct/2017:09:00:06 +0200] "GET /kapfenberg.pankl HTTP/1.1" 200 2996 "https://www.google.at/" "Mozilla/5.0 (Linux; Android 6.0.1; D6603 Build/23.5.A.1.291) AppleWebKit/537.36 (KHTML, like Gecko) Chrome/59.0.3071.125 Mobile Safari/537.36 OPR/43.0.2246.121183"
212.183.41.122 - - [17/Oct/2017:09:00:09 +0200] "GET /css/mobile.css HTTP/1.1" 200 2852 "https://www.easydrivers.at/kapfenberg.pankl" "Mozilla/5.0 (Linux; Android 6.0.1; D6603 Build/23.5.A.1.291) AppleWebKit/537.36 (KHTML, like Gecko) Chrome/59.0.3071.125 Mobile Safari/537.36 OPR/43.0.2246.121183"
212.183.41.122 - - [17/Oct/2017:09:00:09 +0200] "GET /javascript/jquery.cookie.js HTTP/1.1" 200 863 "https://www.easydrivers.at/kapfenberg.pankl" "Mozilla/5.0 (Linux; Android 6.0.1; D6603 Build/23.5.A.1.291) AppleWebKit/537.36 (KHTML, like Gecko) Chrome/59.0.3071.125 Mobile Safari/537.36 OPR/43.0.2246.121183"
212.183.41.122 - - [17/Oct/2017:09:00:09 +0200] "GET /javascript/jquery-1.9.1.min.js HTTP/1.1" 200 32731 "https://www.easydrivers.at/kapfenberg.pankl" "Mozilla/5.0 (Linux; Android 6.0.1; D6603 Build/23.5.A.1.291) AppleWebKit/537.36 (KHTML, like Gecko) Chrome/59.0.3071.125 Mobile Safari/537.36 OPR/43.0.2246.121183"
212.183.41.122 - - [17/Oct/2017:09:00:09 +0200] "GET /javascript/mobile-menu.js HTTP/1.1" 200 1634 "https://www.easydrivers.at/kapfenberg.pankl" "Mozilla/5.0 (Linux; Android 6.0.1; D6603 Build/23.5.A.1.291) AppleWebKit/537.36 (KHTML, like Gecko) Chrome/59.0.3071.125 Mobile Safari/537.36 OPR/43.0.2246.121183"
212.183.41.122 - - [17/Oct/2017:09:00:09 +0200] "GET /javascript/jquery.simplemodal.js HTTP/1.1" 200 3070 "https://www.easydrivers.at/kapfenberg.pankl" "Mozilla/5.0 (Linux; Android 6.0.1; D6603 Build/23.5.A.1.291) AppleWebKit/537.36 (KHTML, like Gecko) Chrome/59.0.3071.125 Mobile Safari/537.36 OPR/43.0.2246.121183"
212.183.41.122 - - [17/Oct/2017:09:00:09 +0200] "GET /javascript/mobile-fahrschule.js HTTP/1.1" 200 328 "https://www.easydrivers.at/kapfenberg.pankl" "Mozilla/5.0 (Linux; Android 6.0.1; D6603 Build/23.5.A.1.291) AppleWebKit/537.36 (KHTML, like Gecko) Chrome/59.0.3071.125 Mobile Safari/537.36 OPR/43.0.2246.121183"
212.183.41.122 - - [17/Oct/2017:09:00:09 +0200] "GET /javascript/lazyload.js HTTP/1.1" 200 1170 "https://www.easydrivers.at/kapfenberg.pankl" "Mozilla/5.0 (Linux; Android 6.0.1; D6603 Build/23.5.A.1.291) AppleWebKit/537.36 (KHTML, like Gecko) Chrome/59.0.3071.125 Mobile Safari/537.36 OPR/43.0.2246.121183"
212.183.41.122 - - [17/Oct/2017:09:00:09 +0200] "GET /img/mobile/easydrivers-logo-mobile.png HTTP/1.1" 200 10766 "https://www.easydrivers.at/kapfenberg.pankl" "Mozilla/5.0 (Linux; Android 6.0.1; D6603 Build/23.5.A.1.291) AppleWebKit/537.36 (KHTML, like Gecko) Chrome/59.0.3071.125 Mobile Safari/537.36 OPR/43.0.2246.121183"
212.183.41.122 - - [17/Oct/2017:09:00:09 +0200] "GET /img/mobile/bg-header.jpg HTTP/1.1" 200 19741 "https://www.easydrivers.at/css/mobile.css" "Mozilla/5.0 (Linux; Android 6.0.1; D6603 Build/23.5.A.1.291) AppleWebKit/537.36 (KHTML, like Gecko) Chrome/59.0.3071.125 Mobile Safari/537.36 OPR/43.0.2246.121183"
212.183.41.122 - - [17/Oct/2017:09:00:09 +0200] "GET /img/mobile/bg-top-section.jpg HTTP/1.1" 200 21711 "https://www.easydrivers.at/css/mobile.css" "Mozilla/5.0 (Linux; Android 6.0.1; D6603 Build/23.5.A.1.291) AppleWebKit/537.36 (KHTML, like Gecko) Chrome/59.0.3071.125 Mobile Safari/537.36 OPR/43.0.2246.121183"
212.183.41.122 - - [17/Oct/2017:09:00:09 +0200] "GET /img/mobile/pfeil-rechts.png HTTP/1.1" 200 1228 "https://www.easydrivers.at/css/mobile.css" "Mozilla/5.0 (Linux; Android 6.0.1; D6603 Build/23.5.A.1.291) AppleWebKit/537.36 (KHTML, like Gecko) Chrome/59.0.3071.125 Mobile Safari/537.36 OPR/43.0.2246.121183"
212.183.41.122 - - [17/Oct/2017:09:00:09 +0200] "GET /img/mobile/menu-button.png HTTP/1.1" 200 1746 "https://www.easydrivers.at/kapfenberg.pankl" "Mozilla/5.0 (Linux; Android 6.0.1; D6603 Build/23.5.A.1.291) AppleWebKit/537.36 (KHTML, like Gecko) Chrome/59.0.3071.125 Mobile Safari/537.36 OPR/43.0.2246.121183"
212.183.41.122 - - [17/Oct/2017:09:00:09 +0200] "GET /img/mobile/close-button.png HTTP/1.1" 200 2411 "https://www.easydrivers.at/kapfenberg.pankl" "Mozilla/5.0 (Linux; Android 6.0.1; D6603 Build/23.5.A.1.291) AppleWebKit/537.36 (KHTML, like Gecko) Chrome/59.0.3071.125 Mobile Safari/537.36 OPR/43.0.2246.121183"
212.183.41.122 - - [17/Oct/2017:09:00:09 +0200] "GET /img/mobile/facebook-icon.png HTTP/1.1" 200 1902 "https://www.easydrivers.at/kapfenberg.pankl" "Mozilla/5.0 (Linux; Android 6.0.1; D6603 Build/23.5.A.1.291) AppleWebKit/537.36 (KHTML, like Gecko) Chrome/59.0.3071.125 Mobile Safari/537.36 OPR/43.0.2246.121183"
212.183.41.122 - - [17/Oct/2017:09:00:09 +0200] "GET /img/mobile/info-button.png HTTP/1.1" 200 1549 "https://www.easydrivers.at/kapfenberg.pankl" "Mozilla/5.0 (Linux; Android 6.0.1; D6603 Build/23.5.A.1.291) AppleWebKit/537.36 (KHTML, like Gecko) Chrome/59.0.3071.125 Mobile Safari/537.36 OPR/43.0.2246.121183"
212.183.41.122 - - [17/Oct/2017:09:00:09 +0200] "GET /img/mobile/info-close-button.png HTTP/1.1" 200 1721 "https://www.easydrivers.at/kapfenberg.pankl" "Mozilla/5.0 (Linux; Android 6.0.1; D6603 Build/23.5.A.1.291) AppleWebKit/537.36 (KHTML, like Gecko) Chrome/59.0.3071.125 Mobile Safari/537.36 OPR/43.0.2246.121183"
212.183.41.122 - - [17/Oct/2017:09:00:09 +0200] "GET /img/smallicon-person.png HTTP/1.1" 200 1141 "https://www.easydrivers.at/kapfenberg.pankl" "Mozilla/5.0 (Linux; Android 6.0.1; D6603 Build/23.5.A.1.291) AppleWebKit/537.36 (KHTML, like Gecko) Chrome/59.0.3071.125 Mobile Safari/537.36 OPR/43.0.2246.121183"
212.183.41.122 - - [17/Oct/2017:09:00:09 +0200] "GET /img/smallicon-address.png HTTP/1.1" 200 1211 "https://www.easydrivers.at/kapfenberg.pankl" "Mozilla/5.0 (Linux; Android 6.0.1; D6603 Build/23.5.A.1.291) AppleWebKit/537.36 (KHTML, like Gecko) Chrome/59.0.3071.125 Mobile Safari/537.36 OPR/43.0.2246.121183"
212.183.41.122 - - [17/Oct/2017:09:00:09 +0200] "GET /img/mobile/googlemaps-pin.png HTTP/1.1" 200 1597 "https://www.easydrivers.at/kapfenberg.pankl" "Mozilla/5.0 (Linux; Android 6.0.1; D6603 Build/23.5.A.1.291) AppleWebKit/537.36 (KHTML, like Gecko) Chrome/59.0.3071.125 Mobile Safari/537.36 OPR/43.0.2246.121183"
212.183.41.122 - - [17/Oct/2017:09:00:09 +0200] "GET /img/smallicon-time.png HTTP/1.1" 200 1262 "https://www.easydrivers.at/kapfenberg.pankl" "Mozilla/5.0 (Linux; Android 6.0.1; D6603 Build/23.5.A.1.291) AppleWebKit/537.36 (KHTML, like Gecko) Chrome/59.0.3071.125 Mobile Safari/537.36 OPR/43.0.2246.121183"
212.183.41.122 - - [17/Oct/2017:09:00:09 +0200] "GET /img/smallicon-phone.png HTTP/1.1" 200 3056 "https://www.easydrivers.at/kapfenberg.pankl" "Mozilla/5.0 (Linux; Android 6.0.1; D6603 Build/23.5.A.1.291) AppleWebKit/537.36 (KHTML, like Gecko) Chrome/59.0.3071.125 Mobile Safari/537.36 OPR/43.0.2246.121183"
212.183.41.122 - - [17/Oct/2017:09:00:09 +0200] "GET /img/smallicon-mail.png HTTP/1.1" 200 1341 "https://www.easydrivers.at/kapfenberg.pankl" "Mozilla/5.0 (Linux; Android 6.0.1; D6603 Build/23.5.A.1.291) AppleWebKit/537.36 (KHTML, like Gecko) Chrome/59.0.3071.125 Mobile Safari/537.36 OPR/43.0.2246.121183"
212.183.41.122 - - [17/Oct/2017:09:00:09 +0200] "GET /img/mobile/widget-icon-app.png HTTP/1.1" 200 3458 "https://www.easydrivers.at/kapfenberg.pankl" "Mozilla/5.0 (Linux; Android 6.0.1; D6603 Build/23.5.A.1.291) AppleWebKit/537.36 (KHTML, like Gecko) Chrome/59.0.3071.125 Mobile Safari/537.36 OPR/43.0.2246.121183"
212.183.41.122 - - [17/Oct/2017:09:00:09 +0200] "GET /img/mobile/bg-menu.jpg HTTP/1.1" 200 1698 "https://www.easydrivers.at/css/mobile.css" "Mozilla/5.0 (Linux; Android 6.0.1; D6603 Build/23.5.A.1.291) AppleWebKit/537.36 (KHTML, like Gecko) Chrome/59.0.3071.125 Mobile Safari/537.36 OPR/43.0.2246.121183"
77.119.130.80 - - [17/Oct/2017:09:00:10 +0200] "GET /fuehrerscheine/auto/B HTTP/1.1" 200 3736 "https://www.easydrivers.at/fuehrerscheine/auto?channel=fullversion" "Mozilla/5.0 (iPhone; CPU iPhone OS 11_0 like Mac OS X) AppleWebKit/604.1.38 (KHTML, like Gecko) Version/11.0 Mobile/15A372 Safari/604.1"
212.183.41.122 - - [17/Oct/2017:09:00:12 +0200] "GET /kapfenberg.pankl/pruefungstermine HTTP/1.1" 301 317 "https://www.google.at/" "Mozilla/5.0 (Linux; Android 6.0.1; D6603 Build/23.5.A.1.291) AppleWebKit/537.36 (KHTML, like Gecko) Chrome/59.0.3071.125 Mobile Safari/537.36 OPR/43.0.2246.121183"
77.119.130.80 - - [17/Oct/2017:09:00:12 +0200] "GET /javascript/product.js HTTP/1.1" 200 139 "https://www.easydrivers.at/fuehrerscheine/auto/B" "Mozilla/5.0 (iPhone; CPU iPhone OS 11_0 like Mac OS X) AppleWebKit/604.1.38 (KHTML, like Gecko) Version/11.0 Mobile/15A372 Safari/604.1"
77.119.130.80 - - [17/Oct/2017:09:00:12 +0200] "GET /img/arrow-left.png HTTP/1.1" 200 1015 "https://www.easydrivers.at/fuehrerscheine/auto/B" "Mozilla/5.0 (iPhone; CPU iPhone OS 11_0 like Mac OS X) AppleWebKit/604.1.38 (KHTML, like Gecko) Version/11.0 Mobile/15A372 Safari/604.1"
77.119.130.80 - - [17/Oct/2017:09:00:12 +0200] "GET /img/arrow-up.png HTTP/1.1" 200 1081 "https://www.easydrivers.at/fuehrerscheine/auto/B" "Mozilla/5.0 (iPhone; CPU iPhone OS 11_0 like Mac OS X) AppleWebKit/604.1.38 (KHTML, like Gecko) Version/11.0 Mobile/15A372 Safari/604.1"
194.29.99.50 - - [17/Oct/2017:09:00:10 +0200] "GET /retz/kurse HTTP/1.1" 200 4425 "https://www.easydrivers.at/retz" "Mozilla/5.0 (Windows NT 6.1; Trident/7.0; rv:11.0) like Gecko"
194.29.99.50 - - [17/Oct/2017:09:00:12 +0200] "GET /binaries/easy-drivers-portal/motorrad6jpg.jpg HTTP/1.1" 200 83216 "https://www.easydrivers.at/retz/kurse" "Mozilla/5.0 (Windows NT 6.1; Trident/7.0; rv:11.0) like Gecko"
216.244.66.249 - - [17/Oct/2017:09:00:13 +0200] "GET /voesendorf/kurse HTTP/1.1" 301 403 "-" "Mozilla/5.0 (compatible; DotBot/1.1; http://www.opensiteexplorer.org/dotbot, help@moz.com)"
212.183.41.122 - - [17/Oct/2017:09:00:12 +0200] "GET /kapfenberg.pankl/pruefungstermine HTTP/1.1" 200 2939 "https://www.google.at/" "Mozilla/5.0 (Linux; Android 6.0.1; D6603 Build/23.5.A.1.291) AppleWebKit/537.36 (KHTML, like Gecko) Chrome/59.0.3071.125 Mobile Safari/537.36 OPR/43.0.2246.121183"
93.82.56.76 - - [17/Oct/2017:09:00:14 +0200] "POST /loadkursliste HTTP/1.1" 200 552 "https://www.easydrivers.at/ennstal.schladming/kursauswahl" "Mozilla/5.0 (Linux; Android 7.0; SM-A310F Build/NRD90M) AppleWebKit/537.36 (KHTML, like Gecko) Chrome/61.0.3163.98 Mobile Safari/537.36"
194.29.99.50 - - [17/Oct/2017:09:00:16 +0200] "-" 408 - "-" "-"
194.29.99.50 - - [17/Oct/2017:09:00:16 +0200] "-" 408 - "-" "-"
194.29.99.50 - - [17/Oct/2017:09:00:16 +0200] "-" 408 - "-" "-"
194.29.99.50 - - [17/Oct/2017:09:00:16 +0200] "-" 408 - "-" "-"
194.29.99.50 - - [17/Oct/2017:09:00:18 +0200] "-" 408 - "-" "-"
66.249.76.76 - - [17/Oct/2017:09:00:19 +0200] "GET /download.php?id=10265042 HTTP/1.1" 301 311 "-" "Mozilla/5.0 (compatible; Googlebot/2.1; +http://www.google.com/bot.html)"
66.249.76.82 - - [17/Oct/2017:09:00:20 +0200] "GET /download.php?id=10265042 HTTP/1.1" 200 122985 "-" "Mozilla/5.0 (compatible; Googlebot/2.1; +http://www.google.com/bot.html)"
52.215.26.172 - - [17/Oct/2017:09:00:27 +0200] "GET /amstetten/kursauswahl HTTP/1.1" 200 3595 "-" "Mozilla/5.0 (X11; Linux x86_64) AppleWebKit/537.36 (KHTML, like Gecko) Chrome/60.0.3112.78 Safari/537.36"
194.29.99.50 - - [17/Oct/2017:09:00:52 +0200] "POST /loadkursliste HTTP/1.1" 200 652 "https://www.easydrivers.at/retz/kurse" "Mozilla/5.0 (Windows NT 6.1; Trident/7.0; rv:11.0) like Gecko"
68.180.228.44 - - [17/Oct/2017:09:00:57 +0200] "GET /gewinnspielbedingungen HTTP/1.1" 200 4189 "-" "Mozilla/5.0 (compatible; Yahoo! Slurp; http://help.yahoo.com/help/us/ysearch/slurp)"
93.82.56.76 - - [17/Oct/2017:09:01:03 +0200] "GET /ennstal.schladming/wfk-22-12-2017?FS=B HTTP/1.1" 200 3223 "https://www.easydrivers.at/ennstal.schladming/kursauswahl" "Mozilla/5.0 (Linux; Android 7.0; SM-A310F Build/NRD90M) AppleWebKit/537.36 (KHTML, like Gecko) Chrome/61.0.3163.98 Mobile Safari/537.36"
93.82.56.76 - - [17/Oct/2017:09:01:06 +0200] "GET /img/mobile/kursicon-share.png HTTP/1.1" 200 2065 "https://www.easydrivers.at/ennstal.schladming/wfk-22-12-2017?FS=B" "Mozilla/5.0 (Linux; Android 7.0; SM-A310F Build/NRD90M) AppleWebKit/537.36 (KHTML, like Gecko) Chrome/61.0.3163.98 Mobile Safari/537.36"
93.82.56.76 - - [17/Oct/2017:09:01:06 +0200] "GET /img/mobile/kursicon-phone.png HTTP/1.1" 200 1932 "https://www.easydrivers.at/ennstal.schladming/wfk-22-12-2017?FS=B" "Mozilla/5.0 (Linux; Android 7.0; SM-A310F Build/NRD90M) AppleWebKit/537.36 (KHTML, like Gecko) Chrome/61.0.3163.98 Mobile Safari/537.36"
