66.249.76.84 - - [17/Oct/2017:06:30:47 +0200] "GET /uploads/pdfs/bruck.leitha/10279698_BF.pdf HTTP/1.1" 200 28985 "-" "Mozilla/5.0 (compatible; Googlebot/2.1; +http://www.google.com/bot.html)"
188.22.23.182 - - [17/Oct/2017:06:31:06 +0200] "GET /fuehrerscheine/motorrad/A HTTP/1.1" 200 4202 "https://www.easydrivers.at/fuehrerscheine/motorrad" "Mozilla/5.0 (Windows NT 6.1; Win64; x64) AppleWebKit/537.36 (KHTML, like Gecko) Chrome/61.0.3163.100 Safari/537.36"
188.22.23.182 - - [17/Oct/2017:06:31:08 +0200] "GET /javascript/product.js HTTP/1.1" 200 139 "https://www.easydrivers.at/fuehrerscheine/motorrad/A" "Mozilla/5.0 (Windows NT 6.1; Win64; x64) AppleWebKit/537.36 (KHTML, like Gecko) Chrome/61.0.3163.100 Safari/537.36"
188.22.23.182 - - [17/Oct/2017:06:31:08 +0200] "GET /img/arrow-up.png HTTP/1.1" 200 1081 "https://www.easydrivers.at/css/style.css" "Mozilla/5.0 (Windows NT 6.1; Win64; x64) AppleWebKit/537.36 (KHTML, like Gecko) Chrome/61.0.3163.100 Safari/537.36"
188.22.23.182 - - [17/Oct/2017:06:31:08 +0200] "GET /binaries/easy-drivers-portal/motorrad5jpg.jpg HTTP/1.1" 200 84164 "https://www.easydrivers.at/fuehrerscheine/motorrad/A" "Mozilla/5.0 (Windows NT 6.1; Win64; x64) AppleWebKit/537.36 (KHTML, like Gecko) Chrome/61.0.3163.100 Safari/537.36"
66.249.76.74 - - [17/Oct/2017:06:31:40 +0200] "GET /uploads/pdfs/bludenz/LKW-Kurs_-_CD_2016-05-09_CCE.pdf HTTP/1.1" 301 334 "-" "Mozilla/5.0 (compatible; Googlebot/2.1; +http://www.google.com/bot.html)"
66.249.76.82 - - [17/Oct/2017:06:31:40 +0200] "GET /uploads/pdfs/bludenz/LKW-Kurs_-_CD_2016-05-09_CCE.pdf HTTP/1.1" 200 28801 "-" "Mozilla/5.0 (compatible; Googlebot/2.1; +http://www.google.com/bot.html)"
66.249.76.76 - - [17/Oct/2017:06:32:34 +0200] "GET /uploads/pdfs/ybbs/10282669_A.pdf HTTP/1.1" 301 316 "-" "Mozilla/5.0 (compatible; Googlebot/2.1; +http://www.google.com/bot.html)"
66.249.76.84 - - [17/Oct/2017:06:32:34 +0200] "GET /uploads/pdfs/ybbs/10282669_A.pdf HTTP/1.1" 200 32536 "-" "Mozilla/5.0 (compatible; Googlebot/2.1; +http://www.google.com/bot.html)"
66.249.76.74 - - [17/Oct/2017:06:33:27 +0200] "GET /dornbirn/10278882?FS=A2BF HTTP/1.1" 301 312 "-" "Mozilla/5.0 (compatible; Googlebot/2.1; +http://www.google.com/bot.html)"
213.225.6.116 - - [17/Oct/2017:06:33:29 +0200] "GET / HTTP/1.1" 301 293 "-" "Mozilla/5.0 (Windows NT 10.0; Win64; x64) AppleWebKit/537.36 (KHTML, like Gecko) Chrome/61.0.3163.100 Safari/537.36"
66.249.76.80 - - [17/Oct/2017:06:33:28 +0200] "GET /dornbirn/10278882?FS=A2BF HTTP/1.1" 200 6283 "-" "Mozilla/5.0 (compatible; Googlebot/2.1; +http://www.google.com/bot.html)"
213.225.6.116 - - [17/Oct/2017:06:33:29 +0200] "GET / HTTP/1.1" 200 4425 "-" "Mozilla/5.0 (Windows NT 10.0; Win64; x64) AppleWebKit/537.36 (KHTML, like Gecko) Chrome/61.0.3163.100 Safari/537.36"
213.225.6.116 - - [17/Oct/2017:06:33:32 +0200] "GET /img/new_favicon.ico HTTP/1.1" 301 306 "-" "Mozilla/5.0 (Windows NT 10.0; Win64; x64) AppleWebKit/537.36 (KHTML, like Gecko) Chrome/61.0.3163.100 Safari/537.36"
213.225.6.116 - - [17/Oct/2017:06:33:32 +0200] "GET /img/new_favicon.ico HTTP/1.1" 200 1150 "-" "Mozilla/5.0 (Windows NT 10.0; Win64; x64) AppleWebKit/537.36 (KHTML, like Gecko) Chrome/61.0.3163.100 Safari/537.36"
213.225.6.116 - - [17/Oct/2017:06:33:42 +0200] "GET /fahrschulen HTTP/1.1" 200 3924 "https://www.easydrivers.at/" "Mozilla/5.0 (Windows NT 10.0; Win64; x64) AppleWebKit/537.36 (KHTML, like Gecko) Chrome/61.0.3163.100 Safari/537.36"
213.225.6.116 - - [17/Oct/2017:06:33:43 +0200] "GET /javascript/fahrschulen.js HTTP/1.1" 200 470 "https://www.easydrivers.at/fahrschulen" "Mozilla/5.0 (Windows NT 10.0; Win64; x64) AppleWebKit/537.36 (KHTML, like Gecko) Chrome/61.0.3163.100 Safari/537.36"
213.225.6.116 - - [17/Oct/2017:06:33:43 +0200] "GET /img/austria-map-burgenland.png HTTP/1.1" 200 10146 "https://www.easydrivers.at/fahrschulen" "Mozilla/5.0 (Windows NT 10.0; Win64; x64) AppleWebKit/537.36 (KHTML, like Gecko) Chrome/61.0.3163.100 Safari/537.36"
213.225.6.116 - - [17/Oct/2017:06:33:43 +0200] "GET /img/austria-map-kaernten.png HTTP/1.1" 200 9968 "https://www.easydrivers.at/fahrschulen" "Mozilla/5.0 (Windows NT 10.0; Win64; x64) AppleWebKit/537.36 (KHTML, like Gecko) Chrome/61.0.3163.100 Safari/537.36"
213.225.6.116 - - [17/Oct/2017:06:33:43 +0200] "GET /img/austria-map-noe.png HTTP/1.1" 200 17166 "https://www.easydrivers.at/fahrschulen" "Mozilla/5.0 (Windows NT 10.0; Win64; x64) AppleWebKit/537.36 (KHTML, like Gecko) Chrome/61.0.3163.100 Safari/537.36"
213.225.6.116 - - [17/Oct/2017:06:33:43 +0200] "GET /img/austria-map-ooe.png HTTP/1.1" 200 14597 "https://www.easydrivers.at/fahrschulen" "Mozilla/5.0 (Windows NT 10.0; Win64; x64) AppleWebKit/537.36 (KHTML, like Gecko) Chrome/61.0.3163.100 Safari/537.36"
213.225.6.116 - - [17/Oct/2017:06:33:44 +0200] "GET /img/submit-button-small.png HTTP/1.1" 200 1456 "https://www.easydrivers.at/fahrschulen" "Mozilla/5.0 (Windows NT 10.0; Win64; x64) AppleWebKit/537.36 (KHTML, like Gecko) Chrome/61.0.3163.100 Safari/537.36"
213.225.6.116 - - [17/Oct/2017:06:33:43 +0200] "GET /img/austria-map.jpg HTTP/1.1" 200 57110 "https://www.easydrivers.at/fahrschulen" "Mozilla/5.0 (Windows NT 10.0; Win64; x64) AppleWebKit/537.36 (KHTML, like Gecko) Chrome/61.0.3163.100 Safari/537.36"
213.225.6.116 - - [17/Oct/2017:06:33:44 +0200] "GET /img/austria-map-salzburg.png HTTP/1.1" 200 13786 "https://www.easydrivers.at/fahrschulen" "Mozilla/5.0 (Windows NT 10.0; Win64; x64) AppleWebKit/537.36 (KHTML, like Gecko) Chrome/61.0.3163.100 Safari/537.36"
213.225.6.116 - - [17/Oct/2017:06:33:44 +0200] "GET /img/austria-map-steiermark.png HTTP/1.1" 200 14192 "https://www.easydrivers.at/fahrschulen" "Mozilla/5.0 (Windows NT 10.0; Win64; x64) AppleWebKit/537.36 (KHTML, like Gecko) Chrome/61.0.3163.100 Safari/537.36"
213.225.6.116 - - [17/Oct/2017:06:33:44 +0200] "GET /img/austria-map-tirol.png HTTP/1.1" 200 13911 "https://www.easydrivers.at/fahrschulen" "Mozilla/5.0 (Windows NT 10.0; Win64; x64) AppleWebKit/537.36 (KHTML, like Gecko) Chrome/61.0.3163.100 Safari/537.36"
213.225.6.116 - - [17/Oct/2017:06:33:44 +0200] "GET /img/austria-map-vorarlberg.png HTTP/1.1" 200 5780 "https://www.easydrivers.at/fahrschulen" "Mozilla/5.0 (Windows NT 10.0; Win64; x64) AppleWebKit/537.36 (KHTML, like Gecko) Chrome/61.0.3163.100 Safari/537.36"
213.225.6.116 - - [17/Oct/2017:06:33:44 +0200] "GET /img/austria-map-wien.png HTTP/1.1" 200 2864 "https://www.easydrivers.at/fahrschulen" "Mozilla/5.0 (Windows NT 10.0; Win64; x64) AppleWebKit/537.36 (KHTML, like Gecko) Chrome/61.0.3163.100 Safari/537.36"
66.249.76.74 - - [17/Oct/2017:06:34:21 +0200] "GET /fuehrerscheine/lkw/CC95 HTTP/1.1" 301 308 "-" "Mozilla/5.0 (compatible; Googlebot/2.1; +http://www.google.com/bot.html)"
66.249.76.80 - - [17/Oct/2017:06:34:22 +0200] "GET /fuehrerscheine/lkw/CC95 HTTP/1.1" 200 3910 "-" "Mozilla/5.0 (compatible; Googlebot/2.1; +http://www.google.com/bot.html)"
24.96.148.43 - - [17/Oct/2017:06:34:42 +0200] "GET /wp-login.php HTTP/1.1" 301 399 "-" "Mozilla/5.0 (Windows NT 6.1; WOW64; rv:40.0) Gecko/20100101 Firefox/40.1"
216.244.66.202 - - [17/Oct/2017:06:34:43 +0200] "GET /fuehrerscheine/bus/DD195-C HTTP/1.1" 301 413 "-" "Mozilla/5.0 (compatible; DotBot/1.1; http://www.opensiteexplorer.org/dotbot, help@moz.com)"
24.96.148.43 - - [17/Oct/2017:06:34:48 +0200] "GET /wp-login.php HTTP/1.1" 301 399 "-" "Mozilla/5.0 (Windows NT 6.1; WOW64; rv:40.0) Gecko/20100101 Firefox/40.1"
24.96.148.43 - - [17/Oct/2017:06:34:54 +0200] "GET / HTTP/1.1" 301 387 "-" "Mozilla/5.0 (Windows NT 6.1; WOW64; rv:40.0) Gecko/20100101 Firefox/40.1"
66.249.76.74 - - [17/Oct/2017:06:35:15 +0200] "GET /fuehrerscheine/lkw/C HTTP/1.1" 301 305 "-" "Mozilla/5.0 (compatible; Googlebot/2.1; +http://www.google.com/bot.html)"
66.249.66.80 - - [17/Oct/2017:06:35:16 +0200] "GET /fuehrerscheine/lkw/C HTTP/1.1" 200 3782 "-" "Mozilla/5.0 (compatible; Googlebot/2.1; +http://www.google.com/bot.html)"
213.225.34.187 - - [17/Oct/2017:06:35:35 +0200] "GET / HTTP/1.1" 200 3579 "-" "Mozilla/5.0 (Linux; Android 6.0.1; SM-A510F Build/MMB29K) AppleWebKit/537.36 (KHTML, like Gecko) Chrome/61.0.3163.98 Mobile Safari/537.36"
213.225.34.187 - - [17/Oct/2017:06:35:40 +0200] "GET /img/favicon.ico HTTP/1.1" 404 301 "-" "Mozilla/5.0 (Linux; Android 6.0.1; SM-A510F Build/MMB29K) AppleWebKit/537.36 (KHTML, like Gecko) Chrome/61.0.3163.98 Mobile Safari/537.36"
207.46.13.48 - - [17/Oct/2017:06:35:54 +0200] "GET /bruck.leitha/10290971?FS=AM HTTP/1.1" 200 5605 "-" "Mozilla/5.0 (compatible; bingbot/2.0; +http://www.bing.com/bingbot.htm)"
66.249.76.78 - - [17/Oct/2017:06:36:09 +0200] "GET /voesendorf/10281942?FS=B-L17 HTTP/1.1" 301 315 "-" "Mozilla/5.0 (compatible; Googlebot/2.1; +http://www.google.com/bot.html)"
66.249.76.84 - - [17/Oct/2017:06:36:09 +0200] "GET /voesendorf/10281942?FS=B-L17 HTTP/1.1" 200 5806 "-" "Mozilla/5.0 (compatible; Googlebot/2.1; +http://www.google.com/bot.html)"
62.47.16.169 - - [17/Oct/2017:06:36:23 +0200] "GET /bad.voeslau HTTP/1.1" 301 301 "https://www.google.at/" "Mozilla/5.0 (Windows NT 6.1; WOW64; rv:56.0) Gecko/20100101 Firefox/56.0"
62.47.16.169 - - [17/Oct/2017:06:36:23 +0200] "GET /bad.voeslau HTTP/1.1" 200 3754 "https://www.google.at/" "Mozilla/5.0 (Windows NT 6.1; WOW64; rv:56.0) Gecko/20100101 Firefox/56.0"
62.47.16.169 - - [17/Oct/2017:06:36:25 +0200] "GET /css/style.css HTTP/1.1" 200 5004 "https://www.easydrivers.at/bad.voeslau" "Mozilla/5.0 (Windows NT 6.1; WOW64; rv:56.0) Gecko/20100101 Firefox/56.0"
62.47.16.169 - - [17/Oct/2017:06:36:25 +0200] "GET /css/print.css HTTP/1.1" 200 967 "https://www.easydrivers.at/bad.voeslau" "Mozilla/5.0 (Windows NT 6.1; WOW64; rv:56.0) Gecko/20100101 Firefox/56.0"
62.47.16.169 - - [17/Oct/2017:06:36:25 +0200] "GET /javascript/jquery.customSelect.min.js HTTP/1.1" 200 912 "https://www.easydrivers.at/bad.voeslau" "Mozilla/5.0 (Windows NT 6.1; WOW64; rv:56.0) Gecko/20100101 Firefox/56.0"
62.47.16.169 - - [17/Oct/2017:06:36:25 +0200] "GET /javascript/jquery.simplemodal.js HTTP/1.1" 200 3070 "https://www.easydrivers.at/bad.voeslau" "Mozilla/5.0 (Windows NT 6.1; WOW64; rv:56.0) Gecko/20100101 Firefox/56.0"
62.47.16.169 - - [17/Oct/2017:06:36:25 +0200] "GET /javascript/jquery.cookie.js HTTP/1.1" 200 863 "https://www.easydrivers.at/bad.voeslau" "Mozilla/5.0 (Windows NT 6.1; WOW64; rv:56.0) Gecko/20100101 Firefox/56.0"
62.47.16.169 - - [17/Oct/2017:06:36:26 +0200] "GET /javascript/portal.js?1221842734 HTTP/1.1" 200 3529 "https://www.easydrivers.at/bad.voeslau" "Mozilla/5.0 (Windows NT 6.1; WOW64; rv:56.0) Gecko/20100101 Firefox/56.0"
62.47.16.169 - - [17/Oct/2017:06:36:26 +0200] "GET /javascript/fahrschule.js HTTP/1.1" 200 462 "https://www.easydrivers.at/bad.voeslau" "Mozilla/5.0 (Windows NT 6.1; WOW64; rv:56.0) Gecko/20100101 Firefox/56.0"
62.47.16.169 - - [17/Oct/2017:06:36:26 +0200] "GET /javascript/lazyload.js HTTP/1.1" 200 1170 "https://www.easydrivers.at/bad.voeslau" "Mozilla/5.0 (Windows NT 6.1; WOW64; rv:56.0) Gecko/20100101 Firefox/56.0"
62.47.16.169 - - [17/Oct/2017:06:36:26 +0200] "GET /img/close-button.png HTTP/1.1" 200 2237 "https://www.easydrivers.at/bad.voeslau" "Mozilla/5.0 (Windows NT 6.1; WOW64; rv:56.0) Gecko/20100101 Firefox/56.0"
62.47.16.169 - - [17/Oct/2017:06:36:26 +0200] "GET /img/facebook-icon.png HTTP/1.1" 200 1506 "https://www.easydrivers.at/bad.voeslau" "Mozilla/5.0 (Windows NT 6.1; WOW64; rv:56.0) Gecko/20100101 Firefox/56.0"
62.47.16.169 - - [17/Oct/2017:06:36:26 +0200] "GET /img/info-button.png HTTP/1.1" 200 738 "https://www.easydrivers.at/bad.voeslau" "Mozilla/5.0 (Windows NT 6.1; WOW64; rv:56.0) Gecko/20100101 Firefox/56.0"
62.47.16.169 - - [17/Oct/2017:06:36:26 +0200] "GET /img/locator-icon.png HTTP/1.1" 200 1377 "https://www.easydrivers.at/bad.voeslau" "Mozilla/5.0 (Windows NT 6.1; WOW64; rv:56.0) Gecko/20100101 Firefox/56.0"
62.47.16.169 - - [17/Oct/2017:06:36:26 +0200] "GET /img/close-button-small.png HTTP/1.1" 200 1671 "https://www.easydrivers.at/bad.voeslau" "Mozilla/5.0 (Windows NT 6.1; WOW64; rv:56.0) Gecko/20100101 Firefox/56.0"
62.47.16.169 - - [17/Oct/2017:06:36:26 +0200] "GET /img/empty.gif HTTP/1.1" 200 43 "https://www.easydrivers.at/bad.voeslau" "Mozilla/5.0 (Windows NT 6.1; WOW64; rv:56.0) Gecko/20100101 Firefox/56.0"
62.47.16.169 - - [17/Oct/2017:06:36:26 +0200] "GET /img/schweiz-icon.png HTTP/1.1" 200 1504 "https://www.easydrivers.at/bad.voeslau" "Mozilla/5.0 (Windows NT 6.1; WOW64; rv:56.0) Gecko/20100101 Firefox/56.0"
62.47.16.169 - - [17/Oct/2017:06:36:26 +0200] "GET /cache/emu/images/easy-drivers-portal10249996/facebookjpg_160_90_0.jpg HTTP/1.1" 200 3643 "https://www.easydrivers.at/bad.voeslau" "Mozilla/5.0 (Windows NT 6.1; WOW64; rv:56.0) Gecko/20100101 Firefox/56.0"
62.47.16.169 - - [17/Oct/2017:06:36:26 +0200] "GET /img/ED_Logo.png HTTP/1.1" 200 3385 "https://www.easydrivers.at/css/style.css" "Mozilla/5.0 (Windows NT 6.1; WOW64; rv:56.0) Gecko/20100101 Firefox/56.0"
62.47.16.169 - - [17/Oct/2017:06:36:26 +0200] "GET /img/purple-dots-horizontal.png HTTP/1.1" 200 977 "https://www.easydrivers.at/css/style.css" "Mozilla/5.0 (Windows NT 6.1; WOW64; rv:56.0) Gecko/20100101 Firefox/56.0"
62.47.16.169 - - [17/Oct/2017:06:36:26 +0200] "GET /img/yellow-dots-vertical.png HTTP/1.1" 200 981 "https://www.easydrivers.at/css/style.css" "Mozilla/5.0 (Windows NT 6.1; WOW64; rv:56.0) Gecko/20100101 Firefox/56.0"
62.47.16.169 - - [17/Oct/2017:06:36:26 +0200] "GET /img/bg-footer.jpg HTTP/1.1" 200 31770 "https://www.easydrivers.at/css/style.css" "Mozilla/5.0 (Windows NT 6.1; WOW64; rv:56.0) Gecko/20100101 Firefox/56.0"
62.47.16.169 - - [17/Oct/2017:06:36:26 +0200] "GET /img/kursicon-print-pink.png HTTP/1.1" 200 1125 "https://www.easydrivers.at/bad.voeslau" "Mozilla/5.0 (Windows NT 6.1; WOW64; rv:56.0) Gecko/20100101 Firefox/56.0"
62.47.16.169 - - [17/Oct/2017:06:36:26 +0200] "GET /img/bg-top-section.jpg HTTP/1.1" 200 82172 "https://www.easydrivers.at/css/style.css" "Mozilla/5.0 (Windows NT 6.1; WOW64; rv:56.0) Gecko/20100101 Firefox/56.0"
62.47.16.169 - - [17/Oct/2017:06:36:26 +0200] "GET /img/kursicon-download-pink.png HTTP/1.1" 200 1213 "https://www.easydrivers.at/bad.voeslau" "Mozilla/5.0 (Windows NT 6.1; WOW64; rv:56.0) Gecko/20100101 Firefox/56.0"
62.47.16.169 - - [17/Oct/2017:06:36:26 +0200] "GET /img/kursicon-share-pink.png HTTP/1.1" 200 1277 "https://www.easydrivers.at/bad.voeslau" "Mozilla/5.0 (Windows NT 6.1; WOW64; rv:56.0) Gecko/20100101 Firefox/56.0"
62.47.16.169 - - [17/Oct/2017:06:36:26 +0200] "GET /binaries/easy-drivers-portal/widget-icon-trainingpng.png HTTP/1.1" 200 2662 "https://www.easydrivers.at/bad.voeslau" "Mozilla/5.0 (Windows NT 6.1; WOW64; rv:56.0) Gecko/20100101 Firefox/56.0"
213.162.72.140 - - [17/Oct/2017:06:36:26 +0200] "GET /wr.neustadt/Inhaberdaten HTTP/1.1" 301 308 "android-app://com.google.android.googlequicksearchbox" "Mozilla/5.0 (Linux; Android 6.0; ALE-L21 Build/HuaweiALE-L21) AppleWebKit/537.36 (KHTML, like Gecko) Chrome/61.0.3163.98 Mobile Safari/537.36"
62.47.16.169 - - [17/Oct/2017:06:36:26 +0200] "GET /img/kursicon-phone-pink.png HTTP/1.1" 200 1286 "https://www.easydrivers.at/bad.voeslau" "Mozilla/5.0 (Windows NT 6.1; WOW64; rv:56.0) Gecko/20100101 Firefox/56.0"
62.47.16.169 - - [17/Oct/2017:06:36:26 +0200] "GET /binaries/easy-drivers-portal/widget-icon-expertspng.png HTTP/1.1" 200 2159 "https://www.easydrivers.at/bad.voeslau" "Mozilla/5.0 (Windows NT 6.1; WOW64; rv:56.0) Gecko/20100101 Firefox/56.0"
62.47.16.169 - - [17/Oct/2017:06:36:26 +0200] "GET /binaries/easy-drivers-portal/widget-icon-apppng.png HTTP/1.1" 200 2432 "https://www.easydrivers.at/bad.voeslau" "Mozilla/5.0 (Windows NT 6.1; WOW64; rv:56.0) Gecko/20100101 Firefox/56.0"
62.47.16.169 - - [17/Oct/2017:06:36:26 +0200] "GET /img/submit-button.png HTTP/1.1" 200 1958 "https://www.easydrivers.at/bad.voeslau" "Mozilla/5.0 (Windows NT 6.1; WOW64; rv:56.0) Gecko/20100101 Firefox/56.0"
62.47.16.169 - - [17/Oct/2017:06:36:26 +0200] "GET /img/bg-header.jpg HTTP/1.1" 200 38680 "https://www.easydrivers.at/css/style.css" "Mozilla/5.0 (Windows NT 6.1; WOW64; rv:56.0) Gecko/20100101 Firefox/56.0"
62.47.16.169 - - [17/Oct/2017:06:36:27 +0200] "GET /img/new_favicon.ico HTTP/1.1" 301 306 "-" "Mozilla/5.0 (Windows NT 6.1; WOW64; rv:56.0) Gecko/20100101 Firefox/56.0"
62.47.16.169 - - [17/Oct/2017:06:36:27 +0200] "GET /img/new_favicon.ico HTTP/1.1" 200 1150 "-" "Mozilla/5.0 (Windows NT 6.1; WOW64; rv:56.0) Gecko/20100101 Firefox/56.0"
213.162.72.140 - - [17/Oct/2017:06:36:27 +0200] "GET /wr.neustadt/Inhaberdaten HTTP/1.1" 200 3363 "android-app://com.google.android.googlequicksearchbox" "Mozilla/5.0 (Linux; Android 6.0; ALE-L21 Build/HuaweiALE-L21) AppleWebKit/537.36 (KHTML, like Gecko) Chrome/61.0.3163.98 Mobile Safari/537.36"
213.162.72.140 - - [17/Oct/2017:06:36:30 +0200] "GET /css/mobile.css HTTP/1.1" 200 2852 "https://www.easydrivers.at/wr.neustadt/Inhaberdaten" "Mozilla/5.0 (Linux; Android 6.0; ALE-L21 Build/HuaweiALE-L21) AppleWebKit/537.36 (KHTML, like Gecko) Chrome/61.0.3163.98 Mobile Safari/537.36"
213.162.72.140 - - [17/Oct/2017:06:36:30 +0200] "GET /javascript/jquery-1.9.1.min.js HTTP/1.1" 200 32731 "https://www.easydrivers.at/wr.neustadt/Inhaberdaten" "Mozilla/5.0 (Linux; Android 6.0; ALE-L21 Build/HuaweiALE-L21) AppleWebKit/537.36 (KHTML, like Gecko) Chrome/61.0.3163.98 Mobile Safari/537.36"
213.162.72.140 - - [17/Oct/2017:06:36:30 +0200] "GET /javascript/mobile-menu.js HTTP/1.1" 200 1634 "https://www.easydrivers.at/wr.neustadt/Inhaberdaten" "Mozilla/5.0 (Linux; Android 6.0; ALE-L21 Build/HuaweiALE-L21) AppleWebKit/537.36 (KHTML, like Gecko) Chrome/61.0.3163.98 Mobile Safari/537.36"
213.162.72.140 - - [17/Oct/2017:06:36:30 +0200] "GET /javascript/jquery.cookie.js HTTP/1.1" 200 863 "https://www.easydrivers.at/wr.neustadt/Inhaberdaten" "Mozilla/5.0 (Linux; Android 6.0; ALE-L21 Build/HuaweiALE-L21) AppleWebKit/537.36 (KHTML, like Gecko) Chrome/61.0.3163.98 Mobile Safari/537.36"
213.162.72.140 - - [17/Oct/2017:06:36:30 +0200] "GET /javascript/jquery.simplemodal.js HTTP/1.1" 200 3070 "https://www.easydrivers.at/wr.neustadt/Inhaberdaten" "Mozilla/5.0 (Linux; Android 6.0; ALE-L21 Build/HuaweiALE-L21) AppleWebKit/537.36 (KHTML, like Gecko) Chrome/61.0.3163.98 Mobile Safari/537.36"
213.162.72.140 - - [17/Oct/2017:06:36:30 +0200] "GET /javascript/mobile-fahrschule.js HTTP/1.1" 200 328 "https://www.easydrivers.at/wr.neustadt/Inhaberdaten" "Mozilla/5.0 (Linux; Android 6.0; ALE-L21 Build/HuaweiALE-L21) AppleWebKit/537.36 (KHTML, like Gecko) Chrome/61.0.3163.98 Mobile Safari/537.36"
213.162.72.140 - - [17/Oct/2017:06:36:30 +0200] "GET /javascript/lazyload.js HTTP/1.1" 200 1170 "https://www.easydrivers.at/wr.neustadt/Inhaberdaten" "Mozilla/5.0 (Linux; Android 6.0; ALE-L21 Build/HuaweiALE-L21) AppleWebKit/537.36 (KHTML, like Gecko) Chrome/61.0.3163.98 Mobile Safari/537.36"
213.162.72.140 - - [17/Oct/2017:06:36:30 +0200] "GET /img/mobile/menu-button.png HTTP/1.1" 200 1746 "https://www.easydrivers.at/wr.neustadt/Inhaberdaten" "Mozilla/5.0 (Linux; Android 6.0; ALE-L21 Build/HuaweiALE-L21) AppleWebKit/537.36 (KHTML, like Gecko) Chrome/61.0.3163.98 Mobile Safari/537.36"
213.162.72.140 - - [17/Oct/2017:06:36:30 +0200] "GET /img/mobile/close-button.png HTTP/1.1" 200 2411 "https://www.easydrivers.at/wr.neustadt/Inhaberdaten" "Mozilla/5.0 (Linux; Android 6.0; ALE-L21 Build/HuaweiALE-L21) AppleWebKit/537.36 (KHTML, like Gecko) Chrome/61.0.3163.98 Mobile Safari/537.36"
213.162.72.140 - - [17/Oct/2017:06:36:30 +0200] "GET /img/mobile/easydrivers-logo-mobile.png HTTP/1.1" 200 10766 "https://www.easydrivers.at/wr.neustadt/Inhaberdaten" "Mozilla/5.0 (Linux; Android 6.0; ALE-L21 Build/HuaweiALE-L21) AppleWebKit/537.36 (KHTML, like Gecko) Chrome/61.0.3163.98 Mobile Safari/537.36"
213.162.72.140 - - [17/Oct/2017:06:36:30 +0200] "GET /img/mobile/facebook-icon.png HTTP/1.1" 200 1902 "https://www.easydrivers.at/wr.neustadt/Inhaberdaten" "Mozilla/5.0 (Linux; Android 6.0; ALE-L21 Build/HuaweiALE-L21) AppleWebKit/537.36 (KHTML, like Gecko) Chrome/61.0.3163.98 Mobile Safari/537.36"
213.162.72.140 - - [17/Oct/2017:06:36:30 +0200] "GET /img/mobile/info-button.png HTTP/1.1" 200 1549 "https://www.easydrivers.at/wr.neustadt/Inhaberdaten" "Mozilla/5.0 (Linux; Android 6.0; ALE-L21 Build/HuaweiALE-L21) AppleWebKit/537.36 (KHTML, like Gecko) Chrome/61.0.3163.98 Mobile Safari/537.36"
213.162.72.140 - - [17/Oct/2017:06:36:30 +0200] "GET /img/mobile/bg-top-section.jpg HTTP/1.1" 200 21711 "https://www.easydrivers.at/css/mobile.css" "Mozilla/5.0 (Linux; Android 6.0; ALE-L21 Build/HuaweiALE-L21) AppleWebKit/537.36 (KHTML, like Gecko) Chrome/61.0.3163.98 Mobile Safari/537.36"
213.162.72.140 - - [17/Oct/2017:06:36:30 +0200] "GET /img/mobile/info-close-button.png HTTP/1.1" 200 1721 "https://www.easydrivers.at/wr.neustadt/Inhaberdaten" "Mozilla/5.0 (Linux; Android 6.0; ALE-L21 Build/HuaweiALE-L21) AppleWebKit/537.36 (KHTML, like Gecko) Chrome/61.0.3163.98 Mobile Safari/537.36"
213.162.72.140 - - [17/Oct/2017:06:36:30 +0200] "GET /img/mobile/bg-header.jpg HTTP/1.1" 200 19741 "https://www.easydrivers.at/css/mobile.css" "Mozilla/5.0 (Linux; Android 6.0; ALE-L21 Build/HuaweiALE-L21) AppleWebKit/537.36 (KHTML, like Gecko) Chrome/61.0.3163.98 Mobile Safari/537.36"
213.162.72.140 - - [17/Oct/2017:06:36:30 +0200] "GET /img/smallicon-person.png HTTP/1.1" 200 1141 "https://www.easydrivers.at/wr.neustadt/Inhaberdaten" "Mozilla/5.0 (Linux; Android 6.0; ALE-L21 Build/HuaweiALE-L21) AppleWebKit/537.36 (KHTML, like Gecko) Chrome/61.0.3163.98 Mobile Safari/537.36"
213.162.72.140 - - [17/Oct/2017:06:36:30 +0200] "GET /img/mobile/googlemaps-pin.png HTTP/1.1" 200 1597 "https://www.easydrivers.at/wr.neustadt/Inhaberdaten" "Mozilla/5.0 (Linux; Android 6.0; ALE-L21 Build/HuaweiALE-L21) AppleWebKit/537.36 (KHTML, like Gecko) Chrome/61.0.3163.98 Mobile Safari/537.36"
213.162.72.140 - - [17/Oct/2017:06:36:30 +0200] "GET /img/smallicon-address.png HTTP/1.1" 200 1211 "https://www.easydrivers.at/wr.neustadt/Inhaberdaten" "Mozilla/5.0 (Linux; Android 6.0; ALE-L21 Build/HuaweiALE-L21) AppleWebKit/537.36 (KHTML, like Gecko) Chrome/61.0.3163.98 Mobile Safari/537.36"
213.162.72.140 - - [17/Oct/2017:06:36:30 +0200] "GET /img/smallicon-phone.png HTTP/1.1" 200 3056 "https://www.easydrivers.at/wr.neustadt/Inhaberdaten" "Mozilla/5.0 (Linux; Android 6.0; ALE-L21 Build/HuaweiALE-L21) AppleWebKit/537.36 (KHTML, like Gecko) Chrome/61.0.3163.98 Mobile Safari/537.36"
213.162.72.140 - - [17/Oct/2017:06:36:30 +0200] "GET /img/smallicon-time.png HTTP/1.1" 200 1262 "https://www.easydrivers.at/wr.neustadt/Inhaberdaten" "Mozilla/5.0 (Linux; Android 6.0; ALE-L21 Build/HuaweiALE-L21) AppleWebKit/537.36 (KHTML, like Gecko) Chrome/61.0.3163.98 Mobile Safari/537.36"
213.162.72.140 - - [17/Oct/2017:06:36:31 +0200] "GET /img/smallicon-mail.png HTTP/1.1" 200 1341 "https://www.easydrivers.at/wr.neustadt/Inhaberdaten" "Mozilla/5.0 (Linux; Android 6.0; ALE-L21 Build/HuaweiALE-L21) AppleWebKit/537.36 (KHTML, like Gecko) Chrome/61.0.3163.98 Mobile Safari/537.36"
213.162.72.140 - - [17/Oct/2017:06:36:31 +0200] "GET /img/mobile/bg-menu.jpg HTTP/1.1" 200 1698 "https://www.easydrivers.at/css/mobile.css" "Mozilla/5.0 (Linux; Android 6.0; ALE-L21 Build/HuaweiALE-L21) AppleWebKit/537.36 (KHTML, like Gecko) Chrome/61.0.3163.98 Mobile Safari/537.36"
213.162.72.140 - - [17/Oct/2017:06:36:31 +0200] "GET /img/favicon.ico HTTP/1.1" 301 303 "-" "Mozilla/5.0 (Linux; Android 6.0; ALE-L21 Build/HuaweiALE-L21) AppleWebKit/537.36 (KHTML, like Gecko) Chrome/61.0.3163.98 Mobile Safari/537.36"
213.162.72.140 - - [17/Oct/2017:06:36:31 +0200] "GET /img/favicon.ico HTTP/1.1" 404 301 "-" "Mozilla/5.0 (Linux; Android 6.0; ALE-L21 Build/HuaweiALE-L21) AppleWebKit/537.36 (KHTML, like Gecko) Chrome/61.0.3163.98 Mobile Safari/537.36"
178.165.128.147 - - [17/Oct/2017:06:36:33 +0200] "GET /reumannplatz HTTP/1.1" 301 302 "http://m.facebook.com/" "Mozilla/5.0 (Linux; Android 6.0; Archos 60 Platinum Build/MRA58K; wv) AppleWebKit/537.36 (KHTML, like Gecko) Version/4.0 Chrome/55.0.2883.91 Mobile Safari/537.36 [FB_IAB/MESSENGER;FBAV/136.0.0.8.90;]"
178.165.128.147 - - [17/Oct/2017:06:36:34 +0200] "GET /reumannplatz HTTP/1.1" 200 2821 "http://m.facebook.com/" "Mozilla/5.0 (Linux; Android 6.0; Archos 60 Platinum Build/MRA58K; wv) AppleWebKit/537.36 (KHTML, like Gecko) Version/4.0 Chrome/55.0.2883.91 Mobile Safari/537.36 [FB_IAB/MESSENGER;FBAV/136.0.0.8.90;]"
178.165.128.147 - - [17/Oct/2017:06:36:37 +0200] "GET /css/mobile.css HTTP/1.1" 200 2852 "https://www.easydrivers.at/reumannplatz" "Mozilla/5.0 (Linux; Android 6.0; Archos 60 Platinum Build/MRA58K; wv) AppleWebKit/537.36 (KHTML, like Gecko) Version/4.0 Chrome/55.0.2883.91 Mobile Safari/537.36 [FB_IAB/MESSENGER;FBAV/136.0.0.8.90;]"
178.165.128.147 - - [17/Oct/2017:06:36:37 +0200] "GET /javascript/jquery.cookie.js HTTP/1.1" 200 863 "https://www.easydrivers.at/reumannplatz" "Mozilla/5.0 (Linux; Android 6.0; Archos 60 Platinum Build/MRA58K; wv) AppleWebKit/537.36 (KHTML, like Gecko) Version/4.0 Chrome/55.0.2883.91 Mobile Safari/537.36 [FB_IAB/MESSENGER;FBAV/136.0.0.8.90;]"
178.165.128.147 - - [17/Oct/2017:06:36:37 +0200] "GET /javascript/mobile-menu.js HTTP/1.1" 200 1634 "https://www.easydrivers.at/reumannplatz" "Mozilla/5.0 (Linux; Android 6.0; Archos 60 Platinum Build/MRA58K; wv) AppleWebKit/537.36 (KHTML, like Gecko) Version/4.0 Chrome/55.0.2883.91 Mobile Safari/537.36 [FB_IAB/MESSENGER;FBAV/136.0.0.8.90;]"
178.165.128.147 - - [17/Oct/2017:06:36:37 +0200] "GET /javascript/jquery.simplemodal.js HTTP/1.1" 200 3070 "https://www.easydrivers.at/reumannplatz" "Mozilla/5.0 (Linux; Android 6.0; Archos 60 Platinum Build/MRA58K; wv) AppleWebKit/537.36 (KHTML, like Gecko) Version/4.0 Chrome/55.0.2883.91 Mobile Safari/537.36 [FB_IAB/MESSENGER;FBAV/136.0.0.8.90;]"
178.165.128.147 - - [17/Oct/2017:06:36:37 +0200] "GET /javascript/jquery-1.9.1.min.js HTTP/1.1" 200 32731 "https://www.easydrivers.at/reumannplatz" "Mozilla/5.0 (Linux; Android 6.0; Archos 60 Platinum Build/MRA58K; wv) AppleWebKit/537.36 (KHTML, like Gecko) Version/4.0 Chrome/55.0.2883.91 Mobile Safari/537.36 [FB_IAB/MESSENGER;FBAV/136.0.0.8.90;]"
178.165.128.147 - - [17/Oct/2017:06:36:38 +0200] "GET /javascript/mobile-fahrschule.js HTTP/1.1" 200 328 "https://www.easydrivers.at/reumannplatz" "Mozilla/5.0 (Linux; Android 6.0; Archos 60 Platinum Build/MRA58K; wv) AppleWebKit/537.36 (KHTML, like Gecko) Version/4.0 Chrome/55.0.2883.91 Mobile Safari/537.36 [FB_IAB/MESSENGER;FBAV/136.0.0.8.90;]"
178.165.128.147 - - [17/Oct/2017:06:36:38 +0200] "GET /javascript/lazyload.js HTTP/1.1" 200 1170 "https://www.easydrivers.at/reumannplatz" "Mozilla/5.0 (Linux; Android 6.0; Archos 60 Platinum Build/MRA58K; wv) AppleWebKit/537.36 (KHTML, like Gecko) Version/4.0 Chrome/55.0.2883.91 Mobile Safari/537.36 [FB_IAB/MESSENGER;FBAV/136.0.0.8.90;]"
178.165.128.147 - - [17/Oct/2017:06:36:38 +0200] "GET /img/mobile/close-button.png HTTP/1.1" 200 2411 "https://www.easydrivers.at/reumannplatz" "Mozilla/5.0 (Linux; Android 6.0; Archos 60 Platinum Build/MRA58K; wv) AppleWebKit/537.36 (KHTML, like Gecko) Version/4.0 Chrome/55.0.2883.91 Mobile Safari/537.36 [FB_IAB/MESSENGER;FBAV/136.0.0.8.90;]"
178.165.128.147 - - [17/Oct/2017:06:36:38 +0200] "GET /img/mobile/easydrivers-logo-mobile.png HTTP/1.1" 200 10766 "https://www.easydrivers.at/reumannplatz" "Mozilla/5.0 (Linux; Android 6.0; Archos 60 Platinum Build/MRA58K; wv) AppleWebKit/537.36 (KHTML, like Gecko) Version/4.0 Chrome/55.0.2883.91 Mobile Safari/537.36 [FB_IAB/MESSENGER;FBAV/136.0.0.8.90;]"
178.165.128.147 - - [17/Oct/2017:06:36:38 +0200] "GET /img/mobile/menu-button.png HTTP/1.1" 200 1746 "https://www.easydrivers.at/reumannplatz" "Mozilla/5.0 (Linux; Android 6.0; Archos 60 Platinum Build/MRA58K; wv) AppleWebKit/537.36 (KHTML, like Gecko) Version/4.0 Chrome/55.0.2883.91 Mobile Safari/537.36 [FB_IAB/MESSENGER;FBAV/136.0.0.8.90;]"
178.165.128.147 - - [17/Oct/2017:06:36:38 +0200] "GET /img/mobile/facebook-icon.png HTTP/1.1" 200 1902 "https://www.easydrivers.at/reumannplatz" "Mozilla/5.0 (Linux; Android 6.0; Archos 60 Platinum Build/MRA58K; wv) AppleWebKit/537.36 (KHTML, like Gecko) Version/4.0 Chrome/55.0.2883.91 Mobile Safari/537.36 [FB_IAB/MESSENGER;FBAV/136.0.0.8.90;]"
178.165.128.147 - - [17/Oct/2017:06:36:39 +0200] "GET /img/mobile/info-button.png HTTP/1.1" 200 1549 "https://www.easydrivers.at/reumannplatz" "Mozilla/5.0 (Linux; Android 6.0; Archos 60 Platinum Build/MRA58K; wv) AppleWebKit/537.36 (KHTML, like Gecko) Version/4.0 Chrome/55.0.2883.91 Mobile Safari/537.36 [FB_IAB/MESSENGER;FBAV/136.0.0.8.90;]"
178.165.128.147 - - [17/Oct/2017:06:36:39 +0200] "GET /img/mobile/bg-header.jpg HTTP/1.1" 200 19741 "https://www.easydrivers.at/css/mobile.css" "Mozilla/5.0 (Linux; Android 6.0; Archos 60 Platinum Build/MRA58K; wv) AppleWebKit/537.36 (KHTML, like Gecko) Version/4.0 Chrome/55.0.2883.91 Mobile Safari/537.36 [FB_IAB/MESSENGER;FBAV/136.0.0.8.90;]"
178.165.128.147 - - [17/Oct/2017:06:36:39 +0200] "GET /img/mobile/bg-top-section.jpg HTTP/1.1" 200 21711 "https://www.easydrivers.at/css/mobile.css" "Mozilla/5.0 (Linux; Android 6.0; Archos 60 Platinum Build/MRA58K; wv) AppleWebKit/537.36 (KHTML, like Gecko) Version/4.0 Chrome/55.0.2883.91 Mobile Safari/537.36 [FB_IAB/MESSENGER;FBAV/136.0.0.8.90;]"
178.165.128.147 - - [17/Oct/2017:06:36:39 +0200] "GET /img/mobile/pfeil-rechts.png HTTP/1.1" 200 1228 "https://www.easydrivers.at/css/mobile.css" "Mozilla/5.0 (Linux; Android 6.0; Archos 60 Platinum Build/MRA58K; wv) AppleWebKit/537.36 (KHTML, like Gecko) Version/4.0 Chrome/55.0.2883.91 Mobile Safari/537.36 [FB_IAB/MESSENGER;FBAV/136.0.0.8.90;]"
178.165.128.147 - - [17/Oct/2017:06:36:39 +0200] "GET /img/mobile/bg-menu.jpg HTTP/1.1" 200 1698 "https://www.easydrivers.at/css/mobile.css" "Mozilla/5.0 (Linux; Android 6.0; Archos 60 Platinum Build/MRA58K; wv) AppleWebKit/537.36 (KHTML, like Gecko) Version/4.0 Chrome/55.0.2883.91 Mobile Safari/537.36 [FB_IAB/MESSENGER;FBAV/136.0.0.8.90;]"
178.165.128.147 - - [17/Oct/2017:06:36:39 +0200] "GET /img/mobile/widget-icon-app.png HTTP/1.1" 200 3458 "https://www.easydrivers.at/reumannplatz" "Mozilla/5.0 (Linux; Android 6.0; Archos 60 Platinum Build/MRA58K; wv) AppleWebKit/537.36 (KHTML, like Gecko) Version/4.0 Chrome/55.0.2883.91 Mobile Safari/537.36 [FB_IAB/MESSENGER;FBAV/136.0.0.8.90;]"
178.165.128.147 - - [17/Oct/2017:06:36:39 +0200] "GET /img/mobile/info-close-button.png HTTP/1.1" 200 1721 "https://www.easydrivers.at/reumannplatz" "Mozilla/5.0 (Linux; Android 6.0; Archos 60 Platinum Build/MRA58K; wv) AppleWebKit/537.36 (KHTML, like Gecko) Version/4.0 Chrome/55.0.2883.91 Mobile Safari/537.36 [FB_IAB/MESSENGER;FBAV/136.0.0.8.90;]"
178.165.128.147 - - [17/Oct/2017:06:36:40 +0200] "GET /img/smallicon-person.png HTTP/1.1" 200 1141 "https://www.easydrivers.at/reumannplatz" "Mozilla/5.0 (Linux; Android 6.0; Archos 60 Platinum Build/MRA58K; wv) AppleWebKit/537.36 (KHTML, like Gecko) Version/4.0 Chrome/55.0.2883.91 Mobile Safari/537.36 [FB_IAB/MESSENGER;FBAV/136.0.0.8.90;]"
178.165.128.147 - - [17/Oct/2017:06:36:40 +0200] "GET /img/smallicon-address.png HTTP/1.1" 200 1211 "https://www.easydrivers.at/reumannplatz" "Mozilla/5.0 (Linux; Android 6.0; Archos 60 Platinum Build/MRA58K; wv) AppleWebKit/537.36 (KHTML, like Gecko) Version/4.0 Chrome/55.0.2883.91 Mobile Safari/537.36 [FB_IAB/MESSENGER;FBAV/136.0.0.8.90;]"
178.165.128.147 - - [17/Oct/2017:06:36:40 +0200] "GET /img/mobile/googlemaps-pin.png HTTP/1.1" 200 1597 "https://www.easydrivers.at/reumannplatz" "Mozilla/5.0 (Linux; Android 6.0; Archos 60 Platinum Build/MRA58K; wv) AppleWebKit/537.36 (KHTML, like Gecko) Version/4.0 Chrome/55.0.2883.91 Mobile Safari/537.36 [FB_IAB/MESSENGER;FBAV/136.0.0.8.90;]"
178.165.128.147 - - [17/Oct/2017:06:36:40 +0200] "GET /img/smallicon-time.png HTTP/1.1" 200 1262 "https://www.easydrivers.at/reumannplatz" "Mozilla/5.0 (Linux; Android 6.0; Archos 60 Platinum Build/MRA58K; wv) AppleWebKit/537.36 (KHTML, like Gecko) Version/4.0 Chrome/55.0.2883.91 Mobile Safari/537.36 [FB_IAB/MESSENGER;FBAV/136.0.0.8.90;]"
178.165.128.147 - - [17/Oct/2017:06:36:40 +0200] "GET /img/smallicon-phone.png HTTP/1.1" 200 3056 "https://www.easydrivers.at/reumannplatz" "Mozilla/5.0 (Linux; Android 6.0; Archos 60 Platinum Build/MRA58K; wv) AppleWebKit/537.36 (KHTML, like Gecko) Version/4.0 Chrome/55.0.2883.91 Mobile Safari/537.36 [FB_IAB/MESSENGER;FBAV/136.0.0.8.90;]"
178.165.128.147 - - [17/Oct/2017:06:36:40 +0200] "GET /img/smallicon-mail.png HTTP/1.1" 200 1341 "https://www.easydrivers.at/reumannplatz" "Mozilla/5.0 (Linux; Android 6.0; Archos 60 Platinum Build/MRA58K; wv) AppleWebKit/537.36 (KHTML, like Gecko) Version/4.0 Chrome/55.0.2883.91 Mobile Safari/537.36 [FB_IAB/MESSENGER;FBAV/136.0.0.8.90;]"
62.47.16.169 - - [17/Oct/2017:06:36:41 +0200] "GET /img/loading-bars.gif HTTP/1.1" 200 3951 "https://www.easydrivers.at/css/style.css" "Mozilla/5.0 (Windows NT 6.1; WOW64; rv:56.0) Gecko/20100101 Firefox/56.0"
62.47.16.169 - - [17/Oct/2017:06:36:41 +0200] "POST /bad.voeslau/kursauswahl HTTP/1.1" 200 4467 "https://www.easydrivers.at/bad.voeslau" "Mozilla/5.0 (Windows NT 6.1; WOW64; rv:56.0) Gecko/20100101 Firefox/56.0"
62.47.16.169 - - [17/Oct/2017:06:36:44 +0200] "GET /javascript/jquery.showLoading.min.js HTTP/1.1" 200 1136 "https://www.easydrivers.at/bad.voeslau/kursauswahl" "Mozilla/5.0 (Windows NT 6.1; WOW64; rv:56.0) Gecko/20100101 Firefox/56.0"
62.47.16.169 - - [17/Oct/2017:06:36:44 +0200] "GET /css/showLoading.css HTTP/1.1" 200 219 "https://www.easydrivers.at/bad.voeslau/kursauswahl" "Mozilla/5.0 (Windows NT 6.1; WOW64; rv:56.0) Gecko/20100101 Firefox/56.0"
62.47.16.169 - - [17/Oct/2017:06:36:44 +0200] "GET /javascript/jquery.base64.min.js HTTP/1.1" 200 37135 "https://www.easydrivers.at/bad.voeslau/kursauswahl" "Mozilla/5.0 (Windows NT 6.1; WOW64; rv:56.0) Gecko/20100101 Firefox/56.0"
62.47.16.169 - - [17/Oct/2017:06:36:44 +0200] "GET /img/arrow-left.png HTTP/1.1" 200 1015 "https://www.easydrivers.at/css/style.css" "Mozilla/5.0 (Windows NT 6.1; WOW64; rv:56.0) Gecko/20100101 Firefox/56.0"
62.47.16.169 - - [17/Oct/2017:06:36:44 +0200] "GET /img/bg-yellow.jpg HTTP/1.1" 200 2250 "https://www.easydrivers.at/css/style.css" "Mozilla/5.0 (Windows NT 6.1; WOW64; rv:56.0) Gecko/20100101 Firefox/56.0"
62.47.16.169 - - [17/Oct/2017:06:36:44 +0200] "GET /img/top-image-overlay.png HTTP/1.1" 200 20650 "https://www.easydrivers.at/css/style.css" "Mozilla/5.0 (Windows NT 6.1; WOW64; rv:56.0) Gecko/20100101 Firefox/56.0"
62.47.16.169 - - [17/Oct/2017:06:36:44 +0200] "GET /binaries/easy-drivers-portal/motorrad5jpg.jpg HTTP/1.1" 200 84164 "https://www.easydrivers.at/bad.voeslau/kursauswahl" "Mozilla/5.0 (Windows NT 6.1; WOW64; rv:56.0) Gecko/20100101 Firefox/56.0"
62.47.16.169 - - [17/Oct/2017:06:36:47 +0200] "POST /loadkursliste HTTP/1.1" 200 590 "https://www.easydrivers.at/bad.voeslau/kursauswahl" "Mozilla/5.0 (Windows NT 6.1; WOW64; rv:56.0) Gecko/20100101 Firefox/56.0"
62.47.16.169 - - [17/Oct/2017:06:36:49 +0200] "GET /img/kursicon-print.png HTTP/1.1" 200 1184 "https://www.easydrivers.at/bad.voeslau/kursauswahl" "Mozilla/5.0 (Windows NT 6.1; WOW64; rv:56.0) Gecko/20100101 Firefox/56.0"
62.47.16.169 - - [17/Oct/2017:06:36:49 +0200] "GET /img/kursicon-download.png HTTP/1.1" 200 1218 "https://www.easydrivers.at/bad.voeslau/kursauswahl" "Mozilla/5.0 (Windows NT 6.1; WOW64; rv:56.0) Gecko/20100101 Firefox/56.0"
62.47.16.169 - - [17/Oct/2017:06:36:49 +0200] "GET /img/kursicon-share.png HTTP/1.1" 200 1302 "https://www.easydrivers.at/bad.voeslau/kursauswahl" "Mozilla/5.0 (Windows NT 6.1; WOW64; rv:56.0) Gecko/20100101 Firefox/56.0"
62.47.16.169 - - [17/Oct/2017:06:36:49 +0200] "GET /img/kursicon-phone.png HTTP/1.1" 200 1287 "https://www.easydrivers.at/bad.voeslau/kursauswahl" "Mozilla/5.0 (Windows NT 6.1; WOW64; rv:56.0) Gecko/20100101 Firefox/56.0"
178.165.128.147 - - [17/Oct/2017:06:36:50 +0200] "POST /reumannplatz/kursauswahl HTTP/1.1" 200 2820 "https://www.easydrivers.at/reumannplatz" "Mozilla/5.0 (Linux; Android 6.0; Archos 60 Platinum Build/MRA58K; wv) AppleWebKit/537.36 (KHTML, like Gecko) Version/4.0 Chrome/55.0.2883.91 Mobile Safari/537.36 [FB_IAB/MESSENGER;FBAV/136.0.0.8.90;]"
178.165.128.147 - - [17/Oct/2017:06:36:52 +0200] "GET /javascript/mobile-fahrschule-kurs-suchergebnis.js HTTP/1.1" 200 274 "https://www.easydrivers.at/reumannplatz/kursauswahl" "Mozilla/5.0 (Linux; Android 6.0; Archos 60 Platinum Build/MRA58K; wv) AppleWebKit/537.36 (KHTML, like Gecko) Version/4.0 Chrome/55.0.2883.91 Mobile Safari/537.36 [FB_IAB/MESSENGER;FBAV/136.0.0.8.90;]"
178.165.128.147 - - [17/Oct/2017:06:36:53 +0200] "GET /img/mobile/pfeil-links-small.png HTTP/1.1" 200 1065 "https://www.easydrivers.at/css/mobile.css" "Mozilla/5.0 (Linux; Android 6.0; Archos 60 Platinum Build/MRA58K; wv) AppleWebKit/537.36 (KHTML, like Gecko) Version/4.0 Chrome/55.0.2883.91 Mobile Safari/537.36 [FB_IAB/MESSENGER;FBAV/136.0.0.8.90;]"
178.165.128.147 - - [17/Oct/2017:06:36:53 +0200] "GET /img/mobile/bg-yellow.jpg HTTP/1.1" 200 1569 "https://www.easydrivers.at/css/mobile.css" "Mozilla/5.0 (Linux; Android 6.0; Archos 60 Platinum Build/MRA58K; wv) AppleWebKit/537.36 (KHTML, like Gecko) Version/4.0 Chrome/55.0.2883.91 Mobile Safari/537.36 [FB_IAB/MESSENGER;FBAV/136.0.0.8.90;]"
178.165.128.147 - - [17/Oct/2017:06:36:53 +0200] "GET /img/loading-bars.gif HTTP/1.1" 200 3951 "https://www.easydrivers.at/css/mobile.css" "Mozilla/5.0 (Linux; Android 6.0; Archos 60 Platinum Build/MRA58K; wv) AppleWebKit/537.36 (KHTML, like Gecko) Version/4.0 Chrome/55.0.2883.91 Mobile Safari/537.36 [FB_IAB/MESSENGER;FBAV/136.0.0.8.90;]"
213.162.72.140 - - [17/Oct/2017:06:36:50 +0200] "GET /wr.neustadt HTTP/1.1" 200 2988 "https://www.easydrivers.at/wr.neustadt/Inhaberdaten" "Mozilla/5.0 (Linux; Android 6.0; ALE-L21 Build/HuaweiALE-L21) AppleWebKit/537.36 (KHTML, like Gecko) Chrome/61.0.3163.98 Mobile Safari/537.36"
213.162.72.140 - - [17/Oct/2017:06:36:53 +0200] "GET /img/mobile/widget-icon-app.png HTTP/1.1" 200 3458 "https://www.easydrivers.at/wr.neustadt" "Mozilla/5.0 (Linux; Android 6.0; ALE-L21 Build/HuaweiALE-L21) AppleWebKit/537.36 (KHTML, like Gecko) Chrome/61.0.3163.98 Mobile Safari/537.36"
213.162.72.140 - - [17/Oct/2017:06:36:53 +0200] "GET /img/mobile/pfeil-rechts.png HTTP/1.1" 200 1228 "https://www.easydrivers.at/css/mobile.css" "Mozilla/5.0 (Linux; Android 6.0; ALE-L21 Build/HuaweiALE-L21) AppleWebKit/537.36 (KHTML, like Gecko) Chrome/61.0.3163.98 Mobile Safari/537.36"
62.47.16.169 - - [17/Oct/2017:06:36:52 +0200] "GET /bad.voeslau/Intensivkurs-8-Einheiten?FS=B-L17 HTTP/1.1" 200 7623 "https://www.easydrivers.at/bad.voeslau/kursauswahl" "Mozilla/5.0 (Windows NT 6.1; WOW64; rv:56.0) Gecko/20100101 Firefox/56.0"
62.47.16.169 - - [17/Oct/2017:06:36:54 +0200] "GET /javascript/suche.js HTTP/1.1" 200 209 "https://www.easydrivers.at/bad.voeslau/Intensivkurs-8-Einheiten?FS=B-L17" "Mozilla/5.0 (Windows NT 6.1; WOW64; rv:56.0) Gecko/20100101 Firefox/56.0"
62.47.16.169 - - [17/Oct/2017:06:36:54 +0200] "GET /cache/emu/images/10248941/_155_145.jpg HTTP/1.1" 200 4317 "https://www.easydrivers.at/bad.voeslau/Intensivkurs-8-Einheiten?FS=B-L17" "Mozilla/5.0 (Windows NT 6.1; WOW64; rv:56.0) Gecko/20100101 Firefox/56.0"
62.47.16.169 - - [17/Oct/2017:06:36:54 +0200] "GET /cache/emu/images/10248936/_155_163.jpg HTTP/1.1" 200 4621 "https://www.easydrivers.at/bad.voeslau/Intensivkurs-8-Einheiten?FS=B-L17" "Mozilla/5.0 (Windows NT 6.1; WOW64; rv:56.0) Gecko/20100101 Firefox/56.0"
62.47.16.169 - - [17/Oct/2017:06:36:54 +0200] "GET /cache/emu/images/10248937/_155_161.jpg HTTP/1.1" 200 5830 "https://www.easydrivers.at/bad.voeslau/Intensivkurs-8-Einheiten?FS=B-L17" "Mozilla/5.0 (Windows NT 6.1; WOW64; rv:56.0) Gecko/20100101 Firefox/56.0"
62.47.16.169 - - [17/Oct/2017:06:36:54 +0200] "GET /cache/emu/images/10248938/_155_144.jpg HTTP/1.1" 200 5270 "https://www.easydrivers.at/bad.voeslau/Intensivkurs-8-Einheiten?FS=B-L17" "Mozilla/5.0 (Windows NT 6.1; WOW64; rv:56.0) Gecko/20100101 Firefox/56.0"
62.47.16.169 - - [17/Oct/2017:06:36:54 +0200] "GET /binaries/easy-drivers-portal/pkw9jpg-1.jpg HTTP/1.1" 200 68933 "https://www.easydrivers.at/bad.voeslau/Intensivkurs-8-Einheiten?FS=B-L17" "Mozilla/5.0 (Windows NT 6.1; WOW64; rv:56.0) Gecko/20100101 Firefox/56.0"
62.47.16.169 - - [17/Oct/2017:06:36:54 +0200] "GET /cache/emu/images/10248939/_155_147.jpg HTTP/1.1" 200 5577 "https://www.easydrivers.at/bad.voeslau/Intensivkurs-8-Einheiten?FS=B-L17" "Mozilla/5.0 (Windows NT 6.1; WOW64; rv:56.0) Gecko/20100101 Firefox/56.0"
62.47.16.169 - - [17/Oct/2017:06:36:54 +0200] "GET /cache/emu/images/10248940/_155_161.jpg HTTP/1.1" 200 5157 "https://www.easydrivers.at/bad.voeslau/Intensivkurs-8-Einheiten?FS=B-L17" "Mozilla/5.0 (Windows NT 6.1; WOW64; rv:56.0) Gecko/20100101 Firefox/56.0"
62.47.16.169 - - [17/Oct/2017:06:36:55 +0200] "GET /img/smallicon-phone.png HTTP/1.1" 200 3056 "https://www.easydrivers.at/css/style.css" "Mozilla/5.0 (Windows NT 6.1; WOW64; rv:56.0) Gecko/20100101 Firefox/56.0"
62.47.16.169 - - [17/Oct/2017:06:36:55 +0200] "GET /img/smallicon-mail.png HTTP/1.1" 200 1341 "https://www.easydrivers.at/css/style.css" "Mozilla/5.0 (Windows NT 6.1; WOW64; rv:56.0) Gecko/20100101 Firefox/56.0"
62.47.16.169 - - [17/Oct/2017:06:36:55 +0200] "GET /img/arrow-up.png HTTP/1.1" 200 1081 "https://www.easydrivers.at/css/style.css" "Mozilla/5.0 (Windows NT 6.1; WOW64; rv:56.0) Gecko/20100101 Firefox/56.0"
178.165.128.147 - - [17/Oct/2017:06:36:56 +0200] "POST /loadkursliste HTTP/1.1" 200 485 "https://www.easydrivers.at/reumannplatz/kursauswahl" "Mozilla/5.0 (Linux; Android 6.0; Archos 60 Platinum Build/MRA58K; wv) AppleWebKit/537.36 (KHTML, like Gecko) Version/4.0 Chrome/55.0.2883.91 Mobile Safari/537.36 [FB_IAB/MESSENGER;FBAV/136.0.0.8.90;]"
66.249.76.74 - - [17/Oct/2017:06:37:02 +0200] "GET /uploads/pdfs/hartberg/Weihnachtskurs_Dezember_2016_B-L.pdf HTTP/1.1" 301 333 "-" "Mozilla/5.0 (compatible; Googlebot/2.1; +http://www.google.com/bot.html)"
66.249.76.82 - - [17/Oct/2017:06:37:03 +0200] "GET /uploads/pdfs/hartberg/Weihnachtskurs_Dezember_2016_B-L.pdf HTTP/1.1" 200 33423 "-" "Mozilla/5.0 (compatible; Googlebot/2.1; +http://www.google.com/bot.html)"
178.165.128.147 - - [17/Oct/2017:06:37:08 +0200] "GET /reumannplatz/10290421?FS=B HTTP/1.1" 200 3064 "https://www.easydrivers.at/reumannplatz/kursauswahl" "Mozilla/5.0 (Linux; Android 6.0; Archos 60 Platinum Build/MRA58K; wv) AppleWebKit/537.36 (KHTML, like Gecko) Version/4.0 Chrome/55.0.2883.91 Mobile Safari/537.36 [FB_IAB/MESSENGER;FBAV/136.0.0.8.90;]"
178.165.128.147 - - [17/Oct/2017:06:37:11 +0200] "GET /img/mobile/kursicon-share.png HTTP/1.1" 200 2065 "https://www.easydrivers.at/reumannplatz/10290421?FS=B" "Mozilla/5.0 (Linux; Android 6.0; Archos 60 Platinum Build/MRA58K; wv) AppleWebKit/537.36 (KHTML, like Gecko) Version/4.0 Chrome/55.0.2883.91 Mobile Safari/537.36 [FB_IAB/MESSENGER;FBAV/136.0.0.8.90;]"
178.165.128.147 - - [17/Oct/2017:06:37:11 +0200] "GET /img/mobile/kursicon-phone.png HTTP/1.1" 200 1932 "https://www.easydrivers.at/reumannplatz/10290421?FS=B" "Mozilla/5.0 (Linux; Android 6.0; Archos 60 Platinum Build/MRA58K; wv) AppleWebKit/537.36 (KHTML, like Gecko) Version/4.0 Chrome/55.0.2883.91 Mobile Safari/537.36 [FB_IAB/MESSENGER;FBAV/136.0.0.8.90;]"
178.165.128.147 - - [17/Oct/2017:06:37:11 +0200] "GET /img/mobile/smallicon-mail.png HTTP/1.1" 200 1335 "https://www.easydrivers.at/reumannplatz/10290421?FS=B" "Mozilla/5.0 (Linux; Android 6.0; Archos 60 Platinum Build/MRA58K; wv) AppleWebKit/537.36 (KHTML, like Gecko) Version/4.0 Chrome/55.0.2883.91 Mobile Safari/537.36 [FB_IAB/MESSENGER;FBAV/136.0.0.8.90;]"
178.165.128.147 - - [17/Oct/2017:06:37:11 +0200] "GET /img/mobile/smallicon-phone.png HTTP/1.1" 200 1311 "https://www.easydrivers.at/reumannplatz/10290421?FS=B" "Mozilla/5.0 (Linux; Android 6.0; Archos 60 Platinum Build/MRA58K; wv) AppleWebKit/537.36 (KHTML, like Gecko) Version/4.0 Chrome/55.0.2883.91 Mobile Safari/537.36 [FB_IAB/MESSENGER;FBAV/136.0.0.8.90;]"
178.165.128.147 - - [17/Oct/2017:06:37:11 +0200] "GET /img/mobile/pfeil-rechts-small.png HTTP/1.1" 200 1056 "https://www.easydrivers.at/css/mobile.css" "Mozilla/5.0 (Linux; Android 6.0; Archos 60 Platinum Build/MRA58K; wv) AppleWebKit/537.36 (KHTML, like Gecko) Version/4.0 Chrome/55.0.2883.91 Mobile Safari/537.36 [FB_IAB/MESSENGER;FBAV/136.0.0.8.90;]"
213.162.72.140 - - [17/Oct/2017:06:37:11 +0200] "GET /wr.neustadt/Inhaberdaten HTTP/1.1" 200 3363 "https://www.easydrivers.at/wr.neustadt" "Mozilla/5.0 (Linux; Android 6.0; ALE-L21 Build/HuaweiALE-L21) AppleWebKit/537.36 (KHTML, like Gecko) Chrome/61.0.3163.98 Mobile Safari/537.36"
178.165.128.147 - - [17/Oct/2017:06:37:20 +0200] "GET /reumannplatz HTTP/1.1" 200 2821 "http://m.facebook.com/" "Mozilla/5.0 (Linux; Android 6.0; Archos 60 Platinum Build/MRA58K; wv) AppleWebKit/537.36 (KHTML, like Gecko) Version/4.0 Chrome/55.0.2883.91 Mobile Safari/537.36 [FB_IAB/MESSENGER;FBAV/136.0.0.8.90;]"
62.47.16.169 - - [17/Oct/2017:06:37:54 +0200] "GET /ueberuns HTTP/1.1" 200 3260 "https://www.easydrivers.at/bad.voeslau/Intensivkurs-8-Einheiten?FS=B-L17" "Mozilla/5.0 (Windows NT 6.1; WOW64; rv:56.0) Gecko/20100101 Firefox/56.0"
62.47.16.169 - - [17/Oct/2017:06:37:56 +0200] "GET /javascript/history.js HTTP/1.1" 200 967 "https://www.easydrivers.at/ueberuns" "Mozilla/5.0 (Windows NT 6.1; WOW64; rv:56.0) Gecko/20100101 Firefox/56.0"
62.47.16.169 - - [17/Oct/2017:06:37:56 +0200] "GET /css/history.css HTTP/1.1" 200 609 "https://www.easydrivers.at/ueberuns" "Mozilla/5.0 (Windows NT 6.1; WOW64; rv:56.0) Gecko/20100101 Firefox/56.0"
62.47.16.169 - - [17/Oct/2017:06:37:56 +0200] "GET /binaries/easy-drivers-portal/edwebhistoryillu392x3925jpg.jpg HTTP/1.1" 200 31708 "https://www.easydrivers.at/ueberuns" "Mozilla/5.0 (Windows NT 6.1; WOW64; rv:56.0) Gecko/20100101 Firefox/56.0"
62.47.16.169 - - [17/Oct/2017:06:37:56 +0200] "GET /binaries/easy-drivers-portal/edwebhistoryillu392x3929jpg.jpg HTTP/1.1" 200 31823 "https://www.easydrivers.at/ueberuns" "Mozilla/5.0 (Windows NT 6.1; WOW64; rv:56.0) Gecko/20100101 Firefox/56.0"
62.47.16.169 - - [17/Oct/2017:06:37:56 +0200] "GET /binaries/easy-drivers-portal/edwebhistoryillu392x3926jpg.jpg HTTP/1.1" 200 41118 "https://www.easydrivers.at/ueberuns" "Mozilla/5.0 (Windows NT 6.1; WOW64; rv:56.0) Gecko/20100101 Firefox/56.0"
62.47.16.169 - - [17/Oct/2017:06:37:56 +0200] "GET /binaries/easy-drivers-portal/edwebhistoryillu392x39211jpg.jpg HTTP/1.1" 200 36282 "https://www.easydrivers.at/ueberuns" "Mozilla/5.0 (Windows NT 6.1; WOW64; rv:56.0) Gecko/20100101 Firefox/56.0"
62.47.16.169 - - [17/Oct/2017:06:37:56 +0200] "GET /binaries/easy-drivers-portal/edwebhistoryillu392x3928jpg.jpg HTTP/1.1" 200 38907 "https://www.easydrivers.at/ueberuns" "Mozilla/5.0 (Windows NT 6.1; WOW64; rv:56.0) Gecko/20100101 Firefox/56.0"
62.47.16.169 - - [17/Oct/2017:06:37:56 +0200] "GET /binaries/easy-drivers-portal/edwebhistoryillu392x3927jpg.jpg HTTP/1.1" 200 71377 "https://www.easydrivers.at/ueberuns" "Mozilla/5.0 (Windows NT 6.1; WOW64; rv:56.0) Gecko/20100101 Firefox/56.0"
66.249.76.74 - - [17/Oct/2017:06:37:56 +0200] "GET /am.spitz/10281081?FS=A2B HTTP/1.1" 301 312 "-" "Mozilla/5.0 (compatible; Googlebot/2.1; +http://www.google.com/bot.html)"
62.47.16.169 - - [17/Oct/2017:06:37:56 +0200] "GET /binaries/easy-drivers-portal/edwebhistoryillu392x39210jpg.jpg HTTP/1.1" 200 19475 "https://www.easydrivers.at/ueberuns" "Mozilla/5.0 (Windows NT 6.1; WOW64; rv:56.0) Gecko/20100101 Firefox/56.0"
62.47.16.169 - - [17/Oct/2017:06:37:56 +0200] "GET /binaries/easy-drivers-portal/edwebhistoryillu392x3922jpg.jpg HTTP/1.1" 200 32209 "https://www.easydrivers.at/ueberuns" "Mozilla/5.0 (Windows NT 6.1; WOW64; rv:56.0) Gecko/20100101 Firefox/56.0"
62.47.16.169 - - [17/Oct/2017:06:37:56 +0200] "GET /binaries/easy-drivers-portal/edwebhistoryillu392x39220kpng.png HTTP/1.1" 200 49333 "https://www.easydrivers.at/ueberuns" "Mozilla/5.0 (Windows NT 6.1; WOW64; rv:56.0) Gecko/20100101 Firefox/56.0"
62.47.16.169 - - [17/Oct/2017:06:37:56 +0200] "GET /binaries/easy-drivers-portal/edwebhistoryillu392x3924jpg.jpg HTTP/1.1" 200 35765 "https://www.easydrivers.at/ueberuns" "Mozilla/5.0 (Windows NT 6.1; WOW64; rv:56.0) Gecko/20100101 Firefox/56.0"
62.47.16.169 - - [17/Oct/2017:06:37:56 +0200] "GET /binaries/easy-drivers-portal/edwebhistoryillu392x3923jpg.jpg HTTP/1.1" 200 54656 "https://www.easydrivers.at/ueberuns" "Mozilla/5.0 (Windows NT 6.1; WOW64; rv:56.0) Gecko/20100101 Firefox/56.0"
62.47.16.169 - - [17/Oct/2017:06:37:56 +0200] "GET /binaries/easy-drivers-portal/edwebhistoryillu392x392radjpg.jpg HTTP/1.1" 200 124939 "https://www.easydrivers.at/ueberuns" "Mozilla/5.0 (Windows NT 6.1; WOW64; rv:56.0) Gecko/20100101 Firefox/56.0"
66.249.76.82 - - [17/Oct/2017:06:37:57 +0200] "GET /am.spitz/10281081?FS=A2B HTTP/1.1" 410 3382 "-" "Mozilla/5.0 (compatible; Googlebot/2.1; +http://www.google.com/bot.html)"
62.47.16.169 - - [17/Oct/2017:06:38:09 +0200] "GET /bad.voeslau/Intensivkurs-8-Einheiten?FS=B-L17 HTTP/1.1" 200 7623 "https://www.easydrivers.at/bad.voeslau/kursauswahl" "Mozilla/5.0 (Windows NT 6.1; WOW64; rv:56.0) Gecko/20100101 Firefox/56.0"
62.47.16.169 - - [17/Oct/2017:06:38:15 +0200] "GET /bad.voeslau HTTP/1.1" 200 3754 "https://www.easydrivers.at/bad.voeslau/Intensivkurs-8-Einheiten?FS=B-L17" "Mozilla/5.0 (Windows NT 6.1; WOW64; rv:56.0) Gecko/20100101 Firefox/56.0"
62.47.16.169 - - [17/Oct/2017:06:38:36 +0200] "GET /bad.voeslau/kurse HTTP/1.1" 200 4303 "https://www.easydrivers.at/bad.voeslau" "Mozilla/5.0 (Windows NT 6.1; WOW64; rv:56.0) Gecko/20100101 Firefox/56.0"
62.47.16.169 - - [17/Oct/2017:06:38:38 +0200] "GET /binaries/easy-drivers-portal/motorrad1jpg.jpg HTTP/1.1" 200 125850 "https://www.easydrivers.at/bad.voeslau/kurse" "Mozilla/5.0 (Windows NT 6.1; WOW64; rv:56.0) Gecko/20100101 Firefox/56.0"
62.47.16.169 - - [17/Oct/2017:06:38:38 +0200] "POST /loadkursliste HTTP/1.1" 200 590 "https://www.easydrivers.at/bad.voeslau/kurse" "Mozilla/5.0 (Windows NT 6.1; WOW64; rv:56.0) Gecko/20100101 Firefox/56.0"
