93.82.56.76 - - [17/Oct/2017:09:01:06 +0200] "GET /img/mobile/smallicon-phone.png HTTP/1.1" 200 1311 "https://www.easydrivers.at/ennstal.schladming/wfk-22-12-2017?FS=B" "Mozilla/5.0 (Linux; Android 7.0; SM-A310F Build/NRD90M) AppleWebKit/537.36 (KHTML, like Gecko) Chrome/61.0.3163.98 Mobile Safari/537.36"
93.82.56.76 - - [17/Oct/2017:09:01:06 +0200] "GET /img/mobile/smallicon-mail.png HTTP/1.1" 200 1335 "https://www.easydrivers.at/ennstal.schladming/wfk-22-12-2017?FS=B" "Mozilla/5.0 (Linux; Android 7.0; SM-A310F Build/NRD90M) AppleWebKit/537.36 (KHTML, like Gecko) Chrome/61.0.3163.98 Mobile Safari/537.36"
93.82.56.76 - - [17/Oct/2017:09:01:06 +0200] "GET /img/mobile/pfeil-rechts-small.png HTTP/1.1" 200 1056 "https://www.easydrivers.at/css/mobile.css" "Mozilla/5.0 (Linux; Android 7.0; SM-A310F Build/NRD90M) AppleWebKit/537.36 (KHTML, like Gecko) Chrome/61.0.3163.98 Mobile Safari/537.36"
194.67.210.77 - - [17/Oct/2017:09:01:06 +0200] "HEAD / HTTP/1.1" 301 - "http://avtokor-23.ru/pro-cat/chevrolet/" "Mozilla/6.0 (compatible; MSIE5.00; Windows 2009)"
68.180.228.44 - - [17/Oct/2017:09:01:08 +0200] "GET /pruefprotokoll HTTP/1.1" 200 2604 "-" "Mozilla/5.0 (compatible; Yahoo! Slurp; http://help.yahoo.com/help/us/ysearch/slurp)"
66.249.76.76 - - [17/Oct/2017:09:01:13 +0200] "GET /bruck.leitha/10279720?FS=BZ HTTP/1.1" 301 315 "-" "Mozilla/5.0 (compatible; Googlebot/2.1; +http://www.google.com/bot.html)"
66.249.76.80 - - [17/Oct/2017:09:01:14 +0200] "GET /bruck.leitha/10279720?FS=BZ HTTP/1.1" 410 3438 "-" "Mozilla/5.0 (compatible; Googlebot/2.1; +http://www.google.com/bot.html)"
66.249.93.78 - - [17/Oct/2017:09:01:31 +0200] "GET / HTTP/1.1" 301 293 "-" "Mozilla/5.0 (X11; Linux x86_64) AppleWebKit/537.36 (KHTML, like Gecko) Chrome/49.0.2623.75 Safari/537.36 Google Favicon"
66.249.93.83 - - [17/Oct/2017:09:01:31 +0200] "GET / HTTP/1.1" 200 4425 "-" "Mozilla/5.0 (X11; Linux x86_64) AppleWebKit/537.36 (KHTML, like Gecko) Chrome/49.0.2623.75 Safari/537.36 Google Favicon"
66.249.93.78 - - [17/Oct/2017:09:01:33 +0200] "GET /img/new_favicon.ico HTTP/1.1" 301 306 "-" "Mozilla/5.0 (X11; Linux x86_64) AppleWebKit/537.36 (KHTML, like Gecko) Chrome/49.0.2623.75 Safari/537.36 Google Favicon"
66.249.93.81 - - [17/Oct/2017:09:01:33 +0200] "GET /img/new_favicon.ico HTTP/1.1" 200 1150 "-" "Mozilla/5.0 (X11; Linux x86_64) AppleWebKit/537.36 (KHTML, like Gecko) Chrome/49.0.2623.75 Safari/537.36 Google Favicon"
93.82.56.76 - - [17/Oct/2017:09:01:53 +0200] "GET /ennstal.schladming/wfk-22-12-2017 HTTP/1.1" 301 317 "-" "WhatsApp/2.17.351 A"
93.82.56.76 - - [17/Oct/2017:09:01:53 +0200] "GET /ennstal.schladming/wfk-22-12-2017 HTTP/1.1" 301 317 "-" "WhatsApp/2.17.351 A"
164.132.161.2 - - [17/Oct/2017:09:01:55 +0200] "GET /dornbirn HTTP/1.1" 301 299 "-" "Mozilla/5.0 (compatible; AhrefsBot/5.2; +http://ahrefs.com/robot/)"
93.82.56.76 - - [17/Oct/2017:09:01:53 +0200] "GET /ennstal.schladming/wfk-22-12-2017 HTTP/1.1" 200 4156 "-" "WhatsApp/2.17.351 A"
93.82.56.76 - - [17/Oct/2017:09:01:56 +0200] "GET /img/ED_Logo.png HTTP/1.1" 301 305 "-" "WhatsApp/2.17.351 A"
93.82.56.76 - - [17/Oct/2017:09:01:56 +0200] "GET /img/ED_Logo.png HTTP/1.1" 301 305 "-" "WhatsApp/2.17.351 A"
66.249.76.76 - - [17/Oct/2017:09:02:07 +0200] "GET /download.php?id=10230051 HTTP/1.1" 301 310 "-" "Mozilla/5.0 (compatible; Googlebot/2.1; +http://www.google.com/bot.html)"
66.249.76.82 - - [17/Oct/2017:09:02:08 +0200] "GET /download.php?id=10230051 HTTP/1.1" 200 84968 "-" "Mozilla/5.0 (compatible; Googlebot/2.1; +http://www.google.com/bot.html)"
188.22.20.25 - - [17/Oct/2017:09:02:14 +0200] "GET /bludenz HTTP/1.1" 301 299 "https://www.google.at/" "Mozilla/5.0 (iPad; CPU OS 10_3_2 like Mac OS X) AppleWebKit/603.2.4 (KHTML, like Gecko) Version/10.0 Mobile/14F89 Safari/602.1"
194.29.99.50 - - [17/Oct/2017:09:02:12 +0200] "GET /retz/aktionen HTTP/1.1" 200 2888 "https://www.easydrivers.at/retz/kurse" "Mozilla/5.0 (Windows NT 6.1; Trident/7.0; rv:11.0) like Gecko"
188.22.20.25 - - [17/Oct/2017:09:02:14 +0200] "GET /bludenz HTTP/1.1" 200 3590 "https://www.google.at/" "Mozilla/5.0 (iPad; CPU OS 10_3_2 like Mac OS X) AppleWebKit/603.2.4 (KHTML, like Gecko) Version/10.0 Mobile/14F89 Safari/602.1"
194.29.99.50 - - [17/Oct/2017:09:02:16 +0200] "GET /binaries/easy-drivers-portal/pkw6jpg.jpg HTTP/1.1" 200 75742 "https://www.easydrivers.at/retz/aktionen" "Mozilla/5.0 (Windows NT 6.1; Trident/7.0; rv:11.0) like Gecko"
188.22.20.25 - - [17/Oct/2017:09:02:17 +0200] "GET /css/style.css HTTP/1.1" 200 5004 "https://www.easydrivers.at/bludenz" "Mozilla/5.0 (iPad; CPU OS 10_3_2 like Mac OS X) AppleWebKit/603.2.4 (KHTML, like Gecko) Version/10.0 Mobile/14F89 Safari/602.1"
188.22.20.25 - - [17/Oct/2017:09:02:17 +0200] "GET /css/print.css HTTP/1.1" 200 967 "https://www.easydrivers.at/bludenz" "Mozilla/5.0 (iPad; CPU OS 10_3_2 like Mac OS X) AppleWebKit/603.2.4 (KHTML, like Gecko) Version/10.0 Mobile/14F89 Safari/602.1"
188.22.20.25 - - [17/Oct/2017:09:02:17 +0200] "GET /javascript/jquery.customSelect.min.js HTTP/1.1" 200 912 "https://www.easydrivers.at/bludenz" "Mozilla/5.0 (iPad; CPU OS 10_3_2 like Mac OS X) AppleWebKit/603.2.4 (KHTML, like Gecko) Version/10.0 Mobile/14F89 Safari/602.1"
188.22.20.25 - - [17/Oct/2017:09:02:17 +0200] "GET /javascript/jquery.simplemodal.js HTTP/1.1" 200 3070 "https://www.easydrivers.at/bludenz" "Mozilla/5.0 (iPad; CPU OS 10_3_2 like Mac OS X) AppleWebKit/603.2.4 (KHTML, like Gecko) Version/10.0 Mobile/14F89 Safari/602.1"
188.22.20.25 - - [17/Oct/2017:09:02:17 +0200] "GET /javascript/jquery.cookie.js HTTP/1.1" 200 863 "https://www.easydrivers.at/bludenz" "Mozilla/5.0 (iPad; CPU OS 10_3_2 like Mac OS X) AppleWebKit/603.2.4 (KHTML, like Gecko) Version/10.0 Mobile/14F89 Safari/602.1"
188.22.20.25 - - [17/Oct/2017:09:02:17 +0200] "GET /javascript/portal.js?1221842734 HTTP/1.1" 200 3529 "https://www.easydrivers.at/bludenz" "Mozilla/5.0 (iPad; CPU OS 10_3_2 like Mac OS X) AppleWebKit/603.2.4 (KHTML, like Gecko) Version/10.0 Mobile/14F89 Safari/602.1"
188.22.20.25 - - [17/Oct/2017:09:02:17 +0200] "GET /javascript/fahrschule.js HTTP/1.1" 200 462 "https://www.easydrivers.at/bludenz" "Mozilla/5.0 (iPad; CPU OS 10_3_2 like Mac OS X) AppleWebKit/603.2.4 (KHTML, like Gecko) Version/10.0 Mobile/14F89 Safari/602.1"
188.22.20.25 - - [17/Oct/2017:09:02:17 +0200] "GET /javascript/lazyload.js HTTP/1.1" 200 1170 "https://www.easydrivers.at/bludenz" "Mozilla/5.0 (iPad; CPU OS 10_3_2 like Mac OS X) AppleWebKit/603.2.4 (KHTML, like Gecko) Version/10.0 Mobile/14F89 Safari/602.1"
188.22.20.25 - - [17/Oct/2017:09:02:17 +0200] "GET /img/close-button.png HTTP/1.1" 200 2237 "https://www.easydrivers.at/bludenz" "Mozilla/5.0 (iPad; CPU OS 10_3_2 like Mac OS X) AppleWebKit/603.2.4 (KHTML, like Gecko) Version/10.0 Mobile/14F89 Safari/602.1"
188.22.20.25 - - [17/Oct/2017:09:02:17 +0200] "GET /img/facebook-icon.png HTTP/1.1" 200 1506 "https://www.easydrivers.at/bludenz" "Mozilla/5.0 (iPad; CPU OS 10_3_2 like Mac OS X) AppleWebKit/603.2.4 (KHTML, like Gecko) Version/10.0 Mobile/14F89 Safari/602.1"
188.22.20.25 - - [17/Oct/2017:09:02:17 +0200] "GET /img/info-button.png HTTP/1.1" 200 738 "https://www.easydrivers.at/bludenz" "Mozilla/5.0 (iPad; CPU OS 10_3_2 like Mac OS X) AppleWebKit/603.2.4 (KHTML, like Gecko) Version/10.0 Mobile/14F89 Safari/602.1"
188.22.20.25 - - [17/Oct/2017:09:02:17 +0200] "GET /img/locator-icon.png HTTP/1.1" 200 1377 "https://www.easydrivers.at/bludenz" "Mozilla/5.0 (iPad; CPU OS 10_3_2 like Mac OS X) AppleWebKit/603.2.4 (KHTML, like Gecko) Version/10.0 Mobile/14F89 Safari/602.1"
188.22.20.25 - - [17/Oct/2017:09:02:17 +0200] "GET /img/close-button-small.png HTTP/1.1" 200 1671 "https://www.easydrivers.at/bludenz" "Mozilla/5.0 (iPad; CPU OS 10_3_2 like Mac OS X) AppleWebKit/603.2.4 (KHTML, like Gecko) Version/10.0 Mobile/14F89 Safari/602.1"
188.22.20.25 - - [17/Oct/2017:09:02:17 +0200] "GET /img/submit-button.png HTTP/1.1" 200 1958 "https://www.easydrivers.at/bludenz" "Mozilla/5.0 (iPad; CPU OS 10_3_2 like Mac OS X) AppleWebKit/603.2.4 (KHTML, like Gecko) Version/10.0 Mobile/14F89 Safari/602.1"
188.22.20.25 - - [17/Oct/2017:09:02:17 +0200] "GET /cache/emu/images/easy-drivers-portal10241568/schnellkursjpg_160_90_0.jpg HTTP/1.1" 200 4159 "https://www.easydrivers.at/bludenz" "Mozilla/5.0 (iPad; CPU OS 10_3_2 like Mac OS X) AppleWebKit/603.2.4 (KHTML, like Gecko) Version/10.0 Mobile/14F89 Safari/602.1"
188.22.20.25 - - [17/Oct/2017:09:02:17 +0200] "GET /img/empty.gif HTTP/1.1" 200 43 "https://www.easydrivers.at/bludenz" "Mozilla/5.0 (iPad; CPU OS 10_3_2 like Mac OS X) AppleWebKit/603.2.4 (KHTML, like Gecko) Version/10.0 Mobile/14F89 Safari/602.1"
188.22.20.25 - - [17/Oct/2017:09:02:17 +0200] "GET /binaries/easy-drivers-portal/widget-icon-trainingpng.png HTTP/1.1" 200 2662 "https://www.easydrivers.at/bludenz" "Mozilla/5.0 (iPad; CPU OS 10_3_2 like Mac OS X) AppleWebKit/603.2.4 (KHTML, like Gecko) Version/10.0 Mobile/14F89 Safari/602.1"
188.22.20.25 - - [17/Oct/2017:09:02:17 +0200] "GET /binaries/easy-drivers-portal/widget-icon-apppng.png HTTP/1.1" 200 2432 "https://www.easydrivers.at/bludenz" "Mozilla/5.0 (iPad; CPU OS 10_3_2 like Mac OS X) AppleWebKit/603.2.4 (KHTML, like Gecko) Version/10.0 Mobile/14F89 Safari/602.1"
188.22.20.25 - - [17/Oct/2017:09:02:17 +0200] "GET /img/bg-header.jpg HTTP/1.1" 200 38680 "https://www.easydrivers.at/bludenz" "Mozilla/5.0 (iPad; CPU OS 10_3_2 like Mac OS X) AppleWebKit/603.2.4 (KHTML, like Gecko) Version/10.0 Mobile/14F89 Safari/602.1"
188.22.20.25 - - [17/Oct/2017:09:02:17 +0200] "GET /img/schweiz-icon.png HTTP/1.1" 200 1504 "https://www.easydrivers.at/bludenz" "Mozilla/5.0 (iPad; CPU OS 10_3_2 like Mac OS X) AppleWebKit/603.2.4 (KHTML, like Gecko) Version/10.0 Mobile/14F89 Safari/602.1"
188.22.20.25 - - [17/Oct/2017:09:02:17 +0200] "GET /img/ED_Logo.png HTTP/1.1" 200 3385 "https://www.easydrivers.at/bludenz" "Mozilla/5.0 (iPad; CPU OS 10_3_2 like Mac OS X) AppleWebKit/603.2.4 (KHTML, like Gecko) Version/10.0 Mobile/14F89 Safari/602.1"
188.22.20.25 - - [17/Oct/2017:09:02:17 +0200] "GET /img/purple-dots-horizontal.png HTTP/1.1" 200 977 "https://www.easydrivers.at/bludenz" "Mozilla/5.0 (iPad; CPU OS 10_3_2 like Mac OS X) AppleWebKit/603.2.4 (KHTML, like Gecko) Version/10.0 Mobile/14F89 Safari/602.1"
188.22.20.25 - - [17/Oct/2017:09:02:17 +0200] "GET /img/yellow-dots-vertical.png HTTP/1.1" 200 981 "https://www.easydrivers.at/bludenz" "Mozilla/5.0 (iPad; CPU OS 10_3_2 like Mac OS X) AppleWebKit/603.2.4 (KHTML, like Gecko) Version/10.0 Mobile/14F89 Safari/602.1"
188.22.20.25 - - [17/Oct/2017:09:02:17 +0200] "GET /img/bg-footer.jpg HTTP/1.1" 200 31770 "https://www.easydrivers.at/bludenz" "Mozilla/5.0 (iPad; CPU OS 10_3_2 like Mac OS X) AppleWebKit/603.2.4 (KHTML, like Gecko) Version/10.0 Mobile/14F89 Safari/602.1"
188.22.20.25 - - [17/Oct/2017:09:02:18 +0200] "GET /img/kursicon-print-pink.png HTTP/1.1" 200 1125 "https://www.easydrivers.at/bludenz" "Mozilla/5.0 (iPad; CPU OS 10_3_2 like Mac OS X) AppleWebKit/603.2.4 (KHTML, like Gecko) Version/10.0 Mobile/14F89 Safari/602.1"
188.22.20.25 - - [17/Oct/2017:09:02:18 +0200] "GET /img/kursicon-download-pink.png HTTP/1.1" 200 1213 "https://www.easydrivers.at/bludenz" "Mozilla/5.0 (iPad; CPU OS 10_3_2 like Mac OS X) AppleWebKit/603.2.4 (KHTML, like Gecko) Version/10.0 Mobile/14F89 Safari/602.1"
188.22.20.25 - - [17/Oct/2017:09:02:18 +0200] "GET /img/kursicon-share-pink.png HTTP/1.1" 200 1277 "https://www.easydrivers.at/bludenz" "Mozilla/5.0 (iPad; CPU OS 10_3_2 like Mac OS X) AppleWebKit/603.2.4 (KHTML, like Gecko) Version/10.0 Mobile/14F89 Safari/602.1"
188.22.20.25 - - [17/Oct/2017:09:02:17 +0200] "GET /img/bg-top-section.jpg HTTP/1.1" 200 82172 "https://www.easydrivers.at/bludenz" "Mozilla/5.0 (iPad; CPU OS 10_3_2 like Mac OS X) AppleWebKit/603.2.4 (KHTML, like Gecko) Version/10.0 Mobile/14F89 Safari/602.1"
188.22.20.25 - - [17/Oct/2017:09:02:18 +0200] "GET /img/kursicon-phone-pink.png HTTP/1.1" 200 1286 "https://www.easydrivers.at/bludenz" "Mozilla/5.0 (iPad; CPU OS 10_3_2 like Mac OS X) AppleWebKit/603.2.4 (KHTML, like Gecko) Version/10.0 Mobile/14F89 Safari/602.1"
207.46.13.120 - - [17/Oct/2017:09:02:24 +0200] "GET /uploads/pdfs/bruck.leitha/10280239_AM-M.pdf HTTP/1.1" 200 27808 "-" "Mozilla/5.0 (compatible; bingbot/2.0; +http://www.bing.com/bingbot.htm)"
213.208.157.9 - - [17/Oct/2017:09:02:30 +0200] "GET / HTTP/1.1" 200 3579 "-" "Mozilla/5.0 (Linux; Android 7.0; SM-A520F Build/NRD90M) AppleWebKit/537.36 (KHTML, like Gecko) Chrome/61.0.3163.98 Mobile Safari/537.36"
195.212.98.190 - - [17/Oct/2017:09:02:39 +0200] "GET /binaries/easy-drivers-portal/edwebhistoryillu392x3924jpg.jpg HTTP/1.1" 301 447 "-" "Mozilla/4.0 (compatible;)"
207.46.13.48 - - [17/Oct/2017:09:02:41 +0200] "GET /binaries/10252763.jpg HTTP/1.1" 301 309 "-" "Mozilla/5.0 (compatible; bingbot/2.0; +http://www.bing.com/bingbot.htm)"
77.119.128.146 - - [17/Oct/2017:09:02:42 +0200] "GET /schwechat?gclid=EAIaIQobChMIyebuqov31gIVhZUbCh2YZwELEAAYASAAEgIBrfD_BwE HTTP/1.1" 301 351 "-" "Mozilla/5.0 (Windows NT 10.0; WOW64; Trident/7.0; rv:11.0) like Gecko"
207.46.13.48 - - [17/Oct/2017:09:02:42 +0200] "GET /binaries/10252763.jpg HTTP/1.1" 200 32719 "-" "Mozilla/5.0 (compatible; bingbot/2.0; +http://www.bing.com/bingbot.htm)"
194.29.99.50 - - [17/Oct/2017:09:02:41 +0200] "GET /retz/kurse HTTP/1.1" 200 4425 "https://www.easydrivers.at/retz/aktionen" "Mozilla/5.0 (Windows NT 6.1; Trident/7.0; rv:11.0) like Gecko"
194.29.99.50 - - [17/Oct/2017:09:02:43 +0200] "GET /binaries/easy-drivers-portal/traktor3jpg.jpg HTTP/1.1" 200 131201 "https://www.easydrivers.at/retz/kurse" "Mozilla/5.0 (Windows NT 6.1; Trident/7.0; rv:11.0) like Gecko"
77.119.128.146 - - [17/Oct/2017:09:02:43 +0200] "GET /schwechat?gclid=EAIaIQobChMIyebuqov31gIVhZUbCh2YZwELEAAYASAAEgIBrfD_BwE HTTP/1.1" 200 3733 "-" "Mozilla/5.0 (Windows NT 10.0; WOW64; Trident/7.0; rv:11.0) like Gecko"
213.208.157.9 - - [17/Oct/2017:09:02:50 +0200] "-" 408 - "-" "-"
213.208.157.9 - - [17/Oct/2017:09:02:50 +0200] "-" 408 - "-" "-"
213.208.157.9 - - [17/Oct/2017:09:02:50 +0200] "-" 408 - "-" "-"
213.208.157.9 - - [17/Oct/2017:09:02:50 +0200] "-" 408 - "-" "-"
213.208.157.9 - - [17/Oct/2017:09:02:50 +0200] "-" 408 - "-" "-"
194.29.99.50 - - [17/Oct/2017:09:02:53 +0200] "GET /retz/aktionen HTTP/1.1" 200 2889 "https://www.easydrivers.at/retz/kurse" "Mozilla/5.0 (Windows NT 6.1; Trident/7.0; rv:11.0) like Gecko"
194.29.99.50 - - [17/Oct/2017:09:02:58 +0200] "GET /retz/kurse HTTP/1.1" 200 4425 "https://www.easydrivers.at/retz" "Mozilla/5.0 (Windows NT 6.1; Trident/7.0; rv:11.0) like Gecko"
194.29.99.50 - - [17/Oct/2017:09:03:01 +0200] "GET /binaries/easy-drivers-portal/pkw3jpg.jpg HTTP/1.1" 200 90539 "https://www.easydrivers.at/retz/kurse" "Mozilla/5.0 (Windows NT 6.1; Trident/7.0; rv:11.0) like Gecko"
66.249.76.76 - - [17/Oct/2017:09:03:01 +0200] "GET /voesendorf/10281942?FS=BL1796 HTTP/1.1" 301 316 "-" "Mozilla/5.0 (compatible; Googlebot/2.1; +http://www.google.com/bot.html)"
216.244.66.249 - - [17/Oct/2017:09:03:02 +0200] "GET /schwechat/Bilder_Galerie/ HTTP/1.1" 301 412 "-" "Mozilla/5.0 (compatible; DotBot/1.1; http://www.opensiteexplorer.org/dotbot, help@moz.com)"
66.249.76.82 - - [17/Oct/2017:09:03:01 +0200] "GET /voesendorf/10281942?FS=BL1796 HTTP/1.1" 200 6099 "-" "Mozilla/5.0 (compatible; Googlebot/2.1; +http://www.google.com/bot.html)"
194.29.99.50 - - [17/Oct/2017:09:03:11 +0200] "GET /retz HTTP/1.1" 200 3450 "http://www.google.at/url?sa=t&rct=j&q=&esrc=s&source=web&cd=1&ved=0ahUKEwir67KqiPfWAhWIAMAKHSfJDHkQFggnMAA&url=http%3A%2F%2Fwww.easydrivers.at%2Fretz&usg=AOvVaw2NbITn_sweFdx_RtfGC9o7" "Mozilla/5.0 (Windows NT 6.1; Trident/7.0; rv:11.0) like Gecko"
194.29.99.50 - - [17/Oct/2017:09:03:20 +0200] "POST /retz/kursauswahl HTTP/1.1" 200 4292 "https://www.easydrivers.at/retz" "Mozilla/5.0 (Windows NT 6.1; Trident/7.0; rv:11.0) like Gecko"
194.29.99.50 - - [17/Oct/2017:09:03:22 +0200] "GET /binaries/easy-drivers-portal/pkw5jpg.jpg HTTP/1.1" 200 96177 "https://www.easydrivers.at/retz/kursauswahl" "Mozilla/5.0 (Windows NT 6.1; Trident/7.0; rv:11.0) like Gecko"
83.216.203.54 - - [17/Oct/2017:09:03:32 +0200] "GET / HTTP/1.1" 200 4425 "-" "Mozilla/5.0 (Windows NT 6.1; Win64; x64; rv:56.0) Gecko/20100101 Firefox/56.0"
68.180.228.44 - - [17/Oct/2017:09:03:35 +0200] "GET /fuehrerscheinerwerb HTTP/1.1" 200 2205 "-" "Mozilla/5.0 (compatible; Yahoo! Slurp; http://help.yahoo.com/help/us/ysearch/slurp)"
213.225.11.60 - - [17/Oct/2017:09:03:38 +0200] "GET /voesendorf/Aktionen HTTP/1.1" 301 307 "http://m.facebook.com/" "Mozilla/5.0 (Linux; Android 7.0; SM-G928F Build/NRD90M; wv) AppleWebKit/537.36 (KHTML, like Gecko) Version/4.0 Chrome/61.0.3163.98 Mobile Safari/537.36 [FB_IAB/FB4A;FBAV/145.0.0.37.86;]"
213.225.11.60 - - [17/Oct/2017:09:03:38 +0200] "GET /voesendorf/Aktionen HTTP/1.1" 200 3548 "http://m.facebook.com/" "Mozilla/5.0 (Linux; Android 7.0; SM-G928F Build/NRD90M; wv) AppleWebKit/537.36 (KHTML, like Gecko) Version/4.0 Chrome/61.0.3163.98 Mobile Safari/537.36 [FB_IAB/FB4A;FBAV/145.0.0.37.86;]"
66.249.76.74 - - [17/Oct/2017:09:03:54 +0200] "GET /uploads/pdfs/waidhofen.ybbs/AK_02_2015_B-L.pdf HTTP/1.1" 301 327 "-" "Mozilla/5.0 (compatible; Googlebot/2.1; +http://www.google.com/bot.html)"
66.249.76.80 - - [17/Oct/2017:09:03:55 +0200] "GET /uploads/pdfs/waidhofen.ybbs/AK_02_2015_B-L.pdf HTTP/1.1" 200 30654 "-" "Mozilla/5.0 (compatible; Googlebot/2.1; +http://www.google.com/bot.html)"
66.249.76.76 - - [17/Oct/2017:09:04:48 +0200] "GET /uploads/pdfs/st.poelten/10259986_A1L17.pdf HTTP/1.1" 301 323 "-" "Mozilla/5.0 (compatible; Googlebot/2.1; +http://www.google.com/bot.html)"
66.249.76.82 - - [17/Oct/2017:09:04:49 +0200] "GET /uploads/pdfs/st.poelten/10259986_A1L17.pdf HTTP/1.1" 200 37578 "-" "Mozilla/5.0 (compatible; Googlebot/2.1; +http://www.google.com/bot.html)"
66.249.76.78 - - [17/Oct/2017:09:05:42 +0200] "GET /10248783 HTTP/1.1" 301 300 "-" "Mozilla/5.0 (compatible; Googlebot/2.1; +http://www.google.com/bot.html)"
66.249.76.84 - - [17/Oct/2017:09:05:42 +0200] "GET /10248783 HTTP/1.1" 200 2166 "-" "Mozilla/5.0 (compatible; Googlebot/2.1; +http://www.google.com/bot.html)"
91.20.91.156 - - [17/Oct/2017:09:06:08 +0200] "GET /cache/emu/images/10244767/_155_124.jpg HTTP/1.1" 200 4862 "https://www.google.de/" "Mozilla/5.0 (Windows NT 6.1; Win64; x64) AppleWebKit/537.36 (KHTML, like Gecko) Chrome/61.0.3163.100 Safari/537.36"
66.249.76.76 - - [17/Oct/2017:09:06:36 +0200] "GET /uploads/pdfs/ennstal.schladming/KK-24-08-2015_B-L17.pdf HTTP/1.1" 301 335 "-" "Mozilla/5.0 (compatible; Googlebot/2.1; +http://www.google.com/bot.html)"
66.249.76.82 - - [17/Oct/2017:09:06:36 +0200] "GET /uploads/pdfs/ennstal.schladming/KK-24-08-2015_B-L17.pdf HTTP/1.1" 200 34990 "-" "Mozilla/5.0 (compatible; Googlebot/2.1; +http://www.google.com/bot.html)"
81.217.123.117 - - [17/Oct/2017:09:06:37 +0200] "GET /moedling/aktionen HTTP/1.1" 301 305 "http://m.facebook.com" "Mozilla/5.0 (iPhone; CPU iPhone OS 11_0_3 like Mac OS X) AppleWebKit/604.1.38 (KHTML, like Gecko) Mobile/15A432 [FBAN/FBIOS;FBAV/145.0.0.59.86;FBBV/74951375;FBDV/iPhone8,1;FBMD/iPhone;FBSN/iOS;FBSV/11.0.3;FBSS/2;FBCR/Carrier;FBID/phone;FBLC/de_DE;FBOP/5;FBRV/74951375]"
81.217.123.117 - - [17/Oct/2017:09:06:37 +0200] "GET /moedling/aktionen HTTP/1.1" 200 3658 "http://m.facebook.com" "Mozilla/5.0 (iPhone; CPU iPhone OS 11_0_3 like Mac OS X) AppleWebKit/604.1.38 (KHTML, like Gecko) Mobile/15A432 [FBAN/FBIOS;FBAV/145.0.0.59.86;FBBV/74951375;FBDV/iPhone8,1;FBMD/iPhone;FBSN/iOS;FBSV/11.0.3;FBSS/2;FBCR/Carrier;FBID/phone;FBLC/de_DE;FBOP/5;FBRV/74951375]"
46.125.250.60 - - [17/Oct/2017:09:06:42 +0200] "GET /fuehrerscheine/lkw HTTP/1.1" 301 304 "https://www.google.at/" "Mozilla/5.0 (Linux; Android 6.0; HUAWEI GRA-L09 Build/HUAWEIGRA-L09) AppleWebKit/537.36 (KHTML, like Gecko) Chrome/61.0.3163.98 Mobile Safari/537.36"
46.125.250.60 - - [17/Oct/2017:09:06:42 +0200] "GET /fuehrerscheine/lkw HTTP/1.1" 200 3734 "https://www.google.at/" "Mozilla/5.0 (Linux; Android 6.0; HUAWEI GRA-L09 Build/HUAWEIGRA-L09) AppleWebKit/537.36 (KHTML, like Gecko) Chrome/61.0.3163.98 Mobile Safari/537.36"
46.125.250.60 - - [17/Oct/2017:09:06:44 +0200] "GET /javascript/mobile-license.js HTTP/1.1" 200 216 "https://www.easydrivers.at/fuehrerscheine/lkw" "Mozilla/5.0 (Linux; Android 6.0; HUAWEI GRA-L09 Build/HUAWEIGRA-L09) AppleWebKit/537.36 (KHTML, like Gecko) Chrome/61.0.3163.98 Mobile Safari/537.36"
46.125.250.60 - - [17/Oct/2017:09:06:44 +0200] "GET /img/mobile/weiter-button.png HTTP/1.1" 200 1670 "https://www.easydrivers.at/css/mobile.css" "Mozilla/5.0 (Linux; Android 6.0; HUAWEI GRA-L09 Build/HUAWEIGRA-L09) AppleWebKit/537.36 (KHTML, like Gecko) Chrome/61.0.3163.98 Mobile Safari/537.36"
207.46.13.120 - - [17/Oct/2017:09:06:45 +0200] "GET /uploads/pdfs/kapfenberg.pankl/10260064_A2B.pdf HTTP/1.1" 200 29840 "-" "Mozilla/5.0 (compatible; bingbot/2.0; +http://www.bing.com/bingbot.htm)"
46.125.250.60 - - [17/Oct/2017:09:07:03 +0200] "-" 408 - "-" "-"
46.125.250.60 - - [17/Oct/2017:09:07:03 +0200] "-" 408 - "-" "-"
46.125.250.60 - - [17/Oct/2017:09:07:03 +0200] "-" 408 - "-" "-"
207.46.13.120 - - [17/Oct/2017:09:07:08 +0200] "GET /amstetten/mopedkurs_ostern_17?FS=AM-M HTTP/1.1" 301 319 "-" "Mozilla/5.0 (iPhone; CPU iPhone OS 7_0 like Mac OS X) AppleWebKit/537.51.1 (KHTML, like Gecko) Version/7.0 Mobile/11A465 Safari/9537.53 (compatible; bingbot/2.0; +http://www.bing.com/bingbot.htm)"
207.46.13.120 - - [17/Oct/2017:09:07:09 +0200] "GET /amstetten/mopedkurs_ostern_17?FS=AM-M HTTP/1.1" 500 625 "-" "Mozilla/5.0 (iPhone; CPU iPhone OS 7_0 like Mac OS X) AppleWebKit/537.51.1 (KHTML, like Gecko) Version/7.0 Mobile/11A465 Safari/9537.53 (compatible; bingbot/2.0; +http://www.bing.com/bingbot.htm)"
66.249.76.78 - - [17/Oct/2017:09:07:29 +0200] "GET /uploads/pdfs/bludenz/Mopedkurs-M-2015-07-21_AM-M.pdf HTTP/1.1" 301 332 "-" "Mozilla/5.0 (compatible; Googlebot/2.1; +http://www.google.com/bot.html)"
66.249.76.84 - - [17/Oct/2017:09:07:30 +0200] "GET /uploads/pdfs/bludenz/Mopedkurs-M-2015-07-21_AM-M.pdf HTTP/1.1" 200 27968 "-" "Mozilla/5.0 (compatible; Googlebot/2.1; +http://www.google.com/bot.html)"
194.183.141.58 - - [17/Oct/2017:09:08:16 +0200] "GET /steyr/aktionen HTTP/1.1" 301 302 "https://www.google.at/" "Mozilla/5.0 (Windows NT 10.0; Win64; x64) AppleWebKit/537.36 (KHTML, like Gecko) Chrome/61.0.3163.100 Safari/537.36"
194.183.141.58 - - [17/Oct/2017:09:08:18 +0200] "GET /binaries/easy-drivers-steyr/weihnachten-2015pdf.pdf HTTP/1.1" 301 321 "https://www.google.at/" "Mozilla/5.0 (Windows NT 10.0; Win64; x64) AppleWebKit/537.36 (KHTML, like Gecko) Chrome/61.0.3163.100 Safari/537.36"
194.183.141.58 - - [17/Oct/2017:09:08:16 +0200] "GET /steyr/aktionen HTTP/1.1" 200 3249 "https://www.google.at/" "Mozilla/5.0 (Windows NT 10.0; Win64; x64) AppleWebKit/537.36 (KHTML, like Gecko) Chrome/61.0.3163.100 Safari/537.36"
194.183.141.58 - - [17/Oct/2017:09:08:19 +0200] "GET /favicon.ico HTTP/1.1" 200 1150 "https://www.easydrivers.at/binaries/easy-drivers-steyr/weihnachten-2015pdf.pdf" "Mozilla/5.0 (Windows NT 10.0; Win64; x64) AppleWebKit/537.36 (KHTML, like Gecko) Chrome/61.0.3163.100 Safari/537.36"
194.183.141.58 - - [17/Oct/2017:09:08:18 +0200] "GET /binaries/easy-drivers-steyr/weihnachten-2015pdf.pdf HTTP/1.1" 200 579146 "https://www.google.at/" "Mozilla/5.0 (Windows NT 10.0; Win64; x64) AppleWebKit/537.36 (KHTML, like Gecko) Chrome/61.0.3163.100 Safari/537.36"
194.183.141.58 - - [17/Oct/2017:09:08:20 +0200] "GET /binaries/easy-drivers-steyr/weihnachten-2015pdf.pdf HTTP/1.1" 206 120394 "https://www.easydrivers.at/binaries/easy-drivers-steyr/weihnachten-2015pdf.pdf" "Mozilla/5.0 (Windows NT 10.0; Win64; x64) AppleWebKit/537.36 (KHTML, like Gecko) Chrome/61.0.3163.100 Safari/537.36"
66.249.76.76 - - [17/Oct/2017:09:08:23 +0200] "GET /uploads/pdfs/bruck.leitha/10279427_A1L17.pdf HTTP/1.1" 301 326 "-" "Mozilla/5.0 (compatible; Googlebot/2.1; +http://www.google.com/bot.html)"
66.249.76.84 - - [17/Oct/2017:09:08:23 +0200] "GET /uploads/pdfs/bruck.leitha/10279427_A1L17.pdf HTTP/1.1" 200 38193 "-" "Mozilla/5.0 (compatible; Googlebot/2.1; +http://www.google.com/bot.html)"
82.83.81.26 - - [17/Oct/2017:09:08:30 +0200] "GET /cache/emu/images/10244767/_155_124.jpg HTTP/1.1" 200 4862 "https://www.google.de/" "Mozilla/5.0 (Windows NT 10.0; Win64; x64) AppleWebKit/537.36 (KHTML, like Gecko) Chrome/61.0.3163.100 Safari/537.36"
216.244.66.202 - - [17/Oct/2017:09:08:46 +0200] "GET /brigittenau/10242523?FS=B HTTP/1.1" 301 412 "-" "Mozilla/5.0 (compatible; DotBot/1.1; http://www.opensiteexplorer.org/dotbot, help@moz.com)"
216.244.66.202 - - [17/Oct/2017:09:08:51 +0200] "GET /tulln/Bilder_Galerie/ HTTP/1.1" 301 408 "-" "Mozilla/5.0 (compatible; DotBot/1.1; http://www.opensiteexplorer.org/dotbot, help@moz.com)"
216.244.66.202 - - [17/Oct/2017:09:08:52 +0200] "GET /freistadt/ HTTP/1.1" 301 397 "-" "Mozilla/5.0 (compatible; DotBot/1.1; http://www.opensiteexplorer.org/dotbot, help@moz.com)"
213.225.0.31 - - [17/Oct/2017:09:08:50 +0200] "GET /bludenz HTTP/1.1" 200 2940 "https://www.google.at/" "Mozilla/5.0 (iPhone; CPU iPhone OS 10_3_3 like Mac OS X) AppleWebKit/603.3.8 (KHTML, like Gecko) Version/10.0 Mobile/14G60 Safari/602.1"
216.244.66.202 - - [17/Oct/2017:09:08:53 +0200] "GET /hartberg/10250387 HTTP/1.1" 301 404 "-" "Mozilla/5.0 (compatible; DotBot/1.1; http://www.opensiteexplorer.org/dotbot, help@moz.com)"
216.244.66.202 - - [17/Oct/2017:09:08:55 +0200] "GET /hartberg/10250441?FS=CC95 HTTP/1.1" 301 412 "-" "Mozilla/5.0 (compatible; DotBot/1.1; http://www.opensiteexplorer.org/dotbot, help@moz.com)"
216.244.66.202 - - [17/Oct/2017:09:08:56 +0200] "GET /hollabrunn/10252093?FS=A1F HTTP/1.1" 301 413 "-" "Mozilla/5.0 (compatible; DotBot/1.1; http://www.opensiteexplorer.org/dotbot, help@moz.com)"
216.244.66.202 - - [17/Oct/2017:09:08:58 +0200] "GET /horn/10271319?FS=BE HTTP/1.1" 301 406 "-" "Mozilla/5.0 (compatible; DotBot/1.1; http://www.opensiteexplorer.org/dotbot, help@moz.com)"
216.244.66.202 - - [17/Oct/2017:09:08:59 +0200] "GET /jennersdorf/10243034?FS=B-L17 HTTP/1.1" 301 416 "-" "Mozilla/5.0 (compatible; DotBot/1.1; http://www.opensiteexplorer.org/dotbot, help@moz.com)"
216.244.66.202 - - [17/Oct/2017:09:09:00 +0200] "GET /scheibbs/10249680?FS=BBE HTTP/1.1" 301 411 "-" "Mozilla/5.0 (compatible; DotBot/1.1; http://www.opensiteexplorer.org/dotbot, help@moz.com)"
216.244.66.202 - - [17/Oct/2017:09:09:02 +0200] "GET /schwechat/10251368?FS=F HTTP/1.1" 301 410 "-" "Mozilla/5.0 (compatible; DotBot/1.1; http://www.opensiteexplorer.org/dotbot, help@moz.com)"
216.244.66.202 - - [17/Oct/2017:09:09:03 +0200] "GET /schwechat/10251378?FS=A1F HTTP/1.1" 301 412 "-" "Mozilla/5.0 (compatible; DotBot/1.1; http://www.opensiteexplorer.org/dotbot, help@moz.com)"
216.244.66.202 - - [17/Oct/2017:09:09:05 +0200] "GET /st.valentin/27_06_2014?FS=DD195-C HTTP/1.1" 301 420 "-" "Mozilla/5.0 (compatible; DotBot/1.1; http://www.opensiteexplorer.org/dotbot, help@moz.com)"
193.170.142.166 - - [17/Oct/2017:09:09:06 +0200] "GET / HTTP/1.1" 301 293 "https://www.google.at/" "Mozilla/5.0 (Windows NT 6.1; WOW64; rv:52.0) Gecko/20100101 Firefox/52.0"
35.194.15.218 - - [17/Oct/2017:09:09:04 +0200] "GET /ennstal.schladming/wfk-22-12-2017?FS=B HTTP/1.1" 200 5907 "-" "Mozilla/5.0 (compatible; BomboraBot/1.0; +http://www.bombora.com/bot)"
193.170.142.166 - - [17/Oct/2017:09:09:06 +0200] "GET / HTTP/1.1" 200 4425 "https://www.google.at/" "Mozilla/5.0 (Windows NT 6.1; WOW64; rv:52.0) Gecko/20100101 Firefox/52.0"
193.170.142.166 - - [17/Oct/2017:09:09:07 +0200] "GET / HTTP/1.1" 200 4425 "https://www.google.at/" "Mozilla/5.0 (Windows NT 6.1; WOW64; rv:52.0) Gecko/20100101 Firefox/52.0"
193.170.142.166 - - [17/Oct/2017:09:09:08 +0200] "GET /css/print.css HTTP/1.1" 200 967 "https://www.easydrivers.at/" "Mozilla/5.0 (Windows NT 6.1; WOW64; rv:52.0) Gecko/20100101 Firefox/52.0"
193.170.142.166 - - [17/Oct/2017:09:09:08 +0200] "GET /javascript/jquery.customSelect.min.js HTTP/1.1" 200 912 "https://www.easydrivers.at/" "Mozilla/5.0 (Windows NT 6.1; WOW64; rv:52.0) Gecko/20100101 Firefox/52.0"
193.170.142.166 - - [17/Oct/2017:09:09:08 +0200] "GET /javascript/jquery.cookie.js HTTP/1.1" 200 863 "https://www.easydrivers.at/" "Mozilla/5.0 (Windows NT 6.1; WOW64; rv:52.0) Gecko/20100101 Firefox/52.0"
193.170.142.166 - - [17/Oct/2017:09:09:08 +0200] "GET /javascript/portal.js?1221842734 HTTP/1.1" 200 3529 "https://www.easydrivers.at/" "Mozilla/5.0 (Windows NT 6.1; WOW64; rv:52.0) Gecko/20100101 Firefox/52.0"
193.170.142.166 - - [17/Oct/2017:09:09:08 +0200] "GET /css/style.css HTTP/1.1" 200 5004 "https://www.easydrivers.at/" "Mozilla/5.0 (Windows NT 6.1; WOW64; rv:52.0) Gecko/20100101 Firefox/52.0"
193.170.142.166 - - [17/Oct/2017:09:09:08 +0200] "GET /javascript/jquery.simplemodal.js HTTP/1.1" 200 3070 "https://www.easydrivers.at/" "Mozilla/5.0 (Windows NT 6.1; WOW64; rv:52.0) Gecko/20100101 Firefox/52.0"
193.170.142.166 - - [17/Oct/2017:09:09:08 +0200] "GET /javascript/homesearch.js HTTP/1.1" 200 393 "https://www.easydrivers.at/" "Mozilla/5.0 (Windows NT 6.1; WOW64; rv:52.0) Gecko/20100101 Firefox/52.0"
193.170.142.166 - - [17/Oct/2017:09:09:08 +0200] "GET /javascript/lazyload.js HTTP/1.1" 200 1170 "https://www.easydrivers.at/" "Mozilla/5.0 (Windows NT 6.1; WOW64; rv:52.0) Gecko/20100101 Firefox/52.0"
193.170.142.166 - - [17/Oct/2017:09:09:08 +0200] "GET /binaries/easy-drivers-portal/widget-icon-trainingpng.png HTTP/1.1" 200 2662 "https://www.easydrivers.at/" "Mozilla/5.0 (Windows NT 6.1; WOW64; rv:52.0) Gecko/20100101 Firefox/52.0"
193.170.142.166 - - [17/Oct/2017:09:09:08 +0200] "GET /img/empty.gif HTTP/1.1" 200 43 "https://www.easydrivers.at/" "Mozilla/5.0 (Windows NT 6.1; WOW64; rv:52.0) Gecko/20100101 Firefox/52.0"
193.170.142.166 - - [17/Oct/2017:09:09:08 +0200] "GET /img/close-button.png HTTP/1.1" 200 2237 "https://www.easydrivers.at/" "Mozilla/5.0 (Windows NT 6.1; WOW64; rv:52.0) Gecko/20100101 Firefox/52.0"
193.170.142.166 - - [17/Oct/2017:09:09:08 +0200] "GET /img/facebook-icon.png HTTP/1.1" 200 1506 "https://www.easydrivers.at/" "Mozilla/5.0 (Windows NT 6.1; WOW64; rv:52.0) Gecko/20100101 Firefox/52.0"
193.170.142.166 - - [17/Oct/2017:09:09:08 +0200] "GET /binaries/easy-drivers-portal/widget-icon-expertspng.png HTTP/1.1" 200 2159 "https://www.easydrivers.at/" "Mozilla/5.0 (Windows NT 6.1; WOW64; rv:52.0) Gecko/20100101 Firefox/52.0"
193.170.142.166 - - [17/Oct/2017:09:09:08 +0200] "GET /binaries/easy-drivers-portal/widget-icon-apppng.png HTTP/1.1" 200 2432 "https://www.easydrivers.at/" "Mozilla/5.0 (Windows NT 6.1; WOW64; rv:52.0) Gecko/20100101 Firefox/52.0"
193.170.142.166 - - [17/Oct/2017:09:09:08 +0200] "GET /img/submit-button.png HTTP/1.1" 200 1958 "https://www.easydrivers.at/" "Mozilla/5.0 (Windows NT 6.1; WOW64; rv:52.0) Gecko/20100101 Firefox/52.0"
193.170.142.166 - - [17/Oct/2017:09:09:08 +0200] "GET /img/schweiz-icon.png HTTP/1.1" 200 1504 "https://www.easydrivers.at/" "Mozilla/5.0 (Windows NT 6.1; WOW64; rv:52.0) Gecko/20100101 Firefox/52.0"
193.170.142.166 - - [17/Oct/2017:09:09:08 +0200] "GET /img/ED_Logo.png HTTP/1.1" 200 3385 "https://www.easydrivers.at/css/style.css" "Mozilla/5.0 (Windows NT 6.1; WOW64; rv:52.0) Gecko/20100101 Firefox/52.0"
193.170.142.166 - - [17/Oct/2017:09:09:08 +0200] "GET /img/bg-header.jpg HTTP/1.1" 200 38680 "https://www.easydrivers.at/css/style.css" "Mozilla/5.0 (Windows NT 6.1; WOW64; rv:52.0) Gecko/20100101 Firefox/52.0"
193.170.142.166 - - [17/Oct/2017:09:09:08 +0200] "GET /binaries/easy-drivers-portal/edradfahrschullogowidget160x90pxpng.png HTTP/1.1" 200 23394 "https://www.easydrivers.at/" "Mozilla/5.0 (Windows NT 6.1; WOW64; rv:52.0) Gecko/20100101 Firefox/52.0"
193.170.142.166 - - [17/Oct/2017:09:09:08 +0200] "GET /img/bg-top-section.jpg HTTP/1.1" 200 82172 "https://www.easydrivers.at/css/style.css" "Mozilla/5.0 (Windows NT 6.1; WOW64; rv:52.0) Gecko/20100101 Firefox/52.0"
193.170.142.166 - - [17/Oct/2017:09:09:08 +0200] "GET /img/purple-dots-horizontal.png HTTP/1.1" 200 977 "https://www.easydrivers.at/css/style.css" "Mozilla/5.0 (Windows NT 6.1; WOW64; rv:52.0) Gecko/20100101 Firefox/52.0"
193.170.142.166 - - [17/Oct/2017:09:09:08 +0200] "GET /img/yellow-dots-vertical.png HTTP/1.1" 200 981 "https://www.easydrivers.at/css/style.css" "Mozilla/5.0 (Windows NT 6.1; WOW64; rv:52.0) Gecko/20100101 Firefox/52.0"
193.170.142.166 - - [17/Oct/2017:09:09:08 +0200] "GET /img/black-dots-vertical.png HTTP/1.1" 200 1165 "https://www.easydrivers.at/css/style.css" "Mozilla/5.0 (Windows NT 6.1; WOW64; rv:52.0) Gecko/20100101 Firefox/52.0"
193.170.142.166 - - [17/Oct/2017:09:09:09 +0200] "GET /img/kursicon-print-pink.png HTTP/1.1" 200 1125 "https://www.easydrivers.at/" "Mozilla/5.0 (Windows NT 6.1; WOW64; rv:52.0) Gecko/20100101 Firefox/52.0"
193.170.142.166 - - [17/Oct/2017:09:09:09 +0200] "GET /img/kursicon-download-pink.png HTTP/1.1" 200 1213 "https://www.easydrivers.at/" "Mozilla/5.0 (Windows NT 6.1; WOW64; rv:52.0) Gecko/20100101 Firefox/52.0"
193.170.142.166 - - [17/Oct/2017:09:09:09 +0200] "GET /img/kursicon-phone-pink.png HTTP/1.1" 200 1286 "https://www.easydrivers.at/" "Mozilla/5.0 (Windows NT 6.1; WOW64; rv:52.0) Gecko/20100101 Firefox/52.0"
193.170.142.166 - - [17/Oct/2017:09:09:09 +0200] "GET /img/kursicon-share-pink.png HTTP/1.1" 200 1277 "https://www.easydrivers.at/" "Mozilla/5.0 (Windows NT 6.1; WOW64; rv:52.0) Gecko/20100101 Firefox/52.0"
193.170.142.166 - - [17/Oct/2017:09:09:08 +0200] "GET /img/bg-footer.jpg HTTP/1.1" 200 31770 "https://www.easydrivers.at/css/style.css" "Mozilla/5.0 (Windows NT 6.1; WOW64; rv:52.0) Gecko/20100101 Firefox/52.0"
193.170.142.166 - - [17/Oct/2017:09:09:09 +0200] "GET /img/selection-box-button.png HTTP/1.1" 200 1079 "https://www.easydrivers.at/css/style.css" "Mozilla/5.0 (Windows NT 6.1; WOW64; rv:52.0) Gecko/20100101 Firefox/52.0"
193.170.142.166 - - [17/Oct/2017:09:09:09 +0200] "GET /img/new_favicon.ico HTTP/1.1" 301 306 "-" "Mozilla/5.0 (Windows NT 6.1; WOW64; rv:52.0) Gecko/20100101 Firefox/52.0"
193.170.142.166 - - [17/Oct/2017:09:09:09 +0200] "GET /img/new_favicon.ico HTTP/1.1" 200 1150 "-" "Mozilla/5.0 (Windows NT 6.1; WOW64; rv:52.0) Gecko/20100101 Firefox/52.0"
66.249.76.78 - - [17/Oct/2017:09:09:17 +0200] "GET /uploads/pdfs/neunkirchen/Abendkurs_30.01.2015_B.pdf HTTP/1.1" 301 329 "-" "Mozilla/5.0 (compatible; Googlebot/2.1; +http://www.google.com/bot.html)"
66.249.76.82 - - [17/Oct/2017:09:09:17 +0200] "GET /uploads/pdfs/neunkirchen/Abendkurs_30.01.2015_B.pdf HTTP/1.1" 200 33049 "-" "Mozilla/5.0 (compatible; Googlebot/2.1; +http://www.google.com/bot.html)"
194.208.183.127 - - [17/Oct/2017:09:09:19 +0200] "GET /feldkirch HTTP/1.1" 200 2905 "https://www.easydrivers.at/feldkirch" "Mozilla/5.0 (Linux; Android 6.0; PLK-L01 Build/HONORPLK-L01) AppleWebKit/537.36 (KHTML, like Gecko) Chrome/61.0.3163.98 Mobile Safari/537.36"
194.208.183.127 - - [17/Oct/2017:09:09:22 +0200] "GET /css/mobile.css HTTP/1.1" 200 2852 "https://www.easydrivers.at/feldkirch" "Mozilla/5.0 (Linux; Android 6.0; PLK-L01 Build/HONORPLK-L01) AppleWebKit/537.36 (KHTML, like Gecko) Chrome/61.0.3163.98 Mobile Safari/537.36"
194.208.183.127 - - [17/Oct/2017:09:09:22 +0200] "GET /javascript/jquery.cookie.js HTTP/1.1" 200 863 "https://www.easydrivers.at/feldkirch" "Mozilla/5.0 (Linux; Android 6.0; PLK-L01 Build/HONORPLK-L01) AppleWebKit/537.36 (KHTML, like Gecko) Chrome/61.0.3163.98 Mobile Safari/537.36"
194.208.183.127 - - [17/Oct/2017:09:09:22 +0200] "GET /javascript/jquery-1.9.1.min.js HTTP/1.1" 200 32731 "https://www.easydrivers.at/feldkirch" "Mozilla/5.0 (Linux; Android 6.0; PLK-L01 Build/HONORPLK-L01) AppleWebKit/537.36 (KHTML, like Gecko) Chrome/61.0.3163.98 Mobile Safari/537.36"
194.208.183.127 - - [17/Oct/2017:09:09:22 +0200] "GET /javascript/mobile-menu.js HTTP/1.1" 200 1634 "https://www.easydrivers.at/feldkirch" "Mozilla/5.0 (Linux; Android 6.0; PLK-L01 Build/HONORPLK-L01) AppleWebKit/537.36 (KHTML, like Gecko) Chrome/61.0.3163.98 Mobile Safari/537.36"
194.208.183.127 - - [17/Oct/2017:09:09:22 +0200] "GET /javascript/jquery.simplemodal.js HTTP/1.1" 200 3070 "https://www.easydrivers.at/feldkirch" "Mozilla/5.0 (Linux; Android 6.0; PLK-L01 Build/HONORPLK-L01) AppleWebKit/537.36 (KHTML, like Gecko) Chrome/61.0.3163.98 Mobile Safari/537.36"
194.208.183.127 - - [17/Oct/2017:09:09:22 +0200] "GET /javascript/mobile-fahrschule.js HTTP/1.1" 200 328 "https://www.easydrivers.at/feldkirch" "Mozilla/5.0 (Linux; Android 6.0; PLK-L01 Build/HONORPLK-L01) AppleWebKit/537.36 (KHTML, like Gecko) Chrome/61.0.3163.98 Mobile Safari/537.36"
194.208.183.127 - - [17/Oct/2017:09:09:23 +0200] "GET /img/mobile/bg-header.jpg HTTP/1.1" 200 19741 "https://www.easydrivers.at/css/mobile.css" "Mozilla/5.0 (Linux; Android 6.0; PLK-L01 Build/HONORPLK-L01) AppleWebKit/537.36 (KHTML, like Gecko) Chrome/61.0.3163.98 Mobile Safari/537.36"
194.208.183.127 - - [17/Oct/2017:09:09:23 +0200] "GET /img/mobile/bg-top-section.jpg HTTP/1.1" 200 21711 "https://www.easydrivers.at/css/mobile.css" "Mozilla/5.0 (Linux; Android 6.0; PLK-L01 Build/HONORPLK-L01) AppleWebKit/537.36 (KHTML, like Gecko) Chrome/61.0.3163.98 Mobile Safari/537.36"
194.208.183.127 - - [17/Oct/2017:09:09:23 +0200] "GET /javascript/lazyload.js HTTP/1.1" 200 1170 "https://www.easydrivers.at/feldkirch" "Mozilla/5.0 (Linux; Android 6.0; PLK-L01 Build/HONORPLK-L01) AppleWebKit/537.36 (KHTML, like Gecko) Chrome/61.0.3163.98 Mobile Safari/537.36"
194.208.183.127 - - [17/Oct/2017:09:09:23 +0200] "GET /img/mobile/pfeil-rechts.png HTTP/1.1" 200 1228 "https://www.easydrivers.at/css/mobile.css" "Mozilla/5.0 (Linux; Android 6.0; PLK-L01 Build/HONORPLK-L01) AppleWebKit/537.36 (KHTML, like Gecko) Chrome/61.0.3163.98 Mobile Safari/537.36"
194.208.183.127 - - [17/Oct/2017:09:09:23 +0200] "GET /img/mobile/menu-button.png HTTP/1.1" 200 1746 "https://www.easydrivers.at/feldkirch" "Mozilla/5.0 (Linux; Android 6.0; PLK-L01 Build/HONORPLK-L01) AppleWebKit/537.36 (KHTML, like Gecko) Chrome/61.0.3163.98 Mobile Safari/537.36"
194.208.183.127 - - [17/Oct/2017:09:09:23 +0200] "GET /img/mobile/easydrivers-logo-mobile.png HTTP/1.1" 200 10766 "https://www.easydrivers.at/feldkirch" "Mozilla/5.0 (Linux; Android 6.0; PLK-L01 Build/HONORPLK-L01) AppleWebKit/537.36 (KHTML, like Gecko) Chrome/61.0.3163.98 Mobile Safari/537.36"
194.208.183.127 - - [17/Oct/2017:09:09:23 +0200] "GET /img/mobile/close-button.png HTTP/1.1" 200 2411 "https://www.easydrivers.at/feldkirch" "Mozilla/5.0 (Linux; Android 6.0; PLK-L01 Build/HONORPLK-L01) AppleWebKit/537.36 (KHTML, like Gecko) Chrome/61.0.3163.98 Mobile Safari/537.36"
194.208.183.127 - - [17/Oct/2017:09:09:23 +0200] "GET /img/mobile/info-button.png HTTP/1.1" 200 1549 "https://www.easydrivers.at/feldkirch" "Mozilla/5.0 (Linux; Android 6.0; PLK-L01 Build/HONORPLK-L01) AppleWebKit/537.36 (KHTML, like Gecko) Chrome/61.0.3163.98 Mobile Safari/537.36"
194.208.183.127 - - [17/Oct/2017:09:09:23 +0200] "GET /img/mobile/facebook-icon.png HTTP/1.1" 200 1902 "https://www.easydrivers.at/feldkirch" "Mozilla/5.0 (Linux; Android 6.0; PLK-L01 Build/HONORPLK-L01) AppleWebKit/537.36 (KHTML, like Gecko) Chrome/61.0.3163.98 Mobile Safari/537.36"
194.208.183.127 - - [17/Oct/2017:09:09:23 +0200] "GET /img/mobile/info-close-button.png HTTP/1.1" 200 1721 "https://www.easydrivers.at/feldkirch" "Mozilla/5.0 (Linux; Android 6.0; PLK-L01 Build/HONORPLK-L01) AppleWebKit/537.36 (KHTML, like Gecko) Chrome/61.0.3163.98 Mobile Safari/537.36"
194.208.183.127 - - [17/Oct/2017:09:09:23 +0200] "GET /img/smallicon-person.png HTTP/1.1" 200 1141 "https://www.easydrivers.at/feldkirch" "Mozilla/5.0 (Linux; Android 6.0; PLK-L01 Build/HONORPLK-L01) AppleWebKit/537.36 (KHTML, like Gecko) Chrome/61.0.3163.98 Mobile Safari/537.36"
194.208.183.127 - - [17/Oct/2017:09:09:23 +0200] "GET /img/smallicon-address.png HTTP/1.1" 200 1211 "https://www.easydrivers.at/feldkirch" "Mozilla/5.0 (Linux; Android 6.0; PLK-L01 Build/HONORPLK-L01) AppleWebKit/537.36 (KHTML, like Gecko) Chrome/61.0.3163.98 Mobile Safari/537.36"
194.208.183.127 - - [17/Oct/2017:09:09:23 +0200] "GET /img/mobile/googlemaps-pin.png HTTP/1.1" 200 1597 "https://www.easydrivers.at/feldkirch" "Mozilla/5.0 (Linux; Android 6.0; PLK-L01 Build/HONORPLK-L01) AppleWebKit/537.36 (KHTML, like Gecko) Chrome/61.0.3163.98 Mobile Safari/537.36"
194.208.183.127 - - [17/Oct/2017:09:09:23 +0200] "GET /img/smallicon-time.png HTTP/1.1" 200 1262 "https://www.easydrivers.at/feldkirch" "Mozilla/5.0 (Linux; Android 6.0; PLK-L01 Build/HONORPLK-L01) AppleWebKit/537.36 (KHTML, like Gecko) Chrome/61.0.3163.98 Mobile Safari/537.36"
194.208.183.127 - - [17/Oct/2017:09:09:23 +0200] "GET /img/smallicon-phone.png HTTP/1.1" 200 3056 "https://www.easydrivers.at/feldkirch" "Mozilla/5.0 (Linux; Android 6.0; PLK-L01 Build/HONORPLK-L01) AppleWebKit/537.36 (KHTML, like Gecko) Chrome/61.0.3163.98 Mobile Safari/537.36"
194.208.183.127 - - [17/Oct/2017:09:09:23 +0200] "GET /img/smallicon-mail.png HTTP/1.1" 200 1341 "https://www.easydrivers.at/feldkirch" "Mozilla/5.0 (Linux; Android 6.0; PLK-L01 Build/HONORPLK-L01) AppleWebKit/537.36 (KHTML, like Gecko) Chrome/61.0.3163.98 Mobile Safari/537.36"
194.208.183.127 - - [17/Oct/2017:09:09:23 +0200] "GET /img/mobile/widget-icon-app.png HTTP/1.1" 200 3458 "https://www.easydrivers.at/feldkirch" "Mozilla/5.0 (Linux; Android 6.0; PLK-L01 Build/HONORPLK-L01) AppleWebKit/537.36 (KHTML, like Gecko) Chrome/61.0.3163.98 Mobile Safari/537.36"
194.208.183.127 - - [17/Oct/2017:09:09:23 +0200] "GET /img/mobile/bg-menu.jpg HTTP/1.1" 200 1698 "https://www.easydrivers.at/css/mobile.css" "Mozilla/5.0 (Linux; Android 6.0; PLK-L01 Build/HONORPLK-L01) AppleWebKit/537.36 (KHTML, like Gecko) Chrome/61.0.3163.98 Mobile Safari/537.36"
194.208.183.127 - - [17/Oct/2017:09:09:23 +0200] "GET /img/favicon.ico HTTP/1.1" 301 303 "-" "Mozilla/5.0 (Linux; Android 6.0; PLK-L01 Build/HONORPLK-L01) AppleWebKit/537.36 (KHTML, like Gecko) Chrome/61.0.3163.98 Mobile Safari/537.36"
194.208.183.127 - - [17/Oct/2017:09:09:24 +0200] "GET /img/favicon.ico HTTP/1.1" 404 301 "-" "Mozilla/5.0 (Linux; Android 6.0; PLK-L01 Build/HONORPLK-L01) AppleWebKit/537.36 (KHTML, like Gecko) Chrome/61.0.3163.98 Mobile Safari/537.36"
138.197.103.45 - - [17/Oct/2017:09:09:40 +0200] "GET /ads.txt HTTP/1.1" 301 390 "-" "lua-resty-http/0.11 (Lua) ngx_lua/10010"
138.197.103.45 - - [17/Oct/2017:09:09:41 +0200] "GET /ads.txt HTTP/1.1" 404 8398 "-" "lua-resty-http/0.11 (Lua) ngx_lua/10010"
66.249.76.74 - - [17/Oct/2017:09:10:10 +0200] "GET /uploads/pdfs/wallensteinplatz/10281381_A1L17.pdf HTTP/1.1" 301 328 "-" "Mozilla/5.0 (compatible; Googlebot/2.1; +http://www.google.com/bot.html)"
66.249.76.80 - - [17/Oct/2017:09:10:11 +0200] "GET /uploads/pdfs/wallensteinplatz/10281381_A1L17.pdf HTTP/1.1" 200 38840 "-" "Mozilla/5.0 (compatible; Googlebot/2.1; +http://www.google.com/bot.html)"
66.249.76.74 - - [17/Oct/2017:09:11:04 +0200] "GET /uploads/pdfs/am.spitz/10257467_A1L17.pdf HTTP/1.1" 301 322 "-" "Mozilla/5.0 (compatible; Googlebot/2.1; +http://www.google.com/bot.html)"
66.249.76.84 - - [17/Oct/2017:09:11:05 +0200] "GET /uploads/pdfs/am.spitz/10257467_A1L17.pdf HTTP/1.1" 200 35720 "-" "Mozilla/5.0 (compatible; Googlebot/2.1; +http://www.google.com/bot.html)"
66.249.76.74 - - [17/Oct/2017:09:11:58 +0200] "GET /wallensteinplatz/10281516?FS=BC HTTP/1.1" 301 317 "-" "Mozilla/5.0 (compatible; Googlebot/2.1; +http://www.google.com/bot.html)"
66.249.76.82 - - [17/Oct/2017:09:11:58 +0200] "GET /wallensteinplatz/10281516?FS=BC HTTP/1.1" 410 3422 "-" "Mozilla/5.0 (compatible; Googlebot/2.1; +http://www.google.com/bot.html)"
207.46.13.120 - - [17/Oct/2017:09:12:17 +0200] "GET /ennstal.schladming HTTP/1.1" 200 3622 "-" "Mozilla/5.0 (compatible; bingbot/2.0; +http://www.bing.com/bingbot.htm)"
136.243.59.237 - - [17/Oct/2017:09:12:34 +0200] "GET /fuehrerscheine/motorrad HTTP/1.1" 200 8728 "-" "DomainStatsBot/1.0 (http://domainstats.io/our-bot)"
46.125.250.98 - - [17/Oct/2017:09:12:49 +0200] "GET /skarabela.gross-enzersdorf HTTP/1.1" 301 311 "-" "Mozilla/5.0 (Windows NT 10.0; WOW64; rv:56.0) Gecko/20100101 Firefox/56.0"
66.249.76.74 - - [17/Oct/2017:09:12:52 +0200] "GET /uploads/pdfs/dornbirn/10278891_BL1796.pdf HTTP/1.1" 301 323 "-" "Mozilla/5.0 (compatible; Googlebot/2.1; +http://www.google.com/bot.html)"
66.249.66.79 - - [17/Oct/2017:09:12:52 +0200] "GET /uploads/pdfs/dornbirn/10278891_BL1796.pdf HTTP/1.1" 200 37629 "-" "Mozilla/5.0 (compatible; Googlebot/2.1; +http://www.google.com/bot.html)"
46.125.250.98 - - [17/Oct/2017:09:12:56 +0200] "GET /skarabela.gross-enzersdorf HTTP/1.1" 200 3619 "-" "Mozilla/5.0 (Windows NT 10.0; WOW64; rv:56.0) Gecko/20100101 Firefox/56.0"
46.125.250.98 - - [17/Oct/2017:09:13:01 +0200] "GET /css/print.css HTTP/1.1" 200 967 "https://www.easydrivers.at/skarabela.gross-enzersdorf" "Mozilla/5.0 (Windows NT 10.0; WOW64; rv:56.0) Gecko/20100101 Firefox/56.0"
46.125.250.98 - - [17/Oct/2017:09:13:01 +0200] "GET /css/style.css HTTP/1.1" 200 5004 "https://www.easydrivers.at/skarabela.gross-enzersdorf" "Mozilla/5.0 (Windows NT 10.0; WOW64; rv:56.0) Gecko/20100101 Firefox/56.0"
46.125.250.98 - - [17/Oct/2017:09:13:01 +0200] "GET /javascript/jquery.customSelect.min.js HTTP/1.1" 200 912 "https://www.easydrivers.at/skarabela.gross-enzersdorf" "Mozilla/5.0 (Windows NT 10.0; WOW64; rv:56.0) Gecko/20100101 Firefox/56.0"
46.125.250.98 - - [17/Oct/2017:09:13:02 +0200] "GET /javascript/portal.js?1221842734 HTTP/1.1" 200 3529 "https://www.easydrivers.at/skarabela.gross-enzersdorf" "Mozilla/5.0 (Windows NT 10.0; WOW64; rv:56.0) Gecko/20100101 Firefox/56.0"
46.125.250.98 - - [17/Oct/2017:09:13:02 +0200] "GET /javascript/jquery.simplemodal.js HTTP/1.1" 200 3070 "https://www.easydrivers.at/skarabela.gross-enzersdorf" "Mozilla/5.0 (Windows NT 10.0; WOW64; rv:56.0) Gecko/20100101 Firefox/56.0"
46.125.250.98 - - [17/Oct/2017:09:13:02 +0200] "GET /javascript/jquery.cookie.js HTTP/1.1" 200 863 "https://www.easydrivers.at/skarabela.gross-enzersdorf" "Mozilla/5.0 (Windows NT 10.0; WOW64; rv:56.0) Gecko/20100101 Firefox/56.0"
46.125.250.98 - - [17/Oct/2017:09:13:04 +0200] "GET /javascript/fahrschule.js HTTP/1.1" 200 462 "https://www.easydrivers.at/skarabela.gross-enzersdorf" "Mozilla/5.0 (Windows NT 10.0; WOW64; rv:56.0) Gecko/20100101 Firefox/56.0"
194.183.141.58 - - [17/Oct/2017:09:13:06 +0200] "GET / HTTP/1.1" 200 4425 "-" "Mozilla/5.0 (Windows NT 10.0; Win64; x64) AppleWebKit/537.36 (KHTML, like Gecko) Chrome/61.0.3163.100 Safari/537.36"
178.189.241.19 - - [17/Oct/2017:09:13:08 +0200] "GET /bludenz HTTP/1.1" 301 299 "https://www.google.at/" "Mozilla/5.0 (Windows NT 10.0; Win64; x64) AppleWebKit/537.36 (KHTML, like Gecko) Chrome/52.0.2743.116 Safari/537.36 Edge/15.15063"
46.125.250.98 - - [17/Oct/2017:09:13:09 +0200] "GET /img/ED_Logo.png HTTP/1.1" 200 3385 "https://www.easydrivers.at/css/style.css" "Mozilla/5.0 (Windows NT 10.0; WOW64; rv:56.0) Gecko/20100101 Firefox/56.0"
46.125.250.98 - - [17/Oct/2017:09:13:09 +0200] "GET /img/bg-header.jpg HTTP/1.1" 200 38680 "https://www.easydrivers.at/css/style.css" "Mozilla/5.0 (Windows NT 10.0; WOW64; rv:56.0) Gecko/20100101 Firefox/56.0"
46.125.250.98 - - [17/Oct/2017:09:13:09 +0200] "GET /img/bg-top-section.jpg HTTP/1.1" 200 82172 "https://www.easydrivers.at/css/style.css" "Mozilla/5.0 (Windows NT 10.0; WOW64; rv:56.0) Gecko/20100101 Firefox/56.0"
46.125.250.98 - - [17/Oct/2017:09:13:09 +0200] "GET /img/purple-dots-horizontal.png HTTP/1.1" 200 977 "https://www.easydrivers.at/css/style.css" "Mozilla/5.0 (Windows NT 10.0; WOW64; rv:56.0) Gecko/20100101 Firefox/56.0"
46.125.250.98 - - [17/Oct/2017:09:13:10 +0200] "GET /img/yellow-dots-vertical.png HTTP/1.1" 200 981 "https://www.easydrivers.at/css/style.css" "Mozilla/5.0 (Windows NT 10.0; WOW64; rv:56.0) Gecko/20100101 Firefox/56.0"
46.125.250.98 - - [17/Oct/2017:09:13:10 +0200] "GET /img/bg-footer.jpg HTTP/1.1" 200 31770 "https://www.easydrivers.at/css/style.css" "Mozilla/5.0 (Windows NT 10.0; WOW64; rv:56.0) Gecko/20100101 Firefox/56.0"
178.189.241.19 - - [17/Oct/2017:09:13:09 +0200] "GET /bludenz HTTP/1.1" 200 3589 "https://www.google.at/" "Mozilla/5.0 (Windows NT 10.0; Win64; x64) AppleWebKit/537.36 (KHTML, like Gecko) Chrome/52.0.2743.116 Safari/537.36 Edge/15.15063"
178.189.241.19 - - [17/Oct/2017:09:13:11 +0200] "GET /css/style.css HTTP/1.1" 200 5004 "https://www.easydrivers.at/bludenz" "Mozilla/5.0 (Windows NT 10.0; Win64; x64) AppleWebKit/537.36 (KHTML, like Gecko) Chrome/52.0.2743.116 Safari/537.36 Edge/15.15063"
178.189.241.19 - - [17/Oct/2017:09:13:11 +0200] "GET /css/print.css HTTP/1.1" 200 967 "https://www.easydrivers.at/bludenz" "Mozilla/5.0 (Windows NT 10.0; Win64; x64) AppleWebKit/537.36 (KHTML, like Gecko) Chrome/52.0.2743.116 Safari/537.36 Edge/15.15063"
178.189.241.19 - - [17/Oct/2017:09:13:11 +0200] "GET /javascript/jquery.cookie.js HTTP/1.1" 200 863 "https://www.easydrivers.at/bludenz" "Mozilla/5.0 (Windows NT 10.0; Win64; x64) AppleWebKit/537.36 (KHTML, like Gecko) Chrome/52.0.2743.116 Safari/537.36 Edge/15.15063"
178.189.241.19 - - [17/Oct/2017:09:13:11 +0200] "GET /javascript/jquery.customSelect.min.js HTTP/1.1" 200 912 "https://www.easydrivers.at/bludenz" "Mozilla/5.0 (Windows NT 10.0; Win64; x64) AppleWebKit/537.36 (KHTML, like Gecko) Chrome/52.0.2743.116 Safari/537.36 Edge/15.15063"
178.189.241.19 - - [17/Oct/2017:09:13:11 +0200] "GET /javascript/portal.js?1221842734 HTTP/1.1" 200 3529 "https://www.easydrivers.at/bludenz" "Mozilla/5.0 (Windows NT 10.0; Win64; x64) AppleWebKit/537.36 (KHTML, like Gecko) Chrome/52.0.2743.116 Safari/537.36 Edge/15.15063"
178.189.241.19 - - [17/Oct/2017:09:13:11 +0200] "GET /javascript/jquery.simplemodal.js HTTP/1.1" 200 3070 "https://www.easydrivers.at/bludenz" "Mozilla/5.0 (Windows NT 10.0; Win64; x64) AppleWebKit/537.36 (KHTML, like Gecko) Chrome/52.0.2743.116 Safari/537.36 Edge/15.15063"
178.189.241.19 - - [17/Oct/2017:09:13:12 +0200] "GET /javascript/fahrschule.js HTTP/1.1" 200 462 "https://www.easydrivers.at/bludenz" "Mozilla/5.0 (Windows NT 10.0; Win64; x64) AppleWebKit/537.36 (KHTML, like Gecko) Chrome/52.0.2743.116 Safari/537.36 Edge/15.15063"
