66.249.76.82 - - [17/Oct/2017:02:37:18 +0200] "GET /uploads/pdfs/am.spitz/10281288_A1L17.pdf HTTP/1.1" 200 35304 "-" "Mozilla/5.0 (compatible; Googlebot/2.1; +http://www.google.com/bot.html)"
79.196.233.72 - - [17/Oct/2017:02:37:49 +0200] "GET /guessing HTTP/1.1" 200 3485 "-" "Mozilla/5.0 (Windows; U; Windows NT 6.0; de; rv:1.9.2.3) Gecko/20100401 Firefox/3.6.3 ( .NET CLR 3.5.30729)"
79.196.233.72 - - [17/Oct/2017:02:38:03 +0200] "GET /ueberuns HTTP/1.1" 301 299 "-" "Mozilla/5.0 (Windows; U; Windows NT 6.0; de; rv:1.9.2.3) Gecko/20100401 Firefox/3.6.3 ( .NET CLR 3.5.30729)"
66.249.76.78 - - [17/Oct/2017:02:38:07 +0200] "GET /uploads/pdfs/hartberg/Mopedkurs-17-11-2015_AM.pdf HTTP/1.1" 301 328 "-" "Mozilla/5.0 (compatible; Googlebot/2.1; +http://www.google.com/bot.html)"
66.249.76.80 - - [17/Oct/2017:02:38:08 +0200] "GET /uploads/pdfs/hartberg/Mopedkurs-17-11-2015_AM.pdf HTTP/1.1" 200 28326 "-" "Mozilla/5.0 (compatible; Googlebot/2.1; +http://www.google.com/bot.html)"
207.46.13.120 - - [17/Oct/2017:02:38:27 +0200] "GET /waidhofen.thaya HTTP/1.1" 301 303 "-" "Mozilla/5.0 (compatible; bingbot/2.0; +http://www.bing.com/bingbot.htm)"
66.249.66.74 - - [17/Oct/2017:02:38:57 +0200] "GET /uploads/pdfs/am.spitz/10281207_BCE.pdf HTTP/1.1" 301 320 "-" "Mozilla/5.0 (compatible; Googlebot/2.1; +http://www.google.com/bot.html)"
66.249.76.82 - - [17/Oct/2017:02:38:57 +0200] "GET /uploads/pdfs/am.spitz/10281207_BCE.pdf HTTP/1.1" 200 29767 "-" "Mozilla/5.0 (compatible; Googlebot/2.1; +http://www.google.com/bot.html)"
79.196.233.72 - - [17/Oct/2017:02:39:26 +0200] "GET /hollabrunn HTTP/1.1" 301 300 "-" "Mozilla/5.0 (Windows; U; Windows NT 6.0; de; rv:1.9.2.3) Gecko/20100401 Firefox/3.6.3 ( .NET CLR 3.5.30729)"
66.249.76.74 - - [17/Oct/2017:02:39:46 +0200] "GET /uploads/pdfs/am.spitz/10269928_BCE.pdf HTTP/1.1" 301 321 "-" "Mozilla/5.0 (compatible; Googlebot/2.1; +http://www.google.com/bot.html)"
66.249.76.80 - - [17/Oct/2017:02:39:46 +0200] "GET /uploads/pdfs/am.spitz/10269928_BCE.pdf HTTP/1.1" 200 30111 "-" "Mozilla/5.0 (compatible; Googlebot/2.1; +http://www.google.com/bot.html)"
66.249.76.76 - - [17/Oct/2017:02:40:35 +0200] "GET /uploads/pdfs/schwechat/10277319_BPlus.pdf HTTP/1.1" 301 321 "-" "Mozilla/5.0 (compatible; Googlebot/2.1; +http://www.google.com/bot.html)"
66.249.76.84 - - [17/Oct/2017:02:40:36 +0200] "GET /uploads/pdfs/schwechat/10277319_BPlus.pdf HTTP/1.1" 200 29420 "-" "Mozilla/5.0 (compatible; Googlebot/2.1; +http://www.google.com/bot.html)"
40.77.167.108 - - [17/Oct/2017:02:40:53 +0200] "GET /st.valentin HTTP/1.1" 200 3636 "-" "Mozilla/5.0 (compatible; bingbot/2.0; +http://www.bing.com/bingbot.htm)"
40.77.167.108 - - [17/Oct/2017:02:41:07 +0200] "GET /krumbach HTTP/1.1" 200 3733 "-" "Mozilla/5.0 (compatible; bingbot/2.0; +http://www.bing.com/bingbot.htm)"
40.77.167.20 - - [17/Oct/2017:02:41:10 +0200] "GET / HTTP/1.1" 301 303 "-" "Mozilla/5.0 (compatible; bingbot/2.0; +http://www.bing.com/bingbot.htm)"
66.249.66.72 - - [17/Oct/2017:02:41:24 +0200] "GET /uploads/pdfs/amstetten/abendkurs07.11.2016_BF.pdf HTTP/1.1" 301 327 "-" "Mozilla/5.0 (compatible; Googlebot/2.1; +http://www.google.com/bot.html)"
66.249.76.80 - - [17/Oct/2017:02:41:25 +0200] "GET /uploads/pdfs/amstetten/abendkurs07.11.2016_BF.pdf HTTP/1.1" 200 28301 "-" "Mozilla/5.0 (compatible; Googlebot/2.1; +http://www.google.com/bot.html)"
35.198.169.202 - - [17/Oct/2017:02:41:44 +0200] "GET /robots.txt HTTP/1.1" 301 300 "-" "BUbiNG (+http://law.di.unimi.it/BUbiNG.html)"
66.249.76.74 - - [17/Oct/2017:02:42:14 +0200] "GET /uploads/pdfs/wallensteinplatz/10281243_A1L17.pdf HTTP/1.1" 301 328 "-" "Mozilla/5.0 (compatible; Googlebot/2.1; +http://www.google.com/bot.html)"
66.249.76.84 - - [17/Oct/2017:02:42:14 +0200] "GET /uploads/pdfs/wallensteinplatz/10281243_A1L17.pdf HTTP/1.1" 200 35928 "-" "Mozilla/5.0 (compatible; Googlebot/2.1; +http://www.google.com/bot.html)"
207.46.13.48 - - [17/Oct/2017:02:42:28 +0200] "GET /binaries/easy-drivers-portal/golfseitljpg.jpg HTTP/1.1" 301 319 "-" "Mozilla/5.0 (compatible; bingbot/2.0; +http://www.bing.com/bingbot.htm)"
207.46.13.48 - - [17/Oct/2017:02:42:29 +0200] "GET /binaries/easy-drivers-portal/golfseitljpg.jpg HTTP/1.1" 200 3577965 "-" "Mozilla/5.0 (compatible; bingbot/2.0; +http://www.bing.com/bingbot.htm)"
207.46.13.48 - - [17/Oct/2017:02:42:42 +0200] "GET /moedling/10281765?FS=B-L17 HTTP/1.1" 301 314 "-" "Mozilla/5.0 (compatible; bingbot/2.0; +http://www.bing.com/bingbot.htm)"
66.249.76.76 - - [17/Oct/2017:02:43:03 +0200] "GET /uploads/pdfs/brigittenau/10280871_BC.pdf HTTP/1.1" 301 322 "-" "Mozilla/5.0 (compatible; Googlebot/2.1; +http://www.google.com/bot.html)"
66.249.76.82 - - [17/Oct/2017:02:43:04 +0200] "GET /uploads/pdfs/brigittenau/10280871_BC.pdf HTTP/1.1" 200 29864 "-" "Mozilla/5.0 (compatible; Googlebot/2.1; +http://www.google.com/bot.html)"
5.9.110.164 - - [17/Oct/2017:02:43:29 +0200] "GET /robots.txt HTTP/1.1" 301 397 "-" "Mozilla/5.0 (compatible; MetaJobBot; http://www.metajob.at/crawler)"
5.9.110.164 - - [17/Oct/2017:02:43:29 +0200] "GET /binaries/easy-drivers-waidhofen-a-d-ybbs/karenzvertretungwypdf-2.pdf HTTP/1.1" 301 336 "-" "Mozilla/5.0 (compatible; MetaJobBot; http://www.metajob.at/crawler)"
66.249.76.76 - - [17/Oct/2017:02:43:52 +0200] "GET /uploads/pdfs/amstetten/nachmittagskursaug_A1L17.pdf HTTP/1.1" 301 328 "-" "Mozilla/5.0 (compatible; Googlebot/2.1; +http://www.google.com/bot.html)"
66.249.76.80 - - [17/Oct/2017:02:43:53 +0200] "GET /uploads/pdfs/amstetten/nachmittagskursaug_A1L17.pdf HTTP/1.1" 200 35157 "-" "Mozilla/5.0 (compatible; Googlebot/2.1; +http://www.google.com/bot.html)"
66.249.66.72 - - [17/Oct/2017:02:44:42 +0200] "GET /uploads/pdfs/spittelau/10281573_CCE.pdf HTTP/1.1" 301 320 "-" "Mozilla/5.0 (compatible; Googlebot/2.1; +http://www.google.com/bot.html)"
66.249.76.80 - - [17/Oct/2017:02:44:42 +0200] "GET /uploads/pdfs/spittelau/10281573_CCE.pdf HTTP/1.1" 200 27977 "-" "Mozilla/5.0 (compatible; Googlebot/2.1; +http://www.google.com/bot.html)"
216.244.66.249 - - [17/Oct/2017:02:44:43 +0200] "GET /fuehrerscheine/motorrad/C111 HTTP/1.1" 301 415 "-" "Mozilla/5.0 (compatible; DotBot/1.1; http://www.opensiteexplorer.org/dotbot, help@moz.com)"
66.249.76.78 - - [17/Oct/2017:02:45:31 +0200] "GET /uploads/pdfs/hollabrunn/Grundkurs_Oktober_2017_A1L17.pdf HTTP/1.1" 301 335 "-" "Mozilla/5.0 (compatible; Googlebot/2.1; +http://www.google.com/bot.html)"
66.249.76.82 - - [17/Oct/2017:02:45:31 +0200] "GET /uploads/pdfs/hollabrunn/Grundkurs_Oktober_2017_A1L17.pdf HTTP/1.1" 200 35548 "-" "Mozilla/5.0 (compatible; Googlebot/2.1; +http://www.google.com/bot.html)"
216.244.66.249 - - [17/Oct/2017:02:46:20 +0200] "GET /radfahrschule/partner HTTP/1.1" 301 408 "-" "Mozilla/5.0 (compatible; DotBot/1.1; http://www.opensiteexplorer.org/dotbot, help@moz.com)"
66.249.76.74 - - [17/Oct/2017:02:46:20 +0200] "GET /uploads/pdfs/spittelau/10280952_B-L17.pdf HTTP/1.1" 301 322 "-" "Mozilla/5.0 (compatible; Googlebot/2.1; +http://www.google.com/bot.html)"
66.249.76.82 - - [17/Oct/2017:02:46:21 +0200] "GET /uploads/pdfs/spittelau/10280952_B-L17.pdf HTTP/1.1" 200 34707 "-" "Mozilla/5.0 (compatible; Googlebot/2.1; +http://www.google.com/bot.html)"
46.118.159.224 - - [17/Oct/2017:02:46:28 +0200] "GET / HTTP/1.1" 301 387 "https://colobit.biz/?ref=kissska" "Opera/9.00 (Windows NT 5.1; U; ru)"
66.249.76.74 - - [17/Oct/2017:02:47:10 +0200] "GET /uploads/pdfs/bruck.leitha/10279692_A1F.pdf HTTP/1.1" 301 324 "-" "Mozilla/5.0 (compatible; Googlebot/2.1; +http://www.google.com/bot.html)"
66.249.76.82 - - [17/Oct/2017:02:47:10 +0200] "GET /uploads/pdfs/bruck.leitha/10279692_A1F.pdf HTTP/1.1" 200 29975 "-" "Mozilla/5.0 (compatible; Googlebot/2.1; +http://www.google.com/bot.html)"
79.196.233.72 - - [17/Oct/2017:02:47:35 +0200] "GET /berndorf HTTP/1.1" 301 299 "-" "Mozilla/5.0 (Windows; U; Windows NT 6.0; de; rv:1.9.2.3) Gecko/20100401 Firefox/3.6.3 ( .NET CLR 3.5.30729)"
66.249.76.76 - - [17/Oct/2017:02:47:59 +0200] "GET /uploads/pdfs/spittelau/10281258_A1L17.pdf HTTP/1.1" 301 321 "-" "Mozilla/5.0 (compatible; Googlebot/2.1; +http://www.google.com/bot.html)"
66.249.66.79 - - [17/Oct/2017:02:48:00 +0200] "GET /uploads/pdfs/spittelau/10281258_A1L17.pdf HTTP/1.1" 200 35112 "-" "Mozilla/5.0 (compatible; Googlebot/2.1; +http://www.google.com/bot.html)"
66.249.76.74 - - [17/Oct/2017:02:48:48 +0200] "GET /uploads/pdfs/am.spitz/10281555_BCE.pdf HTTP/1.1" 301 320 "-" "Mozilla/5.0 (compatible; Googlebot/2.1; +http://www.google.com/bot.html)"
66.249.76.80 - - [17/Oct/2017:02:48:49 +0200] "GET /uploads/pdfs/am.spitz/10281555_BCE.pdf HTTP/1.1" 200 33803 "-" "Mozilla/5.0 (compatible; Googlebot/2.1; +http://www.google.com/bot.html)"
207.46.13.55 - - [17/Oct/2017:02:49:00 +0200] "GET /easy_drivers_st._peterau HTTP/1.1" 200 3684 "-" "Mozilla/5.0 (compatible; bingbot/2.0; +http://www.bing.com/bingbot.htm)"
69.146.169.206 - - [17/Oct/2017:02:49:13 +0200] "GET / HTTP/1.1" 301 386 "-" "Java/1.8.0_121"
69.146.169.206 - - [17/Oct/2017:02:49:13 +0200] "GET /https://www.easydrivers.at HTTP/1.1" 301 412 "-" "Java/1.8.0_121"
66.249.76.76 - - [17/Oct/2017:02:49:38 +0200] "GET /uploads/pdfs/wallensteinplatz/10281240_B-L17.pdf HTTP/1.1" 301 328 "-" "Mozilla/5.0 (compatible; Googlebot/2.1; +http://www.google.com/bot.html)"
66.249.76.84 - - [17/Oct/2017:02:49:38 +0200] "GET /uploads/pdfs/wallensteinplatz/10281240_B-L17.pdf HTTP/1.1" 200 35245 "-" "Mozilla/5.0 (compatible; Googlebot/2.1; +http://www.google.com/bot.html)"
79.196.233.72 - - [17/Oct/2017:02:49:41 +0200] "GET /bludenz HTTP/1.1" 200 3589 "-" "Mozilla/5.0 (Windows; U; Windows NT 6.0; de; rv:1.9.2.3) Gecko/20100401 Firefox/3.6.3 ( .NET CLR 3.5.30729)"
207.46.13.55 - - [17/Oct/2017:02:49:57 +0200] "GET /binaries/easy-drivers-portal/agb-easy-drivers-horn-2014-09pdf.pdf HTTP/1.1" 301 328 "-" "Mozilla/5.0 (compatible; bingbot/2.0; +http://www.bing.com/bingbot.htm)"
216.244.66.249 - - [17/Oct/2017:02:50:08 +0200] "GET /hartberg/10245697?FS=BF HTTP/1.1" 301 410 "-" "Mozilla/5.0 (compatible; DotBot/1.1; http://www.opensiteexplorer.org/dotbot, help@moz.com)"
216.244.66.249 - - [17/Oct/2017:02:50:09 +0200] "GET /ennstal.schladming/kk_18.08.2014?FS=CC95 HTTP/1.1" 301 427 "-" "Mozilla/5.0 (compatible; DotBot/1.1; http://www.opensiteexplorer.org/dotbot, help@moz.com)"
207.46.13.120 - - [17/Oct/2017:02:50:10 +0200] "GET /innsbruck HTTP/1.1" 301 300 "-" "Mozilla/5.0 (compatible; bingbot/2.0; +http://www.bing.com/bingbot.htm)"
216.244.66.249 - - [17/Oct/2017:02:50:10 +0200] "GET /ennstal.schladming/kk_04.08.2014?FS=BE96 HTTP/1.1" 301 427 "-" "Mozilla/5.0 (compatible; DotBot/1.1; http://www.opensiteexplorer.org/dotbot, help@moz.com)"
216.244.66.249 - - [17/Oct/2017:02:50:11 +0200] "GET /brigittenau/10242544?FS=BBE HTTP/1.1" 301 414 "-" "Mozilla/5.0 (compatible; DotBot/1.1; http://www.opensiteexplorer.org/dotbot, help@moz.com)"
216.244.66.249 - - [17/Oct/2017:02:50:12 +0200] "GET /brigittenau/10242517?FS=BCE HTTP/1.1" 301 414 "-" "Mozilla/5.0 (compatible; DotBot/1.1; http://www.opensiteexplorer.org/dotbot, help@moz.com)"
79.196.233.72 - - [17/Oct/2017:02:50:13 +0200] "GET /poechlarn HTTP/1.1" 301 299 "-" "Mozilla/5.0 (Windows; U; Windows NT 6.0; de; rv:1.9.2.3) Gecko/20100401 Firefox/3.6.3 ( .NET CLR 3.5.30729)"
216.244.66.249 - - [17/Oct/2017:02:50:14 +0200] "GET /hartberg/10245705?FS=A1L17 HTTP/1.1" 301 413 "-" "Mozilla/5.0 (compatible; DotBot/1.1; http://www.opensiteexplorer.org/dotbot, help@moz.com)"
216.244.66.249 - - [17/Oct/2017:02:50:15 +0200] "GET /st.valentin/21_07_2014?FS=CCE HTTP/1.1" 301 416 "-" "Mozilla/5.0 (compatible; DotBot/1.1; http://www.opensiteexplorer.org/dotbot, help@moz.com)"
216.244.66.249 - - [17/Oct/2017:02:50:16 +0200] "GET /schwechat/10247159?FS=BPlus HTTP/1.1" 301 414 "-" "Mozilla/5.0 (compatible; DotBot/1.1; http://www.opensiteexplorer.org/dotbot, help@moz.com)"
216.244.66.249 - - [17/Oct/2017:02:50:17 +0200] "GET /schwechat/10229909?FS=A1F HTTP/1.1" 301 412 "-" "Mozilla/5.0 (compatible; DotBot/1.1; http://www.opensiteexplorer.org/dotbot, help@moz.com)"
216.244.66.249 - - [17/Oct/2017:02:50:18 +0200] "GET /schwechat/10229903 HTTP/1.1" 301 405 "-" "Mozilla/5.0 (compatible; DotBot/1.1; http://www.opensiteexplorer.org/dotbot, help@moz.com)"
216.244.66.249 - - [17/Oct/2017:02:50:20 +0200] "GET /scheibbs/10249680?FS=B-L HTTP/1.1" 301 411 "-" "Mozilla/5.0 (compatible; DotBot/1.1; http://www.opensiteexplorer.org/dotbot, help@moz.com)"
216.244.66.249 - - [17/Oct/2017:02:50:21 +0200] "GET /oberwart/Bilder_Galerie/ HTTP/1.1" 301 411 "-" "Mozilla/5.0 (compatible; DotBot/1.1; http://www.opensiteexplorer.org/dotbot, help@moz.com)"
216.244.66.249 - - [17/Oct/2017:02:50:22 +0200] "GET /kapfenberg.pankl/10241947?FS=A1 HTTP/1.1" 301 418 "-" "Mozilla/5.0 (compatible; DotBot/1.1; http://www.opensiteexplorer.org/dotbot, help@moz.com)"
216.244.66.249 - - [17/Oct/2017:02:50:23 +0200] "GET /kapfenberg.pankl/10241947?FS=A HTTP/1.1" 301 417 "-" "Mozilla/5.0 (compatible; DotBot/1.1; http://www.opensiteexplorer.org/dotbot, help@moz.com)"
216.244.66.249 - - [17/Oct/2017:02:50:24 +0200] "GET /jennersdorf/10243034?FS=BE HTTP/1.1" 301 413 "-" "Mozilla/5.0 (compatible; DotBot/1.1; http://www.opensiteexplorer.org/dotbot, help@moz.com)"
216.244.66.249 - - [17/Oct/2017:02:50:26 +0200] "GET /hartberg/10250876?FS=AM-M1 HTTP/1.1" 301 413 "-" "Mozilla/5.0 (compatible; DotBot/1.1; http://www.opensiteexplorer.org/dotbot, help@moz.com)"
66.249.66.75 - - [17/Oct/2017:02:50:27 +0200] "GET /uploads/pdfs/spittelau/10280820_B-L.pdf HTTP/1.1" 301 320 "-" "Mozilla/5.0 (compatible; Googlebot/2.1; +http://www.google.com/bot.html)"
66.249.76.80 - - [17/Oct/2017:02:50:27 +0200] "GET /uploads/pdfs/spittelau/10280820_B-L.pdf HTTP/1.1" 200 31673 "-" "Mozilla/5.0 (compatible; Googlebot/2.1; +http://www.google.com/bot.html)"
207.46.13.48 - - [17/Oct/2017:02:50:39 +0200] "GET /langenlois HTTP/1.1" 200 3446 "-" "Mozilla/5.0 (compatible; bingbot/2.0; +http://www.bing.com/bingbot.htm)"
66.249.76.78 - - [17/Oct/2017:02:51:16 +0200] "GET /uploads/pdfs/ennstal.schladming/kk-07-11-2016_BE96.pdf HTTP/1.1" 301 334 "-" "Mozilla/5.0 (compatible; Googlebot/2.1; +http://www.google.com/bot.html)"
66.249.76.84 - - [17/Oct/2017:02:51:17 +0200] "GET /uploads/pdfs/ennstal.schladming/kk-07-11-2016_BE96.pdf HTTP/1.1" 200 29769 "-" "Mozilla/5.0 (compatible; Googlebot/2.1; +http://www.google.com/bot.html)"
79.196.233.72 - - [17/Oct/2017:02:51:17 +0200] "GET /moedling HTTP/1.1" 301 299 "-" "Mozilla/5.0 (Windows; U; Windows NT 6.0; de; rv:1.9.2.3) Gecko/20100401 Firefox/3.6.3 ( .NET CLR 3.5.30729)"
66.249.76.78 - - [17/Oct/2017:02:52:06 +0200] "GET /uploads/pdfs/waidhofen.ybbs/AK_01_2015_B-L17.pdf HTTP/1.1" 301 328 "-" "Mozilla/5.0 (compatible; Googlebot/2.1; +http://www.google.com/bot.html)"
66.249.76.84 - - [17/Oct/2017:02:52:06 +0200] "GET /uploads/pdfs/waidhofen.ybbs/AK_01_2015_B-L17.pdf HTTP/1.1" 200 37448 "-" "Mozilla/5.0 (compatible; Googlebot/2.1; +http://www.google.com/bot.html)"
207.46.13.120 - - [17/Oct/2017:02:52:45 +0200] "GET / HTTP/1.1" 301 294 "-" "Mozilla/5.0 (compatible; bingbot/2.0; +http://www.bing.com/bingbot.htm)"
66.249.76.74 - - [17/Oct/2017:02:52:55 +0200] "GET /uploads/pdfs/easy_drivers_st._peterau/10243400_B-L.pdf HTTP/1.1" 301 327 "-" "Mozilla/5.0 (compatible; Googlebot/2.1; +http://www.google.com/bot.html)"
66.249.76.82 - - [17/Oct/2017:02:52:55 +0200] "GET /uploads/pdfs/easy_drivers_st._peterau/10243400_B-L.pdf HTTP/1.1" 200 30560 "-" "Mozilla/5.0 (compatible; Googlebot/2.1; +http://www.google.com/bot.html)"
79.196.233.72 - - [17/Oct/2017:02:53:24 +0200] "GET /ennstal.bad.aussee HTTP/1.1" 301 304 "-" "Mozilla/5.0 (Windows; U; Windows NT 6.0; de; rv:1.9.2.3) Gecko/20100401 Firefox/3.6.3 ( .NET CLR 3.5.30729)"
66.249.76.74 - - [17/Oct/2017:02:53:44 +0200] "GET /uploads/pdfs/brigittenau/10281123_BE96.pdf HTTP/1.1" 301 323 "-" "Mozilla/5.0 (compatible; Googlebot/2.1; +http://www.google.com/bot.html)"
66.249.76.84 - - [17/Oct/2017:02:53:45 +0200] "GET /uploads/pdfs/brigittenau/10281123_BE96.pdf HTTP/1.1" 200 29584 "-" "Mozilla/5.0 (compatible; Googlebot/2.1; +http://www.google.com/bot.html)"
216.244.66.202 - - [17/Oct/2017:02:54:10 +0200] "GET /skarabela.gross-enzersdorf/10247800 HTTP/1.1" 301 422 "-" "Mozilla/5.0 (compatible; DotBot/1.1; http://www.opensiteexplorer.org/dotbot, help@moz.com)"
79.196.233.72 - - [17/Oct/2017:02:54:29 +0200] "GET /scheibbs HTTP/1.1" 301 298 "-" "Mozilla/5.0 (Windows; U; Windows NT 6.0; de; rv:1.9.2.3) Gecko/20100401 Firefox/3.6.3 ( .NET CLR 3.5.30729)"
66.249.76.74 - - [17/Oct/2017:02:54:33 +0200] "GET /uploads/pdfs/eisenstadt/LKW_Kurs_CCE95.pdf HTTP/1.1" 301 322 "-" "Mozilla/5.0 (compatible; Googlebot/2.1; +http://www.google.com/bot.html)"
66.249.76.82 - - [17/Oct/2017:02:54:34 +0200] "GET /uploads/pdfs/eisenstadt/LKW_Kurs_CCE95.pdf HTTP/1.1" 200 28743 "-" "Mozilla/5.0 (compatible; Googlebot/2.1; +http://www.google.com/bot.html)"
79.196.233.72 - - [17/Oct/2017:02:55:16 +0200] "GET /fuehrerscheine/traktor HTTP/1.1" 200 2601 "-" "Mozilla/5.0 (Windows; U; Windows NT 6.0; de; rv:1.9.2.3) Gecko/20100401 Firefox/3.6.3 ( .NET CLR 3.5.30729)"
66.249.76.78 - - [17/Oct/2017:02:55:23 +0200] "GET /uploads/pdfs/kapfenberg.pankl/10260079_F.pdf HTTP/1.1" 301 326 "-" "Mozilla/5.0 (compatible; Googlebot/2.1; +http://www.google.com/bot.html)"
66.249.76.84 - - [17/Oct/2017:02:55:23 +0200] "GET /uploads/pdfs/kapfenberg.pankl/10260079_F.pdf HTTP/1.1" 200 28208 "-" "Mozilla/5.0 (compatible; Googlebot/2.1; +http://www.google.com/bot.html)"
79.196.233.72 - - [17/Oct/2017:02:55:49 +0200] "GET /am.spitz HTTP/1.1" 301 299 "-" "Mozilla/5.0 (Windows; U; Windows NT 6.0; de; rv:1.9.2.3) Gecko/20100401 Firefox/3.6.3 ( .NET CLR 3.5.30729)"
66.249.76.78 - - [17/Oct/2017:02:56:12 +0200] "GET /uploads/pdfs/moedling/10270593_CCE95.pdf HTTP/1.1" 301 322 "-" "Mozilla/5.0 (compatible; Googlebot/2.1; +http://www.google.com/bot.html)"
66.249.76.82 - - [17/Oct/2017:02:56:13 +0200] "GET /uploads/pdfs/moedling/10270593_CCE95.pdf HTTP/1.1" 200 28045 "-" "Mozilla/5.0 (compatible; Googlebot/2.1; +http://www.google.com/bot.html)"
66.249.76.74 - - [17/Oct/2017:02:57:01 +0200] "GET /uploads/pdfs/wallensteinplatz/10281249_BC.pdf HTTP/1.1" 301 326 "-" "Mozilla/5.0 (compatible; Googlebot/2.1; +http://www.google.com/bot.html)"
66.249.76.82 - - [17/Oct/2017:02:57:02 +0200] "GET /uploads/pdfs/wallensteinplatz/10281249_BC.pdf HTTP/1.1" 200 34022 "-" "Mozilla/5.0 (compatible; Googlebot/2.1; +http://www.google.com/bot.html)"
79.196.233.72 - - [17/Oct/2017:02:57:07 +0200] "GET /wr.neustadt HTTP/1.1" 301 300 "-" "Mozilla/5.0 (Windows; U; Windows NT 6.0; de; rv:1.9.2.3) Gecko/20100401 Firefox/3.6.3 ( .NET CLR 3.5.30729)"
66.249.76.74 - - [17/Oct/2017:02:57:51 +0200] "GET /spittelau/10280817?FS=A2B HTTP/1.1" 301 312 "-" "Mozilla/5.0 (compatible; Googlebot/2.1; +http://www.google.com/bot.html)"
66.249.76.80 - - [17/Oct/2017:02:57:51 +0200] "GET /spittelau/10280817?FS=A2B HTTP/1.1" 410 3399 "-" "Mozilla/5.0 (compatible; Googlebot/2.1; +http://www.google.com/bot.html)"
194.37.230.142 - - [17/Oct/2017:02:58:02 +0200] "GET /img/arrow-up.png HTTP/1.1" 301 403 "-" "Mozilla/4.0 (compatible;)"
207.46.13.48 - - [17/Oct/2017:02:58:27 +0200] "GET /binaries/easy-drivers-portal/golfseitljpg.jpg HTTP/1.1" 301 319 "-" "Mozilla/5.0 (compatible; bingbot/2.0; +http://www.bing.com/bingbot.htm)"
207.46.13.48 - - [17/Oct/2017:02:58:29 +0200] "GET /binaries/easy-drivers-portal/golfseitljpg.jpg HTTP/1.1" 200 3577965 "-" "Mozilla/5.0 (compatible; bingbot/2.0; +http://www.bing.com/bingbot.htm)"
66.249.76.74 - - [17/Oct/2017:02:58:40 +0200] "GET /uploads/pdfs/retz/10259441_A1F.pdf HTTP/1.1" 301 317 "-" "Mozilla/5.0 (compatible; Googlebot/2.1; +http://www.google.com/bot.html)"
66.249.76.80 - - [17/Oct/2017:02:58:41 +0200] "GET /uploads/pdfs/retz/10259441_A1F.pdf HTTP/1.1" 200 31897 "-" "Mozilla/5.0 (compatible; Googlebot/2.1; +http://www.google.com/bot.html)"
66.249.66.75 - - [17/Oct/2017:02:59:29 +0200] "GET /uploads/pdfs/steyr/abendkurs_oktober_2_A2B.pdf HTTP/1.1" 301 326 "-" "Mozilla/5.0 (compatible; Googlebot/2.1; +http://www.google.com/bot.html)"
66.249.76.82 - - [17/Oct/2017:02:59:30 +0200] "GET /uploads/pdfs/steyr/abendkurs_oktober_2_A2B.pdf HTTP/1.1" 200 34784 "-" "Mozilla/5.0 (compatible; Googlebot/2.1; +http://www.google.com/bot.html)"
66.249.76.76 - - [17/Oct/2017:03:00:19 +0200] "GET /uploads/pdfs/amstetten/abendkurs_apr16_BPlus.pdf HTTP/1.1" 301 326 "-" "Mozilla/5.0 (compatible; Googlebot/2.1; +http://www.google.com/bot.html)"
66.249.76.80 - - [17/Oct/2017:03:00:19 +0200] "GET /uploads/pdfs/amstetten/abendkurs_apr16_BPlus.pdf HTTP/1.1" 200 28592 "-" "Mozilla/5.0 (compatible; Googlebot/2.1; +http://www.google.com/bot.html)"
79.196.233.72 - - [17/Oct/2017:03:00:31 +0200] "GET /feldkirch HTTP/1.1" 200 3531 "-" "Mozilla/5.0 (Windows; U; Windows NT 6.0; de; rv:1.9.2.3) Gecko/20100401 Firefox/3.6.3 ( .NET CLR 3.5.30729)"
207.46.13.120 - - [17/Oct/2017:03:00:35 +0200] "GET /jennersdorf HTTP/1.1" 200 3476 "-" "Mozilla/5.0 (compatible; bingbot/2.0; +http://www.bing.com/bingbot.htm)"
207.46.13.55 - - [17/Oct/2017:03:00:58 +0200] "GET /wr.neustadt HTTP/1.1" 200 3523 "-" "Mozilla/5.0 (compatible; bingbot/2.0; +http://www.bing.com/bingbot.htm)"
66.249.76.74 - - [17/Oct/2017:03:01:08 +0200] "GET /uploads/pdfs/steyr/2._ferienkurs_A1F.pdf HTTP/1.1" 301 319 "-" "Mozilla/5.0 (compatible; Googlebot/2.1; +http://www.google.com/bot.html)"
66.249.66.80 - - [17/Oct/2017:03:01:09 +0200] "GET /uploads/pdfs/steyr/2._ferienkurs_A1F.pdf HTTP/1.1" 200 39968 "-" "Mozilla/5.0 (compatible; Googlebot/2.1; +http://www.google.com/bot.html)"
79.196.233.72 - - [17/Oct/2017:03:01:49 +0200] "GET /amstetten HTTP/1.1" 301 298 "-" "Mozilla/5.0 (Windows; U; Windows NT 6.0; de; rv:1.9.2.3) Gecko/20100401 Firefox/3.6.3 ( .NET CLR 3.5.30729)"
66.249.76.74 - - [17/Oct/2017:03:01:57 +0200] "GET /uploads/pdfs/eisenstadt/B_Kurs_Novermber_Dezember_A2B.pdf HTTP/1.1" 301 333 "-" "Mozilla/5.0 (compatible; Googlebot/2.1; +http://www.google.com/bot.html)"
66.249.76.80 - - [17/Oct/2017:03:01:58 +0200] "GET /uploads/pdfs/eisenstadt/B_Kurs_Novermber_Dezember_A2B.pdf HTTP/1.1" 200 32057 "-" "Mozilla/5.0 (compatible; Googlebot/2.1; +http://www.google.com/bot.html)"
66.249.76.74 - - [17/Oct/2017:03:02:47 +0200] "GET /scheibbs/10249601?FS=A2BF HTTP/1.1" 301 312 "-" "Mozilla/5.0 (Linux; Android 6.0.1; Nexus 5X Build/MMB29P) AppleWebKit/537.36 (KHTML, like Gecko) Chrome/41.0.2272.96 Mobile Safari/537.36 (compatible; Googlebot/2.1; +http://www.google.com/bot.html)"
66.249.76.82 - - [17/Oct/2017:03:02:47 +0200] "GET /scheibbs/10249601?FS=A2BF HTTP/1.1" 500 625 "-" "Mozilla/5.0 (Linux; Android 6.0.1; Nexus 5X Build/MMB29P) AppleWebKit/537.36 (KHTML, like Gecko) Chrome/41.0.2272.96 Mobile Safari/537.36 (compatible; Googlebot/2.1; +http://www.google.com/bot.html)"
52.53.231.176 - - [17/Oct/2017:03:03:05 +0200] "GET / HTTP/1.1" 301 312 "-" "Mozilla/5.0 (Macintosh; Intel Mac OS X 10_12_6) AppleWebKit/537.36 (KHTML, like Gecko) Chrome/61.0.3163.100 Safari/537.36"
52.53.231.176 - - [17/Oct/2017:03:03:06 +0200] "GET / HTTP/1.1" 400 292 "https://www.sogutwiedufaehrtkeiner.com/" "Mozilla/5.0 (Macintosh; Intel Mac OS X 10_12_6) AppleWebKit/537.36 (KHTML, like Gecko) Chrome/61.0.3163.100 Safari/537.36"
79.196.233.72 - - [17/Oct/2017:03:03:07 +0200] "GET /fuehrerscheine/motorrad HTTP/1.1" 301 306 "-" "Mozilla/5.0 (Windows; U; Windows NT 6.0; de; rv:1.9.2.3) Gecko/20100401 Firefox/3.6.3 ( .NET CLR 3.5.30729)"
66.249.76.82 - - [17/Oct/2017:03:03:36 +0200] "GET /binaries/easy-drivers-gro/preislistepdf-1.pdf HTTP/1.1" 200 185892 "-" "Mozilla/5.0 (compatible; Googlebot/2.1; +http://www.google.com/bot.html)"
79.196.233.72 - - [17/Oct/2017:03:03:38 +0200] "GET /schwechat HTTP/1.1" 200 3733 "-" "Mozilla/5.0 (Windows; U; Windows NT 6.0; de; rv:1.9.2.3) Gecko/20100401 Firefox/3.6.3 ( .NET CLR 3.5.30729)"
66.249.66.74 - - [17/Oct/2017:03:04:25 +0200] "GET /spittelau/10281414?FS=CC95 HTTP/1.1" 301 313 "-" "Mozilla/5.0 (compatible; Googlebot/2.1; +http://www.google.com/bot.html)"
66.249.66.79 - - [17/Oct/2017:03:04:26 +0200] "GET /spittelau/10281414?FS=CC95 HTTP/1.1" 410 3398 "-" "Mozilla/5.0 (compatible; Googlebot/2.1; +http://www.google.com/bot.html)"
79.196.233.72 - - [17/Oct/2017:03:04:41 +0200] "GET /schwechat HTTP/1.1" 301 299 "-" "Mozilla/5.0 (Windows; U; Windows NT 6.0; de; rv:1.9.2.3) Gecko/20100401 Firefox/3.6.3 ( .NET CLR 3.5.30729)"
66.249.76.76 - - [17/Oct/2017:03:05:15 +0200] "GET /wallensteinplatz/10281015?FS=B-L HTTP/1.1" 301 317 "-" "Mozilla/5.0 (compatible; Googlebot/2.1; +http://www.google.com/bot.html)"
66.249.76.84 - - [17/Oct/2017:03:05:15 +0200] "GET /wallensteinplatz/10281015?FS=B-L HTTP/1.1" 410 3422 "-" "Mozilla/5.0 (compatible; Googlebot/2.1; +http://www.google.com/bot.html)"
66.249.76.74 - - [17/Oct/2017:03:06:04 +0200] "GET /brigittenau/10280889?FS=AM HTTP/1.1" 301 314 "-" "Mozilla/5.0 (compatible; Googlebot/2.1; +http://www.google.com/bot.html)"
66.249.76.84 - - [17/Oct/2017:03:06:04 +0200] "GET /brigittenau/10280889?FS=AM HTTP/1.1" 410 3425 "-" "Mozilla/5.0 (compatible; Googlebot/2.1; +http://www.google.com/bot.html)"
207.46.13.120 - - [17/Oct/2017:03:06:11 +0200] "GET /css/mobile.css HTTP/1.1" 200 2852 "-" "Mozilla/5.0 (iPhone; CPU iPhone OS 7_0 like Mac OS X) AppleWebKit/537.51.1 (KHTML, like Gecko) Version/7.0 Mobile/11A465 Safari/9537.53 (compatible; bingbot/2.0; +http://www.bing.com/bingbot.htm)"
207.46.13.120 - - [17/Oct/2017:03:06:11 +0200] "GET /javascript/jquery-1.9.1.min.js HTTP/1.1" 200 32731 "-" "Mozilla/5.0 (iPhone; CPU iPhone OS 7_0 like Mac OS X) AppleWebKit/537.51.1 (KHTML, like Gecko) Version/7.0 Mobile/11A465 Safari/9537.53 (compatible; bingbot/2.0; +http://www.bing.com/bingbot.htm)"
40.77.167.108 - - [17/Oct/2017:03:06:12 +0200] "GET /img/mobile/close-button.png HTTP/1.1" 200 2411 "-" "Mozilla/5.0 (iPhone; CPU iPhone OS 7_0 like Mac OS X) AppleWebKit/537.51.1 (KHTML, like Gecko) Version/7.0 Mobile/11A465 Safari/9537.53 (compatible; bingbot/2.0; +http://www.bing.com/bingbot.htm)"
207.46.13.55 - - [17/Oct/2017:03:06:27 +0200] "GET /javascript/mobile-menu.js HTTP/1.1" 200 1634 "-" "Mozilla/5.0 (iPhone; CPU iPhone OS 7_0 like Mac OS X) AppleWebKit/537.51.1 (KHTML, like Gecko) Version/7.0 Mobile/11A465 Safari/9537.53 (compatible; bingbot/2.0; +http://www.bing.com/bingbot.htm)"
79.196.233.72 - - [17/Oct/2017:03:06:30 +0200] "GET /amstetten HTTP/1.1" 200 3629 "-" "Mozilla/5.0 (Windows; U; Windows NT 6.0; de; rv:1.9.2.3) Gecko/20100401 Firefox/3.6.3 ( .NET CLR 3.5.30729)"
207.46.13.120 - - [17/Oct/2017:03:06:44 +0200] "GET /horn HTTP/1.1" 200 3450 "-" "Mozilla/5.0 (compatible; bingbot/2.0; +http://www.bing.com/bingbot.htm)"
40.77.167.108 - - [17/Oct/2017:03:06:48 +0200] "GET /fuehrerscheine/auto HTTP/1.1" 200 3372 "-" "Mozilla/5.0 (compatible; bingbot/2.0; +http://www.bing.com/bingbot.htm)"
66.249.76.74 - - [17/Oct/2017:03:06:53 +0200] "GET /uploads/pdfs/am.spitz/10242415_CCE95.pdf HTTP/1.1" 301 322 "-" "Mozilla/5.0 (compatible; Googlebot/2.1; +http://www.google.com/bot.html)"
66.249.76.80 - - [17/Oct/2017:03:06:54 +0200] "GET /uploads/pdfs/am.spitz/10242415_CCE95.pdf HTTP/1.1" 200 30528 "-" "Mozilla/5.0 (compatible; Googlebot/2.1; +http://www.google.com/bot.html)"
66.249.76.74 - - [17/Oct/2017:03:07:42 +0200] "GET /uploads/pdfs/bludenz/LKW-Kurs_-_CD_2016-12-05_C.pdf HTTP/1.1" 301 331 "-" "Mozilla/5.0 (compatible; Googlebot/2.1; +http://www.google.com/bot.html)"
66.249.76.80 - - [17/Oct/2017:03:07:43 +0200] "GET /uploads/pdfs/bludenz/LKW-Kurs_-_CD_2016-12-05_C.pdf HTTP/1.1" 200 28053 "-" "Mozilla/5.0 (compatible; Googlebot/2.1; +http://www.google.com/bot.html)"
79.196.233.72 - - [17/Oct/2017:03:07:47 +0200] "GET /feldkirch HTTP/1.1" 301 300 "-" "Mozilla/5.0 (Windows; U; Windows NT 6.0; de; rv:1.9.2.3) Gecko/20100401 Firefox/3.6.3 ( .NET CLR 3.5.30729)"
35.194.1.1 - - [17/Oct/2017:03:08:09 +0200] "GET /robots.txt HTTP/1.1" 301 300 "-" "ltx71 - (http://ltx71.com/)"
66.249.76.78 - - [17/Oct/2017:03:08:32 +0200] "GET /uploads/pdfs/hollabrunn/Grundkurs_IV_Sommer_2016_A2B.pdf HTTP/1.1" 301 334 "-" "Mozilla/5.0 (compatible; Googlebot/2.1; +http://www.google.com/bot.html)"
66.249.76.82 - - [17/Oct/2017:03:08:32 +0200] "GET /uploads/pdfs/hollabrunn/Grundkurs_IV_Sommer_2016_A2B.pdf HTTP/1.1" 200 35462 "-" "Mozilla/5.0 (compatible; Googlebot/2.1; +http://www.google.com/bot.html)"
66.249.66.74 - - [17/Oct/2017:03:09:21 +0200] "GET /schwechat/10280281?FS=A1F HTTP/1.1" 301 310 "-" "Mozilla/5.0 (compatible; Googlebot/2.1; +http://www.google.com/bot.html)"
66.249.76.82 - - [17/Oct/2017:03:09:22 +0200] "GET /schwechat/10280281?FS=A1F HTTP/1.1" 410 3534 "-" "Mozilla/5.0 (compatible; Googlebot/2.1; +http://www.google.com/bot.html)"
66.249.76.76 - - [17/Oct/2017:03:10:10 +0200] "GET /wallensteinplatz/10281018?FS=AM-M HTTP/1.1" 301 318 "-" "Mozilla/5.0 (compatible; Googlebot/2.1; +http://www.google.com/bot.html)"
66.249.66.79 - - [17/Oct/2017:03:10:11 +0200] "GET /wallensteinplatz/10281018?FS=AM-M HTTP/1.1" 410 3422 "-" "Mozilla/5.0 (compatible; Googlebot/2.1; +http://www.google.com/bot.html)"
66.249.76.74 - - [17/Oct/2017:03:11:00 +0200] "GET /uploads/pdfs/skarabela.gross-enzersdorf/10280629_B-L.pdf HTTP/1.1" 301 334 "-" "Mozilla/5.0 (compatible; Googlebot/2.1; +http://www.google.com/bot.html)"
66.249.76.84 - - [17/Oct/2017:03:11:00 +0200] "GET /uploads/pdfs/skarabela.gross-enzersdorf/10280629_B-L.pdf HTTP/1.1" 200 32487 "-" "Mozilla/5.0 (compatible; Googlebot/2.1; +http://www.google.com/bot.html)"
209.95.163.11 - - [17/Oct/2017:03:11:10 +0200] "GET / HTTP/1.1" 301 386 "-" "=Mozilla/5.0 (Windows; U; Windows NT 6.1; en-US) AppleWebKit/534.16 (KHTML, like Gecko) Chrome/10.0.648.204 Safari/534.16"
209.95.163.11 - - [17/Oct/2017:03:11:11 +0200] "GET / HTTP/1.1" 200 16051 "-" "=Mozilla/5.0 (Windows; U; Windows NT 6.1; en-US) AppleWebKit/534.16 (KHTML, like Gecko) Chrome/10.0.648.204 Safari/534.16"
217.182.132.72 - - [17/Oct/2017:03:11:25 +0200] "GET /neufeld/10291667 HTTP/1.1" 301 306 "-" "Mozilla/5.0 (compatible; AhrefsBot/5.2; +http://ahrefs.com/robot/)"
216.244.66.202 - - [17/Oct/2017:03:11:32 +0200] "GET /klagenfurt/10248801 HTTP/1.1" 301 406 "-" "Mozilla/5.0 (compatible; DotBot/1.1; http://www.opensiteexplorer.org/dotbot, help@moz.com)"
66.249.76.74 - - [17/Oct/2017:03:11:49 +0200] "GET /uploads/pdfs/spittelau/10281189_B-L17.pdf HTTP/1.1" 301 322 "-" "Mozilla/5.0 (compatible; Googlebot/2.1; +http://www.google.com/bot.html)"
66.249.76.80 - - [17/Oct/2017:03:11:50 +0200] "GET /uploads/pdfs/spittelau/10281189_B-L17.pdf HTTP/1.1" 200 34375 "-" "Mozilla/5.0 (compatible; Googlebot/2.1; +http://www.google.com/bot.html)"
216.244.66.249 - - [17/Oct/2017:03:12:04 +0200] "GET /robots.txt HTTP/1.1" 301 397 "-" "Mozilla/5.0 (compatible; DotBot/1.1; http://www.opensiteexplorer.org/dotbot, help@moz.com)"
216.244.66.249 - - [17/Oct/2017:03:12:05 +0200] "GET /robots.txt HTTP/1.1" 200 178 "-" "Mozilla/5.0 (compatible; DotBot/1.1; http://www.opensiteexplorer.org/dotbot, help@moz.com)"
207.46.13.120 - - [17/Oct/2017:03:12:13 +0200] "GET /oberwart/kursauswahl HTTP/1.1" 301 306 "-" "Mozilla/5.0 (compatible; bingbot/2.0; +http://www.bing.com/bingbot.htm)"
66.249.76.74 - - [17/Oct/2017:03:12:38 +0200] "GET /uploads/pdfs/wallensteinplatz/10281249_BE96.pdf HTTP/1.1" 301 328 "-" "Mozilla/5.0 (compatible; Googlebot/2.1; +http://www.google.com/bot.html)"
66.249.76.84 - - [17/Oct/2017:03:12:39 +0200] "GET /uploads/pdfs/wallensteinplatz/10281249_BE96.pdf HTTP/1.1" 200 36566 "-" "Mozilla/5.0 (compatible; Googlebot/2.1; +http://www.google.com/bot.html)"
66.249.76.76 - - [17/Oct/2017:03:13:28 +0200] "GET /am.spitz/10281204?FS=BC HTTP/1.1" 301 311 "-" "Mozilla/5.0 (compatible; Googlebot/2.1; +http://www.google.com/bot.html)"
66.249.76.82 - - [17/Oct/2017:03:13:28 +0200] "GET /am.spitz/10281204?FS=BC HTTP/1.1" 410 3380 "-" "Mozilla/5.0 (compatible; Googlebot/2.1; +http://www.google.com/bot.html)"
66.249.66.75 - - [17/Oct/2017:03:14:17 +0200] "GET /uploads/pdfs/am.spitz/10269191_AM.pdf HTTP/1.1" 301 319 "-" "Mozilla/5.0 (compatible; Googlebot/2.1; +http://www.google.com/bot.html)"
66.249.76.80 - - [17/Oct/2017:03:14:18 +0200] "GET /uploads/pdfs/am.spitz/10269191_AM.pdf HTTP/1.1" 200 28499 "-" "Mozilla/5.0 (compatible; Googlebot/2.1; +http://www.google.com/bot.html)"
66.249.76.74 - - [17/Oct/2017:03:15:06 +0200] "GET /uploads/pdfs/amstetten/abendkursmai2_A2B.pdf HTTP/1.1" 301 323 "-" "Mozilla/5.0 (compatible; Googlebot/2.1; +http://www.google.com/bot.html)"
66.249.76.80 - - [17/Oct/2017:03:15:07 +0200] "GET /uploads/pdfs/amstetten/abendkursmai2_A2B.pdf HTTP/1.1" 200 30014 "-" "Mozilla/5.0 (compatible; Googlebot/2.1; +http://www.google.com/bot.html)"
66.249.66.72 - - [17/Oct/2017:03:15:56 +0200] "GET /spittelau/10281411?FS=C HTTP/1.1" 301 310 "-" "Mozilla/5.0 (compatible; Googlebot/2.1; +http://www.google.com/bot.html)"
66.249.76.80 - - [17/Oct/2017:03:15:56 +0200] "GET /spittelau/10281411?FS=C HTTP/1.1" 410 3398 "-" "Mozilla/5.0 (compatible; Googlebot/2.1; +http://www.google.com/bot.html)"
66.249.76.74 - - [17/Oct/2017:03:16:45 +0200] "GET /uploads/pdfs/spittelau/10281414_CC95.pdf HTTP/1.1" 301 321 "-" "Mozilla/5.0 (compatible; Googlebot/2.1; +http://www.google.com/bot.html)"
66.249.76.84 - - [17/Oct/2017:03:16:45 +0200] "GET /uploads/pdfs/spittelau/10281414_CC95.pdf HTTP/1.1" 200 27797 "-" "Mozilla/5.0 (compatible; Googlebot/2.1; +http://www.google.com/bot.html)"
66.249.76.78 - - [17/Oct/2017:03:17:34 +0200] "GET /uploads/pdfs/spittelau/10281054_BCE.pdf HTTP/1.1" 301 320 "-" "Mozilla/5.0 (compatible; Googlebot/2.1; +http://www.google.com/bot.html)"
66.249.76.84 - - [17/Oct/2017:03:17:35 +0200] "GET /uploads/pdfs/spittelau/10281054_BCE.pdf HTTP/1.1" 200 33455 "-" "Mozilla/5.0 (compatible; Googlebot/2.1; +http://www.google.com/bot.html)"
95.57.132.228 - - [17/Oct/2017:03:18:09 +0200] "GET /wp-login.php HTTP/1.1" 301 399 "-" "Mozilla/5.0 (Windows NT 6.1; WOW64; rv:40.0) Gecko/20100101 Firefox/40.1"
95.57.132.228 - - [17/Oct/2017:03:18:15 +0200] "GET /wp-login.php HTTP/1.1" 301 399 "-" "Mozilla/5.0 (Windows NT 6.1; WOW64; rv:40.0) Gecko/20100101 Firefox/40.1"
95.57.132.228 - - [17/Oct/2017:03:18:20 +0200] "GET / HTTP/1.1" 301 387 "-" "Mozilla/5.0 (Windows NT 6.1; WOW64; rv:40.0) Gecko/20100101 Firefox/40.1"
66.249.76.76 - - [17/Oct/2017:03:18:24 +0200] "GET /wallensteinplatz/10281234?FS=BE96 HTTP/1.1" 301 319 "-" "Mozilla/5.0 (compatible; Googlebot/2.1; +http://www.google.com/bot.html)"
66.249.76.82 - - [17/Oct/2017:03:18:24 +0200] "GET /wallensteinplatz/10281234?FS=BE96 HTTP/1.1" 410 3420 "-" "Mozilla/5.0 (compatible; Googlebot/2.1; +http://www.google.com/bot.html)"
66.249.76.74 - - [17/Oct/2017:03:19:13 +0200] "GET /uploads/pdfs/zwettl/10259590_BBE.pdf HTTP/1.1" 301 319 "-" "Mozilla/5.0 (compatible; Googlebot/2.1; +http://www.google.com/bot.html)"
66.249.76.84 - - [17/Oct/2017:03:19:13 +0200] "GET /uploads/pdfs/zwettl/10259590_BBE.pdf HTTP/1.1" 200 29348 "-" "Mozilla/5.0 (compatible; Googlebot/2.1; +http://www.google.com/bot.html)"
216.244.66.202 - - [17/Oct/2017:03:19:23 +0200] "GET /spittelau/Inhaberdaten HTTP/1.1" 301 409 "-" "Mozilla/5.0 (compatible; DotBot/1.1; http://www.opensiteexplorer.org/dotbot, help@moz.com)"
66.249.76.76 - - [17/Oct/2017:03:20:02 +0200] "GET /uploads/pdfs/am.spitz/10281090_B.pdf HTTP/1.1" 301 319 "-" "Mozilla/5.0 (compatible; Googlebot/2.1; +http://www.google.com/bot.html)"
66.249.76.82 - - [17/Oct/2017:03:20:03 +0200] "GET /uploads/pdfs/am.spitz/10281090_B.pdf HTTP/1.1" 200 30614 "-" "Mozilla/5.0 (compatible; Googlebot/2.1; +http://www.google.com/bot.html)"
185.162.47.24 - - [17/Oct/2017:03:20:17 +0200] "GET / HTTP/1.1" 301 294 "-" "Mozilla/5.0 (Windows NT 10.0; WOW64) AppleWebKit/537.36 (KHTML, like Gecko) Chrome/45.0.2454.85 Safari/537.36"
185.162.47.24 - - [17/Oct/2017:03:20:17 +0200] "GET / HTTP/1.1" 200 4425 "-" "Mozilla/5.0 (Windows NT 10.0; WOW64) AppleWebKit/537.36 (KHTML, like Gecko) Chrome/45.0.2454.85 Safari/537.36"
185.162.47.24 - - [17/Oct/2017:03:20:19 +0200] "GET /css/style.css HTTP/1.1" 200 5004 "https://www.easydrivers.at/" "Mozilla/5.0 (Windows NT 10.0; WOW64) AppleWebKit/537.36 (KHTML, like Gecko) Chrome/45.0.2454.85 Safari/537.36"
185.162.47.24 - - [17/Oct/2017:03:20:19 +0200] "GET /javascript/jquery.customSelect.min.js HTTP/1.1" 200 912 "https://www.easydrivers.at/" "Mozilla/5.0 (Windows NT 10.0; WOW64) AppleWebKit/537.36 (KHTML, like Gecko) Chrome/45.0.2454.85 Safari/537.36"
185.162.47.24 - - [17/Oct/2017:03:20:19 +0200] "GET /javascript/jquery.simplemodal.js HTTP/1.1" 200 3070 "https://www.easydrivers.at/" "Mozilla/5.0 (Windows NT 10.0; WOW64) AppleWebKit/537.36 (KHTML, like Gecko) Chrome/45.0.2454.85 Safari/537.36"
185.162.47.24 - - [17/Oct/2017:03:20:19 +0200] "GET /javascript/jquery.cookie.js HTTP/1.1" 200 863 "https://www.easydrivers.at/" "Mozilla/5.0 (Windows NT 10.0; WOW64) AppleWebKit/537.36 (KHTML, like Gecko) Chrome/45.0.2454.85 Safari/537.36"
185.162.47.24 - - [17/Oct/2017:03:20:19 +0200] "GET /javascript/portal.js?1221842734 HTTP/1.1" 200 3529 "https://www.easydrivers.at/" "Mozilla/5.0 (Windows NT 10.0; WOW64) AppleWebKit/537.36 (KHTML, like Gecko) Chrome/45.0.2454.85 Safari/537.36"
185.162.47.24 - - [17/Oct/2017:03:20:19 +0200] "GET /img/ED_Logo.png HTTP/1.1" 200 3385 "https://www.easydrivers.at/css/style.css" "Mozilla/5.0 (Windows NT 10.0; WOW64) AppleWebKit/537.36 (KHTML, like Gecko) Chrome/45.0.2454.85 Safari/537.36"
185.162.47.24 - - [17/Oct/2017:03:20:19 +0200] "GET /javascript/homesearch.js HTTP/1.1" 200 393 "https://www.easydrivers.at/" "Mozilla/5.0 (Windows NT 10.0; WOW64) AppleWebKit/537.36 (KHTML, like Gecko) Chrome/45.0.2454.85 Safari/537.36"
185.162.47.24 - - [17/Oct/2017:03:20:19 +0200] "GET /javascript/lazyload.js HTTP/1.1" 200 1170 "https://www.easydrivers.at/" "Mozilla/5.0 (Windows NT 10.0; WOW64) AppleWebKit/537.36 (KHTML, like Gecko) Chrome/45.0.2454.85 Safari/537.36"
185.162.47.24 - - [17/Oct/2017:03:20:19 +0200] "GET /img/close-button.png HTTP/1.1" 200 2237 "https://www.easydrivers.at/" "Mozilla/5.0 (Windows NT 10.0; WOW64) AppleWebKit/537.36 (KHTML, like Gecko) Chrome/45.0.2454.85 Safari/537.36"
185.162.47.24 - - [17/Oct/2017:03:20:19 +0200] "GET /img/facebook-icon.png HTTP/1.1" 200 1506 "https://www.easydrivers.at/" "Mozilla/5.0 (Windows NT 10.0; WOW64) AppleWebKit/537.36 (KHTML, like Gecko) Chrome/45.0.2454.85 Safari/537.36"
185.162.47.24 - - [17/Oct/2017:03:20:19 +0200] "GET /img/bg-header.jpg HTTP/1.1" 200 38680 "https://www.easydrivers.at/css/style.css" "Mozilla/5.0 (Windows NT 10.0; WOW64) AppleWebKit/537.36 (KHTML, like Gecko) Chrome/45.0.2454.85 Safari/537.36"
185.162.47.24 - - [17/Oct/2017:03:20:20 +0200] "GET /img/black-dots-vertical.png HTTP/1.1" 200 1165 "https://www.easydrivers.at/css/style.css" "Mozilla/5.0 (Windows NT 10.0; WOW64) AppleWebKit/537.36 (KHTML, like Gecko) Chrome/45.0.2454.85 Safari/537.36"
185.162.47.24 - - [17/Oct/2017:03:20:20 +0200] "GET /img/purple-dots-horizontal.png HTTP/1.1" 200 977 "https://www.easydrivers.at/css/style.css" "Mozilla/5.0 (Windows NT 10.0; WOW64) AppleWebKit/537.36 (KHTML, like Gecko) Chrome/45.0.2454.85 Safari/537.36"
185.162.47.24 - - [17/Oct/2017:03:20:20 +0200] "GET /img/yellow-dots-vertical.png HTTP/1.1" 200 981 "https://www.easydrivers.at/css/style.css" "Mozilla/5.0 (Windows NT 10.0; WOW64) AppleWebKit/537.36 (KHTML, like Gecko) Chrome/45.0.2454.85 Safari/537.36"
185.162.47.24 - - [17/Oct/2017:03:20:20 +0200] "GET /binaries/easy-drivers-portal/edradfahrschullogowidget160x90pxpng.png HTTP/1.1" 200 23394 "https://www.easydrivers.at/" "Mozilla/5.0 (Windows NT 10.0; WOW64) AppleWebKit/537.36 (KHTML, like Gecko) Chrome/45.0.2454.85 Safari/537.36"
185.162.47.24 - - [17/Oct/2017:03:20:20 +0200] "GET /img/selection-box-button.png HTTP/1.1" 200 1079 "https://www.easydrivers.at/css/style.css" "Mozilla/5.0 (Windows NT 10.0; WOW64) AppleWebKit/537.36 (KHTML, like Gecko) Chrome/45.0.2454.85 Safari/537.36"
185.162.47.24 - - [17/Oct/2017:03:20:20 +0200] "GET /img/bg-top-section.jpg HTTP/1.1" 200 82172 "https://www.easydrivers.at/css/style.css" "Mozilla/5.0 (Windows NT 10.0; WOW64) AppleWebKit/537.36 (KHTML, like Gecko) Chrome/45.0.2454.85 Safari/537.36"
185.162.47.24 - - [17/Oct/2017:03:20:20 +0200] "GET /img/submit-button.png HTTP/1.1" 200 1958 "https://www.easydrivers.at/" "Mozilla/5.0 (Windows NT 10.0; WOW64) AppleWebKit/537.36 (KHTML, like Gecko) Chrome/45.0.2454.85 Safari/537.36"
185.162.47.24 - - [17/Oct/2017:03:20:20 +0200] "GET /binaries/easy-drivers-portal/widget-icon-trainingpng.png HTTP/1.1" 200 2662 "https://www.easydrivers.at/" "Mozilla/5.0 (Windows NT 10.0; WOW64) AppleWebKit/537.36 (KHTML, like Gecko) Chrome/45.0.2454.85 Safari/537.36"
185.162.47.24 - - [17/Oct/2017:03:20:20 +0200] "GET /img/empty.gif HTTP/1.1" 200 43 "https://www.easydrivers.at/" "Mozilla/5.0 (Windows NT 10.0; WOW64) AppleWebKit/537.36 (KHTML, like Gecko) Chrome/45.0.2454.85 Safari/537.36"
185.162.47.24 - - [17/Oct/2017:03:20:20 +0200] "GET /binaries/easy-drivers-portal/widget-icon-expertspng.png HTTP/1.1" 200 2159 "https://www.easydrivers.at/" "Mozilla/5.0 (Windows NT 10.0; WOW64) AppleWebKit/537.36 (KHTML, like Gecko) Chrome/45.0.2454.85 Safari/537.36"
185.162.47.24 - - [17/Oct/2017:03:20:20 +0200] "GET /binaries/easy-drivers-portal/widget-icon-apppng.png HTTP/1.1" 200 2432 "https://www.easydrivers.at/" "Mozilla/5.0 (Windows NT 10.0; WOW64) AppleWebKit/537.36 (KHTML, like Gecko) Chrome/45.0.2454.85 Safari/537.36"
185.162.47.24 - - [17/Oct/2017:03:20:20 +0200] "GET /img/schweiz-icon.png HTTP/1.1" 200 1504 "https://www.easydrivers.at/" "Mozilla/5.0 (Windows NT 10.0; WOW64) AppleWebKit/537.36 (KHTML, like Gecko) Chrome/45.0.2454.85 Safari/537.36"
185.162.47.24 - - [17/Oct/2017:03:20:20 +0200] "GET /img/kursicon-print-pink.png HTTP/1.1" 200 1125 "https://www.easydrivers.at/" "Mozilla/5.0 (Windows NT 10.0; WOW64) AppleWebKit/537.36 (KHTML, like Gecko) Chrome/45.0.2454.85 Safari/537.36"
185.162.47.24 - - [17/Oct/2017:03:20:20 +0200] "GET /img/kursicon-download-pink.png HTTP/1.1" 200 1213 "https://www.easydrivers.at/" "Mozilla/5.0 (Windows NT 10.0; WOW64) AppleWebKit/537.36 (KHTML, like Gecko) Chrome/45.0.2454.85 Safari/537.36"
185.162.47.24 - - [17/Oct/2017:03:20:20 +0200] "GET /img/bg-footer.jpg HTTP/1.1" 200 31770 "https://www.easydrivers.at/css/style.css" "Mozilla/5.0 (Windows NT 10.0; WOW64) AppleWebKit/537.36 (KHTML, like Gecko) Chrome/45.0.2454.85 Safari/537.36"
185.162.47.24 - - [17/Oct/2017:03:20:20 +0200] "GET /img/kursicon-share-pink.png HTTP/1.1" 200 1277 "https://www.easydrivers.at/" "Mozilla/5.0 (Windows NT 10.0; WOW64) AppleWebKit/537.36 (KHTML, like Gecko) Chrome/45.0.2454.85 Safari/537.36"
185.162.47.24 - - [17/Oct/2017:03:20:20 +0200] "GET /img/kursicon-phone-pink.png HTTP/1.1" 200 1286 "https://www.easydrivers.at/" "Mozilla/5.0 (Windows NT 10.0; WOW64) AppleWebKit/537.36 (KHTML, like Gecko) Chrome/45.0.2454.85 Safari/537.36"
185.162.47.24 - - [17/Oct/2017:03:20:20 +0200] "GET /css/print.css HTTP/1.1" 200 967 "https://www.easydrivers.at/" "Mozilla/5.0 (Windows NT 10.0; WOW64) AppleWebKit/537.36 (KHTML, like Gecko) Chrome/45.0.2454.85 Safari/537.36"
79.196.233.72 - - [17/Oct/2017:03:20:31 +0200] "GET /brigittenau HTTP/1.1" 200 3718 "-" "Mozilla/5.0 (Windows; U; Windows NT 6.0; de; rv:1.9.2.3) Gecko/20100401 Firefox/3.6.3 ( .NET CLR 3.5.30729)"
185.162.47.24 - - [17/Oct/2017:03:20:38 +0200] "GET /wieselburg HTTP/1.1" 200 3467 "-" "Mozilla/5.0 (Windows NT 10.0; WOW64) AppleWebKit/537.36 (KHTML, like Gecko) Chrome/45.0.2454.85 Safari/537.36"
185.162.47.24 - - [17/Oct/2017:03:20:40 +0200] "GET /javascript/jquery.customSelect.min.js HTTP/1.1" 200 912 "https://www.easydrivers.at/wieselburg" "Mozilla/5.0 (Windows NT 10.0; WOW64) AppleWebKit/537.36 (KHTML, like Gecko) Chrome/45.0.2454.85 Safari/537.36"
185.162.47.24 - - [17/Oct/2017:03:20:40 +0200] "GET /javascript/jquery.simplemodal.js HTTP/1.1" 200 3070 "https://www.easydrivers.at/wieselburg" "Mozilla/5.0 (Windows NT 10.0; WOW64) AppleWebKit/537.36 (KHTML, like Gecko) Chrome/45.0.2454.85 Safari/537.36"
185.162.47.24 - - [17/Oct/2017:03:20:40 +0200] "GET /css/style.css HTTP/1.1" 200 5004 "https://www.easydrivers.at/wieselburg" "Mozilla/5.0 (Windows NT 10.0; WOW64) AppleWebKit/537.36 (KHTML, like Gecko) Chrome/45.0.2454.85 Safari/537.36"
185.162.47.24 - - [17/Oct/2017:03:20:40 +0200] "GET /javascript/jquery.cookie.js HTTP/1.1" 200 863 "https://www.easydrivers.at/wieselburg" "Mozilla/5.0 (Windows NT 10.0; WOW64) AppleWebKit/537.36 (KHTML, like Gecko) Chrome/45.0.2454.85 Safari/537.36"
185.162.47.24 - - [17/Oct/2017:03:20:40 +0200] "GET /javascript/portal.js?1221842734 HTTP/1.1" 200 3529 "https://www.easydrivers.at/wieselburg" "Mozilla/5.0 (Windows NT 10.0; WOW64) AppleWebKit/537.36 (KHTML, like Gecko) Chrome/45.0.2454.85 Safari/537.36"
185.162.47.24 - - [17/Oct/2017:03:20:41 +0200] "GET /img/ED_Logo.png HTTP/1.1" 200 3385 "https://www.easydrivers.at/css/style.css" "Mozilla/5.0 (Windows NT 10.0; WOW64) AppleWebKit/537.36 (KHTML, like Gecko) Chrome/45.0.2454.85 Safari/537.36"
185.162.47.24 - - [17/Oct/2017:03:20:41 +0200] "GET /javascript/fahrschule.js HTTP/1.1" 200 462 "https://www.easydrivers.at/wieselburg" "Mozilla/5.0 (Windows NT 10.0; WOW64) AppleWebKit/537.36 (KHTML, like Gecko) Chrome/45.0.2454.85 Safari/537.36"
185.162.47.24 - - [17/Oct/2017:03:20:41 +0200] "GET /javascript/lazyload.js HTTP/1.1" 200 1170 "https://www.easydrivers.at/wieselburg" "Mozilla/5.0 (Windows NT 10.0; WOW64) AppleWebKit/537.36 (KHTML, like Gecko) Chrome/45.0.2454.85 Safari/537.36"
185.162.47.24 - - [17/Oct/2017:03:20:41 +0200] "GET /img/close-button.png HTTP/1.1" 200 2237 "https://www.easydrivers.at/wieselburg" "Mozilla/5.0 (Windows NT 10.0; WOW64) AppleWebKit/537.36 (KHTML, like Gecko) Chrome/45.0.2454.85 Safari/537.36"
185.162.47.24 - - [17/Oct/2017:03:20:41 +0200] "GET /img/facebook-icon.png HTTP/1.1" 200 1506 "https://www.easydrivers.at/wieselburg" "Mozilla/5.0 (Windows NT 10.0; WOW64) AppleWebKit/537.36 (KHTML, like Gecko) Chrome/45.0.2454.85 Safari/537.36"
185.162.47.24 - - [17/Oct/2017:03:20:41 +0200] "GET /img/bg-header.jpg HTTP/1.1" 200 38680 "https://www.easydrivers.at/css/style.css" "Mozilla/5.0 (Windows NT 10.0; WOW64) AppleWebKit/537.36 (KHTML, like Gecko) Chrome/45.0.2454.85 Safari/537.36"
185.162.47.24 - - [17/Oct/2017:03:20:41 +0200] "GET /img/info-button.png HTTP/1.1" 200 738 "https://www.easydrivers.at/wieselburg" "Mozilla/5.0 (Windows NT 10.0; WOW64) AppleWebKit/537.36 (KHTML, like Gecko) Chrome/45.0.2454.85 Safari/537.36"
185.162.47.24 - - [17/Oct/2017:03:20:41 +0200] "GET /img/purple-dots-horizontal.png HTTP/1.1" 200 977 "https://www.easydrivers.at/css/style.css" "Mozilla/5.0 (Windows NT 10.0; WOW64) AppleWebKit/537.36 (KHTML, like Gecko) Chrome/45.0.2454.85 Safari/537.36"
185.162.47.24 - - [17/Oct/2017:03:20:41 +0200] "GET /img/empty.gif HTTP/1.1" 200 43 "https://www.easydrivers.at/wieselburg" "Mozilla/5.0 (Windows NT 10.0; WOW64) AppleWebKit/537.36 (KHTML, like Gecko) Chrome/45.0.2454.85 Safari/537.36"
185.162.47.24 - - [17/Oct/2017:03:20:41 +0200] "GET /img/yellow-dots-vertical.png HTTP/1.1" 200 981 "https://www.easydrivers.at/css/style.css" "Mozilla/5.0 (Windows NT 10.0; WOW64) AppleWebKit/537.36 (KHTML, like Gecko) Chrome/45.0.2454.85 Safari/537.36"
185.162.47.24 - - [17/Oct/2017:03:20:41 +0200] "GET /binaries/easy-drivers-portal/widget-icon-apppng.png HTTP/1.1" 200 2432 "https://www.easydrivers.at/wieselburg" "Mozilla/5.0 (Windows NT 10.0; WOW64) AppleWebKit/537.36 (KHTML, like Gecko) Chrome/45.0.2454.85 Safari/537.36"
185.162.47.24 - - [17/Oct/2017:03:20:41 +0200] "GET /img/schweiz-icon.png HTTP/1.1" 200 1504 "https://www.easydrivers.at/wieselburg" "Mozilla/5.0 (Windows NT 10.0; WOW64) AppleWebKit/537.36 (KHTML, like Gecko) Chrome/45.0.2454.85 Safari/537.36"
185.162.47.24 - - [17/Oct/2017:03:20:41 +0200] "GET /img/bg-top-section.jpg HTTP/1.1" 200 82172 "https://www.easydrivers.at/css/style.css" "Mozilla/5.0 (Windows NT 10.0; WOW64) AppleWebKit/537.36 (KHTML, like Gecko) Chrome/45.0.2454.85 Safari/537.36"
185.162.47.24 - - [17/Oct/2017:03:20:41 +0200] "GET /binaries/easy-drivers-portal/widget-icon-expertspng.png HTTP/1.1" 200 2159 "https://www.easydrivers.at/wieselburg" "Mozilla/5.0 (Windows NT 10.0; WOW64) AppleWebKit/537.36 (KHTML, like Gecko) Chrome/45.0.2454.85 Safari/537.36"
185.162.47.24 - - [17/Oct/2017:03:20:41 +0200] "GET /img/locator-icon.png HTTP/1.1" 200 1377 "https://www.easydrivers.at/wieselburg" "Mozilla/5.0 (Windows NT 10.0; WOW64) AppleWebKit/537.36 (KHTML, like Gecko) Chrome/45.0.2454.85 Safari/537.36"
185.162.47.24 - - [17/Oct/2017:03:20:41 +0200] "GET /img/close-button-small.png HTTP/1.1" 200 1671 "https://www.easydrivers.at/wieselburg" "Mozilla/5.0 (Windows NT 10.0; WOW64) AppleWebKit/537.36 (KHTML, like Gecko) Chrome/45.0.2454.85 Safari/537.36"
185.162.47.24 - - [17/Oct/2017:03:20:41 +0200] "GET /img/bg-footer.jpg HTTP/1.1" 200 31770 "https://www.easydrivers.at/css/style.css" "Mozilla/5.0 (Windows NT 10.0; WOW64) AppleWebKit/537.36 (KHTML, like Gecko) Chrome/45.0.2454.85 Safari/537.36"
185.162.47.24 - - [17/Oct/2017:03:20:41 +0200] "GET /img/submit-button.png HTTP/1.1" 200 1958 "https://www.easydrivers.at/wieselburg" "Mozilla/5.0 (Windows NT 10.0; WOW64) AppleWebKit/537.36 (KHTML, like Gecko) Chrome/45.0.2454.85 Safari/537.36"
185.162.47.24 - - [17/Oct/2017:03:20:42 +0200] "GET /binaries/easy-drivers-portal/widget-icon-trainingpng.png HTTP/1.1" 200 2662 "https://www.easydrivers.at/wieselburg" "Mozilla/5.0 (Windows NT 10.0; WOW64) AppleWebKit/537.36 (KHTML, like Gecko) Chrome/45.0.2454.85 Safari/537.36"
185.162.47.24 - - [17/Oct/2017:03:20:42 +0200] "GET /img/kursicon-print-pink.png HTTP/1.1" 200 1125 "https://www.easydrivers.at/wieselburg" "Mozilla/5.0 (Windows NT 10.0; WOW64) AppleWebKit/537.36 (KHTML, like Gecko) Chrome/45.0.2454.85 Safari/537.36"
185.162.47.24 - - [17/Oct/2017:03:20:42 +0200] "GET /img/kursicon-download-pink.png HTTP/1.1" 200 1213 "https://www.easydrivers.at/wieselburg" "Mozilla/5.0 (Windows NT 10.0; WOW64) AppleWebKit/537.36 (KHTML, like Gecko) Chrome/45.0.2454.85 Safari/537.36"
