195.230.168.46 - - [17/Oct/2017:07:46:32 +0200] "GET /guessing HTTP/1.1" 301 298 "http://www.google.at/url?sa=t&rct=j&q=&esrc=s&source=web&cd=1&ved=0ahUKEwiY9aan-vbWAhWPDRoKHXQaDbUQFggtMAA&url=http%3A%2F%2Fwww.easydrivers.at%2Fguessing&usg=AOvVaw1fJIzhk10sedg4j_Jf3DGk" "Mozilla/5.0 (Windows NT 6.1; WOW64; Trident/7.0; rv:11.0) like Gecko"
195.230.168.46 - - [17/Oct/2017:07:46:38 +0200] "GET /fahrschulen/burgenland HTTP/1.1" 301 309 "http://www.google.at/url?sa=t&rct=j&q=&esrc=s&source=web&cd=4&ved=0ahUKEwiY9aan-vbWAhWPDRoKHXQaDbUQFgg7MAM&url=http%3A%2F%2Fwww.easydrivers.at%2Ffahrschulen%2Fburgenland&usg=AOvVaw2xkdzCUw6AgKYyFHzsbb4J" "Mozilla/5.0 (Windows NT 6.1; WOW64; Trident/7.0; rv:11.0) like Gecko"
195.230.168.46 - - [17/Oct/2017:07:46:49 +0200] "GET /guessing/aktionen HTTP/1.1" 301 305 "http://www.google.at/url?sa=t&rct=j&q=&esrc=s&source=web&cd=2&ved=0ahUKEwiY9aan-vbWAhWPDRoKHXQaDbUQjBAINDAB&url=http%3A%2F%2Fwww.easydrivers.at%2Fguessing%2Faktionen&usg=AOvVaw1nqw9R4mX0Nt_X2jgF5_2h" "Mozilla/5.0 (Windows NT 6.1; WOW64; Trident/7.0; rv:11.0) like Gecko"
66.249.76.74 - - [17/Oct/2017:07:46:53 +0200] "GET /uploads/pdfs/bludenz/Motorradkurs_-_A1,_A2,_A_2016-09-19_A1.pdf HTTP/1.1" 301 339 "-" "Mozilla/5.0 (compatible; Googlebot/2.1; +http://www.google.com/bot.html)"
66.249.76.80 - - [17/Oct/2017:07:46:54 +0200] "GET /uploads/pdfs/bludenz/Motorradkurs_-_A1,_A2,_A_2016-09-19_A1.pdf HTTP/1.1" 200 29617 "-" "Mozilla/5.0 (compatible; Googlebot/2.1; +http://www.google.com/bot.html)"
195.230.168.46 - - [17/Oct/2017:07:47:16 +0200] "GET /bruck.leitha?gclid=EAIaIQobChMImOPHvPr21gIVCI0bCh3zuQxIEAAYASAAEgLntfD_BwE HTTP/1.1" 301 354 "-" "Mozilla/5.0 (Windows NT 6.1; WOW64; Trident/7.0; rv:11.0) like Gecko"
195.230.168.46 - - [17/Oct/2017:07:47:20 +0200] "GET /guessing HTTP/1.1" 301 298 "http://www.google.at/url?sa=t&rct=j&q=&esrc=s&source=web&cd=1&ved=0ahUKEwi41sO8-vbWAhXDChoKHQbOD00QFggtMAA&url=http%3A%2F%2Fwww.easydrivers.at%2Fguessing&usg=AOvVaw1fJIzhk10sedg4j_Jf3DGk" "Mozilla/5.0 (Windows NT 6.1; WOW64; Trident/7.0; rv:11.0) like Gecko"
195.230.168.46 - - [17/Oct/2017:07:47:26 +0200] "GET /guessing/Inhaberdaten HTTP/1.1" 301 307 "http://www.google.at/url?sa=t&rct=j&q=&esrc=s&source=web&cd=3&ved=0ahUKEwi41sO8-vbWAhXDChoKHQbOD00QjBAINjAC&url=http%3A%2F%2Fwww.easydrivers.at%2Fguessing%2FInhaberdaten&usg=AOvVaw0h6yvmu2ICCshSiU1-QJWP" "Mozilla/5.0 (Windows NT 6.1; WOW64; Trident/7.0; rv:11.0) like Gecko"
195.230.168.46 - - [17/Oct/2017:07:47:29 +0200] "GET /fahrschulen/burgenland HTTP/1.1" 301 309 "http://www.google.at/url?sa=t&rct=j&q=&esrc=s&source=web&cd=4&ved=0ahUKEwi41sO8-vbWAhXDChoKHQbOD00QFgg7MAM&url=http%3A%2F%2Fwww.easydrivers.at%2Ffahrschulen%2Fburgenland&usg=AOvVaw2xkdzCUw6AgKYyFHzsbb4J" "Mozilla/5.0 (Windows NT 6.1; WOW64; Trident/7.0; rv:11.0) like Gecko"
207.46.13.48 - - [17/Oct/2017:07:47:40 +0200] "GET /fuehrerscheine/mofa/am HTTP/1.1" 301 306 "-" "Mozilla/5.0 (iPhone; CPU iPhone OS 7_0 like Mac OS X) AppleWebKit/537.51.1 (KHTML, like Gecko) Version/7.0 Mobile/11A465 Safari/9537.53 (compatible; bingbot/2.0; +http://www.bing.com/bingbot.htm)"
66.249.76.76 - - [17/Oct/2017:07:47:47 +0200] "GET /uploads/pdfs/brigittenau/10281123_BPlus.pdf HTTP/1.1" 301 324 "-" "Mozilla/5.0 (compatible; Googlebot/2.1; +http://www.google.com/bot.html)"
66.249.76.84 - - [17/Oct/2017:07:47:48 +0200] "GET /uploads/pdfs/brigittenau/10281123_BPlus.pdf HTTP/1.1" 200 29381 "-" "Mozilla/5.0 (compatible; Googlebot/2.1; +http://www.google.com/bot.html)"
207.46.13.48 - - [17/Oct/2017:07:47:51 +0200] "GET /fahrschulen/burgenland HTTP/1.1" 200 3148 "-" "Mozilla/5.0 (compatible; bingbot/2.0; +http://www.bing.com/bingbot.htm)"
207.46.13.48 - - [17/Oct/2017:07:48:15 +0200] "GET /fuehrerscheine/mofa/am HTTP/1.1" 404 2358 "-" "Mozilla/5.0 (iPhone; CPU iPhone OS 7_0 like Mac OS X) AppleWebKit/537.51.1 (KHTML, like Gecko) Version/7.0 Mobile/11A465 Safari/9537.53 (compatible; bingbot/2.0; +http://www.bing.com/bingbot.htm)"
216.244.66.249 - - [17/Oct/2017:07:48:24 +0200] "GET /mariazell.pankl/aktionen HTTP/1.1" 301 411 "-" "Mozilla/5.0 (compatible; DotBot/1.1; http://www.opensiteexplorer.org/dotbot, help@moz.com)"
66.249.76.76 - - [17/Oct/2017:07:48:41 +0200] "GET /uploads/pdfs/hollabrunn/Motorradkurs_Oktober_2017_A2B.pdf HTTP/1.1" 301 334 "-" "Mozilla/5.0 (compatible; Googlebot/2.1; +http://www.google.com/bot.html)"
66.249.76.80 - - [17/Oct/2017:07:48:41 +0200] "GET /uploads/pdfs/hollabrunn/Motorradkurs_Oktober_2017_A2B.pdf HTTP/1.1" 200 34773 "-" "Mozilla/5.0 (compatible; Googlebot/2.1; +http://www.google.com/bot.html)"
207.46.13.48 - - [17/Oct/2017:07:48:44 +0200] "GET /steyr/driving HTTP/1.1" 301 301 "-" "Mozilla/5.0 (compatible; bingbot/2.0; +http://www.bing.com/bingbot.htm)"
204.79.180.16 - - [17/Oct/2017:07:49:29 +0200] "GET / HTTP/1.1" 301 293 "http://www.bing.com/search?q=easy+drivers&form=MSNH14&sc=8-4&sp=-1&qs=n&sk=" "Mozilla/5.0 (compatible; MSIE 9.0; Windows NT 6.1; Trident/5.0; Trident/5.0)"
66.249.76.76 - - [17/Oct/2017:07:49:35 +0200] "GET /uploads/pdfs/hollabrunn/Grundkurs_Semesterferien_2017_B.pdf HTTP/1.1" 301 334 "-" "Mozilla/5.0 (compatible; Googlebot/2.1; +http://www.google.com/bot.html)"
66.249.76.84 - - [17/Oct/2017:07:49:35 +0200] "GET /uploads/pdfs/hollabrunn/Grundkurs_Semesterferien_2017_B.pdf HTTP/1.1" 200 35087 "-" "Mozilla/5.0 (compatible; Googlebot/2.1; +http://www.google.com/bot.html)"
66.249.76.78 - - [17/Oct/2017:07:50:28 +0200] "GET /uploads/pdfs/wr.neustadt/10279992_BBE.pdf HTTP/1.1" 301 321 "-" "Mozilla/5.0 (compatible; Googlebot/2.1; +http://www.google.com/bot.html)"
66.249.76.82 - - [17/Oct/2017:07:50:29 +0200] "GET /uploads/pdfs/wr.neustadt/10279992_BBE.pdf HTTP/1.1" 200 29001 "-" "Mozilla/5.0 (compatible; Googlebot/2.1; +http://www.google.com/bot.html)"
178.165.129.255 - - [17/Oct/2017:07:50:40 +0200] "GET /schwechat?gclid=EAIaIQobChMI9vGAm_v21gIVYirTCh1eQweAEAAYASAAEgJf8vD_BwE HTTP/1.1" 301 351 "https://www.google.at/" "Mozilla/5.0 (iPhone; CPU iPhone OS 11_0_3 like Mac OS X) AppleWebKit/604.1.38 (KHTML, like Gecko) Version/11.0 Mobile/15A432 Safari/604.1"
178.165.129.255 - - [17/Oct/2017:07:50:40 +0200] "GET /schwechat?gclid=EAIaIQobChMI9vGAm_v21gIVYirTCh1eQweAEAAYASAAEgJf8vD_BwE HTTP/1.1" 200 3047 "https://www.google.at/" "Mozilla/5.0 (iPhone; CPU iPhone OS 11_0_3 like Mac OS X) AppleWebKit/604.1.38 (KHTML, like Gecko) Version/11.0 Mobile/15A432 Safari/604.1"
178.165.129.255 - - [17/Oct/2017:07:50:43 +0200] "GET /css/mobile.css HTTP/1.1" 200 2852 "https://www.easydrivers.at/schwechat?gclid=EAIaIQobChMI9vGAm_v21gIVYirTCh1eQweAEAAYASAAEgJf8vD_BwE" "Mozilla/5.0 (iPhone; CPU iPhone OS 11_0_3 like Mac OS X) AppleWebKit/604.1.38 (KHTML, like Gecko) Version/11.0 Mobile/15A432 Safari/604.1"
178.165.129.255 - - [17/Oct/2017:07:50:43 +0200] "GET /javascript/jquery-1.9.1.min.js HTTP/1.1" 200 32731 "https://www.easydrivers.at/schwechat?gclid=EAIaIQobChMI9vGAm_v21gIVYirTCh1eQweAEAAYASAAEgJf8vD_BwE" "Mozilla/5.0 (iPhone; CPU iPhone OS 11_0_3 like Mac OS X) AppleWebKit/604.1.38 (KHTML, like Gecko) Version/11.0 Mobile/15A432 Safari/604.1"
178.165.129.255 - - [17/Oct/2017:07:50:43 +0200] "GET /javascript/jquery.cookie.js HTTP/1.1" 200 863 "https://www.easydrivers.at/schwechat?gclid=EAIaIQobChMI9vGAm_v21gIVYirTCh1eQweAEAAYASAAEgJf8vD_BwE" "Mozilla/5.0 (iPhone; CPU iPhone OS 11_0_3 like Mac OS X) AppleWebKit/604.1.38 (KHTML, like Gecko) Version/11.0 Mobile/15A432 Safari/604.1"
178.165.129.255 - - [17/Oct/2017:07:50:43 +0200] "GET /javascript/mobile-menu.js HTTP/1.1" 200 1634 "https://www.easydrivers.at/schwechat?gclid=EAIaIQobChMI9vGAm_v21gIVYirTCh1eQweAEAAYASAAEgJf8vD_BwE" "Mozilla/5.0 (iPhone; CPU iPhone OS 11_0_3 like Mac OS X) AppleWebKit/604.1.38 (KHTML, like Gecko) Version/11.0 Mobile/15A432 Safari/604.1"
178.165.129.255 - - [17/Oct/2017:07:50:43 +0200] "GET /img/mobile/easydrivers-logo-mobile.png HTTP/1.1" 200 10766 "https://www.easydrivers.at/schwechat?gclid=EAIaIQobChMI9vGAm_v21gIVYirTCh1eQweAEAAYASAAEgJf8vD_BwE" "Mozilla/5.0 (iPhone; CPU iPhone OS 11_0_3 like Mac OS X) AppleWebKit/604.1.38 (KHTML, like Gecko) Version/11.0 Mobile/15A432 Safari/604.1"
178.165.129.255 - - [17/Oct/2017:07:50:43 +0200] "GET /javascript/mobile-fahrschule.js HTTP/1.1" 200 328 "https://www.easydrivers.at/schwechat?gclid=EAIaIQobChMI9vGAm_v21gIVYirTCh1eQweAEAAYASAAEgJf8vD_BwE" "Mozilla/5.0 (iPhone; CPU iPhone OS 11_0_3 like Mac OS X) AppleWebKit/604.1.38 (KHTML, like Gecko) Version/11.0 Mobile/15A432 Safari/604.1"
178.165.129.255 - - [17/Oct/2017:07:50:43 +0200] "GET /javascript/lazyload.js HTTP/1.1" 200 1170 "https://www.easydrivers.at/schwechat?gclid=EAIaIQobChMI9vGAm_v21gIVYirTCh1eQweAEAAYASAAEgJf8vD_BwE" "Mozilla/5.0 (iPhone; CPU iPhone OS 11_0_3 like Mac OS X) AppleWebKit/604.1.38 (KHTML, like Gecko) Version/11.0 Mobile/15A432 Safari/604.1"
178.165.129.255 - - [17/Oct/2017:07:50:43 +0200] "GET /javascript/jquery.simplemodal.js HTTP/1.1" 200 3070 "https://www.easydrivers.at/schwechat?gclid=EAIaIQobChMI9vGAm_v21gIVYirTCh1eQweAEAAYASAAEgJf8vD_BwE" "Mozilla/5.0 (iPhone; CPU iPhone OS 11_0_3 like Mac OS X) AppleWebKit/604.1.38 (KHTML, like Gecko) Version/11.0 Mobile/15A432 Safari/604.1"
178.165.129.255 - - [17/Oct/2017:07:50:43 +0200] "GET /img/mobile/menu-button.png HTTP/1.1" 200 1746 "https://www.easydrivers.at/schwechat?gclid=EAIaIQobChMI9vGAm_v21gIVYirTCh1eQweAEAAYASAAEgJf8vD_BwE" "Mozilla/5.0 (iPhone; CPU iPhone OS 11_0_3 like Mac OS X) AppleWebKit/604.1.38 (KHTML, like Gecko) Version/11.0 Mobile/15A432 Safari/604.1"
178.165.129.255 - - [17/Oct/2017:07:50:43 +0200] "GET /img/mobile/close-button.png HTTP/1.1" 200 2411 "https://www.easydrivers.at/schwechat?gclid=EAIaIQobChMI9vGAm_v21gIVYirTCh1eQweAEAAYASAAEgJf8vD_BwE" "Mozilla/5.0 (iPhone; CPU iPhone OS 11_0_3 like Mac OS X) AppleWebKit/604.1.38 (KHTML, like Gecko) Version/11.0 Mobile/15A432 Safari/604.1"
178.165.129.255 - - [17/Oct/2017:07:50:43 +0200] "GET /img/mobile/facebook-icon.png HTTP/1.1" 200 1902 "https://www.easydrivers.at/schwechat?gclid=EAIaIQobChMI9vGAm_v21gIVYirTCh1eQweAEAAYASAAEgJf8vD_BwE" "Mozilla/5.0 (iPhone; CPU iPhone OS 11_0_3 like Mac OS X) AppleWebKit/604.1.38 (KHTML, like Gecko) Version/11.0 Mobile/15A432 Safari/604.1"
178.165.129.255 - - [17/Oct/2017:07:50:43 +0200] "GET /img/mobile/info-button.png HTTP/1.1" 200 1549 "https://www.easydrivers.at/schwechat?gclid=EAIaIQobChMI9vGAm_v21gIVYirTCh1eQweAEAAYASAAEgJf8vD_BwE" "Mozilla/5.0 (iPhone; CPU iPhone OS 11_0_3 like Mac OS X) AppleWebKit/604.1.38 (KHTML, like Gecko) Version/11.0 Mobile/15A432 Safari/604.1"
178.165.129.255 - - [17/Oct/2017:07:50:43 +0200] "GET /img/smallicon-person.png HTTP/1.1" 200 1141 "https://www.easydrivers.at/schwechat?gclid=EAIaIQobChMI9vGAm_v21gIVYirTCh1eQweAEAAYASAAEgJf8vD_BwE" "Mozilla/5.0 (iPhone; CPU iPhone OS 11_0_3 like Mac OS X) AppleWebKit/604.1.38 (KHTML, like Gecko) Version/11.0 Mobile/15A432 Safari/604.1"
178.165.129.255 - - [17/Oct/2017:07:50:43 +0200] "GET /img/mobile/info-close-button.png HTTP/1.1" 200 1721 "https://www.easydrivers.at/schwechat?gclid=EAIaIQobChMI9vGAm_v21gIVYirTCh1eQweAEAAYASAAEgJf8vD_BwE" "Mozilla/5.0 (iPhone; CPU iPhone OS 11_0_3 like Mac OS X) AppleWebKit/604.1.38 (KHTML, like Gecko) Version/11.0 Mobile/15A432 Safari/604.1"
178.165.129.255 - - [17/Oct/2017:07:50:43 +0200] "GET /img/smallicon-address.png HTTP/1.1" 200 1211 "https://www.easydrivers.at/schwechat?gclid=EAIaIQobChMI9vGAm_v21gIVYirTCh1eQweAEAAYASAAEgJf8vD_BwE" "Mozilla/5.0 (iPhone; CPU iPhone OS 11_0_3 like Mac OS X) AppleWebKit/604.1.38 (KHTML, like Gecko) Version/11.0 Mobile/15A432 Safari/604.1"
178.165.129.255 - - [17/Oct/2017:07:50:43 +0200] "GET /img/mobile/googlemaps-pin.png HTTP/1.1" 200 1597 "https://www.easydrivers.at/schwechat?gclid=EAIaIQobChMI9vGAm_v21gIVYirTCh1eQweAEAAYASAAEgJf8vD_BwE" "Mozilla/5.0 (iPhone; CPU iPhone OS 11_0_3 like Mac OS X) AppleWebKit/604.1.38 (KHTML, like Gecko) Version/11.0 Mobile/15A432 Safari/604.1"
178.165.129.255 - - [17/Oct/2017:07:50:43 +0200] "GET /img/smallicon-phone.png HTTP/1.1" 200 3056 "https://www.easydrivers.at/schwechat?gclid=EAIaIQobChMI9vGAm_v21gIVYirTCh1eQweAEAAYASAAEgJf8vD_BwE" "Mozilla/5.0 (iPhone; CPU iPhone OS 11_0_3 like Mac OS X) AppleWebKit/604.1.38 (KHTML, like Gecko) Version/11.0 Mobile/15A432 Safari/604.1"
178.165.129.255 - - [17/Oct/2017:07:50:43 +0200] "GET /img/smallicon-time.png HTTP/1.1" 200 1262 "https://www.easydrivers.at/schwechat?gclid=EAIaIQobChMI9vGAm_v21gIVYirTCh1eQweAEAAYASAAEgJf8vD_BwE" "Mozilla/5.0 (iPhone; CPU iPhone OS 11_0_3 like Mac OS X) AppleWebKit/604.1.38 (KHTML, like Gecko) Version/11.0 Mobile/15A432 Safari/604.1"
178.165.129.255 - - [17/Oct/2017:07:50:43 +0200] "GET /img/smallicon-mail.png HTTP/1.1" 200 1341 "https://www.easydrivers.at/schwechat?gclid=EAIaIQobChMI9vGAm_v21gIVYirTCh1eQweAEAAYASAAEgJf8vD_BwE" "Mozilla/5.0 (iPhone; CPU iPhone OS 11_0_3 like Mac OS X) AppleWebKit/604.1.38 (KHTML, like Gecko) Version/11.0 Mobile/15A432 Safari/604.1"
178.165.129.255 - - [17/Oct/2017:07:50:43 +0200] "GET /img/mobile/widget-icon-app.png HTTP/1.1" 200 3458 "https://www.easydrivers.at/schwechat?gclid=EAIaIQobChMI9vGAm_v21gIVYirTCh1eQweAEAAYASAAEgJf8vD_BwE" "Mozilla/5.0 (iPhone; CPU iPhone OS 11_0_3 like Mac OS X) AppleWebKit/604.1.38 (KHTML, like Gecko) Version/11.0 Mobile/15A432 Safari/604.1"
178.165.129.255 - - [17/Oct/2017:07:50:44 +0200] "GET /img/mobile/pfeil-rechts.png HTTP/1.1" 200 1228 "https://www.easydrivers.at/schwechat?gclid=EAIaIQobChMI9vGAm_v21gIVYirTCh1eQweAEAAYASAAEgJf8vD_BwE" "Mozilla/5.0 (iPhone; CPU iPhone OS 11_0_3 like Mac OS X) AppleWebKit/604.1.38 (KHTML, like Gecko) Version/11.0 Mobile/15A432 Safari/604.1"
178.165.129.255 - - [17/Oct/2017:07:50:44 +0200] "GET /img/mobile/bg-menu.jpg HTTP/1.1" 200 1698 "https://www.easydrivers.at/schwechat?gclid=EAIaIQobChMI9vGAm_v21gIVYirTCh1eQweAEAAYASAAEgJf8vD_BwE" "Mozilla/5.0 (iPhone; CPU iPhone OS 11_0_3 like Mac OS X) AppleWebKit/604.1.38 (KHTML, like Gecko) Version/11.0 Mobile/15A432 Safari/604.1"
178.165.129.255 - - [17/Oct/2017:07:50:44 +0200] "GET /img/mobile/bg-header.jpg HTTP/1.1" 200 19741 "https://www.easydrivers.at/schwechat?gclid=EAIaIQobChMI9vGAm_v21gIVYirTCh1eQweAEAAYASAAEgJf8vD_BwE" "Mozilla/5.0 (iPhone; CPU iPhone OS 11_0_3 like Mac OS X) AppleWebKit/604.1.38 (KHTML, like Gecko) Version/11.0 Mobile/15A432 Safari/604.1"
178.165.129.255 - - [17/Oct/2017:07:50:44 +0200] "GET /img/mobile/bg-top-section.jpg HTTP/1.1" 200 21711 "https://www.easydrivers.at/schwechat?gclid=EAIaIQobChMI9vGAm_v21gIVYirTCh1eQweAEAAYASAAEgJf8vD_BwE" "Mozilla/5.0 (iPhone; CPU iPhone OS 11_0_3 like Mac OS X) AppleWebKit/604.1.38 (KHTML, like Gecko) Version/11.0 Mobile/15A432 Safari/604.1"
178.165.129.255 - - [17/Oct/2017:07:50:50 +0200] "POST /schwechat/kursauswahl HTTP/1.1" 200 3214 "https://www.easydrivers.at/schwechat?gclid=EAIaIQobChMI9vGAm_v21gIVYirTCh1eQweAEAAYASAAEgJf8vD_BwE" "Mozilla/5.0 (iPhone; CPU iPhone OS 11_0_3 like Mac OS X) AppleWebKit/604.1.38 (KHTML, like Gecko) Version/11.0 Mobile/15A432 Safari/604.1"
178.165.129.255 - - [17/Oct/2017:07:50:53 +0200] "GET /img/mobile/pfeil-links-small.png HTTP/1.1" 200 1065 "https://www.easydrivers.at/schwechat/kursauswahl" "Mozilla/5.0 (iPhone; CPU iPhone OS 11_0_3 like Mac OS X) AppleWebKit/604.1.38 (KHTML, like Gecko) Version/11.0 Mobile/15A432 Safari/604.1"
178.165.129.255 - - [17/Oct/2017:07:50:53 +0200] "GET /img/mobile/bg-yellow.jpg HTTP/1.1" 200 1569 "https://www.easydrivers.at/schwechat/kursauswahl" "Mozilla/5.0 (iPhone; CPU iPhone OS 11_0_3 like Mac OS X) AppleWebKit/604.1.38 (KHTML, like Gecko) Version/11.0 Mobile/15A432 Safari/604.1"
178.165.129.255 - - [17/Oct/2017:07:50:53 +0200] "GET /javascript/mobile-fahrschule-kurs-suchergebnis.js HTTP/1.1" 200 274 "https://www.easydrivers.at/schwechat/kursauswahl" "Mozilla/5.0 (iPhone; CPU iPhone OS 11_0_3 like Mac OS X) AppleWebKit/604.1.38 (KHTML, like Gecko) Version/11.0 Mobile/15A432 Safari/604.1"
178.165.129.255 - - [17/Oct/2017:07:50:53 +0200] "GET /img/loading-bars.gif HTTP/1.1" 200 3951 "https://www.easydrivers.at/schwechat/kursauswahl" "Mozilla/5.0 (iPhone; CPU iPhone OS 11_0_3 like Mac OS X) AppleWebKit/604.1.38 (KHTML, like Gecko) Version/11.0 Mobile/15A432 Safari/604.1"
66.249.76.74 - - [17/Oct/2017:07:51:01 +0200] "GET /uploads/pdfs/leoben.pankl/10260094_AM.pdf HTTP/1.1" 301 322 "-" "Mozilla/5.0 (compatible; Googlebot/2.1; +http://www.google.com/bot.html)"
178.165.129.255 - - [17/Oct/2017:07:51:02 +0200] "POST /loadkursliste HTTP/1.1" 200 709 "https://www.easydrivers.at/schwechat/kursauswahl" "Mozilla/5.0 (iPhone; CPU iPhone OS 11_0_3 like Mac OS X) AppleWebKit/604.1.38 (KHTML, like Gecko) Version/11.0 Mobile/15A432 Safari/604.1"
66.249.76.74 - - [17/Oct/2017:07:51:22 +0200] "GET /uploads/pdfs/schwechat/10280269_A2BF.pdf HTTP/1.1" 301 320 "-" "Mozilla/5.0 (compatible; Googlebot/2.1; +http://www.google.com/bot.html)"
66.249.76.80 - - [17/Oct/2017:07:51:23 +0200] "GET /uploads/pdfs/schwechat/10280269_A2BF.pdf HTTP/1.1" 200 33055 "-" "Mozilla/5.0 (compatible; Googlebot/2.1; +http://www.google.com/bot.html)"
79.196.230.31 - - [17/Oct/2017:07:51:49 +0200] "GET /steyr/kurse HTTP/1.1" 301 301 "-" "Mozilla/5.0 (Windows; U; Windows NT 6.0; de; rv:1.9.2.3) Gecko/20100401 Firefox/3.6.3 ( .NET CLR 3.5.30729)"
80.123.60.39 - - [17/Oct/2017:07:51:51 +0200] "GET /skarabela.gross-enzersdorf/10286304?FS=B-L HTTP/1.1" 200 3310 "https://www.easydrivers.at/skarabela.gross-enzersdorf/kursauswahl" "Mozilla/5.0 (iPhone; CPU iPhone OS 10_3_2 like Mac OS X) AppleWebKit/603.2.4 (KHTML, like Gecko) Version/10.0 Mobile/14F89 Safari/602.1"
193.81.178.166 - - [17/Oct/2017:07:51:59 +0200] "GET /binaries/easy-drivers-hollabrunn/bh-geb.pdf HTTP/1.1" 200 60907 "-" "Dalvik/2.1.0 (Linux; U; Android 6.0.1; SM-G903F Build/MMB29K)"
213.225.10.120 - - [17/Oct/2017:07:52:00 +0200] "GET /voesendorf/Aktionen HTTP/1.1" 301 307 "http://m.facebook.com" "Mozilla/5.0 (iPhone; CPU iPhone OS 11_0_3 like Mac OS X) AppleWebKit/604.1.38 (KHTML, like Gecko) Mobile/15A432 [FBAN/FBIOS;FBAV/145.0.0.59.86;FBBV/74951375;FBDV/iPhone8,4;FBMD/iPhone;FBSN/iOS;FBSV/11.0.3;FBSS/2;FBCR/A1;FBID/phone;FBLC/de_DE;FBOP/5;FBRV/74951375]"
213.225.10.120 - - [17/Oct/2017:07:52:00 +0200] "GET /voesendorf/Aktionen HTTP/1.1" 200 3548 "http://m.facebook.com" "Mozilla/5.0 (iPhone; CPU iPhone OS 11_0_3 like Mac OS X) AppleWebKit/604.1.38 (KHTML, like Gecko) Mobile/15A432 [FBAN/FBIOS;FBAV/145.0.0.59.86;FBBV/74951375;FBDV/iPhone8,4;FBMD/iPhone;FBSN/iOS;FBSV/11.0.3;FBSS/2;FBCR/A1;FBID/phone;FBLC/de_DE;FBOP/5;FBRV/74951375]"
193.81.178.166 - - [17/Oct/2017:07:52:12 +0200] "-" 408 - "-" "-"
193.81.178.166 - - [17/Oct/2017:07:52:12 +0200] "-" 408 - "-" "-"
66.249.76.76 - - [17/Oct/2017:07:52:16 +0200] "GET /uploads/pdfs/leonding/sommerkurs_1_BL1796.pdf HTTP/1.1" 301 327 "-" "Mozilla/5.0 (compatible; Googlebot/2.1; +http://www.google.com/bot.html)"
66.249.76.84 - - [17/Oct/2017:07:52:16 +0200] "GET /uploads/pdfs/leonding/sommerkurs_1_BL1796.pdf HTTP/1.1" 200 37869 "-" "Mozilla/5.0 (compatible; Googlebot/2.1; +http://www.google.com/bot.html)"
178.191.194.48 - - [17/Oct/2017:07:52:43 +0200] "GET /kapfenberg.pankl HTTP/1.1" 301 305 "https://www.google.at/" "Mozilla/5.0 (Linux; Android 7.0; SAMSUNG SM-G925F Build/NRD90M) AppleWebKit/537.36 (KHTML, like Gecko) SamsungBrowser/5.4 Chrome/51.0.2704.106 Mobile Safari/537.36"
178.191.194.48 - - [17/Oct/2017:07:52:43 +0200] "GET /kapfenberg.pankl HTTP/1.1" 200 2996 "https://www.google.at/" "Mozilla/5.0 (Linux; Android 7.0; SAMSUNG SM-G925F Build/NRD90M) AppleWebKit/537.36 (KHTML, like Gecko) SamsungBrowser/5.4 Chrome/51.0.2704.106 Mobile Safari/537.36"
178.191.194.48 - - [17/Oct/2017:07:52:47 +0200] "POST /kapfenberg.pankl/kursauswahl HTTP/1.1" 200 2696 "https://www.easydrivers.at/kapfenberg.pankl" "Mozilla/5.0 (Linux; Android 7.0; SAMSUNG SM-G925F Build/NRD90M) AppleWebKit/537.36 (KHTML, like Gecko) SamsungBrowser/5.4 Chrome/51.0.2704.106 Mobile Safari/537.36"
178.191.194.48 - - [17/Oct/2017:07:52:49 +0200] "GET /img/mobile/pfeil-links-small.png HTTP/1.1" 200 1065 "https://www.easydrivers.at/css/mobile.css" "Mozilla/5.0 (Linux; Android 7.0; SAMSUNG SM-G925F Build/NRD90M) AppleWebKit/537.36 (KHTML, like Gecko) SamsungBrowser/5.4 Chrome/51.0.2704.106 Mobile Safari/537.36"
178.191.194.48 - - [17/Oct/2017:07:52:50 +0200] "GET /img/favicon.ico HTTP/1.1" 301 303 "-" "Mozilla/5.0 (Linux; Android 7.0; SAMSUNG SM-G925F Build/NRD90M) AppleWebKit/537.36 (KHTML, like Gecko) SamsungBrowser/5.4 Chrome/51.0.2704.106 Mobile Safari/537.36"
82.218.164.194 - - [17/Oct/2017:07:52:50 +0200] "GET / HTTP/1.1" 301 293 "https://www.google.at/" "Mozilla/5.0 (Windows NT 10.0; Win64; x64) AppleWebKit/537.36 (KHTML, like Gecko) Chrome/61.0.3163.100 Safari/537.36"
178.191.194.48 - - [17/Oct/2017:07:52:50 +0200] "GET /img/favicon.ico HTTP/1.1" 404 301 "-" "Mozilla/5.0 (Linux; Android 7.0; SAMSUNG SM-G925F Build/NRD90M) AppleWebKit/537.36 (KHTML, like Gecko) SamsungBrowser/5.4 Chrome/51.0.2704.106 Mobile Safari/537.36"
212.67.224.5 - - [17/Oct/2017:07:52:50 +0200] "GET / HTTP/1.1" 200 4425 "https://www.google.at/" "Mozilla/5.0 (Windows NT 10.0; Win64; x64) AppleWebKit/537.36 (KHTML, like Gecko) Chrome/61.0.3163.100 Safari/537.36"
212.67.224.5 - - [17/Oct/2017:07:52:51 +0200] "GET /css/style.css HTTP/1.1" 200 5004 "https://www.easydrivers.at/" "Mozilla/5.0 (Windows NT 10.0; Win64; x64) AppleWebKit/537.36 (KHTML, like Gecko) Chrome/61.0.3163.100 Safari/537.36"
212.67.224.5 - - [17/Oct/2017:07:52:52 +0200] "GET /javascript/jquery.customSelect.min.js HTTP/1.1" 200 912 "https://www.easydrivers.at/" "Mozilla/5.0 (Windows NT 10.0; Win64; x64) AppleWebKit/537.36 (KHTML, like Gecko) Chrome/61.0.3163.100 Safari/537.36"
212.67.224.5 - - [17/Oct/2017:07:52:52 +0200] "GET /javascript/jquery.simplemodal.js HTTP/1.1" 200 3070 "https://www.easydrivers.at/" "Mozilla/5.0 (Windows NT 10.0; Win64; x64) AppleWebKit/537.36 (KHTML, like Gecko) Chrome/61.0.3163.100 Safari/537.36"
212.67.224.5 - - [17/Oct/2017:07:52:52 +0200] "GET /javascript/jquery.cookie.js HTTP/1.1" 200 863 "https://www.easydrivers.at/" "Mozilla/5.0 (Windows NT 10.0; Win64; x64) AppleWebKit/537.36 (KHTML, like Gecko) Chrome/61.0.3163.100 Safari/537.36"
212.67.224.5 - - [17/Oct/2017:07:52:52 +0200] "GET /javascript/portal.js?1221842734 HTTP/1.1" 200 3529 "https://www.easydrivers.at/" "Mozilla/5.0 (Windows NT 10.0; Win64; x64) AppleWebKit/537.36 (KHTML, like Gecko) Chrome/61.0.3163.100 Safari/537.36"
212.67.224.5 - - [17/Oct/2017:07:52:52 +0200] "GET /img/ED_Logo.png HTTP/1.1" 200 3385 "https://www.easydrivers.at/css/style.css" "Mozilla/5.0 (Windows NT 10.0; Win64; x64) AppleWebKit/537.36 (KHTML, like Gecko) Chrome/61.0.3163.100 Safari/537.36"
212.67.224.5 - - [17/Oct/2017:07:52:52 +0200] "GET /img/close-button.png HTTP/1.1" 200 2237 "https://www.easydrivers.at/" "Mozilla/5.0 (Windows NT 10.0; Win64; x64) AppleWebKit/537.36 (KHTML, like Gecko) Chrome/61.0.3163.100 Safari/537.36"
212.67.224.5 - - [17/Oct/2017:07:52:52 +0200] "GET /javascript/homesearch.js HTTP/1.1" 200 393 "https://www.easydrivers.at/" "Mozilla/5.0 (Windows NT 10.0; Win64; x64) AppleWebKit/537.36 (KHTML, like Gecko) Chrome/61.0.3163.100 Safari/537.36"
212.67.224.5 - - [17/Oct/2017:07:52:52 +0200] "GET /javascript/lazyload.js HTTP/1.1" 200 1170 "https://www.easydrivers.at/" "Mozilla/5.0 (Windows NT 10.0; Win64; x64) AppleWebKit/537.36 (KHTML, like Gecko) Chrome/61.0.3163.100 Safari/537.36"
212.67.224.5 - - [17/Oct/2017:07:52:52 +0200] "GET /img/facebook-icon.png HTTP/1.1" 200 1506 "https://www.easydrivers.at/" "Mozilla/5.0 (Windows NT 10.0; Win64; x64) AppleWebKit/537.36 (KHTML, like Gecko) Chrome/61.0.3163.100 Safari/537.36"
212.67.224.5 - - [17/Oct/2017:07:52:52 +0200] "GET /img/bg-header.jpg HTTP/1.1" 200 38680 "https://www.easydrivers.at/css/style.css" "Mozilla/5.0 (Windows NT 10.0; Win64; x64) AppleWebKit/537.36 (KHTML, like Gecko) Chrome/61.0.3163.100 Safari/537.36"
212.67.224.5 - - [17/Oct/2017:07:52:52 +0200] "GET /img/purple-dots-horizontal.png HTTP/1.1" 200 977 "https://www.easydrivers.at/css/style.css" "Mozilla/5.0 (Windows NT 10.0; Win64; x64) AppleWebKit/537.36 (KHTML, like Gecko) Chrome/61.0.3163.100 Safari/537.36"
212.67.224.5 - - [17/Oct/2017:07:52:52 +0200] "GET /img/yellow-dots-vertical.png HTTP/1.1" 200 981 "https://www.easydrivers.at/css/style.css" "Mozilla/5.0 (Windows NT 10.0; Win64; x64) AppleWebKit/537.36 (KHTML, like Gecko) Chrome/61.0.3163.100 Safari/537.36"
212.67.224.5 - - [17/Oct/2017:07:52:52 +0200] "GET /img/selection-box-button.png HTTP/1.1" 200 1079 "https://www.easydrivers.at/css/style.css" "Mozilla/5.0 (Windows NT 10.0; Win64; x64) AppleWebKit/537.36 (KHTML, like Gecko) Chrome/61.0.3163.100 Safari/537.36"
212.67.224.5 - - [17/Oct/2017:07:52:52 +0200] "GET /binaries/easy-drivers-portal/edradfahrschullogowidget160x90pxpng.png HTTP/1.1" 200 23394 "https://www.easydrivers.at/" "Mozilla/5.0 (Windows NT 10.0; Win64; x64) AppleWebKit/537.36 (KHTML, like Gecko) Chrome/61.0.3163.100 Safari/537.36"
212.67.224.5 - - [17/Oct/2017:07:52:52 +0200] "GET /img/submit-button.png HTTP/1.1" 200 1958 "https://www.easydrivers.at/" "Mozilla/5.0 (Windows NT 10.0; Win64; x64) AppleWebKit/537.36 (KHTML, like Gecko) Chrome/61.0.3163.100 Safari/537.36"
212.67.224.5 - - [17/Oct/2017:07:52:52 +0200] "GET /binaries/easy-drivers-portal/widget-icon-trainingpng.png HTTP/1.1" 200 2662 "https://www.easydrivers.at/" "Mozilla/5.0 (Windows NT 10.0; Win64; x64) AppleWebKit/537.36 (KHTML, like Gecko) Chrome/61.0.3163.100 Safari/537.36"
212.67.224.5 - - [17/Oct/2017:07:52:52 +0200] "GET /img/empty.gif HTTP/1.1" 200 43 "https://www.easydrivers.at/" "Mozilla/5.0 (Windows NT 10.0; Win64; x64) AppleWebKit/537.36 (KHTML, like Gecko) Chrome/61.0.3163.100 Safari/537.36"
212.67.224.5 - - [17/Oct/2017:07:52:52 +0200] "GET /binaries/easy-drivers-portal/widget-icon-expertspng.png HTTP/1.1" 200 2159 "https://www.easydrivers.at/" "Mozilla/5.0 (Windows NT 10.0; Win64; x64) AppleWebKit/537.36 (KHTML, like Gecko) Chrome/61.0.3163.100 Safari/537.36"
212.67.224.5 - - [17/Oct/2017:07:52:52 +0200] "GET /img/bg-top-section.jpg HTTP/1.1" 200 82172 "https://www.easydrivers.at/css/style.css" "Mozilla/5.0 (Windows NT 10.0; Win64; x64) AppleWebKit/537.36 (KHTML, like Gecko) Chrome/61.0.3163.100 Safari/537.36"
212.67.224.5 - - [17/Oct/2017:07:52:52 +0200] "GET /binaries/easy-drivers-portal/widget-icon-apppng.png HTTP/1.1" 200 2432 "https://www.easydrivers.at/" "Mozilla/5.0 (Windows NT 10.0; Win64; x64) AppleWebKit/537.36 (KHTML, like Gecko) Chrome/61.0.3163.100 Safari/537.36"
212.67.224.5 - - [17/Oct/2017:07:52:52 +0200] "GET /img/schweiz-icon.png HTTP/1.1" 200 1504 "https://www.easydrivers.at/" "Mozilla/5.0 (Windows NT 10.0; Win64; x64) AppleWebKit/537.36 (KHTML, like Gecko) Chrome/61.0.3163.100 Safari/537.36"
212.67.224.5 - - [17/Oct/2017:07:52:52 +0200] "GET /img/bg-footer.jpg HTTP/1.1" 200 31770 "https://www.easydrivers.at/css/style.css" "Mozilla/5.0 (Windows NT 10.0; Win64; x64) AppleWebKit/537.36 (KHTML, like Gecko) Chrome/61.0.3163.100 Safari/537.36"
207.46.13.55 - - [17/Oct/2017:07:52:52 +0200] "GET /binaries/easy-drivers---skarabela-gro/sommerjpg-1.jpg HTTP/1.1" 301 326 "-" "Mozilla/5.0 (compatible; bingbot/2.0; +http://www.bing.com/bingbot.htm)"
212.67.224.5 - - [17/Oct/2017:07:52:52 +0200] "GET /img/kursicon-print-pink.png HTTP/1.1" 200 1125 "https://www.easydrivers.at/" "Mozilla/5.0 (Windows NT 10.0; Win64; x64) AppleWebKit/537.36 (KHTML, like Gecko) Chrome/61.0.3163.100 Safari/537.36"
212.67.224.5 - - [17/Oct/2017:07:52:52 +0200] "GET /img/black-dots-vertical.png HTTP/1.1" 200 1165 "https://www.easydrivers.at/css/style.css" "Mozilla/5.0 (Windows NT 10.0; Win64; x64) AppleWebKit/537.36 (KHTML, like Gecko) Chrome/61.0.3163.100 Safari/537.36"
212.67.224.5 - - [17/Oct/2017:07:52:52 +0200] "GET /img/kursicon-share-pink.png HTTP/1.1" 200 1277 "https://www.easydrivers.at/" "Mozilla/5.0 (Windows NT 10.0; Win64; x64) AppleWebKit/537.36 (KHTML, like Gecko) Chrome/61.0.3163.100 Safari/537.36"
212.67.224.5 - - [17/Oct/2017:07:52:52 +0200] "GET /img/kursicon-download-pink.png HTTP/1.1" 200 1213 "https://www.easydrivers.at/" "Mozilla/5.0 (Windows NT 10.0; Win64; x64) AppleWebKit/537.36 (KHTML, like Gecko) Chrome/61.0.3163.100 Safari/537.36"
212.67.224.5 - - [17/Oct/2017:07:52:52 +0200] "GET /img/kursicon-phone-pink.png HTTP/1.1" 200 1286 "https://www.easydrivers.at/" "Mozilla/5.0 (Windows NT 10.0; Win64; x64) AppleWebKit/537.36 (KHTML, like Gecko) Chrome/61.0.3163.100 Safari/537.36"
212.67.224.5 - - [17/Oct/2017:07:52:52 +0200] "GET /css/print.css HTTP/1.1" 200 967 "https://www.easydrivers.at/" "Mozilla/5.0 (Windows NT 10.0; Win64; x64) AppleWebKit/537.36 (KHTML, like Gecko) Chrome/61.0.3163.100 Safari/537.36"
82.218.164.194 - - [17/Oct/2017:07:52:52 +0200] "GET /img/new_favicon.ico HTTP/1.1" 301 306 "-" "Mozilla/5.0 (Windows NT 10.0; Win64; x64) AppleWebKit/537.36 (KHTML, like Gecko) Chrome/61.0.3163.100 Safari/537.36"
212.67.224.5 - - [17/Oct/2017:07:52:52 +0200] "GET /img/new_favicon.ico HTTP/1.1" 200 1150 "-" "Mozilla/5.0 (Windows NT 10.0; Win64; x64) AppleWebKit/537.36 (KHTML, like Gecko) Chrome/61.0.3163.100 Safari/537.36"
77.119.131.215 - - [17/Oct/2017:07:52:54 +0200] "GET /fuehrerscheine/motorrad HTTP/1.1" 301 306 "https://www.google.at/" "Mozilla/5.0 (Linux; Android 7.0; EVA-L09 Build/HUAWEIEVA-L09) AppleWebKit/537.36 (KHTML, like Gecko) Chrome/61.0.3163.98 Mobile Safari/537.36"
178.191.194.48 - - [17/Oct/2017:07:52:52 +0200] "GET /kapfenberg.pankl HTTP/1.1" 200 2996 "https://www.easydrivers.at/kapfenberg.pankl/kursauswahl" "Mozilla/5.0 (Linux; Android 7.0; SAMSUNG SM-G925F Build/NRD90M) AppleWebKit/537.36 (KHTML, like Gecko) SamsungBrowser/5.4 Chrome/51.0.2704.106 Mobile Safari/537.36"
82.218.164.194 - - [17/Oct/2017:07:52:56 +0200] "POST /fahrschulen/niederoesterreich HTTP/1.1" 301 311 "-" "Mozilla/5.0 (Windows NT 10.0; Win64; x64) AppleWebKit/537.36 (KHTML, like Gecko) Chrome/61.0.3163.100 Safari/537.36"
77.119.131.215 - - [17/Oct/2017:07:52:54 +0200] "GET /fuehrerscheine/motorrad HTTP/1.1" 200 4595 "https://www.google.at/" "Mozilla/5.0 (Linux; Android 7.0; EVA-L09 Build/HUAWEIEVA-L09) AppleWebKit/537.36 (KHTML, like Gecko) Chrome/61.0.3163.98 Mobile Safari/537.36"
212.67.224.5 - - [17/Oct/2017:07:52:56 +0200] "GET /img/loading-bars.gif HTTP/1.1" 200 3951 "https://www.easydrivers.at/css/style.css" "Mozilla/5.0 (Windows NT 10.0; Win64; x64) AppleWebKit/537.36 (KHTML, like Gecko) Chrome/61.0.3163.100 Safari/537.36"
77.119.131.215 - - [17/Oct/2017:07:52:56 +0200] "GET /css/mobile.css HTTP/1.1" 200 2852 "https://www.easydrivers.at/fuehrerscheine/motorrad" "Mozilla/5.0 (Linux; Android 7.0; EVA-L09 Build/HUAWEIEVA-L09) AppleWebKit/537.36 (KHTML, like Gecko) Chrome/61.0.3163.98 Mobile Safari/537.36"
77.119.131.215 - - [17/Oct/2017:07:52:56 +0200] "GET /javascript/jquery.cookie.js HTTP/1.1" 200 863 "https://www.easydrivers.at/fuehrerscheine/motorrad" "Mozilla/5.0 (Linux; Android 7.0; EVA-L09 Build/HUAWEIEVA-L09) AppleWebKit/537.36 (KHTML, like Gecko) Chrome/61.0.3163.98 Mobile Safari/537.36"
77.119.131.215 - - [17/Oct/2017:07:52:56 +0200] "GET /javascript/jquery-1.9.1.min.js HTTP/1.1" 200 32731 "https://www.easydrivers.at/fuehrerscheine/motorrad" "Mozilla/5.0 (Linux; Android 7.0; EVA-L09 Build/HUAWEIEVA-L09) AppleWebKit/537.36 (KHTML, like Gecko) Chrome/61.0.3163.98 Mobile Safari/537.36"
77.119.131.215 - - [17/Oct/2017:07:52:56 +0200] "GET /javascript/mobile-menu.js HTTP/1.1" 200 1634 "https://www.easydrivers.at/fuehrerscheine/motorrad" "Mozilla/5.0 (Linux; Android 7.0; EVA-L09 Build/HUAWEIEVA-L09) AppleWebKit/537.36 (KHTML, like Gecko) Chrome/61.0.3163.98 Mobile Safari/537.36"
77.119.131.215 - - [17/Oct/2017:07:52:56 +0200] "GET /javascript/jquery.simplemodal.js HTTP/1.1" 200 3070 "https://www.easydrivers.at/fuehrerscheine/motorrad" "Mozilla/5.0 (Linux; Android 7.0; EVA-L09 Build/HUAWEIEVA-L09) AppleWebKit/537.36 (KHTML, like Gecko) Chrome/61.0.3163.98 Mobile Safari/537.36"
77.119.131.215 - - [17/Oct/2017:07:52:56 +0200] "GET /javascript/mobile-license.js HTTP/1.1" 200 216 "https://www.easydrivers.at/fuehrerscheine/motorrad" "Mozilla/5.0 (Linux; Android 7.0; EVA-L09 Build/HUAWEIEVA-L09) AppleWebKit/537.36 (KHTML, like Gecko) Chrome/61.0.3163.98 Mobile Safari/537.36"
77.119.131.215 - - [17/Oct/2017:07:52:57 +0200] "GET /img/mobile/weiter-button.png HTTP/1.1" 200 1670 "https://www.easydrivers.at/css/mobile.css" "Mozilla/5.0 (Linux; Android 7.0; EVA-L09 Build/HUAWEIEVA-L09) AppleWebKit/537.36 (KHTML, like Gecko) Chrome/61.0.3163.98 Mobile Safari/537.36"
77.119.131.215 - - [17/Oct/2017:07:52:57 +0200] "GET /img/mobile/bg-yellow.jpg HTTP/1.1" 200 1569 "https://www.easydrivers.at/css/mobile.css" "Mozilla/5.0 (Linux; Android 7.0; EVA-L09 Build/HUAWEIEVA-L09) AppleWebKit/537.36 (KHTML, like Gecko) Chrome/61.0.3163.98 Mobile Safari/537.36"
77.119.131.215 - - [17/Oct/2017:07:52:57 +0200] "GET /javascript/lazyload.js HTTP/1.1" 200 1170 "https://www.easydrivers.at/fuehrerscheine/motorrad" "Mozilla/5.0 (Linux; Android 7.0; EVA-L09 Build/HUAWEIEVA-L09) AppleWebKit/537.36 (KHTML, like Gecko) Chrome/61.0.3163.98 Mobile Safari/537.36"
77.119.131.215 - - [17/Oct/2017:07:52:57 +0200] "GET /img/mobile/easydrivers-logo-mobile.png HTTP/1.1" 200 10766 "https://www.easydrivers.at/fuehrerscheine/motorrad" "Mozilla/5.0 (Linux; Android 7.0; EVA-L09 Build/HUAWEIEVA-L09) AppleWebKit/537.36 (KHTML, like Gecko) Chrome/61.0.3163.98 Mobile Safari/537.36"
77.119.131.215 - - [17/Oct/2017:07:52:57 +0200] "GET /img/mobile/menu-button.png HTTP/1.1" 200 1746 "https://www.easydrivers.at/fuehrerscheine/motorrad" "Mozilla/5.0 (Linux; Android 7.0; EVA-L09 Build/HUAWEIEVA-L09) AppleWebKit/537.36 (KHTML, like Gecko) Chrome/61.0.3163.98 Mobile Safari/537.36"
77.119.131.215 - - [17/Oct/2017:07:52:57 +0200] "GET /img/mobile/close-button.png HTTP/1.1" 200 2411 "https://www.easydrivers.at/fuehrerscheine/motorrad" "Mozilla/5.0 (Linux; Android 7.0; EVA-L09 Build/HUAWEIEVA-L09) AppleWebKit/537.36 (KHTML, like Gecko) Chrome/61.0.3163.98 Mobile Safari/537.36"
77.119.131.215 - - [17/Oct/2017:07:52:57 +0200] "GET /img/mobile/facebook-icon.png HTTP/1.1" 200 1902 "https://www.easydrivers.at/fuehrerscheine/motorrad" "Mozilla/5.0 (Linux; Android 7.0; EVA-L09 Build/HUAWEIEVA-L09) AppleWebKit/537.36 (KHTML, like Gecko) Chrome/61.0.3163.98 Mobile Safari/537.36"
77.119.131.215 - - [17/Oct/2017:07:52:57 +0200] "GET /img/mobile/bg-header.jpg HTTP/1.1" 200 19741 "https://www.easydrivers.at/css/mobile.css" "Mozilla/5.0 (Linux; Android 7.0; EVA-L09 Build/HUAWEIEVA-L09) AppleWebKit/537.36 (KHTML, like Gecko) Chrome/61.0.3163.98 Mobile Safari/537.36"
77.119.131.215 - - [17/Oct/2017:07:52:57 +0200] "GET /img/mobile/bg-menu.jpg HTTP/1.1" 200 1698 "https://www.easydrivers.at/css/mobile.css" "Mozilla/5.0 (Linux; Android 7.0; EVA-L09 Build/HUAWEIEVA-L09) AppleWebKit/537.36 (KHTML, like Gecko) Chrome/61.0.3163.98 Mobile Safari/537.36"
77.119.131.215 - - [17/Oct/2017:07:52:57 +0200] "GET /img/favicon.ico HTTP/1.1" 301 303 "-" "Mozilla/5.0 (Linux; Android 7.0; EVA-L09 Build/HUAWEIEVA-L09) AppleWebKit/537.36 (KHTML, like Gecko) Chrome/61.0.3163.98 Mobile Safari/537.36"
212.67.224.5 - - [17/Oct/2017:07:52:56 +0200] "GET /fahrschulen/niederoesterreich HTTP/1.1" 200 6025 "-" "Mozilla/5.0 (Windows NT 10.0; Win64; x64) AppleWebKit/537.36 (KHTML, like Gecko) Chrome/61.0.3163.100 Safari/537.36"
212.67.224.5 - - [17/Oct/2017:07:52:58 +0200] "GET /img/submit-button-small.png HTTP/1.1" 200 1456 "https://www.easydrivers.at/fahrschulen/niederoesterreich" "Mozilla/5.0 (Windows NT 10.0; Win64; x64) AppleWebKit/537.36 (KHTML, like Gecko) Chrome/61.0.3163.100 Safari/537.36"
77.119.131.215 - - [17/Oct/2017:07:52:57 +0200] "GET /img/favicon.ico HTTP/1.1" 404 301 "-" "Mozilla/5.0 (Linux; Android 7.0; EVA-L09 Build/HUAWEIEVA-L09) AppleWebKit/537.36 (KHTML, like Gecko) Chrome/61.0.3163.98 Mobile Safari/537.36"
212.67.224.5 - - [17/Oct/2017:07:52:58 +0200] "GET /img/bg-yellow.jpg HTTP/1.1" 200 2250 "https://www.easydrivers.at/css/style.css" "Mozilla/5.0 (Windows NT 10.0; Win64; x64) AppleWebKit/537.36 (KHTML, like Gecko) Chrome/61.0.3163.100 Safari/537.36"
212.67.224.5 - - [17/Oct/2017:07:52:58 +0200] "GET /img/smallicon-address.png HTTP/1.1" 200 1211 "https://www.easydrivers.at/fahrschulen/niederoesterreich" "Mozilla/5.0 (Windows NT 10.0; Win64; x64) AppleWebKit/537.36 (KHTML, like Gecko) Chrome/61.0.3163.100 Safari/537.36"
212.67.224.5 - - [17/Oct/2017:07:52:58 +0200] "GET /img/smallicon-phone.png HTTP/1.1" 200 3056 "https://www.easydrivers.at/fahrschulen/niederoesterreich" "Mozilla/5.0 (Windows NT 10.0; Win64; x64) AppleWebKit/537.36 (KHTML, like Gecko) Chrome/61.0.3163.100 Safari/537.36"
212.67.224.5 - - [17/Oct/2017:07:52:58 +0200] "GET /img/locator-icon.png HTTP/1.1" 200 1377 "https://www.easydrivers.at/fahrschulen/niederoesterreich" "Mozilla/5.0 (Windows NT 10.0; Win64; x64) AppleWebKit/537.36 (KHTML, like Gecko) Chrome/61.0.3163.100 Safari/537.36"
212.67.224.5 - - [17/Oct/2017:07:52:58 +0200] "GET /img/smallicon-time.png HTTP/1.1" 200 1262 "https://www.easydrivers.at/fahrschulen/niederoesterreich" "Mozilla/5.0 (Windows NT 10.0; Win64; x64) AppleWebKit/537.36 (KHTML, like Gecko) Chrome/61.0.3163.100 Safari/537.36"
212.67.224.5 - - [17/Oct/2017:07:52:58 +0200] "GET /img/smallicon-mail.png HTTP/1.1" 200 1341 "https://www.easydrivers.at/fahrschulen/niederoesterreich" "Mozilla/5.0 (Windows NT 10.0; Win64; x64) AppleWebKit/537.36 (KHTML, like Gecko) Chrome/61.0.3163.100 Safari/537.36"
212.67.224.5 - - [17/Oct/2017:07:52:58 +0200] "GET /img/arrow-left.png HTTP/1.1" 200 1015 "https://www.easydrivers.at/css/style.css" "Mozilla/5.0 (Windows NT 10.0; Win64; x64) AppleWebKit/537.36 (KHTML, like Gecko) Chrome/61.0.3163.100 Safari/537.36"
178.191.194.48 - - [17/Oct/2017:07:52:59 +0200] "GET /app HTTP/1.1" 200 2408 "https://www.easydrivers.at/kapfenberg.pankl" "Mozilla/5.0 (Linux; Android 7.0; SAMSUNG SM-G925F Build/NRD90M) AppleWebKit/537.36 (KHTML, like Gecko) SamsungBrowser/5.4 Chrome/51.0.2704.106 Mobile Safari/537.36"
178.191.194.48 - - [17/Oct/2017:07:53:02 +0200] "GET /binaries/10227599.png HTTP/1.1" 200 4420 "https://www.easydrivers.at/app" "Mozilla/5.0 (Linux; Android 7.0; SAMSUNG SM-G925F Build/NRD90M) AppleWebKit/537.36 (KHTML, like Gecko) SamsungBrowser/5.4 Chrome/51.0.2704.106 Mobile Safari/537.36"
178.191.194.48 - - [17/Oct/2017:07:53:02 +0200] "GET /binaries/10227600.png HTTP/1.1" 200 4765 "https://www.easydrivers.at/app" "Mozilla/5.0 (Linux; Android 7.0; SAMSUNG SM-G925F Build/NRD90M) AppleWebKit/537.36 (KHTML, like Gecko) SamsungBrowser/5.4 Chrome/51.0.2704.106 Mobile Safari/537.36"
178.191.194.48 - - [17/Oct/2017:07:53:02 +0200] "GET /binaries/10244141_1.jpg HTTP/1.1" 200 7585 "https://www.easydrivers.at/app" "Mozilla/5.0 (Linux; Android 7.0; SAMSUNG SM-G925F Build/NRD90M) AppleWebKit/537.36 (KHTML, like Gecko) SamsungBrowser/5.4 Chrome/51.0.2704.106 Mobile Safari/537.36"
178.191.194.48 - - [17/Oct/2017:07:53:02 +0200] "GET /binaries/10244142_1.jpg HTTP/1.1" 200 7031 "https://www.easydrivers.at/app" "Mozilla/5.0 (Linux; Android 7.0; SAMSUNG SM-G925F Build/NRD90M) AppleWebKit/537.36 (KHTML, like Gecko) SamsungBrowser/5.4 Chrome/51.0.2704.106 Mobile Safari/537.36"
207.46.13.55 - - [17/Oct/2017:07:53:01 +0200] "GET /binaries/easy-drivers---skarabela-gro/sommerjpg-1.jpg HTTP/1.1" 200 129696 "-" "Mozilla/5.0 (compatible; bingbot/2.0; +http://www.bing.com/bingbot.htm)"
212.67.224.5 - - [17/Oct/2017:07:53:01 +0200] "GET / HTTP/1.1" 200 4425 "https://www.google.at/" "Mozilla/5.0 (Windows NT 10.0; Win64; x64) AppleWebKit/537.36 (KHTML, like Gecko) Chrome/61.0.3163.100 Safari/537.36"
77.119.131.215 - - [17/Oct/2017:07:53:03 +0200] "GET /img/mobile/pfeil-links-small.png HTTP/1.1" 200 1065 "https://www.easydrivers.at/css/mobile.css" "Mozilla/5.0 (Linux; Android 7.0; EVA-L09 Build/HUAWEIEVA-L09) AppleWebKit/537.36 (KHTML, like Gecko) Chrome/61.0.3163.98 Mobile Safari/537.36"
77.119.131.215 - - [17/Oct/2017:07:53:03 +0200] "GET /img/mobile/pfeil-rechts-small.png HTTP/1.1" 200 1056 "https://www.easydrivers.at/css/mobile.css" "Mozilla/5.0 (Linux; Android 7.0; EVA-L09 Build/HUAWEIEVA-L09) AppleWebKit/537.36 (KHTML, like Gecko) Chrome/61.0.3163.98 Mobile Safari/537.36"
66.249.76.78 - - [17/Oct/2017:07:53:10 +0200] "GET /voesendorf/10281936?FS=B-L17 HTTP/1.1" 301 315 "-" "Mozilla/5.0 (compatible; Googlebot/2.1; +http://www.google.com/bot.html)"
207.46.13.48 - - [17/Oct/2017:07:53:11 +0200] "GET /binaries/easy-drivers-bad-v/antrag-lpdf.pdf HTTP/1.1" 301 318 "-" "Mozilla/5.0 (compatible; bingbot/2.0; +http://www.bing.com/bingbot.htm)"
66.249.76.82 - - [17/Oct/2017:07:53:10 +0200] "GET /voesendorf/10281936?FS=B-L17 HTTP/1.1" 200 5965 "-" "Mozilla/5.0 (compatible; Googlebot/2.1; +http://www.google.com/bot.html)"
212.67.224.5 - - [17/Oct/2017:07:53:17 +0200] "POST /suche HTTP/1.1" 200 5504 "https://www.easydrivers.at/" "Mozilla/5.0 (Windows NT 10.0; Win64; x64) AppleWebKit/537.36 (KHTML, like Gecko) Chrome/61.0.3163.100 Safari/537.36"
212.67.224.5 - - [17/Oct/2017:07:53:19 +0200] "GET /css/showLoading.css HTTP/1.1" 200 219 "https://www.easydrivers.at/suche" "Mozilla/5.0 (Windows NT 10.0; Win64; x64) AppleWebKit/537.36 (KHTML, like Gecko) Chrome/61.0.3163.100 Safari/537.36"
212.67.224.5 - - [17/Oct/2017:07:53:19 +0200] "GET /javascript/suche.js HTTP/1.1" 200 209 "https://www.easydrivers.at/suche" "Mozilla/5.0 (Windows NT 10.0; Win64; x64) AppleWebKit/537.36 (KHTML, like Gecko) Chrome/61.0.3163.100 Safari/537.36"
212.67.224.5 - - [17/Oct/2017:07:53:19 +0200] "GET /javascript/jquery.showLoading.min.js HTTP/1.1" 200 1136 "https://www.easydrivers.at/suche" "Mozilla/5.0 (Windows NT 10.0; Win64; x64) AppleWebKit/537.36 (KHTML, like Gecko) Chrome/61.0.3163.100 Safari/537.36"
212.67.224.5 - - [17/Oct/2017:07:53:19 +0200] "GET /javascript/jquery.base64.min.js HTTP/1.1" 200 37135 "https://www.easydrivers.at/suche" "Mozilla/5.0 (Windows NT 10.0; Win64; x64) AppleWebKit/537.36 (KHTML, like Gecko) Chrome/61.0.3163.100 Safari/537.36"
193.170.68.246 - - [17/Oct/2017:07:53:19 +0200] "GET /app HTTP/1.1" 301 295 "-" "Mozilla/5.0 (iPhone; CPU iPhone OS 10_3_3 like Mac OS X) AppleWebKit/603.3.8 (KHTML, like Gecko) Mobile/14G60"
212.67.224.5 - - [17/Oct/2017:07:53:19 +0200] "GET /binaries/easy-drivers-portal/motorrad1jpg.jpg HTTP/1.1" 200 125850 "https://www.easydrivers.at/suche" "Mozilla/5.0 (Windows NT 10.0; Win64; x64) AppleWebKit/537.36 (KHTML, like Gecko) Chrome/61.0.3163.100 Safari/537.36"
93.82.119.31 - - [17/Oct/2017:07:53:20 +0200] "GET /fuehrerscheine/lkw HTTP/1.1" 301 304 "https://www.google.at/" "Mozilla/5.0 (Windows NT 10.0; Win64; x64) AppleWebKit/537.36 (KHTML, like Gecko) Chrome/61.0.3163.100 Safari/537.36"
193.170.68.246 - - [17/Oct/2017:07:53:20 +0200] "GET /app HTTP/1.1" 200 2408 "-" "Mozilla/5.0 (iPhone; CPU iPhone OS 10_3_3 like Mac OS X) AppleWebKit/603.3.8 (KHTML, like Gecko) Mobile/14G60"
93.82.119.31 - - [17/Oct/2017:07:53:20 +0200] "GET /fuehrerscheine/lkw HTTP/1.1" 200 2686 "https://www.google.at/" "Mozilla/5.0 (Windows NT 10.0; Win64; x64) AppleWebKit/537.36 (KHTML, like Gecko) Chrome/61.0.3163.100 Safari/537.36"
93.82.119.31 - - [17/Oct/2017:07:53:22 +0200] "GET /css/style.css HTTP/1.1" 200 5004 "https://www.easydrivers.at/fuehrerscheine/lkw" "Mozilla/5.0 (Windows NT 10.0; Win64; x64) AppleWebKit/537.36 (KHTML, like Gecko) Chrome/61.0.3163.100 Safari/537.36"
93.82.119.31 - - [17/Oct/2017:07:53:22 +0200] "GET /javascript/jquery.customSelect.min.js HTTP/1.1" 200 912 "https://www.easydrivers.at/fuehrerscheine/lkw" "Mozilla/5.0 (Windows NT 10.0; Win64; x64) AppleWebKit/537.36 (KHTML, like Gecko) Chrome/61.0.3163.100 Safari/537.36"
93.82.119.31 - - [17/Oct/2017:07:53:22 +0200] "GET /javascript/jquery.simplemodal.js HTTP/1.1" 200 3070 "https://www.easydrivers.at/fuehrerscheine/lkw" "Mozilla/5.0 (Windows NT 10.0; Win64; x64) AppleWebKit/537.36 (KHTML, like Gecko) Chrome/61.0.3163.100 Safari/537.36"
93.82.119.31 - - [17/Oct/2017:07:53:22 +0200] "GET /javascript/jquery.cookie.js HTTP/1.1" 200 863 "https://www.easydrivers.at/fuehrerscheine/lkw" "Mozilla/5.0 (Windows NT 10.0; Win64; x64) AppleWebKit/537.36 (KHTML, like Gecko) Chrome/61.0.3163.100 Safari/537.36"
93.82.119.31 - - [17/Oct/2017:07:53:22 +0200] "GET /javascript/portal.js?1221842734 HTTP/1.1" 200 3529 "https://www.easydrivers.at/fuehrerscheine/lkw" "Mozilla/5.0 (Windows NT 10.0; Win64; x64) AppleWebKit/537.36 (KHTML, like Gecko) Chrome/61.0.3163.100 Safari/537.36"
93.82.119.31 - - [17/Oct/2017:07:53:22 +0200] "GET /javascript/license.js HTTP/1.1" 200 315 "https://www.easydrivers.at/fuehrerscheine/lkw" "Mozilla/5.0 (Windows NT 10.0; Win64; x64) AppleWebKit/537.36 (KHTML, like Gecko) Chrome/61.0.3163.100 Safari/537.36"
93.82.119.31 - - [17/Oct/2017:07:53:22 +0200] "GET /img/ED_Logo.png HTTP/1.1" 200 3385 "https://www.easydrivers.at/css/style.css" "Mozilla/5.0 (Windows NT 10.0; Win64; x64) AppleWebKit/537.36 (KHTML, like Gecko) Chrome/61.0.3163.100 Safari/537.36"
93.82.119.31 - - [17/Oct/2017:07:53:22 +0200] "GET /img/submit-button-small.png HTTP/1.1" 200 1456 "https://www.easydrivers.at/css/style.css" "Mozilla/5.0 (Windows NT 10.0; Win64; x64) AppleWebKit/537.36 (KHTML, like Gecko) Chrome/61.0.3163.100 Safari/537.36"
93.82.119.31 - - [17/Oct/2017:07:53:22 +0200] "GET /img/bg-yellow.jpg HTTP/1.1" 200 2250 "https://www.easydrivers.at/css/style.css" "Mozilla/5.0 (Windows NT 10.0; Win64; x64) AppleWebKit/537.36 (KHTML, like Gecko) Chrome/61.0.3163.100 Safari/537.36"
93.82.119.31 - - [17/Oct/2017:07:53:22 +0200] "GET /javascript/lazyload.js HTTP/1.1" 200 1170 "https://www.easydrivers.at/fuehrerscheine/lkw" "Mozilla/5.0 (Windows NT 10.0; Win64; x64) AppleWebKit/537.36 (KHTML, like Gecko) Chrome/61.0.3163.100 Safari/537.36"
93.82.119.31 - - [17/Oct/2017:07:53:22 +0200] "GET /img/close-button.png HTTP/1.1" 200 2237 "https://www.easydrivers.at/fuehrerscheine/lkw" "Mozilla/5.0 (Windows NT 10.0; Win64; x64) AppleWebKit/537.36 (KHTML, like Gecko) Chrome/61.0.3163.100 Safari/537.36"
93.82.119.31 - - [17/Oct/2017:07:53:22 +0200] "GET /img/bg-header.jpg HTTP/1.1" 200 38680 "https://www.easydrivers.at/css/style.css" "Mozilla/5.0 (Windows NT 10.0; Win64; x64) AppleWebKit/537.36 (KHTML, like Gecko) Chrome/61.0.3163.100 Safari/537.36"
93.82.119.31 - - [17/Oct/2017:07:53:22 +0200] "GET /img/facebook-icon.png HTTP/1.1" 200 1506 "https://www.easydrivers.at/fuehrerscheine/lkw" "Mozilla/5.0 (Windows NT 10.0; Win64; x64) AppleWebKit/537.36 (KHTML, like Gecko) Chrome/61.0.3163.100 Safari/537.36"
93.82.119.31 - - [17/Oct/2017:07:53:22 +0200] "GET /img/schweiz-icon.png HTTP/1.1" 200 1504 "https://www.easydrivers.at/fuehrerscheine/lkw" "Mozilla/5.0 (Windows NT 10.0; Win64; x64) AppleWebKit/537.36 (KHTML, like Gecko) Chrome/61.0.3163.100 Safari/537.36"
93.82.119.31 - - [17/Oct/2017:07:53:22 +0200] "GET /img/bg-footer.jpg HTTP/1.1" 200 31770 "https://www.easydrivers.at/css/style.css" "Mozilla/5.0 (Windows NT 10.0; Win64; x64) AppleWebKit/537.36 (KHTML, like Gecko) Chrome/61.0.3163.100 Safari/537.36"
93.82.119.31 - - [17/Oct/2017:07:53:22 +0200] "GET /img/kursicon-print-pink.png HTTP/1.1" 200 1125 "https://www.easydrivers.at/fuehrerscheine/lkw" "Mozilla/5.0 (Windows NT 10.0; Win64; x64) AppleWebKit/537.36 (KHTML, like Gecko) Chrome/61.0.3163.100 Safari/537.36"
93.82.119.31 - - [17/Oct/2017:07:53:22 +0200] "GET /img/kursicon-download-pink.png HTTP/1.1" 200 1213 "https://www.easydrivers.at/fuehrerscheine/lkw" "Mozilla/5.0 (Windows NT 10.0; Win64; x64) AppleWebKit/537.36 (KHTML, like Gecko) Chrome/61.0.3163.100 Safari/537.36"
93.82.119.31 - - [17/Oct/2017:07:53:22 +0200] "GET /img/kursicon-share-pink.png HTTP/1.1" 200 1277 "https://www.easydrivers.at/fuehrerscheine/lkw" "Mozilla/5.0 (Windows NT 10.0; Win64; x64) AppleWebKit/537.36 (KHTML, like Gecko) Chrome/61.0.3163.100 Safari/537.36"
93.82.119.31 - - [17/Oct/2017:07:53:22 +0200] "GET /img/kursicon-phone-pink.png HTTP/1.1" 200 1286 "https://www.easydrivers.at/fuehrerscheine/lkw" "Mozilla/5.0 (Windows NT 10.0; Win64; x64) AppleWebKit/537.36 (KHTML, like Gecko) Chrome/61.0.3163.100 Safari/537.36"
93.82.119.31 - - [17/Oct/2017:07:53:22 +0200] "GET /css/print.css HTTP/1.1" 200 967 "https://www.easydrivers.at/fuehrerscheine/lkw" "Mozilla/5.0 (Windows NT 10.0; Win64; x64) AppleWebKit/537.36 (KHTML, like Gecko) Chrome/61.0.3163.100 Safari/537.36"
93.82.119.31 - - [17/Oct/2017:07:53:22 +0200] "GET /binaries/easy-drivers-portal/lkw1jpg.jpg HTTP/1.1" 200 71423 "https://www.easydrivers.at/fuehrerscheine/lkw" "Mozilla/5.0 (Windows NT 10.0; Win64; x64) AppleWebKit/537.36 (KHTML, like Gecko) Chrome/61.0.3163.100 Safari/537.36"
193.170.68.246 - - [17/Oct/2017:07:53:23 +0200] "GET /css/mobile.css HTTP/1.1" 200 2852 "https://www.easydrivers.at/app" "Mozilla/5.0 (iPhone; CPU iPhone OS 10_3_3 like Mac OS X) AppleWebKit/603.3.8 (KHTML, like Gecko) Mobile/14G60"
193.170.68.246 - - [17/Oct/2017:07:53:23 +0200] "GET /javascript/jquery-1.9.1.min.js HTTP/1.1" 200 32731 "https://www.easydrivers.at/app" "Mozilla/5.0 (iPhone; CPU iPhone OS 10_3_3 like Mac OS X) AppleWebKit/603.3.8 (KHTML, like Gecko) Mobile/14G60"
193.170.68.246 - - [17/Oct/2017:07:53:23 +0200] "GET /javascript/jquery.cookie.js HTTP/1.1" 200 863 "https://www.easydrivers.at/app" "Mozilla/5.0 (iPhone; CPU iPhone OS 10_3_3 like Mac OS X) AppleWebKit/603.3.8 (KHTML, like Gecko) Mobile/14G60"
193.170.68.246 - - [17/Oct/2017:07:53:23 +0200] "GET /javascript/mobile-menu.js HTTP/1.1" 200 1634 "https://www.easydrivers.at/app" "Mozilla/5.0 (iPhone; CPU iPhone OS 10_3_3 like Mac OS X) AppleWebKit/603.3.8 (KHTML, like Gecko) Mobile/14G60"
193.170.68.246 - - [17/Oct/2017:07:53:23 +0200] "GET /javascript/jquery.simplemodal.js HTTP/1.1" 200 3070 "https://www.easydrivers.at/app" "Mozilla/5.0 (iPhone; CPU iPhone OS 10_3_3 like Mac OS X) AppleWebKit/603.3.8 (KHTML, like Gecko) Mobile/14G60"
93.82.119.31 - - [17/Oct/2017:07:53:23 +0200] "GET /img/new_favicon.ico HTTP/1.1" 301 306 "-" "Mozilla/5.0 (Windows NT 10.0; Win64; x64) AppleWebKit/537.36 (KHTML, like Gecko) Chrome/61.0.3163.100 Safari/537.36"
