173.252.124.79 - - [24/Oct/2017:07:50:56 +0200] "GET /eisenstadt/ HTTP/1.1" 301 141 "-" "facebookexternalhit/1.1 (+http://www.facebook.com/externalhit_uatext.php)"
213.225.39.231 - - [24/Oct/2017:07:50:58 +0200] "GET /download.php?id=10247300 HTTP/1.1" 200 132928 "https://www.easydrivers.at/pruefprotokoll" "Mozilla/5.0 (Linux; Android 6.0.1; SM-G800F Build/MMB29K) AppleWebKit/537.36 (KHTML, like Gecko) Chrome/61.0.3163.98 Mobile Safari/537.36"
173.252.124.81 - - [24/Oct/2017:07:50:57 +0200] "GET /eisenstadt HTTP/1.1" 200 3413 "-" "facebookexternalhit/1.1 (+http://www.facebook.com/externalhit_uatext.php)"
173.252.124.19 - - [24/Oct/2017:07:50:59 +0200] "GET /eisenstadt HTTP/1.1" 301 299 "-" "facebookexternalhit/1.1 (+http://www.facebook.com/externalhit_uatext.php)"
173.252.124.85 - - [24/Oct/2017:07:50:59 +0200] "GET /img/ED_Logo.png HTTP/1.1" 301 305 "http://www.easydrivers.at/eisenstadt/" "facebookexternalhit/1.1 (+http://www.facebook.com/externalhit_uatext.php)"
173.252.124.11 - - [24/Oct/2017:07:50:59 +0200] "GET /img/info-button.png HTTP/1.1" 206 738 "http://www.easydrivers.at/eisenstadt/" "facebookexternalhit/1.1 (+http://www.facebook.com/externalhit_uatext.php)"
173.252.124.73 - - [24/Oct/2017:07:50:59 +0200] "GET /img/locator-icon.png HTTP/1.1" 206 1377 "http://www.easydrivers.at/eisenstadt/" "facebookexternalhit/1.1 (+http://www.facebook.com/externalhit_uatext.php)"
173.252.124.81 - - [24/Oct/2017:07:50:59 +0200] "GET /img/close-button-small.png HTTP/1.1" 206 1671 "http://www.easydrivers.at/eisenstadt/" "facebookexternalhit/1.1 (+http://www.facebook.com/externalhit_uatext.php)"
173.252.124.28 - - [24/Oct/2017:07:50:59 +0200] "GET /binaries/easy-drivers-portal/widget-icon-trainingpng.png HTTP/1.1" 206 2662 "http://www.easydrivers.at/eisenstadt/" "facebookexternalhit/1.1 (+http://www.facebook.com/externalhit_uatext.php)"
173.252.124.31 - - [24/Oct/2017:07:50:59 +0200] "GET /img/empty.gif HTTP/1.1" 206 43 "http://www.easydrivers.at/eisenstadt/" "facebookexternalhit/1.1 (+http://www.facebook.com/externalhit_uatext.php)"
173.252.124.80 - - [24/Oct/2017:07:50:59 +0200] "GET /binaries/easy-drivers-portal/widget-icon-expertspng.png HTTP/1.1" 206 2159 "http://www.easydrivers.at/eisenstadt/" "facebookexternalhit/1.1 (+http://www.facebook.com/externalhit_uatext.php)"
173.252.124.81 - - [24/Oct/2017:07:50:59 +0200] "GET /img/schweiz-icon.png HTTP/1.1" 206 1504 "http://www.easydrivers.at/eisenstadt/" "facebookexternalhit/1.1 (+http://www.facebook.com/externalhit_uatext.php)"
173.252.124.11 - - [24/Oct/2017:07:50:59 +0200] "GET /img/close-button.png HTTP/1.1" 206 2237 "http://www.easydrivers.at/eisenstadt/" "facebookexternalhit/1.1 (+http://www.facebook.com/externalhit_uatext.php)"
173.252.124.19 - - [24/Oct/2017:07:50:59 +0200] "GET /img/facebook-icon.png HTTP/1.1" 206 1506 "http://www.easydrivers.at/eisenstadt/" "facebookexternalhit/1.1 (+http://www.facebook.com/externalhit_uatext.php)"
173.252.124.78 - - [24/Oct/2017:07:51:00 +0200] "GET /eisenstadt/ HTTP/1.1" 301 300 "-" "facebookexternalhit/1.1 (+http://www.facebook.com/externalhit_uatext.php)"
173.252.124.73 - - [24/Oct/2017:07:51:00 +0200] "GET /eisenstadt/ HTTP/1.1" 301 141 "-" "facebookexternalhit/1.1 (+http://www.facebook.com/externalhit_uatext.php)"
212.95.8.193 - - [24/Oct/2017:07:51:02 +0200] "-" 408 - "-" "-"
212.95.8.193 - - [24/Oct/2017:07:51:02 +0200] "-" 408 - "-" "-"
212.95.8.193 - - [24/Oct/2017:07:51:02 +0200] "-" 408 - "-" "-"
173.252.124.73 - - [24/Oct/2017:07:51:00 +0200] "GET /eisenstadt HTTP/1.1" 200 3413 "-" "facebookexternalhit/1.1 (+http://www.facebook.com/externalhit_uatext.php)"
213.225.39.231 - - [24/Oct/2017:07:51:02 +0200] "GET /download.php?id=10266203 HTTP/1.1" 200 224863 "https://www.easydrivers.at/pruefprotokoll" "Mozilla/5.0 (Linux; Android 6.0.1; SM-G800F Build/MMB29K) AppleWebKit/537.36 (KHTML, like Gecko) Chrome/61.0.3163.98 Mobile Safari/537.36"
173.252.124.80 - - [24/Oct/2017:07:51:03 +0200] "GET /eisenstadt HTTP/1.1" 301 299 "-" "facebookexternalhit/1.1 (+http://www.facebook.com/externalhit_uatext.php)"
173.252.124.28 - - [24/Oct/2017:07:51:03 +0200] "GET /img/ED_Logo.png HTTP/1.1" 301 305 "http://www.easydrivers.at/eisenstadt/" "facebookexternalhit/1.1 (+http://www.facebook.com/externalhit_uatext.php)"
173.252.124.85 - - [24/Oct/2017:07:51:03 +0200] "GET /img/close-button.png HTTP/1.1" 206 2237 "http://www.easydrivers.at/eisenstadt/" "facebookexternalhit/1.1 (+http://www.facebook.com/externalhit_uatext.php)"
173.252.124.78 - - [24/Oct/2017:07:51:03 +0200] "GET /img/facebook-icon.png HTTP/1.1" 206 1506 "http://www.easydrivers.at/eisenstadt/" "facebookexternalhit/1.1 (+http://www.facebook.com/externalhit_uatext.php)"
173.252.124.78 - - [24/Oct/2017:07:51:03 +0200] "GET /img/info-button.png HTTP/1.1" 206 738 "http://www.easydrivers.at/eisenstadt/" "facebookexternalhit/1.1 (+http://www.facebook.com/externalhit_uatext.php)"
173.252.124.81 - - [24/Oct/2017:07:51:03 +0200] "GET /img/locator-icon.png HTTP/1.1" 206 1377 "http://www.easydrivers.at/eisenstadt/" "facebookexternalhit/1.1 (+http://www.facebook.com/externalhit_uatext.php)"
173.252.124.11 - - [24/Oct/2017:07:51:03 +0200] "GET /img/close-button-small.png HTTP/1.1" 206 1671 "http://www.easydrivers.at/eisenstadt/" "facebookexternalhit/1.1 (+http://www.facebook.com/externalhit_uatext.php)"
54.224.197.251 - - [24/Oct/2017:07:51:03 +0200] "GET /robots.txt HTTP/1.0" 301 300 "-" "CCBot/2.0 (http://commoncrawl.org/faq/)"
173.252.124.85 - - [24/Oct/2017:07:51:03 +0200] "GET /binaries/easy-drivers-portal/widget-icon-trainingpng.png HTTP/1.1" 206 2662 "http://www.easydrivers.at/eisenstadt/" "facebookexternalhit/1.1 (+http://www.facebook.com/externalhit_uatext.php)"
173.252.124.73 - - [24/Oct/2017:07:51:03 +0200] "GET /img/empty.gif HTTP/1.1" 206 43 "http://www.easydrivers.at/eisenstadt/" "facebookexternalhit/1.1 (+http://www.facebook.com/externalhit_uatext.php)"
173.252.124.28 - - [24/Oct/2017:07:51:03 +0200] "GET /binaries/easy-drivers-portal/widget-icon-expertspng.png HTTP/1.1" 206 2159 "http://www.easydrivers.at/eisenstadt/" "facebookexternalhit/1.1 (+http://www.facebook.com/externalhit_uatext.php)"
173.252.124.31 - - [24/Oct/2017:07:51:03 +0200] "GET /img/schweiz-icon.png HTTP/1.1" 206 1504 "http://www.easydrivers.at/eisenstadt/" "facebookexternalhit/1.1 (+http://www.facebook.com/externalhit_uatext.php)"
173.252.124.79 - - [24/Oct/2017:07:51:04 +0200] "GET /img/ED_Logo.png HTTP/1.1" 301 305 "-" "facebookexternalhit/1.1 (+http://www.facebook.com/externalhit_uatext.php)"
54.224.197.251 - - [24/Oct/2017:07:51:04 +0200] "GET /am.spitz/10281093?FS=BL1796 HTTP/1.0" 301 315 "-" "CCBot/2.0 (http://commoncrawl.org/faq/)"
173.252.124.18 - - [24/Oct/2017:07:51:05 +0200] "GET /eisenstadt/ HTTP/1.1" 301 300 "-" "facebookexternalhit/1.1 (+http://www.facebook.com/externalhit_uatext.php)"
173.252.124.12 - - [24/Oct/2017:07:51:06 +0200] "GET /eisenstadt/ HTTP/1.1" 301 141 "-" "facebookexternalhit/1.1 (+http://www.facebook.com/externalhit_uatext.php)"
212.95.8.193 - - [24/Oct/2017:07:51:06 +0200] "GET /leonding/novemberkurs_17?FS=B-L HTTP/1.1" 200 3326 "https://www.easydrivers.at/leonding/kursauswahl" "Mozilla/5.0 (Linux; Android 7.0; SM-G920F Build/NRD90M) AppleWebKit/537.36 (KHTML, like Gecko) Chrome/61.0.3163.98 Mobile Safari/537.36"
212.95.8.193 - - [24/Oct/2017:07:51:09 +0200] "GET /img/mobile/kursicon-share.png HTTP/1.1" 200 2065 "https://www.easydrivers.at/leonding/novemberkurs_17?FS=B-L" "Mozilla/5.0 (Linux; Android 7.0; SM-G920F Build/NRD90M) AppleWebKit/537.36 (KHTML, like Gecko) Chrome/61.0.3163.98 Mobile Safari/537.36"
212.95.8.193 - - [24/Oct/2017:07:51:09 +0200] "GET /img/mobile/kursicon-phone.png HTTP/1.1" 200 1932 "https://www.easydrivers.at/leonding/novemberkurs_17?FS=B-L" "Mozilla/5.0 (Linux; Android 7.0; SM-G920F Build/NRD90M) AppleWebKit/537.36 (KHTML, like Gecko) Chrome/61.0.3163.98 Mobile Safari/537.36"
212.95.8.193 - - [24/Oct/2017:07:51:09 +0200] "GET /img/mobile/smallicon-phone.png HTTP/1.1" 200 1311 "https://www.easydrivers.at/leonding/novemberkurs_17?FS=B-L" "Mozilla/5.0 (Linux; Android 7.0; SM-G920F Build/NRD90M) AppleWebKit/537.36 (KHTML, like Gecko) Chrome/61.0.3163.98 Mobile Safari/537.36"
212.95.8.193 - - [24/Oct/2017:07:51:09 +0200] "GET /img/mobile/smallicon-mail.png HTTP/1.1" 200 1335 "https://www.easydrivers.at/leonding/novemberkurs_17?FS=B-L" "Mozilla/5.0 (Linux; Android 7.0; SM-G920F Build/NRD90M) AppleWebKit/537.36 (KHTML, like Gecko) Chrome/61.0.3163.98 Mobile Safari/537.36"
173.252.124.68 - - [24/Oct/2017:07:51:07 +0200] "GET /eisenstadt HTTP/1.1" 200 3413 "-" "facebookexternalhit/1.1 (+http://www.facebook.com/externalhit_uatext.php)"
173.252.124.26 - - [24/Oct/2017:07:51:10 +0200] "GET /eisenstadt HTTP/1.1" 301 299 "-" "facebookexternalhit/1.1 (+http://www.facebook.com/externalhit_uatext.php)"
173.252.124.12 - - [24/Oct/2017:07:51:11 +0200] "GET /img/close-button-small.png HTTP/1.1" 206 1671 "http://www.easydrivers.at/eisenstadt/" "facebookexternalhit/1.1 (+http://www.facebook.com/externalhit_uatext.php)"
173.252.124.26 - - [24/Oct/2017:07:51:11 +0200] "GET /img/empty.gif HTTP/1.1" 206 43 "http://www.easydrivers.at/eisenstadt/" "facebookexternalhit/1.1 (+http://www.facebook.com/externalhit_uatext.php)"
173.252.124.68 - - [24/Oct/2017:07:51:11 +0200] "GET /img/close-button.png HTTP/1.1" 206 2237 "http://www.easydrivers.at/eisenstadt/" "facebookexternalhit/1.1 (+http://www.facebook.com/externalhit_uatext.php)"
173.252.124.26 - - [24/Oct/2017:07:51:11 +0200] "GET /img/info-button.png HTTP/1.1" 206 738 "http://www.easydrivers.at/eisenstadt/" "facebookexternalhit/1.1 (+http://www.facebook.com/externalhit_uatext.php)"
173.252.124.14 - - [24/Oct/2017:07:51:11 +0200] "GET /img/schweiz-icon.png HTTP/1.1" 206 1504 "http://www.easydrivers.at/eisenstadt/" "facebookexternalhit/1.1 (+http://www.facebook.com/externalhit_uatext.php)"
173.252.124.14 - - [24/Oct/2017:07:51:11 +0200] "GET /binaries/easy-drivers-portal/widget-icon-expertspng.png HTTP/1.1" 206 2159 "http://www.easydrivers.at/eisenstadt/" "facebookexternalhit/1.1 (+http://www.facebook.com/externalhit_uatext.php)"
66.249.66.1 - - [24/Oct/2017:07:51:11 +0200] "GET /uploads/pdfs/hartberg/Mopedkurs-14-07-2015_A1.pdf HTTP/1.1" 301 329 "-" "Mozilla/5.0 (compatible; Googlebot/2.1; +http://www.google.com/bot.html)"
173.252.124.14 - - [24/Oct/2017:07:51:12 +0200] "GET /img/locator-icon.png HTTP/1.1" 206 1377 "http://www.easydrivers.at/eisenstadt/" "facebookexternalhit/1.1 (+http://www.facebook.com/externalhit_uatext.php)"
173.252.124.77 - - [24/Oct/2017:07:51:12 +0200] "GET /img/ED_Logo.png HTTP/1.1" 301 305 "http://www.easydrivers.at/eisenstadt/" "facebookexternalhit/1.1 (+http://www.facebook.com/externalhit_uatext.php)"
173.252.124.84 - - [24/Oct/2017:07:51:12 +0200] "GET /eisenstadt/ HTTP/1.1" 301 300 "-" "facebookexternalhit/1.1 (+http://www.facebook.com/externalhit_uatext.php)"
66.249.76.80 - - [24/Oct/2017:07:51:12 +0200] "GET /uploads/pdfs/hartberg/Mopedkurs-14-07-2015_A1.pdf HTTP/1.1" 200 30800 "-" "Mozilla/5.0 (compatible; Googlebot/2.1; +http://www.google.com/bot.html)"
173.252.124.77 - - [24/Oct/2017:07:51:12 +0200] "GET /eisenstadt/ HTTP/1.1" 301 141 "-" "facebookexternalhit/1.1 (+http://www.facebook.com/externalhit_uatext.php)"
173.252.124.84 - - [24/Oct/2017:07:51:13 +0200] "GET /eisenstadt HTTP/1.1" 200 3413 "-" "facebookexternalhit/1.1 (+http://www.facebook.com/externalhit_uatext.php)"
173.252.124.77 - - [24/Oct/2017:07:51:15 +0200] "GET /eisenstadt HTTP/1.1" 301 299 "-" "facebookexternalhit/1.1 (+http://www.facebook.com/externalhit_uatext.php)"
173.252.124.84 - - [24/Oct/2017:07:51:15 +0200] "GET /img/ED_Logo.png HTTP/1.1" 301 305 "http://www.easydrivers.at/eisenstadt/" "facebookexternalhit/1.1 (+http://www.facebook.com/externalhit_uatext.php)"
173.252.124.84 - - [24/Oct/2017:07:51:15 +0200] "GET /img/close-button.png HTTP/1.1" 206 2237 "http://www.easydrivers.at/eisenstadt/" "facebookexternalhit/1.1 (+http://www.facebook.com/externalhit_uatext.php)"
173.252.124.14 - - [24/Oct/2017:07:51:15 +0200] "GET /img/facebook-icon.png HTTP/1.1" 206 1506 "http://www.easydrivers.at/eisenstadt/" "facebookexternalhit/1.1 (+http://www.facebook.com/externalhit_uatext.php)"
173.252.124.68 - - [24/Oct/2017:07:51:15 +0200] "GET /img/info-button.png HTTP/1.1" 206 738 "http://www.easydrivers.at/eisenstadt/" "facebookexternalhit/1.1 (+http://www.facebook.com/externalhit_uatext.php)"
173.252.124.14 - - [24/Oct/2017:07:51:15 +0200] "GET /img/locator-icon.png HTTP/1.1" 206 1377 "http://www.easydrivers.at/eisenstadt/" "facebookexternalhit/1.1 (+http://www.facebook.com/externalhit_uatext.php)"
173.252.124.12 - - [24/Oct/2017:07:51:15 +0200] "GET /img/close-button-small.png HTTP/1.1" 206 1671 "http://www.easydrivers.at/eisenstadt/" "facebookexternalhit/1.1 (+http://www.facebook.com/externalhit_uatext.php)"
173.252.124.77 - - [24/Oct/2017:07:51:15 +0200] "GET /binaries/easy-drivers-portal/widget-icon-trainingpng.png HTTP/1.1" 206 2662 "http://www.easydrivers.at/eisenstadt/" "facebookexternalhit/1.1 (+http://www.facebook.com/externalhit_uatext.php)"
173.252.124.14 - - [24/Oct/2017:07:51:15 +0200] "GET /img/empty.gif HTTP/1.1" 206 43 "http://www.easydrivers.at/eisenstadt/" "facebookexternalhit/1.1 (+http://www.facebook.com/externalhit_uatext.php)"
173.252.124.12 - - [24/Oct/2017:07:51:15 +0200] "GET /binaries/easy-drivers-portal/widget-icon-expertspng.png HTTP/1.1" 206 2159 "http://www.easydrivers.at/eisenstadt/" "facebookexternalhit/1.1 (+http://www.facebook.com/externalhit_uatext.php)"
173.252.124.18 - - [24/Oct/2017:07:51:15 +0200] "GET /img/schweiz-icon.png HTTP/1.1" 206 1504 "http://www.easydrivers.at/eisenstadt/" "facebookexternalhit/1.1 (+http://www.facebook.com/externalhit_uatext.php)"
173.252.124.68 - - [24/Oct/2017:07:51:16 +0200] "GET /img/ED_Logo.png HTTP/1.1" 301 305 "-" "facebookexternalhit/1.1 (+http://www.facebook.com/externalhit_uatext.php)"
173.252.124.12 - - [24/Oct/2017:07:51:16 +0200] "GET /img/ED_Logo.png HTTP/1.1" 200 3385 "-" "facebookexternalhit/1.1 (+http://www.facebook.com/externalhit_uatext.php)"
173.252.124.68 - - [24/Oct/2017:07:51:16 +0200] "GET /eisenstadt/ HTTP/1.1" 301 300 "-" "facebookexternalhit/1.1 (+http://www.facebook.com/externalhit_uatext.php)"
54.224.197.251 - - [24/Oct/2017:07:51:17 +0200] "GET /robots.txt HTTP/1.0" 301 300 "-" "CCBot/2.0 (http://commoncrawl.org/faq/)"
54.224.197.251 - - [24/Oct/2017:07:51:17 +0200] "GET /amstetten/abendkurssept?FS=A1 HTTP/1.0" 301 313 "-" "CCBot/2.0 (http://commoncrawl.org/faq/)"
173.252.124.25 - - [24/Oct/2017:07:51:18 +0200] "GET /eisenstadt/ HTTP/1.1" 301 141 "-" "facebookexternalhit/1.1 (+http://www.facebook.com/externalhit_uatext.php)"
173.252.124.18 - - [24/Oct/2017:07:51:18 +0200] "GET /eisenstadt HTTP/1.1" 200 3413 "-" "facebookexternalhit/1.1 (+http://www.facebook.com/externalhit_uatext.php)"
173.252.124.12 - - [24/Oct/2017:07:51:21 +0200] "GET /eisenstadt HTTP/1.1" 301 299 "-" "facebookexternalhit/1.1 (+http://www.facebook.com/externalhit_uatext.php)"
173.252.124.84 - - [24/Oct/2017:07:51:21 +0200] "GET /img/ED_Logo.png HTTP/1.1" 301 305 "http://www.easydrivers.at/eisenstadt/" "facebookexternalhit/1.1 (+http://www.facebook.com/externalhit_uatext.php)"
173.252.124.18 - - [24/Oct/2017:07:51:21 +0200] "GET /img/empty.gif HTTP/1.1" 206 43 "http://www.easydrivers.at/eisenstadt/" "facebookexternalhit/1.1 (+http://www.facebook.com/externalhit_uatext.php)"
173.252.124.25 - - [24/Oct/2017:07:51:21 +0200] "GET /binaries/easy-drivers-portal/widget-icon-expertspng.png HTTP/1.1" 206 2159 "http://www.easydrivers.at/eisenstadt/" "facebookexternalhit/1.1 (+http://www.facebook.com/externalhit_uatext.php)"
173.252.124.12 - - [24/Oct/2017:07:51:21 +0200] "GET /img/schweiz-icon.png HTTP/1.1" 206 1504 "http://www.easydrivers.at/eisenstadt/" "facebookexternalhit/1.1 (+http://www.facebook.com/externalhit_uatext.php)"
173.252.124.84 - - [24/Oct/2017:07:51:21 +0200] "GET /img/close-button.png HTTP/1.1" 206 2237 "http://www.easydrivers.at/eisenstadt/" "facebookexternalhit/1.1 (+http://www.facebook.com/externalhit_uatext.php)"
173.252.124.68 - - [24/Oct/2017:07:51:21 +0200] "GET /img/facebook-icon.png HTTP/1.1" 206 1506 "http://www.easydrivers.at/eisenstadt/" "facebookexternalhit/1.1 (+http://www.facebook.com/externalhit_uatext.php)"
173.252.124.85 - - [24/Oct/2017:07:51:21 +0200] "GET /img/info-button.png HTTP/1.1" 206 738 "http://www.easydrivers.at/eisenstadt/" "facebookexternalhit/1.1 (+http://www.facebook.com/externalhit_uatext.php)"
173.252.124.12 - - [24/Oct/2017:07:51:21 +0200] "GET /img/locator-icon.png HTTP/1.1" 206 1377 "http://www.easydrivers.at/eisenstadt/" "facebookexternalhit/1.1 (+http://www.facebook.com/externalhit_uatext.php)"
173.252.124.85 - - [24/Oct/2017:07:51:21 +0200] "GET /img/close-button-small.png HTTP/1.1" 206 1671 "http://www.easydrivers.at/eisenstadt/" "facebookexternalhit/1.1 (+http://www.facebook.com/externalhit_uatext.php)"
173.252.124.14 - - [24/Oct/2017:07:51:21 +0200] "GET /binaries/easy-drivers-portal/widget-icon-trainingpng.png HTTP/1.1" 206 2662 "http://www.easydrivers.at/eisenstadt/" "facebookexternalhit/1.1 (+http://www.facebook.com/externalhit_uatext.php)"
173.252.124.84 - - [24/Oct/2017:07:51:21 +0200] "GET /eisenstadt/ HTTP/1.1" 301 300 "-" "facebookexternalhit/1.1 (+http://www.facebook.com/externalhit_uatext.php)"
173.252.124.25 - - [24/Oct/2017:07:51:22 +0200] "GET /eisenstadt/ HTTP/1.1" 301 141 "-" "facebookexternalhit/1.1 (+http://www.facebook.com/externalhit_uatext.php)"
173.252.124.73 - - [24/Oct/2017:07:51:22 +0200] "GET /eisenstadt HTTP/1.1" 200 3413 "-" "facebookexternalhit/1.1 (+http://www.facebook.com/externalhit_uatext.php)"
173.252.124.18 - - [24/Oct/2017:07:51:24 +0200] "GET /eisenstadt HTTP/1.1" 301 299 "-" "facebookexternalhit/1.1 (+http://www.facebook.com/externalhit_uatext.php)"
173.252.124.84 - - [24/Oct/2017:07:51:25 +0200] "GET /img/ED_Logo.png HTTP/1.1" 301 305 "http://www.easydrivers.at/eisenstadt/" "facebookexternalhit/1.1 (+http://www.facebook.com/externalhit_uatext.php)"
213.225.39.231 - - [24/Oct/2017:07:51:24 +0200] "GET /download.php?id=10247288 HTTP/1.1" 200 208215 "https://www.easydrivers.at/pruefprotokoll" "Mozilla/5.0 (Linux; Android 6.0.1; SM-G800F Build/MMB29K) AppleWebKit/537.36 (KHTML, like Gecko) Chrome/61.0.3163.98 Mobile Safari/537.36"
173.252.124.85 - - [24/Oct/2017:07:51:25 +0200] "GET /img/close-button.png HTTP/1.1" 206 2237 "http://www.easydrivers.at/eisenstadt/" "facebookexternalhit/1.1 (+http://www.facebook.com/externalhit_uatext.php)"
173.252.124.85 - - [24/Oct/2017:07:51:25 +0200] "GET /img/facebook-icon.png HTTP/1.1" 206 1506 "http://www.easydrivers.at/eisenstadt/" "facebookexternalhit/1.1 (+http://www.facebook.com/externalhit_uatext.php)"
173.252.124.14 - - [24/Oct/2017:07:51:25 +0200] "GET /img/info-button.png HTTP/1.1" 206 738 "http://www.easydrivers.at/eisenstadt/" "facebookexternalhit/1.1 (+http://www.facebook.com/externalhit_uatext.php)"
173.252.124.68 - - [24/Oct/2017:07:51:25 +0200] "GET /img/locator-icon.png HTTP/1.1" 206 1377 "http://www.easydrivers.at/eisenstadt/" "facebookexternalhit/1.1 (+http://www.facebook.com/externalhit_uatext.php)"
173.252.124.85 - - [24/Oct/2017:07:51:25 +0200] "GET /img/close-button-small.png HTTP/1.1" 206 1671 "http://www.easydrivers.at/eisenstadt/" "facebookexternalhit/1.1 (+http://www.facebook.com/externalhit_uatext.php)"
173.252.124.77 - - [24/Oct/2017:07:51:25 +0200] "GET /binaries/easy-drivers-portal/widget-icon-trainingpng.png HTTP/1.1" 206 2662 "http://www.easydrivers.at/eisenstadt/" "facebookexternalhit/1.1 (+http://www.facebook.com/externalhit_uatext.php)"
173.252.124.18 - - [24/Oct/2017:07:51:25 +0200] "GET /img/empty.gif HTTP/1.1" 206 43 "http://www.easydrivers.at/eisenstadt/" "facebookexternalhit/1.1 (+http://www.facebook.com/externalhit_uatext.php)"
173.252.124.25 - - [24/Oct/2017:07:51:25 +0200] "GET /binaries/easy-drivers-portal/widget-icon-expertspng.png HTTP/1.1" 206 2159 "http://www.easydrivers.at/eisenstadt/" "facebookexternalhit/1.1 (+http://www.facebook.com/externalhit_uatext.php)"
173.252.124.77 - - [24/Oct/2017:07:51:25 +0200] "GET /img/schweiz-icon.png HTTP/1.1" 206 1504 "http://www.easydrivers.at/eisenstadt/" "facebookexternalhit/1.1 (+http://www.facebook.com/externalhit_uatext.php)"
173.252.124.18 - - [24/Oct/2017:07:51:25 +0200] "GET /img/ED_Logo.png HTTP/1.1" 301 305 "http://www.easydrivers.at/eisenstadt/" "facebookexternalhit/1.1 (+http://www.facebook.com/externalhit_uatext.php)"
173.252.124.12 - - [24/Oct/2017:07:51:25 +0200] "GET /img/close-button-small.png HTTP/1.1" 206 1671 "http://www.easydrivers.at/eisenstadt/" "facebookexternalhit/1.1 (+http://www.facebook.com/externalhit_uatext.php)"
173.252.124.18 - - [24/Oct/2017:07:51:25 +0200] "GET /binaries/easy-drivers-portal/widget-icon-trainingpng.png HTTP/1.1" 206 2662 "http://www.easydrivers.at/eisenstadt/" "facebookexternalhit/1.1 (+http://www.facebook.com/externalhit_uatext.php)"
173.252.124.26 - - [24/Oct/2017:07:51:25 +0200] "GET /img/empty.gif HTTP/1.1" 206 43 "http://www.easydrivers.at/eisenstadt/" "facebookexternalhit/1.1 (+http://www.facebook.com/externalhit_uatext.php)"
173.252.124.25 - - [24/Oct/2017:07:51:25 +0200] "GET /binaries/easy-drivers-portal/widget-icon-expertspng.png HTTP/1.1" 206 2159 "http://www.easydrivers.at/eisenstadt/" "facebookexternalhit/1.1 (+http://www.facebook.com/externalhit_uatext.php)"
173.252.124.84 - - [24/Oct/2017:07:51:25 +0200] "GET /img/schweiz-icon.png HTTP/1.1" 206 1504 "http://www.easydrivers.at/eisenstadt/" "facebookexternalhit/1.1 (+http://www.facebook.com/externalhit_uatext.php)"
173.252.124.26 - - [24/Oct/2017:07:51:25 +0200] "GET /img/close-button.png HTTP/1.1" 206 2237 "http://www.easydrivers.at/eisenstadt/" "facebookexternalhit/1.1 (+http://www.facebook.com/externalhit_uatext.php)"
173.252.124.12 - - [24/Oct/2017:07:51:25 +0200] "GET /img/facebook-icon.png HTTP/1.1" 206 1506 "http://www.easydrivers.at/eisenstadt/" "facebookexternalhit/1.1 (+http://www.facebook.com/externalhit_uatext.php)"
173.252.124.12 - - [24/Oct/2017:07:51:25 +0200] "GET /img/info-button.png HTTP/1.1" 206 738 "http://www.easydrivers.at/eisenstadt/" "facebookexternalhit/1.1 (+http://www.facebook.com/externalhit_uatext.php)"
173.252.124.14 - - [24/Oct/2017:07:51:26 +0200] "GET /img/locator-icon.png HTTP/1.1" 206 1377 "http://www.easydrivers.at/eisenstadt/" "facebookexternalhit/1.1 (+http://www.facebook.com/externalhit_uatext.php)"
173.252.124.25 - - [24/Oct/2017:07:51:26 +0200] "GET /eisenstadt/ HTTP/1.1" 301 300 "-" "facebookexternalhit/1.1 (+http://www.facebook.com/externalhit_uatext.php)"
173.252.124.73 - - [24/Oct/2017:07:51:27 +0200] "GET /eisenstadt/ HTTP/1.1" 301 141 "-" "facebookexternalhit/1.1 (+http://www.facebook.com/externalhit_uatext.php)"
54.224.197.251 - - [24/Oct/2017:07:51:28 +0200] "GET /robots.txt HTTP/1.0" 301 300 "-" "CCBot/2.0 (http://commoncrawl.org/faq/)"
54.224.197.251 - - [24/Oct/2017:07:51:29 +0200] "GET /amstetten/kurs_a?FS=A HTTP/1.0" 301 309 "-" "CCBot/2.0 (http://commoncrawl.org/faq/)"
173.252.124.25 - - [24/Oct/2017:07:51:27 +0200] "GET /eisenstadt HTTP/1.1" 200 3413 "-" "facebookexternalhit/1.1 (+http://www.facebook.com/externalhit_uatext.php)"
173.252.124.73 - - [24/Oct/2017:07:51:29 +0200] "GET /eisenstadt HTTP/1.1" 301 299 "-" "facebookexternalhit/1.1 (+http://www.facebook.com/externalhit_uatext.php)"
66.249.76.76 - - [24/Oct/2017:07:51:30 +0200] "GET /binaries/easy-drivers-harm-innsbruck/stellenausschreibungfront-officepdf.pdf HTTP/1.1" 301 342 "-" "Mozilla/5.0 (compatible; Googlebot/2.1; +http://www.google.com/bot.html)"
173.252.124.14 - - [24/Oct/2017:07:51:30 +0200] "GET /img/ED_Logo.png HTTP/1.1" 301 305 "http://www.easydrivers.at/eisenstadt/" "facebookexternalhit/1.1 (+http://www.facebook.com/externalhit_uatext.php)"
173.252.124.18 - - [24/Oct/2017:07:51:30 +0200] "GET /img/facebook-icon.png HTTP/1.1" 206 1506 "http://www.easydrivers.at/eisenstadt/" "facebookexternalhit/1.1 (+http://www.facebook.com/externalhit_uatext.php)"
173.252.124.26 - - [24/Oct/2017:07:51:30 +0200] "GET /img/info-button.png HTTP/1.1" 206 738 "http://www.easydrivers.at/eisenstadt/" "facebookexternalhit/1.1 (+http://www.facebook.com/externalhit_uatext.php)"
173.252.124.68 - - [24/Oct/2017:07:51:30 +0200] "GET /img/locator-icon.png HTTP/1.1" 206 1377 "http://www.easydrivers.at/eisenstadt/" "facebookexternalhit/1.1 (+http://www.facebook.com/externalhit_uatext.php)"
173.252.124.73 - - [24/Oct/2017:07:51:30 +0200] "GET /img/close-button-small.png HTTP/1.1" 206 1671 "http://www.easydrivers.at/eisenstadt/" "facebookexternalhit/1.1 (+http://www.facebook.com/externalhit_uatext.php)"
173.252.124.84 - - [24/Oct/2017:07:51:30 +0200] "GET /binaries/easy-drivers-portal/widget-icon-trainingpng.png HTTP/1.1" 206 2662 "http://www.easydrivers.at/eisenstadt/" "facebookexternalhit/1.1 (+http://www.facebook.com/externalhit_uatext.php)"
173.252.124.68 - - [24/Oct/2017:07:51:30 +0200] "GET /img/empty.gif HTTP/1.1" 206 43 "http://www.easydrivers.at/eisenstadt/" "facebookexternalhit/1.1 (+http://www.facebook.com/externalhit_uatext.php)"
173.252.124.14 - - [24/Oct/2017:07:51:30 +0200] "GET /binaries/easy-drivers-portal/widget-icon-expertspng.png HTTP/1.1" 206 2159 "http://www.easydrivers.at/eisenstadt/" "facebookexternalhit/1.1 (+http://www.facebook.com/externalhit_uatext.php)"
173.252.124.68 - - [24/Oct/2017:07:51:30 +0200] "GET /img/schweiz-icon.png HTTP/1.1" 206 1504 "http://www.easydrivers.at/eisenstadt/" "facebookexternalhit/1.1 (+http://www.facebook.com/externalhit_uatext.php)"
173.252.124.85 - - [24/Oct/2017:07:51:30 +0200] "GET /img/close-button.png HTTP/1.1" 206 2237 "http://www.easydrivers.at/eisenstadt/" "facebookexternalhit/1.1 (+http://www.facebook.com/externalhit_uatext.php)"
173.252.124.14 - - [24/Oct/2017:07:51:30 +0200] "GET /eisenstadt/ HTTP/1.1" 301 300 "-" "facebookexternalhit/1.1 (+http://www.facebook.com/externalhit_uatext.php)"
173.252.124.68 - - [24/Oct/2017:07:51:30 +0200] "GET /eisenstadt/ HTTP/1.1" 301 141 "-" "facebookexternalhit/1.1 (+http://www.facebook.com/externalhit_uatext.php)"
66.249.66.3 - - [24/Oct/2017:07:51:30 +0200] "GET /binaries/easy-drivers-harm-innsbruck/stellenausschreibungfront-officepdf.pdf HTTP/1.1" 200 258055 "-" "Mozilla/5.0 (compatible; Googlebot/2.1; +http://www.google.com/bot.html)"
173.252.124.77 - - [24/Oct/2017:07:51:31 +0200] "GET /eisenstadt HTTP/1.1" 200 3413 "-" "facebookexternalhit/1.1 (+http://www.facebook.com/externalhit_uatext.php)"
173.252.124.25 - - [24/Oct/2017:07:51:33 +0200] "GET /eisenstadt HTTP/1.1" 301 299 "-" "facebookexternalhit/1.1 (+http://www.facebook.com/externalhit_uatext.php)"
173.252.124.68 - - [24/Oct/2017:07:51:34 +0200] "GET /img/ED_Logo.png HTTP/1.1" 301 305 "http://www.easydrivers.at/eisenstadt/" "facebookexternalhit/1.1 (+http://www.facebook.com/externalhit_uatext.php)"
173.252.124.12 - - [24/Oct/2017:07:51:34 +0200] "GET /img/info-button.png HTTP/1.1" 206 738 "http://www.easydrivers.at/eisenstadt/" "facebookexternalhit/1.1 (+http://www.facebook.com/externalhit_uatext.php)"
173.252.124.84 - - [24/Oct/2017:07:51:34 +0200] "GET /img/locator-icon.png HTTP/1.1" 206 1377 "http://www.easydrivers.at/eisenstadt/" "facebookexternalhit/1.1 (+http://www.facebook.com/externalhit_uatext.php)"
173.252.124.77 - - [24/Oct/2017:07:51:34 +0200] "GET /img/close-button-small.png HTTP/1.1" 206 1671 "http://www.easydrivers.at/eisenstadt/" "facebookexternalhit/1.1 (+http://www.facebook.com/externalhit_uatext.php)"
173.252.124.85 - - [24/Oct/2017:07:51:34 +0200] "GET /binaries/easy-drivers-portal/widget-icon-trainingpng.png HTTP/1.1" 206 2662 "http://www.easydrivers.at/eisenstadt/" "facebookexternalhit/1.1 (+http://www.facebook.com/externalhit_uatext.php)"
173.252.124.12 - - [24/Oct/2017:07:51:34 +0200] "GET /img/empty.gif HTTP/1.1" 206 43 "http://www.easydrivers.at/eisenstadt/" "facebookexternalhit/1.1 (+http://www.facebook.com/externalhit_uatext.php)"
173.252.124.73 - - [24/Oct/2017:07:51:34 +0200] "GET /binaries/easy-drivers-portal/widget-icon-expertspng.png HTTP/1.1" 206 2159 "http://www.easydrivers.at/eisenstadt/" "facebookexternalhit/1.1 (+http://www.facebook.com/externalhit_uatext.php)"
173.252.124.68 - - [24/Oct/2017:07:51:34 +0200] "GET /img/schweiz-icon.png HTTP/1.1" 206 1504 "http://www.easydrivers.at/eisenstadt/" "facebookexternalhit/1.1 (+http://www.facebook.com/externalhit_uatext.php)"
173.252.124.14 - - [24/Oct/2017:07:51:34 +0200] "GET /img/close-button.png HTTP/1.1" 206 2237 "http://www.easydrivers.at/eisenstadt/" "facebookexternalhit/1.1 (+http://www.facebook.com/externalhit_uatext.php)"
173.252.124.73 - - [24/Oct/2017:07:51:34 +0200] "GET /img/facebook-icon.png HTTP/1.1" 206 1506 "http://www.easydrivers.at/eisenstadt/" "facebookexternalhit/1.1 (+http://www.facebook.com/externalhit_uatext.php)"
173.252.124.26 - - [24/Oct/2017:07:51:34 +0200] "GET /img/ED_Logo.png HTTP/1.1" 301 305 "-" "facebookexternalhit/1.1 (+http://www.facebook.com/externalhit_uatext.php)"
173.252.124.12 - - [24/Oct/2017:07:51:34 +0200] "GET /img/ED_Logo.png HTTP/1.1" 200 3385 "-" "facebookexternalhit/1.1 (+http://www.facebook.com/externalhit_uatext.php)"
173.252.124.12 - - [24/Oct/2017:07:51:35 +0200] "GET /eisenstadt/ HTTP/1.1" 301 300 "-" "facebookexternalhit/1.1 (+http://www.facebook.com/externalhit_uatext.php)"
40.77.167.88 - - [24/Oct/2017:07:51:35 +0200] "GET /binaries/easy-drivers-breuss-bludenz/volvo-fh400.jpg HTTP/1.1" 301 326 "-" "Mozilla/5.0 (compatible; bingbot/2.0; +http://www.bing.com/bingbot.htm)"
173.252.124.25 - - [24/Oct/2017:07:51:36 +0200] "GET /eisenstadt/ HTTP/1.1" 301 300 "-" "facebookexternalhit/1.1 (+http://www.facebook.com/externalhit_uatext.php)"
40.77.167.88 - - [24/Oct/2017:07:51:36 +0200] "GET /binaries/easy-drivers-breuss-bludenz/volvo-fh400.jpg HTTP/1.1" 200 697458 "-" "Mozilla/5.0 (compatible; bingbot/2.0; +http://www.bing.com/bingbot.htm)"
173.252.124.69 - - [24/Oct/2017:07:51:37 +0200] "GET /eisenstadt/ HTTP/1.1" 301 141 "-" "facebookexternalhit/1.1 (+http://www.facebook.com/externalhit_uatext.php)"
173.252.124.69 - - [24/Oct/2017:07:51:38 +0200] "GET /eisenstadt HTTP/1.1" 200 3413 "-" "facebookexternalhit/1.1 (+http://www.facebook.com/externalhit_uatext.php)"
173.252.124.12 - - [24/Oct/2017:07:51:40 +0200] "GET /eisenstadt HTTP/1.1" 301 299 "-" "facebookexternalhit/1.1 (+http://www.facebook.com/externalhit_uatext.php)"
173.252.124.18 - - [24/Oct/2017:07:51:40 +0200] "GET /img/ED_Logo.png HTTP/1.1" 301 305 "http://www.easydrivers.at/eisenstadt/" "facebookexternalhit/1.1 (+http://www.facebook.com/externalhit_uatext.php)"
173.252.124.10 - - [24/Oct/2017:07:51:41 +0200] "GET /img/close-button.png HTTP/1.1" 206 2237 "http://www.easydrivers.at/eisenstadt/" "facebookexternalhit/1.1 (+http://www.facebook.com/externalhit_uatext.php)"
173.252.124.10 - - [24/Oct/2017:07:51:41 +0200] "GET /img/facebook-icon.png HTTP/1.1" 206 1506 "http://www.easydrivers.at/eisenstadt/" "facebookexternalhit/1.1 (+http://www.facebook.com/externalhit_uatext.php)"
173.252.124.69 - - [24/Oct/2017:07:51:41 +0200] "GET /img/info-button.png HTTP/1.1" 206 738 "http://www.easydrivers.at/eisenstadt/" "facebookexternalhit/1.1 (+http://www.facebook.com/externalhit_uatext.php)"
173.252.124.12 - - [24/Oct/2017:07:51:41 +0200] "GET /img/locator-icon.png HTTP/1.1" 206 1377 "http://www.easydrivers.at/eisenstadt/" "facebookexternalhit/1.1 (+http://www.facebook.com/externalhit_uatext.php)"
173.252.124.25 - - [24/Oct/2017:07:51:41 +0200] "GET /img/empty.gif HTTP/1.1" 206 43 "http://www.easydrivers.at/eisenstadt/" "facebookexternalhit/1.1 (+http://www.facebook.com/externalhit_uatext.php)"
173.252.124.12 - - [24/Oct/2017:07:51:41 +0200] "GET /binaries/easy-drivers-portal/widget-icon-expertspng.png HTTP/1.1" 206 2159 "http://www.easydrivers.at/eisenstadt/" "facebookexternalhit/1.1 (+http://www.facebook.com/externalhit_uatext.php)"
173.252.124.10 - - [24/Oct/2017:07:51:41 +0200] "GET /img/schweiz-icon.png HTTP/1.1" 206 1504 "http://www.easydrivers.at/eisenstadt/" "facebookexternalhit/1.1 (+http://www.facebook.com/externalhit_uatext.php)"
54.224.197.251 - - [24/Oct/2017:07:51:41 +0200] "GET /robots.txt HTTP/1.0" 301 300 "-" "CCBot/2.0 (http://commoncrawl.org/faq/)"
173.252.124.12 - - [24/Oct/2017:07:51:41 +0200] "GET /eisenstadt/ HTTP/1.1" 301 300 "-" "facebookexternalhit/1.1 (+http://www.facebook.com/externalhit_uatext.php)"
54.224.197.251 - - [24/Oct/2017:07:51:42 +0200] "GET /amstetten/mopedkursokt17?FS=AM-M HTTP/1.0" 301 316 "-" "CCBot/2.0 (http://commoncrawl.org/faq/)"
173.252.124.30 - - [24/Oct/2017:07:51:42 +0200] "GET /eisenstadt/ HTTP/1.1" 301 141 "-" "facebookexternalhit/1.1 (+http://www.facebook.com/externalhit_uatext.php)"
173.252.124.10 - - [24/Oct/2017:07:51:42 +0200] "GET /eisenstadt HTTP/1.1" 200 3413 "-" "facebookexternalhit/1.1 (+http://www.facebook.com/externalhit_uatext.php)"
173.252.124.30 - - [24/Oct/2017:07:51:44 +0200] "GET /eisenstadt HTTP/1.1" 301 299 "-" "facebookexternalhit/1.1 (+http://www.facebook.com/externalhit_uatext.php)"
173.252.124.14 - - [24/Oct/2017:07:51:45 +0200] "GET /img/ED_Logo.png HTTP/1.1" 301 305 "http://www.easydrivers.at/eisenstadt/" "facebookexternalhit/1.1 (+http://www.facebook.com/externalhit_uatext.php)"
173.252.124.25 - - [24/Oct/2017:07:51:45 +0200] "GET /img/info-button.png HTTP/1.1" 206 738 "http://www.easydrivers.at/eisenstadt/" "facebookexternalhit/1.1 (+http://www.facebook.com/externalhit_uatext.php)"
173.252.124.12 - - [24/Oct/2017:07:51:45 +0200] "GET /img/locator-icon.png HTTP/1.1" 206 1377 "http://www.easydrivers.at/eisenstadt/" "facebookexternalhit/1.1 (+http://www.facebook.com/externalhit_uatext.php)"
173.252.124.30 - - [24/Oct/2017:07:51:45 +0200] "GET /img/close-button-small.png HTTP/1.1" 206 1671 "http://www.easydrivers.at/eisenstadt/" "facebookexternalhit/1.1 (+http://www.facebook.com/externalhit_uatext.php)"
173.252.124.12 - - [24/Oct/2017:07:51:45 +0200] "GET /binaries/easy-drivers-portal/widget-icon-trainingpng.png HTTP/1.1" 206 2662 "http://www.easydrivers.at/eisenstadt/" "facebookexternalhit/1.1 (+http://www.facebook.com/externalhit_uatext.php)"
173.252.124.68 - - [24/Oct/2017:07:51:45 +0200] "GET /img/empty.gif HTTP/1.1" 206 43 "http://www.easydrivers.at/eisenstadt/" "facebookexternalhit/1.1 (+http://www.facebook.com/externalhit_uatext.php)"
173.252.124.68 - - [24/Oct/2017:07:51:45 +0200] "GET /binaries/easy-drivers-portal/widget-icon-expertspng.png HTTP/1.1" 206 2159 "http://www.easydrivers.at/eisenstadt/" "facebookexternalhit/1.1 (+http://www.facebook.com/externalhit_uatext.php)"
173.252.124.21 - - [24/Oct/2017:07:51:45 +0200] "GET /img/schweiz-icon.png HTTP/1.1" 206 1504 "http://www.easydrivers.at/eisenstadt/" "facebookexternalhit/1.1 (+http://www.facebook.com/externalhit_uatext.php)"
173.252.124.69 - - [24/Oct/2017:07:51:45 +0200] "GET /img/close-button.png HTTP/1.1" 206 2237 "http://www.easydrivers.at/eisenstadt/" "facebookexternalhit/1.1 (+http://www.facebook.com/externalhit_uatext.php)"
173.252.124.26 - - [24/Oct/2017:07:51:45 +0200] "GET /img/facebook-icon.png HTTP/1.1" 206 1506 "http://www.easydrivers.at/eisenstadt/" "facebookexternalhit/1.1 (+http://www.facebook.com/externalhit_uatext.php)"
173.252.124.25 - - [24/Oct/2017:07:51:45 +0200] "GET /img/ED_Logo.png HTTP/1.1" 301 305 "-" "facebookexternalhit/1.1 (+http://www.facebook.com/externalhit_uatext.php)"
173.252.124.21 - - [24/Oct/2017:07:51:46 +0200] "GET /img/ED_Logo.png HTTP/1.1" 200 3385 "-" "facebookexternalhit/1.1 (+http://www.facebook.com/externalhit_uatext.php)"
173.252.124.12 - - [24/Oct/2017:07:51:46 +0200] "GET /eisenstadt/ HTTP/1.1" 301 300 "-" "facebookexternalhit/1.1 (+http://www.facebook.com/externalhit_uatext.php)"
173.252.124.68 - - [24/Oct/2017:07:51:46 +0200] "GET /eisenstadt/ HTTP/1.1" 301 141 "-" "facebookexternalhit/1.1 (+http://www.facebook.com/externalhit_uatext.php)"
66.249.76.74 - - [24/Oct/2017:07:51:48 +0200] "GET /uploads/pdfs/eisenstadt/pkw_abendkurs_juni_BC.pdf HTTP/1.1" 301 328 "-" "Mozilla/5.0 (compatible; Googlebot/2.1; +http://www.google.com/bot.html)"
66.249.76.80 - - [24/Oct/2017:07:51:48 +0200] "GET /uploads/pdfs/eisenstadt/pkw_abendkurs_juni_BC.pdf HTTP/1.1" 200 29518 "-" "Mozilla/5.0 (compatible; Googlebot/2.1; +http://www.google.com/bot.html)"
173.252.124.18 - - [24/Oct/2017:07:51:47 +0200] "GET /eisenstadt HTTP/1.1" 200 3413 "-" "facebookexternalhit/1.1 (+http://www.facebook.com/externalhit_uatext.php)"
173.252.124.69 - - [24/Oct/2017:07:51:49 +0200] "GET /eisenstadt HTTP/1.1" 301 299 "-" "facebookexternalhit/1.1 (+http://www.facebook.com/externalhit_uatext.php)"
173.252.124.21 - - [24/Oct/2017:07:51:49 +0200] "GET /img/ED_Logo.png HTTP/1.1" 301 305 "http://www.easydrivers.at/eisenstadt/" "facebookexternalhit/1.1 (+http://www.facebook.com/externalhit_uatext.php)"
173.252.124.25 - - [24/Oct/2017:07:51:49 +0200] "GET /img/close-button.png HTTP/1.1" 206 2237 "http://www.easydrivers.at/eisenstadt/" "facebookexternalhit/1.1 (+http://www.facebook.com/externalhit_uatext.php)"
173.252.124.18 - - [24/Oct/2017:07:51:49 +0200] "GET /img/facebook-icon.png HTTP/1.1" 206 1506 "http://www.easydrivers.at/eisenstadt/" "facebookexternalhit/1.1 (+http://www.facebook.com/externalhit_uatext.php)"
173.252.124.21 - - [24/Oct/2017:07:51:49 +0200] "GET /img/info-button.png HTTP/1.1" 206 738 "http://www.easydrivers.at/eisenstadt/" "facebookexternalhit/1.1 (+http://www.facebook.com/externalhit_uatext.php)"
173.252.124.69 - - [24/Oct/2017:07:51:49 +0200] "GET /img/locator-icon.png HTTP/1.1" 206 1377 "http://www.easydrivers.at/eisenstadt/" "facebookexternalhit/1.1 (+http://www.facebook.com/externalhit_uatext.php)"
173.252.124.18 - - [24/Oct/2017:07:51:49 +0200] "GET /img/close-button-small.png HTTP/1.1" 206 1671 "http://www.easydrivers.at/eisenstadt/" "facebookexternalhit/1.1 (+http://www.facebook.com/externalhit_uatext.php)"
173.252.124.69 - - [24/Oct/2017:07:51:49 +0200] "GET /binaries/easy-drivers-portal/widget-icon-trainingpng.png HTTP/1.1" 206 2662 "http://www.easydrivers.at/eisenstadt/" "facebookexternalhit/1.1 (+http://www.facebook.com/externalhit_uatext.php)"
173.252.124.18 - - [24/Oct/2017:07:51:50 +0200] "GET /img/empty.gif HTTP/1.1" 206 43 "http://www.easydrivers.at/eisenstadt/" "facebookexternalhit/1.1 (+http://www.facebook.com/externalhit_uatext.php)"
173.252.124.26 - - [24/Oct/2017:07:51:50 +0200] "GET /binaries/easy-drivers-portal/widget-icon-expertspng.png HTTP/1.1" 206 2159 "http://www.easydrivers.at/eisenstadt/" "facebookexternalhit/1.1 (+http://www.facebook.com/externalhit_uatext.php)"
173.252.124.12 - - [24/Oct/2017:07:51:50 +0200] "GET /img/schweiz-icon.png HTTP/1.1" 206 1504 "http://www.easydrivers.at/eisenstadt/" "facebookexternalhit/1.1 (+http://www.facebook.com/externalhit_uatext.php)"
173.252.124.68 - - [24/Oct/2017:07:51:50 +0200] "GET /eisenstadt/ HTTP/1.1" 301 300 "-" "facebookexternalhit/1.1 (+http://www.facebook.com/externalhit_uatext.php)"
173.252.124.69 - - [24/Oct/2017:07:51:50 +0200] "GET /eisenstadt/ HTTP/1.1" 301 141 "-" "facebookexternalhit/1.1 (+http://www.facebook.com/externalhit_uatext.php)"
173.252.124.21 - - [24/Oct/2017:07:51:51 +0200] "GET /eisenstadt HTTP/1.1" 200 3413 "-" "facebookexternalhit/1.1 (+http://www.facebook.com/externalhit_uatext.php)"
173.252.124.18 - - [24/Oct/2017:07:51:53 +0200] "GET /eisenstadt HTTP/1.1" 301 299 "-" "facebookexternalhit/1.1 (+http://www.facebook.com/externalhit_uatext.php)"
173.252.124.14 - - [24/Oct/2017:07:51:53 +0200] "GET /img/ED_Logo.png HTTP/1.1" 301 305 "http://www.easydrivers.at/eisenstadt/" "facebookexternalhit/1.1 (+http://www.facebook.com/externalhit_uatext.php)"
173.252.124.14 - - [24/Oct/2017:07:51:53 +0200] "GET /img/facebook-icon.png HTTP/1.1" 206 1506 "http://www.easydrivers.at/eisenstadt/" "facebookexternalhit/1.1 (+http://www.facebook.com/externalhit_uatext.php)"
173.252.124.68 - - [24/Oct/2017:07:51:53 +0200] "GET /img/info-button.png HTTP/1.1" 206 738 "http://www.easydrivers.at/eisenstadt/" "facebookexternalhit/1.1 (+http://www.facebook.com/externalhit_uatext.php)"
173.252.124.12 - - [24/Oct/2017:07:51:53 +0200] "GET /img/locator-icon.png HTTP/1.1" 206 1377 "http://www.easydrivers.at/eisenstadt/" "facebookexternalhit/1.1 (+http://www.facebook.com/externalhit_uatext.php)"
173.252.124.10 - - [24/Oct/2017:07:51:53 +0200] "GET /img/close-button-small.png HTTP/1.1" 206 1671 "http://www.easydrivers.at/eisenstadt/" "facebookexternalhit/1.1 (+http://www.facebook.com/externalhit_uatext.php)"
173.252.124.30 - - [24/Oct/2017:07:51:53 +0200] "GET /binaries/easy-drivers-portal/widget-icon-trainingpng.png HTTP/1.1" 206 2662 "http://www.easydrivers.at/eisenstadt/" "facebookexternalhit/1.1 (+http://www.facebook.com/externalhit_uatext.php)"
173.252.124.68 - - [24/Oct/2017:07:51:53 +0200] "GET /img/empty.gif HTTP/1.1" 206 43 "http://www.easydrivers.at/eisenstadt/" "facebookexternalhit/1.1 (+http://www.facebook.com/externalhit_uatext.php)"
173.252.124.10 - - [24/Oct/2017:07:51:53 +0200] "GET /binaries/easy-drivers-portal/widget-icon-expertspng.png HTTP/1.1" 206 2159 "http://www.easydrivers.at/eisenstadt/" "facebookexternalhit/1.1 (+http://www.facebook.com/externalhit_uatext.php)"
173.252.124.18 - - [24/Oct/2017:07:51:53 +0200] "GET /img/schweiz-icon.png HTTP/1.1" 206 1504 "http://www.easydrivers.at/eisenstadt/" "facebookexternalhit/1.1 (+http://www.facebook.com/externalhit_uatext.php)"
173.252.124.21 - - [24/Oct/2017:07:51:53 +0200] "GET /img/close-button.png HTTP/1.1" 206 2237 "http://www.easydrivers.at/eisenstadt/" "facebookexternalhit/1.1 (+http://www.facebook.com/externalhit_uatext.php)"
54.224.197.251 - - [24/Oct/2017:07:51:54 +0200] "GET /robots.txt HTTP/1.0" 301 300 "-" "CCBot/2.0 (http://commoncrawl.org/faq/)"
213.225.39.231 - - [24/Oct/2017:07:51:53 +0200] "GET /download.php?id=10247289 HTTP/1.1" 200 162913 "https://www.easydrivers.at/pruefprotokoll" "Mozilla/5.0 (Linux; Android 6.0.1; SM-G800F Build/MMB29K) AppleWebKit/537.36 (KHTML, like Gecko) Chrome/61.0.3163.98 Mobile Safari/537.36"
173.252.124.68 - - [24/Oct/2017:07:51:54 +0200] "GET /img/ED_Logo.png HTTP/1.1" 301 305 "http://www.easydrivers.at/eisenstadt/" "facebookexternalhit/1.1 (+http://www.facebook.com/externalhit_uatext.php)"
173.252.124.10 - - [24/Oct/2017:07:51:54 +0200] "GET /img/close-button.png HTTP/1.1" 206 2237 "http://www.easydrivers.at/eisenstadt/" "facebookexternalhit/1.1 (+http://www.facebook.com/externalhit_uatext.php)"
173.252.124.18 - - [24/Oct/2017:07:51:54 +0200] "GET /img/facebook-icon.png HTTP/1.1" 206 1506 "http://www.easydrivers.at/eisenstadt/" "facebookexternalhit/1.1 (+http://www.facebook.com/externalhit_uatext.php)"
173.252.124.14 - - [24/Oct/2017:07:51:54 +0200] "GET /img/info-button.png HTTP/1.1" 206 738 "http://www.easydrivers.at/eisenstadt/" "facebookexternalhit/1.1 (+http://www.facebook.com/externalhit_uatext.php)"
173.252.124.68 - - [24/Oct/2017:07:51:54 +0200] "GET /img/locator-icon.png HTTP/1.1" 206 1377 "http://www.easydrivers.at/eisenstadt/" "facebookexternalhit/1.1 (+http://www.facebook.com/externalhit_uatext.php)"
173.252.124.18 - - [24/Oct/2017:07:51:54 +0200] "GET /img/close-button-small.png HTTP/1.1" 206 1671 "http://www.easydrivers.at/eisenstadt/" "facebookexternalhit/1.1 (+http://www.facebook.com/externalhit_uatext.php)"
173.252.124.21 - - [24/Oct/2017:07:51:54 +0200] "GET /binaries/easy-drivers-portal/widget-icon-trainingpng.png HTTP/1.1" 206 2662 "http://www.easydrivers.at/eisenstadt/" "facebookexternalhit/1.1 (+http://www.facebook.com/externalhit_uatext.php)"
173.252.124.25 - - [24/Oct/2017:07:51:54 +0200] "GET /img/empty.gif HTTP/1.1" 206 43 "http://www.easydrivers.at/eisenstadt/" "facebookexternalhit/1.1 (+http://www.facebook.com/externalhit_uatext.php)"
173.252.124.18 - - [24/Oct/2017:07:51:54 +0200] "GET /binaries/easy-drivers-portal/widget-icon-expertspng.png HTTP/1.1" 206 2159 "http://www.easydrivers.at/eisenstadt/" "facebookexternalhit/1.1 (+http://www.facebook.com/externalhit_uatext.php)"
173.252.124.25 - - [24/Oct/2017:07:51:54 +0200] "GET /img/schweiz-icon.png HTTP/1.1" 206 1504 "http://www.easydrivers.at/eisenstadt/" "facebookexternalhit/1.1 (+http://www.facebook.com/externalhit_uatext.php)"
54.224.197.251 - - [24/Oct/2017:07:51:54 +0200] "GET /amstetten/kurs_ced?FS=DD195-C HTTP/1.0" 301 314 "-" "CCBot/2.0 (http://commoncrawl.org/faq/)"
173.252.124.10 - - [24/Oct/2017:07:51:55 +0200] "GET /eisenstadt/ HTTP/1.1" 301 300 "-" "facebookexternalhit/1.1 (+http://www.facebook.com/externalhit_uatext.php)"
173.252.124.69 - - [24/Oct/2017:07:51:55 +0200] "GET /eisenstadt/ HTTP/1.1" 301 141 "-" "facebookexternalhit/1.1 (+http://www.facebook.com/externalhit_uatext.php)"
212.95.8.193 - - [24/Oct/2017:07:51:56 +0200] "GET /leonding HTTP/1.1" 200 2925 "http://www.google.at/" "Mozilla/5.0 (Linux; Android 7.0; SM-G920F Build/NRD90M) AppleWebKit/537.36 (KHTML, like Gecko) Chrome/61.0.3163.98 Mobile Safari/537.36"
173.252.124.12 - - [24/Oct/2017:07:51:56 +0200] "GET /eisenstadt HTTP/1.1" 200 3413 "-" "facebookexternalhit/1.1 (+http://www.facebook.com/externalhit_uatext.php)"
173.252.124.30 - - [24/Oct/2017:07:51:58 +0200] "GET /eisenstadt HTTP/1.1" 301 299 "-" "facebookexternalhit/1.1 (+http://www.facebook.com/externalhit_uatext.php)"
173.252.124.26 - - [24/Oct/2017:07:51:58 +0200] "GET /img/ED_Logo.png HTTP/1.1" 301 305 "http://www.easydrivers.at/eisenstadt/" "facebookexternalhit/1.1 (+http://www.facebook.com/externalhit_uatext.php)"
173.252.124.10 - - [24/Oct/2017:07:51:59 +0200] "GET /img/close-button.png HTTP/1.1" 206 2237 "http://www.easydrivers.at/eisenstadt/" "facebookexternalhit/1.1 (+http://www.facebook.com/externalhit_uatext.php)"
173.252.124.25 - - [24/Oct/2017:07:51:59 +0200] "GET /img/facebook-icon.png HTTP/1.1" 206 1506 "http://www.easydrivers.at/eisenstadt/" "facebookexternalhit/1.1 (+http://www.facebook.com/externalhit_uatext.php)"
173.252.124.21 - - [24/Oct/2017:07:51:59 +0200] "GET /img/info-button.png HTTP/1.1" 206 738 "http://www.easydrivers.at/eisenstadt/" "facebookexternalhit/1.1 (+http://www.facebook.com/externalhit_uatext.php)"
173.252.124.69 - - [24/Oct/2017:07:51:59 +0200] "GET /img/locator-icon.png HTTP/1.1" 206 1377 "http://www.easydrivers.at/eisenstadt/" "facebookexternalhit/1.1 (+http://www.facebook.com/externalhit_uatext.php)"
173.252.124.69 - - [24/Oct/2017:07:51:59 +0200] "GET /img/close-button-small.png HTTP/1.1" 206 1671 "http://www.easydrivers.at/eisenstadt/" "facebookexternalhit/1.1 (+http://www.facebook.com/externalhit_uatext.php)"
173.252.124.21 - - [24/Oct/2017:07:51:59 +0200] "GET /binaries/easy-drivers-portal/widget-icon-trainingpng.png HTTP/1.1" 206 2662 "http://www.easydrivers.at/eisenstadt/" "facebookexternalhit/1.1 (+http://www.facebook.com/externalhit_uatext.php)"
173.252.124.14 - - [24/Oct/2017:07:51:59 +0200] "GET /img/empty.gif HTTP/1.1" 206 43 "http://www.easydrivers.at/eisenstadt/" "facebookexternalhit/1.1 (+http://www.facebook.com/externalhit_uatext.php)"
173.252.124.26 - - [24/Oct/2017:07:51:59 +0200] "GET /binaries/easy-drivers-portal/widget-icon-expertspng.png HTTP/1.1" 206 2159 "http://www.easydrivers.at/eisenstadt/" "facebookexternalhit/1.1 (+http://www.facebook.com/externalhit_uatext.php)"
173.252.124.69 - - [24/Oct/2017:07:51:59 +0200] "GET /img/schweiz-icon.png HTTP/1.1" 206 1504 "http://www.easydrivers.at/eisenstadt/" "facebookexternalhit/1.1 (+http://www.facebook.com/externalhit_uatext.php)"
173.252.124.68 - - [24/Oct/2017:07:51:59 +0200] "GET /eisenstadt/ HTTP/1.1" 301 300 "-" "facebookexternalhit/1.1 (+http://www.facebook.com/externalhit_uatext.php)"
173.252.124.14 - - [24/Oct/2017:07:51:59 +0200] "GET /eisenstadt/ HTTP/1.1" 301 141 "-" "facebookexternalhit/1.1 (+http://www.facebook.com/externalhit_uatext.php)"
173.252.124.14 - - [24/Oct/2017:07:52:00 +0200] "GET /eisenstadt HTTP/1.1" 200 3413 "-" "facebookexternalhit/1.1 (+http://www.facebook.com/externalhit_uatext.php)"
173.252.124.21 - - [24/Oct/2017:07:52:02 +0200] "GET /eisenstadt HTTP/1.1" 301 299 "-" "facebookexternalhit/1.1 (+http://www.facebook.com/externalhit_uatext.php)"
173.252.124.25 - - [24/Oct/2017:07:52:02 +0200] "GET /img/ED_Logo.png HTTP/1.1" 301 305 "http://www.easydrivers.at/eisenstadt/" "facebookexternalhit/1.1 (+http://www.facebook.com/externalhit_uatext.php)"
173.252.124.69 - - [24/Oct/2017:07:52:02 +0200] "GET /img/facebook-icon.png HTTP/1.1" 206 1506 "http://www.easydrivers.at/eisenstadt/" "facebookexternalhit/1.1 (+http://www.facebook.com/externalhit_uatext.php)"
173.252.124.14 - - [24/Oct/2017:07:52:02 +0200] "GET /img/info-button.png HTTP/1.1" 206 738 "http://www.easydrivers.at/eisenstadt/" "facebookexternalhit/1.1 (+http://www.facebook.com/externalhit_uatext.php)"
173.252.124.68 - - [24/Oct/2017:07:52:02 +0200] "GET /img/locator-icon.png HTTP/1.1" 206 1377 "http://www.easydrivers.at/eisenstadt/" "facebookexternalhit/1.1 (+http://www.facebook.com/externalhit_uatext.php)"
173.252.124.26 - - [24/Oct/2017:07:52:02 +0200] "GET /img/close-button-small.png HTTP/1.1" 206 1671 "http://www.easydrivers.at/eisenstadt/" "facebookexternalhit/1.1 (+http://www.facebook.com/externalhit_uatext.php)"
173.252.124.14 - - [24/Oct/2017:07:52:02 +0200] "GET /binaries/easy-drivers-portal/widget-icon-trainingpng.png HTTP/1.1" 206 2662 "http://www.easydrivers.at/eisenstadt/" "facebookexternalhit/1.1 (+http://www.facebook.com/externalhit_uatext.php)"
173.252.124.68 - - [24/Oct/2017:07:52:02 +0200] "GET /img/empty.gif HTTP/1.1" 206 43 "http://www.easydrivers.at/eisenstadt/" "facebookexternalhit/1.1 (+http://www.facebook.com/externalhit_uatext.php)"
173.252.124.18 - - [24/Oct/2017:07:52:02 +0200] "GET /binaries/easy-drivers-portal/widget-icon-expertspng.png HTTP/1.1" 206 2159 "http://www.easydrivers.at/eisenstadt/" "facebookexternalhit/1.1 (+http://www.facebook.com/externalhit_uatext.php)"
173.252.124.10 - - [24/Oct/2017:07:52:03 +0200] "GET /img/schweiz-icon.png HTTP/1.1" 206 1504 "http://www.easydrivers.at/eisenstadt/" "facebookexternalhit/1.1 (+http://www.facebook.com/externalhit_uatext.php)"
