80.108.185.181 - - [24/Oct/2017:08:08:57 +0200] "GET /javascript/jquery.showLoading.min.js HTTP/1.1" 200 1136 "https://www.easydrivers.at/skarabela.gross-enzersdorf/kurse" "Mozilla/5.0 (Windows NT 10.0; Win64; x64) AppleWebKit/537.36 (KHTML, like Gecko) Chrome/61.0.3163.100 Safari/537.36"
80.108.185.181 - - [24/Oct/2017:08:08:57 +0200] "GET /javascript/jquery.base64.min.js HTTP/1.1" 200 37135 "https://www.easydrivers.at/skarabela.gross-enzersdorf/kurse" "Mozilla/5.0 (Windows NT 10.0; Win64; x64) AppleWebKit/537.36 (KHTML, like Gecko) Chrome/61.0.3163.100 Safari/537.36"
80.108.185.181 - - [24/Oct/2017:08:08:57 +0200] "GET /binaries/easy-drivers-portal/moped1jpg.jpg HTTP/1.1" 200 60962 "https://www.easydrivers.at/skarabela.gross-enzersdorf/kurse" "Mozilla/5.0 (Windows NT 10.0; Win64; x64) AppleWebKit/537.36 (KHTML, like Gecko) Chrome/61.0.3163.100 Safari/537.36"
80.108.185.181 - - [24/Oct/2017:08:08:58 +0200] "GET /img/top-image-overlay.png HTTP/1.1" 200 20650 "https://www.easydrivers.at/css/style.css" "Mozilla/5.0 (Windows NT 10.0; Win64; x64) AppleWebKit/537.36 (KHTML, like Gecko) Chrome/61.0.3163.100 Safari/537.36"
80.108.185.181 - - [24/Oct/2017:08:08:58 +0200] "GET /img/bg-yellow.jpg HTTP/1.1" 200 2250 "https://www.easydrivers.at/css/style.css" "Mozilla/5.0 (Windows NT 10.0; Win64; x64) AppleWebKit/537.36 (KHTML, like Gecko) Chrome/61.0.3163.100 Safari/537.36"
80.108.185.181 - - [24/Oct/2017:08:09:04 +0200] "GET /img/loading-bars.gif HTTP/1.1" 200 3951 "https://www.easydrivers.at/css/style.css" "Mozilla/5.0 (Windows NT 10.0; Win64; x64) AppleWebKit/537.36 (KHTML, like Gecko) Chrome/61.0.3163.100 Safari/537.36"
193.170.42.76 - - [24/Oct/2017:08:09:05 +0200] "GET / HTTP/1.1" 301 293 "https://www.google.at/" "Mozilla/5.0 (Windows NT 6.3; Win64; x64) AppleWebKit/537.36 (KHTML, like Gecko) Chrome/61.0.3163.100 Safari/537.36"
80.108.185.181 - - [24/Oct/2017:08:09:04 +0200] "POST /loadkursliste HTTP/1.1" 200 893 "https://www.easydrivers.at/skarabela.gross-enzersdorf/kurse" "Mozilla/5.0 (Windows NT 10.0; Win64; x64) AppleWebKit/537.36 (KHTML, like Gecko) Chrome/61.0.3163.100 Safari/537.36"
80.108.185.181 - - [24/Oct/2017:08:09:06 +0200] "GET /img/kursicon-print.png HTTP/1.1" 200 1184 "https://www.easydrivers.at/skarabela.gross-enzersdorf/kurse" "Mozilla/5.0 (Windows NT 10.0; Win64; x64) AppleWebKit/537.36 (KHTML, like Gecko) Chrome/61.0.3163.100 Safari/537.36"
80.108.185.181 - - [24/Oct/2017:08:09:06 +0200] "GET /img/kursicon-share.png HTTP/1.1" 200 1302 "https://www.easydrivers.at/skarabela.gross-enzersdorf/kurse" "Mozilla/5.0 (Windows NT 10.0; Win64; x64) AppleWebKit/537.36 (KHTML, like Gecko) Chrome/61.0.3163.100 Safari/537.36"
80.108.185.181 - - [24/Oct/2017:08:09:06 +0200] "GET /img/kursicon-phone.png HTTP/1.1" 200 1287 "https://www.easydrivers.at/skarabela.gross-enzersdorf/kurse" "Mozilla/5.0 (Windows NT 10.0; Win64; x64) AppleWebKit/537.36 (KHTML, like Gecko) Chrome/61.0.3163.100 Safari/537.36"
80.108.185.181 - - [24/Oct/2017:08:09:06 +0200] "GET /img/kursicon-download.png HTTP/1.1" 200 1218 "https://www.easydrivers.at/skarabela.gross-enzersdorf/kurse" "Mozilla/5.0 (Windows NT 10.0; Win64; x64) AppleWebKit/537.36 (KHTML, like Gecko) Chrome/61.0.3163.100 Safari/537.36"
178.191.116.91 - - [24/Oct/2017:08:09:04 +0200] "POST /loadkursliste HTTP/1.1" 200 380 "https://www.easydrivers.at/moedling/kursauswahl" "Mozilla/5.0 (iPhone; CPU iPhone OS 11_0_3 like Mac OS X) AppleWebKit/604.1.38 (KHTML, like Gecko) Version/11.0 Mobile/15A432 Safari/604.1"
193.170.42.76 - - [24/Oct/2017:08:09:05 +0200] "GET / HTTP/1.1" 200 4425 "https://www.google.at/" "Mozilla/5.0 (Windows NT 6.3; Win64; x64) AppleWebKit/537.36 (KHTML, like Gecko) Chrome/61.0.3163.100 Safari/537.36"
193.170.42.76 - - [24/Oct/2017:08:09:07 +0200] "GET /javascript/jquery.customSelect.min.js HTTP/1.1" 200 912 "https://www.easydrivers.at/" "Mozilla/5.0 (Windows NT 6.3; Win64; x64) AppleWebKit/537.36 (KHTML, like Gecko) Chrome/61.0.3163.100 Safari/537.36"
193.170.42.76 - - [24/Oct/2017:08:09:07 +0200] "GET /javascript/jquery.cookie.js HTTP/1.1" 200 863 "https://www.easydrivers.at/" "Mozilla/5.0 (Windows NT 6.3; Win64; x64) AppleWebKit/537.36 (KHTML, like Gecko) Chrome/61.0.3163.100 Safari/537.36"
193.170.42.76 - - [24/Oct/2017:08:09:07 +0200] "GET /css/style.css HTTP/1.1" 200 5004 "https://www.easydrivers.at/" "Mozilla/5.0 (Windows NT 6.3; Win64; x64) AppleWebKit/537.36 (KHTML, like Gecko) Chrome/61.0.3163.100 Safari/537.36"
193.170.42.76 - - [24/Oct/2017:08:09:07 +0200] "GET /javascript/jquery.simplemodal.js HTTP/1.1" 200 3070 "https://www.easydrivers.at/" "Mozilla/5.0 (Windows NT 6.3; Win64; x64) AppleWebKit/537.36 (KHTML, like Gecko) Chrome/61.0.3163.100 Safari/537.36"
193.170.42.76 - - [24/Oct/2017:08:09:07 +0200] "GET /javascript/portal.js?1221842734 HTTP/1.1" 200 3529 "https://www.easydrivers.at/" "Mozilla/5.0 (Windows NT 6.3; Win64; x64) AppleWebKit/537.36 (KHTML, like Gecko) Chrome/61.0.3163.100 Safari/537.36"
193.170.42.76 - - [24/Oct/2017:08:09:07 +0200] "GET /img/ED_Logo.png HTTP/1.1" 200 3385 "https://www.easydrivers.at/css/style.css" "Mozilla/5.0 (Windows NT 6.3; Win64; x64) AppleWebKit/537.36 (KHTML, like Gecko) Chrome/61.0.3163.100 Safari/537.36"
193.170.42.76 - - [24/Oct/2017:08:09:07 +0200] "GET /javascript/homesearch.js HTTP/1.1" 200 393 "https://www.easydrivers.at/" "Mozilla/5.0 (Windows NT 6.3; Win64; x64) AppleWebKit/537.36 (KHTML, like Gecko) Chrome/61.0.3163.100 Safari/537.36"
193.170.42.76 - - [24/Oct/2017:08:09:07 +0200] "GET /img/facebook-icon.png HTTP/1.1" 200 1506 "https://www.easydrivers.at/" "Mozilla/5.0 (Windows NT 6.3; Win64; x64) AppleWebKit/537.36 (KHTML, like Gecko) Chrome/61.0.3163.100 Safari/537.36"
193.170.42.76 - - [24/Oct/2017:08:09:07 +0200] "GET /img/submit-button.png HTTP/1.1" 200 1958 "https://www.easydrivers.at/" "Mozilla/5.0 (Windows NT 6.3; Win64; x64) AppleWebKit/537.36 (KHTML, like Gecko) Chrome/61.0.3163.100 Safari/537.36"
193.170.42.76 - - [24/Oct/2017:08:09:07 +0200] "GET /binaries/easy-drivers-portal/widget-icon-trainingpng.png HTTP/1.1" 200 2662 "https://www.easydrivers.at/" "Mozilla/5.0 (Windows NT 6.3; Win64; x64) AppleWebKit/537.36 (KHTML, like Gecko) Chrome/61.0.3163.100 Safari/537.36"
193.170.42.76 - - [24/Oct/2017:08:09:07 +0200] "GET /img/bg-header.jpg HTTP/1.1" 200 38680 "https://www.easydrivers.at/css/style.css" "Mozilla/5.0 (Windows NT 6.3; Win64; x64) AppleWebKit/537.36 (KHTML, like Gecko) Chrome/61.0.3163.100 Safari/537.36"
193.170.42.76 - - [24/Oct/2017:08:09:08 +0200] "GET /img/empty.gif HTTP/1.1" 200 43 "https://www.easydrivers.at/" "Mozilla/5.0 (Windows NT 6.3; Win64; x64) AppleWebKit/537.36 (KHTML, like Gecko) Chrome/61.0.3163.100 Safari/537.36"
193.170.42.76 - - [24/Oct/2017:08:09:08 +0200] "GET /img/purple-dots-horizontal.png HTTP/1.1" 200 977 "https://www.easydrivers.at/css/style.css" "Mozilla/5.0 (Windows NT 6.3; Win64; x64) AppleWebKit/537.36 (KHTML, like Gecko) Chrome/61.0.3163.100 Safari/537.36"
193.170.42.76 - - [24/Oct/2017:08:09:08 +0200] "GET /img/selection-box-button.png HTTP/1.1" 200 1079 "https://www.easydrivers.at/css/style.css" "Mozilla/5.0 (Windows NT 6.3; Win64; x64) AppleWebKit/537.36 (KHTML, like Gecko) Chrome/61.0.3163.100 Safari/537.36"
193.170.42.76 - - [24/Oct/2017:08:09:08 +0200] "GET /img/yellow-dots-vertical.png HTTP/1.1" 200 981 "https://www.easydrivers.at/css/style.css" "Mozilla/5.0 (Windows NT 6.3; Win64; x64) AppleWebKit/537.36 (KHTML, like Gecko) Chrome/61.0.3163.100 Safari/537.36"
193.170.42.76 - - [24/Oct/2017:08:09:08 +0200] "GET /binaries/easy-drivers-portal/widget-icon-expertspng.png HTTP/1.1" 200 2159 "https://www.easydrivers.at/" "Mozilla/5.0 (Windows NT 6.3; Win64; x64) AppleWebKit/537.36 (KHTML, like Gecko) Chrome/61.0.3163.100 Safari/537.36"
193.170.42.76 - - [24/Oct/2017:08:09:08 +0200] "GET /img/bg-top-section.jpg HTTP/1.1" 200 82172 "https://www.easydrivers.at/css/style.css" "Mozilla/5.0 (Windows NT 6.3; Win64; x64) AppleWebKit/537.36 (KHTML, like Gecko) Chrome/61.0.3163.100 Safari/537.36"
193.170.42.76 - - [24/Oct/2017:08:09:08 +0200] "GET /binaries/easy-drivers-portal/widget-icon-apppng.png HTTP/1.1" 200 2432 "https://www.easydrivers.at/" "Mozilla/5.0 (Windows NT 6.3; Win64; x64) AppleWebKit/537.36 (KHTML, like Gecko) Chrome/61.0.3163.100 Safari/537.36"
193.170.42.76 - - [24/Oct/2017:08:09:08 +0200] "GET /binaries/easy-drivers-portal/edradfahrschullogowidget160x90pxpng.png HTTP/1.1" 200 23394 "https://www.easydrivers.at/" "Mozilla/5.0 (Windows NT 6.3; Win64; x64) AppleWebKit/537.36 (KHTML, like Gecko) Chrome/61.0.3163.100 Safari/537.36"
193.170.42.76 - - [24/Oct/2017:08:09:08 +0200] "GET /img/close-button.png HTTP/1.1" 200 2237 "https://www.easydrivers.at/" "Mozilla/5.0 (Windows NT 6.3; Win64; x64) AppleWebKit/537.36 (KHTML, like Gecko) Chrome/61.0.3163.100 Safari/537.36"
193.170.42.76 - - [24/Oct/2017:08:09:08 +0200] "GET /javascript/lazyload.js HTTP/1.1" 200 1170 "https://www.easydrivers.at/" "Mozilla/5.0 (Windows NT 6.3; Win64; x64) AppleWebKit/537.36 (KHTML, like Gecko) Chrome/61.0.3163.100 Safari/537.36"
193.170.42.76 - - [24/Oct/2017:08:09:08 +0200] "GET /img/schweiz-icon.png HTTP/1.1" 200 1504 "https://www.easydrivers.at/" "Mozilla/5.0 (Windows NT 6.3; Win64; x64) AppleWebKit/537.36 (KHTML, like Gecko) Chrome/61.0.3163.100 Safari/537.36"
193.170.42.76 - - [24/Oct/2017:08:09:08 +0200] "GET /img/bg-footer.jpg HTTP/1.1" 200 31770 "https://www.easydrivers.at/css/style.css" "Mozilla/5.0 (Windows NT 6.3; Win64; x64) AppleWebKit/537.36 (KHTML, like Gecko) Chrome/61.0.3163.100 Safari/537.36"
193.170.42.76 - - [24/Oct/2017:08:09:08 +0200] "GET /img/black-dots-vertical.png HTTP/1.1" 200 1165 "https://www.easydrivers.at/css/style.css" "Mozilla/5.0 (Windows NT 6.3; Win64; x64) AppleWebKit/537.36 (KHTML, like Gecko) Chrome/61.0.3163.100 Safari/537.36"
193.170.42.76 - - [24/Oct/2017:08:09:08 +0200] "GET /img/kursicon-share-pink.png HTTP/1.1" 200 1277 "https://www.easydrivers.at/" "Mozilla/5.0 (Windows NT 6.3; Win64; x64) AppleWebKit/537.36 (KHTML, like Gecko) Chrome/61.0.3163.100 Safari/537.36"
193.170.42.76 - - [24/Oct/2017:08:09:08 +0200] "GET /img/kursicon-download-pink.png HTTP/1.1" 200 1213 "https://www.easydrivers.at/" "Mozilla/5.0 (Windows NT 6.3; Win64; x64) AppleWebKit/537.36 (KHTML, like Gecko) Chrome/61.0.3163.100 Safari/537.36"
193.170.42.76 - - [24/Oct/2017:08:09:08 +0200] "GET /img/kursicon-phone-pink.png HTTP/1.1" 200 1286 "https://www.easydrivers.at/" "Mozilla/5.0 (Windows NT 6.3; Win64; x64) AppleWebKit/537.36 (KHTML, like Gecko) Chrome/61.0.3163.100 Safari/537.36"
193.170.42.76 - - [24/Oct/2017:08:09:08 +0200] "GET /css/print.css HTTP/1.1" 200 967 "https://www.easydrivers.at/" "Mozilla/5.0 (Windows NT 6.3; Win64; x64) AppleWebKit/537.36 (KHTML, like Gecko) Chrome/61.0.3163.100 Safari/537.36"
193.170.42.76 - - [24/Oct/2017:08:09:08 +0200] "GET /img/kursicon-print-pink.png HTTP/1.1" 200 1125 "https://www.easydrivers.at/" "Mozilla/5.0 (Windows NT 6.3; Win64; x64) AppleWebKit/537.36 (KHTML, like Gecko) Chrome/61.0.3163.100 Safari/537.36"
80.108.185.181 - - [24/Oct/2017:08:09:07 +0200] "POST /loadkursliste HTTP/1.1" 200 889 "https://www.easydrivers.at/skarabela.gross-enzersdorf/kurse" "Mozilla/5.0 (Windows NT 10.0; Win64; x64) AppleWebKit/537.36 (KHTML, like Gecko) Chrome/61.0.3163.100 Safari/537.36"
66.249.76.82 - - [24/Oct/2017:08:09:10 +0200] "GET /binaries/easy-drivers-steyr/linie-8pdf.pdf HTTP/1.1" 200 243058 "-" "Googlebot/2.1 (+http://www.google.com/bot.html)"
178.191.116.91 - - [24/Oct/2017:08:09:10 +0200] "GET /moedling/10281852?FS=BE HTTP/1.1" 200 3095 "https://www.easydrivers.at/moedling/kursauswahl" "Mozilla/5.0 (iPhone; CPU iPhone OS 11_0_3 like Mac OS X) AppleWebKit/604.1.38 (KHTML, like Gecko) Version/11.0 Mobile/15A432 Safari/604.1"
178.191.116.91 - - [24/Oct/2017:08:09:13 +0200] "GET /img/mobile/kursicon-share.png HTTP/1.1" 200 2065 "https://www.easydrivers.at/moedling/10281852?FS=BE" "Mozilla/5.0 (iPhone; CPU iPhone OS 11_0_3 like Mac OS X) AppleWebKit/604.1.38 (KHTML, like Gecko) Version/11.0 Mobile/15A432 Safari/604.1"
178.191.116.91 - - [24/Oct/2017:08:09:13 +0200] "GET /img/mobile/kursicon-phone.png HTTP/1.1" 200 1932 "https://www.easydrivers.at/moedling/10281852?FS=BE" "Mozilla/5.0 (iPhone; CPU iPhone OS 11_0_3 like Mac OS X) AppleWebKit/604.1.38 (KHTML, like Gecko) Version/11.0 Mobile/15A432 Safari/604.1"
66.249.66.30 - - [24/Oct/2017:08:09:13 +0200] "GET /uploads/pdfs/bruck.leitha/10229193_A2BF.pdf HTTP/1.1" 301 325 "-" "Mozilla/5.0 (compatible; Googlebot/2.1; +http://www.google.com/bot.html)"
66.249.76.80 - - [24/Oct/2017:08:09:14 +0200] "GET /uploads/pdfs/bruck.leitha/10229193_A2BF.pdf HTTP/1.1" 200 31512 "-" "Mozilla/5.0 (compatible; Googlebot/2.1; +http://www.google.com/bot.html)"
80.108.185.181 - - [24/Oct/2017:08:09:18 +0200] "POST /loadkursliste HTTP/1.1" 200 591 "https://www.easydrivers.at/skarabela.gross-enzersdorf/kurse" "Mozilla/5.0 (Windows NT 10.0; Win64; x64) AppleWebKit/537.36 (KHTML, like Gecko) Chrome/61.0.3163.100 Safari/537.36"
193.83.110.69 - - [24/Oct/2017:08:09:22 +0200] "-" 408 - "-" "-"
193.83.110.69 - - [24/Oct/2017:08:09:22 +0200] "-" 408 - "-" "-"
77.119.130.173 - - [24/Oct/2017:08:09:24 +0200] "GET /moedling/aktionen HTTP/1.1" 301 305 "http://m.facebook.com" "Mozilla/5.0 (iPhone; CPU iPhone OS 10_3_2 like Mac OS X) AppleWebKit/603.2.4 (KHTML, like Gecko) Mobile/14F89 [FBAN/FBIOS;FBAV/139.0.0.46.90;FBBV/70207865;FBDV/iPhone9,3;FBMD/iPhone;FBSN/iOS;FBSV/10.3.2;FBSS/2;FBCR/3Austria;FBID/phone;FBLC/de_DE;FBOP/5;FBRV/71160268]"
77.119.130.173 - - [24/Oct/2017:08:09:24 +0200] "GET /moedling/aktionen HTTP/1.1" 200 3658 "http://m.facebook.com" "Mozilla/5.0 (iPhone; CPU iPhone OS 10_3_2 like Mac OS X) AppleWebKit/603.2.4 (KHTML, like Gecko) Mobile/14F89 [FBAN/FBIOS;FBAV/139.0.0.46.90;FBBV/70207865;FBDV/iPhone9,3;FBMD/iPhone;FBSN/iOS;FBSV/10.3.2;FBSS/2;FBCR/3Austria;FBID/phone;FBLC/de_DE;FBOP/5;FBRV/71160268]"
66.249.76.76 - - [24/Oct/2017:08:09:32 +0200] "GET /uploads/pdfs/ybbs/10259174_B-L.pdf HTTP/1.1" 301 318 "-" "Mozilla/5.0 (compatible; Googlebot/2.1; +http://www.google.com/bot.html)"
66.249.66.3 - - [24/Oct/2017:08:09:32 +0200] "GET /uploads/pdfs/ybbs/10259174_B-L.pdf HTTP/1.1" 200 30030 "-" "Mozilla/5.0 (compatible; Googlebot/2.1; +http://www.google.com/bot.html)"
35.199.171.5 - - [24/Oct/2017:08:09:34 +0200] "GET /hartberg/schnellkurs_20.11.2017?FS=B HTTP/1.1" 200 6274 "-" "Mozilla/5.0 (compatible; BomboraBot/1.0; +http://www.bombora.com/bot)"
66.249.76.74 - - [24/Oct/2017:08:09:50 +0200] "GET /uploads/pdfs/leoben.pankl/10260115_A1L17.pdf HTTP/1.1" 301 325 "-" "Mozilla/5.0 (compatible; Googlebot/2.1; +http://www.google.com/bot.html)"
66.249.76.80 - - [24/Oct/2017:08:09:50 +0200] "GET /uploads/pdfs/leoben.pankl/10260115_A1L17.pdf HTTP/1.1" 200 34948 "-" "Mozilla/5.0 (compatible; Googlebot/2.1; +http://www.google.com/bot.html)"
104.196.224.142 - - [24/Oct/2017:08:09:57 +0200] "GET /amstetten/weihnachtskurs?FS=A1 HTTP/1.1" 200 5816 "-" "Mozilla/5.0 (compatible; BomboraBot/1.0; +http://www.bombora.com/bot)"
66.249.66.1 - - [24/Oct/2017:08:10:08 +0200] "GET /uploads/pdfs/krems/10279340_A2B.pdf HTTP/1.1" 301 318 "-" "Mozilla/5.0 (compatible; Googlebot/2.1; +http://www.google.com/bot.html)"
66.249.66.7 - - [24/Oct/2017:08:10:09 +0200] "GET /uploads/pdfs/krems/10279340_A2B.pdf HTTP/1.1" 200 30090 "-" "Mozilla/5.0 (compatible; Googlebot/2.1; +http://www.google.com/bot.html)"
66.249.66.30 - - [24/Oct/2017:08:10:27 +0200] "GET /uploads/pdfs/bludenz/Grundkurs-B-2015-08-18_B.pdf HTTP/1.1" 301 330 "-" "Mozilla/5.0 (compatible; Googlebot/2.1; +http://www.google.com/bot.html)"
66.249.66.3 - - [24/Oct/2017:08:10:27 +0200] "GET /uploads/pdfs/bludenz/Grundkurs-B-2015-08-18_B.pdf HTTP/1.1" 200 31209 "-" "Mozilla/5.0 (compatible; Googlebot/2.1; +http://www.google.com/bot.html)"
66.249.66.30 - - [24/Oct/2017:08:10:45 +0200] "GET /uploads/pdfs/oberwart/Mopedkurs-29-09-2015_A1L17.pdf HTTP/1.1" 301 331 "-" "Mozilla/5.0 (compatible; Googlebot/2.1; +http://www.google.com/bot.html)"
66.249.66.3 - - [24/Oct/2017:08:10:46 +0200] "GET /uploads/pdfs/oberwart/Mopedkurs-29-09-2015_A1L17.pdf HTTP/1.1" 200 35227 "-" "Mozilla/5.0 (compatible; Googlebot/2.1; +http://www.google.com/bot.html)"
66.249.66.31 - - [24/Oct/2017:08:11:03 +0200] "GET /uploads/pdfs/voesendorf/10281939_B-L.pdf HTTP/1.1" 301 321 "-" "Mozilla/5.0 (compatible; Googlebot/2.1; +http://www.google.com/bot.html)"
66.249.76.84 - - [24/Oct/2017:08:11:04 +0200] "GET /uploads/pdfs/voesendorf/10281939_B-L.pdf HTTP/1.1" 200 29886 "-" "Mozilla/5.0 (compatible; Googlebot/2.1; +http://www.google.com/bot.html)"
80.108.185.181 - - [24/Oct/2017:08:11:12 +0200] "POST /loadkursliste HTTP/1.1" 200 590 "https://www.easydrivers.at/skarabela.gross-enzersdorf/kurse" "Mozilla/5.0 (Windows NT 10.0; Win64; x64) AppleWebKit/537.36 (KHTML, like Gecko) Chrome/61.0.3163.100 Safari/537.36"
66.249.76.74 - - [24/Oct/2017:08:11:22 +0200] "GET /uploads/pdfs/waidhofen.ybbs/10249521_A1L17.pdf HTTP/1.1" 301 327 "-" "Mozilla/5.0 (compatible; Googlebot/2.1; +http://www.google.com/bot.html)"
66.249.76.80 - - [24/Oct/2017:08:11:23 +0200] "GET /uploads/pdfs/waidhofen.ybbs/10249521_A1L17.pdf HTTP/1.1" 200 38092 "-" "Mozilla/5.0 (compatible; Googlebot/2.1; +http://www.google.com/bot.html)"
80.108.185.181 - - [24/Oct/2017:08:11:24 +0200] "GET /skarabela.gross-enzersdorf/10287081?FS=BE HTTP/1.1" 200 5550 "https://www.easydrivers.at/skarabela.gross-enzersdorf/kurse" "Mozilla/5.0 (Windows NT 10.0; Win64; x64) AppleWebKit/537.36 (KHTML, like Gecko) Chrome/61.0.3163.100 Safari/537.36"
80.108.185.181 - - [24/Oct/2017:08:11:26 +0200] "GET /javascript/suche.js HTTP/1.1" 200 209 "https://www.easydrivers.at/skarabela.gross-enzersdorf/10287081?FS=BE" "Mozilla/5.0 (Windows NT 10.0; Win64; x64) AppleWebKit/537.36 (KHTML, like Gecko) Chrome/61.0.3163.100 Safari/537.36"
80.108.185.181 - - [24/Oct/2017:08:11:26 +0200] "GET /cache/emu/images/10279635/_125_167.jpg HTTP/1.1" 200 4332 "https://www.easydrivers.at/skarabela.gross-enzersdorf/10287081?FS=BE" "Mozilla/5.0 (Windows NT 10.0; Win64; x64) AppleWebKit/537.36 (KHTML, like Gecko) Chrome/61.0.3163.100 Safari/537.36"
80.108.185.181 - - [24/Oct/2017:08:11:26 +0200] "GET /cache/emu/images/10288799/_125_167.jpg HTTP/1.1" 200 5142 "https://www.easydrivers.at/skarabela.gross-enzersdorf/10287081?FS=BE" "Mozilla/5.0 (Windows NT 10.0; Win64; x64) AppleWebKit/537.36 (KHTML, like Gecko) Chrome/61.0.3163.100 Safari/537.36"
80.108.185.181 - - [24/Oct/2017:08:11:26 +0200] "GET /cache/emu/images/10244944/_125_167.jpg HTTP/1.1" 200 4766 "https://www.easydrivers.at/skarabela.gross-enzersdorf/10287081?FS=BE" "Mozilla/5.0 (Windows NT 10.0; Win64; x64) AppleWebKit/537.36 (KHTML, like Gecko) Chrome/61.0.3163.100 Safari/537.36"
80.108.185.181 - - [24/Oct/2017:08:11:26 +0200] "GET /cache/emu/images/10244801/_127_167.jpg HTTP/1.1" 200 4446 "https://www.easydrivers.at/skarabela.gross-enzersdorf/10287081?FS=BE" "Mozilla/5.0 (Windows NT 10.0; Win64; x64) AppleWebKit/537.36 (KHTML, like Gecko) Chrome/61.0.3163.100 Safari/537.36"
80.108.185.181 - - [24/Oct/2017:08:11:26 +0200] "GET /cache/emu/images/10244946/_111_167.jpg HTTP/1.1" 200 3694 "https://www.easydrivers.at/skarabela.gross-enzersdorf/10287081?FS=BE" "Mozilla/5.0 (Windows NT 10.0; Win64; x64) AppleWebKit/537.36 (KHTML, like Gecko) Chrome/61.0.3163.100 Safari/537.36"
80.108.185.181 - - [24/Oct/2017:08:11:26 +0200] "GET /binaries/easy-drivers-portal/pkw5jpg.jpg HTTP/1.1" 200 96177 "https://www.easydrivers.at/skarabela.gross-enzersdorf/10287081?FS=BE" "Mozilla/5.0 (Windows NT 10.0; Win64; x64) AppleWebKit/537.36 (KHTML, like Gecko) Chrome/61.0.3163.100 Safari/537.36"
80.108.185.181 - - [24/Oct/2017:08:11:26 +0200] "GET /cache/emu/images/10288800/_125_167.jpg HTTP/1.1" 200 4843 "https://www.easydrivers.at/skarabela.gross-enzersdorf/10287081?FS=BE" "Mozilla/5.0 (Windows NT 10.0; Win64; x64) AppleWebKit/537.36 (KHTML, like Gecko) Chrome/61.0.3163.100 Safari/537.36"
80.108.185.181 - - [24/Oct/2017:08:11:26 +0200] "GET /img/arrow-left.png HTTP/1.1" 200 1015 "https://www.easydrivers.at/css/style.css" "Mozilla/5.0 (Windows NT 10.0; Win64; x64) AppleWebKit/537.36 (KHTML, like Gecko) Chrome/61.0.3163.100 Safari/537.36"
80.108.185.181 - - [24/Oct/2017:08:11:26 +0200] "GET /img/smallicon-mail.png HTTP/1.1" 200 1341 "https://www.easydrivers.at/css/style.css" "Mozilla/5.0 (Windows NT 10.0; Win64; x64) AppleWebKit/537.36 (KHTML, like Gecko) Chrome/61.0.3163.100 Safari/537.36"
80.108.185.181 - - [24/Oct/2017:08:11:26 +0200] "GET /img/smallicon-phone.png HTTP/1.1" 200 3056 "https://www.easydrivers.at/css/style.css" "Mozilla/5.0 (Windows NT 10.0; Win64; x64) AppleWebKit/537.36 (KHTML, like Gecko) Chrome/61.0.3163.100 Safari/537.36"
80.108.185.181 - - [24/Oct/2017:08:11:26 +0200] "GET /img/arrow-up.png HTTP/1.1" 200 1081 "https://www.easydrivers.at/css/style.css" "Mozilla/5.0 (Windows NT 10.0; Win64; x64) AppleWebKit/537.36 (KHTML, like Gecko) Chrome/61.0.3163.100 Safari/537.36"
80.108.185.181 - - [24/Oct/2017:08:11:26 +0200] "GET /cache/emu/images/10244928/_105_167.jpg HTTP/1.1" 200 4066 "https://www.easydrivers.at/skarabela.gross-enzersdorf/10287081?FS=BE" "Mozilla/5.0 (Windows NT 10.0; Win64; x64) AppleWebKit/537.36 (KHTML, like Gecko) Chrome/61.0.3163.100 Safari/537.36"
66.249.66.30 - - [24/Oct/2017:08:11:40 +0200] "GET /download.php?id=10230045 HTTP/1.1" 301 311 "-" "Mozilla/5.0 (compatible; Googlebot/2.1; +http://www.google.com/bot.html)"
66.249.76.80 - - [24/Oct/2017:08:11:40 +0200] "GET /download.php?id=10230045 HTTP/1.1" 200 86489 "-" "Mozilla/5.0 (compatible; Googlebot/2.1; +http://www.google.com/bot.html)"
157.55.39.113 - - [24/Oct/2017:08:11:41 +0200] "GET /fuehrerscheine/auto/b-l17 HTTP/1.1" 301 309 "-" "Mozilla/5.0 (iPhone; CPU iPhone OS 7_0 like Mac OS X) AppleWebKit/537.51.1 (KHTML, like Gecko) Version/7.0 Mobile/11A465 Safari/9537.53 (compatible; bingbot/2.0; +http://www.bing.com/bingbot.htm)"
157.55.39.113 - - [24/Oct/2017:08:11:46 +0200] "GET /fuehrerscheine/auto/b-l17 HTTP/1.1" 404 2358 "-" "Mozilla/5.0 (iPhone; CPU iPhone OS 7_0 like Mac OS X) AppleWebKit/537.51.1 (KHTML, like Gecko) Version/7.0 Mobile/11A465 Safari/9537.53 (compatible; bingbot/2.0; +http://www.bing.com/bingbot.htm)"
66.249.76.74 - - [24/Oct/2017:08:11:58 +0200] "GET /uploads/pdfs/leonding/herbstkurs_1_BBE.pdf HTTP/1.1" 301 322 "-" "Mozilla/5.0 (compatible; Googlebot/2.1; +http://www.google.com/bot.html)"
66.249.76.80 - - [24/Oct/2017:08:11:59 +0200] "GET /uploads/pdfs/leonding/herbstkurs_1_BBE.pdf HTTP/1.1" 200 33160 "-" "Mozilla/5.0 (compatible; Googlebot/2.1; +http://www.google.com/bot.html)"
66.249.66.1 - - [24/Oct/2017:08:12:17 +0200] "GET /uploads/pdfs/wallensteinplatz/10269795_A1L17.pdf HTTP/1.1" 301 329 "-" "Mozilla/5.0 (compatible; Googlebot/2.1; +http://www.google.com/bot.html)"
66.249.76.80 - - [24/Oct/2017:08:12:17 +0200] "GET /uploads/pdfs/wallensteinplatz/10269795_A1L17.pdf HTTP/1.1" 200 35751 "-" "Mozilla/5.0 (compatible; Googlebot/2.1; +http://www.google.com/bot.html)"
66.249.76.74 - - [24/Oct/2017:08:12:35 +0200] "GET /uploads/pdfs/innsbruck/10256425_B-L17.pdf HTTP/1.1" 301 323 "-" "Mozilla/5.0 (compatible; Googlebot/2.1; +http://www.google.com/bot.html)"
66.249.76.80 - - [24/Oct/2017:08:12:35 +0200] "GET /uploads/pdfs/innsbruck/10256425_B-L17.pdf HTTP/1.1" 200 36393 "-" "Mozilla/5.0 (compatible; Googlebot/2.1; +http://www.google.com/bot.html)"
88.116.114.170 - - [24/Oct/2017:08:12:43 +0200] "GET / HTTP/1.1" 200 3579 "-" "Mozilla/5.0 (Linux; Android 6.0.1; SM-A520F Build/MMB29K) AppleWebKit/537.36 (KHTML, like Gecko) Chrome/61.0.3163.98 Mobile Safari/537.36"
88.116.114.170 - - [24/Oct/2017:08:12:44 +0200] "GET / HTTP/1.1" 200 3579 "-" "Mozilla/5.0 (Linux; Android 6.0.1; SM-A520F Build/MMB29K) AppleWebKit/537.36 (KHTML, like Gecko) Chrome/61.0.3163.98 Mobile Safari/537.36"
66.249.66.30 - - [24/Oct/2017:08:12:53 +0200] "GET /uploads/pdfs/bludenz/LKW-Kurs_-_CD_2016-05-09_BCE.pdf HTTP/1.1" 301 334 "-" "Mozilla/5.0 (compatible; Googlebot/2.1; +http://www.google.com/bot.html)"
66.249.76.80 - - [24/Oct/2017:08:12:54 +0200] "GET /uploads/pdfs/bludenz/LKW-Kurs_-_CD_2016-05-09_BCE.pdf HTTP/1.1" 200 30129 "-" "Mozilla/5.0 (compatible; Googlebot/2.1; +http://www.google.com/bot.html)"
88.116.114.170 - - [24/Oct/2017:08:12:54 +0200] "GET / HTTP/1.1" 200 3579 "-" "Mozilla/5.0 (Linux; Android 6.0.1; SM-A520F Build/MMB29K) AppleWebKit/537.36 (KHTML, like Gecko) Chrome/61.0.3163.98 Mobile Safari/537.36"
88.116.114.170 - - [24/Oct/2017:08:12:57 +0200] "GET /img/favicon.ico HTTP/1.1" 404 301 "-" "Mozilla/5.0 (Linux; Android 6.0.1; SM-A520F Build/MMB29K) AppleWebKit/537.36 (KHTML, like Gecko) Chrome/61.0.3163.98 Mobile Safari/537.36"
66.249.76.74 - - [24/Oct/2017:08:13:12 +0200] "GET /uploads/pdfs/st.valentin/Junikurs_F.pdf HTTP/1.1" 301 320 "-" "Mozilla/5.0 (compatible; Googlebot/2.1; +http://www.google.com/bot.html)"
66.249.76.82 - - [24/Oct/2017:08:13:12 +0200] "GET /uploads/pdfs/st.valentin/Junikurs_F.pdf HTTP/1.1" 200 27652 "-" "Mozilla/5.0 (compatible; Googlebot/2.1; +http://www.google.com/bot.html)"
213.225.11.62 - - [24/Oct/2017:08:13:24 +0200] "GET /fahrschulen/6020 HTTP/1.1" 200 2338 "-" "Mozilla/5.0 (iPhone; CPU iPhone OS 11_0_3 like Mac OS X) AppleWebKit/604.1.38 (KHTML, like Gecko) Version/11.0 Mobile/15A432 Safari/604.1"
66.249.66.31 - - [24/Oct/2017:08:13:30 +0200] "GET /uploads/pdfs/skarabela.gross-enzersdorf/10280599_B-L.pdf HTTP/1.1" 301 335 "-" "Mozilla/5.0 (compatible; Googlebot/2.1; +http://www.google.com/bot.html)"
66.249.66.5 - - [24/Oct/2017:08:13:31 +0200] "GET /uploads/pdfs/skarabela.gross-enzersdorf/10280599_B-L.pdf HTTP/1.1" 200 32193 "-" "Mozilla/5.0 (compatible; Googlebot/2.1; +http://www.google.com/bot.html)"
88.116.114.170 - - [24/Oct/2017:08:13:31 +0200] "GET / HTTP/1.1" 200 3579 "-" "Mozilla/5.0 (Linux; Android 6.0.1; SM-A520F Build/MMB29K) AppleWebKit/537.36 (KHTML, like Gecko) Chrome/61.0.3163.98 Mobile Safari/537.36"
66.249.66.30 - - [24/Oct/2017:08:13:48 +0200] "GET /uploads/pdfs/oberwart/Weihnachtskurs_Dezember_2016_A1L17.pdf HTTP/1.1" 301 335 "-" "Mozilla/5.0 (compatible; Googlebot/2.1; +http://www.google.com/bot.html)"
66.249.66.3 - - [24/Oct/2017:08:13:49 +0200] "GET /uploads/pdfs/oberwart/Weihnachtskurs_Dezember_2016_A1L17.pdf HTTP/1.1" 200 35744 "-" "Mozilla/5.0 (compatible; Googlebot/2.1; +http://www.google.com/bot.html)"
66.249.76.74 - - [24/Oct/2017:08:14:07 +0200] "GET /uploads/pdfs/oberwart/13.06.2016_abendkurs_A1L17.pdf HTTP/1.1" 301 331 "-" "Mozilla/5.0 (compatible; Googlebot/2.1; +http://www.google.com/bot.html)"
66.249.76.84 - - [24/Oct/2017:08:14:07 +0200] "GET /uploads/pdfs/oberwart/13.06.2016_abendkurs_A1L17.pdf HTTP/1.1" 200 35313 "-" "Mozilla/5.0 (compatible; Googlebot/2.1; +http://www.google.com/bot.html)"
66.249.76.76 - - [24/Oct/2017:08:14:18 +0200] "GET /binaries/10251249.jpg HTTP/1.1" 301 309 "-" "Googlebot-Image/1.0"
66.249.76.82 - - [24/Oct/2017:08:14:18 +0200] "GET /binaries/10251249.jpg HTTP/1.1" 200 18976 "-" "Googlebot-Image/1.0"
193.27.50.89 - - [24/Oct/2017:08:14:24 +0200] "GET /tulln HTTP/1.1" 301 297 "http://www.google.at/url?sa=t&rct=j&q=&esrc=s&source=web&cd=1&ved=0ahUKEwiqqozMzYjXAhUFORoKHdGxD90QFggnMAA&url=http%3A%2F%2Fwww.easydrivers.at%2Ftulln&usg=AOvVaw37i8RJcQA4pnProhLKsp2W" "Mozilla/5.0 (Windows NT 6.1; WOW64; Trident/7.0; rv:11.0) like Gecko"
66.249.66.30 - - [24/Oct/2017:08:14:25 +0200] "GET /uploads/pdfs/skarabela.gross-enzersdorf/Mofakurs-Ostern_AM.pdf HTTP/1.1" 301 337 "-" "Mozilla/5.0 (compatible; Googlebot/2.1; +http://www.google.com/bot.html)"
66.249.76.80 - - [24/Oct/2017:08:14:25 +0200] "GET /uploads/pdfs/skarabela.gross-enzersdorf/Mofakurs-Ostern_AM.pdf HTTP/1.1" 200 30157 "-" "Mozilla/5.0 (compatible; Googlebot/2.1; +http://www.google.com/bot.html)"
193.27.50.89 - - [24/Oct/2017:08:14:24 +0200] "GET /tulln HTTP/1.1" 200 3518 "http://www.google.at/url?sa=t&rct=j&q=&esrc=s&source=web&cd=1&ved=0ahUKEwiqqozMzYjXAhUFORoKHdGxD90QFggnMAA&url=http%3A%2F%2Fwww.easydrivers.at%2Ftulln&usg=AOvVaw37i8RJcQA4pnProhLKsp2W" "Mozilla/5.0 (Windows NT 6.1; WOW64; Trident/7.0; rv:11.0) like Gecko"
193.27.50.89 - - [24/Oct/2017:08:14:26 +0200] "GET /css/style.css HTTP/1.1" 200 5004 "https://www.easydrivers.at/tulln" "Mozilla/5.0 (Windows NT 6.1; WOW64; Trident/7.0; rv:11.0) like Gecko"
193.27.50.89 - - [24/Oct/2017:08:14:26 +0200] "GET /css/print.css HTTP/1.1" 200 967 "https://www.easydrivers.at/tulln" "Mozilla/5.0 (Windows NT 6.1; WOW64; Trident/7.0; rv:11.0) like Gecko"
193.27.50.89 - - [24/Oct/2017:08:14:26 +0200] "GET /javascript/jquery.cookie.js HTTP/1.1" 200 863 "https://www.easydrivers.at/tulln" "Mozilla/5.0 (Windows NT 6.1; WOW64; Trident/7.0; rv:11.0) like Gecko"
193.27.50.89 - - [24/Oct/2017:08:14:26 +0200] "GET /javascript/jquery.customSelect.min.js HTTP/1.1" 200 912 "https://www.easydrivers.at/tulln" "Mozilla/5.0 (Windows NT 6.1; WOW64; Trident/7.0; rv:11.0) like Gecko"
193.27.50.89 - - [24/Oct/2017:08:14:26 +0200] "GET /img/close-button.png HTTP/1.1" 200 2237 "https://www.easydrivers.at/tulln" "Mozilla/5.0 (Windows NT 6.1; WOW64; Trident/7.0; rv:11.0) like Gecko"
193.27.50.89 - - [24/Oct/2017:08:14:26 +0200] "GET /img/facebook-icon.png HTTP/1.1" 200 1506 "https://www.easydrivers.at/tulln" "Mozilla/5.0 (Windows NT 6.1; WOW64; Trident/7.0; rv:11.0) like Gecko"
193.27.50.89 - - [24/Oct/2017:08:14:26 +0200] "GET /img/empty.gif HTTP/1.1" 200 43 "https://www.easydrivers.at/tulln" "Mozilla/5.0 (Windows NT 6.1; WOW64; Trident/7.0; rv:11.0) like Gecko"
193.27.50.89 - - [24/Oct/2017:08:14:26 +0200] "GET /javascript/jquery.simplemodal.js HTTP/1.1" 200 3070 "https://www.easydrivers.at/tulln" "Mozilla/5.0 (Windows NT 6.1; WOW64; Trident/7.0; rv:11.0) like Gecko"
193.27.50.89 - - [24/Oct/2017:08:14:26 +0200] "GET /binaries/easy-drivers-portal/edradfahrschullogowidget160x90pxpng.png HTTP/1.1" 200 23394 "https://www.easydrivers.at/tulln" "Mozilla/5.0 (Windows NT 6.1; WOW64; Trident/7.0; rv:11.0) like Gecko"
193.27.50.89 - - [24/Oct/2017:08:14:26 +0200] "GET /img/schweiz-icon.png HTTP/1.1" 200 1504 "https://www.easydrivers.at/tulln" "Mozilla/5.0 (Windows NT 6.1; WOW64; Trident/7.0; rv:11.0) like Gecko"
193.27.50.89 - - [24/Oct/2017:08:14:26 +0200] "GET /img/close-button-small.png HTTP/1.1" 200 1671 "https://www.easydrivers.at/tulln" "Mozilla/5.0 (Windows NT 6.1; WOW64; Trident/7.0; rv:11.0) like Gecko"
193.27.50.89 - - [24/Oct/2017:08:14:26 +0200] "GET /javascript/fahrschule.js HTTP/1.1" 200 462 "https://www.easydrivers.at/tulln" "Mozilla/5.0 (Windows NT 6.1; WOW64; Trident/7.0; rv:11.0) like Gecko"
193.27.50.89 - - [24/Oct/2017:08:14:26 +0200] "GET /javascript/portal.js?1221842734 HTTP/1.1" 200 3529 "https://www.easydrivers.at/tulln" "Mozilla/5.0 (Windows NT 6.1; WOW64; Trident/7.0; rv:11.0) like Gecko"
193.27.50.89 - - [24/Oct/2017:08:14:26 +0200] "GET /img/info-button.png HTTP/1.1" 200 738 "https://www.easydrivers.at/tulln" "Mozilla/5.0 (Windows NT 6.1; WOW64; Trident/7.0; rv:11.0) like Gecko"
193.27.50.89 - - [24/Oct/2017:08:14:26 +0200] "GET /img/submit-button.png HTTP/1.1" 200 1958 "https://www.easydrivers.at/tulln" "Mozilla/5.0 (Windows NT 6.1; WOW64; Trident/7.0; rv:11.0) like Gecko"
193.27.50.89 - - [24/Oct/2017:08:14:26 +0200] "GET /binaries/easy-drivers-portal/widget-icon-expertspng.png HTTP/1.1" 200 2159 "https://www.easydrivers.at/tulln" "Mozilla/5.0 (Windows NT 6.1; WOW64; Trident/7.0; rv:11.0) like Gecko"
193.27.50.89 - - [24/Oct/2017:08:14:26 +0200] "GET /binaries/easy-drivers-portal/widget-icon-trainingpng.png HTTP/1.1" 200 2662 "https://www.easydrivers.at/tulln" "Mozilla/5.0 (Windows NT 6.1; WOW64; Trident/7.0; rv:11.0) like Gecko"
193.27.50.89 - - [24/Oct/2017:08:14:26 +0200] "GET /binaries/easy-drivers-portal/widget-icon-apppng.png HTTP/1.1" 200 2432 "https://www.easydrivers.at/tulln" "Mozilla/5.0 (Windows NT 6.1; WOW64; Trident/7.0; rv:11.0) like Gecko"
193.27.50.89 - - [24/Oct/2017:08:14:26 +0200] "GET /javascript/lazyload.js HTTP/1.1" 200 1170 "https://www.easydrivers.at/tulln" "Mozilla/5.0 (Windows NT 6.1; WOW64; Trident/7.0; rv:11.0) like Gecko"
193.27.50.89 - - [24/Oct/2017:08:14:26 +0200] "GET /img/locator-icon.png HTTP/1.1" 200 1377 "https://www.easydrivers.at/tulln" "Mozilla/5.0 (Windows NT 6.1; WOW64; Trident/7.0; rv:11.0) like Gecko"
193.27.50.89 - - [24/Oct/2017:08:14:26 +0200] "GET /img/kursicon-print-pink.png HTTP/1.1" 200 1125 "https://www.easydrivers.at/tulln" "Mozilla/5.0 (Windows NT 6.1; WOW64; Trident/7.0; rv:11.0) like Gecko"
193.27.50.89 - - [24/Oct/2017:08:14:26 +0200] "GET /img/kursicon-download-pink.png HTTP/1.1" 200 1213 "https://www.easydrivers.at/tulln" "Mozilla/5.0 (Windows NT 6.1; WOW64; Trident/7.0; rv:11.0) like Gecko"
193.27.50.89 - - [24/Oct/2017:08:14:26 +0200] "GET /img/kursicon-share-pink.png HTTP/1.1" 200 1277 "https://www.easydrivers.at/tulln" "Mozilla/5.0 (Windows NT 6.1; WOW64; Trident/7.0; rv:11.0) like Gecko"
193.27.50.89 - - [24/Oct/2017:08:14:26 +0200] "GET /img/kursicon-phone-pink.png HTTP/1.1" 200 1286 "https://www.easydrivers.at/tulln" "Mozilla/5.0 (Windows NT 6.1; WOW64; Trident/7.0; rv:11.0) like Gecko"
193.27.50.89 - - [24/Oct/2017:08:14:26 +0200] "GET /img/purple-dots-horizontal.png HTTP/1.1" 200 977 "https://www.easydrivers.at/tulln" "Mozilla/5.0 (Windows NT 6.1; WOW64; Trident/7.0; rv:11.0) like Gecko"
193.27.50.89 - - [24/Oct/2017:08:14:26 +0200] "GET /img/ED_Logo.png HTTP/1.1" 200 3385 "https://www.easydrivers.at/tulln" "Mozilla/5.0 (Windows NT 6.1; WOW64; Trident/7.0; rv:11.0) like Gecko"
193.27.50.89 - - [24/Oct/2017:08:14:26 +0200] "GET /img/yellow-dots-vertical.png HTTP/1.1" 200 981 "https://www.easydrivers.at/tulln" "Mozilla/5.0 (Windows NT 6.1; WOW64; Trident/7.0; rv:11.0) like Gecko"
193.27.50.89 - - [24/Oct/2017:08:14:26 +0200] "GET /img/bg-footer.jpg HTTP/1.1" 200 31770 "https://www.easydrivers.at/tulln" "Mozilla/5.0 (Windows NT 6.1; WOW64; Trident/7.0; rv:11.0) like Gecko"
193.27.50.89 - - [24/Oct/2017:08:14:26 +0200] "GET /img/bg-top-section.jpg HTTP/1.1" 200 82172 "https://www.easydrivers.at/tulln" "Mozilla/5.0 (Windows NT 6.1; WOW64; Trident/7.0; rv:11.0) like Gecko"
193.27.50.89 - - [24/Oct/2017:08:14:26 +0200] "GET /img/bg-header.jpg HTTP/1.1" 200 38680 "https://www.easydrivers.at/tulln" "Mozilla/5.0 (Windows NT 6.1; WOW64; Trident/7.0; rv:11.0) like Gecko"
193.27.50.89 - - [24/Oct/2017:08:14:27 +0200] "GET /img/new_favicon.ico HTTP/1.1" 301 306 "-" "Mozilla/5.0 (Windows NT 6.1; WOW64; Trident/7.0; rv:11.0) like Gecko"
193.27.50.89 - - [24/Oct/2017:08:14:27 +0200] "GET /img/new_favicon.ico HTTP/1.1" 200 1150 "-" "Mozilla/5.0 (Windows NT 6.1; WOW64; Trident/7.0; rv:11.0) like Gecko"
66.249.76.74 - - [24/Oct/2017:08:14:43 +0200] "GET /uploads/pdfs/schwechat/10247621_CCE95.pdf HTTP/1.1" 301 322 "-" "Mozilla/5.0 (compatible; Googlebot/2.1; +http://www.google.com/bot.html)"
66.249.76.80 - - [24/Oct/2017:08:14:44 +0200] "GET /uploads/pdfs/schwechat/10247621_CCE95.pdf HTTP/1.1" 200 30655 "-" "Mozilla/5.0 (compatible; Googlebot/2.1; +http://www.google.com/bot.html)"
173.252.98.213 - - [24/Oct/2017:08:14:48 +0200] "GET /binaries/easy-drivers-harm-innsbruck/800x450nataliajpg.jpg HTTP/1.1" 301 331 "-" "facebookexternalhit/1.1 (+http://www.facebook.com/externalhit_uatext.php)"
173.252.98.204 - - [24/Oct/2017:08:14:50 +0200] "GET /binaries/easy-drivers-harm-innsbruck/800x450nataliajpg.jpg HTTP/1.1" 200 223416 "-" "facebookexternalhit/1.1 (+http://www.facebook.com/externalhit_uatext.php)"
193.27.50.89 - - [24/Oct/2017:08:14:56 +0200] "GET /ueberuns HTTP/1.1" 200 3260 "https://www.easydrivers.at/tulln" "Mozilla/5.0 (Windows NT 6.1; WOW64; Trident/7.0; rv:11.0) like Gecko"
193.27.50.89 - - [24/Oct/2017:08:14:57 +0200] "GET /css/history.css HTTP/1.1" 200 609 "https://www.easydrivers.at/ueberuns" "Mozilla/5.0 (Windows NT 6.1; WOW64; Trident/7.0; rv:11.0) like Gecko"
193.27.50.89 - - [24/Oct/2017:08:14:57 +0200] "GET /javascript/history.js HTTP/1.1" 200 967 "https://www.easydrivers.at/ueberuns" "Mozilla/5.0 (Windows NT 6.1; WOW64; Trident/7.0; rv:11.0) like Gecko"
193.27.50.89 - - [24/Oct/2017:08:14:57 +0200] "GET /binaries/easy-drivers-portal/edwebhistoryillu392x3922jpg.jpg HTTP/1.1" 200 32209 "https://www.easydrivers.at/ueberuns" "Mozilla/5.0 (Windows NT 6.1; WOW64; Trident/7.0; rv:11.0) like Gecko"
193.27.50.89 - - [24/Oct/2017:08:14:57 +0200] "GET /binaries/easy-drivers-portal/edwebhistoryillu392x3928jpg.jpg HTTP/1.1" 200 38907 "https://www.easydrivers.at/ueberuns" "Mozilla/5.0 (Windows NT 6.1; WOW64; Trident/7.0; rv:11.0) like Gecko"
193.27.50.89 - - [24/Oct/2017:08:14:57 +0200] "GET /binaries/easy-drivers-portal/edwebhistoryillu392x39210jpg.jpg HTTP/1.1" 200 19475 "https://www.easydrivers.at/ueberuns" "Mozilla/5.0 (Windows NT 6.1; WOW64; Trident/7.0; rv:11.0) like Gecko"
193.27.50.89 - - [24/Oct/2017:08:14:57 +0200] "GET /binaries/easy-drivers-portal/edwebhistoryillu392x3923jpg.jpg HTTP/1.1" 200 54656 "https://www.easydrivers.at/ueberuns" "Mozilla/5.0 (Windows NT 6.1; WOW64; Trident/7.0; rv:11.0) like Gecko"
193.27.50.89 - - [24/Oct/2017:08:14:57 +0200] "GET /binaries/easy-drivers-portal/edwebhistoryillu392x3925jpg.jpg HTTP/1.1" 200 31708 "https://www.easydrivers.at/ueberuns" "Mozilla/5.0 (Windows NT 6.1; WOW64; Trident/7.0; rv:11.0) like Gecko"
193.27.50.89 - - [24/Oct/2017:08:14:57 +0200] "GET /binaries/easy-drivers-portal/edwebhistoryillu392x3924jpg.jpg HTTP/1.1" 200 35765 "https://www.easydrivers.at/ueberuns" "Mozilla/5.0 (Windows NT 6.1; WOW64; Trident/7.0; rv:11.0) like Gecko"
193.27.50.89 - - [24/Oct/2017:08:14:57 +0200] "GET /binaries/easy-drivers-portal/edwebhistoryillu392x3927jpg.jpg HTTP/1.1" 200 71377 "https://www.easydrivers.at/ueberuns" "Mozilla/5.0 (Windows NT 6.1; WOW64; Trident/7.0; rv:11.0) like Gecko"
193.27.50.89 - - [24/Oct/2017:08:14:57 +0200] "GET /binaries/easy-drivers-portal/edwebhistoryillu392x3929jpg.jpg HTTP/1.1" 200 31823 "https://www.easydrivers.at/ueberuns" "Mozilla/5.0 (Windows NT 6.1; WOW64; Trident/7.0; rv:11.0) like Gecko"
193.27.50.89 - - [24/Oct/2017:08:14:57 +0200] "GET /binaries/easy-drivers-portal/edwebhistoryillu392x3926jpg.jpg HTTP/1.1" 200 41118 "https://www.easydrivers.at/ueberuns" "Mozilla/5.0 (Windows NT 6.1; WOW64; Trident/7.0; rv:11.0) like Gecko"
193.27.50.89 - - [24/Oct/2017:08:14:57 +0200] "GET /binaries/easy-drivers-portal/edwebhistoryillu392x392radjpg.jpg HTTP/1.1" 200 124939 "https://www.easydrivers.at/ueberuns" "Mozilla/5.0 (Windows NT 6.1; WOW64; Trident/7.0; rv:11.0) like Gecko"
193.27.50.89 - - [24/Oct/2017:08:14:57 +0200] "GET /binaries/easy-drivers-portal/edwebhistoryillu392x39211jpg.jpg HTTP/1.1" 200 36282 "https://www.easydrivers.at/ueberuns" "Mozilla/5.0 (Windows NT 6.1; WOW64; Trident/7.0; rv:11.0) like Gecko"
193.27.50.89 - - [24/Oct/2017:08:14:57 +0200] "GET /binaries/easy-drivers-portal/edwebhistoryillu392x39220kpng.png HTTP/1.1" 200 49333 "https://www.easydrivers.at/ueberuns" "Mozilla/5.0 (Windows NT 6.1; WOW64; Trident/7.0; rv:11.0) like Gecko"
104.196.247.8 - - [24/Oct/2017:08:14:56 +0200] "GET /ybbs/10282705?FS=B-L HTTP/1.1" 200 6074 "-" "Mozilla/5.0 (compatible; BomboraBot/1.0; +http://www.bombora.com/bot)"
66.249.66.31 - - [24/Oct/2017:08:15:02 +0200] "GET /uploads/pdfs/bludenz/Motorradkurs_-_A1,_A2,_A_2016-11-21_A1F.pdf HTTP/1.1" 301 338 "-" "Mozilla/5.0 (compatible; Googlebot/2.1; +http://www.google.com/bot.html)"
66.249.66.3 - - [24/Oct/2017:08:15:02 +0200] "GET /uploads/pdfs/bludenz/Motorradkurs_-_A1,_A2,_A_2016-11-21_A1F.pdf HTTP/1.1" 200 30350 "-" "Mozilla/5.0 (compatible; Googlebot/2.1; +http://www.google.com/bot.html)"
193.187.3.11 - - [24/Oct/2017:08:15:06 +0200] "GET / HTTP/1.1" 200 4425 "http://www.google.at/url?sa=t&rct=j&q=&esrc=s&source=web&cd=1&ved=0ahUKEwjH6OrgzYjXAhWCbVAKHZy4DNEQFggoMAA&url=http%3A%2F%2Fwww.easydrivers.at%2F&usg=AOvVaw3qGQTjaV0Bi5YFnjKsLONT" "Mozilla/5.0 (Windows NT 6.1; Trident/7.0; rv:11.0) like Gecko"
66.249.66.30 - - [24/Oct/2017:08:15:20 +0200] "GET /uploads/pdfs/st.valentin/Weihnachten_2014_A2B.pdf HTTP/1.1" 301 326 "-" "Mozilla/5.0 (compatible; Googlebot/2.1; +http://www.google.com/bot.html)"
66.249.76.80 - - [24/Oct/2017:08:15:20 +0200] "GET /uploads/pdfs/st.valentin/Weihnachten_2014_A2B.pdf HTTP/1.1" 200 31153 "-" "Mozilla/5.0 (compatible; Googlebot/2.1; +http://www.google.com/bot.html)"
193.83.168.158 - - [24/Oct/2017:08:15:23 +0200] "GET /guessing HTTP/1.1" 301 298 "http://m.facebook.com" "Mozilla/5.0 (iPhone; CPU iPhone OS 10_3_3 like Mac OS X) AppleWebKit/603.3.8 (KHTML, like Gecko) Mobile/14G60 [FBAN/FBIOS;FBAV/146.0.0.73.91;FBBV/75938921;FBDV/iPhone8,1;FBMD/iPhone;FBSN/iOS;FBSV/10.3.3;FBSS/2;FBCR/A1;FBID/phone;FBLC/de_DE;FBOP/5;FBRV/75938921]"
193.83.168.158 - - [24/Oct/2017:08:15:24 +0200] "GET /guessing HTTP/1.1" 200 2945 "http://m.facebook.com" "Mozilla/5.0 (iPhone; CPU iPhone OS 10_3_3 like Mac OS X) AppleWebKit/603.3.8 (KHTML, like Gecko) Mobile/14G60 [FBAN/FBIOS;FBAV/146.0.0.73.91;FBBV/75938921;FBDV/iPhone8,1;FBMD/iPhone;FBSN/iOS;FBSV/10.3.3;FBSS/2;FBCR/A1;FBID/phone;FBLC/de_DE;FBOP/5;FBRV/75938921]"
66.249.76.74 - - [24/Oct/2017:08:15:38 +0200] "GET /uploads/pdfs/amstetten/abendkurs28.11.206_A2BF.pdf HTTP/1.1" 301 328 "-" "Mozilla/5.0 (compatible; Googlebot/2.1; +http://www.google.com/bot.html)"
66.249.66.3 - - [24/Oct/2017:08:15:39 +0200] "GET /uploads/pdfs/amstetten/abendkurs28.11.206_A2BF.pdf HTTP/1.1" 200 29448 "-" "Mozilla/5.0 (compatible; Googlebot/2.1; +http://www.google.com/bot.html)"
66.249.76.74 - - [24/Oct/2017:08:15:57 +0200] "GET /st.valentin HTTP/1.1" 301 300 "-" "Mozilla/5.0 (Linux; Android 6.0.1; Nexus 5X Build/MMB29P) AppleWebKit/537.36 (KHTML, like Gecko) Chrome/41.0.2272.96 Mobile Safari/537.36 (compatible; Googlebot/2.1; +http://www.google.com/bot.html)"
66.249.66.3 - - [24/Oct/2017:08:15:57 +0200] "GET /st.valentin HTTP/1.1" 200 2948 "-" "Mozilla/5.0 (Linux; Android 6.0.1; Nexus 5X Build/MMB29P) AppleWebKit/537.36 (KHTML, like Gecko) Chrome/41.0.2272.96 Mobile Safari/537.36 (compatible; Googlebot/2.1; +http://www.google.com/bot.html)"
213.225.0.170 - - [24/Oct/2017:08:16:02 +0200] "GET /feldkirch HTTP/1.1" 200 2905 "https://www.easydrivers.at/feldkirch" "Mozilla/5.0 (iPhone; CPU iPhone OS 11_0_3 like Mac OS X) AppleWebKit/604.1.38 (KHTML, like Gecko) Version/11.0 Mobile/15A432 Safari/604.1"
66.249.66.30 - - [24/Oct/2017:08:16:15 +0200] "GET /uploads/pdfs/bruck.leitha/10256148_A2BF.pdf HTTP/1.1" 301 324 "-" "Mozilla/5.0 (compatible; Googlebot/2.1; +http://www.google.com/bot.html)"
66.249.66.3 - - [24/Oct/2017:08:16:16 +0200] "GET /uploads/pdfs/bruck.leitha/10256148_A2BF.pdf HTTP/1.1" 200 31873 "-" "Mozilla/5.0 (compatible; Googlebot/2.1; +http://www.google.com/bot.html)"
91.141.3.111 - - [24/Oct/2017:08:16:24 +0200] "GET /fuehrerscheine/lkw HTTP/1.1" 301 304 "https://www.google.at/" "Mozilla/5.0 (iPhone; CPU iPhone OS 11_0_3 like Mac OS X) AppleWebKit/604.1.38 (KHTML, like Gecko) Version/11.0 Mobile/15A432 Safari/604.1"
91.141.3.111 - - [24/Oct/2017:08:16:24 +0200] "GET /fuehrerscheine/lkw HTTP/1.1" 200 3734 "https://www.google.at/" "Mozilla/5.0 (iPhone; CPU iPhone OS 11_0_3 like Mac OS X) AppleWebKit/604.1.38 (KHTML, like Gecko) Version/11.0 Mobile/15A432 Safari/604.1"
91.141.3.111 - - [24/Oct/2017:08:16:26 +0200] "GET /javascript/jquery.cookie.js HTTP/1.1" 200 863 "https://www.easydrivers.at/fuehrerscheine/lkw" "Mozilla/5.0 (iPhone; CPU iPhone OS 11_0_3 like Mac OS X) AppleWebKit/604.1.38 (KHTML, like Gecko) Version/11.0 Mobile/15A432 Safari/604.1"
91.141.3.111 - - [24/Oct/2017:08:16:26 +0200] "GET /javascript/mobile-menu.js HTTP/1.1" 200 1634 "https://www.easydrivers.at/fuehrerscheine/lkw" "Mozilla/5.0 (iPhone; CPU iPhone OS 11_0_3 like Mac OS X) AppleWebKit/604.1.38 (KHTML, like Gecko) Version/11.0 Mobile/15A432 Safari/604.1"
91.141.3.111 - - [24/Oct/2017:08:16:26 +0200] "GET /css/mobile.css HTTP/1.1" 200 2852 "https://www.easydrivers.at/fuehrerscheine/lkw" "Mozilla/5.0 (iPhone; CPU iPhone OS 11_0_3 like Mac OS X) AppleWebKit/604.1.38 (KHTML, like Gecko) Version/11.0 Mobile/15A432 Safari/604.1"
91.141.3.111 - - [24/Oct/2017:08:16:26 +0200] "GET /javascript/jquery-1.9.1.min.js HTTP/1.1" 200 32731 "https://www.easydrivers.at/fuehrerscheine/lkw" "Mozilla/5.0 (iPhone; CPU iPhone OS 11_0_3 like Mac OS X) AppleWebKit/604.1.38 (KHTML, like Gecko) Version/11.0 Mobile/15A432 Safari/604.1"
91.141.3.111 - - [24/Oct/2017:08:16:26 +0200] "GET /javascript/mobile-license.js HTTP/1.1" 200 216 "https://www.easydrivers.at/fuehrerscheine/lkw" "Mozilla/5.0 (iPhone; CPU iPhone OS 11_0_3 like Mac OS X) AppleWebKit/604.1.38 (KHTML, like Gecko) Version/11.0 Mobile/15A432 Safari/604.1"
91.141.3.111 - - [24/Oct/2017:08:16:26 +0200] "GET /javascript/lazyload.js HTTP/1.1" 200 1170 "https://www.easydrivers.at/fuehrerscheine/lkw" "Mozilla/5.0 (iPhone; CPU iPhone OS 11_0_3 like Mac OS X) AppleWebKit/604.1.38 (KHTML, like Gecko) Version/11.0 Mobile/15A432 Safari/604.1"
91.141.3.111 - - [24/Oct/2017:08:16:26 +0200] "GET /javascript/jquery.simplemodal.js HTTP/1.1" 200 3070 "https://www.easydrivers.at/fuehrerscheine/lkw" "Mozilla/5.0 (iPhone; CPU iPhone OS 11_0_3 like Mac OS X) AppleWebKit/604.1.38 (KHTML, like Gecko) Version/11.0 Mobile/15A432 Safari/604.1"
91.141.3.111 - - [24/Oct/2017:08:16:27 +0200] "GET /img/mobile/easydrivers-logo-mobile.png HTTP/1.1" 200 10766 "https://www.easydrivers.at/fuehrerscheine/lkw" "Mozilla/5.0 (iPhone; CPU iPhone OS 11_0_3 like Mac OS X) AppleWebKit/604.1.38 (KHTML, like Gecko) Version/11.0 Mobile/15A432 Safari/604.1"
91.141.3.111 - - [24/Oct/2017:08:16:27 +0200] "GET /img/mobile/menu-button.png HTTP/1.1" 200 1746 "https://www.easydrivers.at/fuehrerscheine/lkw" "Mozilla/5.0 (iPhone; CPU iPhone OS 11_0_3 like Mac OS X) AppleWebKit/604.1.38 (KHTML, like Gecko) Version/11.0 Mobile/15A432 Safari/604.1"
91.141.3.111 - - [24/Oct/2017:08:16:27 +0200] "GET /img/mobile/facebook-icon.png HTTP/1.1" 200 1902 "https://www.easydrivers.at/fuehrerscheine/lkw" "Mozilla/5.0 (iPhone; CPU iPhone OS 11_0_3 like Mac OS X) AppleWebKit/604.1.38 (KHTML, like Gecko) Version/11.0 Mobile/15A432 Safari/604.1"
91.141.3.111 - - [24/Oct/2017:08:16:27 +0200] "GET /img/mobile/close-button.png HTTP/1.1" 200 2411 "https://www.easydrivers.at/fuehrerscheine/lkw" "Mozilla/5.0 (iPhone; CPU iPhone OS 11_0_3 like Mac OS X) AppleWebKit/604.1.38 (KHTML, like Gecko) Version/11.0 Mobile/15A432 Safari/604.1"
91.141.3.111 - - [24/Oct/2017:08:16:27 +0200] "GET /img/mobile/bg-menu.jpg HTTP/1.1" 200 1698 "https://www.easydrivers.at/fuehrerscheine/lkw" "Mozilla/5.0 (iPhone; CPU iPhone OS 11_0_3 like Mac OS X) AppleWebKit/604.1.38 (KHTML, like Gecko) Version/11.0 Mobile/15A432 Safari/604.1"
91.141.3.111 - - [24/Oct/2017:08:16:27 +0200] "GET /img/mobile/bg-yellow.jpg HTTP/1.1" 200 1569 "https://www.easydrivers.at/fuehrerscheine/lkw" "Mozilla/5.0 (iPhone; CPU iPhone OS 11_0_3 like Mac OS X) AppleWebKit/604.1.38 (KHTML, like Gecko) Version/11.0 Mobile/15A432 Safari/604.1"
91.141.3.111 - - [24/Oct/2017:08:16:27 +0200] "GET /img/mobile/bg-header.jpg HTTP/1.1" 200 19741 "https://www.easydrivers.at/fuehrerscheine/lkw" "Mozilla/5.0 (iPhone; CPU iPhone OS 11_0_3 like Mac OS X) AppleWebKit/604.1.38 (KHTML, like Gecko) Version/11.0 Mobile/15A432 Safari/604.1"
91.141.3.111 - - [24/Oct/2017:08:16:27 +0200] "GET /img/mobile/weiter-button.png HTTP/1.1" 200 1670 "https://www.easydrivers.at/fuehrerscheine/lkw" "Mozilla/5.0 (iPhone; CPU iPhone OS 11_0_3 like Mac OS X) AppleWebKit/604.1.38 (KHTML, like Gecko) Version/11.0 Mobile/15A432 Safari/604.1"
91.141.3.111 - - [24/Oct/2017:08:16:30 +0200] "GET /img/mobile/pfeil-links-small.png HTTP/1.1" 200 1065 "https://www.easydrivers.at/fuehrerscheine/lkw" "Mozilla/5.0 (iPhone; CPU iPhone OS 11_0_3 like Mac OS X) AppleWebKit/604.1.38 (KHTML, like Gecko) Version/11.0 Mobile/15A432 Safari/604.1"
91.141.3.111 - - [24/Oct/2017:08:16:30 +0200] "GET /img/mobile/pfeil-rechts-small.png HTTP/1.1" 200 1056 "https://www.easydrivers.at/fuehrerscheine/lkw" "Mozilla/5.0 (iPhone; CPU iPhone OS 11_0_3 like Mac OS X) AppleWebKit/604.1.38 (KHTML, like Gecko) Version/11.0 Mobile/15A432 Safari/604.1"
66.249.76.74 - - [24/Oct/2017:08:16:33 +0200] "GET /uploads/pdfs/leonding/10254057_A1L17.pdf HTTP/1.1" 301 322 "-" "Mozilla/5.0 (compatible; Googlebot/2.1; +http://www.google.com/bot.html)"
66.249.76.80 - - [24/Oct/2017:08:16:34 +0200] "GET /uploads/pdfs/leonding/10254057_A1L17.pdf HTTP/1.1" 200 35309 "-" "Mozilla/5.0 (compatible; Googlebot/2.1; +http://www.google.com/bot.html)"
193.27.50.89 - - [24/Oct/2017:08:16:37 +0200] "GET /links HTTP/1.1" 200 2408 "https://www.easydrivers.at/ueberuns" "Mozilla/5.0 (Windows NT 6.1; WOW64; Trident/7.0; rv:11.0) like Gecko"
193.27.50.89 - - [24/Oct/2017:08:16:39 +0200] "GET /binaries/easy-drivers-portal/pkw6jpg.jpg HTTP/1.1" 200 75742 "https://www.easydrivers.at/links" "Mozilla/5.0 (Windows NT 6.1; WOW64; Trident/7.0; rv:11.0) like Gecko"
193.27.50.89 - - [24/Oct/2017:08:16:39 +0200] "GET /img/top-image-overlay.png HTTP/1.1" 200 20650 "https://www.easydrivers.at/links" "Mozilla/5.0 (Windows NT 6.1; WOW64; Trident/7.0; rv:11.0) like Gecko"
66.249.76.74 - - [24/Oct/2017:08:16:52 +0200] "GET /uploads/pdfs/st.poelten/10260007_B-L.pdf HTTP/1.1" 301 320 "-" "Mozilla/5.0 (compatible; Googlebot/2.1; +http://www.google.com/bot.html)"
66.249.76.80 - - [24/Oct/2017:08:16:52 +0200] "GET /uploads/pdfs/st.poelten/10260007_B-L.pdf HTTP/1.1" 200 30731 "-" "Mozilla/5.0 (compatible; Googlebot/2.1; +http://www.google.com/bot.html)"
81.223.54.206 - - [24/Oct/2017:08:16:52 +0200] "GET /innsbruck HTTP/1.1" 301 300 "https://www.google.at/" "Mozilla/5.0 (Windows NT 6.1; WOW64; rv:56.0) Gecko/20100101 Firefox/56.0"
81.223.54.206 - - [24/Oct/2017:08:16:53 +0200] "GET /innsbruck HTTP/1.1" 200 3677 "https://www.google.at/" "Mozilla/5.0 (Windows NT 6.1; WOW64; rv:56.0) Gecko/20100101 Firefox/56.0"
81.223.54.206 - - [24/Oct/2017:08:16:55 +0200] "GET /javascript/portal.js?1221842734 HTTP/1.1" 200 3529 "https://www.easydrivers.at/innsbruck" "Mozilla/5.0 (Windows NT 6.1; WOW64; rv:56.0) Gecko/20100101 Firefox/56.0"
