185.162.47.16 - - [24/Oct/2017:06:00:32 +0200] "GET /binaries/easy-drivers-portal/widget-icon-trainingpng.png HTTP/1.1" 200 2662 "https://www.easydrivers.at/brigittenau" "Mozilla/5.0 (Windows NT 10.0; WOW64; Trident/7.0; Touch; rv:11.0) like Gecko"
185.162.47.16 - - [24/Oct/2017:06:00:32 +0200] "GET /img/schweiz-icon.png HTTP/1.1" 200 1504 "https://www.easydrivers.at/brigittenau" "Mozilla/5.0 (Windows NT 10.0; WOW64; Trident/7.0; Touch; rv:11.0) like Gecko"
185.162.47.16 - - [24/Oct/2017:06:00:32 +0200] "GET /img/info-button.png HTTP/1.1" 200 738 "https://www.easydrivers.at/brigittenau" "Mozilla/5.0 (Windows NT 10.0; WOW64; Trident/7.0; Touch; rv:11.0) like Gecko"
185.162.47.16 - - [24/Oct/2017:06:00:32 +0200] "GET /img/locator-icon.png HTTP/1.1" 200 1377 "https://www.easydrivers.at/brigittenau" "Mozilla/5.0 (Windows NT 10.0; WOW64; Trident/7.0; Touch; rv:11.0) like Gecko"
185.162.47.16 - - [24/Oct/2017:06:00:32 +0200] "GET /img/bg-footer.jpg HTTP/1.1" 200 31770 "https://www.easydrivers.at/css/style.css" "Mozilla/5.0 (Windows NT 10.0; WOW64; Trident/7.0; Touch; rv:11.0) like Gecko"
185.162.47.16 - - [24/Oct/2017:06:00:32 +0200] "GET /img/close-button-small.png HTTP/1.1" 200 1671 "https://www.easydrivers.at/brigittenau" "Mozilla/5.0 (Windows NT 10.0; WOW64; Trident/7.0; Touch; rv:11.0) like Gecko"
185.162.47.16 - - [24/Oct/2017:06:00:32 +0200] "GET /img/bg-top-section.jpg HTTP/1.1" 200 82172 "https://www.easydrivers.at/css/style.css" "Mozilla/5.0 (Windows NT 10.0; WOW64; Trident/7.0; Touch; rv:11.0) like Gecko"
185.162.47.16 - - [24/Oct/2017:06:00:32 +0200] "GET /img/submit-button.png HTTP/1.1" 200 1958 "https://www.easydrivers.at/brigittenau" "Mozilla/5.0 (Windows NT 10.0; WOW64; Trident/7.0; Touch; rv:11.0) like Gecko"
185.162.47.16 - - [24/Oct/2017:06:00:32 +0200] "GET /img/kursicon-print-pink.png HTTP/1.1" 200 1125 "https://www.easydrivers.at/brigittenau" "Mozilla/5.0 (Windows NT 10.0; WOW64; Trident/7.0; Touch; rv:11.0) like Gecko"
185.162.47.16 - - [24/Oct/2017:06:00:32 +0200] "GET /cache/emu/images/easy-drivers-portal10244077/aktionjpg_160_90_0.jpg HTTP/1.1" 200 3346 "https://www.easydrivers.at/brigittenau" "Mozilla/5.0 (Windows NT 10.0; WOW64; Trident/7.0; Touch; rv:11.0) like Gecko"
185.162.47.16 - - [24/Oct/2017:06:00:33 +0200] "GET /img/kursicon-download-pink.png HTTP/1.1" 200 1213 "https://www.easydrivers.at/brigittenau" "Mozilla/5.0 (Windows NT 10.0; WOW64; Trident/7.0; Touch; rv:11.0) like Gecko"
185.162.47.16 - - [24/Oct/2017:06:00:33 +0200] "GET /img/kursicon-share-pink.png HTTP/1.1" 200 1277 "https://www.easydrivers.at/brigittenau" "Mozilla/5.0 (Windows NT 10.0; WOW64; Trident/7.0; Touch; rv:11.0) like Gecko"
185.162.47.16 - - [24/Oct/2017:06:00:33 +0200] "GET /img/kursicon-phone-pink.png HTTP/1.1" 200 1286 "https://www.easydrivers.at/brigittenau" "Mozilla/5.0 (Windows NT 10.0; WOW64; Trident/7.0; Touch; rv:11.0) like Gecko"
185.162.47.16 - - [24/Oct/2017:06:00:33 +0200] "GET /css/print.css HTTP/1.1" 200 967 "https://www.easydrivers.at/brigittenau" "Mozilla/5.0 (Windows NT 10.0; WOW64; Trident/7.0; Touch; rv:11.0) like Gecko"
66.249.76.74 - - [24/Oct/2017:06:00:34 +0200] "GET /uploads/pdfs/linz/motorradkurs_juli_2016_A2B.pdf HTTP/1.1" 301 329 "-" "Mozilla/5.0 (compatible; Googlebot/2.1; +http://www.google.com/bot.html)"
66.249.76.80 - - [24/Oct/2017:06:00:34 +0200] "GET /uploads/pdfs/linz/motorradkurs_juli_2016_A2B.pdf HTTP/1.1" 200 29805 "-" "Mozilla/5.0 (compatible; Googlebot/2.1; +http://www.google.com/bot.html)"
185.162.47.16 - - [24/Oct/2017:06:00:48 +0200] "GET /links HTTP/1.1" 200 2407 "-" "Mozilla/5.0 (Windows NT 10.0; WOW64; Trident/7.0; Touch; rv:11.0) like Gecko"
185.162.47.16 - - [24/Oct/2017:06:00:50 +0200] "GET /css/style.css HTTP/1.1" 200 5004 "https://www.easydrivers.at/links" "Mozilla/5.0 (Windows NT 10.0; WOW64; Trident/7.0; Touch; rv:11.0) like Gecko"
185.162.47.16 - - [24/Oct/2017:06:00:50 +0200] "GET /javascript/jquery.customSelect.min.js HTTP/1.1" 200 912 "https://www.easydrivers.at/links" "Mozilla/5.0 (Windows NT 10.0; WOW64; Trident/7.0; Touch; rv:11.0) like Gecko"
185.162.47.16 - - [24/Oct/2017:06:00:50 +0200] "GET /javascript/jquery.cookie.js HTTP/1.1" 200 863 "https://www.easydrivers.at/links" "Mozilla/5.0 (Windows NT 10.0; WOW64; Trident/7.0; Touch; rv:11.0) like Gecko"
185.162.47.16 - - [24/Oct/2017:06:00:50 +0200] "GET /javascript/jquery.simplemodal.js HTTP/1.1" 200 3070 "https://www.easydrivers.at/links" "Mozilla/5.0 (Windows NT 10.0; WOW64; Trident/7.0; Touch; rv:11.0) like Gecko"
185.162.47.16 - - [24/Oct/2017:06:00:50 +0200] "GET /javascript/portal.js?1221842734 HTTP/1.1" 200 3529 "https://www.easydrivers.at/links" "Mozilla/5.0 (Windows NT 10.0; WOW64; Trident/7.0; Touch; rv:11.0) like Gecko"
185.162.47.16 - - [24/Oct/2017:06:00:50 +0200] "GET /img/ED_Logo.png HTTP/1.1" 200 3385 "https://www.easydrivers.at/css/style.css" "Mozilla/5.0 (Windows NT 10.0; WOW64; Trident/7.0; Touch; rv:11.0) like Gecko"
185.162.47.16 - - [24/Oct/2017:06:00:51 +0200] "GET /javascript/lazyload.js HTTP/1.1" 200 1170 "https://www.easydrivers.at/links" "Mozilla/5.0 (Windows NT 10.0; WOW64; Trident/7.0; Touch; rv:11.0) like Gecko"
185.162.47.16 - - [24/Oct/2017:06:00:51 +0200] "GET /img/close-button.png HTTP/1.1" 200 2237 "https://www.easydrivers.at/links" "Mozilla/5.0 (Windows NT 10.0; WOW64; Trident/7.0; Touch; rv:11.0) like Gecko"
185.162.47.16 - - [24/Oct/2017:06:00:51 +0200] "GET /img/top-image-overlay.png HTTP/1.1" 200 20650 "https://www.easydrivers.at/css/style.css" "Mozilla/5.0 (Windows NT 10.0; WOW64; Trident/7.0; Touch; rv:11.0) like Gecko"
185.162.47.16 - - [24/Oct/2017:06:00:51 +0200] "GET /img/bg-footer.jpg HTTP/1.1" 200 31770 "https://www.easydrivers.at/css/style.css" "Mozilla/5.0 (Windows NT 10.0; WOW64; Trident/7.0; Touch; rv:11.0) like Gecko"
185.162.47.16 - - [24/Oct/2017:06:00:51 +0200] "GET /img/bg-header.jpg HTTP/1.1" 200 38680 "https://www.easydrivers.at/css/style.css" "Mozilla/5.0 (Windows NT 10.0; WOW64; Trident/7.0; Touch; rv:11.0) like Gecko"
185.162.47.16 - - [24/Oct/2017:06:00:51 +0200] "GET /img/facebook-icon.png HTTP/1.1" 200 1506 "https://www.easydrivers.at/links" "Mozilla/5.0 (Windows NT 10.0; WOW64; Trident/7.0; Touch; rv:11.0) like Gecko"
185.162.47.16 - - [24/Oct/2017:06:00:51 +0200] "GET /img/schweiz-icon.png HTTP/1.1" 200 1504 "https://www.easydrivers.at/links" "Mozilla/5.0 (Windows NT 10.0; WOW64; Trident/7.0; Touch; rv:11.0) like Gecko"
185.162.47.16 - - [24/Oct/2017:06:00:51 +0200] "GET /img/kursicon-print-pink.png HTTP/1.1" 200 1125 "https://www.easydrivers.at/links" "Mozilla/5.0 (Windows NT 10.0; WOW64; Trident/7.0; Touch; rv:11.0) like Gecko"
185.162.47.16 - - [24/Oct/2017:06:00:51 +0200] "GET /img/kursicon-download-pink.png HTTP/1.1" 200 1213 "https://www.easydrivers.at/links" "Mozilla/5.0 (Windows NT 10.0; WOW64; Trident/7.0; Touch; rv:11.0) like Gecko"
185.162.47.16 - - [24/Oct/2017:06:00:51 +0200] "GET /img/kursicon-share-pink.png HTTP/1.1" 200 1277 "https://www.easydrivers.at/links" "Mozilla/5.0 (Windows NT 10.0; WOW64; Trident/7.0; Touch; rv:11.0) like Gecko"
185.162.47.16 - - [24/Oct/2017:06:00:51 +0200] "GET /binaries/easy-drivers-portal/pkw2jpg.jpg HTTP/1.1" 200 93020 "https://www.easydrivers.at/links" "Mozilla/5.0 (Windows NT 10.0; WOW64; Trident/7.0; Touch; rv:11.0) like Gecko"
185.162.47.16 - - [24/Oct/2017:06:00:51 +0200] "GET /img/kursicon-phone-pink.png HTTP/1.1" 200 1286 "https://www.easydrivers.at/links" "Mozilla/5.0 (Windows NT 10.0; WOW64; Trident/7.0; Touch; rv:11.0) like Gecko"
185.162.47.16 - - [24/Oct/2017:06:00:51 +0200] "GET /css/print.css HTTP/1.1" 200 967 "https://www.easydrivers.at/links" "Mozilla/5.0 (Windows NT 10.0; WOW64; Trident/7.0; Touch; rv:11.0) like Gecko"
66.249.76.74 - - [24/Oct/2017:06:00:52 +0200] "GET /uploads/pdfs/steyr/semesterkurs_B.pdf HTTP/1.1" 301 317 "-" "Mozilla/5.0 (compatible; Googlebot/2.1; +http://www.google.com/bot.html)"
66.249.76.80 - - [24/Oct/2017:06:00:52 +0200] "GET /uploads/pdfs/steyr/semesterkurs_B.pdf HTTP/1.1" 200 33000 "-" "Mozilla/5.0 (compatible; Googlebot/2.1; +http://www.google.com/bot.html)"
66.249.76.76 - - [24/Oct/2017:06:01:10 +0200] "GET /uploads/pdfs/eisenstadt/10279293_A1F.pdf HTTP/1.1" 301 320 "-" "Mozilla/5.0 (compatible; Googlebot/2.1; +http://www.google.com/bot.html)"
66.249.66.7 - - [24/Oct/2017:06:01:11 +0200] "GET /uploads/pdfs/eisenstadt/10279293_A1F.pdf HTTP/1.1" 200 30183 "-" "Mozilla/5.0 (compatible; Googlebot/2.1; +http://www.google.com/bot.html)"
66.249.76.74 - - [24/Oct/2017:06:01:29 +0200] "GET /uploads/pdfs/eisenstadt/10263202_A1L17.pdf HTTP/1.1" 301 322 "-" "Mozilla/5.0 (compatible; Googlebot/2.1; +http://www.google.com/bot.html)"
66.249.76.80 - - [24/Oct/2017:06:01:29 +0200] "GET /uploads/pdfs/eisenstadt/10263202_A1L17.pdf HTTP/1.1" 200 35827 "-" "Mozilla/5.0 (compatible; Googlebot/2.1; +http://www.google.com/bot.html)"
66.249.66.30 - - [24/Oct/2017:06:01:47 +0200] "GET /uploads/pdfs/reumannplatz/10279108_B-L.pdf HTTP/1.1" 301 323 "-" "Mozilla/5.0 (compatible; Googlebot/2.1; +http://www.google.com/bot.html)"
66.249.66.3 - - [24/Oct/2017:06:01:48 +0200] "GET /uploads/pdfs/reumannplatz/10279108_B-L.pdf HTTP/1.1" 200 29865 "-" "Mozilla/5.0 (compatible; Googlebot/2.1; +http://www.google.com/bot.html)"
46.125.249.8 - - [24/Oct/2017:06:01:56 +0200] "GET /amstetten HTTP/1.1" 301 298 "http://www.google.at/" "Mozilla/5.0 (Linux; Android 7.1.1; ONEPLUS A3003 Build/NMF26F) AppleWebKit/537.36 (KHTML, like Gecko) Chrome/61.0.3163.98 Mobile Safari/537.36"
46.125.249.8 - - [24/Oct/2017:06:01:57 +0200] "GET /amstetten HTTP/1.1" 200 2955 "http://www.google.at/" "Mozilla/5.0 (Linux; Android 7.1.1; ONEPLUS A3003 Build/NMF26F) AppleWebKit/537.36 (KHTML, like Gecko) Chrome/61.0.3163.98 Mobile Safari/537.36"
46.125.249.8 - - [24/Oct/2017:06:01:59 +0200] "GET /css/mobile.css HTTP/1.1" 200 2852 "https://www.easydrivers.at/amstetten" "Mozilla/5.0 (Linux; Android 7.1.1; ONEPLUS A3003 Build/NMF26F) AppleWebKit/537.36 (KHTML, like Gecko) Chrome/61.0.3163.98 Mobile Safari/537.36"
46.125.249.8 - - [24/Oct/2017:06:01:59 +0200] "GET /javascript/jquery-1.9.1.min.js HTTP/1.1" 200 32731 "https://www.easydrivers.at/amstetten" "Mozilla/5.0 (Linux; Android 7.1.1; ONEPLUS A3003 Build/NMF26F) AppleWebKit/537.36 (KHTML, like Gecko) Chrome/61.0.3163.98 Mobile Safari/537.36"
46.125.249.8 - - [24/Oct/2017:06:02:00 +0200] "GET /javascript/jquery.cookie.js HTTP/1.1" 200 863 "https://www.easydrivers.at/amstetten" "Mozilla/5.0 (Linux; Android 7.1.1; ONEPLUS A3003 Build/NMF26F) AppleWebKit/537.36 (KHTML, like Gecko) Chrome/61.0.3163.98 Mobile Safari/537.36"
46.125.249.8 - - [24/Oct/2017:06:02:00 +0200] "GET /javascript/mobile-menu.js HTTP/1.1" 200 1634 "https://www.easydrivers.at/amstetten" "Mozilla/5.0 (Linux; Android 7.1.1; ONEPLUS A3003 Build/NMF26F) AppleWebKit/537.36 (KHTML, like Gecko) Chrome/61.0.3163.98 Mobile Safari/537.36"
46.125.249.8 - - [24/Oct/2017:06:02:00 +0200] "GET /javascript/jquery.simplemodal.js HTTP/1.1" 200 3070 "https://www.easydrivers.at/amstetten" "Mozilla/5.0 (Linux; Android 7.1.1; ONEPLUS A3003 Build/NMF26F) AppleWebKit/537.36 (KHTML, like Gecko) Chrome/61.0.3163.98 Mobile Safari/537.36"
46.125.249.8 - - [24/Oct/2017:06:02:00 +0200] "GET /javascript/mobile-fahrschule.js HTTP/1.1" 200 328 "https://www.easydrivers.at/amstetten" "Mozilla/5.0 (Linux; Android 7.1.1; ONEPLUS A3003 Build/NMF26F) AppleWebKit/537.36 (KHTML, like Gecko) Chrome/61.0.3163.98 Mobile Safari/537.36"
46.125.249.8 - - [24/Oct/2017:06:02:00 +0200] "GET /img/mobile/bg-header.jpg HTTP/1.1" 200 19741 "https://www.easydrivers.at/css/mobile.css" "Mozilla/5.0 (Linux; Android 7.1.1; ONEPLUS A3003 Build/NMF26F) AppleWebKit/537.36 (KHTML, like Gecko) Chrome/61.0.3163.98 Mobile Safari/537.36"
46.125.249.8 - - [24/Oct/2017:06:02:00 +0200] "GET /javascript/lazyload.js HTTP/1.1" 200 1170 "https://www.easydrivers.at/amstetten" "Mozilla/5.0 (Linux; Android 7.1.1; ONEPLUS A3003 Build/NMF26F) AppleWebKit/537.36 (KHTML, like Gecko) Chrome/61.0.3163.98 Mobile Safari/537.36"
46.125.249.8 - - [24/Oct/2017:06:02:00 +0200] "GET /img/mobile/close-button.png HTTP/1.1" 200 2411 "https://www.easydrivers.at/amstetten" "Mozilla/5.0 (Linux; Android 7.1.1; ONEPLUS A3003 Build/NMF26F) AppleWebKit/537.36 (KHTML, like Gecko) Chrome/61.0.3163.98 Mobile Safari/537.36"
46.125.249.8 - - [24/Oct/2017:06:02:00 +0200] "GET /img/mobile/menu-button.png HTTP/1.1" 200 1746 "https://www.easydrivers.at/amstetten" "Mozilla/5.0 (Linux; Android 7.1.1; ONEPLUS A3003 Build/NMF26F) AppleWebKit/537.36 (KHTML, like Gecko) Chrome/61.0.3163.98 Mobile Safari/537.36"
46.125.249.8 - - [24/Oct/2017:06:02:00 +0200] "GET /img/mobile/easydrivers-logo-mobile.png HTTP/1.1" 200 10766 "https://www.easydrivers.at/amstetten" "Mozilla/5.0 (Linux; Android 7.1.1; ONEPLUS A3003 Build/NMF26F) AppleWebKit/537.36 (KHTML, like Gecko) Chrome/61.0.3163.98 Mobile Safari/537.36"
46.125.249.8 - - [24/Oct/2017:06:02:00 +0200] "GET /img/mobile/bg-top-section.jpg HTTP/1.1" 200 21711 "https://www.easydrivers.at/css/mobile.css" "Mozilla/5.0 (Linux; Android 7.1.1; ONEPLUS A3003 Build/NMF26F) AppleWebKit/537.36 (KHTML, like Gecko) Chrome/61.0.3163.98 Mobile Safari/537.36"
46.125.249.8 - - [24/Oct/2017:06:02:00 +0200] "GET /img/mobile/pfeil-rechts.png HTTP/1.1" 200 1228 "https://www.easydrivers.at/css/mobile.css" "Mozilla/5.0 (Linux; Android 7.1.1; ONEPLUS A3003 Build/NMF26F) AppleWebKit/537.36 (KHTML, like Gecko) Chrome/61.0.3163.98 Mobile Safari/537.36"
46.125.249.8 - - [24/Oct/2017:06:02:00 +0200] "GET /img/mobile/info-button.png HTTP/1.1" 200 1549 "https://www.easydrivers.at/amstetten" "Mozilla/5.0 (Linux; Android 7.1.1; ONEPLUS A3003 Build/NMF26F) AppleWebKit/537.36 (KHTML, like Gecko) Chrome/61.0.3163.98 Mobile Safari/537.36"
46.125.249.8 - - [24/Oct/2017:06:02:00 +0200] "GET /img/mobile/facebook-icon.png HTTP/1.1" 200 1902 "https://www.easydrivers.at/amstetten" "Mozilla/5.0 (Linux; Android 7.1.1; ONEPLUS A3003 Build/NMF26F) AppleWebKit/537.36 (KHTML, like Gecko) Chrome/61.0.3163.98 Mobile Safari/537.36"
46.125.249.8 - - [24/Oct/2017:06:02:00 +0200] "GET /img/mobile/info-close-button.png HTTP/1.1" 200 1721 "https://www.easydrivers.at/amstetten" "Mozilla/5.0 (Linux; Android 7.1.1; ONEPLUS A3003 Build/NMF26F) AppleWebKit/537.36 (KHTML, like Gecko) Chrome/61.0.3163.98 Mobile Safari/537.36"
46.125.249.8 - - [24/Oct/2017:06:02:00 +0200] "GET /img/smallicon-person.png HTTP/1.1" 200 1141 "https://www.easydrivers.at/amstetten" "Mozilla/5.0 (Linux; Android 7.1.1; ONEPLUS A3003 Build/NMF26F) AppleWebKit/537.36 (KHTML, like Gecko) Chrome/61.0.3163.98 Mobile Safari/537.36"
46.125.249.8 - - [24/Oct/2017:06:02:00 +0200] "GET /img/smallicon-address.png HTTP/1.1" 200 1211 "https://www.easydrivers.at/amstetten" "Mozilla/5.0 (Linux; Android 7.1.1; ONEPLUS A3003 Build/NMF26F) AppleWebKit/537.36 (KHTML, like Gecko) Chrome/61.0.3163.98 Mobile Safari/537.36"
46.125.249.8 - - [24/Oct/2017:06:02:00 +0200] "GET /img/mobile/googlemaps-pin.png HTTP/1.1" 200 1597 "https://www.easydrivers.at/amstetten" "Mozilla/5.0 (Linux; Android 7.1.1; ONEPLUS A3003 Build/NMF26F) AppleWebKit/537.36 (KHTML, like Gecko) Chrome/61.0.3163.98 Mobile Safari/537.36"
46.125.249.8 - - [24/Oct/2017:06:02:00 +0200] "GET /img/smallicon-time.png HTTP/1.1" 200 1262 "https://www.easydrivers.at/amstetten" "Mozilla/5.0 (Linux; Android 7.1.1; ONEPLUS A3003 Build/NMF26F) AppleWebKit/537.36 (KHTML, like Gecko) Chrome/61.0.3163.98 Mobile Safari/537.36"
46.125.249.8 - - [24/Oct/2017:06:02:00 +0200] "GET /img/smallicon-phone.png HTTP/1.1" 200 3056 "https://www.easydrivers.at/amstetten" "Mozilla/5.0 (Linux; Android 7.1.1; ONEPLUS A3003 Build/NMF26F) AppleWebKit/537.36 (KHTML, like Gecko) Chrome/61.0.3163.98 Mobile Safari/537.36"
46.125.249.8 - - [24/Oct/2017:06:02:00 +0200] "GET /img/smallicon-mail.png HTTP/1.1" 200 1341 "https://www.easydrivers.at/amstetten" "Mozilla/5.0 (Linux; Android 7.1.1; ONEPLUS A3003 Build/NMF26F) AppleWebKit/537.36 (KHTML, like Gecko) Chrome/61.0.3163.98 Mobile Safari/537.36"
46.125.249.8 - - [24/Oct/2017:06:02:00 +0200] "GET /img/mobile/widget-icon-app.png HTTP/1.1" 200 3458 "https://www.easydrivers.at/amstetten" "Mozilla/5.0 (Linux; Android 7.1.1; ONEPLUS A3003 Build/NMF26F) AppleWebKit/537.36 (KHTML, like Gecko) Chrome/61.0.3163.98 Mobile Safari/537.36"
46.125.249.8 - - [24/Oct/2017:06:02:00 +0200] "GET /img/mobile/bg-menu.jpg HTTP/1.1" 200 1698 "https://www.easydrivers.at/css/mobile.css" "Mozilla/5.0 (Linux; Android 7.1.1; ONEPLUS A3003 Build/NMF26F) AppleWebKit/537.36 (KHTML, like Gecko) Chrome/61.0.3163.98 Mobile Safari/537.36"
46.125.249.8 - - [24/Oct/2017:06:02:01 +0200] "GET /img/favicon.ico HTTP/1.1" 301 303 "-" "Mozilla/5.0 (Linux; Android 7.1.1; ONEPLUS A3003 Build/NMF26F) AppleWebKit/537.36 (KHTML, like Gecko) Chrome/61.0.3163.98 Mobile Safari/537.36"
46.125.249.8 - - [24/Oct/2017:06:02:01 +0200] "GET /img/favicon.ico HTTP/1.1" 404 301 "-" "Mozilla/5.0 (Linux; Android 7.1.1; ONEPLUS A3003 Build/NMF26F) AppleWebKit/537.36 (KHTML, like Gecko) Chrome/61.0.3163.98 Mobile Safari/537.36"
66.249.76.74 - - [24/Oct/2017:06:02:05 +0200] "GET /klagenfurt/10248817 HTTP/1.1" 301 308 "-" "Mozilla/5.0 (compatible; Googlebot/2.1; +http://www.google.com/bot.html)"
46.125.249.8 - - [24/Oct/2017:06:02:04 +0200] "POST /amstetten/kursauswahl HTTP/1.1" 200 3007 "https://www.easydrivers.at/amstetten" "Mozilla/5.0 (Linux; Android 7.1.1; ONEPLUS A3003 Build/NMF26F) AppleWebKit/537.36 (KHTML, like Gecko) Chrome/61.0.3163.98 Mobile Safari/537.36"
46.125.249.8 - - [24/Oct/2017:06:02:07 +0200] "GET /javascript/mobile-fahrschule-kurs-suchergebnis.js HTTP/1.1" 200 274 "https://www.easydrivers.at/amstetten/kursauswahl" "Mozilla/5.0 (Linux; Android 7.1.1; ONEPLUS A3003 Build/NMF26F) AppleWebKit/537.36 (KHTML, like Gecko) Chrome/61.0.3163.98 Mobile Safari/537.36"
46.125.249.8 - - [24/Oct/2017:06:02:07 +0200] "GET /img/mobile/pfeil-links-small.png HTTP/1.1" 200 1065 "https://www.easydrivers.at/css/mobile.css" "Mozilla/5.0 (Linux; Android 7.1.1; ONEPLUS A3003 Build/NMF26F) AppleWebKit/537.36 (KHTML, like Gecko) Chrome/61.0.3163.98 Mobile Safari/537.36"
46.125.249.8 - - [24/Oct/2017:06:02:07 +0200] "GET /img/mobile/bg-yellow.jpg HTTP/1.1" 200 1569 "https://www.easydrivers.at/css/mobile.css" "Mozilla/5.0 (Linux; Android 7.1.1; ONEPLUS A3003 Build/NMF26F) AppleWebKit/537.36 (KHTML, like Gecko) Chrome/61.0.3163.98 Mobile Safari/537.36"
46.125.249.8 - - [24/Oct/2017:06:02:07 +0200] "GET /img/loading-bars.gif HTTP/1.1" 200 3951 "https://www.easydrivers.at/css/mobile.css" "Mozilla/5.0 (Linux; Android 7.1.1; ONEPLUS A3003 Build/NMF26F) AppleWebKit/537.36 (KHTML, like Gecko) Chrome/61.0.3163.98 Mobile Safari/537.36"
66.249.76.84 - - [24/Oct/2017:06:02:06 +0200] "GET /klagenfurt/10248817 HTTP/1.1" 200 2895 "-" "Mozilla/5.0 (compatible; Googlebot/2.1; +http://www.google.com/bot.html)"
54.81.131.189 - - [24/Oct/2017:06:02:18 +0200] "GET /robots.txt HTTP/1.0" 301 300 "-" "CCBot/2.0 (http://commoncrawl.org/faq/)"
46.125.249.8 - - [24/Oct/2017:06:02:16 +0200] "POST /loadkursliste HTTP/1.1" 200 772 "https://www.easydrivers.at/amstetten/kursauswahl" "Mozilla/5.0 (Linux; Android 7.1.1; ONEPLUS A3003 Build/NMF26F) AppleWebKit/537.36 (KHTML, like Gecko) Chrome/61.0.3163.98 Mobile Safari/537.36"
54.81.131.189 - - [24/Oct/2017:06:02:19 +0200] "GET /hollabrunn/Grundkurs_IV_Sommer_2016?FS=BF HTTP/1.0" 301 324 "-" "CCBot/2.0 (http://commoncrawl.org/faq/)"
66.249.76.76 - - [24/Oct/2017:06:02:24 +0200] "GET /reumannplatz/Inhaberdaten HTTP/1.1" 301 309 "-" "Mozilla/5.0 (compatible; Googlebot/2.1; +http://www.google.com/bot.html)"
66.249.76.80 - - [24/Oct/2017:06:02:24 +0200] "GET /reumannplatz/Inhaberdaten HTTP/1.1" 200 3671 "-" "Mozilla/5.0 (compatible; Googlebot/2.1; +http://www.google.com/bot.html)"
54.81.131.189 - - [24/Oct/2017:06:02:30 +0200] "GET /robots.txt HTTP/1.0" 301 300 "-" "CCBot/2.0 (http://commoncrawl.org/faq/)"
54.81.131.189 - - [24/Oct/2017:06:02:31 +0200] "GET /dornbirn/10278882?FS=BF HTTP/1.0" 301 311 "-" "CCBot/2.0 (http://commoncrawl.org/faq/)"
66.249.76.74 - - [24/Oct/2017:06:02:42 +0200] "GET /uploads/pdfs/ennstal.bad.aussee/AKA-19-02-2015_B-L.pdf HTTP/1.1" 301 332 "-" "Mozilla/5.0 (compatible; Googlebot/2.1; +http://www.google.com/bot.html)"
66.249.76.80 - - [24/Oct/2017:06:02:42 +0200] "GET /uploads/pdfs/ennstal.bad.aussee/AKA-19-02-2015_B-L.pdf HTTP/1.1" 200 32091 "-" "Mozilla/5.0 (compatible; Googlebot/2.1; +http://www.google.com/bot.html)"
54.81.131.189 - - [24/Oct/2017:06:02:43 +0200] "GET /robots.txt HTTP/1.0" 301 300 "-" "CCBot/2.0 (http://commoncrawl.org/faq/)"
54.81.131.189 - - [24/Oct/2017:06:02:44 +0200] "GET /bruck.leitha/10279427?FS=A2B HTTP/1.0" 301 315 "-" "CCBot/2.0 (http://commoncrawl.org/faq/)"
46.125.249.8 - - [24/Oct/2017:06:02:49 +0200] "GET /amstetten/weihnachtskurs?FS=A1 HTTP/1.1" 200 3163 "https://www.easydrivers.at/amstetten/kursauswahl" "Mozilla/5.0 (Linux; Android 7.1.1; ONEPLUS A3003 Build/NMF26F) AppleWebKit/537.36 (KHTML, like Gecko) Chrome/61.0.3163.98 Mobile Safari/537.36"
46.125.249.8 - - [24/Oct/2017:06:02:51 +0200] "GET /img/mobile/kursicon-share.png HTTP/1.1" 200 2065 "https://www.easydrivers.at/amstetten/weihnachtskurs?FS=A1" "Mozilla/5.0 (Linux; Android 7.1.1; ONEPLUS A3003 Build/NMF26F) AppleWebKit/537.36 (KHTML, like Gecko) Chrome/61.0.3163.98 Mobile Safari/537.36"
46.125.249.8 - - [24/Oct/2017:06:02:51 +0200] "GET /img/mobile/kursicon-phone.png HTTP/1.1" 200 1932 "https://www.easydrivers.at/amstetten/weihnachtskurs?FS=A1" "Mozilla/5.0 (Linux; Android 7.1.1; ONEPLUS A3003 Build/NMF26F) AppleWebKit/537.36 (KHTML, like Gecko) Chrome/61.0.3163.98 Mobile Safari/537.36"
46.125.249.8 - - [24/Oct/2017:06:02:51 +0200] "GET /img/mobile/smallicon-phone.png HTTP/1.1" 200 1311 "https://www.easydrivers.at/amstetten/weihnachtskurs?FS=A1" "Mozilla/5.0 (Linux; Android 7.1.1; ONEPLUS A3003 Build/NMF26F) AppleWebKit/537.36 (KHTML, like Gecko) Chrome/61.0.3163.98 Mobile Safari/537.36"
46.125.249.8 - - [24/Oct/2017:06:02:51 +0200] "GET /img/mobile/smallicon-mail.png HTTP/1.1" 200 1335 "https://www.easydrivers.at/amstetten/weihnachtskurs?FS=A1" "Mozilla/5.0 (Linux; Android 7.1.1; ONEPLUS A3003 Build/NMF26F) AppleWebKit/537.36 (KHTML, like Gecko) Chrome/61.0.3163.98 Mobile Safari/537.36"
46.125.249.8 - - [24/Oct/2017:06:02:51 +0200] "GET /img/mobile/pfeil-rechts-small.png HTTP/1.1" 200 1056 "https://www.easydrivers.at/css/mobile.css" "Mozilla/5.0 (Linux; Android 7.1.1; ONEPLUS A3003 Build/NMF26F) AppleWebKit/537.36 (KHTML, like Gecko) Chrome/61.0.3163.98 Mobile Safari/537.36"
54.81.131.189 - - [24/Oct/2017:06:02:56 +0200] "GET /robots.txt HTTP/1.0" 301 300 "-" "CCBot/2.0 (http://commoncrawl.org/faq/)"
54.81.131.189 - - [24/Oct/2017:06:02:56 +0200] "GET /bruck.leitha/10279690?FS=A2BF HTTP/1.0" 301 316 "-" "CCBot/2.0 (http://commoncrawl.org/faq/)"
66.249.66.86 - - [24/Oct/2017:06:03:01 +0200] "GET /robots.txt HTTP/1.1" 301 303 "-" "Mozilla/5.0 (compatible; Googlebot/2.1; +http://www.google.com/bot.html)"
66.249.76.117 - - [24/Oct/2017:06:03:01 +0200] "GET / HTTP/1.1" 301 295 "-" "Mozilla/5.0 (compatible; Googlebot/2.1; +http://www.google.com/bot.html)"
46.125.249.8 - - [24/Oct/2017:06:03:03 +0200] "GET /amstetten HTTP/1.1" 200 2955 "http://www.google.at/" "Mozilla/5.0 (Linux; Android 7.1.1; ONEPLUS A3003 Build/NMF26F) AppleWebKit/537.36 (KHTML, like Gecko) Chrome/61.0.3163.98 Mobile Safari/537.36"
54.81.131.189 - - [24/Oct/2017:06:03:07 +0200] "GET /robots.txt HTTP/1.0" 301 300 "-" "CCBot/2.0 (http://commoncrawl.org/faq/)"
54.81.131.189 - - [24/Oct/2017:06:03:08 +0200] "GET /hollabrunn/C_CE_Kurs_September_2017?FS=BC HTTP/1.0" 301 323 "-" "CCBot/2.0 (http://commoncrawl.org/faq/)"
46.37.82.193 - - [24/Oct/2017:06:03:13 +0200] "GET / HTTP/1.1" 301 386 "-" "Java/1.7.0_79"
213.162.68.231 - - [24/Oct/2017:06:03:17 +0200] "GET /voesendorf/Aktionen HTTP/1.1" 301 307 "http://m.facebook.com/" "Mozilla/5.0 (Linux; Android 7.0; WAS-LX1 Build/HUAWEIWAS-LX1; wv) AppleWebKit/537.36 (KHTML, like Gecko) Version/4.0 Chrome/61.0.3163.98 Mobile Safari/537.36 [FB_IAB/FB4A;FBAV/146.0.0.53.92;]"
46.37.82.193 - - [24/Oct/2017:06:03:17 +0200] "GET /https://www.easydrivers.at HTTP/1.1" 301 412 "-" "Java/1.7.0_79"
66.249.76.74 - - [24/Oct/2017:06:03:19 +0200] "GET /brigittenau/10290382 HTTP/1.1" 301 308 "-" "Mozilla/5.0 (compatible; Googlebot/2.1; +http://www.google.com/bot.html)"
54.81.131.189 - - [24/Oct/2017:06:03:19 +0200] "GET /robots.txt HTTP/1.0" 301 300 "-" "CCBot/2.0 (http://commoncrawl.org/faq/)"
213.162.68.231 - - [24/Oct/2017:06:03:17 +0200] "GET /voesendorf/Aktionen HTTP/1.1" 200 3548 "http://m.facebook.com/" "Mozilla/5.0 (Linux; Android 7.0; WAS-LX1 Build/HUAWEIWAS-LX1; wv) AppleWebKit/537.36 (KHTML, like Gecko) Version/4.0 Chrome/61.0.3163.98 Mobile Safari/537.36 [FB_IAB/FB4A;FBAV/146.0.0.53.92;]"
54.81.131.189 - - [24/Oct/2017:06:03:20 +0200] "GET /dornbirn/10248221?FS=CCE HTTP/1.0" 301 311 "-" "CCBot/2.0 (http://commoncrawl.org/faq/)"
66.249.66.3 - - [24/Oct/2017:06:03:19 +0200] "GET /brigittenau/10290382 HTTP/1.1" 200 3225 "-" "Mozilla/5.0 (compatible; Googlebot/2.1; +http://www.google.com/bot.html)"
46.125.249.8 - - [24/Oct/2017:06:03:22 +0200] "-" 408 - "-" "-"
46.125.249.8 - - [24/Oct/2017:06:03:22 +0200] "-" 408 - "-" "-"
46.125.249.8 - - [24/Oct/2017:06:03:22 +0200] "-" 408 - "-" "-"
46.125.249.8 - - [24/Oct/2017:06:03:22 +0200] "-" 408 - "-" "-"
46.125.249.8 - - [24/Oct/2017:06:03:22 +0200] "-" 408 - "-" "-"
54.81.131.189 - - [24/Oct/2017:06:03:30 +0200] "GET /robots.txt HTTP/1.0" 301 300 "-" "CCBot/2.0 (http://commoncrawl.org/faq/)"
54.81.131.189 - - [24/Oct/2017:06:03:30 +0200] "GET /hollabrunn/C_CE_Kurs_September_2017?FS=E HTTP/1.0" 301 322 "-" "CCBot/2.0 (http://commoncrawl.org/faq/)"
66.249.76.74 - - [24/Oct/2017:06:03:37 +0200] "GET /am.spitz/10289328 HTTP/1.1" 301 306 "-" "Mozilla/5.0 (compatible; Googlebot/2.1; +http://www.google.com/bot.html)"
66.249.76.80 - - [24/Oct/2017:06:03:38 +0200] "GET /am.spitz/10289328 HTTP/1.1" 200 3228 "-" "Mozilla/5.0 (compatible; Googlebot/2.1; +http://www.google.com/bot.html)"
54.81.131.189 - - [24/Oct/2017:06:03:47 +0200] "GET /robots.txt HTTP/1.0" 301 300 "-" "CCBot/2.0 (http://commoncrawl.org/faq/)"
54.81.131.189 - - [24/Oct/2017:06:03:48 +0200] "GET /bruck.leitha/10279427?FS=B HTTP/1.0" 301 314 "-" "CCBot/2.0 (http://commoncrawl.org/faq/)"
66.249.76.74 - - [24/Oct/2017:06:03:55 +0200] "GET /uploads/pdfs/wr.neustadt/10262976_B-L.pdf HTTP/1.1" 301 322 "-" "Mozilla/5.0 (compatible; Googlebot/2.1; +http://www.google.com/bot.html)"
66.249.76.80 - - [24/Oct/2017:06:03:56 +0200] "GET /uploads/pdfs/wr.neustadt/10262976_B-L.pdf HTTP/1.1" 200 29847 "-" "Mozilla/5.0 (compatible; Googlebot/2.1; +http://www.google.com/bot.html)"
54.81.131.189 - - [24/Oct/2017:06:03:56 +0200] "GET /robots.txt HTTP/1.0" 301 300 "-" "CCBot/2.0 (http://commoncrawl.org/faq/)"
54.81.131.189 - - [24/Oct/2017:06:03:57 +0200] "GET /hollabrunn/C_CE_Kurs_September_2017?FS=C HTTP/1.0" 301 322 "-" "CCBot/2.0 (http://commoncrawl.org/faq/)"
54.81.131.189 - - [24/Oct/2017:06:04:06 +0200] "GET /robots.txt HTTP/1.0" 301 300 "-" "CCBot/2.0 (http://commoncrawl.org/faq/)"
54.81.131.189 - - [24/Oct/2017:06:04:07 +0200] "GET /hollabrunn/Grundkurs_September_2017?FS=BL1796 HTTP/1.0" 301 328 "-" "CCBot/2.0 (http://commoncrawl.org/faq/)"
66.249.76.74 - - [24/Oct/2017:06:04:14 +0200] "GET /schwechat/10280398schwechat/10280398?FS=BPlus HTTP/1.1" 301 316 "-" "Mozilla/5.0 (compatible; Googlebot/2.1; +http://www.google.com/bot.html)"
66.249.66.7 - - [24/Oct/2017:06:04:14 +0200] "GET /schwechat/10280398schwechat/10280398?FS=BPlus HTTP/1.1" 410 3537 "-" "Mozilla/5.0 (compatible; Googlebot/2.1; +http://www.google.com/bot.html)"
54.81.131.189 - - [24/Oct/2017:06:04:21 +0200] "GET /robots.txt HTTP/1.0" 301 300 "-" "CCBot/2.0 (http://commoncrawl.org/faq/)"
54.81.131.189 - - [24/Oct/2017:06:04:22 +0200] "GET /schwechat/10280398?FS=A2BF HTTP/1.0" 301 313 "-" "CCBot/2.0 (http://commoncrawl.org/faq/)"
212.95.8.240 - - [24/Oct/2017:06:04:27 +0200] "GET /fuehrerscheine/auto?channel=fullversion HTTP/1.1" 200 3372 "-" "Mozilla/5.0 (Linux; Android 4.4.4; de-at; SAMSUNG GT-I9195I Build/KTU84P) AppleWebKit/537.36 (KHTML, like Gecko) Version/2.0 Chrome/34.0.1847.76 Mobile Safari/537.36"
66.249.76.76 - - [24/Oct/2017:06:04:32 +0200] "GET /uploads/pdfs/gmuend/10272075_A1L17.pdf HTTP/1.1" 301 320 "-" "Mozilla/5.0 (compatible; Googlebot/2.1; +http://www.google.com/bot.html)"
66.249.76.80 - - [24/Oct/2017:06:04:33 +0200] "GET /uploads/pdfs/gmuend/10272075_A1L17.pdf HTTP/1.1" 200 35614 "-" "Mozilla/5.0 (compatible; Googlebot/2.1; +http://www.google.com/bot.html)"
54.81.131.189 - - [24/Oct/2017:06:04:38 +0200] "GET /robots.txt HTTP/1.0" 301 300 "-" "CCBot/2.0 (http://commoncrawl.org/faq/)"
54.81.131.189 - - [24/Oct/2017:06:04:38 +0200] "GET /hollabrunn/BE_Kurs_Sommer_2?FS=BE HTTP/1.0" 301 318 "-" "CCBot/2.0 (http://commoncrawl.org/faq/)"
66.249.76.74 - - [24/Oct/2017:06:04:50 +0200] "GET /uploads/pdfs/hartberg/Osterintensivkurs-27-03-2015_B-L17.pdf HTTP/1.1" 301 337 "-" "Mozilla/5.0 (compatible; Googlebot/2.1; +http://www.google.com/bot.html)"
66.249.66.3 - - [24/Oct/2017:06:04:51 +0200] "GET /uploads/pdfs/hartberg/Osterintensivkurs-27-03-2015_B-L17.pdf HTTP/1.1" 200 33397 "-" "Mozilla/5.0 (compatible; Googlebot/2.1; +http://www.google.com/bot.html)"
54.81.131.189 - - [24/Oct/2017:06:04:52 +0200] "GET /robots.txt HTTP/1.0" 301 300 "-" "CCBot/2.0 (http://commoncrawl.org/faq/)"
54.81.131.189 - - [24/Oct/2017:06:04:53 +0200] "GET /bruck.leitha/10279425?FS=B-L17 HTTP/1.0" 301 317 "-" "CCBot/2.0 (http://commoncrawl.org/faq/)"
54.81.131.189 - - [24/Oct/2017:06:05:08 +0200] "GET /robots.txt HTTP/1.0" 301 300 "-" "CCBot/2.0 (http://commoncrawl.org/faq/)"
66.249.76.78 - - [24/Oct/2017:06:05:09 +0200] "GET /uploads/pdfs/bludenz/LKW-Kurs-CD-2015-08-03_CCE95.pdf HTTP/1.1" 301 334 "-" "Mozilla/5.0 (compatible; Googlebot/2.1; +http://www.google.com/bot.html)"
54.81.131.189 - - [24/Oct/2017:06:05:09 +0200] "GET /dornbirn/10278882?FS=B-L17 HTTP/1.0" 301 314 "-" "CCBot/2.0 (http://commoncrawl.org/faq/)"
66.249.66.5 - - [24/Oct/2017:06:05:09 +0200] "GET /uploads/pdfs/bludenz/LKW-Kurs-CD-2015-08-03_CCE95.pdf HTTP/1.1" 200 29219 "-" "Mozilla/5.0 (compatible; Googlebot/2.1; +http://www.google.com/bot.html)"
54.81.131.189 - - [24/Oct/2017:06:05:23 +0200] "GET /robots.txt HTTP/1.0" 301 300 "-" "CCBot/2.0 (http://commoncrawl.org/faq/)"
54.81.131.189 - - [24/Oct/2017:06:05:24 +0200] "GET /bruck.leitha/10279427?FS=BBE HTTP/1.0" 301 315 "-" "CCBot/2.0 (http://commoncrawl.org/faq/)"
66.249.76.74 - - [24/Oct/2017:06:05:27 +0200] "GET /uploads/pdfs/enns/10254607_AM-M1.pdf HTTP/1.1" 301 319 "-" "Mozilla/5.0 (compatible; Googlebot/2.1; +http://www.google.com/bot.html)"
66.249.76.82 - - [24/Oct/2017:06:05:28 +0200] "GET /uploads/pdfs/enns/10254607_AM-M1.pdf HTTP/1.1" 200 27181 "-" "Mozilla/5.0 (compatible; Googlebot/2.1; +http://www.google.com/bot.html)"
54.81.131.189 - - [24/Oct/2017:06:05:37 +0200] "GET /robots.txt HTTP/1.0" 301 300 "-" "CCBot/2.0 (http://commoncrawl.org/faq/)"
54.81.131.189 - - [24/Oct/2017:06:05:38 +0200] "GET /schwechat/10280329?FS=C HTTP/1.0" 301 311 "-" "CCBot/2.0 (http://commoncrawl.org/faq/)"
51.255.65.82 - - [24/Oct/2017:06:05:36 +0200] "GET /bad.voeslau/Inhaberdaten HTTP/1.1" 200 3821 "-" "Mozilla/5.0 (compatible; AhrefsBot/5.2; +http://ahrefs.com/robot/)"
66.249.76.74 - - [24/Oct/2017:06:05:45 +0200] "GET /uploads/pdfs/krems/10279334_A2B.pdf HTTP/1.1" 301 318 "-" "Mozilla/5.0 (compatible; Googlebot/2.1; +http://www.google.com/bot.html)"
66.249.76.80 - - [24/Oct/2017:06:05:46 +0200] "GET /uploads/pdfs/krems/10279334_A2B.pdf HTTP/1.1" 200 30016 "-" "Mozilla/5.0 (compatible; Googlebot/2.1; +http://www.google.com/bot.html)"
54.81.131.189 - - [24/Oct/2017:06:05:51 +0200] "GET /robots.txt HTTP/1.0" 301 300 "-" "CCBot/2.0 (http://commoncrawl.org/faq/)"
54.81.131.189 - - [24/Oct/2017:06:05:52 +0200] "GET /bruck.leitha/10279422?FS=B-L HTTP/1.0" 301 315 "-" "CCBot/2.0 (http://commoncrawl.org/faq/)"
66.249.76.74 - - [24/Oct/2017:06:06:04 +0200] "GET /uploads/pdfs/skarabela.gross-enzersdorf/Februarkurs_BL1796.pdf HTTP/1.1" 301 338 "-" "Mozilla/5.0 (compatible; Googlebot/2.1; +http://www.google.com/bot.html)"
66.249.76.80 - - [24/Oct/2017:06:06:04 +0200] "GET /uploads/pdfs/skarabela.gross-enzersdorf/Februarkurs_BL1796.pdf HTTP/1.1" 200 34703 "-" "Mozilla/5.0 (compatible; Googlebot/2.1; +http://www.google.com/bot.html)"
54.81.131.189 - - [24/Oct/2017:06:06:07 +0200] "GET /robots.txt HTTP/1.0" 301 300 "-" "CCBot/2.0 (http://commoncrawl.org/faq/)"
54.81.131.189 - - [24/Oct/2017:06:06:07 +0200] "GET /hollabrunn/Grundkurs_IV_Sommer_2016?FS=BPlus HTTP/1.0" 301 327 "-" "CCBot/2.0 (http://commoncrawl.org/faq/)"
66.249.76.74 - - [24/Oct/2017:06:06:22 +0200] "GET /uploads/pdfs/neunkirchen/10273680_B.pdf HTTP/1.1" 301 320 "-" "Mozilla/5.0 (compatible; Googlebot/2.1; +http://www.google.com/bot.html)"
66.249.76.80 - - [24/Oct/2017:06:06:23 +0200] "GET /uploads/pdfs/neunkirchen/10273680_B.pdf HTTP/1.1" 200 31565 "-" "Mozilla/5.0 (compatible; Googlebot/2.1; +http://www.google.com/bot.html)"
54.81.131.189 - - [24/Oct/2017:06:06:23 +0200] "GET /robots.txt HTTP/1.0" 301 300 "-" "CCBot/2.0 (http://commoncrawl.org/faq/)"
54.81.131.189 - - [24/Oct/2017:06:06:24 +0200] "GET /schwechat/10280446?FS=AM-M HTTP/1.0" 301 313 "-" "CCBot/2.0 (http://commoncrawl.org/faq/)"
54.81.131.189 - - [24/Oct/2017:06:06:36 +0200] "GET /robots.txt HTTP/1.0" 301 300 "-" "CCBot/2.0 (http://commoncrawl.org/faq/)"
54.81.131.189 - - [24/Oct/2017:06:06:37 +0200] "GET /skarabela.gross-enzersdorf/10280586?FS=BF HTTP/1.0" 301 324 "-" "CCBot/2.0 (http://commoncrawl.org/faq/)"
66.249.76.74 - - [24/Oct/2017:06:06:40 +0200] "GET /uploads/pdfs/hartberg/Herbstintensivkurs-02-11-2015_B-L17.pdf HTTP/1.1" 301 337 "-" "Mozilla/5.0 (compatible; Googlebot/2.1; +http://www.google.com/bot.html)"
66.249.66.3 - - [24/Oct/2017:06:06:41 +0200] "GET /uploads/pdfs/hartberg/Herbstintensivkurs-02-11-2015_B-L17.pdf HTTP/1.1" 200 32689 "-" "Mozilla/5.0 (compatible; Googlebot/2.1; +http://www.google.com/bot.html)"
157.55.39.113 - - [24/Oct/2017:06:06:44 +0200] "GET /binaries/easy-drivers-leonding/infopcpr-3.pdf HTTP/1.1" 200 73058 "-" "Mozilla/5.0 (compatible; bingbot/2.0; +http://www.bing.com/bingbot.htm)"
54.81.131.189 - - [24/Oct/2017:06:06:48 +0200] "GET /robots.txt HTTP/1.0" 301 300 "-" "CCBot/2.0 (http://commoncrawl.org/faq/)"
54.81.131.189 - - [24/Oct/2017:06:06:48 +0200] "GET /schwechat/10280392?FS=B HTTP/1.0" 301 311 "-" "CCBot/2.0 (http://commoncrawl.org/faq/)"
66.249.76.74 - - [24/Oct/2017:06:06:59 +0200] "GET /uploads/pdfs/kapfenberg.pankl/10260058_A2BF.pdf HTTP/1.1" 301 327 "-" "Mozilla/5.0 (compatible; Googlebot/2.1; +http://www.google.com/bot.html)"
66.249.76.80 - - [24/Oct/2017:06:06:59 +0200] "GET /uploads/pdfs/kapfenberg.pankl/10260058_A2BF.pdf HTTP/1.1" 200 29552 "-" "Mozilla/5.0 (compatible; Googlebot/2.1; +http://www.google.com/bot.html)"
54.81.131.189 - - [24/Oct/2017:06:07:00 +0200] "GET /robots.txt HTTP/1.0" 301 300 "-" "CCBot/2.0 (http://commoncrawl.org/faq/)"
54.81.131.189 - - [24/Oct/2017:06:07:00 +0200] "GET /bruck.leitha/10279412?FS=BBE HTTP/1.0" 301 315 "-" "CCBot/2.0 (http://commoncrawl.org/faq/)"
54.81.131.189 - - [24/Oct/2017:06:07:11 +0200] "GET /robots.txt HTTP/1.0" 301 300 "-" "CCBot/2.0 (http://commoncrawl.org/faq/)"
54.81.131.189 - - [24/Oct/2017:06:07:12 +0200] "GET /schwechat/10280386?FS=BBE HTTP/1.0" 301 312 "-" "CCBot/2.0 (http://commoncrawl.org/faq/)"
66.249.66.31 - - [24/Oct/2017:06:07:17 +0200] "GET /uploads/pdfs/hartberg/Sommerintensivkurs-27-07-2015_B.pdf HTTP/1.1" 301 335 "-" "Mozilla/5.0 (compatible; Googlebot/2.1; +http://www.google.com/bot.html)"
66.249.76.82 - - [24/Oct/2017:06:07:18 +0200] "GET /uploads/pdfs/hartberg/Sommerintensivkurs-27-07-2015_B.pdf HTTP/1.1" 200 32133 "-" "Mozilla/5.0 (compatible; Googlebot/2.1; +http://www.google.com/bot.html)"
54.81.131.189 - - [24/Oct/2017:06:07:26 +0200] "GET /robots.txt HTTP/1.0" 301 300 "-" "CCBot/2.0 (http://commoncrawl.org/faq/)"
54.81.131.189 - - [24/Oct/2017:06:07:26 +0200] "GET /bruck.leitha/10279425?FS=B HTTP/1.0" 301 314 "-" "CCBot/2.0 (http://commoncrawl.org/faq/)"
66.249.66.30 - - [24/Oct/2017:06:07:35 +0200] "GET /uploads/pdfs/feldkirch/LKW-Kurs-CD-2015-11-17_BCE.pdf HTTP/1.1" 301 333 "-" "Mozilla/5.0 (compatible; Googlebot/2.1; +http://www.google.com/bot.html)"
66.249.66.3 - - [24/Oct/2017:06:07:36 +0200] "GET /uploads/pdfs/feldkirch/LKW-Kurs-CD-2015-11-17_BCE.pdf HTTP/1.1" 200 29589 "-" "Mozilla/5.0 (compatible; Googlebot/2.1; +http://www.google.com/bot.html)"
207.46.13.133 - - [24/Oct/2017:06:07:45 +0200] "GET /am.spitz/10281204?FS=B HTTP/1.1" 410 3380 "-" "Mozilla/5.0 (compatible; bingbot/2.0; +http://www.bing.com/bingbot.htm)"
66.249.76.74 - - [24/Oct/2017:06:07:54 +0200] "GET /uploads/pdfs/dornbirn/10247038_A2BF.pdf HTTP/1.1" 301 321 "-" "Mozilla/5.0 (compatible; Googlebot/2.1; +http://www.google.com/bot.html)"
66.249.76.80 - - [24/Oct/2017:06:07:54 +0200] "GET /uploads/pdfs/dornbirn/10247038_A2BF.pdf HTTP/1.1" 200 33214 "-" "Mozilla/5.0 (compatible; Googlebot/2.1; +http://www.google.com/bot.html)"
66.249.66.30 - - [24/Oct/2017:06:08:12 +0200] "GET /uploads/pdfs/leonding/maerz_kurs_15_A2BF.pdf HTTP/1.1" 301 326 "-" "Mozilla/5.0 (compatible; Googlebot/2.1; +http://www.google.com/bot.html)"
66.249.66.7 - - [24/Oct/2017:06:08:13 +0200] "GET /uploads/pdfs/leonding/maerz_kurs_15_A2BF.pdf HTTP/1.1" 200 33877 "-" "Mozilla/5.0 (compatible; Googlebot/2.1; +http://www.google.com/bot.html)"
212.241.117.197 - - [24/Oct/2017:06:08:16 +0200] "GET /fuehrerscheine/traktor/F HTTP/1.1" 200 3700 "-" "Mozilla/5.0 (Macintosh; Intel Mac OS X 10_9_5) AppleWebKit/601.7.8 (KHTML, like Gecko) Version/9.1.3 Safari/537.86.7"
212.241.117.197 - - [24/Oct/2017:06:08:17 +0200] "GET /binaries/easy-drivers-portal/traktor5jpg.jpg HTTP/1.1" 200 119320 "https://www.easydrivers.at/fuehrerscheine/traktor/F" "Mozilla/5.0 (Macintosh; Intel Mac OS X 10_9_5) AppleWebKit/601.7.8 (KHTML, like Gecko) Version/9.1.3 Safari/537.86.7"
40.77.167.13 - - [24/Oct/2017:06:08:20 +0200] "GET /binaries/easy-drivers-neunkirchen--au/aabb.jpg HTTP/1.1" 200 5284895 "-" "Mozilla/5.0 (compatible; bingbot/2.0; +http://www.bing.com/bingbot.htm)"
66.249.76.74 - - [24/Oct/2017:06:08:30 +0200] "GET /uploads/pdfs/oberwart/weihnachtskurs_22.12.14_A1L17.pdf HTTP/1.1" 301 331 "-" "Mozilla/5.0 (compatible; Googlebot/2.1; +http://www.google.com/bot.html)"
66.249.76.80 - - [24/Oct/2017:06:08:31 +0200] "GET /uploads/pdfs/oberwart/weihnachtskurs_22.12.14_A1L17.pdf HTTP/1.1" 200 37451 "-" "Mozilla/5.0 (compatible; Googlebot/2.1; +http://www.google.com/bot.html)"
66.249.66.30 - - [24/Oct/2017:06:08:49 +0200] "GET /uploads/pdfs/skarabela.gross-enzersdorf/Semesterkurs15_A1L17.pdf HTTP/1.1" 301 338 "-" "Mozilla/5.0 (compatible; Googlebot/2.1; +http://www.google.com/bot.html)"
66.249.66.3 - - [24/Oct/2017:06:08:49 +0200] "GET /uploads/pdfs/skarabela.gross-enzersdorf/Semesterkurs15_A1L17.pdf HTTP/1.1" 200 36574 "-" "Mozilla/5.0 (compatible; Googlebot/2.1; +http://www.google.com/bot.html)"
178.191.220.179 - - [24/Oct/2017:06:08:59 +0200] "GET /guessing HTTP/1.1" 301 298 "http://m.facebook.com" "Mozilla/5.0 (iPhone; CPU iPhone OS 11_0_3 like Mac OS X) AppleWebKit/604.1.38 (KHTML, like Gecko) Mobile/15A432 [FBAN/FBIOS;FBAV/146.0.0.73.91;FBBV/75938921;FBDV/iPhone9,3;FBMD/iPhone;FBSN/iOS;FBSV/11.0.3;FBSS/2;FBCR/A1;FBID/phone;FBLC/de_DE;FBOP/5;FBRV/75938921]"
178.191.220.179 - - [24/Oct/2017:06:08:59 +0200] "GET /guessing HTTP/1.1" 200 2945 "http://m.facebook.com" "Mozilla/5.0 (iPhone; CPU iPhone OS 11_0_3 like Mac OS X) AppleWebKit/604.1.38 (KHTML, like Gecko) Mobile/15A432 [FBAN/FBIOS;FBAV/146.0.0.73.91;FBBV/75938921;FBDV/iPhone9,3;FBMD/iPhone;FBSN/iOS;FBSV/11.0.3;FBSS/2;FBCR/A1;FBID/phone;FBLC/de_DE;FBOP/5;FBRV/75938921]"
178.191.220.179 - - [24/Oct/2017:06:09:02 +0200] "GET /img/mobile/easydrivers-logo-mobile.png HTTP/1.1" 301 312 "-" "Mozilla/5.0 (iPhone; CPU iPhone OS 11_0_3 like Mac OS X) AppleWebKit/604.1.38 (KHTML, like Gecko) Mobile/15A432 [FBAN/FBIOS;FBAV/146.0.0.73.91;FBBV/75938921;FBDV/iPhone9,3;FBMD/iPhone;FBSN/iOS;FBSV/11.0.3;FBSS/2;FBCR/A1;FBID/phone;FBLC/de_DE;FBOP/5;FBRV/75938921]"
178.191.220.179 - - [24/Oct/2017:06:09:03 +0200] "GET /img/mobile/easydrivers-logo-mobile.png HTTP/1.1" 200 10766 "-" "Mozilla/5.0 (iPhone; CPU iPhone OS 11_0_3 like Mac OS X) AppleWebKit/604.1.38 (KHTML, like Gecko) Mobile/15A432 [FBAN/FBIOS;FBAV/146.0.0.73.91;FBBV/75938921;FBDV/iPhone9,3;FBMD/iPhone;FBSN/iOS;FBSV/11.0.3;FBSS/2;FBCR/A1;FBID/phone;FBLC/de_DE;FBOP/5;FBRV/75938921]"
66.249.66.30 - - [24/Oct/2017:06:09:07 +0200] "GET /uploads/pdfs/skarabela.gross-enzersdorf/Maerzkurs_B.pdf HTTP/1.1" 301 331 "-" "Mozilla/5.0 (compatible; Googlebot/2.1; +http://www.google.com/bot.html)"
66.249.76.80 - - [24/Oct/2017:06:09:08 +0200] "GET /uploads/pdfs/skarabela.gross-enzersdorf/Maerzkurs_B.pdf HTTP/1.1" 200 30616 "-" "Mozilla/5.0 (compatible; Googlebot/2.1; +http://www.google.com/bot.html)"
66.249.76.74 - - [24/Oct/2017:06:09:25 +0200] "GET /portal/pruefprotokoll/index.php HTTP/1.1" 301 314 "-" "Mozilla/5.0 (Linux; Android 6.0.1; Nexus 5X Build/MMB29P) AppleWebKit/537.36 (KHTML, like Gecko) Chrome/41.0.2272.96 Mobile Safari/537.36 (compatible; Googlebot/2.1; +http://www.google.com/bot.html)"
66.249.66.3 - - [24/Oct/2017:06:09:26 +0200] "GET /portal/pruefprotokoll/index.php HTTP/1.1" 404 2358 "-" "Mozilla/5.0 (Linux; Android 6.0.1; Nexus 5X Build/MMB29P) AppleWebKit/537.36 (KHTML, like Gecko) Chrome/41.0.2272.96 Mobile Safari/537.36 (compatible; Googlebot/2.1; +http://www.google.com/bot.html)"
178.191.220.179 - - [24/Oct/2017:06:09:32 +0200] "GET /img/mobile/menu-button.png HTTP/1.1" 301 311 "-" "Mozilla/5.0 (iPhone; CPU iPhone OS 11_0_3 like Mac OS X) AppleWebKit/604.1.38 (KHTML, like Gecko) Mobile/15A432 [FBAN/FBIOS;FBAV/146.0.0.73.91;FBBV/75938921;FBDV/iPhone9,3;FBMD/iPhone;FBSN/iOS;FBSV/11.0.3;FBSS/2;FBCR/A1;FBID/phone;FBLC/de_DE;FBOP/5;FBRV/75938921]"
178.191.220.179 - - [24/Oct/2017:06:09:32 +0200] "GET /img/mobile/menu-button.png HTTP/1.1" 200 1746 "-" "Mozilla/5.0 (iPhone; CPU iPhone OS 11_0_3 like Mac OS X) AppleWebKit/604.1.38 (KHTML, like Gecko) Mobile/15A432 [FBAN/FBIOS;FBAV/146.0.0.73.91;FBBV/75938921;FBDV/iPhone9,3;FBMD/iPhone;FBSN/iOS;FBSV/11.0.3;FBSS/2;FBCR/A1;FBID/phone;FBLC/de_DE;FBOP/5;FBRV/75938921]"
66.249.76.74 - - [24/Oct/2017:06:09:44 +0200] "GET /uploads/pdfs/hollabrunn/Grundkurs_Mai_2017_B-L.pdf HTTP/1.1" 301 329 "-" "Mozilla/5.0 (compatible; Googlebot/2.1; +http://www.google.com/bot.html)"
66.249.66.3 - - [24/Oct/2017:06:09:44 +0200] "GET /uploads/pdfs/hollabrunn/Grundkurs_Mai_2017_B-L.pdf HTTP/1.1" 200 36704 "-" "Mozilla/5.0 (compatible; Googlebot/2.1; +http://www.google.com/bot.html)"
40.77.167.88 - - [24/Oct/2017:06:09:57 +0200] "GET /st.poelten/kurse HTTP/1.1" 301 304 "-" "Mozilla/5.0 (iPhone; CPU iPhone OS 7_0 like Mac OS X) AppleWebKit/537.51.1 (KHTML, like Gecko) Version/7.0 Mobile/11A465 Safari/9537.53 (compatible; bingbot/2.0; +http://www.bing.com/bingbot.htm)"
66.249.76.74 - - [24/Oct/2017:06:10:02 +0200] "GET /uploads/pdfs/st.poelten/10271894_A2B.pdf HTTP/1.1" 301 321 "-" "Mozilla/5.0 (compatible; Googlebot/2.1; +http://www.google.com/bot.html)"
66.249.66.5 - - [24/Oct/2017:06:10:03 +0200] "GET /uploads/pdfs/st.poelten/10271894_A2B.pdf HTTP/1.1" 200 30319 "-" "Mozilla/5.0 (compatible; Googlebot/2.1; +http://www.google.com/bot.html)"
178.191.220.179 - - [24/Oct/2017:06:10:05 +0200] "GET /img/mobile/close-button.png HTTP/1.1" 301 312 "-" "Mozilla/5.0 (iPhone; CPU iPhone OS 11_0_3 like Mac OS X) AppleWebKit/604.1.38 (KHTML, like Gecko) Mobile/15A432 [FBAN/FBIOS;FBAV/146.0.0.73.91;FBBV/75938921;FBDV/iPhone9,3;FBMD/iPhone;FBSN/iOS;FBSV/11.0.3;FBSS/2;FBCR/A1;FBID/phone;FBLC/de_DE;FBOP/5;FBRV/75938921]"
178.191.220.179 - - [24/Oct/2017:06:10:05 +0200] "GET /img/mobile/close-button.png HTTP/1.1" 200 2411 "-" "Mozilla/5.0 (iPhone; CPU iPhone OS 11_0_3 like Mac OS X) AppleWebKit/604.1.38 (KHTML, like Gecko) Mobile/15A432 [FBAN/FBIOS;FBAV/146.0.0.73.91;FBBV/75938921;FBDV/iPhone9,3;FBMD/iPhone;FBSN/iOS;FBSV/11.0.3;FBSS/2;FBCR/A1;FBID/phone;FBLC/de_DE;FBOP/5;FBRV/75938921]"
40.77.167.88 - - [24/Oct/2017:06:10:04 +0200] "GET /st.poelten/kurse HTTP/1.1" 200 3123 "-" "Mozilla/5.0 (iPhone; CPU iPhone OS 7_0 like Mac OS X) AppleWebKit/537.51.1 (KHTML, like Gecko) Version/7.0 Mobile/11A465 Safari/9537.53 (compatible; bingbot/2.0; +http://www.bing.com/bingbot.htm)"
66.249.66.31 - - [24/Oct/2017:06:10:20 +0200] "GET /uploads/pdfs/wallensteinplatz/10257395_B-L.pdf HTTP/1.1" 301 327 "-" "Mozilla/5.0 (compatible; Googlebot/2.1; +http://www.google.com/bot.html)"
66.249.66.5 - - [24/Oct/2017:06:10:21 +0200] "GET /uploads/pdfs/wallensteinplatz/10257395_B-L.pdf HTTP/1.1" 200 30782 "-" "Mozilla/5.0 (compatible; Googlebot/2.1; +http://www.google.com/bot.html)"
178.191.220.179 - - [24/Oct/2017:06:10:35 +0200] "GET /img/mobile/info-button.png HTTP/1.1" 301 312 "-" "Mozilla/5.0 (iPhone; CPU iPhone OS 11_0_3 like Mac OS X) AppleWebKit/604.1.38 (KHTML, like Gecko) Mobile/15A432 [FBAN/FBIOS;FBAV/146.0.0.73.91;FBBV/75938921;FBDV/iPhone9,3;FBMD/iPhone;FBSN/iOS;FBSV/11.0.3;FBSS/2;FBCR/A1;FBID/phone;FBLC/de_DE;FBOP/5;FBRV/75938921]"
178.191.220.179 - - [24/Oct/2017:06:10:35 +0200] "GET /img/mobile/info-button.png HTTP/1.1" 200 1549 "-" "Mozilla/5.0 (iPhone; CPU iPhone OS 11_0_3 like Mac OS X) AppleWebKit/604.1.38 (KHTML, like Gecko) Mobile/15A432 [FBAN/FBIOS;FBAV/146.0.0.73.91;FBBV/75938921;FBDV/iPhone9,3;FBMD/iPhone;FBSN/iOS;FBSV/11.0.3;FBSS/2;FBCR/A1;FBID/phone;FBLC/de_DE;FBOP/5;FBRV/75938921]"
66.249.66.30 - - [24/Oct/2017:06:10:39 +0200] "GET /uploads/pdfs/schwechat/10256464_A2BF.pdf HTTP/1.1" 301 320 "-" "Mozilla/5.0 (compatible; Googlebot/2.1; +http://www.google.com/bot.html)"
66.249.66.3 - - [24/Oct/2017:06:10:39 +0200] "GET /uploads/pdfs/schwechat/10256464_A2BF.pdf HTTP/1.1" 200 30115 "-" "Mozilla/5.0 (compatible; Googlebot/2.1; +http://www.google.com/bot.html)"
66.249.76.74 - - [24/Oct/2017:06:10:57 +0200] "GET /uploads/pdfs/hartberg/10273124_AM-M.pdf HTTP/1.1" 301 321 "-" "Mozilla/5.0 (compatible; Googlebot/2.1; +http://www.google.com/bot.html)"
66.249.76.80 - - [24/Oct/2017:06:10:58 +0200] "GET /uploads/pdfs/hartberg/10273124_AM-M.pdf HTTP/1.1" 200 28421 "-" "Mozilla/5.0 (compatible; Googlebot/2.1; +http://www.google.com/bot.html)"
178.191.220.179 - - [24/Oct/2017:06:11:07 +0200] "GET /img/mobile/info-close-button.png HTTP/1.1" 301 316 "-" "Mozilla/5.0 (iPhone; CPU iPhone OS 11_0_3 like Mac OS X) AppleWebKit/604.1.38 (KHTML, like Gecko) Mobile/15A432 [FBAN/FBIOS;FBAV/146.0.0.73.91;FBBV/75938921;FBDV/iPhone9,3;FBMD/iPhone;FBSN/iOS;FBSV/11.0.3;FBSS/2;FBCR/A1;FBID/phone;FBLC/de_DE;FBOP/5;FBRV/75938921]"
178.191.220.179 - - [24/Oct/2017:06:11:07 +0200] "GET /img/smallicon-person.png HTTP/1.1" 301 309 "-" "Mozilla/5.0 (iPhone; CPU iPhone OS 11_0_3 like Mac OS X) AppleWebKit/604.1.38 (KHTML, like Gecko) Mobile/15A432 [FBAN/FBIOS;FBAV/146.0.0.73.91;FBBV/75938921;FBDV/iPhone9,3;FBMD/iPhone;FBSN/iOS;FBSV/11.0.3;FBSS/2;FBCR/A1;FBID/phone;FBLC/de_DE;FBOP/5;FBRV/75938921]"
178.191.220.179 - - [24/Oct/2017:06:11:07 +0200] "GET /img/mobile/info-close-button.png HTTP/1.1" 200 1721 "-" "Mozilla/5.0 (iPhone; CPU iPhone OS 11_0_3 like Mac OS X) AppleWebKit/604.1.38 (KHTML, like Gecko) Mobile/15A432 [FBAN/FBIOS;FBAV/146.0.0.73.91;FBBV/75938921;FBDV/iPhone9,3;FBMD/iPhone;FBSN/iOS;FBSV/11.0.3;FBSS/2;FBCR/A1;FBID/phone;FBLC/de_DE;FBOP/5;FBRV/75938921]"
66.249.76.84 - - [24/Oct/2017:06:11:10 +0200] "GET /binaries/easy-drivers-portal/widget-icon-apppng.png HTTP/1.1" 304 - "-" "Googlebot-Image/1.0"
66.249.76.76 - - [24/Oct/2017:06:11:15 +0200] "GET /uploads/pdfs/krems/10279344_A2B.pdf HTTP/1.1" 301 318 "-" "Mozilla/5.0 (compatible; Googlebot/2.1; +http://www.google.com/bot.html)"
66.249.76.80 - - [24/Oct/2017:06:11:16 +0200] "GET /uploads/pdfs/krems/10279344_A2B.pdf HTTP/1.1" 200 30063 "-" "Mozilla/5.0 (compatible; Googlebot/2.1; +http://www.google.com/bot.html)"
66.249.66.30 - - [24/Oct/2017:06:11:34 +0200] "GET /uploads/pdfs/guessing/10260181_A2BF.pdf HTTP/1.1" 301 319 "-" "Mozilla/5.0 (compatible; Googlebot/2.1; +http://www.google.com/bot.html)"
66.249.66.3 - - [24/Oct/2017:06:11:34 +0200] "GET /uploads/pdfs/guessing/10260181_A2BF.pdf HTTP/1.1" 200 29487 "-" "Mozilla/5.0 (compatible; Googlebot/2.1; +http://www.google.com/bot.html)"
178.191.220.179 - - [24/Oct/2017:06:11:37 +0200] "GET /img/smallicon-address.png HTTP/1.1" 301 308 "-" "Mozilla/5.0 (iPhone; CPU iPhone OS 11_0_3 like Mac OS X) AppleWebKit/604.1.38 (KHTML, like Gecko) Mobile/15A432 [FBAN/FBIOS;FBAV/146.0.0.73.91;FBBV/75938921;FBDV/iPhone9,3;FBMD/iPhone;FBSN/iOS;FBSV/11.0.3;FBSS/2;FBCR/A1;FBID/phone;FBLC/de_DE;FBOP/5;FBRV/75938921]"
178.191.220.179 - - [24/Oct/2017:06:11:37 +0200] "GET /img/smallicon-person.png HTTP/1.1" 200 1141 "-" "Mozilla/5.0 (iPhone; CPU iPhone OS 11_0_3 like Mac OS X) AppleWebKit/604.1.38 (KHTML, like Gecko) Mobile/15A432 [FBAN/FBIOS;FBAV/146.0.0.73.91;FBBV/75938921;FBDV/iPhone9,3;FBMD/iPhone;FBSN/iOS;FBSV/11.0.3;FBSS/2;FBCR/A1;FBID/phone;FBLC/de_DE;FBOP/5;FBRV/75938921]"
88.117.21.17 - - [24/Oct/2017:06:11:46 +0200] "GET /fuehrerscheine/lkw HTTP/1.1" 200 3734 "https://www.google.at/" "Mozilla/5.0 (Linux; Android 7.0; SM-G920F Build/NRD90M) AppleWebKit/537.36 (KHTML, like Gecko) Chrome/61.0.3163.98 Mobile Safari/537.36"
88.117.21.17 - - [24/Oct/2017:06:11:49 +0200] "GET /img/favicon.ico HTTP/1.1" 404 301 "-" "Mozilla/5.0 (Linux; Android 7.0; SM-G920F Build/NRD90M) AppleWebKit/537.36 (KHTML, like Gecko) Chrome/61.0.3163.98 Mobile Safari/537.36"
180.76.15.154 - - [24/Oct/2017:06:11:50 +0200] "GET /bludenz/ HTTP/1.1" 301 299 "-" "Mozilla/5.0 (compatible; Baiduspider/2.0; +http://www.baidu.com/search/spider.html)"
180.76.15.134 - - [24/Oct/2017:06:11:51 +0200] "GET /bludenz/ HTTP/1.1" 301 149 "-" "Mozilla/5.0 (compatible; Baiduspider/2.0; +http://www.baidu.com/search/spider.html)"
