213.225.4.41 - - [24/Oct/2017:07:21:56 +0200] "GET /img/mobile/bg-top-section.jpg HTTP/1.1" 200 21711 "https://www.easydrivers.at/css/mobile.css" "Mozilla/5.0 (Linux; Android 5.1.1; SAMSUNG SM-G800F Build/LMY47X) AppleWebKit/537.36 (KHTML, like Gecko) SamsungBrowser/3.3 Chrome/38.0.2125.102 Mobile Safari/537.36"
213.225.4.41 - - [24/Oct/2017:07:21:56 +0200] "GET /img/mobile/bg-menu.jpg HTTP/1.1" 200 1698 "https://www.easydrivers.at/css/mobile.css" "Mozilla/5.0 (Linux; Android 5.1.1; SAMSUNG SM-G800F Build/LMY47X) AppleWebKit/537.36 (KHTML, like Gecko) SamsungBrowser/3.3 Chrome/38.0.2125.102 Mobile Safari/537.36"
213.225.4.41 - - [24/Oct/2017:07:21:59 +0200] "GET /img/favicon.ico HTTP/1.1" 301 303 "-" "Mozilla/5.0 (Linux; Android 5.1.1; SAMSUNG SM-G800F Build/LMY47X) AppleWebKit/537.36 (KHTML, like Gecko) SamsungBrowser/3.3 Chrome/38.0.2125.102 Mobile Safari/537.36"
213.225.4.41 - - [24/Oct/2017:07:22:00 +0200] "GET /img/favicon.ico HTTP/1.1" 404 301 "-" "Mozilla/5.0 (Linux; Android 5.1.1; SAMSUNG SM-G800F Build/LMY47X) AppleWebKit/537.36 (KHTML, like Gecko) SamsungBrowser/3.3 Chrome/38.0.2125.102 Mobile Safari/537.36"
195.22.127.175 - - [24/Oct/2017:07:22:00 +0200] "GET / HTTP/1.0" 301 296 "-" "Mozilla/5.0 (Windows NT 6.2; WOW64) AppleWebKit/537.36 (KHTML, like Gecko) Chrome/34.0.1847.116 Safari/537.36"
195.22.127.175 - - [24/Oct/2017:07:22:01 +0200] "GET / HTTP/1.0" 200 4425 "-" "Mozilla/5.0 (Windows NT 6.2; WOW64) AppleWebKit/537.36 (KHTML, like Gecko) Chrome/34.0.1847.116 Safari/537.36"
66.249.76.78 - - [24/Oct/2017:07:22:09 +0200] "GET /uploads/pdfs/am.spitz/10269762_A1L17.pdf HTTP/1.1" 301 322 "-" "Mozilla/5.0 (compatible; Googlebot/2.1; +http://www.google.com/bot.html)"
66.249.76.84 - - [24/Oct/2017:07:22:10 +0200] "GET /uploads/pdfs/am.spitz/10269762_A1L17.pdf HTTP/1.1" 200 35739 "-" "Mozilla/5.0 (compatible; Googlebot/2.1; +http://www.google.com/bot.html)"
213.225.4.41 - - [24/Oct/2017:07:22:19 +0200] "GET /wr.neustadt HTTP/1.1" 301 300 "https://www.google.at/" "Mozilla/5.0 (Linux; Android 5.1.1; SAMSUNG SM-G800F Build/LMY47X) AppleWebKit/537.36 (KHTML, like Gecko) SamsungBrowser/3.3 Chrome/38.0.2125.102 Mobile Safari/537.36"
213.225.4.41 - - [24/Oct/2017:07:22:19 +0200] "GET /wr.neustadt HTTP/1.1" 200 2988 "https://www.google.at/" "Mozilla/5.0 (Linux; Android 5.1.1; SAMSUNG SM-G800F Build/LMY47X) AppleWebKit/537.36 (KHTML, like Gecko) SamsungBrowser/3.3 Chrome/38.0.2125.102 Mobile Safari/537.36"
91.119.16.91 - - [24/Oct/2017:07:22:28 +0200] "GET /guessing HTTP/1.1" 301 298 "http://m.facebook.com/" "Mozilla/5.0 (Linux; Android 5.1.1; SM-J120FN Build/LMY47X; wv) AppleWebKit/537.36 (KHTML, like Gecko) Version/4.0 Chrome/61.0.3163.98 Mobile Safari/537.36 [FB_IAB/FB4A;FBAV/147.0.0.44.75;]"
66.249.76.76 - - [24/Oct/2017:07:22:28 +0200] "GET /uploads/pdfs/tulln/LKW_Theoriekurs_Jaenner_2015_C.pdf HTTP/1.1" 301 331 "-" "Mozilla/5.0 (compatible; Googlebot/2.1; +http://www.google.com/bot.html)"
66.249.66.5 - - [24/Oct/2017:07:22:28 +0200] "GET /uploads/pdfs/tulln/LKW_Theoriekurs_Jaenner_2015_C.pdf HTTP/1.1" 200 27394 "-" "Mozilla/5.0 (compatible; Googlebot/2.1; +http://www.google.com/bot.html)"
213.225.4.41 - - [24/Oct/2017:07:22:29 +0200] "GET / HTTP/1.1" 200 3579 "https://www.easydrivers.at/wr.neustadt" "Mozilla/5.0 (Linux; Android 5.1.1; SAMSUNG SM-G800F Build/LMY47X) AppleWebKit/537.36 (KHTML, like Gecko) SamsungBrowser/3.3 Chrome/38.0.2125.102 Mobile Safari/537.36"
91.119.16.91 - - [24/Oct/2017:07:22:28 +0200] "GET /guessing HTTP/1.1" 200 2945 "http://m.facebook.com/" "Mozilla/5.0 (Linux; Android 5.1.1; SM-J120FN Build/LMY47X; wv) AppleWebKit/537.36 (KHTML, like Gecko) Version/4.0 Chrome/61.0.3163.98 Mobile Safari/537.36 [FB_IAB/FB4A;FBAV/147.0.0.44.75;]"
213.225.4.41 - - [24/Oct/2017:07:22:30 +0200] "GET /javascript/mobile-homesearch.js HTTP/1.1" 200 340 "https://www.easydrivers.at/" "Mozilla/5.0 (Linux; Android 5.1.1; SAMSUNG SM-G800F Build/LMY47X) AppleWebKit/537.36 (KHTML, like Gecko) SamsungBrowser/3.3 Chrome/38.0.2125.102 Mobile Safari/537.36"
91.119.16.91 - - [24/Oct/2017:07:22:31 +0200] "GET /css/mobile.css HTTP/1.1" 200 2852 "https://www.easydrivers.at/guessing" "Mozilla/5.0 (Linux; Android 5.1.1; SM-J120FN Build/LMY47X; wv) AppleWebKit/537.36 (KHTML, like Gecko) Version/4.0 Chrome/61.0.3163.98 Mobile Safari/537.36 [FB_IAB/FB4A;FBAV/147.0.0.44.75;]"
91.119.16.91 - - [24/Oct/2017:07:22:31 +0200] "GET /javascript/jquery-1.9.1.min.js HTTP/1.1" 200 32731 "https://www.easydrivers.at/guessing" "Mozilla/5.0 (Linux; Android 5.1.1; SM-J120FN Build/LMY47X; wv) AppleWebKit/537.36 (KHTML, like Gecko) Version/4.0 Chrome/61.0.3163.98 Mobile Safari/537.36 [FB_IAB/FB4A;FBAV/147.0.0.44.75;]"
91.119.16.91 - - [24/Oct/2017:07:22:31 +0200] "GET /javascript/jquery.cookie.js HTTP/1.1" 200 863 "https://www.easydrivers.at/guessing" "Mozilla/5.0 (Linux; Android 5.1.1; SM-J120FN Build/LMY47X; wv) AppleWebKit/537.36 (KHTML, like Gecko) Version/4.0 Chrome/61.0.3163.98 Mobile Safari/537.36 [FB_IAB/FB4A;FBAV/147.0.0.44.75;]"
91.119.16.91 - - [24/Oct/2017:07:22:31 +0200] "GET /javascript/mobile-menu.js HTTP/1.1" 200 1634 "https://www.easydrivers.at/guessing" "Mozilla/5.0 (Linux; Android 5.1.1; SM-J120FN Build/LMY47X; wv) AppleWebKit/537.36 (KHTML, like Gecko) Version/4.0 Chrome/61.0.3163.98 Mobile Safari/537.36 [FB_IAB/FB4A;FBAV/147.0.0.44.75;]"
91.119.16.91 - - [24/Oct/2017:07:22:31 +0200] "GET /javascript/jquery.simplemodal.js HTTP/1.1" 200 3070 "https://www.easydrivers.at/guessing" "Mozilla/5.0 (Linux; Android 5.1.1; SM-J120FN Build/LMY47X; wv) AppleWebKit/537.36 (KHTML, like Gecko) Version/4.0 Chrome/61.0.3163.98 Mobile Safari/537.36 [FB_IAB/FB4A;FBAV/147.0.0.44.75;]"
91.119.16.91 - - [24/Oct/2017:07:22:31 +0200] "GET /javascript/mobile-fahrschule.js HTTP/1.1" 200 328 "https://www.easydrivers.at/guessing" "Mozilla/5.0 (Linux; Android 5.1.1; SM-J120FN Build/LMY47X; wv) AppleWebKit/537.36 (KHTML, like Gecko) Version/4.0 Chrome/61.0.3163.98 Mobile Safari/537.36 [FB_IAB/FB4A;FBAV/147.0.0.44.75;]"
91.119.16.91 - - [24/Oct/2017:07:22:31 +0200] "GET /javascript/lazyload.js HTTP/1.1" 200 1170 "https://www.easydrivers.at/guessing" "Mozilla/5.0 (Linux; Android 5.1.1; SM-J120FN Build/LMY47X; wv) AppleWebKit/537.36 (KHTML, like Gecko) Version/4.0 Chrome/61.0.3163.98 Mobile Safari/537.36 [FB_IAB/FB4A;FBAV/147.0.0.44.75;]"
91.119.16.91 - - [24/Oct/2017:07:22:31 +0200] "GET /img/mobile/easydrivers-logo-mobile.png HTTP/1.1" 200 10766 "https://www.easydrivers.at/guessing" "Mozilla/5.0 (Linux; Android 5.1.1; SM-J120FN Build/LMY47X; wv) AppleWebKit/537.36 (KHTML, like Gecko) Version/4.0 Chrome/61.0.3163.98 Mobile Safari/537.36 [FB_IAB/FB4A;FBAV/147.0.0.44.75;]"
91.119.16.91 - - [24/Oct/2017:07:22:31 +0200] "GET /img/mobile/menu-button.png HTTP/1.1" 200 1746 "https://www.easydrivers.at/guessing" "Mozilla/5.0 (Linux; Android 5.1.1; SM-J120FN Build/LMY47X; wv) AppleWebKit/537.36 (KHTML, like Gecko) Version/4.0 Chrome/61.0.3163.98 Mobile Safari/537.36 [FB_IAB/FB4A;FBAV/147.0.0.44.75;]"
91.119.16.91 - - [24/Oct/2017:07:22:31 +0200] "GET /img/mobile/close-button.png HTTP/1.1" 200 2411 "https://www.easydrivers.at/guessing" "Mozilla/5.0 (Linux; Android 5.1.1; SM-J120FN Build/LMY47X; wv) AppleWebKit/537.36 (KHTML, like Gecko) Version/4.0 Chrome/61.0.3163.98 Mobile Safari/537.36 [FB_IAB/FB4A;FBAV/147.0.0.44.75;]"
91.119.16.91 - - [24/Oct/2017:07:22:31 +0200] "GET /img/mobile/facebook-icon.png HTTP/1.1" 200 1902 "https://www.easydrivers.at/guessing" "Mozilla/5.0 (Linux; Android 5.1.1; SM-J120FN Build/LMY47X; wv) AppleWebKit/537.36 (KHTML, like Gecko) Version/4.0 Chrome/61.0.3163.98 Mobile Safari/537.36 [FB_IAB/FB4A;FBAV/147.0.0.44.75;]"
91.119.16.91 - - [24/Oct/2017:07:22:31 +0200] "GET /img/mobile/info-button.png HTTP/1.1" 200 1549 "https://www.easydrivers.at/guessing" "Mozilla/5.0 (Linux; Android 5.1.1; SM-J120FN Build/LMY47X; wv) AppleWebKit/537.36 (KHTML, like Gecko) Version/4.0 Chrome/61.0.3163.98 Mobile Safari/537.36 [FB_IAB/FB4A;FBAV/147.0.0.44.75;]"
91.119.16.91 - - [24/Oct/2017:07:22:31 +0200] "GET /img/mobile/info-close-button.png HTTP/1.1" 200 1721 "https://www.easydrivers.at/guessing" "Mozilla/5.0 (Linux; Android 5.1.1; SM-J120FN Build/LMY47X; wv) AppleWebKit/537.36 (KHTML, like Gecko) Version/4.0 Chrome/61.0.3163.98 Mobile Safari/537.36 [FB_IAB/FB4A;FBAV/147.0.0.44.75;]"
91.119.16.91 - - [24/Oct/2017:07:22:32 +0200] "GET /img/mobile/bg-header.jpg HTTP/1.1" 200 19741 "https://www.easydrivers.at/css/mobile.css" "Mozilla/5.0 (Linux; Android 5.1.1; SM-J120FN Build/LMY47X; wv) AppleWebKit/537.36 (KHTML, like Gecko) Version/4.0 Chrome/61.0.3163.98 Mobile Safari/537.36 [FB_IAB/FB4A;FBAV/147.0.0.44.75;]"
91.119.16.91 - - [24/Oct/2017:07:22:32 +0200] "GET /img/mobile/bg-top-section.jpg HTTP/1.1" 200 21711 "https://www.easydrivers.at/css/mobile.css" "Mozilla/5.0 (Linux; Android 5.1.1; SM-J120FN Build/LMY47X; wv) AppleWebKit/537.36 (KHTML, like Gecko) Version/4.0 Chrome/61.0.3163.98 Mobile Safari/537.36 [FB_IAB/FB4A;FBAV/147.0.0.44.75;]"
91.119.16.91 - - [24/Oct/2017:07:22:32 +0200] "GET /img/mobile/pfeil-rechts.png HTTP/1.1" 200 1228 "https://www.easydrivers.at/css/mobile.css" "Mozilla/5.0 (Linux; Android 5.1.1; SM-J120FN Build/LMY47X; wv) AppleWebKit/537.36 (KHTML, like Gecko) Version/4.0 Chrome/61.0.3163.98 Mobile Safari/537.36 [FB_IAB/FB4A;FBAV/147.0.0.44.75;]"
91.119.16.91 - - [24/Oct/2017:07:22:32 +0200] "GET /img/smallicon-person.png HTTP/1.1" 200 1141 "https://www.easydrivers.at/guessing" "Mozilla/5.0 (Linux; Android 5.1.1; SM-J120FN Build/LMY47X; wv) AppleWebKit/537.36 (KHTML, like Gecko) Version/4.0 Chrome/61.0.3163.98 Mobile Safari/537.36 [FB_IAB/FB4A;FBAV/147.0.0.44.75;]"
91.119.16.91 - - [24/Oct/2017:07:22:32 +0200] "GET /img/smallicon-address.png HTTP/1.1" 200 1211 "https://www.easydrivers.at/guessing" "Mozilla/5.0 (Linux; Android 5.1.1; SM-J120FN Build/LMY47X; wv) AppleWebKit/537.36 (KHTML, like Gecko) Version/4.0 Chrome/61.0.3163.98 Mobile Safari/537.36 [FB_IAB/FB4A;FBAV/147.0.0.44.75;]"
91.119.16.91 - - [24/Oct/2017:07:22:32 +0200] "GET /img/mobile/googlemaps-pin.png HTTP/1.1" 200 1597 "https://www.easydrivers.at/guessing" "Mozilla/5.0 (Linux; Android 5.1.1; SM-J120FN Build/LMY47X; wv) AppleWebKit/537.36 (KHTML, like Gecko) Version/4.0 Chrome/61.0.3163.98 Mobile Safari/537.36 [FB_IAB/FB4A;FBAV/147.0.0.44.75;]"
91.119.16.91 - - [24/Oct/2017:07:22:32 +0200] "GET /img/smallicon-time.png HTTP/1.1" 200 1262 "https://www.easydrivers.at/guessing" "Mozilla/5.0 (Linux; Android 5.1.1; SM-J120FN Build/LMY47X; wv) AppleWebKit/537.36 (KHTML, like Gecko) Version/4.0 Chrome/61.0.3163.98 Mobile Safari/537.36 [FB_IAB/FB4A;FBAV/147.0.0.44.75;]"
91.119.16.91 - - [24/Oct/2017:07:22:32 +0200] "GET /img/smallicon-phone.png HTTP/1.1" 200 3056 "https://www.easydrivers.at/guessing" "Mozilla/5.0 (Linux; Android 5.1.1; SM-J120FN Build/LMY47X; wv) AppleWebKit/537.36 (KHTML, like Gecko) Version/4.0 Chrome/61.0.3163.98 Mobile Safari/537.36 [FB_IAB/FB4A;FBAV/147.0.0.44.75;]"
91.119.16.91 - - [24/Oct/2017:07:22:32 +0200] "GET /img/smallicon-mail.png HTTP/1.1" 200 1341 "https://www.easydrivers.at/guessing" "Mozilla/5.0 (Linux; Android 5.1.1; SM-J120FN Build/LMY47X; wv) AppleWebKit/537.36 (KHTML, like Gecko) Version/4.0 Chrome/61.0.3163.98 Mobile Safari/537.36 [FB_IAB/FB4A;FBAV/147.0.0.44.75;]"
91.119.16.91 - - [24/Oct/2017:07:22:32 +0200] "GET /img/mobile/widget-icon-app.png HTTP/1.1" 200 3458 "https://www.easydrivers.at/guessing" "Mozilla/5.0 (Linux; Android 5.1.1; SM-J120FN Build/LMY47X; wv) AppleWebKit/537.36 (KHTML, like Gecko) Version/4.0 Chrome/61.0.3163.98 Mobile Safari/537.36 [FB_IAB/FB4A;FBAV/147.0.0.44.75;]"
91.119.16.91 - - [24/Oct/2017:07:22:32 +0200] "GET /img/mobile/bg-menu.jpg HTTP/1.1" 200 1698 "https://www.easydrivers.at/css/mobile.css" "Mozilla/5.0 (Linux; Android 5.1.1; SM-J120FN Build/LMY47X; wv) AppleWebKit/537.36 (KHTML, like Gecko) Version/4.0 Chrome/61.0.3163.98 Mobile Safari/537.36 [FB_IAB/FB4A;FBAV/147.0.0.44.75;]"
213.225.4.41 - - [24/Oct/2017:07:22:39 +0200] "GET /wr.neustadt HTTP/1.1" 200 2988 "https://www.easydrivers.at/" "Mozilla/5.0 (Linux; Android 5.1.1; SAMSUNG SM-G800F Build/LMY47X) AppleWebKit/537.36 (KHTML, like Gecko) SamsungBrowser/3.3 Chrome/38.0.2125.102 Mobile Safari/537.36"
66.249.66.30 - - [24/Oct/2017:07:22:46 +0200] "GET /spittelau/10268958 HTTP/1.1" 301 306 "-" "Mozilla/5.0 (compatible; Googlebot/2.1; +http://www.google.com/bot.html)"
66.249.76.80 - - [24/Oct/2017:07:22:47 +0200] "GET /spittelau/10268958 HTTP/1.1" 200 3502 "-" "Mozilla/5.0 (compatible; Googlebot/2.1; +http://www.google.com/bot.html)"
91.118.143.194 - - [24/Oct/2017:07:22:56 +0200] "GET / HTTP/1.1" 301 293 "android-app://com.google.android.googlequicksearchbox" "Mozilla/5.0 (Linux; Android 7.0; SM-A320FL Build/NRD90M) AppleWebKit/537.36 (KHTML, like Gecko) Chrome/61.0.3163.98 Mobile Safari/537.36"
194.166.185.53 - - [24/Oct/2017:07:22:57 +0200] "GET /skarabela.gross-enzersdorf HTTP/1.1" 301 311 "https://www.google.at/" "Mozilla/5.0 (iPhone; CPU iPhone OS 10_0_2 like Mac OS X) AppleWebKit/602.1.50 (KHTML, like Gecko) Version/10.0 Mobile/14A456 Safari/602.1"
91.118.143.194 - - [24/Oct/2017:07:22:56 +0200] "GET / HTTP/1.1" 200 3579 "android-app://com.google.android.googlequicksearchbox" "Mozilla/5.0 (Linux; Android 7.0; SM-A320FL Build/NRD90M) AppleWebKit/537.36 (KHTML, like Gecko) Chrome/61.0.3163.98 Mobile Safari/537.36"
91.118.143.194 - - [24/Oct/2017:07:22:58 +0200] "GET /css/mobile.css HTTP/1.1" 200 2852 "https://www.easydrivers.at/" "Mozilla/5.0 (Linux; Android 7.0; SM-A320FL Build/NRD90M) AppleWebKit/537.36 (KHTML, like Gecko) Chrome/61.0.3163.98 Mobile Safari/537.36"
91.118.143.194 - - [24/Oct/2017:07:22:58 +0200] "GET /javascript/jquery.cookie.js HTTP/1.1" 200 863 "https://www.easydrivers.at/" "Mozilla/5.0 (Linux; Android 7.0; SM-A320FL Build/NRD90M) AppleWebKit/537.36 (KHTML, like Gecko) Chrome/61.0.3163.98 Mobile Safari/537.36"
91.118.143.194 - - [24/Oct/2017:07:22:58 +0200] "GET /javascript/jquery-1.9.1.min.js HTTP/1.1" 200 32731 "https://www.easydrivers.at/" "Mozilla/5.0 (Linux; Android 7.0; SM-A320FL Build/NRD90M) AppleWebKit/537.36 (KHTML, like Gecko) Chrome/61.0.3163.98 Mobile Safari/537.36"
91.118.143.194 - - [24/Oct/2017:07:22:58 +0200] "GET /javascript/mobile-menu.js HTTP/1.1" 200 1634 "https://www.easydrivers.at/" "Mozilla/5.0 (Linux; Android 7.0; SM-A320FL Build/NRD90M) AppleWebKit/537.36 (KHTML, like Gecko) Chrome/61.0.3163.98 Mobile Safari/537.36"
91.118.143.194 - - [24/Oct/2017:07:22:58 +0200] "GET /javascript/jquery.simplemodal.js HTTP/1.1" 200 3070 "https://www.easydrivers.at/" "Mozilla/5.0 (Linux; Android 7.0; SM-A320FL Build/NRD90M) AppleWebKit/537.36 (KHTML, like Gecko) Chrome/61.0.3163.98 Mobile Safari/537.36"
91.118.143.194 - - [24/Oct/2017:07:22:58 +0200] "GET /javascript/mobile-homesearch.js HTTP/1.1" 200 340 "https://www.easydrivers.at/" "Mozilla/5.0 (Linux; Android 7.0; SM-A320FL Build/NRD90M) AppleWebKit/537.36 (KHTML, like Gecko) Chrome/61.0.3163.98 Mobile Safari/537.36"
91.118.143.194 - - [24/Oct/2017:07:22:58 +0200] "GET /javascript/lazyload.js HTTP/1.1" 200 1170 "https://www.easydrivers.at/" "Mozilla/5.0 (Linux; Android 7.0; SM-A320FL Build/NRD90M) AppleWebKit/537.36 (KHTML, like Gecko) Chrome/61.0.3163.98 Mobile Safari/537.36"
91.118.143.194 - - [24/Oct/2017:07:22:58 +0200] "GET /img/mobile/easydrivers-logo-mobile.png HTTP/1.1" 200 10766 "https://www.easydrivers.at/" "Mozilla/5.0 (Linux; Android 7.0; SM-A320FL Build/NRD90M) AppleWebKit/537.36 (KHTML, like Gecko) Chrome/61.0.3163.98 Mobile Safari/537.36"
91.118.143.194 - - [24/Oct/2017:07:22:58 +0200] "GET /img/mobile/menu-button.png HTTP/1.1" 200 1746 "https://www.easydrivers.at/" "Mozilla/5.0 (Linux; Android 7.0; SM-A320FL Build/NRD90M) AppleWebKit/537.36 (KHTML, like Gecko) Chrome/61.0.3163.98 Mobile Safari/537.36"
91.118.143.194 - - [24/Oct/2017:07:22:58 +0200] "GET /img/mobile/close-button.png HTTP/1.1" 200 2411 "https://www.easydrivers.at/" "Mozilla/5.0 (Linux; Android 7.0; SM-A320FL Build/NRD90M) AppleWebKit/537.36 (KHTML, like Gecko) Chrome/61.0.3163.98 Mobile Safari/537.36"
91.118.143.194 - - [24/Oct/2017:07:22:58 +0200] "GET /img/mobile/facebook-icon.png HTTP/1.1" 200 1902 "https://www.easydrivers.at/" "Mozilla/5.0 (Linux; Android 7.0; SM-A320FL Build/NRD90M) AppleWebKit/537.36 (KHTML, like Gecko) Chrome/61.0.3163.98 Mobile Safari/537.36"
91.118.143.194 - - [24/Oct/2017:07:22:59 +0200] "GET /img/mobile/widget-icon-app.png HTTP/1.1" 200 3458 "https://www.easydrivers.at/" "Mozilla/5.0 (Linux; Android 7.0; SM-A320FL Build/NRD90M) AppleWebKit/537.36 (KHTML, like Gecko) Chrome/61.0.3163.98 Mobile Safari/537.36"
91.118.143.194 - - [24/Oct/2017:07:22:59 +0200] "GET /img/mobile/bg-header.jpg HTTP/1.1" 200 19741 "https://www.easydrivers.at/css/mobile.css" "Mozilla/5.0 (Linux; Android 7.0; SM-A320FL Build/NRD90M) AppleWebKit/537.36 (KHTML, like Gecko) Chrome/61.0.3163.98 Mobile Safari/537.36"
91.118.143.194 - - [24/Oct/2017:07:22:59 +0200] "GET /img/mobile/bg-top-section.jpg HTTP/1.1" 200 21711 "https://www.easydrivers.at/css/mobile.css" "Mozilla/5.0 (Linux; Android 7.0; SM-A320FL Build/NRD90M) AppleWebKit/537.36 (KHTML, like Gecko) Chrome/61.0.3163.98 Mobile Safari/537.36"
91.118.143.194 - - [24/Oct/2017:07:22:59 +0200] "GET /img/mobile/pfeil-rechts.png HTTP/1.1" 200 1228 "https://www.easydrivers.at/css/mobile.css" "Mozilla/5.0 (Linux; Android 7.0; SM-A320FL Build/NRD90M) AppleWebKit/537.36 (KHTML, like Gecko) Chrome/61.0.3163.98 Mobile Safari/537.36"
91.118.143.194 - - [24/Oct/2017:07:22:59 +0200] "GET /img/mobile/bg-menu.jpg HTTP/1.1" 200 1698 "https://www.easydrivers.at/css/mobile.css" "Mozilla/5.0 (Linux; Android 7.0; SM-A320FL Build/NRD90M) AppleWebKit/537.36 (KHTML, like Gecko) Chrome/61.0.3163.98 Mobile Safari/537.36"
194.166.185.53 - - [24/Oct/2017:07:22:57 +0200] "GET /skarabela.gross-enzersdorf HTTP/1.1" 200 2971 "https://www.google.at/" "Mozilla/5.0 (iPhone; CPU iPhone OS 10_0_2 like Mac OS X) AppleWebKit/602.1.50 (KHTML, like Gecko) Version/10.0 Mobile/14A456 Safari/602.1"
194.166.185.53 - - [24/Oct/2017:07:22:59 +0200] "GET /css/mobile.css HTTP/1.1" 200 2852 "https://www.easydrivers.at/skarabela.gross-enzersdorf" "Mozilla/5.0 (iPhone; CPU iPhone OS 10_0_2 like Mac OS X) AppleWebKit/602.1.50 (KHTML, like Gecko) Version/10.0 Mobile/14A456 Safari/602.1"
194.166.185.53 - - [24/Oct/2017:07:22:59 +0200] "GET /javascript/jquery.cookie.js HTTP/1.1" 200 863 "https://www.easydrivers.at/skarabela.gross-enzersdorf" "Mozilla/5.0 (iPhone; CPU iPhone OS 10_0_2 like Mac OS X) AppleWebKit/602.1.50 (KHTML, like Gecko) Version/10.0 Mobile/14A456 Safari/602.1"
194.166.185.53 - - [24/Oct/2017:07:22:59 +0200] "GET /javascript/mobile-menu.js HTTP/1.1" 200 1634 "https://www.easydrivers.at/skarabela.gross-enzersdorf" "Mozilla/5.0 (iPhone; CPU iPhone OS 10_0_2 like Mac OS X) AppleWebKit/602.1.50 (KHTML, like Gecko) Version/10.0 Mobile/14A456 Safari/602.1"
194.166.185.53 - - [24/Oct/2017:07:22:59 +0200] "GET /javascript/jquery-1.9.1.min.js HTTP/1.1" 200 32731 "https://www.easydrivers.at/skarabela.gross-enzersdorf" "Mozilla/5.0 (iPhone; CPU iPhone OS 10_0_2 like Mac OS X) AppleWebKit/602.1.50 (KHTML, like Gecko) Version/10.0 Mobile/14A456 Safari/602.1"
194.166.185.53 - - [24/Oct/2017:07:22:59 +0200] "GET /javascript/jquery.simplemodal.js HTTP/1.1" 200 3070 "https://www.easydrivers.at/skarabela.gross-enzersdorf" "Mozilla/5.0 (iPhone; CPU iPhone OS 10_0_2 like Mac OS X) AppleWebKit/602.1.50 (KHTML, like Gecko) Version/10.0 Mobile/14A456 Safari/602.1"
194.166.185.53 - - [24/Oct/2017:07:22:59 +0200] "GET /javascript/lazyload.js HTTP/1.1" 200 1170 "https://www.easydrivers.at/skarabela.gross-enzersdorf" "Mozilla/5.0 (iPhone; CPU iPhone OS 10_0_2 like Mac OS X) AppleWebKit/602.1.50 (KHTML, like Gecko) Version/10.0 Mobile/14A456 Safari/602.1"
194.166.185.53 - - [24/Oct/2017:07:22:59 +0200] "GET /javascript/mobile-fahrschule.js HTTP/1.1" 200 328 "https://www.easydrivers.at/skarabela.gross-enzersdorf" "Mozilla/5.0 (iPhone; CPU iPhone OS 10_0_2 like Mac OS X) AppleWebKit/602.1.50 (KHTML, like Gecko) Version/10.0 Mobile/14A456 Safari/602.1"
194.166.185.53 - - [24/Oct/2017:07:22:59 +0200] "GET /img/mobile/easydrivers-logo-mobile.png HTTP/1.1" 200 10766 "https://www.easydrivers.at/skarabela.gross-enzersdorf" "Mozilla/5.0 (iPhone; CPU iPhone OS 10_0_2 like Mac OS X) AppleWebKit/602.1.50 (KHTML, like Gecko) Version/10.0 Mobile/14A456 Safari/602.1"
194.166.185.53 - - [24/Oct/2017:07:22:59 +0200] "GET /img/mobile/menu-button.png HTTP/1.1" 200 1746 "https://www.easydrivers.at/skarabela.gross-enzersdorf" "Mozilla/5.0 (iPhone; CPU iPhone OS 10_0_2 like Mac OS X) AppleWebKit/602.1.50 (KHTML, like Gecko) Version/10.0 Mobile/14A456 Safari/602.1"
194.166.185.53 - - [24/Oct/2017:07:22:59 +0200] "GET /img/mobile/close-button.png HTTP/1.1" 200 2411 "https://www.easydrivers.at/skarabela.gross-enzersdorf" "Mozilla/5.0 (iPhone; CPU iPhone OS 10_0_2 like Mac OS X) AppleWebKit/602.1.50 (KHTML, like Gecko) Version/10.0 Mobile/14A456 Safari/602.1"
194.166.185.53 - - [24/Oct/2017:07:22:59 +0200] "GET /img/mobile/facebook-icon.png HTTP/1.1" 200 1902 "https://www.easydrivers.at/skarabela.gross-enzersdorf" "Mozilla/5.0 (iPhone; CPU iPhone OS 10_0_2 like Mac OS X) AppleWebKit/602.1.50 (KHTML, like Gecko) Version/10.0 Mobile/14A456 Safari/602.1"
194.166.185.53 - - [24/Oct/2017:07:22:59 +0200] "GET /img/mobile/info-button.png HTTP/1.1" 200 1549 "https://www.easydrivers.at/skarabela.gross-enzersdorf" "Mozilla/5.0 (iPhone; CPU iPhone OS 10_0_2 like Mac OS X) AppleWebKit/602.1.50 (KHTML, like Gecko) Version/10.0 Mobile/14A456 Safari/602.1"
194.166.185.53 - - [24/Oct/2017:07:22:59 +0200] "GET /img/mobile/info-close-button.png HTTP/1.1" 200 1721 "https://www.easydrivers.at/skarabela.gross-enzersdorf" "Mozilla/5.0 (iPhone; CPU iPhone OS 10_0_2 like Mac OS X) AppleWebKit/602.1.50 (KHTML, like Gecko) Version/10.0 Mobile/14A456 Safari/602.1"
194.166.185.53 - - [24/Oct/2017:07:22:59 +0200] "GET /img/smallicon-person.png HTTP/1.1" 200 1141 "https://www.easydrivers.at/skarabela.gross-enzersdorf" "Mozilla/5.0 (iPhone; CPU iPhone OS 10_0_2 like Mac OS X) AppleWebKit/602.1.50 (KHTML, like Gecko) Version/10.0 Mobile/14A456 Safari/602.1"
194.166.185.53 - - [24/Oct/2017:07:22:59 +0200] "GET /img/smallicon-address.png HTTP/1.1" 200 1211 "https://www.easydrivers.at/skarabela.gross-enzersdorf" "Mozilla/5.0 (iPhone; CPU iPhone OS 10_0_2 like Mac OS X) AppleWebKit/602.1.50 (KHTML, like Gecko) Version/10.0 Mobile/14A456 Safari/602.1"
194.166.185.53 - - [24/Oct/2017:07:22:59 +0200] "GET /img/mobile/googlemaps-pin.png HTTP/1.1" 200 1597 "https://www.easydrivers.at/skarabela.gross-enzersdorf" "Mozilla/5.0 (iPhone; CPU iPhone OS 10_0_2 like Mac OS X) AppleWebKit/602.1.50 (KHTML, like Gecko) Version/10.0 Mobile/14A456 Safari/602.1"
194.166.185.53 - - [24/Oct/2017:07:22:59 +0200] "GET /img/smallicon-time.png HTTP/1.1" 200 1262 "https://www.easydrivers.at/skarabela.gross-enzersdorf" "Mozilla/5.0 (iPhone; CPU iPhone OS 10_0_2 like Mac OS X) AppleWebKit/602.1.50 (KHTML, like Gecko) Version/10.0 Mobile/14A456 Safari/602.1"
91.118.143.194 - - [24/Oct/2017:07:22:59 +0200] "GET /img/favicon.ico HTTP/1.1" 301 303 "-" "Mozilla/5.0 (Linux; Android 7.0; SM-A320FL Build/NRD90M) AppleWebKit/537.36 (KHTML, like Gecko) Chrome/61.0.3163.98 Mobile Safari/537.36"
194.166.185.53 - - [24/Oct/2017:07:22:59 +0200] "GET /img/smallicon-phone.png HTTP/1.1" 200 3056 "https://www.easydrivers.at/skarabela.gross-enzersdorf" "Mozilla/5.0 (iPhone; CPU iPhone OS 10_0_2 like Mac OS X) AppleWebKit/602.1.50 (KHTML, like Gecko) Version/10.0 Mobile/14A456 Safari/602.1"
194.166.185.53 - - [24/Oct/2017:07:22:59 +0200] "GET /img/mobile/widget-icon-app.png HTTP/1.1" 200 3458 "https://www.easydrivers.at/skarabela.gross-enzersdorf" "Mozilla/5.0 (iPhone; CPU iPhone OS 10_0_2 like Mac OS X) AppleWebKit/602.1.50 (KHTML, like Gecko) Version/10.0 Mobile/14A456 Safari/602.1"
194.166.185.53 - - [24/Oct/2017:07:22:59 +0200] "GET /img/smallicon-mail.png HTTP/1.1" 200 1341 "https://www.easydrivers.at/skarabela.gross-enzersdorf" "Mozilla/5.0 (iPhone; CPU iPhone OS 10_0_2 like Mac OS X) AppleWebKit/602.1.50 (KHTML, like Gecko) Version/10.0 Mobile/14A456 Safari/602.1"
194.166.185.53 - - [24/Oct/2017:07:22:59 +0200] "GET /img/mobile/bg-header.jpg HTTP/1.1" 200 19741 "https://www.easydrivers.at/skarabela.gross-enzersdorf" "Mozilla/5.0 (iPhone; CPU iPhone OS 10_0_2 like Mac OS X) AppleWebKit/602.1.50 (KHTML, like Gecko) Version/10.0 Mobile/14A456 Safari/602.1"
194.166.185.53 - - [24/Oct/2017:07:22:59 +0200] "GET /img/mobile/bg-menu.jpg HTTP/1.1" 200 1698 "https://www.easydrivers.at/skarabela.gross-enzersdorf" "Mozilla/5.0 (iPhone; CPU iPhone OS 10_0_2 like Mac OS X) AppleWebKit/602.1.50 (KHTML, like Gecko) Version/10.0 Mobile/14A456 Safari/602.1"
194.166.185.53 - - [24/Oct/2017:07:22:59 +0200] "GET /img/mobile/bg-top-section.jpg HTTP/1.1" 200 21711 "https://www.easydrivers.at/skarabela.gross-enzersdorf" "Mozilla/5.0 (iPhone; CPU iPhone OS 10_0_2 like Mac OS X) AppleWebKit/602.1.50 (KHTML, like Gecko) Version/10.0 Mobile/14A456 Safari/602.1"
194.166.185.53 - - [24/Oct/2017:07:22:59 +0200] "GET /img/mobile/pfeil-rechts.png HTTP/1.1" 200 1228 "https://www.easydrivers.at/skarabela.gross-enzersdorf" "Mozilla/5.0 (iPhone; CPU iPhone OS 10_0_2 like Mac OS X) AppleWebKit/602.1.50 (KHTML, like Gecko) Version/10.0 Mobile/14A456 Safari/602.1"
91.118.143.194 - - [24/Oct/2017:07:22:59 +0200] "GET /img/favicon.ico HTTP/1.1" 404 301 "-" "Mozilla/5.0 (Linux; Android 7.0; SM-A320FL Build/NRD90M) AppleWebKit/537.36 (KHTML, like Gecko) Chrome/61.0.3163.98 Mobile Safari/537.36"
213.225.4.41 - - [24/Oct/2017:07:23:02 +0200] "GET / HTTP/1.1" 200 3579 "https://www.easydrivers.at/wr.neustadt" "Mozilla/5.0 (Linux; Android 5.1.1; SAMSUNG SM-G800F Build/LMY47X) AppleWebKit/537.36 (KHTML, like Gecko) SamsungBrowser/3.3 Chrome/38.0.2125.102 Mobile Safari/537.36"
66.249.66.1 - - [24/Oct/2017:07:23:04 +0200] "GET /uploads/pdfs/hartberg/A-Seminar-20-11-2015_A.pdf HTTP/1.1" 301 326 "-" "Mozilla/5.0 (compatible; Googlebot/2.1; +http://www.google.com/bot.html)"
66.249.76.80 - - [24/Oct/2017:07:23:05 +0200] "GET /uploads/pdfs/hartberg/A-Seminar-20-11-2015_A.pdf HTTP/1.1" 200 29160 "-" "Mozilla/5.0 (compatible; Googlebot/2.1; +http://www.google.com/bot.html)"
213.225.4.41 - - [24/Oct/2017:07:23:04 +0200] "GET /wr.neustadt HTTP/1.1" 200 2988 "https://www.google.at/" "Mozilla/5.0 (Linux; Android 5.1.1; SAMSUNG SM-G800F Build/LMY47X) AppleWebKit/537.36 (KHTML, like Gecko) SamsungBrowser/3.3 Chrome/38.0.2125.102 Mobile Safari/537.36"
194.166.185.53 - - [24/Oct/2017:07:23:07 +0200] "POST /skarabela.gross-enzersdorf/kursauswahl HTTP/1.1" 200 2936 "https://www.easydrivers.at/skarabela.gross-enzersdorf" "Mozilla/5.0 (iPhone; CPU iPhone OS 10_0_2 like Mac OS X) AppleWebKit/602.1.50 (KHTML, like Gecko) Version/10.0 Mobile/14A456 Safari/602.1"
194.166.185.53 - - [24/Oct/2017:07:23:09 +0200] "GET /javascript/mobile-fahrschule-kurs-suchergebnis.js HTTP/1.1" 200 274 "https://www.easydrivers.at/skarabela.gross-enzersdorf/kursauswahl" "Mozilla/5.0 (iPhone; CPU iPhone OS 10_0_2 like Mac OS X) AppleWebKit/602.1.50 (KHTML, like Gecko) Version/10.0 Mobile/14A456 Safari/602.1"
194.166.185.53 - - [24/Oct/2017:07:23:09 +0200] "GET /img/mobile/pfeil-links-small.png HTTP/1.1" 200 1065 "https://www.easydrivers.at/skarabela.gross-enzersdorf/kursauswahl" "Mozilla/5.0 (iPhone; CPU iPhone OS 10_0_2 like Mac OS X) AppleWebKit/602.1.50 (KHTML, like Gecko) Version/10.0 Mobile/14A456 Safari/602.1"
194.166.185.53 - - [24/Oct/2017:07:23:09 +0200] "GET /img/mobile/bg-yellow.jpg HTTP/1.1" 200 1569 "https://www.easydrivers.at/skarabela.gross-enzersdorf/kursauswahl" "Mozilla/5.0 (iPhone; CPU iPhone OS 10_0_2 like Mac OS X) AppleWebKit/602.1.50 (KHTML, like Gecko) Version/10.0 Mobile/14A456 Safari/602.1"
91.119.16.91 - - [24/Oct/2017:07:23:15 +0200] "GET /guessing/aktionen HTTP/1.1" 200 2576 "https://www.easydrivers.at/guessing" "Mozilla/5.0 (Linux; Android 5.1.1; SM-J120FN Build/LMY47X; wv) AppleWebKit/537.36 (KHTML, like Gecko) Version/4.0 Chrome/61.0.3163.98 Mobile Safari/537.36 [FB_IAB/FB4A;FBAV/147.0.0.44.75;]"
66.249.66.30 - - [24/Oct/2017:07:23:23 +0200] "GET /uploads/pdfs/skarabela.gross-enzersdorf/10280568_A1L17.pdf HTTP/1.1" 301 336 "-" "Mozilla/5.0 (compatible; Googlebot/2.1; +http://www.google.com/bot.html)"
66.249.66.3 - - [24/Oct/2017:07:23:24 +0200] "GET /uploads/pdfs/skarabela.gross-enzersdorf/10280568_A1L17.pdf HTTP/1.1" 200 37064 "-" "Mozilla/5.0 (compatible; Googlebot/2.1; +http://www.google.com/bot.html)"
91.119.16.91 - - [24/Oct/2017:07:23:22 +0200] "GET /guessing/kurse HTTP/1.1" 200 3530 "https://www.easydrivers.at/guessing/aktionen" "Mozilla/5.0 (Linux; Android 5.1.1; SM-J120FN Build/LMY47X; wv) AppleWebKit/537.36 (KHTML, like Gecko) Version/4.0 Chrome/61.0.3163.98 Mobile Safari/537.36 [FB_IAB/FB4A;FBAV/147.0.0.44.75;]"
91.119.16.91 - - [24/Oct/2017:07:23:25 +0200] "GET /javascript/mobile-fahrschule-kurs-suchergebnis.js HTTP/1.1" 200 274 "https://www.easydrivers.at/guessing/kurse" "Mozilla/5.0 (Linux; Android 5.1.1; SM-J120FN Build/LMY47X; wv) AppleWebKit/537.36 (KHTML, like Gecko) Version/4.0 Chrome/61.0.3163.98 Mobile Safari/537.36 [FB_IAB/FB4A;FBAV/147.0.0.44.75;]"
91.119.16.91 - - [24/Oct/2017:07:23:25 +0200] "GET /img/mobile/bg-yellow.jpg HTTP/1.1" 200 1569 "https://www.easydrivers.at/css/mobile.css" "Mozilla/5.0 (Linux; Android 5.1.1; SM-J120FN Build/LMY47X; wv) AppleWebKit/537.36 (KHTML, like Gecko) Version/4.0 Chrome/61.0.3163.98 Mobile Safari/537.36 [FB_IAB/FB4A;FBAV/147.0.0.44.75;]"
91.119.16.91 - - [24/Oct/2017:07:23:26 +0200] "GET /img/loading-bars.gif HTTP/1.1" 200 3951 "https://www.easydrivers.at/css/mobile.css" "Mozilla/5.0 (Linux; Android 5.1.1; SM-J120FN Build/LMY47X; wv) AppleWebKit/537.36 (KHTML, like Gecko) Version/4.0 Chrome/61.0.3163.98 Mobile Safari/537.36 [FB_IAB/FB4A;FBAV/147.0.0.44.75;]"
91.118.143.194 - - [24/Oct/2017:07:23:26 +0200] "GET /img/loading-bars.gif HTTP/1.1" 200 3951 "https://www.easydrivers.at/css/mobile.css" "Mozilla/5.0 (Linux; Android 7.0; SM-A320FL Build/NRD90M) AppleWebKit/537.36 (KHTML, like Gecko) Chrome/61.0.3163.98 Mobile Safari/537.36"
91.118.143.194 - - [24/Oct/2017:07:23:26 +0200] "POST /suche HTTP/1.1" 200 3428 "https://www.easydrivers.at/" "Mozilla/5.0 (Linux; Android 7.0; SM-A320FL Build/NRD90M) AppleWebKit/537.36 (KHTML, like Gecko) Chrome/61.0.3163.98 Mobile Safari/537.36"
91.118.143.194 - - [24/Oct/2017:07:23:28 +0200] "GET /javascript/mobile-kurs-suchergebnis.js HTTP/1.1" 200 382 "https://www.easydrivers.at/suche" "Mozilla/5.0 (Linux; Android 7.0; SM-A320FL Build/NRD90M) AppleWebKit/537.36 (KHTML, like Gecko) Chrome/61.0.3163.98 Mobile Safari/537.36"
91.118.143.194 - - [24/Oct/2017:07:23:28 +0200] "GET /img/mobile/smallicon-address.png HTTP/1.1" 200 1424 "https://www.easydrivers.at/suche" "Mozilla/5.0 (Linux; Android 7.0; SM-A320FL Build/NRD90M) AppleWebKit/537.36 (KHTML, like Gecko) Chrome/61.0.3163.98 Mobile Safari/537.36"
91.118.143.194 - - [24/Oct/2017:07:23:28 +0200] "GET /img/mobile/googlemaps-pin.png HTTP/1.1" 200 1597 "https://www.easydrivers.at/suche" "Mozilla/5.0 (Linux; Android 7.0; SM-A320FL Build/NRD90M) AppleWebKit/537.36 (KHTML, like Gecko) Chrome/61.0.3163.98 Mobile Safari/537.36"
91.118.143.194 - - [24/Oct/2017:07:23:28 +0200] "GET /img/mobile/weiter-button.png HTTP/1.1" 200 1670 "https://www.easydrivers.at/css/mobile.css" "Mozilla/5.0 (Linux; Android 7.0; SM-A320FL Build/NRD90M) AppleWebKit/537.36 (KHTML, like Gecko) Chrome/61.0.3163.98 Mobile Safari/537.36"
91.118.143.194 - - [24/Oct/2017:07:23:28 +0200] "GET /img/mobile/bg-yellow.jpg HTTP/1.1" 200 1569 "https://www.easydrivers.at/css/mobile.css" "Mozilla/5.0 (Linux; Android 7.0; SM-A320FL Build/NRD90M) AppleWebKit/537.36 (KHTML, like Gecko) Chrome/61.0.3163.98 Mobile Safari/537.36"
91.118.143.194 - - [24/Oct/2017:07:23:28 +0200] "GET /img/mobile/smallicon-time.png HTTP/1.1" 200 1328 "https://www.easydrivers.at/suche" "Mozilla/5.0 (Linux; Android 7.0; SM-A320FL Build/NRD90M) AppleWebKit/537.36 (KHTML, like Gecko) Chrome/61.0.3163.98 Mobile Safari/537.36"
91.118.143.194 - - [24/Oct/2017:07:23:28 +0200] "GET /img/mobile/smallicon-phone.png HTTP/1.1" 200 1311 "https://www.easydrivers.at/suche" "Mozilla/5.0 (Linux; Android 7.0; SM-A320FL Build/NRD90M) AppleWebKit/537.36 (KHTML, like Gecko) Chrome/61.0.3163.98 Mobile Safari/537.36"
91.118.143.194 - - [24/Oct/2017:07:23:28 +0200] "GET /img/mobile/smallicon-mail.png HTTP/1.1" 200 1335 "https://www.easydrivers.at/suche" "Mozilla/5.0 (Linux; Android 7.0; SM-A320FL Build/NRD90M) AppleWebKit/537.36 (KHTML, like Gecko) Chrome/61.0.3163.98 Mobile Safari/537.36"
91.118.143.194 - - [24/Oct/2017:07:23:28 +0200] "GET /img/mobile/pfeil-links-small.png HTTP/1.1" 200 1065 "https://www.easydrivers.at/css/mobile.css" "Mozilla/5.0 (Linux; Android 7.0; SM-A320FL Build/NRD90M) AppleWebKit/537.36 (KHTML, like Gecko) Chrome/61.0.3163.98 Mobile Safari/537.36"
91.141.0.159 - - [24/Oct/2017:07:23:36 +0200] "GET /krems/B-Kurs-Weihnachten-2017?FS=B-L17 HTTP/1.1" 200 3251 "https://www.easydrivers.at/suche" "Mozilla/5.0 (iPhone; CPU iPhone OS 11_0_3 like Mac OS X) AppleWebKit/604.1.38 (KHTML, like Gecko) Version/11.0 Mobile/15A432 Safari/604.1"
91.118.143.194 - - [24/Oct/2017:07:23:38 +0200] "GET /st.poelten/kursauswahl HTTP/1.1" 200 3066 "https://www.easydrivers.at/suche" "Mozilla/5.0 (Linux; Android 7.0; SM-A320FL Build/NRD90M) AppleWebKit/537.36 (KHTML, like Gecko) Chrome/61.0.3163.98 Mobile Safari/537.36"
91.118.143.194 - - [24/Oct/2017:07:23:41 +0200] "GET /javascript/mobile-fahrschule.js HTTP/1.1" 200 328 "https://www.easydrivers.at/st.poelten/kursauswahl" "Mozilla/5.0 (Linux; Android 7.0; SM-A320FL Build/NRD90M) AppleWebKit/537.36 (KHTML, like Gecko) Chrome/61.0.3163.98 Mobile Safari/537.36"
91.118.143.194 - - [24/Oct/2017:07:23:41 +0200] "GET /javascript/mobile-fahrschule-kurs-suchergebnis.js HTTP/1.1" 200 274 "https://www.easydrivers.at/st.poelten/kursauswahl" "Mozilla/5.0 (Linux; Android 7.0; SM-A320FL Build/NRD90M) AppleWebKit/537.36 (KHTML, like Gecko) Chrome/61.0.3163.98 Mobile Safari/537.36"
91.118.143.194 - - [24/Oct/2017:07:23:41 +0200] "GET /img/mobile/info-button.png HTTP/1.1" 200 1549 "https://www.easydrivers.at/st.poelten/kursauswahl" "Mozilla/5.0 (Linux; Android 7.0; SM-A320FL Build/NRD90M) AppleWebKit/537.36 (KHTML, like Gecko) Chrome/61.0.3163.98 Mobile Safari/537.36"
91.118.143.194 - - [24/Oct/2017:07:23:41 +0200] "GET /img/mobile/info-close-button.png HTTP/1.1" 200 1721 "https://www.easydrivers.at/st.poelten/kursauswahl" "Mozilla/5.0 (Linux; Android 7.0; SM-A320FL Build/NRD90M) AppleWebKit/537.36 (KHTML, like Gecko) Chrome/61.0.3163.98 Mobile Safari/537.36"
91.118.143.194 - - [24/Oct/2017:07:23:41 +0200] "GET /img/smallicon-address.png HTTP/1.1" 200 1211 "https://www.easydrivers.at/st.poelten/kursauswahl" "Mozilla/5.0 (Linux; Android 7.0; SM-A320FL Build/NRD90M) AppleWebKit/537.36 (KHTML, like Gecko) Chrome/61.0.3163.98 Mobile Safari/537.36"
91.118.143.194 - - [24/Oct/2017:07:23:41 +0200] "GET /img/smallicon-person.png HTTP/1.1" 200 1141 "https://www.easydrivers.at/st.poelten/kursauswahl" "Mozilla/5.0 (Linux; Android 7.0; SM-A320FL Build/NRD90M) AppleWebKit/537.36 (KHTML, like Gecko) Chrome/61.0.3163.98 Mobile Safari/537.36"
91.118.143.194 - - [24/Oct/2017:07:23:41 +0200] "GET /img/smallicon-time.png HTTP/1.1" 200 1262 "https://www.easydrivers.at/st.poelten/kursauswahl" "Mozilla/5.0 (Linux; Android 7.0; SM-A320FL Build/NRD90M) AppleWebKit/537.36 (KHTML, like Gecko) Chrome/61.0.3163.98 Mobile Safari/537.36"
91.118.143.194 - - [24/Oct/2017:07:23:41 +0200] "GET /img/smallicon-phone.png HTTP/1.1" 200 3056 "https://www.easydrivers.at/st.poelten/kursauswahl" "Mozilla/5.0 (Linux; Android 7.0; SM-A320FL Build/NRD90M) AppleWebKit/537.36 (KHTML, like Gecko) Chrome/61.0.3163.98 Mobile Safari/537.36"
66.249.76.74 - - [24/Oct/2017:07:23:41 +0200] "GET /uploads/pdfs/leonding/10254057_A2BF.pdf HTTP/1.1" 301 321 "-" "Mozilla/5.0 (compatible; Googlebot/2.1; +http://www.google.com/bot.html)"
91.118.143.194 - - [24/Oct/2017:07:23:41 +0200] "GET /img/smallicon-mail.png HTTP/1.1" 200 1341 "https://www.easydrivers.at/st.poelten/kursauswahl" "Mozilla/5.0 (Linux; Android 7.0; SM-A320FL Build/NRD90M) AppleWebKit/537.36 (KHTML, like Gecko) Chrome/61.0.3163.98 Mobile Safari/537.36"
66.249.66.3 - - [24/Oct/2017:07:23:42 +0200] "GET /uploads/pdfs/leonding/10254057_A2BF.pdf HTTP/1.1" 200 29824 "-" "Mozilla/5.0 (compatible; Googlebot/2.1; +http://www.google.com/bot.html)"
194.166.185.53 - - [24/Oct/2017:07:23:42 +0200] "GET /skarabela.gross-enzersdorf/aktionen HTTP/1.1" 200 2605 "https://www.easydrivers.at/skarabela.gross-enzersdorf/kursauswahl" "Mozilla/5.0 (iPhone; CPU iPhone OS 10_0_2 like Mac OS X) AppleWebKit/602.1.50 (KHTML, like Gecko) Version/10.0 Mobile/14A456 Safari/602.1"
194.166.185.53 - - [24/Oct/2017:07:23:50 +0200] "GET /skarabela.gross-enzersdorf/kurse HTTP/1.1" 200 3249 "https://www.easydrivers.at/skarabela.gross-enzersdorf/aktionen" "Mozilla/5.0 (iPhone; CPU iPhone OS 10_0_2 like Mac OS X) AppleWebKit/602.1.50 (KHTML, like Gecko) Version/10.0 Mobile/14A456 Safari/602.1"
194.166.185.53 - - [24/Oct/2017:07:23:52 +0200] "GET /img/loading-bars.gif HTTP/1.1" 200 3951 "https://www.easydrivers.at/skarabela.gross-enzersdorf/kurse" "Mozilla/5.0 (iPhone; CPU iPhone OS 10_0_2 like Mac OS X) AppleWebKit/602.1.50 (KHTML, like Gecko) Version/10.0 Mobile/14A456 Safari/602.1"
66.249.76.74 - - [24/Oct/2017:07:23:59 +0200] "GET /uploads/pdfs/retz/10259480_A1.pdf HTTP/1.1" 301 316 "-" "Mozilla/5.0 (compatible; Googlebot/2.1; +http://www.google.com/bot.html)"
66.249.66.3 - - [24/Oct/2017:07:24:00 +0200] "GET /uploads/pdfs/retz/10259480_A1.pdf HTTP/1.1" 200 29367 "-" "Mozilla/5.0 (compatible; Googlebot/2.1; +http://www.google.com/bot.html)"
91.118.143.194 - - [24/Oct/2017:07:24:01 +0200] "POST /loadkursliste HTTP/1.1" 200 486 "https://www.easydrivers.at/st.poelten/kursauswahl" "Mozilla/5.0 (Linux; Android 7.0; SM-A320FL Build/NRD90M) AppleWebKit/537.36 (KHTML, like Gecko) Chrome/61.0.3163.98 Mobile Safari/537.36"
213.225.4.41 - - [24/Oct/2017:07:24:16 +0200] "GET /wr.neustadt/Inhaberdaten HTTP/1.1" 301 308 "https://www.google.at/" "Mozilla/5.0 (Linux; Android 5.1.1; SAMSUNG SM-G800F Build/LMY47X) AppleWebKit/537.36 (KHTML, like Gecko) SamsungBrowser/3.3 Chrome/38.0.2125.102 Mobile Safari/537.36"
66.249.76.74 - - [24/Oct/2017:07:24:18 +0200] "GET /uploads/pdfs/feldkirch/LKW-Kurs-CD-2015-10-20_CCE.pdf HTTP/1.1" 301 332 "-" "Mozilla/5.0 (compatible; Googlebot/2.1; +http://www.google.com/bot.html)"
66.249.76.80 - - [24/Oct/2017:07:24:18 +0200] "GET /uploads/pdfs/feldkirch/LKW-Kurs-CD-2015-10-20_CCE.pdf HTTP/1.1" 200 28113 "-" "Mozilla/5.0 (compatible; Googlebot/2.1; +http://www.google.com/bot.html)"
213.225.4.41 - - [24/Oct/2017:07:24:16 +0200] "GET /wr.neustadt/Inhaberdaten HTTP/1.1" 200 3363 "https://www.google.at/" "Mozilla/5.0 (Linux; Android 5.1.1; SAMSUNG SM-G800F Build/LMY47X) AppleWebKit/537.36 (KHTML, like Gecko) SamsungBrowser/3.3 Chrome/38.0.2125.102 Mobile Safari/537.36"
91.118.143.194 - - [24/Oct/2017:07:24:19 +0200] "GET /st.poelten/10282972?FS=B HTTP/1.1" 200 3187 "https://www.easydrivers.at/st.poelten/kursauswahl" "Mozilla/5.0 (Linux; Android 7.0; SM-A320FL Build/NRD90M) AppleWebKit/537.36 (KHTML, like Gecko) Chrome/61.0.3163.98 Mobile Safari/537.36"
91.118.143.194 - - [24/Oct/2017:07:24:22 +0200] "GET /img/mobile/kursicon-share.png HTTP/1.1" 200 2065 "https://www.easydrivers.at/st.poelten/10282972?FS=B" "Mozilla/5.0 (Linux; Android 7.0; SM-A320FL Build/NRD90M) AppleWebKit/537.36 (KHTML, like Gecko) Chrome/61.0.3163.98 Mobile Safari/537.36"
91.118.143.194 - - [24/Oct/2017:07:24:22 +0200] "GET /img/mobile/kursicon-phone.png HTTP/1.1" 200 1932 "https://www.easydrivers.at/st.poelten/10282972?FS=B" "Mozilla/5.0 (Linux; Android 7.0; SM-A320FL Build/NRD90M) AppleWebKit/537.36 (KHTML, like Gecko) Chrome/61.0.3163.98 Mobile Safari/537.36"
91.118.143.194 - - [24/Oct/2017:07:24:22 +0200] "GET /img/mobile/pfeil-rechts-small.png HTTP/1.1" 200 1056 "https://www.easydrivers.at/css/mobile.css" "Mozilla/5.0 (Linux; Android 7.0; SM-A320FL Build/NRD90M) AppleWebKit/537.36 (KHTML, like Gecko) Chrome/61.0.3163.98 Mobile Safari/537.36"
80.120.215.198 - - [24/Oct/2017:07:24:30 +0200] "GET /ennstal.schladming HTTP/1.1" 301 306 "https://www.google.at/" "Mozilla/5.0 (Windows NT 6.3; Win64; x64; rv:52.0) Gecko/20100101 Firefox/52.0"
80.120.215.198 - - [24/Oct/2017:07:24:31 +0200] "GET /ennstal.schladming HTTP/1.1" 200 3622 "https://www.google.at/" "Mozilla/5.0 (Windows NT 6.3; Win64; x64; rv:52.0) Gecko/20100101 Firefox/52.0"
80.120.215.198 - - [24/Oct/2017:07:24:33 +0200] "GET /javascript/jquery.cookie.js HTTP/1.1" 200 863 "https://www.easydrivers.at/ennstal.schladming" "Mozilla/5.0 (Windows NT 6.3; Win64; x64; rv:52.0) Gecko/20100101 Firefox/52.0"
80.120.215.198 - - [24/Oct/2017:07:24:33 +0200] "GET /css/print.css HTTP/1.1" 200 967 "https://www.easydrivers.at/ennstal.schladming" "Mozilla/5.0 (Windows NT 6.3; Win64; x64; rv:52.0) Gecko/20100101 Firefox/52.0"
80.120.215.198 - - [24/Oct/2017:07:24:33 +0200] "GET /javascript/jquery.simplemodal.js HTTP/1.1" 200 3070 "https://www.easydrivers.at/ennstal.schladming" "Mozilla/5.0 (Windows NT 6.3; Win64; x64; rv:52.0) Gecko/20100101 Firefox/52.0"
80.120.215.198 - - [24/Oct/2017:07:24:33 +0200] "GET /css/style.css HTTP/1.1" 200 5004 "https://www.easydrivers.at/ennstal.schladming" "Mozilla/5.0 (Windows NT 6.3; Win64; x64; rv:52.0) Gecko/20100101 Firefox/52.0"
80.120.215.198 - - [24/Oct/2017:07:24:33 +0200] "GET /javascript/portal.js?1221842734 HTTP/1.1" 200 3529 "https://www.easydrivers.at/ennstal.schladming" "Mozilla/5.0 (Windows NT 6.3; Win64; x64; rv:52.0) Gecko/20100101 Firefox/52.0"
80.120.215.198 - - [24/Oct/2017:07:24:33 +0200] "GET /javascript/lazyload.js HTTP/1.1" 200 1170 "https://www.easydrivers.at/ennstal.schladming" "Mozilla/5.0 (Windows NT 6.3; Win64; x64; rv:52.0) Gecko/20100101 Firefox/52.0"
80.120.215.198 - - [24/Oct/2017:07:24:33 +0200] "GET /javascript/fahrschule.js HTTP/1.1" 200 462 "https://www.easydrivers.at/ennstal.schladming" "Mozilla/5.0 (Windows NT 6.3; Win64; x64; rv:52.0) Gecko/20100101 Firefox/52.0"
80.120.215.198 - - [24/Oct/2017:07:24:36 +0200] "GET /javascript/jquery.customSelect.min.js HTTP/1.1" 200 912 "https://www.easydrivers.at/ennstal.schladming" "Mozilla/5.0 (Windows NT 6.3; Win64; x64; rv:52.0) Gecko/20100101 Firefox/52.0"
66.249.76.74 - - [24/Oct/2017:07:24:36 +0200] "GET /waidhofen.ybbs/10276718?FS=B HTTP/1.1" 301 315 "-" "Mozilla/5.0 (compatible; Googlebot/2.1; +http://www.google.com/bot.html)"
80.120.215.198 - - [24/Oct/2017:07:24:36 +0200] "GET /img/facebook-icon.png HTTP/1.1" 200 1506 "https://www.easydrivers.at/ennstal.schladming" "Mozilla/5.0 (Windows NT 6.3; Win64; x64; rv:52.0) Gecko/20100101 Firefox/52.0"
80.120.215.198 - - [24/Oct/2017:07:24:36 +0200] "GET /img/close-button-small.png HTTP/1.1" 200 1671 "https://www.easydrivers.at/ennstal.schladming" "Mozilla/5.0 (Windows NT 6.3; Win64; x64; rv:52.0) Gecko/20100101 Firefox/52.0"
80.120.215.198 - - [24/Oct/2017:07:24:37 +0200] "GET /img/locator-icon.png HTTP/1.1" 200 1377 "https://www.easydrivers.at/ennstal.schladming" "Mozilla/5.0 (Windows NT 6.3; Win64; x64; rv:52.0) Gecko/20100101 Firefox/52.0"
80.120.215.198 - - [24/Oct/2017:07:24:37 +0200] "GET /img/submit-button.png HTTP/1.1" 200 1958 "https://www.easydrivers.at/ennstal.schladming" "Mozilla/5.0 (Windows NT 6.3; Win64; x64; rv:52.0) Gecko/20100101 Firefox/52.0"
80.120.215.198 - - [24/Oct/2017:07:24:37 +0200] "GET /img/ED_Logo.png HTTP/1.1" 200 3385 "https://www.easydrivers.at/css/style.css" "Mozilla/5.0 (Windows NT 6.3; Win64; x64; rv:52.0) Gecko/20100101 Firefox/52.0"
80.120.215.198 - - [24/Oct/2017:07:24:37 +0200] "GET /img/bg-header.jpg HTTP/1.1" 200 38680 "https://www.easydrivers.at/css/style.css" "Mozilla/5.0 (Windows NT 6.3; Win64; x64; rv:52.0) Gecko/20100101 Firefox/52.0"
80.120.215.198 - - [24/Oct/2017:07:24:37 +0200] "GET /img/purple-dots-horizontal.png HTTP/1.1" 200 977 "https://www.easydrivers.at/css/style.css" "Mozilla/5.0 (Windows NT 6.3; Win64; x64; rv:52.0) Gecko/20100101 Firefox/52.0"
80.120.215.198 - - [24/Oct/2017:07:24:37 +0200] "GET /img/bg-top-section.jpg HTTP/1.1" 200 82172 "https://www.easydrivers.at/css/style.css" "Mozilla/5.0 (Windows NT 6.3; Win64; x64; rv:52.0) Gecko/20100101 Firefox/52.0"
80.120.215.198 - - [24/Oct/2017:07:24:38 +0200] "GET /img/yellow-dots-vertical.png HTTP/1.1" 200 981 "https://www.easydrivers.at/css/style.css" "Mozilla/5.0 (Windows NT 6.3; Win64; x64; rv:52.0) Gecko/20100101 Firefox/52.0"
80.120.215.198 - - [24/Oct/2017:07:24:38 +0200] "GET /img/bg-footer.jpg HTTP/1.1" 200 31770 "https://www.easydrivers.at/css/style.css" "Mozilla/5.0 (Windows NT 6.3; Win64; x64; rv:52.0) Gecko/20100101 Firefox/52.0"
80.120.215.198 - - [24/Oct/2017:07:24:38 +0200] "GET /img/kursicon-print-pink.png HTTP/1.1" 200 1125 "https://www.easydrivers.at/ennstal.schladming" "Mozilla/5.0 (Windows NT 6.3; Win64; x64; rv:52.0) Gecko/20100101 Firefox/52.0"
80.120.215.198 - - [24/Oct/2017:07:24:38 +0200] "GET /img/kursicon-download-pink.png HTTP/1.1" 200 1213 "https://www.easydrivers.at/ennstal.schladming" "Mozilla/5.0 (Windows NT 6.3; Win64; x64; rv:52.0) Gecko/20100101 Firefox/52.0"
80.120.215.198 - - [24/Oct/2017:07:24:38 +0200] "GET /img/kursicon-share-pink.png HTTP/1.1" 200 1277 "https://www.easydrivers.at/ennstal.schladming" "Mozilla/5.0 (Windows NT 6.3; Win64; x64; rv:52.0) Gecko/20100101 Firefox/52.0"
80.120.215.198 - - [24/Oct/2017:07:24:38 +0200] "GET /img/kursicon-phone-pink.png HTTP/1.1" 200 1286 "https://www.easydrivers.at/ennstal.schladming" "Mozilla/5.0 (Windows NT 6.3; Win64; x64; rv:52.0) Gecko/20100101 Firefox/52.0"
80.120.215.198 - - [24/Oct/2017:07:24:38 +0200] "GET /img/empty.gif HTTP/1.1" 200 43 "https://www.easydrivers.at/ennstal.schladming" "Mozilla/5.0 (Windows NT 6.3; Win64; x64; rv:52.0) Gecko/20100101 Firefox/52.0"
80.120.215.198 - - [24/Oct/2017:07:24:39 +0200] "GET /binaries/easy-drivers-portal/widget-icon-trainingpng.png HTTP/1.1" 200 2662 "https://www.easydrivers.at/ennstal.schladming" "Mozilla/5.0 (Windows NT 6.3; Win64; x64; rv:52.0) Gecko/20100101 Firefox/52.0"
66.249.76.80 - - [24/Oct/2017:07:24:37 +0200] "GET /waidhofen.ybbs/10276718?FS=B HTTP/1.1" 200 5780 "-" "Mozilla/5.0 (compatible; Googlebot/2.1; +http://www.google.com/bot.html)"
80.120.215.198 - - [24/Oct/2017:07:24:39 +0200] "GET /binaries/easy-drivers-portal/widget-icon-expertspng.png HTTP/1.1" 200 2159 "https://www.easydrivers.at/ennstal.schladming" "Mozilla/5.0 (Windows NT 6.3; Win64; x64; rv:52.0) Gecko/20100101 Firefox/52.0"
80.120.215.198 - - [24/Oct/2017:07:24:39 +0200] "GET /binaries/easy-drivers-portal/widget-icon-apppng.png HTTP/1.1" 200 2432 "https://www.easydrivers.at/ennstal.schladming" "Mozilla/5.0 (Windows NT 6.3; Win64; x64; rv:52.0) Gecko/20100101 Firefox/52.0"
80.120.215.198 - - [24/Oct/2017:07:24:39 +0200] "GET /img/schweiz-icon.png HTTP/1.1" 200 1504 "https://www.easydrivers.at/ennstal.schladming" "Mozilla/5.0 (Windows NT 6.3; Win64; x64; rv:52.0) Gecko/20100101 Firefox/52.0"
80.120.215.198 - - [24/Oct/2017:07:24:39 +0200] "GET /img/info-button.png HTTP/1.1" 200 738 "https://www.easydrivers.at/ennstal.schladming" "Mozilla/5.0 (Windows NT 6.3; Win64; x64; rv:52.0) Gecko/20100101 Firefox/52.0"
80.120.215.198 - - [24/Oct/2017:07:24:39 +0200] "GET /img/close-button.png HTTP/1.1" 200 2237 "https://www.easydrivers.at/ennstal.schladming" "Mozilla/5.0 (Windows NT 6.3; Win64; x64; rv:52.0) Gecko/20100101 Firefox/52.0"
80.120.215.198 - - [24/Oct/2017:07:24:41 +0200] "GET /img/loading-bars.gif HTTP/1.1" 200 3951 "https://www.easydrivers.at/css/style.css" "Mozilla/5.0 (Windows NT 6.3; Win64; x64; rv:52.0) Gecko/20100101 Firefox/52.0"
80.120.215.198 - - [24/Oct/2017:07:24:40 +0200] "POST /ennstal.schladming/kursauswahl HTTP/1.1" 200 4439 "https://www.easydrivers.at/ennstal.schladming" "Mozilla/5.0 (Windows NT 6.3; Win64; x64; rv:52.0) Gecko/20100101 Firefox/52.0"
80.120.215.198 - - [24/Oct/2017:07:24:43 +0200] "GET /css/showLoading.css HTTP/1.1" 200 219 "https://www.easydrivers.at/ennstal.schladming/kursauswahl" "Mozilla/5.0 (Windows NT 6.3; Win64; x64; rv:52.0) Gecko/20100101 Firefox/52.0"
80.120.215.198 - - [24/Oct/2017:07:24:43 +0200] "GET /javascript/jquery.showLoading.min.js HTTP/1.1" 200 1136 "https://www.easydrivers.at/ennstal.schladming/kursauswahl" "Mozilla/5.0 (Windows NT 6.3; Win64; x64; rv:52.0) Gecko/20100101 Firefox/52.0"
80.120.215.198 - - [24/Oct/2017:07:24:43 +0200] "GET /img/top-image-overlay.png HTTP/1.1" 200 20650 "https://www.easydrivers.at/css/style.css" "Mozilla/5.0 (Windows NT 6.3; Win64; x64; rv:52.0) Gecko/20100101 Firefox/52.0"
80.120.215.198 - - [24/Oct/2017:07:24:42 +0200] "GET /binaries/easy-drivers-portal/pkw5jpg.jpg HTTP/1.1" 200 96177 "https://www.easydrivers.at/ennstal.schladming/kursauswahl" "Mozilla/5.0 (Windows NT 6.3; Win64; x64; rv:52.0) Gecko/20100101 Firefox/52.0"
80.120.215.198 - - [24/Oct/2017:07:24:43 +0200] "GET /img/arrow-left.png HTTP/1.1" 200 1015 "https://www.easydrivers.at/css/style.css" "Mozilla/5.0 (Windows NT 6.3; Win64; x64; rv:52.0) Gecko/20100101 Firefox/52.0"
80.120.215.198 - - [24/Oct/2017:07:24:43 +0200] "GET /img/bg-yellow.jpg HTTP/1.1" 200 2250 "https://www.easydrivers.at/css/style.css" "Mozilla/5.0 (Windows NT 6.3; Win64; x64; rv:52.0) Gecko/20100101 Firefox/52.0"
80.120.215.198 - - [24/Oct/2017:07:24:43 +0200] "GET /javascript/jquery.base64.min.js HTTP/1.1" 200 37135 "https://www.easydrivers.at/ennstal.schladming/kursauswahl" "Mozilla/5.0 (Windows NT 6.3; Win64; x64; rv:52.0) Gecko/20100101 Firefox/52.0"
216.244.66.249 - - [24/Oct/2017:07:24:41 +0200] "GET /krems HTTP/1.1" 200 12133 "-" "Mozilla/5.0 (compatible; DotBot/1.1; http://www.opensiteexplorer.org/dotbot, help@moz.com)"
80.120.215.198 - - [24/Oct/2017:07:24:44 +0200] "GET /img/new_favicon.ico HTTP/1.1" 301 306 "-" "Mozilla/5.0 (Windows NT 6.3; Win64; x64; rv:52.0) Gecko/20100101 Firefox/52.0"
