66.249.76.80 - - [24/Oct/2017:05:48:39 +0200] "GET /uploads/pdfs/eisenerz.pankl/10260238_DD195-B.pdf HTTP/1.1" 200 28152 "-" "Mozilla/5.0 (compatible; Googlebot/2.1; +http://www.google.com/bot.html)"
213.225.6.224 - - [24/Oct/2017:05:48:38 +0200] "GET /guessing HTTP/1.1" 200 2945 "http://m.facebook.com" "Mozilla/5.0 (iPhone; CPU iPhone OS 11_0_3 like Mac OS X) AppleWebKit/604.1.38 (KHTML, like Gecko) Mobile/15A432 [FBAN/FBIOS;FBAV/146.0.0.73.91;FBBV/75938921;FBDV/iPhone9,3;FBMD/iPhone;FBSN/iOS;FBSV/11.0.3;FBSS/2;FBCR/A1;FBID/phone;FBLC/de_DE;FBOP/5;FBRV/75938921]"
207.46.13.133 - - [24/Oct/2017:05:48:50 +0200] "GET /tulln/kurse HTTP/1.1" 200 4592 "-" "Mozilla/5.0 (compatible; bingbot/2.0; +http://www.bing.com/bingbot.htm)"
66.249.66.30 - - [24/Oct/2017:05:48:56 +0200] "GET /uploads/pdfs/jennersdorf/10260199_CCE95.pdf HTTP/1.1" 301 324 "-" "Mozilla/5.0 (compatible; Googlebot/2.1; +http://www.google.com/bot.html)"
66.249.76.80 - - [24/Oct/2017:05:48:56 +0200] "GET /uploads/pdfs/jennersdorf/10260199_CCE95.pdf HTTP/1.1" 200 28245 "-" "Mozilla/5.0 (compatible; Googlebot/2.1; +http://www.google.com/bot.html)"
66.249.66.30 - - [24/Oct/2017:05:48:57 +0200] "GET /uploads/pdfs/mariazell.pankl/10242028_CCE.pdf HTTP/1.1" 301 326 "-" "Mozilla/5.0 (compatible; Googlebot/2.1; +http://www.google.com/bot.html)"
66.249.76.80 - - [24/Oct/2017:05:48:57 +0200] "GET /uploads/pdfs/mariazell.pankl/10242028_CCE.pdf HTTP/1.1" 200 29614 "-" "Mozilla/5.0 (compatible; Googlebot/2.1; +http://www.google.com/bot.html)"
77.119.129.37 - - [24/Oct/2017:05:49:02 +0200] "GET /hartberg/kurse HTTP/1.1" 200 4649 "https://www.easydrivers.at/hartberg/kurse" "Mozilla/5.0 (Windows NT 10.0; Win64; x64; rv:56.0) Gecko/20100101 Firefox/56.0"
77.119.129.37 - - [24/Oct/2017:05:49:05 +0200] "GET /binaries/easy-drivers-portal/motorrad3jpg.jpg HTTP/1.1" 200 111280 "https://www.easydrivers.at/hartberg/kurse" "Mozilla/5.0 (Windows NT 10.0; Win64; x64; rv:56.0) Gecko/20100101 Firefox/56.0"
77.119.129.37 - - [24/Oct/2017:05:49:10 +0200] "GET /img/loading-bars.gif HTTP/1.1" 200 3951 "https://www.easydrivers.at/css/style.css" "Mozilla/5.0 (Windows NT 10.0; Win64; x64; rv:56.0) Gecko/20100101 Firefox/56.0"
77.119.129.37 - - [24/Oct/2017:05:49:10 +0200] "POST /loadkursliste HTTP/1.1" 200 744 "https://www.easydrivers.at/hartberg/kurse" "Mozilla/5.0 (Windows NT 10.0; Win64; x64; rv:56.0) Gecko/20100101 Firefox/56.0"
77.119.129.37 - - [24/Oct/2017:05:49:12 +0200] "GET /img/kursicon-download.png HTTP/1.1" 200 1218 "https://www.easydrivers.at/hartberg/kurse" "Mozilla/5.0 (Windows NT 10.0; Win64; x64; rv:56.0) Gecko/20100101 Firefox/56.0"
77.119.129.37 - - [24/Oct/2017:05:49:12 +0200] "GET /img/kursicon-print.png HTTP/1.1" 200 1184 "https://www.easydrivers.at/hartberg/kurse" "Mozilla/5.0 (Windows NT 10.0; Win64; x64; rv:56.0) Gecko/20100101 Firefox/56.0"
77.119.129.37 - - [24/Oct/2017:05:49:12 +0200] "GET /img/kursicon-share.png HTTP/1.1" 200 1302 "https://www.easydrivers.at/hartberg/kurse" "Mozilla/5.0 (Windows NT 10.0; Win64; x64; rv:56.0) Gecko/20100101 Firefox/56.0"
77.119.129.37 - - [24/Oct/2017:05:49:12 +0200] "GET /img/kursicon-phone.png HTTP/1.1" 200 1287 "https://www.easydrivers.at/hartberg/kurse" "Mozilla/5.0 (Windows NT 10.0; Win64; x64; rv:56.0) Gecko/20100101 Firefox/56.0"
66.249.76.74 - - [24/Oct/2017:05:49:15 +0200] "GET /uploads/pdfs/skarabela.gross-enzersdorf/Mofakurs_Semesterferien_15_AM-M1.pdf HTTP/1.1" 301 347 "-" "Mozilla/5.0 (compatible; Googlebot/2.1; +http://www.google.com/bot.html)"
66.249.66.3 - - [24/Oct/2017:05:49:16 +0200] "GET /uploads/pdfs/skarabela.gross-enzersdorf/Mofakurs_Semesterferien_15_AM-M1.pdf HTTP/1.1" 200 30118 "-" "Mozilla/5.0 (compatible; Googlebot/2.1; +http://www.google.com/bot.html)"
66.249.66.30 - - [24/Oct/2017:05:49:34 +0200] "GET /uploads/pdfs/st.valentin/10280134_AM.pdf HTTP/1.1" 301 320 "-" "Mozilla/5.0 (compatible; Googlebot/2.1; +http://www.google.com/bot.html)"
66.249.76.82 - - [24/Oct/2017:05:49:34 +0200] "GET /uploads/pdfs/st.valentin/10280134_AM.pdf HTTP/1.1" 200 27468 "-" "Mozilla/5.0 (compatible; Googlebot/2.1; +http://www.google.com/bot.html)"
66.249.76.74 - - [24/Oct/2017:05:49:52 +0200] "GET /uploads/pdfs/eisenstadt/Jaennerkurs_A1L17.pdf HTTP/1.1" 301 324 "-" "Mozilla/5.0 (compatible; Googlebot/2.1; +http://www.google.com/bot.html)"
66.249.76.80 - - [24/Oct/2017:05:49:52 +0200] "GET /uploads/pdfs/eisenstadt/Jaennerkurs_A1L17.pdf HTTP/1.1" 200 35820 "-" "Mozilla/5.0 (compatible; Googlebot/2.1; +http://www.google.com/bot.html)"
192.164.233.38 - - [24/Oct/2017:05:49:55 +0200] "GET /fahrschulen/vorarlberg HTTP/1.1" 301 309 "https://www.google.at/" "Mozilla/5.0 (iPhone; CPU iPhone OS 10_2_1 like Mac OS X) AppleWebKit/602.4.6 (KHTML, like Gecko) Version/10.0 Mobile/14D27 Safari/602.1"
192.164.233.38 - - [24/Oct/2017:05:49:55 +0200] "GET /fahrschulen/vorarlberg HTTP/1.1" 200 2704 "https://www.google.at/" "Mozilla/5.0 (iPhone; CPU iPhone OS 10_2_1 like Mac OS X) AppleWebKit/602.4.6 (KHTML, like Gecko) Version/10.0 Mobile/14D27 Safari/602.1"
192.164.233.38 - - [24/Oct/2017:05:49:57 +0200] "GET /css/mobile.css HTTP/1.1" 200 2852 "https://www.easydrivers.at/fahrschulen/vorarlberg" "Mozilla/5.0 (iPhone; CPU iPhone OS 10_2_1 like Mac OS X) AppleWebKit/602.4.6 (KHTML, like Gecko) Version/10.0 Mobile/14D27 Safari/602.1"
192.164.233.38 - - [24/Oct/2017:05:49:57 +0200] "GET /javascript/jquery.cookie.js HTTP/1.1" 200 863 "https://www.easydrivers.at/fahrschulen/vorarlberg" "Mozilla/5.0 (iPhone; CPU iPhone OS 10_2_1 like Mac OS X) AppleWebKit/602.4.6 (KHTML, like Gecko) Version/10.0 Mobile/14D27 Safari/602.1"
192.164.233.38 - - [24/Oct/2017:05:49:57 +0200] "GET /javascript/mobile-menu.js HTTP/1.1" 200 1634 "https://www.easydrivers.at/fahrschulen/vorarlberg" "Mozilla/5.0 (iPhone; CPU iPhone OS 10_2_1 like Mac OS X) AppleWebKit/602.4.6 (KHTML, like Gecko) Version/10.0 Mobile/14D27 Safari/602.1"
192.164.233.38 - - [24/Oct/2017:05:49:57 +0200] "GET /javascript/jquery-1.9.1.min.js HTTP/1.1" 200 32731 "https://www.easydrivers.at/fahrschulen/vorarlberg" "Mozilla/5.0 (iPhone; CPU iPhone OS 10_2_1 like Mac OS X) AppleWebKit/602.4.6 (KHTML, like Gecko) Version/10.0 Mobile/14D27 Safari/602.1"
192.164.233.38 - - [24/Oct/2017:05:49:57 +0200] "GET /javascript/jquery.simplemodal.js HTTP/1.1" 200 3070 "https://www.easydrivers.at/fahrschulen/vorarlberg" "Mozilla/5.0 (iPhone; CPU iPhone OS 10_2_1 like Mac OS X) AppleWebKit/602.4.6 (KHTML, like Gecko) Version/10.0 Mobile/14D27 Safari/602.1"
192.164.233.38 - - [24/Oct/2017:05:49:57 +0200] "GET /javascript/lazyload.js HTTP/1.1" 200 1170 "https://www.easydrivers.at/fahrschulen/vorarlberg" "Mozilla/5.0 (iPhone; CPU iPhone OS 10_2_1 like Mac OS X) AppleWebKit/602.4.6 (KHTML, like Gecko) Version/10.0 Mobile/14D27 Safari/602.1"
192.164.233.38 - - [24/Oct/2017:05:49:57 +0200] "GET /img/mobile/easydrivers-logo-mobile.png HTTP/1.1" 200 10766 "https://www.easydrivers.at/fahrschulen/vorarlberg" "Mozilla/5.0 (iPhone; CPU iPhone OS 10_2_1 like Mac OS X) AppleWebKit/602.4.6 (KHTML, like Gecko) Version/10.0 Mobile/14D27 Safari/602.1"
192.164.233.38 - - [24/Oct/2017:05:49:57 +0200] "GET /img/mobile/menu-button.png HTTP/1.1" 200 1746 "https://www.easydrivers.at/fahrschulen/vorarlberg" "Mozilla/5.0 (iPhone; CPU iPhone OS 10_2_1 like Mac OS X) AppleWebKit/602.4.6 (KHTML, like Gecko) Version/10.0 Mobile/14D27 Safari/602.1"
192.164.233.38 - - [24/Oct/2017:05:49:57 +0200] "GET /img/mobile/close-button.png HTTP/1.1" 200 2411 "https://www.easydrivers.at/fahrschulen/vorarlberg" "Mozilla/5.0 (iPhone; CPU iPhone OS 10_2_1 like Mac OS X) AppleWebKit/602.4.6 (KHTML, like Gecko) Version/10.0 Mobile/14D27 Safari/602.1"
192.164.233.38 - - [24/Oct/2017:05:49:57 +0200] "GET /img/mobile/facebook-icon.png HTTP/1.1" 200 1902 "https://www.easydrivers.at/fahrschulen/vorarlberg" "Mozilla/5.0 (iPhone; CPU iPhone OS 10_2_1 like Mac OS X) AppleWebKit/602.4.6 (KHTML, like Gecko) Version/10.0 Mobile/14D27 Safari/602.1"
192.164.233.38 - - [24/Oct/2017:05:49:57 +0200] "GET /img/mobile/smallicon-address.png HTTP/1.1" 200 1424 "https://www.easydrivers.at/fahrschulen/vorarlberg" "Mozilla/5.0 (iPhone; CPU iPhone OS 10_2_1 like Mac OS X) AppleWebKit/602.4.6 (KHTML, like Gecko) Version/10.0 Mobile/14D27 Safari/602.1"
192.164.233.38 - - [24/Oct/2017:05:49:57 +0200] "GET /img/mobile/googlemaps-pin.png HTTP/1.1" 200 1597 "https://www.easydrivers.at/fahrschulen/vorarlberg" "Mozilla/5.0 (iPhone; CPU iPhone OS 10_2_1 like Mac OS X) AppleWebKit/602.4.6 (KHTML, like Gecko) Version/10.0 Mobile/14D27 Safari/602.1"
192.164.233.38 - - [24/Oct/2017:05:49:57 +0200] "GET /img/mobile/smallicon-time.png HTTP/1.1" 200 1328 "https://www.easydrivers.at/fahrschulen/vorarlberg" "Mozilla/5.0 (iPhone; CPU iPhone OS 10_2_1 like Mac OS X) AppleWebKit/602.4.6 (KHTML, like Gecko) Version/10.0 Mobile/14D27 Safari/602.1"
192.164.233.38 - - [24/Oct/2017:05:49:57 +0200] "GET /img/mobile/smallicon-phone.png HTTP/1.1" 200 1311 "https://www.easydrivers.at/fahrschulen/vorarlberg" "Mozilla/5.0 (iPhone; CPU iPhone OS 10_2_1 like Mac OS X) AppleWebKit/602.4.6 (KHTML, like Gecko) Version/10.0 Mobile/14D27 Safari/602.1"
192.164.233.38 - - [24/Oct/2017:05:49:57 +0200] "GET /img/mobile/smallicon-mail.png HTTP/1.1" 200 1335 "https://www.easydrivers.at/fahrschulen/vorarlberg" "Mozilla/5.0 (iPhone; CPU iPhone OS 10_2_1 like Mac OS X) AppleWebKit/602.4.6 (KHTML, like Gecko) Version/10.0 Mobile/14D27 Safari/602.1"
192.164.233.38 - - [24/Oct/2017:05:49:57 +0200] "GET /img/mobile/bg-header.jpg HTTP/1.1" 200 19741 "https://www.easydrivers.at/fahrschulen/vorarlberg" "Mozilla/5.0 (iPhone; CPU iPhone OS 10_2_1 like Mac OS X) AppleWebKit/602.4.6 (KHTML, like Gecko) Version/10.0 Mobile/14D27 Safari/602.1"
192.164.233.38 - - [24/Oct/2017:05:49:57 +0200] "GET /img/mobile/bg-menu.jpg HTTP/1.1" 200 1698 "https://www.easydrivers.at/fahrschulen/vorarlberg" "Mozilla/5.0 (iPhone; CPU iPhone OS 10_2_1 like Mac OS X) AppleWebKit/602.4.6 (KHTML, like Gecko) Version/10.0 Mobile/14D27 Safari/602.1"
192.164.233.38 - - [24/Oct/2017:05:49:57 +0200] "GET /img/mobile/pfeil-links-small.png HTTP/1.1" 200 1065 "https://www.easydrivers.at/fahrschulen/vorarlberg" "Mozilla/5.0 (iPhone; CPU iPhone OS 10_2_1 like Mac OS X) AppleWebKit/602.4.6 (KHTML, like Gecko) Version/10.0 Mobile/14D27 Safari/602.1"
192.164.233.38 - - [24/Oct/2017:05:49:57 +0200] "GET /img/mobile/bg-yellow.jpg HTTP/1.1" 200 1569 "https://www.easydrivers.at/fahrschulen/vorarlberg" "Mozilla/5.0 (iPhone; CPU iPhone OS 10_2_1 like Mac OS X) AppleWebKit/602.4.6 (KHTML, like Gecko) Version/10.0 Mobile/14D27 Safari/602.1"
192.164.233.38 - - [24/Oct/2017:05:49:57 +0200] "GET /img/mobile/weiter-button.png HTTP/1.1" 200 1670 "https://www.easydrivers.at/fahrschulen/vorarlberg" "Mozilla/5.0 (iPhone; CPU iPhone OS 10_2_1 like Mac OS X) AppleWebKit/602.4.6 (KHTML, like Gecko) Version/10.0 Mobile/14D27 Safari/602.1"
77.119.129.37 - - [24/Oct/2017:05:50:07 +0200] "GET /fuehrerscheine/auto HTTP/1.1" 200 3372 "https://www.easydrivers.at/hartberg/kurse" "Mozilla/5.0 (Windows NT 10.0; Win64; x64; rv:56.0) Gecko/20100101 Firefox/56.0"
77.119.129.37 - - [24/Oct/2017:05:50:09 +0200] "GET /javascript/license.js HTTP/1.1" 200 315 "https://www.easydrivers.at/fuehrerscheine/auto" "Mozilla/5.0 (Windows NT 10.0; Win64; x64; rv:56.0) Gecko/20100101 Firefox/56.0"
77.119.129.37 - - [24/Oct/2017:05:50:09 +0200] "GET /img/submit-button-small.png HTTP/1.1" 200 1456 "https://www.easydrivers.at/css/style.css" "Mozilla/5.0 (Windows NT 10.0; Win64; x64; rv:56.0) Gecko/20100101 Firefox/56.0"
77.119.129.37 - - [24/Oct/2017:05:50:09 +0200] "GET /binaries/easy-drivers-portal/pkw7jpg-1.jpg HTTP/1.1" 200 77956 "https://www.easydrivers.at/fuehrerscheine/auto" "Mozilla/5.0 (Windows NT 10.0; Win64; x64; rv:56.0) Gecko/20100101 Firefox/56.0"
66.249.76.78 - - [24/Oct/2017:05:50:10 +0200] "GET /uploads/pdfs/leoben.pankl/10260094_AM.pdf HTTP/1.1" 301 322 "-" "Mozilla/5.0 (compatible; Googlebot/2.1; +http://www.google.com/bot.html)"
66.249.66.5 - - [24/Oct/2017:05:50:11 +0200] "GET /uploads/pdfs/leoben.pankl/10260094_AM.pdf HTTP/1.1" 200 27304 "-" "Mozilla/5.0 (compatible; Googlebot/2.1; +http://www.google.com/bot.html)"
192.164.233.38 - - [24/Oct/2017:05:50:15 +0200] "GET /dornbirn HTTP/1.1" 200 3038 "https://www.easydrivers.at/fahrschulen/vorarlberg" "Mozilla/5.0 (iPhone; CPU iPhone OS 10_2_1 like Mac OS X) AppleWebKit/602.4.6 (KHTML, like Gecko) Version/10.0 Mobile/14D27 Safari/602.1"
192.164.233.38 - - [24/Oct/2017:05:50:17 +0200] "GET /javascript/mobile-fahrschule.js HTTP/1.1" 200 328 "https://www.easydrivers.at/dornbirn" "Mozilla/5.0 (iPhone; CPU iPhone OS 10_2_1 like Mac OS X) AppleWebKit/602.4.6 (KHTML, like Gecko) Version/10.0 Mobile/14D27 Safari/602.1"
192.164.233.38 - - [24/Oct/2017:05:50:17 +0200] "GET /img/mobile/info-button.png HTTP/1.1" 200 1549 "https://www.easydrivers.at/dornbirn" "Mozilla/5.0 (iPhone; CPU iPhone OS 10_2_1 like Mac OS X) AppleWebKit/602.4.6 (KHTML, like Gecko) Version/10.0 Mobile/14D27 Safari/602.1"
192.164.233.38 - - [24/Oct/2017:05:50:17 +0200] "GET /img/mobile/info-close-button.png HTTP/1.1" 200 1721 "https://www.easydrivers.at/dornbirn" "Mozilla/5.0 (iPhone; CPU iPhone OS 10_2_1 like Mac OS X) AppleWebKit/602.4.6 (KHTML, like Gecko) Version/10.0 Mobile/14D27 Safari/602.1"
192.164.233.38 - - [24/Oct/2017:05:50:17 +0200] "GET /img/smallicon-person.png HTTP/1.1" 200 1141 "https://www.easydrivers.at/dornbirn" "Mozilla/5.0 (iPhone; CPU iPhone OS 10_2_1 like Mac OS X) AppleWebKit/602.4.6 (KHTML, like Gecko) Version/10.0 Mobile/14D27 Safari/602.1"
192.164.233.38 - - [24/Oct/2017:05:50:17 +0200] "GET /img/smallicon-address.png HTTP/1.1" 200 1211 "https://www.easydrivers.at/dornbirn" "Mozilla/5.0 (iPhone; CPU iPhone OS 10_2_1 like Mac OS X) AppleWebKit/602.4.6 (KHTML, like Gecko) Version/10.0 Mobile/14D27 Safari/602.1"
192.164.233.38 - - [24/Oct/2017:05:50:17 +0200] "GET /img/smallicon-time.png HTTP/1.1" 200 1262 "https://www.easydrivers.at/dornbirn" "Mozilla/5.0 (iPhone; CPU iPhone OS 10_2_1 like Mac OS X) AppleWebKit/602.4.6 (KHTML, like Gecko) Version/10.0 Mobile/14D27 Safari/602.1"
192.164.233.38 - - [24/Oct/2017:05:50:17 +0200] "GET /img/smallicon-phone.png HTTP/1.1" 200 3056 "https://www.easydrivers.at/dornbirn" "Mozilla/5.0 (iPhone; CPU iPhone OS 10_2_1 like Mac OS X) AppleWebKit/602.4.6 (KHTML, like Gecko) Version/10.0 Mobile/14D27 Safari/602.1"
192.164.233.38 - - [24/Oct/2017:05:50:17 +0200] "GET /img/smallicon-mail.png HTTP/1.1" 200 1341 "https://www.easydrivers.at/dornbirn" "Mozilla/5.0 (iPhone; CPU iPhone OS 10_2_1 like Mac OS X) AppleWebKit/602.4.6 (KHTML, like Gecko) Version/10.0 Mobile/14D27 Safari/602.1"
192.164.233.38 - - [24/Oct/2017:05:50:18 +0200] "GET /img/mobile/widget-icon-app.png HTTP/1.1" 200 3458 "https://www.easydrivers.at/dornbirn" "Mozilla/5.0 (iPhone; CPU iPhone OS 10_2_1 like Mac OS X) AppleWebKit/602.4.6 (KHTML, like Gecko) Version/10.0 Mobile/14D27 Safari/602.1"
192.164.233.38 - - [24/Oct/2017:05:50:18 +0200] "GET /img/mobile/bg-top-section.jpg HTTP/1.1" 200 21711 "https://www.easydrivers.at/dornbirn" "Mozilla/5.0 (iPhone; CPU iPhone OS 10_2_1 like Mac OS X) AppleWebKit/602.4.6 (KHTML, like Gecko) Version/10.0 Mobile/14D27 Safari/602.1"
192.164.233.38 - - [24/Oct/2017:05:50:18 +0200] "GET /img/mobile/pfeil-rechts.png HTTP/1.1" 200 1228 "https://www.easydrivers.at/dornbirn" "Mozilla/5.0 (iPhone; CPU iPhone OS 10_2_1 like Mac OS X) AppleWebKit/602.4.6 (KHTML, like Gecko) Version/10.0 Mobile/14D27 Safari/602.1"
192.164.233.38 - - [24/Oct/2017:05:50:24 +0200] "POST /dornbirn/kursauswahl HTTP/1.1" 200 2937 "https://www.easydrivers.at/dornbirn" "Mozilla/5.0 (iPhone; CPU iPhone OS 10_2_1 like Mac OS X) AppleWebKit/602.4.6 (KHTML, like Gecko) Version/10.0 Mobile/14D27 Safari/602.1"
192.164.233.38 - - [24/Oct/2017:05:50:27 +0200] "GET /javascript/mobile-fahrschule-kurs-suchergebnis.js HTTP/1.1" 200 274 "https://www.easydrivers.at/dornbirn/kursauswahl" "Mozilla/5.0 (iPhone; CPU iPhone OS 10_2_1 like Mac OS X) AppleWebKit/602.4.6 (KHTML, like Gecko) Version/10.0 Mobile/14D27 Safari/602.1"
66.249.66.31 - - [24/Oct/2017:05:50:29 +0200] "GET /uploads/pdfs/ybbs/10259171_F.pdf HTTP/1.1" 301 315 "-" "Mozilla/5.0 (compatible; Googlebot/2.1; +http://www.google.com/bot.html)"
66.249.66.5 - - [24/Oct/2017:05:50:29 +0200] "GET /uploads/pdfs/ybbs/10259171_F.pdf HTTP/1.1" 200 28191 "-" "Mozilla/5.0 (compatible; Googlebot/2.1; +http://www.google.com/bot.html)"
157.55.39.113 - - [24/Oct/2017:05:50:40 +0200] "GET /binaries/easy-drivers-rudi-dornbirn/grabherr-reinhardjpg.jpg HTTP/1.1" 301 329 "-" "Mozilla/5.0 (compatible; bingbot/2.0; +http://www.bing.com/bingbot.htm)"
66.249.76.74 - - [24/Oct/2017:05:50:47 +0200] "GET /uploads/pdfs/am.spitz/10257464_A2B.pdf HTTP/1.1" 301 321 "-" "Mozilla/5.0 (compatible; Googlebot/2.1; +http://www.google.com/bot.html)"
66.249.66.3 - - [24/Oct/2017:05:50:48 +0200] "GET /uploads/pdfs/am.spitz/10257464_A2B.pdf HTTP/1.1" 200 30688 "-" "Mozilla/5.0 (compatible; Googlebot/2.1; +http://www.google.com/bot.html)"
157.55.39.78 - - [24/Oct/2017:05:50:54 +0200] "GET /binaries/easy-drivers-schladming/volvojpg.jpg HTTP/1.1" 301 324 "-" "Mozilla/5.0 (compatible; bingbot/2.0; +http://www.bing.com/bingbot.htm)"
157.55.39.113 - - [24/Oct/2017:05:50:41 +0200] "GET /binaries/easy-drivers-rudi-dornbirn/grabherr-reinhardjpg.jpg HTTP/1.1" 200 4848959 "-" "Mozilla/5.0 (compatible; bingbot/2.0; +http://www.bing.com/bingbot.htm)"
157.55.39.78 - - [24/Oct/2017:05:51:02 +0200] "GET /binaries/easy-drivers-schladming/volvojpg.jpg HTTP/1.1" 200 257064 "-" "Mozilla/5.0 (compatible; bingbot/2.0; +http://www.bing.com/bingbot.htm)"
66.249.76.78 - - [24/Oct/2017:05:51:05 +0200] "GET /uploads/pdfs/st.valentin/Maikurs_B-L.pdf HTTP/1.1" 301 320 "-" "Mozilla/5.0 (compatible; Googlebot/2.1; +http://www.google.com/bot.html)"
66.249.66.5 - - [24/Oct/2017:05:51:06 +0200] "GET /uploads/pdfs/st.valentin/Maikurs_B-L.pdf HTTP/1.1" 200 29678 "-" "Mozilla/5.0 (compatible; Googlebot/2.1; +http://www.google.com/bot.html)"
66.249.76.76 - - [24/Oct/2017:05:51:24 +0200] "GET /uploads/pdfs/perg/10277347_CCE95.pdf HTTP/1.1" 301 319 "-" "Mozilla/5.0 (compatible; Googlebot/2.1; +http://www.google.com/bot.html)"
178.115.128.18 - - [24/Oct/2017:05:51:40 +0200] "GET /guessing HTTP/1.1" 301 298 "http://m.facebook.com/" "Mozilla/5.0 (Linux; Android 7.0; SM-G950F Build/NRD90M; wv) AppleWebKit/537.36 (KHTML, like Gecko) Version/4.0 Chrome/61.0.3163.98 Mobile Safari/537.36 [FB_IAB/FB4A;FBAV/145.0.0.37.86;]"
66.249.76.74 - - [24/Oct/2017:05:51:42 +0200] "GET /uploads/pdfs/perg/Weihnachten-2014_CCE.pdf HTTP/1.1" 301 320 "-" "Mozilla/5.0 (compatible; Googlebot/2.1; +http://www.google.com/bot.html)"
66.249.76.80 - - [24/Oct/2017:05:51:42 +0200] "GET /uploads/pdfs/perg/Weihnachten-2014_CCE.pdf HTTP/1.1" 200 29237 "-" "Mozilla/5.0 (compatible; Googlebot/2.1; +http://www.google.com/bot.html)"
178.115.128.18 - - [24/Oct/2017:05:51:40 +0200] "GET /guessing HTTP/1.1" 200 2945 "http://m.facebook.com/" "Mozilla/5.0 (Linux; Android 7.0; SM-G950F Build/NRD90M; wv) AppleWebKit/537.36 (KHTML, like Gecko) Version/4.0 Chrome/61.0.3163.98 Mobile Safari/537.36 [FB_IAB/FB4A;FBAV/145.0.0.37.86;]"
77.119.129.37 - - [24/Oct/2017:05:51:56 +0200] "GET /hartberg/kurse HTTP/1.1" 200 4649 "https://www.easydrivers.at/hartberg/kurse" "Mozilla/5.0 (Windows NT 10.0; Win64; x64; rv:56.0) Gecko/20100101 Firefox/56.0"
77.119.129.37 - - [24/Oct/2017:05:51:58 +0200] "GET /binaries/easy-drivers-portal/motorrad1jpg.jpg HTTP/1.1" 200 125850 "https://www.easydrivers.at/hartberg/kurse" "Mozilla/5.0 (Windows NT 10.0; Win64; x64; rv:56.0) Gecko/20100101 Firefox/56.0"
66.249.66.31 - - [24/Oct/2017:05:52:00 +0200] "GET /uploads/pdfs/voesendorf/10281939_B-L17.pdf HTTP/1.1" 301 323 "-" "Mozilla/5.0 (compatible; Googlebot/2.1; +http://www.google.com/bot.html)"
77.119.129.37 - - [24/Oct/2017:05:51:59 +0200] "POST /loadkursliste HTTP/1.1" 200 744 "https://www.easydrivers.at/hartberg/kurse" "Mozilla/5.0 (Windows NT 10.0; Win64; x64; rv:56.0) Gecko/20100101 Firefox/56.0"
66.249.76.82 - - [24/Oct/2017:05:52:01 +0200] "GET /uploads/pdfs/voesendorf/10281939_B-L17.pdf HTTP/1.1" 200 34195 "-" "Mozilla/5.0 (compatible; Googlebot/2.1; +http://www.google.com/bot.html)"
66.249.66.30 - - [24/Oct/2017:05:52:19 +0200] "GET /uploads/pdfs/st.poelten/10258554_B.pdf HTTP/1.1" 301 319 "-" "Mozilla/5.0 (compatible; Googlebot/2.1; +http://www.google.com/bot.html)"
66.249.76.82 - - [24/Oct/2017:05:52:19 +0200] "GET /uploads/pdfs/st.poelten/10258554_B.pdf HTTP/1.1" 200 30428 "-" "Mozilla/5.0 (compatible; Googlebot/2.1; +http://www.google.com/bot.html)"
107.155.183.70 - - [24/Oct/2017:05:52:37 +0200] "GET /dornbirn HTTP/1.1" 301 395 "-" "Mozilla/4.0 (Windows NT 6.1; en-US; rv:0.4.1.9) Gecko/19980912 Firefox/4.3.1"
107.155.183.70 - - [24/Oct/2017:05:52:45 +0200] "GET /dornbirn HTTP/1.1" 200 12253 "-" "Mozilla/5.0 (compatible; MSIE 5.0; Windows NT 52.1; Trident/5.1; WOW64)"
66.249.76.74 - - [24/Oct/2017:05:52:55 +0200] "GET /uploads/pdfs/tulln/tk_21.12._A2BF.pdf HTTP/1.1" 301 319 "-" "Mozilla/5.0 (compatible; Googlebot/2.1; +http://www.google.com/bot.html)"
66.249.76.80 - - [24/Oct/2017:05:52:56 +0200] "GET /uploads/pdfs/tulln/tk_21.12._A2BF.pdf HTTP/1.1" 200 29682 "-" "Mozilla/5.0 (compatible; Googlebot/2.1; +http://www.google.com/bot.html)"
107.155.183.70 - - [24/Oct/2017:05:52:55 +0200] "GET /dornbirn HTTP/1.1" 200 12253 "-" "Mozilla/5.0 (Macintosh; U; U; Intel Mac OS X 10_5_7) AppleWebKit/6121 (KHTML, like Gecko) Chrome/13.0.813.0 Safari/6121"
66.249.66.30 - - [24/Oct/2017:05:53:14 +0200] "GET /uploads/pdfs/enns/Abendkurs-11Juli2016_B-L17.pdf HTTP/1.1" 301 329 "-" "Mozilla/5.0 (compatible; Googlebot/2.1; +http://www.google.com/bot.html)"
66.249.66.7 - - [24/Oct/2017:05:53:14 +0200] "GET /uploads/pdfs/enns/Abendkurs-11Juli2016_B-L17.pdf HTTP/1.1" 200 33815 "-" "Mozilla/5.0 (compatible; Googlebot/2.1; +http://www.google.com/bot.html)"
157.55.39.113 - - [24/Oct/2017:05:53:24 +0200] "GET /ennstal.bad.aussee/team HTTP/1.1" 200 3188 "-" "Mozilla/5.0 (compatible; bingbot/2.0; +http://www.bing.com/bingbot.htm)"
66.249.66.31 - - [24/Oct/2017:05:53:32 +0200] "GET /uploads/pdfs/zwettl/10259644_A2BF.pdf HTTP/1.1" 301 320 "-" "Mozilla/5.0 (compatible; Googlebot/2.1; +http://www.google.com/bot.html)"
66.249.66.5 - - [24/Oct/2017:05:53:33 +0200] "GET /uploads/pdfs/zwettl/10259644_A2BF.pdf HTTP/1.1" 200 30985 "-" "Mozilla/5.0 (compatible; Googlebot/2.1; +http://www.google.com/bot.html)"
46.125.249.85 - - [24/Oct/2017:05:53:37 +0200] "GET /moedling?gclid=EAIaIQobChMI6a-Jja6I1wIVSJPtCh2AMgecEAAYASAAEgJSm_D_BwE HTTP/1.1" 301 350 "-" "Mozilla/5.0 (Linux; Android 4.1.2; LG-E460 Build/JZO54K) AppleWebKit/537.36 (KHTML, like Gecko) Chrome/28.0.1500.94 Mobile Safari/537.36"
66.249.76.74 - - [24/Oct/2017:05:53:50 +0200] "GET /uploads/pdfs/schwechat/10261094_BL1796.pdf HTTP/1.1" 301 323 "-" "Mozilla/5.0 (compatible; Googlebot/2.1; +http://www.google.com/bot.html)"
66.249.76.80 - - [24/Oct/2017:05:53:51 +0200] "GET /uploads/pdfs/schwechat/10261094_BL1796.pdf HTTP/1.1" 200 34847 "-" "Mozilla/5.0 (compatible; Googlebot/2.1; +http://www.google.com/bot.html)"
66.249.76.74 - - [24/Oct/2017:05:54:09 +0200] "GET /uploads/pdfs/ennstal.schladming/KK-12-01-2015_BE.pdf HTTP/1.1" 301 331 "-" "Mozilla/5.0 (compatible; Googlebot/2.1; +http://www.google.com/bot.html)"
66.249.76.82 - - [24/Oct/2017:05:54:09 +0200] "GET /uploads/pdfs/ennstal.schladming/KK-12-01-2015_BE.pdf HTTP/1.1" 200 27550 "-" "Mozilla/5.0 (compatible; Googlebot/2.1; +http://www.google.com/bot.html)"
66.249.66.30 - - [24/Oct/2017:05:54:27 +0200] "GET /uploads/pdfs/hartberg/10245709_B-L.pdf HTTP/1.1" 301 320 "-" "Mozilla/5.0 (compatible; Googlebot/2.1; +http://www.google.com/bot.html)"
66.249.76.80 - - [24/Oct/2017:05:54:27 +0200] "GET /uploads/pdfs/hartberg/10245709_B-L.pdf HTTP/1.1" 200 34864 "-" "Mozilla/5.0 (compatible; Googlebot/2.1; +http://www.google.com/bot.html)"
66.249.76.74 - - [24/Oct/2017:05:54:45 +0200] "GET /uploads/pdfs/voesendorf/10281960_BBE.pdf HTTP/1.1" 301 321 "-" "Mozilla/5.0 (compatible; Googlebot/2.1; +http://www.google.com/bot.html)"
66.249.76.80 - - [24/Oct/2017:05:54:46 +0200] "GET /uploads/pdfs/voesendorf/10281960_BBE.pdf HTTP/1.1" 200 29167 "-" "Mozilla/5.0 (compatible; Googlebot/2.1; +http://www.google.com/bot.html)"
66.249.76.76 - - [24/Oct/2017:05:55:04 +0200] "GET /uploads/pdfs/feldkirch/LKW-Kurs-CD-2015-08-18_CCE.pdf HTTP/1.1" 301 333 "-" "Mozilla/5.0 (compatible; Googlebot/2.1; +http://www.google.com/bot.html)"
46.125.249.85 - - [24/Oct/2017:05:55:04 +0200] "GET / HTTP/1.1" 301 293 "http://www.google.at/" "Mozilla/5.0 (Linux; Android 4.1.2; LG-E460 Build/JZO54K) AppleWebKit/537.36 (KHTML, like Gecko) Chrome/28.0.1500.94 Mobile Safari/537.36"
66.249.76.82 - - [24/Oct/2017:05:55:04 +0200] "GET /uploads/pdfs/feldkirch/LKW-Kurs-CD-2015-08-18_CCE.pdf HTTP/1.1" 200 28276 "-" "Mozilla/5.0 (compatible; Googlebot/2.1; +http://www.google.com/bot.html)"
40.77.167.13 - - [24/Oct/2017:05:55:15 +0200] "GET /amstetten/abendkurs-mai18.1?FS=BBE HTTP/1.1" 200 5618 "-" "Mozilla/5.0 (compatible; bingbot/2.0; +http://www.bing.com/bingbot.htm)"
66.249.76.76 - - [24/Oct/2017:05:55:22 +0200] "GET /uploads/pdfs/hollabrunn/Mopedkurs_Mai_2015_AM.pdf HTTP/1.1" 301 328 "-" "Mozilla/5.0 (compatible; Googlebot/2.1; +http://www.google.com/bot.html)"
66.249.76.82 - - [24/Oct/2017:05:55:22 +0200] "GET /uploads/pdfs/hollabrunn/Mopedkurs_Mai_2015_AM.pdf HTTP/1.1" 200 29817 "-" "Mozilla/5.0 (compatible; Googlebot/2.1; +http://www.google.com/bot.html)"
66.249.76.74 - - [24/Oct/2017:05:55:40 +0200] "GET /uploads/pdfs/innsbruck/10258730_B-L17.pdf HTTP/1.1" 301 323 "-" "Mozilla/5.0 (compatible; Googlebot/2.1; +http://www.google.com/bot.html)"
66.249.76.80 - - [24/Oct/2017:05:55:41 +0200] "GET /uploads/pdfs/innsbruck/10258730_B-L17.pdf HTTP/1.1" 200 34453 "-" "Mozilla/5.0 (compatible; Googlebot/2.1; +http://www.google.com/bot.html)"
66.249.66.30 - - [24/Oct/2017:05:55:59 +0200] "GET /uploads/pdfs/bruck.leitha/10261022_A2BF.pdf HTTP/1.1" 301 323 "-" "Mozilla/5.0 (compatible; Googlebot/2.1; +http://www.google.com/bot.html)"
66.249.66.3 - - [24/Oct/2017:05:55:59 +0200] "GET /uploads/pdfs/bruck.leitha/10261022_A2BF.pdf HTTP/1.1" 200 29895 "-" "Mozilla/5.0 (compatible; Googlebot/2.1; +http://www.google.com/bot.html)"
66.249.66.30 - - [24/Oct/2017:05:56:17 +0200] "GET /binaries/easy-drivers-portal/agb-easy-drivers-retz-2014-09pdf.pdf HTTP/1.1" 301 328 "-" "Mozilla/5.0 (compatible; Googlebot/2.1; +http://www.google.com/bot.html)"
66.249.66.3 - - [24/Oct/2017:05:56:18 +0200] "GET /binaries/easy-drivers-portal/agb-easy-drivers-retz-2014-09pdf.pdf HTTP/1.1" 200 69233 "-" "Mozilla/5.0 (compatible; Googlebot/2.1; +http://www.google.com/bot.html)"
207.46.13.133 - - [24/Oct/2017:05:56:21 +0200] "GET /st.valentin/K_2017-010-02?FS=B-L17 HTTP/1.1" 301 319 "-" "Mozilla/5.0 (compatible; bingbot/2.0; +http://www.bing.com/bingbot.htm)"
66.249.76.80 - - [24/Oct/2017:05:56:35 +0200] "GET /uploads/pdfs/mariazell.pankl/10242031_A2B.pdf HTTP/1.1" 200 30972 "-" "Mozilla/5.0 (compatible; Googlebot/2.1; +http://www.google.com/bot.html)"
212.241.117.197 - - [24/Oct/2017:05:56:37 +0200] "GET /fuehrerscheine/traktor/F HTTP/1.1" 200 3700 "-" "Mozilla/5.0 (Macintosh; Intel Mac OS X 10_9_5) AppleWebKit/601.7.8 (KHTML, like Gecko) Version/9.1.3 Safari/537.86.7"
212.241.117.197 - - [24/Oct/2017:05:56:38 +0200] "GET /javascript/lazyload.js HTTP/1.1" 200 1170 "https://www.easydrivers.at/fuehrerscheine/traktor/F" "Mozilla/5.0 (Macintosh; Intel Mac OS X 10_9_5) AppleWebKit/601.7.8 (KHTML, like Gecko) Version/9.1.3 Safari/537.86.7"
212.241.117.197 - - [24/Oct/2017:05:56:38 +0200] "GET /javascript/portal.js?1221842734 HTTP/1.1" 200 3529 "https://www.easydrivers.at/fuehrerscheine/traktor/F" "Mozilla/5.0 (Macintosh; Intel Mac OS X 10_9_5) AppleWebKit/601.7.8 (KHTML, like Gecko) Version/9.1.3 Safari/537.86.7"
212.241.117.197 - - [24/Oct/2017:05:56:38 +0200] "GET /javascript/product.js HTTP/1.1" 200 139 "https://www.easydrivers.at/fuehrerscheine/traktor/F" "Mozilla/5.0 (Macintosh; Intel Mac OS X 10_9_5) AppleWebKit/601.7.8 (KHTML, like Gecko) Version/9.1.3 Safari/537.86.7"
212.241.117.197 - - [24/Oct/2017:05:56:39 +0200] "GET /img/close-button.png HTTP/1.1" 200 2237 "https://www.easydrivers.at/fuehrerscheine/traktor/F" "Mozilla/5.0 (Macintosh; Intel Mac OS X 10_9_5) AppleWebKit/601.7.8 (KHTML, like Gecko) Version/9.1.3 Safari/537.86.7"
212.241.117.197 - - [24/Oct/2017:05:56:39 +0200] "GET /binaries/easy-drivers-portal/traktor3jpg.jpg HTTP/1.1" 200 131201 "https://www.easydrivers.at/fuehrerscheine/traktor/F" "Mozilla/5.0 (Macintosh; Intel Mac OS X 10_9_5) AppleWebKit/601.7.8 (KHTML, like Gecko) Version/9.1.3 Safari/537.86.7"
212.241.117.197 - - [24/Oct/2017:05:56:40 +0200] "GET /img/kursicon-print-pink.png HTTP/1.1" 200 1125 "https://www.easydrivers.at/fuehrerscheine/traktor/F" "Mozilla/5.0 (Macintosh; Intel Mac OS X 10_9_5) AppleWebKit/601.7.8 (KHTML, like Gecko) Version/9.1.3 Safari/537.86.7"
66.249.76.74 - - [24/Oct/2017:05:56:54 +0200] "GET /voesendorf/10281942?FS=B-L17 HTTP/1.1" 301 315 "-" "Mozilla/5.0 (compatible; Googlebot/2.1; +http://www.google.com/bot.html)"
66.249.76.80 - - [24/Oct/2017:05:56:54 +0200] "GET /voesendorf/10281942?FS=B-L17 HTTP/1.1" 200 5806 "-" "Mozilla/5.0 (compatible; Googlebot/2.1; +http://www.google.com/bot.html)"
66.249.66.30 - - [24/Oct/2017:05:57:12 +0200] "GET /uploads/pdfs/retz/10259456_CCE.pdf HTTP/1.1" 301 317 "-" "Mozilla/5.0 (compatible; Googlebot/2.1; +http://www.google.com/bot.html)"
66.249.76.82 - - [24/Oct/2017:05:57:12 +0200] "GET /uploads/pdfs/retz/10259456_CCE.pdf HTTP/1.1" 200 28212 "-" "Mozilla/5.0 (compatible; Googlebot/2.1; +http://www.google.com/bot.html)"
66.249.76.74 - - [24/Oct/2017:05:57:30 +0200] "GET /uploads/pdfs/waidhofen.thaya/10236137_A2B.pdf HTTP/1.1" 301 325 "-" "Mozilla/5.0 (compatible; Googlebot/2.1; +http://www.google.com/bot.html)"
66.249.76.80 - - [24/Oct/2017:05:57:31 +0200] "GET /uploads/pdfs/waidhofen.thaya/10236137_A2B.pdf HTTP/1.1" 200 31483 "-" "Mozilla/5.0 (compatible; Googlebot/2.1; +http://www.google.com/bot.html)"
66.249.66.30 - - [24/Oct/2017:05:57:49 +0200] "GET /uploads/pdfs/waidhofen.ybbs/10249509_B-L17.pdf HTTP/1.1" 301 327 "-" "Mozilla/5.0 (compatible; Googlebot/2.1; +http://www.google.com/bot.html)"
66.249.66.3 - - [24/Oct/2017:05:57:49 +0200] "GET /uploads/pdfs/waidhofen.ybbs/10249509_B-L17.pdf HTTP/1.1" 200 37241 "-" "Mozilla/5.0 (compatible; Googlebot/2.1; +http://www.google.com/bot.html)"
66.249.76.76 - - [24/Oct/2017:05:58:07 +0200] "GET /uploads/pdfs/krumbach/Weihnachtskurs_B-L17.pdf HTTP/1.1" 301 325 "-" "Mozilla/5.0 (compatible; Googlebot/2.1; +http://www.google.com/bot.html)"
66.249.76.82 - - [24/Oct/2017:05:58:07 +0200] "GET /uploads/pdfs/krumbach/Weihnachtskurs_B-L17.pdf HTTP/1.1" 200 36529 "-" "Mozilla/5.0 (compatible; Googlebot/2.1; +http://www.google.com/bot.html)"
66.249.66.30 - - [24/Oct/2017:05:58:25 +0200] "GET /uploads/pdfs/hartberg/Herbstintensivkurs-16-11-2015_B.pdf HTTP/1.1" 301 334 "-" "Mozilla/5.0 (compatible; Googlebot/2.1; +http://www.google.com/bot.html)"
66.249.76.80 - - [24/Oct/2017:05:58:26 +0200] "GET /uploads/pdfs/hartberg/Herbstintensivkurs-16-11-2015_B.pdf HTTP/1.1" 200 32065 "-" "Mozilla/5.0 (compatible; Googlebot/2.1; +http://www.google.com/bot.html)"
66.249.76.74 - - [24/Oct/2017:05:58:44 +0200] "GET /uploads/pdfs/hollabrunn/10252114_A2BF.pdf HTTP/1.1" 301 322 "-" "Mozilla/5.0 (compatible; Googlebot/2.1; +http://www.google.com/bot.html)"
66.249.66.3 - - [24/Oct/2017:05:58:44 +0200] "GET /uploads/pdfs/hollabrunn/10252114_A2BF.pdf HTTP/1.1" 200 37819 "-" "Mozilla/5.0 (compatible; Googlebot/2.1; +http://www.google.com/bot.html)"
66.249.76.76 - - [24/Oct/2017:05:59:02 +0200] "GET /uploads/pdfs/hollabrunn/10240234_A.pdf HTTP/1.1" 301 319 "-" "Mozilla/5.0 (compatible; Googlebot/2.1; +http://www.google.com/bot.html)"
66.249.76.84 - - [24/Oct/2017:05:59:02 +0200] "GET /uploads/pdfs/hollabrunn/10240234_A.pdf HTTP/1.1" 200 35993 "-" "Mozilla/5.0 (compatible; Googlebot/2.1; +http://www.google.com/bot.html)"
66.249.76.74 - - [24/Oct/2017:05:59:20 +0200] "GET /uploads/pdfs/bludenz/Schnellkurs-B-2015-10-12_B-L17.pdf HTTP/1.1" 301 334 "-" "Mozilla/5.0 (compatible; Googlebot/2.1; +http://www.google.com/bot.html)"
66.249.66.5 - - [24/Oct/2017:05:59:21 +0200] "GET /uploads/pdfs/bludenz/Schnellkurs-B-2015-10-12_B-L17.pdf HTTP/1.1" 200 35617 "-" "Mozilla/5.0 (compatible; Googlebot/2.1; +http://www.google.com/bot.html)"
66.249.76.74 - - [24/Oct/2017:05:59:39 +0200] "GET /hollabrunn/10265461?FS=AvonA2 HTTP/1.1" 301 315 "-" "Mozilla/5.0 (compatible; Googlebot/2.1; +http://www.google.com/bot.html)"
178.189.137.115 - - [24/Oct/2017:05:59:39 +0200] "GET /fuehrerscheine/auto HTTP/1.1" 301 304 "https://www.google.at/" "Mozilla/5.0 (iPhone; CPU iPhone OS 11_0_3 like Mac OS X) AppleWebKit/604.1.38 (KHTML, like Gecko) Version/11.0 Mobile/15A432 Safari/604.1"
178.189.137.115 - - [24/Oct/2017:05:59:39 +0200] "GET /fuehrerscheine/auto HTTP/1.1" 200 5442 "https://www.google.at/" "Mozilla/5.0 (iPhone; CPU iPhone OS 11_0_3 like Mac OS X) AppleWebKit/604.1.38 (KHTML, like Gecko) Version/11.0 Mobile/15A432 Safari/604.1"
178.189.137.115 - - [24/Oct/2017:05:59:41 +0200] "GET /css/mobile.css HTTP/1.1" 200 2852 "https://www.easydrivers.at/fuehrerscheine/auto" "Mozilla/5.0 (iPhone; CPU iPhone OS 11_0_3 like Mac OS X) AppleWebKit/604.1.38 (KHTML, like Gecko) Version/11.0 Mobile/15A432 Safari/604.1"
178.189.137.115 - - [24/Oct/2017:05:59:41 +0200] "GET /javascript/jquery.cookie.js HTTP/1.1" 200 863 "https://www.easydrivers.at/fuehrerscheine/auto" "Mozilla/5.0 (iPhone; CPU iPhone OS 11_0_3 like Mac OS X) AppleWebKit/604.1.38 (KHTML, like Gecko) Version/11.0 Mobile/15A432 Safari/604.1"
178.189.137.115 - - [24/Oct/2017:05:59:41 +0200] "GET /javascript/jquery-1.9.1.min.js HTTP/1.1" 200 32731 "https://www.easydrivers.at/fuehrerscheine/auto" "Mozilla/5.0 (iPhone; CPU iPhone OS 11_0_3 like Mac OS X) AppleWebKit/604.1.38 (KHTML, like Gecko) Version/11.0 Mobile/15A432 Safari/604.1"
178.189.137.115 - - [24/Oct/2017:05:59:41 +0200] "GET /javascript/mobile-menu.js HTTP/1.1" 200 1634 "https://www.easydrivers.at/fuehrerscheine/auto" "Mozilla/5.0 (iPhone; CPU iPhone OS 11_0_3 like Mac OS X) AppleWebKit/604.1.38 (KHTML, like Gecko) Version/11.0 Mobile/15A432 Safari/604.1"
178.189.137.115 - - [24/Oct/2017:05:59:41 +0200] "GET /javascript/jquery.simplemodal.js HTTP/1.1" 200 3070 "https://www.easydrivers.at/fuehrerscheine/auto" "Mozilla/5.0 (iPhone; CPU iPhone OS 11_0_3 like Mac OS X) AppleWebKit/604.1.38 (KHTML, like Gecko) Version/11.0 Mobile/15A432 Safari/604.1"
178.189.137.115 - - [24/Oct/2017:05:59:41 +0200] "GET /javascript/lazyload.js HTTP/1.1" 200 1170 "https://www.easydrivers.at/fuehrerscheine/auto" "Mozilla/5.0 (iPhone; CPU iPhone OS 11_0_3 like Mac OS X) AppleWebKit/604.1.38 (KHTML, like Gecko) Version/11.0 Mobile/15A432 Safari/604.1"
178.189.137.115 - - [24/Oct/2017:05:59:41 +0200] "GET /javascript/mobile-license.js HTTP/1.1" 200 216 "https://www.easydrivers.at/fuehrerscheine/auto" "Mozilla/5.0 (iPhone; CPU iPhone OS 11_0_3 like Mac OS X) AppleWebKit/604.1.38 (KHTML, like Gecko) Version/11.0 Mobile/15A432 Safari/604.1"
178.189.137.115 - - [24/Oct/2017:05:59:41 +0200] "GET /img/mobile/easydrivers-logo-mobile.png HTTP/1.1" 200 10766 "https://www.easydrivers.at/fuehrerscheine/auto" "Mozilla/5.0 (iPhone; CPU iPhone OS 11_0_3 like Mac OS X) AppleWebKit/604.1.38 (KHTML, like Gecko) Version/11.0 Mobile/15A432 Safari/604.1"
178.189.137.115 - - [24/Oct/2017:05:59:41 +0200] "GET /img/mobile/menu-button.png HTTP/1.1" 200 1746 "https://www.easydrivers.at/fuehrerscheine/auto" "Mozilla/5.0 (iPhone; CPU iPhone OS 11_0_3 like Mac OS X) AppleWebKit/604.1.38 (KHTML, like Gecko) Version/11.0 Mobile/15A432 Safari/604.1"
178.189.137.115 - - [24/Oct/2017:05:59:41 +0200] "GET /img/mobile/close-button.png HTTP/1.1" 200 2411 "https://www.easydrivers.at/fuehrerscheine/auto" "Mozilla/5.0 (iPhone; CPU iPhone OS 11_0_3 like Mac OS X) AppleWebKit/604.1.38 (KHTML, like Gecko) Version/11.0 Mobile/15A432 Safari/604.1"
178.189.137.115 - - [24/Oct/2017:05:59:41 +0200] "GET /img/mobile/facebook-icon.png HTTP/1.1" 200 1902 "https://www.easydrivers.at/fuehrerscheine/auto" "Mozilla/5.0 (iPhone; CPU iPhone OS 11_0_3 like Mac OS X) AppleWebKit/604.1.38 (KHTML, like Gecko) Version/11.0 Mobile/15A432 Safari/604.1"
178.189.137.115 - - [24/Oct/2017:05:59:42 +0200] "GET /img/mobile/bg-header.jpg HTTP/1.1" 200 19741 "https://www.easydrivers.at/fuehrerscheine/auto" "Mozilla/5.0 (iPhone; CPU iPhone OS 11_0_3 like Mac OS X) AppleWebKit/604.1.38 (KHTML, like Gecko) Version/11.0 Mobile/15A432 Safari/604.1"
178.189.137.115 - - [24/Oct/2017:05:59:42 +0200] "GET /img/mobile/bg-menu.jpg HTTP/1.1" 200 1698 "https://www.easydrivers.at/fuehrerscheine/auto" "Mozilla/5.0 (iPhone; CPU iPhone OS 11_0_3 like Mac OS X) AppleWebKit/604.1.38 (KHTML, like Gecko) Version/11.0 Mobile/15A432 Safari/604.1"
66.249.66.3 - - [24/Oct/2017:05:59:39 +0200] "GET /hollabrunn/10265461?FS=AvonA2 HTTP/1.1" 200 4972 "-" "Mozilla/5.0 (compatible; Googlebot/2.1; +http://www.google.com/bot.html)"
178.189.137.115 - - [24/Oct/2017:05:59:42 +0200] "GET /img/mobile/bg-yellow.jpg HTTP/1.1" 200 1569 "https://www.easydrivers.at/fuehrerscheine/auto" "Mozilla/5.0 (iPhone; CPU iPhone OS 11_0_3 like Mac OS X) AppleWebKit/604.1.38 (KHTML, like Gecko) Version/11.0 Mobile/15A432 Safari/604.1"
178.189.137.115 - - [24/Oct/2017:05:59:42 +0200] "GET /img/mobile/weiter-button.png HTTP/1.1" 200 1670 "https://www.easydrivers.at/fuehrerscheine/auto" "Mozilla/5.0 (iPhone; CPU iPhone OS 11_0_3 like Mac OS X) AppleWebKit/604.1.38 (KHTML, like Gecko) Version/11.0 Mobile/15A432 Safari/604.1"
178.189.137.115 - - [24/Oct/2017:05:59:44 +0200] "GET /img/mobile/pfeil-links-small.png HTTP/1.1" 200 1065 "https://www.easydrivers.at/fuehrerscheine/auto" "Mozilla/5.0 (iPhone; CPU iPhone OS 11_0_3 like Mac OS X) AppleWebKit/604.1.38 (KHTML, like Gecko) Version/11.0 Mobile/15A432 Safari/604.1"
178.189.137.115 - - [24/Oct/2017:05:59:44 +0200] "GET /img/mobile/pfeil-rechts-small.png HTTP/1.1" 200 1056 "https://www.easydrivers.at/fuehrerscheine/auto" "Mozilla/5.0 (iPhone; CPU iPhone OS 11_0_3 like Mac OS X) AppleWebKit/604.1.38 (KHTML, like Gecko) Version/11.0 Mobile/15A432 Safari/604.1"
213.225.3.190 - - [24/Oct/2017:05:59:46 +0200] "GET /guessing HTTP/1.1" 301 298 "http://m.facebook.com" "Mozilla/5.0 (iPhone; CPU iPhone OS 10_3_3 like Mac OS X) AppleWebKit/603.3.8 (KHTML, like Gecko) Mobile/14G60 [FBAN/FBIOS;FBAV/141.0.0.51.91;FBBV/71695290;FBDV/iPhone8,4;FBMD/iPhone;FBSN/iOS;FBSV/10.3.3;FBSS/2;FBCR/A1;FBID/phone;FBLC/de_DE;FBOP/5;FBRV/72701227]"
213.225.3.190 - - [24/Oct/2017:05:59:46 +0200] "GET /guessing HTTP/1.1" 200 2945 "http://m.facebook.com" "Mozilla/5.0 (iPhone; CPU iPhone OS 10_3_3 like Mac OS X) AppleWebKit/603.3.8 (KHTML, like Gecko) Mobile/14G60 [FBAN/FBIOS;FBAV/141.0.0.51.91;FBBV/71695290;FBDV/iPhone8,4;FBMD/iPhone;FBSN/iOS;FBSV/10.3.3;FBSS/2;FBCR/A1;FBID/phone;FBLC/de_DE;FBOP/5;FBRV/72701227]"
66.249.76.74 - - [24/Oct/2017:05:59:57 +0200] "GET /voesendorf/10281942?FS=BL1796 HTTP/1.1" 301 316 "-" "Mozilla/5.0 (compatible; Googlebot/2.1; +http://www.google.com/bot.html)"
66.249.76.80 - - [24/Oct/2017:05:59:57 +0200] "GET /voesendorf/10281942?FS=BL1796 HTTP/1.1" 200 6099 "-" "Mozilla/5.0 (compatible; Googlebot/2.1; +http://www.google.com/bot.html)"
185.162.47.16 - - [24/Oct/2017:06:00:09 +0200] "GET / HTTP/1.1" 301 294 "-" "Mozilla/5.0 (Windows NT 10.0; WOW64; Trident/7.0; Touch; rv:11.0) like Gecko"
185.162.47.16 - - [24/Oct/2017:06:00:10 +0200] "GET / HTTP/1.1" 200 4425 "-" "Mozilla/5.0 (Windows NT 10.0; WOW64; Trident/7.0; Touch; rv:11.0) like Gecko"
185.162.47.16 - - [24/Oct/2017:06:00:11 +0200] "GET /css/style.css HTTP/1.1" 200 5004 "https://www.easydrivers.at/" "Mozilla/5.0 (Windows NT 10.0; WOW64; Trident/7.0; Touch; rv:11.0) like Gecko"
185.162.47.16 - - [24/Oct/2017:06:00:11 +0200] "GET /javascript/jquery.customSelect.min.js HTTP/1.1" 200 912 "https://www.easydrivers.at/" "Mozilla/5.0 (Windows NT 10.0; WOW64; Trident/7.0; Touch; rv:11.0) like Gecko"
185.162.47.16 - - [24/Oct/2017:06:00:11 +0200] "GET /javascript/jquery.cookie.js HTTP/1.1" 200 863 "https://www.easydrivers.at/" "Mozilla/5.0 (Windows NT 10.0; WOW64; Trident/7.0; Touch; rv:11.0) like Gecko"
185.162.47.16 - - [24/Oct/2017:06:00:11 +0200] "GET /javascript/jquery.simplemodal.js HTTP/1.1" 200 3070 "https://www.easydrivers.at/" "Mozilla/5.0 (Windows NT 10.0; WOW64; Trident/7.0; Touch; rv:11.0) like Gecko"
185.162.47.16 - - [24/Oct/2017:06:00:11 +0200] "GET /javascript/portal.js?1221842734 HTTP/1.1" 200 3529 "https://www.easydrivers.at/" "Mozilla/5.0 (Windows NT 10.0; WOW64; Trident/7.0; Touch; rv:11.0) like Gecko"
185.162.47.16 - - [24/Oct/2017:06:00:12 +0200] "GET /javascript/homesearch.js HTTP/1.1" 200 393 "https://www.easydrivers.at/" "Mozilla/5.0 (Windows NT 10.0; WOW64; Trident/7.0; Touch; rv:11.0) like Gecko"
185.162.47.16 - - [24/Oct/2017:06:00:12 +0200] "GET /img/ED_Logo.png HTTP/1.1" 200 3385 "https://www.easydrivers.at/css/style.css" "Mozilla/5.0 (Windows NT 10.0; WOW64; Trident/7.0; Touch; rv:11.0) like Gecko"
185.162.47.16 - - [24/Oct/2017:06:00:12 +0200] "GET /img/black-dots-vertical.png HTTP/1.1" 200 1165 "https://www.easydrivers.at/css/style.css" "Mozilla/5.0 (Windows NT 10.0; WOW64; Trident/7.0; Touch; rv:11.0) like Gecko"
185.162.47.16 - - [24/Oct/2017:06:00:12 +0200] "GET /img/purple-dots-horizontal.png HTTP/1.1" 200 977 "https://www.easydrivers.at/css/style.css" "Mozilla/5.0 (Windows NT 10.0; WOW64; Trident/7.0; Touch; rv:11.0) like Gecko"
185.162.47.16 - - [24/Oct/2017:06:00:12 +0200] "GET /img/empty.gif HTTP/1.1" 200 43 "https://www.easydrivers.at/" "Mozilla/5.0 (Windows NT 10.0; WOW64; Trident/7.0; Touch; rv:11.0) like Gecko"
185.162.47.16 - - [24/Oct/2017:06:00:12 +0200] "GET /img/bg-header.jpg HTTP/1.1" 200 38680 "https://www.easydrivers.at/css/style.css" "Mozilla/5.0 (Windows NT 10.0; WOW64; Trident/7.0; Touch; rv:11.0) like Gecko"
185.162.47.16 - - [24/Oct/2017:06:00:12 +0200] "GET /img/yellow-dots-vertical.png HTTP/1.1" 200 981 "https://www.easydrivers.at/css/style.css" "Mozilla/5.0 (Windows NT 10.0; WOW64; Trident/7.0; Touch; rv:11.0) like Gecko"
185.162.47.16 - - [24/Oct/2017:06:00:12 +0200] "GET /binaries/easy-drivers-portal/widget-icon-apppng.png HTTP/1.1" 200 2432 "https://www.easydrivers.at/" "Mozilla/5.0 (Windows NT 10.0; WOW64; Trident/7.0; Touch; rv:11.0) like Gecko"
185.162.47.16 - - [24/Oct/2017:06:00:12 +0200] "GET /binaries/easy-drivers-portal/widget-icon-expertspng.png HTTP/1.1" 200 2159 "https://www.easydrivers.at/" "Mozilla/5.0 (Windows NT 10.0; WOW64; Trident/7.0; Touch; rv:11.0) like Gecko"
185.162.47.16 - - [24/Oct/2017:06:00:12 +0200] "GET /binaries/easy-drivers-portal/edradfahrschullogowidget160x90pxpng.png HTTP/1.1" 200 23394 "https://www.easydrivers.at/" "Mozilla/5.0 (Windows NT 10.0; WOW64; Trident/7.0; Touch; rv:11.0) like Gecko"
185.162.47.16 - - [24/Oct/2017:06:00:12 +0200] "GET /img/selection-box-button.png HTTP/1.1" 200 1079 "https://www.easydrivers.at/css/style.css" "Mozilla/5.0 (Windows NT 10.0; WOW64; Trident/7.0; Touch; rv:11.0) like Gecko"
185.162.47.16 - - [24/Oct/2017:06:00:12 +0200] "GET /javascript/lazyload.js HTTP/1.1" 200 1170 "https://www.easydrivers.at/" "Mozilla/5.0 (Windows NT 10.0; WOW64; Trident/7.0; Touch; rv:11.0) like Gecko"
185.162.47.16 - - [24/Oct/2017:06:00:12 +0200] "GET /img/bg-top-section.jpg HTTP/1.1" 200 82172 "https://www.easydrivers.at/css/style.css" "Mozilla/5.0 (Windows NT 10.0; WOW64; Trident/7.0; Touch; rv:11.0) like Gecko"
185.162.47.16 - - [24/Oct/2017:06:00:12 +0200] "GET /img/close-button.png HTTP/1.1" 200 2237 "https://www.easydrivers.at/" "Mozilla/5.0 (Windows NT 10.0; WOW64; Trident/7.0; Touch; rv:11.0) like Gecko"
185.162.47.16 - - [24/Oct/2017:06:00:12 +0200] "GET /img/facebook-icon.png HTTP/1.1" 200 1506 "https://www.easydrivers.at/" "Mozilla/5.0 (Windows NT 10.0; WOW64; Trident/7.0; Touch; rv:11.0) like Gecko"
185.162.47.16 - - [24/Oct/2017:06:00:12 +0200] "GET /img/submit-button.png HTTP/1.1" 200 1958 "https://www.easydrivers.at/" "Mozilla/5.0 (Windows NT 10.0; WOW64; Trident/7.0; Touch; rv:11.0) like Gecko"
185.162.47.16 - - [24/Oct/2017:06:00:12 +0200] "GET /binaries/easy-drivers-portal/widget-icon-trainingpng.png HTTP/1.1" 200 2662 "https://www.easydrivers.at/" "Mozilla/5.0 (Windows NT 10.0; WOW64; Trident/7.0; Touch; rv:11.0) like Gecko"
185.162.47.16 - - [24/Oct/2017:06:00:12 +0200] "GET /img/schweiz-icon.png HTTP/1.1" 200 1504 "https://www.easydrivers.at/" "Mozilla/5.0 (Windows NT 10.0; WOW64; Trident/7.0; Touch; rv:11.0) like Gecko"
185.162.47.16 - - [24/Oct/2017:06:00:13 +0200] "GET /img/kursicon-print-pink.png HTTP/1.1" 200 1125 "https://www.easydrivers.at/" "Mozilla/5.0 (Windows NT 10.0; WOW64; Trident/7.0; Touch; rv:11.0) like Gecko"
185.162.47.16 - - [24/Oct/2017:06:00:13 +0200] "GET /img/kursicon-download-pink.png HTTP/1.1" 200 1213 "https://www.easydrivers.at/" "Mozilla/5.0 (Windows NT 10.0; WOW64; Trident/7.0; Touch; rv:11.0) like Gecko"
185.162.47.16 - - [24/Oct/2017:06:00:13 +0200] "GET /img/bg-footer.jpg HTTP/1.1" 200 31770 "https://www.easydrivers.at/css/style.css" "Mozilla/5.0 (Windows NT 10.0; WOW64; Trident/7.0; Touch; rv:11.0) like Gecko"
185.162.47.16 - - [24/Oct/2017:06:00:13 +0200] "GET /img/kursicon-share-pink.png HTTP/1.1" 200 1277 "https://www.easydrivers.at/" "Mozilla/5.0 (Windows NT 10.0; WOW64; Trident/7.0; Touch; rv:11.0) like Gecko"
185.162.47.16 - - [24/Oct/2017:06:00:13 +0200] "GET /img/kursicon-phone-pink.png HTTP/1.1" 200 1286 "https://www.easydrivers.at/" "Mozilla/5.0 (Windows NT 10.0; WOW64; Trident/7.0; Touch; rv:11.0) like Gecko"
185.162.47.16 - - [24/Oct/2017:06:00:13 +0200] "GET /css/print.css HTTP/1.1" 200 967 "https://www.easydrivers.at/" "Mozilla/5.0 (Windows NT 10.0; WOW64; Trident/7.0; Touch; rv:11.0) like Gecko"
66.249.76.74 - - [24/Oct/2017:06:00:15 +0200] "GET /uploads/pdfs/wallensteinplatz/10281015_AM-M.pdf HTTP/1.1" 301 327 "-" "Mozilla/5.0 (compatible; Googlebot/2.1; +http://www.google.com/bot.html)"
66.249.66.3 - - [24/Oct/2017:06:00:16 +0200] "GET /uploads/pdfs/wallensteinplatz/10281015_AM-M.pdf HTTP/1.1" 200 28615 "-" "Mozilla/5.0 (compatible; Googlebot/2.1; +http://www.google.com/bot.html)"
185.162.47.16 - - [24/Oct/2017:06:00:29 +0200] "GET /brigittenau HTTP/1.1" 200 3718 "-" "Mozilla/5.0 (Windows NT 10.0; WOW64; Trident/7.0; Touch; rv:11.0) like Gecko"
185.162.47.16 - - [24/Oct/2017:06:00:31 +0200] "GET /css/style.css HTTP/1.1" 200 5004 "https://www.easydrivers.at/brigittenau" "Mozilla/5.0 (Windows NT 10.0; WOW64; Trident/7.0; Touch; rv:11.0) like Gecko"
185.162.47.16 - - [24/Oct/2017:06:00:31 +0200] "GET /javascript/jquery.customSelect.min.js HTTP/1.1" 200 912 "https://www.easydrivers.at/brigittenau" "Mozilla/5.0 (Windows NT 10.0; WOW64; Trident/7.0; Touch; rv:11.0) like Gecko"
185.162.47.16 - - [24/Oct/2017:06:00:31 +0200] "GET /javascript/jquery.simplemodal.js HTTP/1.1" 200 3070 "https://www.easydrivers.at/brigittenau" "Mozilla/5.0 (Windows NT 10.0; WOW64; Trident/7.0; Touch; rv:11.0) like Gecko"
185.162.47.16 - - [24/Oct/2017:06:00:31 +0200] "GET /javascript/jquery.cookie.js HTTP/1.1" 200 863 "https://www.easydrivers.at/brigittenau" "Mozilla/5.0 (Windows NT 10.0; WOW64; Trident/7.0; Touch; rv:11.0) like Gecko"
185.162.47.16 - - [24/Oct/2017:06:00:31 +0200] "GET /javascript/portal.js?1221842734 HTTP/1.1" 200 3529 "https://www.easydrivers.at/brigittenau" "Mozilla/5.0 (Windows NT 10.0; WOW64; Trident/7.0; Touch; rv:11.0) like Gecko"
185.162.47.16 - - [24/Oct/2017:06:00:32 +0200] "GET /img/ED_Logo.png HTTP/1.1" 200 3385 "https://www.easydrivers.at/css/style.css" "Mozilla/5.0 (Windows NT 10.0; WOW64; Trident/7.0; Touch; rv:11.0) like Gecko"
185.162.47.16 - - [24/Oct/2017:06:00:32 +0200] "GET /javascript/fahrschule.js HTTP/1.1" 200 462 "https://www.easydrivers.at/brigittenau" "Mozilla/5.0 (Windows NT 10.0; WOW64; Trident/7.0; Touch; rv:11.0) like Gecko"
185.162.47.16 - - [24/Oct/2017:06:00:32 +0200] "GET /javascript/lazyload.js HTTP/1.1" 200 1170 "https://www.easydrivers.at/brigittenau" "Mozilla/5.0 (Windows NT 10.0; WOW64; Trident/7.0; Touch; rv:11.0) like Gecko"
185.162.47.16 - - [24/Oct/2017:06:00:32 +0200] "GET /img/facebook-icon.png HTTP/1.1" 200 1506 "https://www.easydrivers.at/brigittenau" "Mozilla/5.0 (Windows NT 10.0; WOW64; Trident/7.0; Touch; rv:11.0) like Gecko"
185.162.47.16 - - [24/Oct/2017:06:00:32 +0200] "GET /img/close-button.png HTTP/1.1" 200 2237 "https://www.easydrivers.at/brigittenau" "Mozilla/5.0 (Windows NT 10.0; WOW64; Trident/7.0; Touch; rv:11.0) like Gecko"
185.162.47.16 - - [24/Oct/2017:06:00:32 +0200] "GET /img/bg-header.jpg HTTP/1.1" 200 38680 "https://www.easydrivers.at/css/style.css" "Mozilla/5.0 (Windows NT 10.0; WOW64; Trident/7.0; Touch; rv:11.0) like Gecko"
185.162.47.16 - - [24/Oct/2017:06:00:32 +0200] "GET /img/purple-dots-horizontal.png HTTP/1.1" 200 977 "https://www.easydrivers.at/css/style.css" "Mozilla/5.0 (Windows NT 10.0; WOW64; Trident/7.0; Touch; rv:11.0) like Gecko"
185.162.47.16 - - [24/Oct/2017:06:00:32 +0200] "GET /img/empty.gif HTTP/1.1" 200 43 "https://www.easydrivers.at/brigittenau" "Mozilla/5.0 (Windows NT 10.0; WOW64; Trident/7.0; Touch; rv:11.0) like Gecko"
185.162.47.16 - - [24/Oct/2017:06:00:32 +0200] "GET /img/yellow-dots-vertical.png HTTP/1.1" 200 981 "https://www.easydrivers.at/css/style.css" "Mozilla/5.0 (Windows NT 10.0; WOW64; Trident/7.0; Touch; rv:11.0) like Gecko"
185.162.47.16 - - [24/Oct/2017:06:00:32 +0200] "GET /cache/emu/images/easy-drivers-portal10290385/truckjpg_76_90_0.jpg HTTP/1.1" 200 3097 "https://www.easydrivers.at/brigittenau" "Mozilla/5.0 (Windows NT 10.0; WOW64; Trident/7.0; Touch; rv:11.0) like Gecko"
185.162.47.16 - - [24/Oct/2017:06:00:32 +0200] "GET /cache/emu/images/easy-drivers-portal10264045/weihnachtsbaumjpg_90_90_0.jpg HTTP/1.1" 200 2344 "https://www.easydrivers.at/brigittenau" "Mozilla/5.0 (Windows NT 10.0; WOW64; Trident/7.0; Touch; rv:11.0) like Gecko"
