66.249.66.140 - - [24/Oct/2017:02:37:02 +0200] "GET /uploads/pdfs/skarabela.gross-enzersdorf/10280586_A2B.pdf HTTP/1.1" 301 334 "-" "Mozilla/5.0 (compatible; Googlebot/2.1; +http://www.google.com/bot.html)"
66.249.76.82 - - [24/Oct/2017:02:37:02 +0200] "GET /uploads/pdfs/skarabela.gross-enzersdorf/10280586_A2B.pdf HTTP/1.1" 200 32252 "-" "Mozilla/5.0 (compatible; Googlebot/2.1; +http://www.google.com/bot.html)"
66.249.76.76 - - [24/Oct/2017:02:37:20 +0200] "GET /uploads/pdfs/zwettl/10259617_BBE.pdf HTTP/1.1" 301 320 "-" "Mozilla/5.0 (compatible; Googlebot/2.1; +http://www.google.com/bot.html)"
66.249.76.82 - - [24/Oct/2017:02:37:21 +0200] "GET /uploads/pdfs/zwettl/10259617_BBE.pdf HTTP/1.1" 200 29425 "-" "Mozilla/5.0 (compatible; Googlebot/2.1; +http://www.google.com/bot.html)"
66.249.76.74 - - [24/Oct/2017:02:37:38 +0200] "GET /uploads/pdfs/jennersdorf/10260214_CCE95.pdf HTTP/1.1" 301 324 "-" "Mozilla/5.0 (compatible; Googlebot/2.1; +http://www.google.com/bot.html)"
66.249.76.80 - - [24/Oct/2017:02:37:39 +0200] "GET /uploads/pdfs/jennersdorf/10260214_CCE95.pdf HTTP/1.1" 200 28086 "-" "Mozilla/5.0 (compatible; Googlebot/2.1; +http://www.google.com/bot.html)"
66.249.76.74 - - [24/Oct/2017:02:37:57 +0200] "GET /uploads/pdfs/hollabrunn/C_CE_Kurs_Mai_2016_C.pdf HTTP/1.1" 301 328 "-" "Mozilla/5.0 (compatible; Googlebot/2.1; +http://www.google.com/bot.html)"
66.249.66.148 - - [24/Oct/2017:02:37:58 +0200] "GET /uploads/pdfs/hollabrunn/C_CE_Kurs_Mai_2016_C.pdf HTTP/1.1" 200 33387 "-" "Mozilla/5.0 (compatible; Googlebot/2.1; +http://www.google.com/bot.html)"
66.249.76.74 - - [24/Oct/2017:02:38:15 +0200] "GET /uploads/pdfs/retz/10235828_B.pdf HTTP/1.1" 301 315 "-" "Mozilla/5.0 (compatible; Googlebot/2.1; +http://www.google.com/bot.html)"
66.249.76.80 - - [24/Oct/2017:02:38:16 +0200] "GET /uploads/pdfs/retz/10235828_B.pdf HTTP/1.1" 200 31173 "-" "Mozilla/5.0 (compatible; Googlebot/2.1; +http://www.google.com/bot.html)"
164.132.161.16 - - [24/Oct/2017:02:38:30 +0200] "GET /am.spitz/10286885 HTTP/1.1" 301 306 "-" "Mozilla/5.0 (compatible; AhrefsBot/5.2; +http://ahrefs.com/robot/)"
66.249.76.76 - - [24/Oct/2017:02:38:33 +0200] "GET /uploads/pdfs/neunkirchen/Weihnachtskurs_2014_B.pdf HTTP/1.1" 301 328 "-" "Mozilla/5.0 (compatible; Googlebot/2.1; +http://www.google.com/bot.html)"
66.249.76.80 - - [24/Oct/2017:02:38:34 +0200] "GET /uploads/pdfs/neunkirchen/Weihnachtskurs_2014_B.pdf HTTP/1.1" 200 31445 "-" "Mozilla/5.0 (compatible; Googlebot/2.1; +http://www.google.com/bot.html)"
66.249.76.74 - - [24/Oct/2017:02:38:52 +0200] "GET /waidhofen.ybbs/10265803?FS=A2BF HTTP/1.1" 301 317 "-" "Mozilla/5.0 (compatible; Googlebot/2.1; +http://www.google.com/bot.html)"
66.249.66.148 - - [24/Oct/2017:02:38:53 +0200] "GET /waidhofen.ybbs/10265803?FS=A2BF HTTP/1.1" 200 6228 "-" "Mozilla/5.0 (compatible; Googlebot/2.1; +http://www.google.com/bot.html)"
66.249.76.78 - - [24/Oct/2017:02:39:10 +0200] "GET /uploads/pdfs/hartberg/Sommerintensivkurs-31-08-2015_B-L17.pdf HTTP/1.1" 301 338 "-" "Mozilla/5.0 (compatible; Googlebot/2.1; +http://www.google.com/bot.html)"
66.249.76.82 - - [24/Oct/2017:02:39:11 +0200] "GET /uploads/pdfs/hartberg/Sommerintensivkurs-31-08-2015_B-L17.pdf HTTP/1.1" 200 33050 "-" "Mozilla/5.0 (compatible; Googlebot/2.1; +http://www.google.com/bot.html)"
66.249.66.136 - - [24/Oct/2017:02:39:29 +0200] "GET /uploads/pdfs/eisenstadt/10279287_BCE.pdf HTTP/1.1" 301 321 "-" "Mozilla/5.0 (compatible; Googlebot/2.1; +http://www.google.com/bot.html)"
66.249.66.150 - - [24/Oct/2017:02:39:29 +0200] "GET /uploads/pdfs/eisenstadt/10279287_BCE.pdf HTTP/1.1" 200 29382 "-" "Mozilla/5.0 (compatible; Googlebot/2.1; +http://www.google.com/bot.html)"
66.249.66.136 - - [24/Oct/2017:02:39:47 +0200] "GET /uploads/pdfs/zwettl/10259587_A2B.pdf HTTP/1.1" 301 319 "-" "Mozilla/5.0 (compatible; Googlebot/2.1; +http://www.google.com/bot.html)"
66.249.66.148 - - [24/Oct/2017:02:39:48 +0200] "GET /uploads/pdfs/zwettl/10259587_A2B.pdf HTTP/1.1" 200 29980 "-" "Mozilla/5.0 (compatible; Googlebot/2.1; +http://www.google.com/bot.html)"
66.249.66.140 - - [24/Oct/2017:02:40:05 +0200] "GET /download.php?id=10253039 HTTP/1.1" 301 311 "-" "Mozilla/5.0 (compatible; Googlebot/2.1; +http://www.google.com/bot.html)"
66.249.76.84 - - [24/Oct/2017:02:40:06 +0200] "GET /download.php?id=10253039 HTTP/1.1" 200 1085810 "-" "Mozilla/5.0 (compatible; Googlebot/2.1; +http://www.google.com/bot.html)"
66.249.76.76 - - [24/Oct/2017:02:40:23 +0200] "GET /uploads/pdfs/voesendorf/10281936_BCE.pdf HTTP/1.1" 301 321 "-" "Mozilla/5.0 (compatible; Googlebot/2.1; +http://www.google.com/bot.html)"
216.244.66.202 - - [24/Oct/2017:02:40:24 +0200] "GET /robots.txt HTTP/1.1" 301 397 "-" "Mozilla/5.0 (compatible; DotBot/1.1; http://www.opensiteexplorer.org/dotbot, help@moz.com)"
66.249.66.150 - - [24/Oct/2017:02:40:24 +0200] "GET /uploads/pdfs/voesendorf/10281936_BCE.pdf HTTP/1.1" 200 33847 "-" "Mozilla/5.0 (compatible; Googlebot/2.1; +http://www.google.com/bot.html)"
216.244.66.202 - - [24/Oct/2017:02:40:25 +0200] "GET /robots.txt HTTP/1.1" 301 393 "-" "Mozilla/5.0 (compatible; DotBot/1.1; http://www.opensiteexplorer.org/dotbot, help@moz.com)"
216.244.66.202 - - [24/Oct/2017:02:40:26 +0200] "GET /robots.txt HTTP/1.1" 200 178 "-" "Mozilla/5.0 (compatible; DotBot/1.1; http://www.opensiteexplorer.org/dotbot, help@moz.com)"
216.244.66.202 - - [24/Oct/2017:02:40:27 +0200] "GET /robots.txt HTTP/1.1" 200 178 "-" "Mozilla/5.0 (compatible; DotBot/1.1; http://www.opensiteexplorer.org/dotbot, help@moz.com)"
66.249.66.136 - - [24/Oct/2017:02:40:42 +0200] "GET /uploads/pdfs/st.valentin/ostern_A2B.pdf HTTP/1.1" 301 319 "-" "Mozilla/5.0 (compatible; Googlebot/2.1; +http://www.google.com/bot.html)"
66.249.76.80 - - [24/Oct/2017:02:40:42 +0200] "GET /uploads/pdfs/st.valentin/ostern_A2B.pdf HTTP/1.1" 200 29953 "-" "Mozilla/5.0 (compatible; Googlebot/2.1; +http://www.google.com/bot.html)"
66.249.66.136 - - [24/Oct/2017:02:41:00 +0200] "GET /uploads/pdfs/hartberg/Herbstintensivkurs-19-10-2015_A2BF.pdf HTTP/1.1" 301 337 "-" "Mozilla/5.0 (compatible; Googlebot/2.1; +http://www.google.com/bot.html)"
66.249.76.82 - - [24/Oct/2017:02:41:01 +0200] "GET /uploads/pdfs/hartberg/Herbstintensivkurs-19-10-2015_A2BF.pdf HTTP/1.1" 200 31489 "-" "Mozilla/5.0 (compatible; Googlebot/2.1; +http://www.google.com/bot.html)"
66.249.76.76 - - [24/Oct/2017:02:41:18 +0200] "GET /moedling/10281891?FS=BC HTTP/1.1" 301 312 "-" "Mozilla/5.0 (compatible; Googlebot/2.1; +http://www.google.com/bot.html)"
139.78.165.177 - - [24/Oct/2017:02:41:20 +0200] "GET / HTTP/1.1" 301 294 "-" "Mozilla/5.0 (Windows NT 10.0; WOW64) AppleWebKit/537.36 (KHTML, like Gecko) Chrome/61.0.3163.100 Safari/537.36 OPR/48.0.2685.35"
66.249.76.80 - - [24/Oct/2017:02:41:19 +0200] "GET /moedling/10281891?FS=BC HTTP/1.1" 200 5995 "-" "Mozilla/5.0 (compatible; Googlebot/2.1; +http://www.google.com/bot.html)"
139.78.165.177 - - [24/Oct/2017:02:41:20 +0200] "GET / HTTP/1.1" 200 4425 "-" "Mozilla/5.0 (Windows NT 10.0; WOW64) AppleWebKit/537.36 (KHTML, like Gecko) Chrome/61.0.3163.100 Safari/537.36 OPR/48.0.2685.35"
66.249.76.74 - - [24/Oct/2017:02:41:37 +0200] "GET /uploads/pdfs/steyr/1._ferienkurs_A2B.pdf HTTP/1.1" 301 320 "-" "Mozilla/5.0 (compatible; Googlebot/2.1; +http://www.google.com/bot.html)"
66.249.76.80 - - [24/Oct/2017:02:41:37 +0200] "GET /uploads/pdfs/steyr/1._ferienkurs_A2B.pdf HTTP/1.1" 200 32893 "-" "Mozilla/5.0 (compatible; Googlebot/2.1; +http://www.google.com/bot.html)"
66.249.66.136 - - [24/Oct/2017:02:41:55 +0200] "GET /uploads/pdfs/schwechat/10247165_B-L.pdf HTTP/1.1" 301 320 "-" "Mozilla/5.0 (compatible; Googlebot/2.1; +http://www.google.com/bot.html)"
66.249.76.80 - - [24/Oct/2017:02:41:56 +0200] "GET /uploads/pdfs/schwechat/10247165_B-L.pdf HTTP/1.1" 200 32936 "-" "Mozilla/5.0 (compatible; Googlebot/2.1; +http://www.google.com/bot.html)"
66.249.76.76 - - [24/Oct/2017:02:42:13 +0200] "GET /uploads/pdfs/waidhofen.thaya/10259896_AM-M.pdf HTTP/1.1" 301 326 "-" "Mozilla/5.0 (compatible; Googlebot/2.1; +http://www.google.com/bot.html)"
66.249.76.84 - - [24/Oct/2017:02:42:14 +0200] "GET /uploads/pdfs/waidhofen.thaya/10259896_AM-M.pdf HTTP/1.1" 200 27503 "-" "Mozilla/5.0 (compatible; Googlebot/2.1; +http://www.google.com/bot.html)"
157.55.39.113 - - [24/Oct/2017:02:42:22 +0200] "GET /bei.der.wu HTTP/1.1" 301 300 "-" "Mozilla/5.0 (compatible; bingbot/2.0; +http://www.bing.com/bingbot.htm)"
66.249.76.76 - - [24/Oct/2017:02:42:32 +0200] "GET /waidhofen.ybbs/10276718?FS=BF HTTP/1.1" 301 316 "-" "Mozilla/5.0 (compatible; Googlebot/2.1; +http://www.google.com/bot.html)"
66.249.76.82 - - [24/Oct/2017:02:42:32 +0200] "GET /waidhofen.ybbs/10276718?FS=BF HTTP/1.1" 200 5902 "-" "Mozilla/5.0 (compatible; Googlebot/2.1; +http://www.google.com/bot.html)"
66.249.76.74 - - [24/Oct/2017:02:42:50 +0200] "GET /uploads/pdfs/hartberg/Mopedkurs-29-09-2015_A1L17.pdf HTTP/1.1" 301 331 "-" "Mozilla/5.0 (compatible; Googlebot/2.1; +http://www.google.com/bot.html)"
66.249.66.148 - - [24/Oct/2017:02:42:51 +0200] "GET /uploads/pdfs/hartberg/Mopedkurs-29-09-2015_A1L17.pdf HTTP/1.1" 200 36958 "-" "Mozilla/5.0 (compatible; Googlebot/2.1; +http://www.google.com/bot.html)"
66.249.66.136 - - [24/Oct/2017:02:43:09 +0200] "GET /uploads/pdfs/horn/10259360_AM.pdf HTTP/1.1" 301 316 "-" "Mozilla/5.0 (compatible; Googlebot/2.1; +http://www.google.com/bot.html)"
66.249.76.80 - - [24/Oct/2017:02:43:09 +0200] "GET /uploads/pdfs/horn/10259360_AM.pdf HTTP/1.1" 200 27920 "-" "Mozilla/5.0 (compatible; Googlebot/2.1; +http://www.google.com/bot.html)"
66.249.76.76 - - [24/Oct/2017:02:43:27 +0200] "GET /uploads/pdfs/wallensteinplatz/10257916_CCE95.pdf HTTP/1.1" 301 329 "-" "Mozilla/5.0 (compatible; Googlebot/2.1; +http://www.google.com/bot.html)"
66.249.76.82 - - [24/Oct/2017:02:43:27 +0200] "GET /uploads/pdfs/wallensteinplatz/10257916_CCE95.pdf HTTP/1.1" 200 29419 "-" "Mozilla/5.0 (compatible; Googlebot/2.1; +http://www.google.com/bot.html)"
66.249.76.74 - - [24/Oct/2017:02:43:45 +0200] "GET /uploads/pdfs/scheibbs/10249668_A2BF.pdf HTTP/1.1" 301 319 "-" "Mozilla/5.0 (compatible; Googlebot/2.1; +http://www.google.com/bot.html)"
66.249.66.148 - - [24/Oct/2017:02:43:46 +0200] "GET /uploads/pdfs/scheibbs/10249668_A2BF.pdf HTTP/1.1" 200 29811 "-" "Mozilla/5.0 (compatible; Googlebot/2.1; +http://www.google.com/bot.html)"
40.77.167.88 - - [24/Oct/2017:02:43:52 +0200] "GET /uploads/pdfs/skarabela.gross-enzersdorf/10287059_A.pdf HTTP/1.1" 301 332 "-" "Mozilla/5.0 (compatible; bingbot/2.0; +http://www.bing.com/bingbot.htm)"
51.255.65.37 - - [24/Oct/2017:02:43:54 +0200] "GET /neufeld/Inhaberdaten HTTP/1.1" 301 306 "-" "Mozilla/5.0 (compatible; AhrefsBot/5.2; +http://ahrefs.com/robot/)"
66.249.76.74 - - [24/Oct/2017:02:44:03 +0200] "GET /uploads/pdfs/poechlarn/10235519_B-L.pdf HTTP/1.1" 301 320 "-" "Mozilla/5.0 (compatible; Googlebot/2.1; +http://www.google.com/bot.html)"
66.249.66.148 - - [24/Oct/2017:02:44:04 +0200] "GET /uploads/pdfs/poechlarn/10235519_B-L.pdf HTTP/1.1" 200 31949 "-" "Mozilla/5.0 (compatible; Googlebot/2.1; +http://www.google.com/bot.html)"
84.92.196.187 - - [24/Oct/2017:02:44:22 +0200] "GET / HTTP/1.1" 301 384 "-" "Mozilla/5.0 (Windows NT 10.0; WOW64; Trident/7.0; MATBJS; rv:11.0) like Gecko"
66.249.76.76 - - [24/Oct/2017:02:44:22 +0200] "GET /uploads/pdfs/waidhofen.thaya/10259875_BL1796.pdf HTTP/1.1" 301 328 "-" "Mozilla/5.0 (compatible; Googlebot/2.1; +http://www.google.com/bot.html)"
66.249.76.82 - - [24/Oct/2017:02:44:22 +0200] "GET /uploads/pdfs/waidhofen.thaya/10259875_BL1796.pdf HTTP/1.1" 200 36460 "-" "Mozilla/5.0 (compatible; Googlebot/2.1; +http://www.google.com/bot.html)"
84.92.196.187 - - [24/Oct/2017:02:44:22 +0200] "GET / HTTP/1.1" 200 16051 "-" "Mozilla/5.0 (Windows NT 10.0; WOW64; Trident/7.0; MATBJS; rv:11.0) like Gecko"
66.249.76.74 - - [24/Oct/2017:02:44:40 +0200] "GET /uploads/pdfs/steyr/moped-kurs_weihnachten_AM-M.pdf HTTP/1.1" 301 327 "-" "Mozilla/5.0 (compatible; Googlebot/2.1; +http://www.google.com/bot.html)"
66.249.66.148 - - [24/Oct/2017:02:44:41 +0200] "GET /uploads/pdfs/steyr/moped-kurs_weihnachten_AM-M.pdf HTTP/1.1" 200 32734 "-" "Mozilla/5.0 (compatible; Googlebot/2.1; +http://www.google.com/bot.html)"
66.249.76.74 - - [24/Oct/2017:02:44:58 +0200] "GET /uploads/pdfs/bludenz/Grundkurs-B-2014-10-28_B-L17.pdf HTTP/1.1" 301 333 "-" "Mozilla/5.0 (compatible; Googlebot/2.1; +http://www.google.com/bot.html)"
66.249.76.80 - - [24/Oct/2017:02:44:59 +0200] "GET /uploads/pdfs/bludenz/Grundkurs-B-2014-10-28_B-L17.pdf HTTP/1.1" 200 37828 "-" "Mozilla/5.0 (compatible; Googlebot/2.1; +http://www.google.com/bot.html)"
66.249.76.76 - - [24/Oct/2017:02:45:17 +0200] "GET /uploads/pdfs/perg/Weihnachten-2014_C.pdf HTTP/1.1" 301 318 "-" "Mozilla/5.0 (compatible; Googlebot/2.1; +http://www.google.com/bot.html)"
66.249.76.82 - - [24/Oct/2017:02:45:17 +0200] "GET /uploads/pdfs/perg/Weihnachten-2014_C.pdf HTTP/1.1" 200 28796 "-" "Mozilla/5.0 (compatible; Googlebot/2.1; +http://www.google.com/bot.html)"
66.249.66.136 - - [24/Oct/2017:02:45:35 +0200] "GET /uploads/pdfs/klagenfurt/10248716_BCE.pdf HTTP/1.1" 301 323 "-" "Mozilla/5.0 (compatible; Googlebot/2.1; +http://www.google.com/bot.html)"
66.249.66.148 - - [24/Oct/2017:02:45:36 +0200] "GET /uploads/pdfs/klagenfurt/10248716_BCE.pdf HTTP/1.1" 200 30552 "-" "Mozilla/5.0 (compatible; Googlebot/2.1; +http://www.google.com/bot.html)"
66.249.76.74 - - [24/Oct/2017:02:45:54 +0200] "GET /uploads/pdfs/bludenz/Motorradkurs_-_A1,_A2,_A_2016-09-19_A1L17.pdf HTTP/1.1" 301 342 "-" "Mozilla/5.0 (compatible; Googlebot/2.1; +http://www.google.com/bot.html)"
66.249.66.148 - - [24/Oct/2017:02:45:54 +0200] "GET /uploads/pdfs/bludenz/Motorradkurs_-_A1,_A2,_A_2016-09-19_A1L17.pdf HTTP/1.1" 200 36678 "-" "Mozilla/5.0 (compatible; Googlebot/2.1; +http://www.google.com/bot.html)"
66.249.76.78 - - [24/Oct/2017:02:46:12 +0200] "GET /uploads/pdfs/poechlarn/10235516_B-L17.pdf HTTP/1.1" 301 322 "-" "Mozilla/5.0 (compatible; Googlebot/2.1; +http://www.google.com/bot.html)"
66.249.66.150 - - [24/Oct/2017:02:46:13 +0200] "GET /uploads/pdfs/poechlarn/10235516_B-L17.pdf HTTP/1.1" 200 36069 "-" "Mozilla/5.0 (compatible; Googlebot/2.1; +http://www.google.com/bot.html)"
66.249.66.136 - - [24/Oct/2017:02:46:30 +0200] "GET /uploads/pdfs/hollabrunn/novemberkurs_B-L.pdf HTTP/1.1" 301 324 "-" "Mozilla/5.0 (compatible; Googlebot/2.1; +http://www.google.com/bot.html)"
66.249.76.80 - - [24/Oct/2017:02:46:31 +0200] "GET /uploads/pdfs/bludenz/Schnellkurs-B-2015-11-23_BC.pdf HTTP/1.1" 200 29673 "-" "Mozilla/5.0 (compatible; Googlebot/2.1; +http://www.google.com/bot.html)"
66.249.76.82 - - [24/Oct/2017:02:46:31 +0200] "GET /uploads/pdfs/hollabrunn/novemberkurs_B-L.pdf HTTP/1.1" 200 38428 "-" "Mozilla/5.0 (compatible; Googlebot/2.1; +http://www.google.com/bot.html)"
66.249.76.74 - - [24/Oct/2017:02:46:49 +0200] "GET /uploads/pdfs/bad.voeslau/E_Kurs_6_Einheiten_CCE.pdf HTTP/1.1" 301 329 "-" "Mozilla/5.0 (compatible; Googlebot/2.1; +http://www.google.com/bot.html)"
66.249.76.80 - - [24/Oct/2017:02:46:49 +0200] "GET /uploads/pdfs/bad.voeslau/E_Kurs_6_Einheiten_CCE.pdf HTTP/1.1" 200 31153 "-" "Mozilla/5.0 (compatible; Googlebot/2.1; +http://www.google.com/bot.html)"
207.46.13.133 - - [24/Oct/2017:02:46:52 +0200] "GET /bruck.leitha/10280239?FS=AM-M HTTP/1.1" 301 316 "-" "Mozilla/5.0 (compatible; bingbot/2.0; +http://www.bing.com/bingbot.htm)"
66.249.76.76 - - [24/Oct/2017:02:47:07 +0200] "GET /uploads/pdfs/neunkirchen/10275005_A1L17.pdf HTTP/1.1" 301 323 "-" "Mozilla/5.0 (compatible; Googlebot/2.1; +http://www.google.com/bot.html)"
66.249.76.80 - - [24/Oct/2017:02:47:07 +0200] "GET /uploads/pdfs/neunkirchen/10275005_A1L17.pdf HTTP/1.1" 200 37508 "-" "Mozilla/5.0 (compatible; Googlebot/2.1; +http://www.google.com/bot.html)"
66.249.66.138 - - [24/Oct/2017:02:47:25 +0200] "GET /uploads/pdfs/waidhofen.ybbs/Abendkurs_juli_2016_A2B.pdf HTTP/1.1" 301 333 "-" "Mozilla/5.0 (compatible; Googlebot/2.1; +http://www.google.com/bot.html)"
66.249.76.82 - - [24/Oct/2017:02:47:26 +0200] "GET /uploads/pdfs/waidhofen.ybbs/Abendkurs_juli_2016_A2B.pdf HTTP/1.1" 200 30588 "-" "Mozilla/5.0 (compatible; Googlebot/2.1; +http://www.google.com/bot.html)"
207.46.13.133 - - [24/Oct/2017:02:47:35 +0200] "GET /binaries/easy-drivers-steyr/versicherungsbest.pdf HTTP/1.1" 301 321 "-" "Mozilla/5.0 (compatible; bingbot/2.0; +http://www.bing.com/bingbot.htm)"
40.77.167.88 - - [24/Oct/2017:02:47:39 +0200] "GET /hollabrunn/Grundkurs_III_Sommer_2017?FS=B HTTP/1.1" 404 3470 "-" "Mozilla/5.0 (compatible; bingbot/2.0; +http://www.bing.com/bingbot.htm)"
66.249.76.74 - - [24/Oct/2017:02:47:44 +0200] "GET /enns/10264737?FS=AM-M1 HTTP/1.1" 301 311 "-" "Mozilla/5.0 (compatible; Googlebot/2.1; +http://www.google.com/bot.html)"
66.249.66.148 - - [24/Oct/2017:02:47:44 +0200] "GET /enns/10264737?FS=AM-M1 HTTP/1.1" 200 5264 "-" "Mozilla/5.0 (compatible; Googlebot/2.1; +http://www.google.com/bot.html)"
66.249.76.78 - - [24/Oct/2017:02:48:02 +0200] "GET /uploads/pdfs/bludenz/LKW-Kurs_-_CD_2016-12-05_CCE95.pdf HTTP/1.1" 301 335 "-" "Mozilla/5.0 (compatible; Googlebot/2.1; +http://www.google.com/bot.html)"
66.249.76.82 - - [24/Oct/2017:02:48:02 +0200] "GET /uploads/pdfs/bludenz/LKW-Kurs_-_CD_2016-12-05_CCE95.pdf HTTP/1.1" 200 29044 "-" "Mozilla/5.0 (compatible; Googlebot/2.1; +http://www.google.com/bot.html)"
180.76.15.158 - - [24/Oct/2017:02:48:09 +0200] "GET / HTTP/1.1" 301 299 "-" "Mozilla/5.0 (compatible; Baiduspider/2.0; +http://www.baidu.com/search/spider.html)"
180.76.15.159 - - [24/Oct/2017:02:48:10 +0200] "GET / HTTP/1.1" 200 16051 "-" "Mozilla/5.0 (compatible; Baiduspider/2.0; +http://www.baidu.com/search/spider.html)"
66.249.76.74 - - [24/Oct/2017:02:48:20 +0200] "GET /uploads/pdfs/schwechat/10256464_A2B.pdf HTTP/1.1" 301 319 "-" "Mozilla/5.0 (compatible; Googlebot/2.1; +http://www.google.com/bot.html)"
66.249.76.82 - - [24/Oct/2017:02:48:21 +0200] "GET /uploads/pdfs/schwechat/10256464_A2B.pdf HTTP/1.1" 200 30483 "-" "Mozilla/5.0 (compatible; Googlebot/2.1; +http://www.google.com/bot.html)"
5.196.87.48 - - [24/Oct/2017:02:48:21 +0200] "GET /robots.txt HTTP/1.1" 301 304 "-" "Mozilla/5.0 (compatible; AhrefsBot/5.2; +http://ahrefs.com/robot/)"
5.196.87.48 - - [24/Oct/2017:02:48:21 +0200] "GET /robots.txt HTTP/1.1" 200 101 "-" "Mozilla/5.0 (compatible; AhrefsBot/5.2; +http://ahrefs.com/robot/)"
66.249.66.136 - - [24/Oct/2017:02:48:39 +0200] "GET /uploads/pdfs/bludenz/Grundkurs-B-2015-04-28_A2BF.pdf HTTP/1.1" 301 332 "-" "Mozilla/5.0 (compatible; Googlebot/2.1; +http://www.google.com/bot.html)"
66.249.76.80 - - [24/Oct/2017:02:48:39 +0200] "GET /uploads/pdfs/bludenz/Grundkurs-B-2015-04-28_A2BF.pdf HTTP/1.1" 200 31229 "-" "Mozilla/5.0 (compatible; Googlebot/2.1; +http://www.google.com/bot.html)"
66.249.66.136 - - [24/Oct/2017:02:48:57 +0200] "GET /uploads/pdfs/mariazell.pankl/10260136_A2BF.pdf HTTP/1.1" 301 327 "-" "Mozilla/5.0 (compatible; Googlebot/2.1; +http://www.google.com/bot.html)"
66.249.76.80 - - [24/Oct/2017:02:48:57 +0200] "GET /uploads/pdfs/mariazell.pankl/10260136_A2BF.pdf HTTP/1.1" 200 29580 "-" "Mozilla/5.0 (compatible; Googlebot/2.1; +http://www.google.com/bot.html)"
66.249.66.136 - - [24/Oct/2017:02:49:15 +0200] "GET /uploads/pdfs/schwechat/10247176_B-L17.pdf HTTP/1.1" 301 321 "-" "Mozilla/5.0 (compatible; Googlebot/2.1; +http://www.google.com/bot.html)"
66.249.66.150 - - [24/Oct/2017:02:49:16 +0200] "GET /uploads/pdfs/schwechat/10247176_B-L17.pdf HTTP/1.1" 200 36600 "-" "Mozilla/5.0 (compatible; Googlebot/2.1; +http://www.google.com/bot.html)"
66.249.76.76 - - [24/Oct/2017:02:49:34 +0200] "GET /uploads/pdfs/eisenstadt/10279284_B-L17.pdf HTTP/1.1" 301 323 "-" "Mozilla/5.0 (compatible; Googlebot/2.1; +http://www.google.com/bot.html)"
66.249.76.80 - - [24/Oct/2017:02:49:34 +0200] "GET /uploads/pdfs/eisenstadt/10279284_B-L17.pdf HTTP/1.1" 200 34916 "-" "Mozilla/5.0 (compatible; Googlebot/2.1; +http://www.google.com/bot.html)"
40.77.167.88 - - [24/Oct/2017:02:49:51 +0200] "GET /binaries/10249800.jpg HTTP/1.1" 301 309 "-" "Mozilla/5.0 (compatible; bingbot/2.0; +http://www.bing.com/bingbot.htm)"
66.249.76.74 - - [24/Oct/2017:02:49:52 +0200] "GET /uploads/pdfs/hartberg/C-Seminar-26-11-2015_CCE95.pdf HTTP/1.1" 301 330 "-" "Mozilla/5.0 (compatible; Googlebot/2.1; +http://www.google.com/bot.html)"
66.249.76.80 - - [24/Oct/2017:02:49:52 +0200] "GET /uploads/pdfs/hartberg/C-Seminar-26-11-2015_CCE95.pdf HTTP/1.1" 200 29049 "-" "Mozilla/5.0 (compatible; Googlebot/2.1; +http://www.google.com/bot.html)"
40.77.167.88 - - [24/Oct/2017:02:49:53 +0200] "GET /binaries/10249800.jpg HTTP/1.1" 200 87786 "-" "Mozilla/5.0 (compatible; bingbot/2.0; +http://www.bing.com/bingbot.htm)"
157.55.39.113 - - [24/Oct/2017:02:50:01 +0200] "GET /bruck.leitha/uebungsplatz HTTP/1.1" 200 2985 "-" "Mozilla/5.0 (compatible; bingbot/2.0; +http://www.bing.com/bingbot.htm)"
66.249.76.78 - - [24/Oct/2017:02:50:10 +0200] "GET /uploads/pdfs/bludenz/Grundkurs-B-2015-08-18_A1L17.pdf HTTP/1.1" 301 334 "-" "Mozilla/5.0 (compatible; Googlebot/2.1; +http://www.google.com/bot.html)"
66.249.66.150 - - [24/Oct/2017:02:50:11 +0200] "GET /uploads/pdfs/bludenz/Grundkurs-B-2015-08-18_A1L17.pdf HTTP/1.1" 200 36847 "-" "Mozilla/5.0 (compatible; Googlebot/2.1; +http://www.google.com/bot.html)"
66.249.66.136 - - [24/Oct/2017:02:50:29 +0200] "GET /uploads/pdfs/klagenfurt/10248716_B-L17.pdf HTTP/1.1" 301 324 "-" "Mozilla/5.0 (compatible; Googlebot/2.1; +http://www.google.com/bot.html)"
66.249.66.148 - - [24/Oct/2017:02:50:29 +0200] "GET /uploads/pdfs/klagenfurt/10248716_B-L17.pdf HTTP/1.1" 200 35229 "-" "Mozilla/5.0 (compatible; Googlebot/2.1; +http://www.google.com/bot.html)"
216.244.66.202 - - [24/Oct/2017:02:50:44 +0200] "GET /neunkirchen/10249730 HTTP/1.1" 301 407 "-" "Mozilla/5.0 (compatible; DotBot/1.1; http://www.opensiteexplorer.org/dotbot, help@moz.com)"
66.249.76.74 - - [24/Oct/2017:02:50:47 +0200] "GET /uploads/pdfs/skarabela.gross-enzersdorf/Maerzkurs_B-L.pdf HTTP/1.1" 301 334 "-" "Mozilla/5.0 (compatible; Googlebot/2.1; +http://www.google.com/bot.html)"
66.249.76.80 - - [24/Oct/2017:02:50:47 +0200] "GET /uploads/pdfs/skarabela.gross-enzersdorf/Maerzkurs_B-L.pdf HTTP/1.1" 200 31450 "-" "Mozilla/5.0 (compatible; Googlebot/2.1; +http://www.google.com/bot.html)"
66.249.66.136 - - [24/Oct/2017:02:51:05 +0200] "GET /uploads/pdfs/voesendorf/10281942_A1F.pdf HTTP/1.1" 301 321 "-" "Mozilla/5.0 (compatible; Googlebot/2.1; +http://www.google.com/bot.html)"
66.249.76.80 - - [24/Oct/2017:02:51:06 +0200] "GET /uploads/pdfs/voesendorf/10281942_A1F.pdf HTTP/1.1" 200 30063 "-" "Mozilla/5.0 (compatible; Googlebot/2.1; +http://www.google.com/bot.html)"
207.46.13.133 - - [24/Oct/2017:02:51:36 +0200] "GET /zwettl/aktionen HTTP/1.1" 200 2916 "-" "Mozilla/5.0 (compatible; bingbot/2.0; +http://www.bing.com/bingbot.htm)"
66.249.76.74 - - [24/Oct/2017:02:51:48 +0200] "GET /uploads/pdfs/kapfenberg.pankl/10241950_A2B.pdf HTTP/1.1" 301 327 "-" "Mozilla/5.0 (compatible; Googlebot/2.1; +http://www.google.com/bot.html)"
66.249.76.80 - - [24/Oct/2017:02:51:48 +0200] "GET /uploads/pdfs/kapfenberg.pankl/10241950_A2B.pdf HTTP/1.1" 200 30914 "-" "Mozilla/5.0 (compatible; Googlebot/2.1; +http://www.google.com/bot.html)"
66.249.76.74 - - [24/Oct/2017:02:51:57 +0200] "GET /uploads/pdfs/tulln/10235023_B.pdf HTTP/1.1" 301 315 "-" "Mozilla/5.0 (compatible; Googlebot/2.1; +http://www.google.com/bot.html)"
66.249.76.80 - - [24/Oct/2017:02:51:58 +0200] "GET /uploads/pdfs/tulln/10235023_B.pdf HTTP/1.1" 200 30211 "-" "Mozilla/5.0 (compatible; Googlebot/2.1; +http://www.google.com/bot.html)"
66.249.76.74 - - [24/Oct/2017:02:52:06 +0200] "GET /uploads/pdfs/retz/10259497_BL1796.pdf HTTP/1.1" 301 321 "-" "Mozilla/5.0 (compatible; Googlebot/2.1; +http://www.google.com/bot.html)"
66.249.76.82 - - [24/Oct/2017:02:52:07 +0200] "GET /uploads/pdfs/retz/10259497_BL1796.pdf HTTP/1.1" 200 36076 "-" "Mozilla/5.0 (compatible; Googlebot/2.1; +http://www.google.com/bot.html)"
66.249.76.76 - - [24/Oct/2017:02:52:19 +0200] "GET /download.php?id=10250325 HTTP/1.1" 301 311 "-" "Mozilla/5.0 (compatible; Googlebot/2.1; +http://www.google.com/bot.html)"
66.249.66.150 - - [24/Oct/2017:02:52:19 +0200] "GET /download.php?id=10250325 HTTP/1.1" 200 106633 "-" "Mozilla/5.0 (compatible; Googlebot/2.1; +http://www.google.com/bot.html)"
66.249.66.136 - - [24/Oct/2017:02:52:37 +0200] "GET /uploads/pdfs/leoben.pankl/10260112_DD195-C.pdf HTTP/1.1" 301 326 "-" "Mozilla/5.0 (compatible; Googlebot/2.1; +http://www.google.com/bot.html)"
66.249.76.80 - - [24/Oct/2017:02:52:37 +0200] "GET /uploads/pdfs/leoben.pankl/10260112_DD195-C.pdf HTTP/1.1" 200 28320 "-" "Mozilla/5.0 (compatible; Googlebot/2.1; +http://www.google.com/bot.html)"
51.255.65.66 - - [24/Oct/2017:02:52:45 +0200] "GET /st.valentin HTTP/1.1" 301 300 "-" "Mozilla/5.0 (compatible; AhrefsBot/5.2; +http://ahrefs.com/robot/)"
66.249.76.74 - - [24/Oct/2017:02:52:55 +0200] "GET /uploads/pdfs/tulln/tk_21.12._BCE.pdf HTTP/1.1" 301 318 "-" "Mozilla/5.0 (compatible; Googlebot/2.1; +http://www.google.com/bot.html)"
66.249.76.80 - - [24/Oct/2017:02:52:56 +0200] "GET /uploads/pdfs/tulln/tk_21.12._BCE.pdf HTTP/1.1" 200 29389 "-" "Mozilla/5.0 (compatible; Googlebot/2.1; +http://www.google.com/bot.html)"
40.77.167.13 - - [24/Oct/2017:02:52:56 +0200] "GET /bludenz/aktionen HTTP/1.1" 301 305 "-" "Mozilla/5.0 (compatible; bingbot/2.0; +http://www.bing.com/bingbot.htm)"
216.244.66.202 - - [24/Oct/2017:02:52:56 +0200] "GET /gmuend HTTP/1.1" 301 393 "-" "Mozilla/5.0 (compatible; DotBot/1.1; http://www.opensiteexplorer.org/dotbot, help@moz.com)"
66.249.66.140 - - [24/Oct/2017:02:53:14 +0200] "GET /uploads/pdfs/brigittenau/10257379_B.pdf HTTP/1.1" 301 321 "-" "Mozilla/5.0 (compatible; Googlebot/2.1; +http://www.google.com/bot.html)"
66.249.76.82 - - [24/Oct/2017:02:53:14 +0200] "GET /uploads/pdfs/brigittenau/10257379_B.pdf HTTP/1.1" 200 29649 "-" "Mozilla/5.0 (compatible; Googlebot/2.1; +http://www.google.com/bot.html)"
66.249.76.74 - - [24/Oct/2017:02:53:32 +0200] "GET /uploads/pdfs/linz/mopedkurs_2016_AM-M1.pdf HTTP/1.1" 301 323 "-" "Mozilla/5.0 (compatible; Googlebot/2.1; +http://www.google.com/bot.html)"
66.249.76.80 - - [24/Oct/2017:02:53:32 +0200] "GET /uploads/pdfs/linz/mopedkurs_2016_AM-M1.pdf HTTP/1.1" 200 27501 "-" "Mozilla/5.0 (compatible; Googlebot/2.1; +http://www.google.com/bot.html)"
66.249.76.74 - - [24/Oct/2017:02:53:50 +0200] "GET /uploads/pdfs/eisenstadt/10263211_A1F.pdf HTTP/1.1" 301 320 "-" "Mozilla/5.0 (compatible; Googlebot/2.1; +http://www.google.com/bot.html)"
66.249.76.80 - - [24/Oct/2017:02:53:51 +0200] "GET /uploads/pdfs/eisenstadt/10263211_A1F.pdf HTTP/1.1" 200 30136 "-" "Mozilla/5.0 (compatible; Googlebot/2.1; +http://www.google.com/bot.html)"
109.48.28.116 - - [24/Oct/2017:02:53:53 +0200] "GET /wp-login.php HTTP/1.1" 301 399 "-" "Mozilla/5.0 (Windows NT 6.1; WOW64; rv:40.0) Gecko/20100101 Firefox/40.1"
109.48.28.116 - - [24/Oct/2017:02:53:58 +0200] "GET /wp-login.php HTTP/1.1" 301 399 "-" "Mozilla/5.0 (Windows NT 6.1; WOW64; rv:40.0) Gecko/20100101 Firefox/40.1"
109.48.28.116 - - [24/Oct/2017:02:54:03 +0200] "GET / HTTP/1.1" 301 387 "-" "Mozilla/5.0 (Windows NT 6.1; WOW64; rv:40.0) Gecko/20100101 Firefox/40.1"
66.249.76.78 - - [24/Oct/2017:02:54:09 +0200] "GET /uploads/pdfs/schwechat/10261103_BE96.pdf HTTP/1.1" 301 320 "-" "Mozilla/5.0 (compatible; Googlebot/2.1; +http://www.google.com/bot.html)"
66.249.66.152 - - [24/Oct/2017:02:54:09 +0200] "GET /uploads/pdfs/schwechat/10261103_BE96.pdf HTTP/1.1" 200 29892 "-" "Mozilla/5.0 (compatible; Googlebot/2.1; +http://www.google.com/bot.html)"
66.249.76.76 - - [24/Oct/2017:02:54:27 +0200] "GET /uploads/pdfs/easy_drivers_st._peterau/10243384_B-L17.pdf HTTP/1.1" 301 330 "-" "Mozilla/5.0 (compatible; Googlebot/2.1; +http://www.google.com/bot.html)"
66.249.76.80 - - [24/Oct/2017:02:54:28 +0200] "GET /uploads/pdfs/easy_drivers_st._peterau/10243384_B-L17.pdf HTTP/1.1" 200 34133 "-" "Mozilla/5.0 (compatible; Googlebot/2.1; +http://www.google.com/bot.html)"
66.249.76.74 - - [24/Oct/2017:02:54:45 +0200] "GET /uploads/pdfs/ennstal.schladming/KK-12-01-2015_B.pdf HTTP/1.1" 301 330 "-" "Mozilla/5.0 (compatible; Googlebot/2.1; +http://www.google.com/bot.html)"
66.249.76.80 - - [24/Oct/2017:02:54:46 +0200] "GET /uploads/pdfs/ennstal.schladming/KK-12-01-2015_B.pdf HTTP/1.1" 200 29498 "-" "Mozilla/5.0 (compatible; Googlebot/2.1; +http://www.google.com/bot.html)"
66.249.76.78 - - [24/Oct/2017:02:55:04 +0200] "GET /hollabrunn/Links HTTP/1.1" 301 305 "-" "Mozilla/5.0 (compatible; Googlebot/2.1; +http://www.google.com/bot.html)"
66.249.76.80 - - [24/Oct/2017:02:55:04 +0200] "GET /hollabrunn/Links HTTP/1.1" 200 3110 "-" "Mozilla/5.0 (compatible; Googlebot/2.1; +http://www.google.com/bot.html)"
66.249.76.74 - - [24/Oct/2017:02:55:22 +0200] "GET /uploads/pdfs/steyr/abendkurs_dezember_B.pdf HTTP/1.1" 301 323 "-" "Mozilla/5.0 (compatible; Googlebot/2.1; +http://www.google.com/bot.html)"
66.249.76.80 - - [24/Oct/2017:02:55:22 +0200] "GET /uploads/pdfs/steyr/abendkurs_dezember_B.pdf HTTP/1.1" 200 33020 "-" "Mozilla/5.0 (compatible; Googlebot/2.1; +http://www.google.com/bot.html)"
66.249.66.136 - - [24/Oct/2017:02:55:40 +0200] "GET /uploads/pdfs/ennstal.bad.aussee/10255748_DD195-B.pdf HTTP/1.1" 301 330 "-" "Mozilla/5.0 (compatible; Googlebot/2.1; +http://www.google.com/bot.html)"
66.249.66.148 - - [24/Oct/2017:02:55:41 +0200] "GET /uploads/pdfs/ennstal.bad.aussee/10255748_DD195-B.pdf HTTP/1.1" 200 30702 "-" "Mozilla/5.0 (compatible; Googlebot/2.1; +http://www.google.com/bot.html)"
40.77.167.13 - - [24/Oct/2017:02:55:46 +0200] "GET /waidhofen.thaya/kurse HTTP/1.1" 301 308 "-" "Mozilla/5.0 (iPhone; CPU iPhone OS 7_0 like Mac OS X) AppleWebKit/537.51.1 (KHTML, like Gecko) Version/7.0 Mobile/11A465 Safari/9537.53 (compatible; bingbot/2.0; +http://www.bing.com/bingbot.htm)"
66.249.76.74 - - [24/Oct/2017:02:55:59 +0200] "GET /uploads/pdfs/schwechat/10265304_A2vonA1.pdf HTTP/1.1" 301 323 "-" "Mozilla/5.0 (compatible; Googlebot/2.1; +http://www.google.com/bot.html)"
66.249.66.148 - - [24/Oct/2017:02:55:59 +0200] "GET /uploads/pdfs/schwechat/10265304_A2vonA1.pdf HTTP/1.1" 200 25827 "-" "Mozilla/5.0 (compatible; Googlebot/2.1; +http://www.google.com/bot.html)"
40.77.167.13 - - [24/Oct/2017:02:55:59 +0200] "GET /waidhofen.thaya/kurse HTTP/1.1" 200 3153 "-" "Mozilla/5.0 (iPhone; CPU iPhone OS 7_0 like Mac OS X) AppleWebKit/537.51.1 (KHTML, like Gecko) Version/7.0 Mobile/11A465 Safari/9537.53 (compatible; bingbot/2.0; +http://www.bing.com/bingbot.htm)"
216.244.66.202 - - [24/Oct/2017:02:56:17 +0200] "GET /klagenfurt/Bilder_Galerie/ HTTP/1.1" 301 413 "-" "Mozilla/5.0 (compatible; DotBot/1.1; http://www.opensiteexplorer.org/dotbot, help@moz.com)"
66.249.76.74 - - [24/Oct/2017:02:56:17 +0200] "GET /uploads/pdfs/retz/10259480_A2B.pdf HTTP/1.1" 301 317 "-" "Mozilla/5.0 (compatible; Googlebot/2.1; +http://www.google.com/bot.html)"
66.249.76.80 - - [24/Oct/2017:02:56:17 +0200] "GET /uploads/pdfs/retz/10259480_A2B.pdf HTTP/1.1" 200 30259 "-" "Mozilla/5.0 (compatible; Googlebot/2.1; +http://www.google.com/bot.html)"
216.244.66.202 - - [24/Oct/2017:02:56:19 +0200] "GET /fahrschule-fuehrerschein-portal/fahrschulen/fahrschulen-tirol.php HTTP/1.1" 301 452 "-" "Mozilla/5.0 (compatible; DotBot/1.1; http://www.opensiteexplorer.org/dotbot, help@moz.com)"
216.244.66.202 - - [24/Oct/2017:02:56:21 +0200] "GET /berndorf/news/ HTTP/1.1" 301 401 "-" "Mozilla/5.0 (compatible; DotBot/1.1; http://www.opensiteexplorer.org/dotbot, help@moz.com)"
66.249.66.136 - - [24/Oct/2017:02:56:35 +0200] "GET /uploads/pdfs/skarabela.gross-enzersdorf/10275511_BPlus.pdf HTTP/1.1" 301 336 "-" "Mozilla/5.0 (compatible; Googlebot/2.1; +http://www.google.com/bot.html)"
66.249.66.148 - - [24/Oct/2017:02:56:36 +0200] "GET /uploads/pdfs/skarabela.gross-enzersdorf/10275511_BPlus.pdf HTTP/1.1" 200 30057 "-" "Mozilla/5.0 (compatible; Googlebot/2.1; +http://www.google.com/bot.html)"
40.77.167.88 - - [24/Oct/2017:02:56:38 +0200] "GET /feldkirch HTTP/1.1" 301 300 "-" "Mozilla/5.0 (compatible; bingbot/2.0; +http://www.bing.com/bingbot.htm)"
66.249.66.136 - - [24/Oct/2017:02:56:54 +0200] "GET /uploads/pdfs/neunkirchen/10274945_A1L17.pdf HTTP/1.1" 301 324 "-" "Mozilla/5.0 (compatible; Googlebot/2.1; +http://www.google.com/bot.html)"
66.249.76.80 - - [24/Oct/2017:02:56:54 +0200] "GET /uploads/pdfs/neunkirchen/10274945_A1L17.pdf HTTP/1.1" 200 37352 "-" "Mozilla/5.0 (compatible; Googlebot/2.1; +http://www.google.com/bot.html)"
217.182.93.250 - - [24/Oct/2017:02:57:00 +0200] "GET /zwettl/10253213 HTTP/1.1" 301 305 "-" "Go-http-client/1.1"
217.182.93.250 - - [24/Oct/2017:02:57:00 +0200] "GET /zwettl/10253213 HTTP/1.1" 200 3128 "http://easydrivers.at/zwettl/10253213" "Go-http-client/1.1"
66.249.66.136 - - [24/Oct/2017:02:57:12 +0200] "GET /uploads/pdfs/tulln/Intensivkurs-8-Einheiten-Oktober-2014_B-L17.pdf HTTP/1.1" 301 341 "-" "Mozilla/5.0 (compatible; Googlebot/2.1; +http://www.google.com/bot.html)"
66.249.76.84 - - [24/Oct/2017:02:57:12 +0200] "GET /uploads/pdfs/tulln/Intensivkurs-8-Einheiten-Oktober-2014_B-L17.pdf HTTP/1.1" 200 35247 "-" "Mozilla/5.0 (compatible; Googlebot/2.1; +http://www.google.com/bot.html)"
217.182.94.191 - - [24/Oct/2017:02:57:24 +0200] "GET /ybbs/office HTTP/1.1" 301 302 "-" "Go-http-client/1.1"
217.182.94.191 - - [24/Oct/2017:02:57:24 +0200] "GET /ybbs/office HTTP/1.1" 200 3223 "http://easydrivers.at/ybbs/office" "Go-http-client/1.1"
66.249.66.136 - - [24/Oct/2017:02:57:30 +0200] "GET /uploads/pdfs/waidhofen.ybbs/10249521_B-L17.pdf HTTP/1.1" 301 326 "-" "Mozilla/5.0 (compatible; Googlebot/2.1; +http://www.google.com/bot.html)"
66.249.76.82 - - [24/Oct/2017:02:57:31 +0200] "GET /uploads/pdfs/waidhofen.ybbs/10249521_B-L17.pdf HTTP/1.1" 200 36728 "-" "Mozilla/5.0 (compatible; Googlebot/2.1; +http://www.google.com/bot.html)"
40.77.167.88 - - [24/Oct/2017:02:57:32 +0200] "GET /st.poelten/10271864?FS=AM HTTP/1.1" 301 312 "-" "Mozilla/5.0 (compatible; bingbot/2.0; +http://www.bing.com/bingbot.htm)"
157.55.39.113 - - [24/Oct/2017:02:57:42 +0200] "GET /binaries/easy-drivers-hollabrunn/-1.pdf HTTP/1.1" 301 316 "-" "Mozilla/5.0 (iPhone; CPU iPhone OS 7_0 like Mac OS X) AppleWebKit/537.51.1 (KHTML, like Gecko) Version/7.0 Mobile/11A465 Safari/9537.53 (compatible; bingbot/2.0; +http://www.bing.com/bingbot.htm)"
66.249.76.74 - - [24/Oct/2017:02:57:49 +0200] "GET /uploads/pdfs/bruck.leitha/10229237_BE96.pdf HTTP/1.1" 301 325 "-" "Mozilla/5.0 (compatible; Googlebot/2.1; +http://www.google.com/bot.html)"
66.249.76.80 - - [24/Oct/2017:02:57:49 +0200] "GET /uploads/pdfs/bruck.leitha/10229237_BE96.pdf HTTP/1.1" 200 31606 "-" "Mozilla/5.0 (compatible; Googlebot/2.1; +http://www.google.com/bot.html)"
157.55.39.113 - - [24/Oct/2017:02:57:50 +0200] "GET /binaries/easy-drivers-hollabrunn/-1.pdf HTTP/1.1" 200 64959 "-" "Mozilla/5.0 (iPhone; CPU iPhone OS 7_0 like Mac OS X) AppleWebKit/537.51.1 (KHTML, like Gecko) Version/7.0 Mobile/11A465 Safari/9537.53 (compatible; bingbot/2.0; +http://www.bing.com/bingbot.htm)"
217.182.92.172 - - [24/Oct/2017:02:57:56 +0200] "GET /poechlarn/10252952 HTTP/1.1" 301 306 "-" "Go-http-client/1.1"
217.182.88.168 - - [24/Oct/2017:02:57:58 +0200] "GET /wieselburg/10252979 HTTP/1.1" 301 308 "-" "Go-http-client/1.1"
217.182.92.172 - - [24/Oct/2017:02:57:56 +0200] "GET /poechlarn/10252952 HTTP/1.1" 200 3173 "http://easydrivers.at/poechlarn/10252952" "Go-http-client/1.1"
217.182.88.168 - - [24/Oct/2017:02:57:58 +0200] "GET /wieselburg/10252979 HTTP/1.1" 200 3131 "http://easydrivers.at/wieselburg/10252979" "Go-http-client/1.1"
66.249.76.78 - - [24/Oct/2017:02:58:07 +0200] "GET /uploads/pdfs/skarabela.gross-enzersdorf/winterkurs2014_B-L17.pdf HTTP/1.1" 301 339 "-" "Mozilla/5.0 (compatible; Googlebot/2.1; +http://www.google.com/bot.html)"
66.249.66.148 - - [24/Oct/2017:02:58:08 +0200] "GET /uploads/pdfs/skarabela.gross-enzersdorf/winterkurs2014_B-L17.pdf HTTP/1.1" 200 37372 "-" "Mozilla/5.0 (compatible; Googlebot/2.1; +http://www.google.com/bot.html)"
66.249.66.136 - - [24/Oct/2017:02:58:25 +0200] "GET /uploads/pdfs/krems/10279364_CC95.pdf HTTP/1.1" 301 320 "-" "Mozilla/5.0 (compatible; Googlebot/2.1; +http://www.google.com/bot.html)"
66.249.66.148 - - [24/Oct/2017:02:58:26 +0200] "GET /uploads/pdfs/krems/10279364_CC95.pdf HTTP/1.1" 200 27507 "-" "Mozilla/5.0 (compatible; Googlebot/2.1; +http://www.google.com/bot.html)"
66.249.66.136 - - [24/Oct/2017:02:58:44 +0200] "GET /ybbs/Inhaberdaten HTTP/1.1" 301 304 "-" "Mozilla/5.0 (compatible; Googlebot/2.1; +http://www.google.com/bot.html)"
66.249.66.148 - - [24/Oct/2017:02:58:44 +0200] "GET /ybbs/Inhaberdaten HTTP/1.1" 200 3701 "-" "Mozilla/5.0 (compatible; Googlebot/2.1; +http://www.google.com/bot.html)"
66.249.66.150 - - [24/Oct/2017:02:59:02 +0200] "GET /spittelau/10281282?FS=A1L17 HTTP/1.1" 410 3399 "-" "Mozilla/5.0 (compatible; Googlebot/2.1; +http://www.google.com/bot.html)"
66.249.76.76 - - [24/Oct/2017:02:59:20 +0200] "GET /brigittenau/aktionen HTTP/1.1" 301 307 "-" "Mozilla/5.0 (compatible; Googlebot/2.1; +http://www.google.com/bot.html)"
66.249.66.148 - - [24/Oct/2017:02:59:21 +0200] "GET /brigittenau/aktionen HTTP/1.1" 200 3185 "-" "Mozilla/5.0 (compatible; Googlebot/2.1; +http://www.google.com/bot.html)"
66.249.66.136 - - [24/Oct/2017:02:59:39 +0200] "GET /dornbirn/10276883?FS=A1L17 HTTP/1.1" 301 314 "-" "Mozilla/5.0 (compatible; Googlebot/2.1; +http://www.google.com/bot.html)"
66.249.76.80 - - [24/Oct/2017:02:59:39 +0200] "GET /dornbirn/10276883?FS=A1L17 HTTP/1.1" 200 6607 "-" "Mozilla/5.0 (compatible; Googlebot/2.1; +http://www.google.com/bot.html)"
157.55.39.78 - - [24/Oct/2017:02:59:47 +0200] "GET /wr.neustadt HTTP/1.1" 301 303 "-" "Mozilla/5.0 (iPhone; CPU iPhone OS 7_0 like Mac OS X) AppleWebKit/537.51.1 (KHTML, like Gecko) Version/7.0 Mobile/11A465 Safari/9537.53 (compatible; bingbot/2.0; +http://www.bing.com/bingbot.htm)"
66.249.66.136 - - [24/Oct/2017:02:59:57 +0200] "GET /fuehrerscheine/mofa/AM-M1 HTTP/1.1" 301 309 "-" "Mozilla/5.0 (compatible; Googlebot/2.1; +http://www.google.com/bot.html)"
157.55.39.78 - - [24/Oct/2017:02:59:55 +0200] "GET /wr.neustadt HTTP/1.1" 200 2988 "-" "Mozilla/5.0 (iPhone; CPU iPhone OS 7_0 like Mac OS X) AppleWebKit/537.51.1 (KHTML, like Gecko) Version/7.0 Mobile/11A465 Safari/9537.53 (compatible; bingbot/2.0; +http://www.bing.com/bingbot.htm)"
66.249.66.148 - - [24/Oct/2017:02:59:58 +0200] "GET /fuehrerscheine/mofa/AM-M1 HTTP/1.1" 200 3625 "-" "Mozilla/5.0 (compatible; Googlebot/2.1; +http://www.google.com/bot.html)"
66.249.66.138 - - [24/Oct/2017:03:00:15 +0200] "GET /am.spitz/Inhaberdaten HTTP/1.1" 301 307 "-" "Mozilla/5.0 (compatible; Googlebot/2.1; +http://www.google.com/bot.html)"
66.249.76.84 - - [24/Oct/2017:03:00:16 +0200] "GET /am.spitz/Inhaberdaten HTTP/1.1" 200 3690 "-" "Mozilla/5.0 (compatible; Googlebot/2.1; +http://www.google.com/bot.html)"
66.249.76.76 - - [24/Oct/2017:03:00:34 +0200] "GET /fuehrerscheine/lkw/CCE HTTP/1.1" 301 307 "-" "Mozilla/5.0 (compatible; Googlebot/2.1; +http://www.google.com/bot.html)"
66.249.76.80 - - [24/Oct/2017:03:00:34 +0200] "GET /fuehrerscheine/lkw/CCE HTTP/1.1" 200 4163 "-" "Mozilla/5.0 (compatible; Googlebot/2.1; +http://www.google.com/bot.html)"
66.249.76.74 - - [24/Oct/2017:03:00:52 +0200] "GET /wallensteinplatz/10281237?FS=BE96 HTTP/1.1" 301 319 "-" "Mozilla/5.0 (compatible; Googlebot/2.1; +http://www.google.com/bot.html)"
66.249.76.80 - - [24/Oct/2017:03:00:52 +0200] "GET /wallensteinplatz/10281237?FS=BE96 HTTP/1.1" 410 3422 "-" "Mozilla/5.0 (compatible; Googlebot/2.1; +http://www.google.com/bot.html)"
66.249.66.136 - - [24/Oct/2017:03:01:10 +0200] "GET /uploads/pdfs/wallensteinplatz/10281516_CCE.pdf HTTP/1.1" 301 326 "-" "Mozilla/5.0 (compatible; Googlebot/2.1; +http://www.google.com/bot.html)"
66.249.76.80 - - [24/Oct/2017:03:01:11 +0200] "GET /uploads/pdfs/wallensteinplatz/10281516_CCE.pdf HTTP/1.1" 200 28952 "-" "Mozilla/5.0 (compatible; Googlebot/2.1; +http://www.google.com/bot.html)"
65.55.210.116 - - [24/Oct/2017:03:01:16 +0200] "GET /javascript/jquery.customSelect.min.js HTTP/1.1" 200 912 "https://www.easydrivers.at/zwettl" "Mozilla/5.0 (Windows NT 6.1; WOW64) AppleWebKit/534+ (KHTML, like Gecko) BingPreview/1.0b"
66.249.76.76 - - [24/Oct/2017:03:01:29 +0200] "GET /uploads/pdfs/skarabela.gross-enzersdorf/10280583_B-L17.pdf HTTP/1.1" 301 336 "-" "Mozilla/5.0 (compatible; Googlebot/2.1; +http://www.google.com/bot.html)"
66.249.76.82 - - [24/Oct/2017:03:01:29 +0200] "GET /uploads/pdfs/skarabela.gross-enzersdorf/10280583_B-L17.pdf HTTP/1.1" 200 36441 "-" "Mozilla/5.0 (compatible; Googlebot/2.1; +http://www.google.com/bot.html)"
66.249.76.74 - - [24/Oct/2017:03:01:47 +0200] "GET /uploads/pdfs/eisenstadt/Weihnachtskurs_BL1796.pdf HTTP/1.1" 301 328 "-" "Mozilla/5.0 (compatible; Googlebot/2.1; +http://www.google.com/bot.html)"
66.249.76.80 - - [24/Oct/2017:03:01:47 +0200] "GET /uploads/pdfs/eisenstadt/Weihnachtskurs_BL1796.pdf HTTP/1.1" 200 36739 "-" "Mozilla/5.0 (compatible; Googlebot/2.1; +http://www.google.com/bot.html)"
66.249.66.138 - - [24/Oct/2017:03:02:05 +0200] "GET /uploads/pdfs/bludenz/LKW-Kurs_-_CD_2016-05-09_DD195-C.pdf HTTP/1.1" 301 338 "-" "Mozilla/5.0 (compatible; Googlebot/2.1; +http://www.google.com/bot.html)"
66.249.76.82 - - [24/Oct/2017:03:02:06 +0200] "GET /uploads/pdfs/bludenz/LKW-Kurs_-_CD_2016-05-09_DD195-C.pdf HTTP/1.1" 200 29412 "-" "Mozilla/5.0 (compatible; Googlebot/2.1; +http://www.google.com/bot.html)"
66.249.76.76 - - [24/Oct/2017:03:02:24 +0200] "GET /uploads/pdfs/neunkirchen/Weihnachtskurs_2014_B-L.pdf HTTP/1.1" 301 329 "-" "Mozilla/5.0 (compatible; Googlebot/2.1; +http://www.google.com/bot.html)"
66.249.76.80 - - [24/Oct/2017:03:02:24 +0200] "GET /uploads/pdfs/neunkirchen/Weihnachtskurs_2014_B-L.pdf HTTP/1.1" 200 32288 "-" "Mozilla/5.0 (compatible; Googlebot/2.1; +http://www.google.com/bot.html)"
66.249.76.74 - - [24/Oct/2017:03:02:42 +0200] "GET /uploads/pdfs/neunkirchen/10274936_B-L.pdf HTTP/1.1" 301 322 "-" "Mozilla/5.0 (compatible; Googlebot/2.1; +http://www.google.com/bot.html)"
66.249.76.80 - - [24/Oct/2017:03:02:42 +0200] "GET /uploads/pdfs/neunkirchen/10274936_B-L.pdf HTTP/1.1" 200 32638 "-" "Mozilla/5.0 (compatible; Googlebot/2.1; +http://www.google.com/bot.html)"
40.77.167.88 - - [24/Oct/2017:03:02:46 +0200] "GET /fahrschulen/3300 HTTP/1.1" 200 3723 "-" "Mozilla/5.0 (compatible; bingbot/2.0; +http://www.bing.com/bingbot.htm)"
66.249.76.78 - - [24/Oct/2017:03:03:00 +0200] "GET /uploads/pdfs/enns/10254586_AM.pdf HTTP/1.1" 301 316 "-" "Mozilla/5.0 (compatible; Googlebot/2.1; +http://www.google.com/bot.html)"
66.249.76.82 - - [24/Oct/2017:03:03:01 +0200] "GET /uploads/pdfs/enns/10254586_AM.pdf HTTP/1.1" 200 27048 "-" "Mozilla/5.0 (compatible; Googlebot/2.1; +http://www.google.com/bot.html)"
157.55.39.113 - - [24/Oct/2017:03:03:02 +0200] "GET /amstetten/abendkurs-juli18.2?FS=A1L17 HTTP/1.1" 200 6261 "-" "Mozilla/5.0 (compatible; bingbot/2.0; +http://www.bing.com/bingbot.htm)"
88.99.144.66 - - [24/Oct/2017:03:03:05 +0200] "GET / HTTP/1.1" 301 383 "-" "Mozilla/5.0 (Windows; U; Windows NT 5.1; ru; rv:1.9.0.1) Gecko/2008070208"
88.99.144.66 - - [24/Oct/2017:03:03:05 +0200] "GET / HTTP/1.1" 200 16051 "-" "Mozilla/5.0 (Windows; U; Windows NT 5.1; ru; rv:1.9.0.1) Gecko/2008070208"
66.249.76.74 - - [24/Oct/2017:03:03:19 +0200] "GET /uploads/pdfs/wr.neustadt/10279992_BBE.pdf HTTP/1.1" 301 321 "-" "Mozilla/5.0 (compatible; Googlebot/2.1; +http://www.google.com/bot.html)"
66.249.76.82 - - [24/Oct/2017:03:03:19 +0200] "GET /uploads/pdfs/wr.neustadt/10279992_BBE.pdf HTTP/1.1" 200 29001 "-" "Mozilla/5.0 (compatible; Googlebot/2.1; +http://www.google.com/bot.html)"
66.249.76.74 - - [24/Oct/2017:03:03:37 +0200] "GET /uploads/pdfs/ybbs/10235441_B-L.pdf HTTP/1.1" 301 317 "-" "Mozilla/5.0 (compatible; Googlebot/2.1; +http://www.google.com/bot.html)"
66.249.76.80 - - [24/Oct/2017:03:03:38 +0200] "GET /uploads/pdfs/ybbs/10235441_B-L.pdf HTTP/1.1" 200 31868 "-" "Mozilla/5.0 (compatible; Googlebot/2.1; +http://www.google.com/bot.html)"
207.46.13.133 - - [24/Oct/2017:03:03:51 +0200] "GET /zwettl/10253213 HTTP/1.1" 200 3129 "-" "Mozilla/5.0 (compatible; bingbot/2.0; +http://www.bing.com/bingbot.htm)"
66.249.76.74 - - [24/Oct/2017:03:03:55 +0200] "GET /download.php?id=10265378 HTTP/1.1" 301 311 "-" "Mozilla/5.0 (compatible; Googlebot/2.1; +http://www.google.com/bot.html)"
66.249.76.80 - - [24/Oct/2017:03:03:56 +0200] "GET /download.php?id=10265378 HTTP/1.1" 200 89539 "-" "Mozilla/5.0 (compatible; Googlebot/2.1; +http://www.google.com/bot.html)"
66.249.76.74 - - [24/Oct/2017:03:04:14 +0200] "GET /ennstal.bad.aussee/links HTTP/1.1" 301 309 "-" "Mozilla/5.0 (compatible; Googlebot/2.1; +http://www.google.com/bot.html)"
66.249.76.80 - - [24/Oct/2017:03:04:14 +0200] "GET /ennstal.bad.aussee/links HTTP/1.1" 200 3072 "-" "Mozilla/5.0 (compatible; Googlebot/2.1; +http://www.google.com/bot.html)"
66.249.66.136 - - [24/Oct/2017:03:04:32 +0200] "GET /uploads/pdfs/leoben.pankl/10272253_A2B.pdf HTTP/1.1" 301 323 "-" "Mozilla/5.0 (compatible; Googlebot/2.1; +http://www.google.com/bot.html)"
66.249.66.148 - - [24/Oct/2017:03:04:33 +0200] "GET /uploads/pdfs/leoben.pankl/10272253_A2B.pdf HTTP/1.1" 200 30299 "-" "Mozilla/5.0 (compatible; Googlebot/2.1; +http://www.google.com/bot.html)"
66.249.66.136 - - [24/Oct/2017:03:04:50 +0200] "GET /uploads/pdfs/schwechat/10247600_DD195-B.pdf HTTP/1.1" 301 324 "-" "Mozilla/5.0 (compatible; Googlebot/2.1; +http://www.google.com/bot.html)"
66.249.76.80 - - [24/Oct/2017:03:04:51 +0200] "GET /uploads/pdfs/schwechat/10247600_DD195-B.pdf HTTP/1.1" 200 30880 "-" "Mozilla/5.0 (compatible; Googlebot/2.1; +http://www.google.com/bot.html)"
66.249.76.74 - - [24/Oct/2017:03:05:09 +0200] "GET /uploads/pdfs/krumbach/Herbstkurs_Krumbach_B-L.pdf HTTP/1.1" 301 324 "-" "Mozilla/5.0 (compatible; Googlebot/2.1; +http://www.google.com/bot.html)"
66.249.66.150 - - [24/Oct/2017:03:05:09 +0200] "GET /uploads/pdfs/krumbach/Herbstkurs_Krumbach_B-L.pdf HTTP/1.1" 200 31989 "-" "Mozilla/5.0 (compatible; Googlebot/2.1; +http://www.google.com/bot.html)"
66.249.66.138 - - [24/Oct/2017:03:05:27 +0200] "GET /uploads/pdfs/waidhofen.ybbs/AK_09_2015_B-L17.pdf HTTP/1.1" 301 329 "-" "Mozilla/5.0 (compatible; Googlebot/2.1; +http://www.google.com/bot.html)"
66.249.66.150 - - [24/Oct/2017:03:05:28 +0200] "GET /uploads/pdfs/waidhofen.ybbs/AK_09_2015_B-L17.pdf HTTP/1.1" 200 36903 "-" "Mozilla/5.0 (compatible; Googlebot/2.1; +http://www.google.com/bot.html)"
40.77.167.13 - - [24/Oct/2017:03:05:40 +0200] "GET /uploads/pdfs/scheibbs/10249644_B.pdf HTTP/1.1" 200 30574 "-" "Mozilla/5.0 (compatible; bingbot/2.0; +http://www.bing.com/bingbot.htm)"
66.249.76.74 - - [24/Oct/2017:03:05:45 +0200] "GET /uploads/pdfs/waidhofen.ybbs/10249512_A2B.pdf HTTP/1.1" 301 325 "-" "Mozilla/5.0 (compatible; Googlebot/2.1; +http://www.google.com/bot.html)"
66.249.66.148 - - [24/Oct/2017:03:05:46 +0200] "GET /uploads/pdfs/waidhofen.ybbs/10249512_A2B.pdf HTTP/1.1" 200 32627 "-" "Mozilla/5.0 (compatible; Googlebot/2.1; +http://www.google.com/bot.html)"
66.249.76.74 - - [24/Oct/2017:03:06:04 +0200] "GET /uploads/pdfs/innsbruck/10256431_B.pdf HTTP/1.1" 301 320 "-" "Mozilla/5.0 (compatible; Googlebot/2.1; +http://www.google.com/bot.html)"
66.249.76.84 - - [24/Oct/2017:03:06:04 +0200] "GET /uploads/pdfs/innsbruck/10256431_B.pdf HTTP/1.1" 200 31261 "-" "Mozilla/5.0 (compatible; Googlebot/2.1; +http://www.google.com/bot.html)"
66.249.76.76 - - [24/Oct/2017:03:06:22 +0200] "GET /uploads/pdfs/retz/10259453_B-L17.pdf HTTP/1.1" 301 320 "-" "Mozilla/5.0 (compatible; Googlebot/2.1; +http://www.google.com/bot.html)"
66.249.76.82 - - [24/Oct/2017:03:06:23 +0200] "GET /uploads/pdfs/retz/10259453_B-L17.pdf HTTP/1.1" 200 34508 "-" "Mozilla/5.0 (compatible; Googlebot/2.1; +http://www.google.com/bot.html)"
66.249.76.74 - - [24/Oct/2017:03:06:40 +0200] "GET /uploads/pdfs/klagenfurt/10276588_BE.pdf HTTP/1.1" 301 322 "-" "Mozilla/5.0 (compatible; Googlebot/2.1; +http://www.google.com/bot.html)"
66.249.66.148 - - [24/Oct/2017:03:06:41 +0200] "GET /uploads/pdfs/klagenfurt/10276588_BE.pdf HTTP/1.1" 200 27381 "-" "Mozilla/5.0 (compatible; Googlebot/2.1; +http://www.google.com/bot.html)"
66.249.76.74 - - [24/Oct/2017:03:06:59 +0200] "GET /uploads/pdfs/feldkirch/Motorradkurs-A1-A2-A-2015-07-28_A2BF.pdf HTTP/1.1" 301 340 "-" "Mozilla/5.0 (compatible; Googlebot/2.1; +http://www.google.com/bot.html)"
66.249.76.80 - - [24/Oct/2017:03:06:59 +0200] "GET /uploads/pdfs/feldkirch/Motorradkurs-A1-A2-A-2015-07-28_A2BF.pdf HTTP/1.1" 200 30137 "-" "Mozilla/5.0 (compatible; Googlebot/2.1; +http://www.google.com/bot.html)"
217.182.93.250 - - [24/Oct/2017:03:06:59 +0200] "GET /waidhofen.thaya/10253235 HTTP/1.1" 301 310 "-" "Go-http-client/1.1"
217.182.93.250 - - [24/Oct/2017:03:07:00 +0200] "GET /waidhofen.thaya/10253235 HTTP/1.1" 200 3150 "http://easydrivers.at/waidhofen.thaya/10253235" "Go-http-client/1.1"
66.249.76.74 - - [24/Oct/2017:03:07:17 +0200] "GET /uploads/pdfs/am.spitz/10269753_A1L17.pdf HTTP/1.1" 301 323 "-" "Mozilla/5.0 (compatible; Googlebot/2.1; +http://www.google.com/bot.html)"
66.249.76.80 - - [24/Oct/2017:03:07:18 +0200] "GET /uploads/pdfs/am.spitz/10269753_A1L17.pdf HTTP/1.1" 200 35615 "-" "Mozilla/5.0 (compatible; Googlebot/2.1; +http://www.google.com/bot.html)"
66.249.76.74 - - [24/Oct/2017:03:07:35 +0200] "GET /uploads/pdfs/kapfenberg.pankl/10260061_B-L.pdf HTTP/1.1" 301 327 "-" "Mozilla/5.0 (compatible; Googlebot/2.1; +http://www.google.com/bot.html)"
66.249.76.80 - - [24/Oct/2017:03:07:36 +0200] "GET /uploads/pdfs/kapfenberg.pankl/10260061_B-L.pdf HTTP/1.1" 200 29669 "-" "Mozilla/5.0 (compatible; Googlebot/2.1; +http://www.google.com/bot.html)"
207.46.13.45 - - [24/Oct/2017:03:07:40 +0200] "GET /robots.txt HTTP/1.1" 301 300 "-" "Mozilla/5.0 (compatible; bingbot/2.0; +http://www.bing.com/bingbot.htm)"
207.46.13.45 - - [24/Oct/2017:03:07:41 +0200] "GET /robots.txt HTTP/1.1" 200 101 "-" "Mozilla/5.0 (compatible; bingbot/2.0; +http://www.bing.com/bingbot.htm)"
