188.21.78.2 - - [24/Oct/2017:07:41:36 +0200] "GET /moedling/10281909?FS=DD195-B HTTP/1.1" 200 5833 "https://www.easydrivers.at/moedling/kurse" "Mozilla/5.0 (iPad; CPU OS 10_3_3 like Mac OS X) AppleWebKit/603.3.8 (KHTML, like Gecko) Version/10.0 Mobile/14G60 Safari/602.1"
54.224.197.251 - - [24/Oct/2017:07:41:41 +0200] "GET /robots.txt HTTP/1.0" 301 300 "-" "CCBot/2.0 (http://commoncrawl.org/faq/)"
54.224.197.251 - - [24/Oct/2017:07:41:42 +0200] "GET /schwechat/10280266?FS=A1 HTTP/1.0" 301 311 "-" "CCBot/2.0 (http://commoncrawl.org/faq/)"
66.249.76.74 - - [24/Oct/2017:07:41:43 +0200] "GET /binaries/easy-drivers-portal/agb-easy-drivers-ybbs-2014-09pdf.pdf HTTP/1.1" 301 328 "-" "Mozilla/5.0 (compatible; Googlebot/2.1; +http://www.google.com/bot.html)"
66.249.76.80 - - [24/Oct/2017:07:41:43 +0200] "GET /binaries/easy-drivers-portal/agb-easy-drivers-ybbs-2014-09pdf.pdf HTTP/1.1" 200 68932 "-" "Mozilla/5.0 (compatible; Googlebot/2.1; +http://www.google.com/bot.html)"
54.224.197.251 - - [24/Oct/2017:07:41:57 +0200] "GET /robots.txt HTTP/1.0" 301 300 "-" "CCBot/2.0 (http://commoncrawl.org/faq/)"
54.224.197.251 - - [24/Oct/2017:07:41:57 +0200] "GET /schwechat/10280335?FS=DD195-B HTTP/1.0" 301 315 "-" "CCBot/2.0 (http://commoncrawl.org/faq/)"
66.249.76.76 - - [24/Oct/2017:07:42:01 +0200] "GET /uploads/pdfs/bludenz/LKW-Anhaengerkurs-CE-2014-10-06_CCE.pdf HTTP/1.1" 301 338 "-" "Mozilla/5.0 (compatible; Googlebot/2.1; +http://www.google.com/bot.html)"
213.225.39.231 - - [24/Oct/2017:07:42:01 +0200] "GET /download.php?id=10247287 HTTP/1.1" 200 188158 "https://www.easydrivers.at/pruefprotokoll" "Mozilla/5.0 (Linux; Android 6.0.1; SM-G800F Build/MMB29K) AppleWebKit/537.36 (KHTML, like Gecko) Chrome/61.0.3163.98 Mobile Safari/537.36"
66.249.66.3 - - [24/Oct/2017:07:42:02 +0200] "GET /uploads/pdfs/bludenz/LKW-Anhaengerkurs-CE-2014-10-06_CCE.pdf HTTP/1.1" 200 30532 "-" "Mozilla/5.0 (compatible; Googlebot/2.1; +http://www.google.com/bot.html)"
54.224.197.251 - - [24/Oct/2017:07:42:11 +0200] "GET /robots.txt HTTP/1.0" 301 300 "-" "CCBot/2.0 (http://commoncrawl.org/faq/)"
54.224.197.251 - - [24/Oct/2017:07:42:12 +0200] "GET /schwechat/10280449?FS=AM-M HTTP/1.0" 301 313 "-" "CCBot/2.0 (http://commoncrawl.org/faq/)"
66.249.66.30 - - [24/Oct/2017:07:42:20 +0200] "GET /uploads/pdfs/horn/10259333_CCE.pdf HTTP/1.1" 301 317 "-" "Mozilla/5.0 (compatible; Googlebot/2.1; +http://www.google.com/bot.html)"
66.249.66.3 - - [24/Oct/2017:07:42:20 +0200] "GET /uploads/pdfs/horn/10259333_CCE.pdf HTTP/1.1" 200 28064 "-" "Mozilla/5.0 (compatible; Googlebot/2.1; +http://www.google.com/bot.html)"
54.224.197.251 - - [24/Oct/2017:07:42:24 +0200] "GET /robots.txt HTTP/1.0" 301 300 "-" "CCBot/2.0 (http://commoncrawl.org/faq/)"
54.224.197.251 - - [24/Oct/2017:07:42:24 +0200] "GET /am.spitz/Inhaberdaten HTTP/1.0" 301 307 "-" "CCBot/2.0 (http://commoncrawl.org/faq/)"
40.77.167.96 - - [24/Oct/2017:07:42:34 +0200] "GET /krems HTTP/1.1" 301 300 "-" "Mozilla/5.0 (iPhone; CPU iPhone OS 7_0 like Mac OS X) AppleWebKit/537.51.1 (KHTML, like Gecko) Version/7.0 Mobile/11A465 Safari/9537.53 (compatible; bingbot/2.0; +http://www.bing.com/bingbot.htm)"
54.224.197.251 - - [24/Oct/2017:07:42:37 +0200] "GET /robots.txt HTTP/1.0" 301 300 "-" "CCBot/2.0 (http://commoncrawl.org/faq/)"
66.249.76.74 - - [24/Oct/2017:07:42:38 +0200] "GET /uploads/pdfs/steyr/mopedkurs_november_AM-M.pdf HTTP/1.1" 301 325 "-" "Mozilla/5.0 (compatible; Googlebot/2.1; +http://www.google.com/bot.html)"
54.224.197.251 - - [24/Oct/2017:07:42:38 +0200] "GET /feldkirch/Inhaberdaten HTTP/1.0" 301 308 "-" "CCBot/2.0 (http://commoncrawl.org/faq/)"
66.249.76.80 - - [24/Oct/2017:07:42:38 +0200] "GET /uploads/pdfs/steyr/mopedkurs_november_AM-M.pdf HTTP/1.1" 200 32628 "-" "Mozilla/5.0 (compatible; Googlebot/2.1; +http://www.google.com/bot.html)"
188.21.78.2 - - [24/Oct/2017:07:42:37 +0200] "GET /moedling/aktionen HTTP/1.1" 200 4078 "https://www.easydrivers.at/moedling/10281909?FS=DD195-B" "Mozilla/5.0 (iPad; CPU OS 10_3_3 like Mac OS X) AppleWebKit/603.3.8 (KHTML, like Gecko) Version/10.0 Mobile/14G60 Safari/602.1"
188.21.78.2 - - [24/Oct/2017:07:42:39 +0200] "GET /binaries/easy-drivers-portal/pkw3jpg.jpg HTTP/1.1" 200 90539 "https://www.easydrivers.at/moedling/aktionen" "Mozilla/5.0 (iPad; CPU OS 10_3_3 like Mac OS X) AppleWebKit/603.3.8 (KHTML, like Gecko) Version/10.0 Mobile/14G60 Safari/602.1"
188.21.78.2 - - [24/Oct/2017:07:42:39 +0200] "GET /binaries/easy-drivers-m/edaktionsseitemotorradherbstpng.png HTTP/1.1" 200 194383 "https://www.easydrivers.at/moedling/aktionen" "Mozilla/5.0 (iPad; CPU OS 10_3_3 like Mac OS X) AppleWebKit/603.3.8 (KHTML, like Gecko) Version/10.0 Mobile/14G60 Safari/602.1"
54.224.197.251 - - [24/Oct/2017:07:42:50 +0200] "GET /robots.txt HTTP/1.0" 301 300 "-" "CCBot/2.0 (http://commoncrawl.org/faq/)"
54.224.197.251 - - [24/Oct/2017:07:42:50 +0200] "GET /bruck.leitha/Inhaberdaten HTTP/1.0" 301 309 "-" "CCBot/2.0 (http://commoncrawl.org/faq/)"
66.249.76.74 - - [24/Oct/2017:07:42:56 +0200] "GET /uploads/pdfs/poechlarn/10259210_B-L.pdf HTTP/1.1" 301 319 "-" "Mozilla/5.0 (compatible; Googlebot/2.1; +http://www.google.com/bot.html)"
66.249.66.3 - - [24/Oct/2017:07:42:57 +0200] "GET /uploads/pdfs/poechlarn/10259210_B-L.pdf HTTP/1.1" 200 30151 "-" "Mozilla/5.0 (compatible; Googlebot/2.1; +http://www.google.com/bot.html)"
54.224.197.251 - - [24/Oct/2017:07:43:02 +0200] "GET /robots.txt HTTP/1.0" 301 300 "-" "CCBot/2.0 (http://commoncrawl.org/faq/)"
54.224.197.251 - - [24/Oct/2017:07:43:03 +0200] "GET /schwechat/10280398?FS=B HTTP/1.0" 301 311 "-" "CCBot/2.0 (http://commoncrawl.org/faq/)"
40.77.167.13 - - [24/Oct/2017:07:43:09 +0200] "GET /steyr HTTP/1.1" 301 296 "-" "Mozilla/5.0 (compatible; bingbot/2.0; +http://www.bing.com/bingbot.htm)"
54.224.197.251 - - [24/Oct/2017:07:43:15 +0200] "GET /robots.txt HTTP/1.0" 301 300 "-" "CCBot/2.0 (http://commoncrawl.org/faq/)"
66.249.66.31 - - [24/Oct/2017:07:43:15 +0200] "GET /uploads/pdfs/hartberg/Sommerintensivkurs-17-08-2015_B-L.pdf HTTP/1.1" 301 337 "-" "Mozilla/5.0 (compatible; Googlebot/2.1; +http://www.google.com/bot.html)"
66.249.76.84 - - [24/Oct/2017:07:43:15 +0200] "GET /uploads/pdfs/hartberg/Sommerintensivkurs-17-08-2015_B-L.pdf HTTP/1.1" 200 32975 "-" "Mozilla/5.0 (compatible; Googlebot/2.1; +http://www.google.com/bot.html)"
54.224.197.251 - - [24/Oct/2017:07:43:15 +0200] "GET /hollabrunn/10249815 HTTP/1.0" 301 307 "-" "CCBot/2.0 (http://commoncrawl.org/faq/)"
40.77.167.96 - - [24/Oct/2017:07:43:18 +0200] "GET /krems HTTP/1.1" 200 2938 "-" "Mozilla/5.0 (iPhone; CPU iPhone OS 7_0 like Mac OS X) AppleWebKit/537.51.1 (KHTML, like Gecko) Version/7.0 Mobile/11A465 Safari/9537.53 (compatible; bingbot/2.0; +http://www.bing.com/bingbot.htm)"
54.224.197.251 - - [24/Oct/2017:07:43:27 +0200] "GET /robots.txt HTTP/1.0" 301 300 "-" "CCBot/2.0 (http://commoncrawl.org/faq/)"
54.224.197.251 - - [24/Oct/2017:07:43:27 +0200] "GET /schwechat/10280314?FS=BE HTTP/1.0" 301 311 "-" "CCBot/2.0 (http://commoncrawl.org/faq/)"
84.112.72.31 - - [24/Oct/2017:07:43:30 +0200] "GET /pruefprotokoll HTTP/1.1" 301 303 "https://www.google.at/" "Mozilla/5.0 (Windows NT 10.0; Win64; x64; rv:56.0) Gecko/20100101 Firefox/56.0"
84.112.72.31 - - [24/Oct/2017:07:43:30 +0200] "GET /pruefprotokoll HTTP/1.1" 200 2604 "https://www.google.at/" "Mozilla/5.0 (Windows NT 10.0; Win64; x64; rv:56.0) Gecko/20100101 Firefox/56.0"
84.112.72.31 - - [24/Oct/2017:07:43:32 +0200] "GET /css/style.css HTTP/1.1" 200 5004 "https://www.easydrivers.at/pruefprotokoll" "Mozilla/5.0 (Windows NT 10.0; Win64; x64; rv:56.0) Gecko/20100101 Firefox/56.0"
84.112.72.31 - - [24/Oct/2017:07:43:32 +0200] "GET /javascript/portal.js?1221842734 HTTP/1.1" 200 3529 "https://www.easydrivers.at/pruefprotokoll" "Mozilla/5.0 (Windows NT 10.0; Win64; x64; rv:56.0) Gecko/20100101 Firefox/56.0"
84.112.72.31 - - [24/Oct/2017:07:43:32 +0200] "GET /javascript/jquery.customSelect.min.js HTTP/1.1" 200 912 "https://www.easydrivers.at/pruefprotokoll" "Mozilla/5.0 (Windows NT 10.0; Win64; x64; rv:56.0) Gecko/20100101 Firefox/56.0"
84.112.72.31 - - [24/Oct/2017:07:43:32 +0200] "GET /javascript/jquery.simplemodal.js HTTP/1.1" 200 3070 "https://www.easydrivers.at/pruefprotokoll" "Mozilla/5.0 (Windows NT 10.0; Win64; x64; rv:56.0) Gecko/20100101 Firefox/56.0"
84.112.72.31 - - [24/Oct/2017:07:43:32 +0200] "GET /css/print.css HTTP/1.1" 200 967 "https://www.easydrivers.at/pruefprotokoll" "Mozilla/5.0 (Windows NT 10.0; Win64; x64; rv:56.0) Gecko/20100101 Firefox/56.0"
84.112.72.31 - - [24/Oct/2017:07:43:32 +0200] "GET /javascript/jquery.cookie.js HTTP/1.1" 200 863 "https://www.easydrivers.at/pruefprotokoll" "Mozilla/5.0 (Windows NT 10.0; Win64; x64; rv:56.0) Gecko/20100101 Firefox/56.0"
84.112.72.31 - - [24/Oct/2017:07:43:32 +0200] "GET /img/close-button.png HTTP/1.1" 200 2237 "https://www.easydrivers.at/pruefprotokoll" "Mozilla/5.0 (Windows NT 10.0; Win64; x64; rv:56.0) Gecko/20100101 Firefox/56.0"
84.112.72.31 - - [24/Oct/2017:07:43:33 +0200] "GET /img/top-image-overlay.png HTTP/1.1" 200 20650 "https://www.easydrivers.at/css/style.css" "Mozilla/5.0 (Windows NT 10.0; Win64; x64; rv:56.0) Gecko/20100101 Firefox/56.0"
66.249.76.74 - - [24/Oct/2017:07:43:33 +0200] "GET /uploads/pdfs/reumannplatz/10279102_B-L17.pdf HTTP/1.1" 301 325 "-" "Mozilla/5.0 (compatible; Googlebot/2.1; +http://www.google.com/bot.html)"
84.112.72.31 - - [24/Oct/2017:07:43:33 +0200] "GET /img/ED_Logo.png HTTP/1.1" 200 3385 "https://www.easydrivers.at/css/style.css" "Mozilla/5.0 (Windows NT 10.0; Win64; x64; rv:56.0) Gecko/20100101 Firefox/56.0"
84.112.72.31 - - [24/Oct/2017:07:43:34 +0200] "GET /img/schweiz-icon.png HTTP/1.1" 200 1504 "https://www.easydrivers.at/pruefprotokoll" "Mozilla/5.0 (Windows NT 10.0; Win64; x64; rv:56.0) Gecko/20100101 Firefox/56.0"
84.112.72.31 - - [24/Oct/2017:07:43:34 +0200] "GET /img/facebook-icon.png HTTP/1.1" 200 1506 "https://www.easydrivers.at/pruefprotokoll" "Mozilla/5.0 (Windows NT 10.0; Win64; x64; rv:56.0) Gecko/20100101 Firefox/56.0"
84.112.72.31 - - [24/Oct/2017:07:43:34 +0200] "GET /javascript/lazyload.js HTTP/1.1" 200 1170 "https://www.easydrivers.at/pruefprotokoll" "Mozilla/5.0 (Windows NT 10.0; Win64; x64; rv:56.0) Gecko/20100101 Firefox/56.0"
84.112.72.31 - - [24/Oct/2017:07:43:34 +0200] "GET /img/download-arrow.png HTTP/1.1" 200 363 "https://www.easydrivers.at/css/style.css" "Mozilla/5.0 (Windows NT 10.0; Win64; x64; rv:56.0) Gecko/20100101 Firefox/56.0"
66.249.66.5 - - [24/Oct/2017:07:43:34 +0200] "GET /uploads/pdfs/reumannplatz/10279102_B-L17.pdf HTTP/1.1" 200 33944 "-" "Mozilla/5.0 (compatible; Googlebot/2.1; +http://www.google.com/bot.html)"
84.112.72.31 - - [24/Oct/2017:07:43:34 +0200] "GET /img/bg-header.jpg HTTP/1.1" 200 38680 "https://www.easydrivers.at/css/style.css" "Mozilla/5.0 (Windows NT 10.0; Win64; x64; rv:56.0) Gecko/20100101 Firefox/56.0"
84.112.72.31 - - [24/Oct/2017:07:43:34 +0200] "GET /img/kursicon-download-pink.png HTTP/1.1" 200 1213 "https://www.easydrivers.at/pruefprotokoll" "Mozilla/5.0 (Windows NT 10.0; Win64; x64; rv:56.0) Gecko/20100101 Firefox/56.0"
84.112.72.31 - - [24/Oct/2017:07:43:34 +0200] "GET /img/arrow-left.png HTTP/1.1" 200 1015 "https://www.easydrivers.at/css/style.css" "Mozilla/5.0 (Windows NT 10.0; Win64; x64; rv:56.0) Gecko/20100101 Firefox/56.0"
84.112.72.31 - - [24/Oct/2017:07:43:34 +0200] "GET /img/kursicon-print-pink.png HTTP/1.1" 200 1125 "https://www.easydrivers.at/pruefprotokoll" "Mozilla/5.0 (Windows NT 10.0; Win64; x64; rv:56.0) Gecko/20100101 Firefox/56.0"
84.112.72.31 - - [24/Oct/2017:07:43:34 +0200] "GET /img/bg-footer.jpg HTTP/1.1" 200 31770 "https://www.easydrivers.at/css/style.css" "Mozilla/5.0 (Windows NT 10.0; Win64; x64; rv:56.0) Gecko/20100101 Firefox/56.0"
84.112.72.31 - - [24/Oct/2017:07:43:34 +0200] "GET /binaries/easy-drivers-portal/moped3jpg.jpg HTTP/1.1" 200 85313 "https://www.easydrivers.at/pruefprotokoll" "Mozilla/5.0 (Windows NT 10.0; Win64; x64; rv:56.0) Gecko/20100101 Firefox/56.0"
84.112.72.31 - - [24/Oct/2017:07:43:34 +0200] "GET /img/kursicon-share-pink.png HTTP/1.1" 200 1277 "https://www.easydrivers.at/pruefprotokoll" "Mozilla/5.0 (Windows NT 10.0; Win64; x64; rv:56.0) Gecko/20100101 Firefox/56.0"
84.112.72.31 - - [24/Oct/2017:07:43:34 +0200] "GET /img/kursicon-phone-pink.png HTTP/1.1" 200 1286 "https://www.easydrivers.at/pruefprotokoll" "Mozilla/5.0 (Windows NT 10.0; Win64; x64; rv:56.0) Gecko/20100101 Firefox/56.0"
84.112.72.31 - - [24/Oct/2017:07:43:34 +0200] "GET /img/new_favicon.ico HTTP/1.1" 301 306 "-" "Mozilla/5.0 (Windows NT 10.0; Win64; x64; rv:56.0) Gecko/20100101 Firefox/56.0"
84.112.72.31 - - [24/Oct/2017:07:43:35 +0200] "GET /img/new_favicon.ico HTTP/1.1" 200 1150 "-" "Mozilla/5.0 (Windows NT 10.0; Win64; x64; rv:56.0) Gecko/20100101 Firefox/56.0"
54.224.197.251 - - [24/Oct/2017:07:43:39 +0200] "GET /robots.txt HTTP/1.0" 301 300 "-" "CCBot/2.0 (http://commoncrawl.org/faq/)"
54.224.197.251 - - [24/Oct/2017:07:43:40 +0200] "GET /hollabrunn/Traktor_Kurs_September_2017?FS=F HTTP/1.0" 301 325 "-" "CCBot/2.0 (http://commoncrawl.org/faq/)"
66.249.76.74 - - [24/Oct/2017:07:43:51 +0200] "GET /uploads/pdfs/bruck.leitha/10256281_A2BF.pdf HTTP/1.1" 301 324 "-" "Mozilla/5.0 (compatible; Googlebot/2.1; +http://www.google.com/bot.html)"
66.249.76.80 - - [24/Oct/2017:07:43:52 +0200] "GET /uploads/pdfs/bruck.leitha/10256281_A2BF.pdf HTTP/1.1" 200 31349 "-" "Mozilla/5.0 (compatible; Googlebot/2.1; +http://www.google.com/bot.html)"
54.224.197.251 - - [24/Oct/2017:07:43:53 +0200] "GET /robots.txt HTTP/1.0" 301 300 "-" "CCBot/2.0 (http://commoncrawl.org/faq/)"
54.224.197.251 - - [24/Oct/2017:07:43:54 +0200] "GET /bruck.leitha/10280236?FS=AM-M HTTP/1.0" 301 316 "-" "CCBot/2.0 (http://commoncrawl.org/faq/)"
188.21.78.2 - - [24/Oct/2017:07:43:57 +0200] "GET /ueberuns HTTP/1.1" 200 3259 "https://www.easydrivers.at/moedling/aktionen" "Mozilla/5.0 (iPad; CPU OS 10_3_3 like Mac OS X) AppleWebKit/603.3.8 (KHTML, like Gecko) Version/10.0 Mobile/14G60 Safari/602.1"
188.21.78.2 - - [24/Oct/2017:07:43:59 +0200] "GET /javascript/history.js HTTP/1.1" 200 967 "https://www.easydrivers.at/ueberuns" "Mozilla/5.0 (iPad; CPU OS 10_3_3 like Mac OS X) AppleWebKit/603.3.8 (KHTML, like Gecko) Version/10.0 Mobile/14G60 Safari/602.1"
188.21.78.2 - - [24/Oct/2017:07:43:59 +0200] "GET /binaries/easy-drivers-portal/edwebhistoryillu392x3922jpg.jpg HTTP/1.1" 200 32209 "https://www.easydrivers.at/ueberuns" "Mozilla/5.0 (iPad; CPU OS 10_3_3 like Mac OS X) AppleWebKit/603.3.8 (KHTML, like Gecko) Version/10.0 Mobile/14G60 Safari/602.1"
188.21.78.2 - - [24/Oct/2017:07:43:59 +0200] "GET /css/history.css HTTP/1.1" 200 609 "https://www.easydrivers.at/ueberuns" "Mozilla/5.0 (iPad; CPU OS 10_3_3 like Mac OS X) AppleWebKit/603.3.8 (KHTML, like Gecko) Version/10.0 Mobile/14G60 Safari/602.1"
188.21.78.2 - - [24/Oct/2017:07:43:59 +0200] "GET /binaries/easy-drivers-portal/edwebhistoryillu392x3923jpg.jpg HTTP/1.1" 200 54656 "https://www.easydrivers.at/ueberuns" "Mozilla/5.0 (iPad; CPU OS 10_3_3 like Mac OS X) AppleWebKit/603.3.8 (KHTML, like Gecko) Version/10.0 Mobile/14G60 Safari/602.1"
188.21.78.2 - - [24/Oct/2017:07:43:59 +0200] "GET /binaries/easy-drivers-portal/edwebhistoryillu392x3924jpg.jpg HTTP/1.1" 200 35765 "https://www.easydrivers.at/ueberuns" "Mozilla/5.0 (iPad; CPU OS 10_3_3 like Mac OS X) AppleWebKit/603.3.8 (KHTML, like Gecko) Version/10.0 Mobile/14G60 Safari/602.1"
188.21.78.2 - - [24/Oct/2017:07:43:59 +0200] "GET /binaries/easy-drivers-portal/edwebhistoryillu392x3926jpg.jpg HTTP/1.1" 200 41118 "https://www.easydrivers.at/ueberuns" "Mozilla/5.0 (iPad; CPU OS 10_3_3 like Mac OS X) AppleWebKit/603.3.8 (KHTML, like Gecko) Version/10.0 Mobile/14G60 Safari/602.1"
188.21.78.2 - - [24/Oct/2017:07:43:59 +0200] "GET /binaries/easy-drivers-portal/edwebhistoryillu392x3925jpg.jpg HTTP/1.1" 200 31708 "https://www.easydrivers.at/ueberuns" "Mozilla/5.0 (iPad; CPU OS 10_3_3 like Mac OS X) AppleWebKit/603.3.8 (KHTML, like Gecko) Version/10.0 Mobile/14G60 Safari/602.1"
188.21.78.2 - - [24/Oct/2017:07:43:59 +0200] "GET /binaries/easy-drivers-portal/edwebhistoryillu392x3928jpg.jpg HTTP/1.1" 200 38907 "https://www.easydrivers.at/ueberuns" "Mozilla/5.0 (iPad; CPU OS 10_3_3 like Mac OS X) AppleWebKit/603.3.8 (KHTML, like Gecko) Version/10.0 Mobile/14G60 Safari/602.1"
188.21.78.2 - - [24/Oct/2017:07:43:59 +0200] "GET /binaries/easy-drivers-portal/edwebhistoryillu392x39211jpg.jpg HTTP/1.1" 200 36282 "https://www.easydrivers.at/ueberuns" "Mozilla/5.0 (iPad; CPU OS 10_3_3 like Mac OS X) AppleWebKit/603.3.8 (KHTML, like Gecko) Version/10.0 Mobile/14G60 Safari/602.1"
188.21.78.2 - - [24/Oct/2017:07:43:59 +0200] "GET /binaries/easy-drivers-portal/edwebhistoryillu392x3929jpg.jpg HTTP/1.1" 200 31823 "https://www.easydrivers.at/ueberuns" "Mozilla/5.0 (iPad; CPU OS 10_3_3 like Mac OS X) AppleWebKit/603.3.8 (KHTML, like Gecko) Version/10.0 Mobile/14G60 Safari/602.1"
188.21.78.2 - - [24/Oct/2017:07:43:59 +0200] "GET /binaries/easy-drivers-portal/edwebhistoryillu392x392radjpg.jpg HTTP/1.1" 200 124939 "https://www.easydrivers.at/ueberuns" "Mozilla/5.0 (iPad; CPU OS 10_3_3 like Mac OS X) AppleWebKit/603.3.8 (KHTML, like Gecko) Version/10.0 Mobile/14G60 Safari/602.1"
188.21.78.2 - - [24/Oct/2017:07:43:59 +0200] "GET /binaries/easy-drivers-portal/edwebhistoryillu392x39220kpng.png HTTP/1.1" 200 49333 "https://www.easydrivers.at/ueberuns" "Mozilla/5.0 (iPad; CPU OS 10_3_3 like Mac OS X) AppleWebKit/603.3.8 (KHTML, like Gecko) Version/10.0 Mobile/14G60 Safari/602.1"
188.21.78.2 - - [24/Oct/2017:07:43:59 +0200] "GET /binaries/easy-drivers-portal/edwebhistoryillu392x39210jpg.jpg HTTP/1.1" 200 19475 "https://www.easydrivers.at/ueberuns" "Mozilla/5.0 (iPad; CPU OS 10_3_3 like Mac OS X) AppleWebKit/603.3.8 (KHTML, like Gecko) Version/10.0 Mobile/14G60 Safari/602.1"
188.21.78.2 - - [24/Oct/2017:07:43:59 +0200] "GET /binaries/easy-drivers-portal/edwebhistoryillu392x3927jpg.jpg HTTP/1.1" 200 71377 "https://www.easydrivers.at/ueberuns" "Mozilla/5.0 (iPad; CPU OS 10_3_3 like Mac OS X) AppleWebKit/603.3.8 (KHTML, like Gecko) Version/10.0 Mobile/14G60 Safari/602.1"
54.224.197.251 - - [24/Oct/2017:07:44:07 +0200] "GET /robots.txt HTTP/1.0" 301 300 "-" "CCBot/2.0 (http://commoncrawl.org/faq/)"
54.224.197.251 - - [24/Oct/2017:07:44:08 +0200] "GET /bruck.leitha/10279427?FS=BE96 HTTP/1.0" 301 317 "-" "CCBot/2.0 (http://commoncrawl.org/faq/)"
66.249.66.31 - - [24/Oct/2017:07:44:10 +0200] "GET /uploads/pdfs/langenlois/10279526_BPlus.pdf HTTP/1.1" 301 324 "-" "Mozilla/5.0 (compatible; Googlebot/2.1; +http://www.google.com/bot.html)"
66.249.66.7 - - [24/Oct/2017:07:44:10 +0200] "GET /uploads/pdfs/langenlois/10279526_BPlus.pdf HTTP/1.1" 200 29247 "-" "Mozilla/5.0 (compatible; Googlebot/2.1; +http://www.google.com/bot.html)"
212.95.8.193 - - [24/Oct/2017:07:44:18 +0200] "GET /leonding HTTP/1.1" 301 299 "http://www.google.at/" "Mozilla/5.0 (Linux; Android 7.0; SM-G920F Build/NRD90M) AppleWebKit/537.36 (KHTML, like Gecko) Chrome/61.0.3163.98 Mobile Safari/537.36"
54.224.197.251 - - [24/Oct/2017:07:44:20 +0200] "GET /robots.txt HTTP/1.0" 301 300 "-" "CCBot/2.0 (http://commoncrawl.org/faq/)"
54.224.197.251 - - [24/Oct/2017:07:44:20 +0200] "GET /schwechat/10280353?FS=CCE95 HTTP/1.0" 301 314 "-" "CCBot/2.0 (http://commoncrawl.org/faq/)"
212.95.8.193 - - [24/Oct/2017:07:44:19 +0200] "GET /leonding HTTP/1.1" 200 2925 "http://www.google.at/" "Mozilla/5.0 (Linux; Android 7.0; SM-G920F Build/NRD90M) AppleWebKit/537.36 (KHTML, like Gecko) Chrome/61.0.3163.98 Mobile Safari/537.36"
212.95.8.193 - - [24/Oct/2017:07:44:22 +0200] "GET /css/mobile.css HTTP/1.1" 200 2852 "https://www.easydrivers.at/leonding" "Mozilla/5.0 (Linux; Android 7.0; SM-G920F Build/NRD90M) AppleWebKit/537.36 (KHTML, like Gecko) Chrome/61.0.3163.98 Mobile Safari/537.36"
212.95.8.193 - - [24/Oct/2017:07:44:22 +0200] "GET /javascript/jquery.cookie.js HTTP/1.1" 200 863 "https://www.easydrivers.at/leonding" "Mozilla/5.0 (Linux; Android 7.0; SM-G920F Build/NRD90M) AppleWebKit/537.36 (KHTML, like Gecko) Chrome/61.0.3163.98 Mobile Safari/537.36"
212.95.8.193 - - [24/Oct/2017:07:44:22 +0200] "GET /javascript/mobile-menu.js HTTP/1.1" 200 1634 "https://www.easydrivers.at/leonding" "Mozilla/5.0 (Linux; Android 7.0; SM-G920F Build/NRD90M) AppleWebKit/537.36 (KHTML, like Gecko) Chrome/61.0.3163.98 Mobile Safari/537.36"
212.95.8.193 - - [24/Oct/2017:07:44:22 +0200] "GET /javascript/jquery-1.9.1.min.js HTTP/1.1" 200 32731 "https://www.easydrivers.at/leonding" "Mozilla/5.0 (Linux; Android 7.0; SM-G920F Build/NRD90M) AppleWebKit/537.36 (KHTML, like Gecko) Chrome/61.0.3163.98 Mobile Safari/537.36"
212.95.8.193 - - [24/Oct/2017:07:44:22 +0200] "GET /javascript/jquery.simplemodal.js HTTP/1.1" 200 3070 "https://www.easydrivers.at/leonding" "Mozilla/5.0 (Linux; Android 7.0; SM-G920F Build/NRD90M) AppleWebKit/537.36 (KHTML, like Gecko) Chrome/61.0.3163.98 Mobile Safari/537.36"
212.95.8.193 - - [24/Oct/2017:07:44:22 +0200] "GET /javascript/mobile-fahrschule.js HTTP/1.1" 200 328 "https://www.easydrivers.at/leonding" "Mozilla/5.0 (Linux; Android 7.0; SM-G920F Build/NRD90M) AppleWebKit/537.36 (KHTML, like Gecko) Chrome/61.0.3163.98 Mobile Safari/537.36"
212.95.8.193 - - [24/Oct/2017:07:44:22 +0200] "GET /javascript/lazyload.js HTTP/1.1" 200 1170 "https://www.easydrivers.at/leonding" "Mozilla/5.0 (Linux; Android 7.0; SM-G920F Build/NRD90M) AppleWebKit/537.36 (KHTML, like Gecko) Chrome/61.0.3163.98 Mobile Safari/537.36"
212.95.8.193 - - [24/Oct/2017:07:44:22 +0200] "GET /img/mobile/easydrivers-logo-mobile.png HTTP/1.1" 200 10766 "https://www.easydrivers.at/leonding" "Mozilla/5.0 (Linux; Android 7.0; SM-G920F Build/NRD90M) AppleWebKit/537.36 (KHTML, like Gecko) Chrome/61.0.3163.98 Mobile Safari/537.36"
212.95.8.193 - - [24/Oct/2017:07:44:22 +0200] "GET /img/mobile/menu-button.png HTTP/1.1" 200 1746 "https://www.easydrivers.at/leonding" "Mozilla/5.0 (Linux; Android 7.0; SM-G920F Build/NRD90M) AppleWebKit/537.36 (KHTML, like Gecko) Chrome/61.0.3163.98 Mobile Safari/537.36"
212.95.8.193 - - [24/Oct/2017:07:44:22 +0200] "GET /img/mobile/close-button.png HTTP/1.1" 200 2411 "https://www.easydrivers.at/leonding" "Mozilla/5.0 (Linux; Android 7.0; SM-G920F Build/NRD90M) AppleWebKit/537.36 (KHTML, like Gecko) Chrome/61.0.3163.98 Mobile Safari/537.36"
212.95.8.193 - - [24/Oct/2017:07:44:22 +0200] "GET /img/mobile/facebook-icon.png HTTP/1.1" 200 1902 "https://www.easydrivers.at/leonding" "Mozilla/5.0 (Linux; Android 7.0; SM-G920F Build/NRD90M) AppleWebKit/537.36 (KHTML, like Gecko) Chrome/61.0.3163.98 Mobile Safari/537.36"
212.95.8.193 - - [24/Oct/2017:07:44:22 +0200] "GET /img/mobile/info-button.png HTTP/1.1" 200 1549 "https://www.easydrivers.at/leonding" "Mozilla/5.0 (Linux; Android 7.0; SM-G920F Build/NRD90M) AppleWebKit/537.36 (KHTML, like Gecko) Chrome/61.0.3163.98 Mobile Safari/537.36"
212.95.8.193 - - [24/Oct/2017:07:44:23 +0200] "GET /img/mobile/bg-header.jpg HTTP/1.1" 200 19741 "https://www.easydrivers.at/css/mobile.css" "Mozilla/5.0 (Linux; Android 7.0; SM-G920F Build/NRD90M) AppleWebKit/537.36 (KHTML, like Gecko) Chrome/61.0.3163.98 Mobile Safari/537.36"
212.95.8.193 - - [24/Oct/2017:07:44:23 +0200] "GET /img/mobile/bg-top-section.jpg HTTP/1.1" 200 21711 "https://www.easydrivers.at/css/mobile.css" "Mozilla/5.0 (Linux; Android 7.0; SM-G920F Build/NRD90M) AppleWebKit/537.36 (KHTML, like Gecko) Chrome/61.0.3163.98 Mobile Safari/537.36"
212.95.8.193 - - [24/Oct/2017:07:44:23 +0200] "GET /img/mobile/pfeil-rechts.png HTTP/1.1" 200 1228 "https://www.easydrivers.at/css/mobile.css" "Mozilla/5.0 (Linux; Android 7.0; SM-G920F Build/NRD90M) AppleWebKit/537.36 (KHTML, like Gecko) Chrome/61.0.3163.98 Mobile Safari/537.36"
212.95.8.193 - - [24/Oct/2017:07:44:23 +0200] "GET /img/mobile/info-close-button.png HTTP/1.1" 200 1721 "https://www.easydrivers.at/leonding" "Mozilla/5.0 (Linux; Android 7.0; SM-G920F Build/NRD90M) AppleWebKit/537.36 (KHTML, like Gecko) Chrome/61.0.3163.98 Mobile Safari/537.36"
212.95.8.193 - - [24/Oct/2017:07:44:23 +0200] "GET /img/smallicon-person.png HTTP/1.1" 200 1141 "https://www.easydrivers.at/leonding" "Mozilla/5.0 (Linux; Android 7.0; SM-G920F Build/NRD90M) AppleWebKit/537.36 (KHTML, like Gecko) Chrome/61.0.3163.98 Mobile Safari/537.36"
212.95.8.193 - - [24/Oct/2017:07:44:23 +0200] "GET /img/smallicon-address.png HTTP/1.1" 200 1211 "https://www.easydrivers.at/leonding" "Mozilla/5.0 (Linux; Android 7.0; SM-G920F Build/NRD90M) AppleWebKit/537.36 (KHTML, like Gecko) Chrome/61.0.3163.98 Mobile Safari/537.36"
212.95.8.193 - - [24/Oct/2017:07:44:23 +0200] "GET /img/mobile/googlemaps-pin.png HTTP/1.1" 200 1597 "https://www.easydrivers.at/leonding" "Mozilla/5.0 (Linux; Android 7.0; SM-G920F Build/NRD90M) AppleWebKit/537.36 (KHTML, like Gecko) Chrome/61.0.3163.98 Mobile Safari/537.36"
212.95.8.193 - - [24/Oct/2017:07:44:23 +0200] "GET /img/smallicon-time.png HTTP/1.1" 200 1262 "https://www.easydrivers.at/leonding" "Mozilla/5.0 (Linux; Android 7.0; SM-G920F Build/NRD90M) AppleWebKit/537.36 (KHTML, like Gecko) Chrome/61.0.3163.98 Mobile Safari/537.36"
212.95.8.193 - - [24/Oct/2017:07:44:23 +0200] "GET /img/smallicon-phone.png HTTP/1.1" 200 3056 "https://www.easydrivers.at/leonding" "Mozilla/5.0 (Linux; Android 7.0; SM-G920F Build/NRD90M) AppleWebKit/537.36 (KHTML, like Gecko) Chrome/61.0.3163.98 Mobile Safari/537.36"
212.95.8.193 - - [24/Oct/2017:07:44:23 +0200] "GET /img/smallicon-mail.png HTTP/1.1" 200 1341 "https://www.easydrivers.at/leonding" "Mozilla/5.0 (Linux; Android 7.0; SM-G920F Build/NRD90M) AppleWebKit/537.36 (KHTML, like Gecko) Chrome/61.0.3163.98 Mobile Safari/537.36"
212.95.8.193 - - [24/Oct/2017:07:44:23 +0200] "GET /img/mobile/widget-icon-app.png HTTP/1.1" 200 3458 "https://www.easydrivers.at/leonding" "Mozilla/5.0 (Linux; Android 7.0; SM-G920F Build/NRD90M) AppleWebKit/537.36 (KHTML, like Gecko) Chrome/61.0.3163.98 Mobile Safari/537.36"
212.95.8.193 - - [24/Oct/2017:07:44:23 +0200] "GET /img/mobile/bg-menu.jpg HTTP/1.1" 200 1698 "https://www.easydrivers.at/css/mobile.css" "Mozilla/5.0 (Linux; Android 7.0; SM-G920F Build/NRD90M) AppleWebKit/537.36 (KHTML, like Gecko) Chrome/61.0.3163.98 Mobile Safari/537.36"
212.95.8.193 - - [24/Oct/2017:07:44:23 +0200] "GET /img/favicon.ico HTTP/1.1" 301 303 "-" "Mozilla/5.0 (Linux; Android 7.0; SM-G920F Build/NRD90M) AppleWebKit/537.36 (KHTML, like Gecko) Chrome/61.0.3163.98 Mobile Safari/537.36"
212.95.8.193 - - [24/Oct/2017:07:44:23 +0200] "GET /img/favicon.ico HTTP/1.1" 404 301 "-" "Mozilla/5.0 (Linux; Android 7.0; SM-G920F Build/NRD90M) AppleWebKit/537.36 (KHTML, like Gecko) Chrome/61.0.3163.98 Mobile Safari/537.36"
17.142.148.193 - - [24/Oct/2017:07:44:25 +0200] "GET /robots.txt HTTP/1.1" 301 300 "-" "Mozilla/5.0 (Macintosh; Intel Mac OS X 10_10_1) AppleWebKit/600.2.5 (KHTML, like Gecko) Version/8.0.2 Safari/600.2.5 (Applebot/0.1; +http://www.apple.com/go/applebot)"
17.142.148.193 - - [24/Oct/2017:07:44:26 +0200] "GET /robots.txt HTTP/1.1" 200 101 "-" "Mozilla/5.0 (Macintosh; Intel Mac OS X 10_10_1) AppleWebKit/600.2.5 (KHTML, like Gecko) Version/8.0.2 Safari/600.2.5 (Applebot/0.1; +http://www.apple.com/go/applebot)"
17.142.148.193 - - [24/Oct/2017:07:44:26 +0200] "GET /easy_drivers_st._peterau HTTP/1.1" 301 304 "-" "Mozilla/5.0 (Macintosh; Intel Mac OS X 10_10_1) AppleWebKit/600.2.5 (KHTML, like Gecko) Version/8.0.2 Safari/600.2.5 (Applebot/0.1; +http://www.apple.com/go/applebot)"
17.142.148.193 - - [24/Oct/2017:07:44:27 +0200] "GET /robots.txt HTTP/1.1" 200 101 "-" "Mozilla/5.0 (Macintosh; Intel Mac OS X 10_10_1) AppleWebKit/600.2.5 (KHTML, like Gecko) Version/8.0.2 Safari/600.2.5 (Applebot/0.1; +http://www.apple.com/go/applebot)"
66.249.76.74 - - [24/Oct/2017:07:44:28 +0200] "GET /uploads/pdfs/bludenz/Mopedkurs-M-2015-07-21_AM-M.pdf HTTP/1.1" 301 332 "-" "Mozilla/5.0 (compatible; Googlebot/2.1; +http://www.google.com/bot.html)"
66.249.76.80 - - [24/Oct/2017:07:44:28 +0200] "GET /uploads/pdfs/bludenz/Mopedkurs-M-2015-07-21_AM-M.pdf HTTP/1.1" 200 27968 "-" "Mozilla/5.0 (compatible; Googlebot/2.1; +http://www.google.com/bot.html)"
17.142.148.193 - - [24/Oct/2017:07:44:28 +0200] "GET /easy_drivers_st._peterau HTTP/1.1" 200 3684 "-" "Mozilla/5.0 (Macintosh; Intel Mac OS X 10_10_1) AppleWebKit/600.2.5 (KHTML, like Gecko) Version/8.0.2 Safari/600.2.5 (Applebot/0.1; +http://www.apple.com/go/applebot)"
213.225.38.215 - - [24/Oct/2017:07:44:29 +0200] "GET / HTTP/1.1" 200 3579 "android-app://com.google.android.googlequicksearchbox" "Mozilla/5.0 (Linux; Android 5.1.1; SM-G388F Build/LMY48B) AppleWebKit/537.36 (KHTML, like Gecko) Chrome/61.0.3163.98 Mobile Safari/537.36"
213.225.38.215 - - [24/Oct/2017:07:44:32 +0200] "GET /img/favicon.ico HTTP/1.1" 404 301 "-" "Mozilla/5.0 (Linux; Android 5.1.1; SM-G388F Build/LMY48B) AppleWebKit/537.36 (KHTML, like Gecko) Chrome/61.0.3163.98 Mobile Safari/537.36"
54.224.197.251 - - [24/Oct/2017:07:44:33 +0200] "GET /robots.txt HTTP/1.0" 301 300 "-" "CCBot/2.0 (http://commoncrawl.org/faq/)"
54.224.197.251 - - [24/Oct/2017:07:44:34 +0200] "GET /schwechat/10280317?FS=BBE HTTP/1.0" 301 312 "-" "CCBot/2.0 (http://commoncrawl.org/faq/)"
212.95.8.193 - - [24/Oct/2017:07:44:36 +0200] "POST /leonding/kursauswahl HTTP/1.1" 200 3117 "https://www.easydrivers.at/leonding" "Mozilla/5.0 (Linux; Android 7.0; SM-G920F Build/NRD90M) AppleWebKit/537.36 (KHTML, like Gecko) Chrome/61.0.3163.98 Mobile Safari/537.36"
212.95.8.193 - - [24/Oct/2017:07:44:39 +0200] "GET /javascript/mobile-fahrschule-kurs-suchergebnis.js HTTP/1.1" 200 274 "https://www.easydrivers.at/leonding/kursauswahl" "Mozilla/5.0 (Linux; Android 7.0; SM-G920F Build/NRD90M) AppleWebKit/537.36 (KHTML, like Gecko) Chrome/61.0.3163.98 Mobile Safari/537.36"
212.95.8.193 - - [24/Oct/2017:07:44:39 +0200] "GET /img/mobile/pfeil-links-small.png HTTP/1.1" 200 1065 "https://www.easydrivers.at/css/mobile.css" "Mozilla/5.0 (Linux; Android 7.0; SM-G920F Build/NRD90M) AppleWebKit/537.36 (KHTML, like Gecko) Chrome/61.0.3163.98 Mobile Safari/537.36"
212.95.8.193 - - [24/Oct/2017:07:44:39 +0200] "GET /img/mobile/bg-yellow.jpg HTTP/1.1" 200 1569 "https://www.easydrivers.at/css/mobile.css" "Mozilla/5.0 (Linux; Android 7.0; SM-G920F Build/NRD90M) AppleWebKit/537.36 (KHTML, like Gecko) Chrome/61.0.3163.98 Mobile Safari/537.36"
212.95.8.193 - - [24/Oct/2017:07:44:39 +0200] "GET /img/loading-bars.gif HTTP/1.1" 200 3951 "https://www.easydrivers.at/css/mobile.css" "Mozilla/5.0 (Linux; Android 7.0; SM-G920F Build/NRD90M) AppleWebKit/537.36 (KHTML, like Gecko) Chrome/61.0.3163.98 Mobile Safari/537.36"
66.249.66.3 - - [24/Oct/2017:07:44:44 +0200] "GET /uploads/pdfs/hollabrunn/10252114_A2B.pdf HTTP/1.1" 200 35841 "-" "Mozilla/5.0 (compatible; Googlebot/2.1; +http://www.google.com/bot.html)"
54.224.197.251 - - [24/Oct/2017:07:44:45 +0200] "GET /robots.txt HTTP/1.0" 301 300 "-" "CCBot/2.0 (http://commoncrawl.org/faq/)"
188.21.78.2 - - [24/Oct/2017:07:44:44 +0200] "GET /fuehrerscheine/auto HTTP/1.1" 200 3369 "https://www.easydrivers.at/ueberuns" "Mozilla/5.0 (iPad; CPU OS 10_3_3 like Mac OS X) AppleWebKit/603.3.8 (KHTML, like Gecko) Version/10.0 Mobile/14G60 Safari/602.1"
188.21.78.2 - - [24/Oct/2017:07:44:46 +0200] "GET /javascript/license.js HTTP/1.1" 200 315 "https://www.easydrivers.at/fuehrerscheine/auto" "Mozilla/5.0 (iPad; CPU OS 10_3_3 like Mac OS X) AppleWebKit/603.3.8 (KHTML, like Gecko) Version/10.0 Mobile/14G60 Safari/602.1"
188.21.78.2 - - [24/Oct/2017:07:44:46 +0200] "GET /binaries/easy-drivers-portal/pkw5jpg.jpg HTTP/1.1" 200 96177 "https://www.easydrivers.at/fuehrerscheine/auto" "Mozilla/5.0 (iPad; CPU OS 10_3_3 like Mac OS X) AppleWebKit/603.3.8 (KHTML, like Gecko) Version/10.0 Mobile/14G60 Safari/602.1"
188.21.78.2 - - [24/Oct/2017:07:44:46 +0200] "GET /img/submit-button-small.png HTTP/1.1" 200 1456 "https://www.easydrivers.at/fuehrerscheine/auto" "Mozilla/5.0 (iPad; CPU OS 10_3_3 like Mac OS X) AppleWebKit/603.3.8 (KHTML, like Gecko) Version/10.0 Mobile/14G60 Safari/602.1"
54.224.197.251 - - [24/Oct/2017:07:44:46 +0200] "GET /bruck.leitha/10279749?FS=CCE95 HTTP/1.0" 301 318 "-" "CCBot/2.0 (http://commoncrawl.org/faq/)"
66.249.66.30 - - [24/Oct/2017:07:44:46 +0200] "GET /uploads/pdfs/neunkirchen/10274963_B-L.pdf HTTP/1.1" 301 322 "-" "Mozilla/5.0 (compatible; Googlebot/2.1; +http://www.google.com/bot.html)"
66.249.76.80 - - [24/Oct/2017:07:44:47 +0200] "GET /uploads/pdfs/neunkirchen/10274963_B-L.pdf HTTP/1.1" 200 32800 "-" "Mozilla/5.0 (compatible; Googlebot/2.1; +http://www.google.com/bot.html)"
212.95.8.193 - - [24/Oct/2017:07:44:50 +0200] "POST /loadkursliste HTTP/1.1" 200 503 "https://www.easydrivers.at/leonding/kursauswahl" "Mozilla/5.0 (Linux; Android 7.0; SM-G920F Build/NRD90M) AppleWebKit/537.36 (KHTML, like Gecko) Chrome/61.0.3163.98 Mobile Safari/537.36"
54.224.197.251 - - [24/Oct/2017:07:44:59 +0200] "GET /robots.txt HTTP/1.0" 301 300 "-" "CCBot/2.0 (http://commoncrawl.org/faq/)"
54.224.197.251 - - [24/Oct/2017:07:45:00 +0200] "GET /enns/10264737?FS=AM-M HTTP/1.0" 301 311 "-" "CCBot/2.0 (http://commoncrawl.org/faq/)"
66.249.76.76 - - [24/Oct/2017:07:45:05 +0200] "GET /uploads/pdfs/leoben.pankl/10260115_A2BF.pdf HTTP/1.1" 301 324 "-" "Mozilla/5.0 (compatible; Googlebot/2.1; +http://www.google.com/bot.html)"
66.249.76.82 - - [24/Oct/2017:07:45:05 +0200] "GET /uploads/pdfs/leoben.pankl/10260115_A2BF.pdf HTTP/1.1" 200 29372 "-" "Mozilla/5.0 (compatible; Googlebot/2.1; +http://www.google.com/bot.html)"
212.95.8.193 - - [24/Oct/2017:07:45:09 +0200] "GET /fuehrerscheine/auto HTTP/1.1" 200 5442 "https://www.easydrivers.at/leonding/kursauswahl" "Mozilla/5.0 (Linux; Android 7.0; SM-G920F Build/NRD90M) AppleWebKit/537.36 (KHTML, like Gecko) Chrome/61.0.3163.98 Mobile Safari/537.36"
212.95.8.193 - - [24/Oct/2017:07:45:11 +0200] "GET /javascript/mobile-license.js HTTP/1.1" 200 216 "https://www.easydrivers.at/fuehrerscheine/auto" "Mozilla/5.0 (Linux; Android 7.0; SM-G920F Build/NRD90M) AppleWebKit/537.36 (KHTML, like Gecko) Chrome/61.0.3163.98 Mobile Safari/537.36"
212.95.8.193 - - [24/Oct/2017:07:45:11 +0200] "GET /img/mobile/weiter-button.png HTTP/1.1" 200 1670 "https://www.easydrivers.at/css/mobile.css" "Mozilla/5.0 (Linux; Android 7.0; SM-G920F Build/NRD90M) AppleWebKit/537.36 (KHTML, like Gecko) Chrome/61.0.3163.98 Mobile Safari/537.36"
54.224.197.251 - - [24/Oct/2017:07:45:14 +0200] "GET /robots.txt HTTP/1.0" 301 300 "-" "CCBot/2.0 (http://commoncrawl.org/faq/)"
54.224.197.251 - - [24/Oct/2017:07:45:14 +0200] "GET /schwechat/10280269?FS=A2B HTTP/1.0" 301 312 "-" "CCBot/2.0 (http://commoncrawl.org/faq/)"
212.95.8.193 - - [24/Oct/2017:07:45:14 +0200] "GET /img/mobile/pfeil-rechts-small.png HTTP/1.1" 200 1056 "https://www.easydrivers.at/css/mobile.css" "Mozilla/5.0 (Linux; Android 7.0; SM-G920F Build/NRD90M) AppleWebKit/537.36 (KHTML, like Gecko) Chrome/61.0.3163.98 Mobile Safari/537.36"
213.225.39.231 - - [24/Oct/2017:07:45:17 +0200] "GET /download.php?id=10247286 HTTP/1.1" 200 238201 "https://www.easydrivers.at/pruefprotokoll" "Mozilla/5.0 (Linux; Android 6.0.1; SM-G800F Build/MMB29K) AppleWebKit/537.36 (KHTML, like Gecko) Chrome/61.0.3163.98 Mobile Safari/537.36"
66.249.66.31 - - [24/Oct/2017:07:45:23 +0200] "GET /uploads/pdfs/dornbirn/10252056_B-L.pdf HTTP/1.1" 301 319 "-" "Mozilla/5.0 (compatible; Googlebot/2.1; +http://www.google.com/bot.html)"
66.249.66.5 - - [24/Oct/2017:07:45:24 +0200] "GET /uploads/pdfs/dornbirn/10252056_B-L.pdf HTTP/1.1" 200 33076 "-" "Mozilla/5.0 (compatible; Googlebot/2.1; +http://www.google.com/bot.html)"
54.224.197.251 - - [24/Oct/2017:07:45:27 +0200] "GET /robots.txt HTTP/1.0" 301 300 "-" "CCBot/2.0 (http://commoncrawl.org/faq/)"
54.224.197.251 - - [24/Oct/2017:07:45:28 +0200] "GET /dornbirn/10247038?FS=BCE HTTP/1.0" 301 312 "-" "CCBot/2.0 (http://commoncrawl.org/faq/)"
213.147.167.82 - - [24/Oct/2017:07:45:35 +0200] "GET /feldkirch HTTP/1.1" 301 300 "https://www.google.at/" "Mozilla/5.0 (Linux; Android 7.0; SM-G930F Build/NRD90M) AppleWebKit/537.36 (KHTML, like Gecko) Chrome/61.0.3163.98 Mobile Safari/537.36"
213.147.167.82 - - [24/Oct/2017:07:45:35 +0200] "GET /feldkirch HTTP/1.1" 200 2905 "https://www.google.at/" "Mozilla/5.0 (Linux; Android 7.0; SM-G930F Build/NRD90M) AppleWebKit/537.36 (KHTML, like Gecko) Chrome/61.0.3163.98 Mobile Safari/537.36"
213.147.167.82 - - [24/Oct/2017:07:45:38 +0200] "GET /css/mobile.css HTTP/1.1" 200 2852 "https://www.easydrivers.at/feldkirch" "Mozilla/5.0 (Linux; Android 7.0; SM-G930F Build/NRD90M) AppleWebKit/537.36 (KHTML, like Gecko) Chrome/61.0.3163.98 Mobile Safari/537.36"
213.147.167.82 - - [24/Oct/2017:07:45:38 +0200] "GET /javascript/jquery-1.9.1.min.js HTTP/1.1" 200 32731 "https://www.easydrivers.at/feldkirch" "Mozilla/5.0 (Linux; Android 7.0; SM-G930F Build/NRD90M) AppleWebKit/537.36 (KHTML, like Gecko) Chrome/61.0.3163.98 Mobile Safari/537.36"
213.147.167.82 - - [24/Oct/2017:07:45:38 +0200] "GET /javascript/jquery.cookie.js HTTP/1.1" 200 863 "https://www.easydrivers.at/feldkirch" "Mozilla/5.0 (Linux; Android 7.0; SM-G930F Build/NRD90M) AppleWebKit/537.36 (KHTML, like Gecko) Chrome/61.0.3163.98 Mobile Safari/537.36"
213.147.167.82 - - [24/Oct/2017:07:45:38 +0200] "GET /javascript/mobile-menu.js HTTP/1.1" 200 1634 "https://www.easydrivers.at/feldkirch" "Mozilla/5.0 (Linux; Android 7.0; SM-G930F Build/NRD90M) AppleWebKit/537.36 (KHTML, like Gecko) Chrome/61.0.3163.98 Mobile Safari/537.36"
213.147.167.82 - - [24/Oct/2017:07:45:38 +0200] "GET /javascript/jquery.simplemodal.js HTTP/1.1" 200 3070 "https://www.easydrivers.at/feldkirch" "Mozilla/5.0 (Linux; Android 7.0; SM-G930F Build/NRD90M) AppleWebKit/537.36 (KHTML, like Gecko) Chrome/61.0.3163.98 Mobile Safari/537.36"
213.147.167.82 - - [24/Oct/2017:07:45:38 +0200] "GET /javascript/mobile-fahrschule.js HTTP/1.1" 200 328 "https://www.easydrivers.at/feldkirch" "Mozilla/5.0 (Linux; Android 7.0; SM-G930F Build/NRD90M) AppleWebKit/537.36 (KHTML, like Gecko) Chrome/61.0.3163.98 Mobile Safari/537.36"
213.147.167.82 - - [24/Oct/2017:07:45:38 +0200] "GET /img/mobile/bg-header.jpg HTTP/1.1" 200 19741 "https://www.easydrivers.at/css/mobile.css" "Mozilla/5.0 (Linux; Android 7.0; SM-G930F Build/NRD90M) AppleWebKit/537.36 (KHTML, like Gecko) Chrome/61.0.3163.98 Mobile Safari/537.36"
213.147.167.82 - - [24/Oct/2017:07:45:38 +0200] "GET /img/mobile/bg-top-section.jpg HTTP/1.1" 200 21711 "https://www.easydrivers.at/css/mobile.css" "Mozilla/5.0 (Linux; Android 7.0; SM-G930F Build/NRD90M) AppleWebKit/537.36 (KHTML, like Gecko) Chrome/61.0.3163.98 Mobile Safari/537.36"
213.147.167.82 - - [24/Oct/2017:07:45:38 +0200] "GET /img/mobile/pfeil-rechts.png HTTP/1.1" 200 1228 "https://www.easydrivers.at/css/mobile.css" "Mozilla/5.0 (Linux; Android 7.0; SM-G930F Build/NRD90M) AppleWebKit/537.36 (KHTML, like Gecko) Chrome/61.0.3163.98 Mobile Safari/537.36"
213.147.167.82 - - [24/Oct/2017:07:45:38 +0200] "GET /img/mobile/info-button.png HTTP/1.1" 200 1549 "https://www.easydrivers.at/feldkirch" "Mozilla/5.0 (Linux; Android 7.0; SM-G930F Build/NRD90M) AppleWebKit/537.36 (KHTML, like Gecko) Chrome/61.0.3163.98 Mobile Safari/537.36"
213.147.167.82 - - [24/Oct/2017:07:45:38 +0200] "GET /javascript/lazyload.js HTTP/1.1" 200 1170 "https://www.easydrivers.at/feldkirch" "Mozilla/5.0 (Linux; Android 7.0; SM-G930F Build/NRD90M) AppleWebKit/537.36 (KHTML, like Gecko) Chrome/61.0.3163.98 Mobile Safari/537.36"
213.147.167.82 - - [24/Oct/2017:07:45:38 +0200] "GET /img/mobile/easydrivers-logo-mobile.png HTTP/1.1" 200 10766 "https://www.easydrivers.at/feldkirch" "Mozilla/5.0 (Linux; Android 7.0; SM-G930F Build/NRD90M) AppleWebKit/537.36 (KHTML, like Gecko) Chrome/61.0.3163.98 Mobile Safari/537.36"
54.224.197.251 - - [24/Oct/2017:07:45:38 +0200] "GET /robots.txt HTTP/1.0" 301 300 "-" "CCBot/2.0 (http://commoncrawl.org/faq/)"
213.147.167.82 - - [24/Oct/2017:07:45:38 +0200] "GET /img/mobile/menu-button.png HTTP/1.1" 200 1746 "https://www.easydrivers.at/feldkirch" "Mozilla/5.0 (Linux; Android 7.0; SM-G930F Build/NRD90M) AppleWebKit/537.36 (KHTML, like Gecko) Chrome/61.0.3163.98 Mobile Safari/537.36"
213.147.167.82 - - [24/Oct/2017:07:45:38 +0200] "GET /img/mobile/close-button.png HTTP/1.1" 200 2411 "https://www.easydrivers.at/feldkirch" "Mozilla/5.0 (Linux; Android 7.0; SM-G930F Build/NRD90M) AppleWebKit/537.36 (KHTML, like Gecko) Chrome/61.0.3163.98 Mobile Safari/537.36"
213.147.167.82 - - [24/Oct/2017:07:45:39 +0200] "GET /img/mobile/facebook-icon.png HTTP/1.1" 200 1902 "https://www.easydrivers.at/feldkirch" "Mozilla/5.0 (Linux; Android 7.0; SM-G930F Build/NRD90M) AppleWebKit/537.36 (KHTML, like Gecko) Chrome/61.0.3163.98 Mobile Safari/537.36"
213.147.167.82 - - [24/Oct/2017:07:45:39 +0200] "GET /img/mobile/info-close-button.png HTTP/1.1" 200 1721 "https://www.easydrivers.at/feldkirch" "Mozilla/5.0 (Linux; Android 7.0; SM-G930F Build/NRD90M) AppleWebKit/537.36 (KHTML, like Gecko) Chrome/61.0.3163.98 Mobile Safari/537.36"
213.147.167.82 - - [24/Oct/2017:07:45:39 +0200] "GET /img/smallicon-person.png HTTP/1.1" 200 1141 "https://www.easydrivers.at/feldkirch" "Mozilla/5.0 (Linux; Android 7.0; SM-G930F Build/NRD90M) AppleWebKit/537.36 (KHTML, like Gecko) Chrome/61.0.3163.98 Mobile Safari/537.36"
213.147.167.82 - - [24/Oct/2017:07:45:39 +0200] "GET /img/smallicon-address.png HTTP/1.1" 200 1211 "https://www.easydrivers.at/feldkirch" "Mozilla/5.0 (Linux; Android 7.0; SM-G930F Build/NRD90M) AppleWebKit/537.36 (KHTML, like Gecko) Chrome/61.0.3163.98 Mobile Safari/537.36"
213.147.167.82 - - [24/Oct/2017:07:45:39 +0200] "GET /img/mobile/googlemaps-pin.png HTTP/1.1" 200 1597 "https://www.easydrivers.at/feldkirch" "Mozilla/5.0 (Linux; Android 7.0; SM-G930F Build/NRD90M) AppleWebKit/537.36 (KHTML, like Gecko) Chrome/61.0.3163.98 Mobile Safari/537.36"
213.147.167.82 - - [24/Oct/2017:07:45:39 +0200] "GET /img/smallicon-time.png HTTP/1.1" 200 1262 "https://www.easydrivers.at/feldkirch" "Mozilla/5.0 (Linux; Android 7.0; SM-G930F Build/NRD90M) AppleWebKit/537.36 (KHTML, like Gecko) Chrome/61.0.3163.98 Mobile Safari/537.36"
213.147.167.82 - - [24/Oct/2017:07:45:39 +0200] "GET /img/smallicon-phone.png HTTP/1.1" 200 3056 "https://www.easydrivers.at/feldkirch" "Mozilla/5.0 (Linux; Android 7.0; SM-G930F Build/NRD90M) AppleWebKit/537.36 (KHTML, like Gecko) Chrome/61.0.3163.98 Mobile Safari/537.36"
213.147.167.82 - - [24/Oct/2017:07:45:39 +0200] "GET /img/smallicon-mail.png HTTP/1.1" 200 1341 "https://www.easydrivers.at/feldkirch" "Mozilla/5.0 (Linux; Android 7.0; SM-G930F Build/NRD90M) AppleWebKit/537.36 (KHTML, like Gecko) Chrome/61.0.3163.98 Mobile Safari/537.36"
213.147.167.82 - - [24/Oct/2017:07:45:39 +0200] "GET /img/mobile/widget-icon-app.png HTTP/1.1" 200 3458 "https://www.easydrivers.at/feldkirch" "Mozilla/5.0 (Linux; Android 7.0; SM-G930F Build/NRD90M) AppleWebKit/537.36 (KHTML, like Gecko) Chrome/61.0.3163.98 Mobile Safari/537.36"
213.147.167.82 - - [24/Oct/2017:07:45:39 +0200] "GET /img/mobile/bg-menu.jpg HTTP/1.1" 200 1698 "https://www.easydrivers.at/css/mobile.css" "Mozilla/5.0 (Linux; Android 7.0; SM-G930F Build/NRD90M) AppleWebKit/537.36 (KHTML, like Gecko) Chrome/61.0.3163.98 Mobile Safari/537.36"
54.224.197.251 - - [24/Oct/2017:07:45:39 +0200] "GET /schwechat/10280452?FS=AM-M1 HTTP/1.0" 301 313 "-" "CCBot/2.0 (http://commoncrawl.org/faq/)"
213.147.167.82 - - [24/Oct/2017:07:45:39 +0200] "GET /img/favicon.ico HTTP/1.1" 301 303 "-" "Mozilla/5.0 (Linux; Android 7.0; SM-G930F Build/NRD90M) AppleWebKit/537.36 (KHTML, like Gecko) Chrome/61.0.3163.98 Mobile Safari/537.36"
213.147.167.82 - - [24/Oct/2017:07:45:39 +0200] "GET /img/favicon.ico HTTP/1.1" 404 301 "-" "Mozilla/5.0 (Linux; Android 7.0; SM-G930F Build/NRD90M) AppleWebKit/537.36 (KHTML, like Gecko) Chrome/61.0.3163.98 Mobile Safari/537.36"
66.249.76.74 - - [24/Oct/2017:07:45:41 +0200] "GET /uploads/pdfs/neunkirchen/10274978_AM-M1.pdf HTTP/1.1" 301 324 "-" "Mozilla/5.0 (compatible; Googlebot/2.1; +http://www.google.com/bot.html)"
66.249.76.80 - - [24/Oct/2017:07:45:42 +0200] "GET /uploads/pdfs/neunkirchen/10274978_AM-M1.pdf HTTP/1.1" 200 30280 "-" "Mozilla/5.0 (compatible; Googlebot/2.1; +http://www.google.com/bot.html)"
213.147.167.82 - - [24/Oct/2017:07:45:42 +0200] "POST /feldkirch/kursauswahl HTTP/1.1" 200 3089 "https://www.easydrivers.at/feldkirch" "Mozilla/5.0 (Linux; Android 7.0; SM-G930F Build/NRD90M) AppleWebKit/537.36 (KHTML, like Gecko) Chrome/61.0.3163.98 Mobile Safari/537.36"
213.147.161.193 - - [24/Oct/2017:07:45:45 +0200] "GET /voesendorf/Aktionen HTTP/1.1" 301 307 "http://m.facebook.com/" "Mozilla/5.0 (Linux; Android 7.0; SM-G920F Build/NRD90M; wv) AppleWebKit/537.36 (KHTML, like Gecko) Version/4.0 Chrome/61.0.3163.98 Mobile Safari/537.36 [FB_IAB/FB4A;FBAV/146.0.0.53.92;]"
213.147.167.82 - - [24/Oct/2017:07:45:42 +0200] "POST /feldkirch/kursauswahl HTTP/1.1" 200 3089 "https://www.easydrivers.at/feldkirch" "Mozilla/5.0 (Linux; Android 7.0; SM-G930F Build/NRD90M) AppleWebKit/537.36 (KHTML, like Gecko) Chrome/61.0.3163.98 Mobile Safari/537.36"
213.147.161.193 - - [24/Oct/2017:07:45:45 +0200] "GET /voesendorf/Aktionen HTTP/1.1" 200 3548 "http://m.facebook.com/" "Mozilla/5.0 (Linux; Android 7.0; SM-G920F Build/NRD90M; wv) AppleWebKit/537.36 (KHTML, like Gecko) Version/4.0 Chrome/61.0.3163.98 Mobile Safari/537.36 [FB_IAB/FB4A;FBAV/146.0.0.53.92;]"
213.147.167.82 - - [24/Oct/2017:07:45:44 +0200] "POST /feldkirch/kursauswahl HTTP/1.1" 200 3089 "https://www.easydrivers.at/feldkirch" "Mozilla/5.0 (Linux; Android 7.0; SM-G930F Build/NRD90M) AppleWebKit/537.36 (KHTML, like Gecko) Chrome/61.0.3163.98 Mobile Safari/537.36"
213.147.167.82 - - [24/Oct/2017:07:45:45 +0200] "POST /feldkirch/kursauswahl HTTP/1.1" 200 3089 "https://www.easydrivers.at/feldkirch" "Mozilla/5.0 (Linux; Android 7.0; SM-G930F Build/NRD90M) AppleWebKit/537.36 (KHTML, like Gecko) Chrome/61.0.3163.98 Mobile Safari/537.36"
188.21.78.2 - - [24/Oct/2017:07:45:49 +0200] "GET /ueberuns HTTP/1.1" 200 3259 "https://www.easydrivers.at/moedling/aktionen" "Mozilla/5.0 (iPad; CPU OS 10_3_3 like Mac OS X) AppleWebKit/603.3.8 (KHTML, like Gecko) Version/10.0 Mobile/14G60 Safari/602.1"
157.55.39.113 - - [24/Oct/2017:07:45:52 +0200] "GET /suche HTTP/1.1" 301 296 "-" "Mozilla/5.0 (compatible; bingbot/2.0; +http://www.bing.com/bingbot.htm)"
54.224.197.251 - - [24/Oct/2017:07:45:53 +0200] "GET /robots.txt HTTP/1.0" 301 300 "-" "CCBot/2.0 (http://commoncrawl.org/faq/)"
213.147.167.82 - - [24/Oct/2017:07:45:47 +0200] "POST /feldkirch/kursauswahl HTTP/1.1" 200 3089 "https://www.easydrivers.at/feldkirch" "Mozilla/5.0 (Linux; Android 7.0; SM-G930F Build/NRD90M) AppleWebKit/537.36 (KHTML, like Gecko) Chrome/61.0.3163.98 Mobile Safari/537.36"
54.224.197.251 - - [24/Oct/2017:07:45:53 +0200] "GET /schwechat/10265304?FS=AvonA2 HTTP/1.0" 301 315 "-" "CCBot/2.0 (http://commoncrawl.org/faq/)"
188.21.78.2 - - [24/Oct/2017:07:45:52 +0200] "GET /moedling/aktionen HTTP/1.1" 200 4078 "https://www.easydrivers.at/moedling/10281909?FS=DD195-B" "Mozilla/5.0 (iPad; CPU OS 10_3_3 like Mac OS X) AppleWebKit/603.3.8 (KHTML, like Gecko) Version/10.0 Mobile/14G60 Safari/602.1"
188.21.78.2 - - [24/Oct/2017:07:45:54 +0200] "GET /binaries/easy-drivers-portal/motorrad2jpg.jpg HTTP/1.1" 200 45802 "https://www.easydrivers.at/moedling/aktionen" "Mozilla/5.0 (iPad; CPU OS 10_3_3 like Mac OS X) AppleWebKit/603.3.8 (KHTML, like Gecko) Version/10.0 Mobile/14G60 Safari/602.1"
213.147.167.82 - - [24/Oct/2017:07:45:48 +0200] "POST /feldkirch/kursauswahl HTTP/1.1" 200 3089 "https://www.easydrivers.at/feldkirch" "Mozilla/5.0 (Linux; Android 7.0; SM-G930F Build/NRD90M) AppleWebKit/537.36 (KHTML, like Gecko) Chrome/61.0.3163.98 Mobile Safari/537.36"
213.147.167.82 - - [24/Oct/2017:07:45:54 +0200] "POST /feldkirch/kursauswahl HTTP/1.1" 200 3089 "https://www.easydrivers.at/feldkirch" "Mozilla/5.0 (Linux; Android 7.0; SM-G930F Build/NRD90M) AppleWebKit/537.36 (KHTML, like Gecko) Chrome/61.0.3163.98 Mobile Safari/537.36"
213.147.167.82 - - [24/Oct/2017:07:45:57 +0200] "GET /javascript/mobile-fahrschule-kurs-suchergebnis.js HTTP/1.1" 200 274 "https://www.easydrivers.at/feldkirch/kursauswahl" "Mozilla/5.0 (Linux; Android 7.0; SM-G930F Build/NRD90M) AppleWebKit/537.36 (KHTML, like Gecko) Chrome/61.0.3163.98 Mobile Safari/537.36"
213.147.167.82 - - [24/Oct/2017:07:45:57 +0200] "GET /img/mobile/pfeil-links-small.png HTTP/1.1" 200 1065 "https://www.easydrivers.at/css/mobile.css" "Mozilla/5.0 (Linux; Android 7.0; SM-G930F Build/NRD90M) AppleWebKit/537.36 (KHTML, like Gecko) Chrome/61.0.3163.98 Mobile Safari/537.36"
213.147.167.82 - - [24/Oct/2017:07:45:57 +0200] "GET /img/mobile/bg-yellow.jpg HTTP/1.1" 200 1569 "https://www.easydrivers.at/css/mobile.css" "Mozilla/5.0 (Linux; Android 7.0; SM-G930F Build/NRD90M) AppleWebKit/537.36 (KHTML, like Gecko) Chrome/61.0.3163.98 Mobile Safari/537.36"
213.147.167.82 - - [24/Oct/2017:07:45:57 +0200] "GET /img/loading-bars.gif HTTP/1.1" 200 3951 "https://www.easydrivers.at/css/mobile.css" "Mozilla/5.0 (Linux; Android 7.0; SM-G930F Build/NRD90M) AppleWebKit/537.36 (KHTML, like Gecko) Chrome/61.0.3163.98 Mobile Safari/537.36"
66.249.76.74 - - [24/Oct/2017:07:46:00 +0200] "GET /uploads/pdfs/dornbirn/10278891_BL1796.pdf HTTP/1.1" 301 323 "-" "Mozilla/5.0 (compatible; Googlebot/2.1; +http://www.google.com/bot.html)"
66.249.76.80 - - [24/Oct/2017:07:46:00 +0200] "GET /uploads/pdfs/schwechat/10261094_BL1796.pdf HTTP/1.1" 200 34847 "-" "Mozilla/5.0 (compatible; Googlebot/2.1; +http://www.google.com/bot.html)"
66.249.66.5 - - [24/Oct/2017:07:46:01 +0200] "GET /uploads/pdfs/dornbirn/10278891_BL1796.pdf HTTP/1.1" 200 37629 "-" "Mozilla/5.0 (compatible; Googlebot/2.1; +http://www.google.com/bot.html)"
188.21.78.2 - - [24/Oct/2017:07:45:59 +0200] "GET /moedling/10244233 HTTP/1.1" 200 3008 "https://www.easydrivers.at/moedling/aktionen" "Mozilla/5.0 (iPad; CPU OS 10_3_3 like Mac OS X) AppleWebKit/603.3.8 (KHTML, like Gecko) Version/10.0 Mobile/14G60 Safari/602.1"
