173.252.124.30 - - [24/Oct/2017:07:52:03 +0200] "GET /img/close-button.png HTTP/1.1" 206 2237 "http://www.easydrivers.at/eisenstadt/" "facebookexternalhit/1.1 (+http://www.facebook.com/externalhit_uatext.php)"
173.252.124.25 - - [24/Oct/2017:07:52:03 +0200] "GET /img/ED_Logo.png HTTP/1.1" 301 305 "-" "facebookexternalhit/1.1 (+http://www.facebook.com/externalhit_uatext.php)"
173.252.124.69 - - [24/Oct/2017:07:52:03 +0200] "GET /img/ED_Logo.png HTTP/1.1" 200 3385 "-" "facebookexternalhit/1.1 (+http://www.facebook.com/externalhit_uatext.php)"
173.252.124.12 - - [24/Oct/2017:07:52:03 +0200] "GET /eisenstadt/ HTTP/1.1" 301 300 "-" "facebookexternalhit/1.1 (+http://www.facebook.com/externalhit_uatext.php)"
173.252.124.21 - - [24/Oct/2017:07:52:04 +0200] "GET /eisenstadt/ HTTP/1.1" 301 141 "-" "facebookexternalhit/1.1 (+http://www.facebook.com/externalhit_uatext.php)"
54.224.197.251 - - [24/Oct/2017:07:52:05 +0200] "GET /robots.txt HTTP/1.0" 301 300 "-" "CCBot/2.0 (http://commoncrawl.org/faq/)"
54.224.197.251 - - [24/Oct/2017:07:52:06 +0200] "GET /ennstal.bad.aussee/kk-21-08-2017?FS=B HTTP/1.0" 301 320 "-" "CCBot/2.0 (http://commoncrawl.org/faq/)"
173.252.124.68 - - [24/Oct/2017:07:52:04 +0200] "GET /eisenstadt HTTP/1.1" 200 3413 "-" "facebookexternalhit/1.1 (+http://www.facebook.com/externalhit_uatext.php)"
173.252.124.30 - - [24/Oct/2017:07:52:06 +0200] "GET /eisenstadt HTTP/1.1" 301 299 "-" "facebookexternalhit/1.1 (+http://www.facebook.com/externalhit_uatext.php)"
66.249.66.1 - - [24/Oct/2017:07:52:06 +0200] "GET /uploads/pdfs/retz/10259480_F.pdf HTTP/1.1" 301 316 "-" "Mozilla/5.0 (compatible; Googlebot/2.1; +http://www.google.com/bot.html)"
66.249.76.82 - - [24/Oct/2017:07:52:07 +0200] "GET /uploads/pdfs/retz/10259480_F.pdf HTTP/1.1" 200 28348 "-" "Mozilla/5.0 (compatible; Googlebot/2.1; +http://www.google.com/bot.html)"
212.95.8.193 - - [24/Oct/2017:07:52:15 +0200] "-" 408 - "-" "-"
212.95.8.193 - - [24/Oct/2017:07:52:15 +0200] "-" 408 - "-" "-"
212.95.8.193 - - [24/Oct/2017:07:52:15 +0200] "-" 408 - "-" "-"
212.95.8.193 - - [24/Oct/2017:07:52:15 +0200] "-" 408 - "-" "-"
212.95.8.193 - - [24/Oct/2017:07:52:15 +0200] "-" 408 - "-" "-"
213.225.13.168 - - [24/Oct/2017:07:52:17 +0200] "GET /skarabela.gross-enzersdorf HTTP/1.1" 301 311 "-" "Mozilla/5.0 (Windows NT 6.1; Win64; x64) AppleWebKit/537.36 (KHTML, like Gecko) Chrome/61.0.3163.100 Safari/537.36"
213.225.13.168 - - [24/Oct/2017:07:52:17 +0200] "GET /skarabela.gross-enzersdorf HTTP/1.1" 200 3619 "-" "Mozilla/5.0 (Windows NT 6.1; Win64; x64) AppleWebKit/537.36 (KHTML, like Gecko) Chrome/61.0.3163.100 Safari/537.36"
213.225.13.168 - - [24/Oct/2017:07:52:19 +0200] "GET /css/style.css HTTP/1.1" 200 5004 "https://www.easydrivers.at/skarabela.gross-enzersdorf" "Mozilla/5.0 (Windows NT 6.1; Win64; x64) AppleWebKit/537.36 (KHTML, like Gecko) Chrome/61.0.3163.100 Safari/537.36"
213.225.13.168 - - [24/Oct/2017:07:52:19 +0200] "GET /javascript/jquery.customSelect.min.js HTTP/1.1" 200 912 "https://www.easydrivers.at/skarabela.gross-enzersdorf" "Mozilla/5.0 (Windows NT 6.1; Win64; x64) AppleWebKit/537.36 (KHTML, like Gecko) Chrome/61.0.3163.100 Safari/537.36"
213.225.13.168 - - [24/Oct/2017:07:52:19 +0200] "GET /javascript/jquery.simplemodal.js HTTP/1.1" 200 3070 "https://www.easydrivers.at/skarabela.gross-enzersdorf" "Mozilla/5.0 (Windows NT 6.1; Win64; x64) AppleWebKit/537.36 (KHTML, like Gecko) Chrome/61.0.3163.100 Safari/537.36"
213.225.13.168 - - [24/Oct/2017:07:52:19 +0200] "GET /javascript/jquery.cookie.js HTTP/1.1" 200 863 "https://www.easydrivers.at/skarabela.gross-enzersdorf" "Mozilla/5.0 (Windows NT 6.1; Win64; x64) AppleWebKit/537.36 (KHTML, like Gecko) Chrome/61.0.3163.100 Safari/537.36"
213.225.13.168 - - [24/Oct/2017:07:52:19 +0200] "GET /javascript/portal.js?1221842734 HTTP/1.1" 200 3529 "https://www.easydrivers.at/skarabela.gross-enzersdorf" "Mozilla/5.0 (Windows NT 6.1; Win64; x64) AppleWebKit/537.36 (KHTML, like Gecko) Chrome/61.0.3163.100 Safari/537.36"
54.224.197.251 - - [24/Oct/2017:07:52:20 +0200] "GET /robots.txt HTTP/1.0" 301 300 "-" "CCBot/2.0 (http://commoncrawl.org/faq/)"
213.225.13.168 - - [24/Oct/2017:07:52:20 +0200] "GET /javascript/fahrschule.js HTTP/1.1" 200 462 "https://www.easydrivers.at/skarabela.gross-enzersdorf" "Mozilla/5.0 (Windows NT 6.1; Win64; x64) AppleWebKit/537.36 (KHTML, like Gecko) Chrome/61.0.3163.100 Safari/537.36"
213.225.13.168 - - [24/Oct/2017:07:52:20 +0200] "GET /javascript/lazyload.js HTTP/1.1" 200 1170 "https://www.easydrivers.at/skarabela.gross-enzersdorf" "Mozilla/5.0 (Windows NT 6.1; Win64; x64) AppleWebKit/537.36 (KHTML, like Gecko) Chrome/61.0.3163.100 Safari/537.36"
213.225.13.168 - - [24/Oct/2017:07:52:20 +0200] "GET /img/close-button.png HTTP/1.1" 200 2237 "https://www.easydrivers.at/skarabela.gross-enzersdorf" "Mozilla/5.0 (Windows NT 6.1; Win64; x64) AppleWebKit/537.36 (KHTML, like Gecko) Chrome/61.0.3163.100 Safari/537.36"
213.225.13.168 - - [24/Oct/2017:07:52:20 +0200] "GET /img/facebook-icon.png HTTP/1.1" 200 1506 "https://www.easydrivers.at/skarabela.gross-enzersdorf" "Mozilla/5.0 (Windows NT 6.1; Win64; x64) AppleWebKit/537.36 (KHTML, like Gecko) Chrome/61.0.3163.100 Safari/537.36"
213.225.13.168 - - [24/Oct/2017:07:52:20 +0200] "GET /img/info-button.png HTTP/1.1" 200 738 "https://www.easydrivers.at/skarabela.gross-enzersdorf" "Mozilla/5.0 (Windows NT 6.1; Win64; x64) AppleWebKit/537.36 (KHTML, like Gecko) Chrome/61.0.3163.100 Safari/537.36"
213.225.13.168 - - [24/Oct/2017:07:52:20 +0200] "GET /img/locator-icon.png HTTP/1.1" 200 1377 "https://www.easydrivers.at/skarabela.gross-enzersdorf" "Mozilla/5.0 (Windows NT 6.1; Win64; x64) AppleWebKit/537.36 (KHTML, like Gecko) Chrome/61.0.3163.100 Safari/537.36"
54.224.197.251 - - [24/Oct/2017:07:52:20 +0200] "GET /am.spitz/10281210?FS=BL1796 HTTP/1.0" 301 315 "-" "CCBot/2.0 (http://commoncrawl.org/faq/)"
213.225.13.168 - - [24/Oct/2017:07:52:20 +0200] "GET /img/close-button-small.png HTTP/1.1" 200 1671 "https://www.easydrivers.at/skarabela.gross-enzersdorf" "Mozilla/5.0 (Windows NT 6.1; Win64; x64) AppleWebKit/537.36 (KHTML, like Gecko) Chrome/61.0.3163.100 Safari/537.36"
213.225.13.168 - - [24/Oct/2017:07:52:20 +0200] "GET /img/submit-button.png HTTP/1.1" 200 1958 "https://www.easydrivers.at/skarabela.gross-enzersdorf" "Mozilla/5.0 (Windows NT 6.1; Win64; x64) AppleWebKit/537.36 (KHTML, like Gecko) Chrome/61.0.3163.100 Safari/537.36"
213.225.13.168 - - [24/Oct/2017:07:52:21 +0200] "GET /img/purple-dots-horizontal.png HTTP/1.1" 200 977 "https://www.easydrivers.at/css/style.css" "Mozilla/5.0 (Windows NT 6.1; Win64; x64) AppleWebKit/537.36 (KHTML, like Gecko) Chrome/61.0.3163.100 Safari/537.36"
213.225.13.168 - - [24/Oct/2017:07:52:21 +0200] "GET /img/ED_Logo.png HTTP/1.1" 200 3385 "https://www.easydrivers.at/css/style.css" "Mozilla/5.0 (Windows NT 6.1; Win64; x64) AppleWebKit/537.36 (KHTML, like Gecko) Chrome/61.0.3163.100 Safari/537.36"
213.225.13.168 - - [24/Oct/2017:07:52:21 +0200] "GET /img/yellow-dots-vertical.png HTTP/1.1" 200 981 "https://www.easydrivers.at/css/style.css" "Mozilla/5.0 (Windows NT 6.1; Win64; x64) AppleWebKit/537.36 (KHTML, like Gecko) Chrome/61.0.3163.100 Safari/537.36"
213.225.13.168 - - [24/Oct/2017:07:52:21 +0200] "GET /img/empty.gif HTTP/1.1" 200 43 "https://www.easydrivers.at/skarabela.gross-enzersdorf" "Mozilla/5.0 (Windows NT 6.1; Win64; x64) AppleWebKit/537.36 (KHTML, like Gecko) Chrome/61.0.3163.100 Safari/537.36"
213.225.13.168 - - [24/Oct/2017:07:52:21 +0200] "GET /cache/emu/images/easy-drivers-portal10248413/facebookjpg_68_90_0.jpg HTTP/1.1" 200 1760 "https://www.easydrivers.at/skarabela.gross-enzersdorf" "Mozilla/5.0 (Windows NT 6.1; Win64; x64) AppleWebKit/537.36 (KHTML, like Gecko) Chrome/61.0.3163.100 Safari/537.36"
213.225.13.168 - - [24/Oct/2017:07:52:21 +0200] "GET /binaries/easy-drivers-portal/widget-icon-trainingpng.png HTTP/1.1" 200 2662 "https://www.easydrivers.at/skarabela.gross-enzersdorf" "Mozilla/5.0 (Windows NT 6.1; Win64; x64) AppleWebKit/537.36 (KHTML, like Gecko) Chrome/61.0.3163.100 Safari/537.36"
213.225.13.168 - - [24/Oct/2017:07:52:21 +0200] "GET /binaries/easy-drivers-portal/widget-icon-apppng.png HTTP/1.1" 200 2432 "https://www.easydrivers.at/skarabela.gross-enzersdorf" "Mozilla/5.0 (Windows NT 6.1; Win64; x64) AppleWebKit/537.36 (KHTML, like Gecko) Chrome/61.0.3163.100 Safari/537.36"
213.225.13.168 - - [24/Oct/2017:07:52:21 +0200] "GET /img/bg-footer.jpg HTTP/1.1" 200 31770 "https://www.easydrivers.at/css/style.css" "Mozilla/5.0 (Windows NT 6.1; Win64; x64) AppleWebKit/537.36 (KHTML, like Gecko) Chrome/61.0.3163.100 Safari/537.36"
213.225.13.168 - - [24/Oct/2017:07:52:21 +0200] "GET /img/schweiz-icon.png HTTP/1.1" 200 1504 "https://www.easydrivers.at/skarabela.gross-enzersdorf" "Mozilla/5.0 (Windows NT 6.1; Win64; x64) AppleWebKit/537.36 (KHTML, like Gecko) Chrome/61.0.3163.100 Safari/537.36"
213.225.13.168 - - [24/Oct/2017:07:52:21 +0200] "GET /img/kursicon-download-pink.png HTTP/1.1" 200 1213 "https://www.easydrivers.at/skarabela.gross-enzersdorf" "Mozilla/5.0 (Windows NT 6.1; Win64; x64) AppleWebKit/537.36 (KHTML, like Gecko) Chrome/61.0.3163.100 Safari/537.36"
213.225.13.168 - - [24/Oct/2017:07:52:21 +0200] "GET /img/kursicon-print-pink.png HTTP/1.1" 200 1125 "https://www.easydrivers.at/skarabela.gross-enzersdorf" "Mozilla/5.0 (Windows NT 6.1; Win64; x64) AppleWebKit/537.36 (KHTML, like Gecko) Chrome/61.0.3163.100 Safari/537.36"
213.225.13.168 - - [24/Oct/2017:07:52:21 +0200] "GET /img/kursicon-share-pink.png HTTP/1.1" 200 1277 "https://www.easydrivers.at/skarabela.gross-enzersdorf" "Mozilla/5.0 (Windows NT 6.1; Win64; x64) AppleWebKit/537.36 (KHTML, like Gecko) Chrome/61.0.3163.100 Safari/537.36"
213.225.13.168 - - [24/Oct/2017:07:52:21 +0200] "GET /img/kursicon-phone-pink.png HTTP/1.1" 200 1286 "https://www.easydrivers.at/skarabela.gross-enzersdorf" "Mozilla/5.0 (Windows NT 6.1; Win64; x64) AppleWebKit/537.36 (KHTML, like Gecko) Chrome/61.0.3163.100 Safari/537.36"
213.225.13.168 - - [24/Oct/2017:07:52:21 +0200] "GET /img/bg-header.jpg HTTP/1.1" 200 38680 "https://www.easydrivers.at/css/style.css" "Mozilla/5.0 (Windows NT 6.1; Win64; x64) AppleWebKit/537.36 (KHTML, like Gecko) Chrome/61.0.3163.100 Safari/537.36"
213.225.13.168 - - [24/Oct/2017:07:52:21 +0200] "GET /img/bg-top-section.jpg HTTP/1.1" 200 82172 "https://www.easydrivers.at/css/style.css" "Mozilla/5.0 (Windows NT 6.1; Win64; x64) AppleWebKit/537.36 (KHTML, like Gecko) Chrome/61.0.3163.100 Safari/537.36"
213.225.13.168 - - [24/Oct/2017:07:52:24 +0200] "GET /css/print.css HTTP/1.1" 200 967 "https://www.easydrivers.at/skarabela.gross-enzersdorf" "Mozilla/5.0 (Windows NT 6.1; Win64; x64) AppleWebKit/537.36 (KHTML, like Gecko) Chrome/61.0.3163.100 Safari/537.36"
213.225.13.168 - - [24/Oct/2017:07:52:24 +0200] "GET /img/new_favicon.ico HTTP/1.1" 301 306 "-" "Mozilla/5.0 (Windows NT 6.1; Win64; x64) AppleWebKit/537.36 (KHTML, like Gecko) Chrome/61.0.3163.100 Safari/537.36"
213.225.13.168 - - [24/Oct/2017:07:52:24 +0200] "GET /img/new_favicon.ico HTTP/1.1" 200 1150 "-" "Mozilla/5.0 (Windows NT 6.1; Win64; x64) AppleWebKit/537.36 (KHTML, like Gecko) Chrome/61.0.3163.100 Safari/537.36"
66.249.76.76 - - [24/Oct/2017:07:52:25 +0200] "GET /f-sitemap.xml HTTP/1.1" 301 303 "-" "Mozilla/5.0 (compatible; Googlebot/2.1; +http://www.google.com/bot.html)"
66.249.76.80 - - [24/Oct/2017:07:52:25 +0200] "GET /f-sitemap.xml HTTP/1.1" 200 844 "-" "Mozilla/5.0 (compatible; Googlebot/2.1; +http://www.google.com/bot.html)"
54.224.197.251 - - [24/Oct/2017:07:52:33 +0200] "GET /robots.txt HTTP/1.0" 301 300 "-" "CCBot/2.0 (http://commoncrawl.org/faq/)"
54.224.197.251 - - [24/Oct/2017:07:52:33 +0200] "GET /amstetten/abendkursaug?FS=BPlus HTTP/1.0" 301 315 "-" "CCBot/2.0 (http://commoncrawl.org/faq/)"
66.249.66.30 - - [24/Oct/2017:07:52:43 +0200] "GET /uploads/pdfs/tulln/Intensivkurs_8_Kurstage_August_2015_B-L.pdf HTTP/1.1" 301 339 "-" "Mozilla/5.0 (compatible; Googlebot/2.1; +http://www.google.com/bot.html)"
66.249.76.80 - - [24/Oct/2017:07:52:43 +0200] "GET /uploads/pdfs/tulln/Intensivkurs_8_Kurstage_August_2015_B-L.pdf HTTP/1.1" 200 29887 "-" "Mozilla/5.0 (compatible; Googlebot/2.1; +http://www.google.com/bot.html)"
54.224.197.251 - - [24/Oct/2017:07:52:44 +0200] "GET /robots.txt HTTP/1.0" 301 300 "-" "CCBot/2.0 (http://commoncrawl.org/faq/)"
54.224.197.251 - - [24/Oct/2017:07:52:45 +0200] "GET /amstetten/abendkurssept?FS=B-L17 HTTP/1.0" 301 316 "-" "CCBot/2.0 (http://commoncrawl.org/faq/)"
54.224.197.251 - - [24/Oct/2017:07:52:58 +0200] "GET /robots.txt HTTP/1.0" 301 300 "-" "CCBot/2.0 (http://commoncrawl.org/faq/)"
54.224.197.251 - - [24/Oct/2017:07:52:58 +0200] "GET /amstetten/weihnachtskurs?FS=BPlus HTTP/1.0" 301 316 "-" "CCBot/2.0 (http://commoncrawl.org/faq/)"
66.249.76.74 - - [24/Oct/2017:07:53:01 +0200] "GET /uploads/pdfs/hartberg/Herbstintensivkurs-16-11-2015_B-L.pdf HTTP/1.1" 301 336 "-" "Mozilla/5.0 (compatible; Googlebot/2.1; +http://www.google.com/bot.html)"
66.249.76.82 - - [24/Oct/2017:07:53:02 +0200] "GET /uploads/pdfs/hartberg/Herbstintensivkurs-16-11-2015_B-L.pdf HTTP/1.1" 200 32784 "-" "Mozilla/5.0 (compatible; Googlebot/2.1; +http://www.google.com/bot.html)"
65.55.210.199 - - [24/Oct/2017:07:53:02 +0200] "GET /javascript/jquery.customSelect.min.js HTTP/1.1" 200 2147 "-" "Mozilla/5.0 (Windows NT 6.1; WOW64) AppleWebKit/534+ (KHTML, like Gecko) BingPreview/1.0b"
157.55.39.113 - - [24/Oct/2017:07:53:01 +0200] "GET /hollabrunn/Grundkurs_Oktober_2018?FS=A1F HTTP/1.1" 200 6751 "-" "Mozilla/5.0 (compatible; bingbot/2.0; +http://www.bing.com/bingbot.htm)"
54.224.197.251 - - [24/Oct/2017:07:53:10 +0200] "GET /robots.txt HTTP/1.0" 301 300 "-" "CCBot/2.0 (http://commoncrawl.org/faq/)"
54.224.197.251 - - [24/Oct/2017:07:53:11 +0200] "GET /ennstal.bad.aussee/wfk-22-12-2017?FS=B HTTP/1.0" 301 321 "-" "CCBot/2.0 (http://commoncrawl.org/faq/)"
40.77.167.88 - - [24/Oct/2017:07:53:12 +0200] "GET /ennstal.bad.aussee/berufskraftfahrer HTTP/1.1" 301 317 "-" "Mozilla/5.0 (compatible; bingbot/2.0; +http://www.bing.com/bingbot.htm)"
40.77.167.13 - - [24/Oct/2017:07:53:19 +0200] "GET /schwechat/10280458?FS=AM HTTP/1.1" 301 311 "-" "Mozilla/5.0 (compatible; bingbot/2.0; +http://www.bing.com/bingbot.htm)"
173.252.124.68 - - [24/Oct/2017:07:53:19 +0200] "GET /eisenstadt/ HTTP/1.1" 301 300 "-" "facebookexternalhit/1.1 (+http://www.facebook.com/externalhit_uatext.php)"
66.249.76.74 - - [24/Oct/2017:07:53:20 +0200] "GET /uploads/pdfs/perg/10277353_CCE.pdf HTTP/1.1" 301 317 "-" "Mozilla/5.0 (compatible; Googlebot/2.1; +http://www.google.com/bot.html)"
173.252.124.17 - - [24/Oct/2017:07:53:20 +0200] "GET /eisenstadt/ HTTP/1.1" 301 141 "-" "facebookexternalhit/1.1 (+http://www.facebook.com/externalhit_uatext.php)"
66.249.76.80 - - [24/Oct/2017:07:53:20 +0200] "GET /uploads/pdfs/perg/10277353_CCE.pdf HTTP/1.1" 200 27436 "-" "Mozilla/5.0 (compatible; Googlebot/2.1; +http://www.google.com/bot.html)"
173.252.124.84 - - [24/Oct/2017:07:53:20 +0200] "GET /eisenstadt HTTP/1.1" 200 3413 "-" "facebookexternalhit/1.1 (+http://www.facebook.com/externalhit_uatext.php)"
173.252.124.69 - - [24/Oct/2017:07:53:22 +0200] "GET /eisenstadt HTTP/1.1" 301 299 "-" "facebookexternalhit/1.1 (+http://www.facebook.com/externalhit_uatext.php)"
173.252.124.81 - - [24/Oct/2017:07:53:23 +0200] "GET /img/ED_Logo.png HTTP/1.1" 301 305 "http://www.easydrivers.at/eisenstadt/" "facebookexternalhit/1.1 (+http://www.facebook.com/externalhit_uatext.php)"
173.252.124.31 - - [24/Oct/2017:07:53:23 +0200] "GET /img/info-button.png HTTP/1.1" 206 738 "http://www.easydrivers.at/eisenstadt/" "facebookexternalhit/1.1 (+http://www.facebook.com/externalhit_uatext.php)"
173.252.124.74 - - [24/Oct/2017:07:53:23 +0200] "GET /img/close-button-small.png HTTP/1.1" 206 1671 "http://www.easydrivers.at/eisenstadt/" "facebookexternalhit/1.1 (+http://www.facebook.com/externalhit_uatext.php)"
173.252.124.26 - - [24/Oct/2017:07:53:23 +0200] "GET /img/empty.gif HTTP/1.1" 206 43 "http://www.easydrivers.at/eisenstadt/" "facebookexternalhit/1.1 (+http://www.facebook.com/externalhit_uatext.php)"
173.252.124.17 - - [24/Oct/2017:07:53:23 +0200] "GET /img/schweiz-icon.png HTTP/1.1" 206 1504 "http://www.easydrivers.at/eisenstadt/" "facebookexternalhit/1.1 (+http://www.facebook.com/externalhit_uatext.php)"
173.252.124.17 - - [24/Oct/2017:07:53:23 +0200] "GET /img/close-button.png HTTP/1.1" 206 2237 "http://www.easydrivers.at/eisenstadt/" "facebookexternalhit/1.1 (+http://www.facebook.com/externalhit_uatext.php)"
173.252.124.17 - - [24/Oct/2017:07:53:23 +0200] "GET /img/facebook-icon.png HTTP/1.1" 206 1506 "http://www.easydrivers.at/eisenstadt/" "facebookexternalhit/1.1 (+http://www.facebook.com/externalhit_uatext.php)"
173.252.124.29 - - [24/Oct/2017:07:53:23 +0200] "GET /binaries/easy-drivers-portal/widget-icon-trainingpng.png HTTP/1.1" 206 2662 "http://www.easydrivers.at/eisenstadt/" "facebookexternalhit/1.1 (+http://www.facebook.com/externalhit_uatext.php)"
173.252.124.29 - - [24/Oct/2017:07:53:23 +0200] "GET /img/locator-icon.png HTTP/1.1" 206 1377 "http://www.easydrivers.at/eisenstadt/" "facebookexternalhit/1.1 (+http://www.facebook.com/externalhit_uatext.php)"
54.224.197.251 - - [24/Oct/2017:07:53:24 +0200] "GET /robots.txt HTTP/1.0" 301 300 "-" "CCBot/2.0 (http://commoncrawl.org/faq/)"
173.252.124.29 - - [24/Oct/2017:07:53:24 +0200] "GET /eisenstadt/ HTTP/1.1" 301 300 "-" "facebookexternalhit/1.1 (+http://www.facebook.com/externalhit_uatext.php)"
54.224.197.251 - - [24/Oct/2017:07:53:24 +0200] "GET /amstetten/abendkursdez?FS=BF HTTP/1.0" 301 313 "-" "CCBot/2.0 (http://commoncrawl.org/faq/)"
173.252.124.81 - - [24/Oct/2017:07:53:24 +0200] "GET /eisenstadt/ HTTP/1.1" 301 141 "-" "facebookexternalhit/1.1 (+http://www.facebook.com/externalhit_uatext.php)"
173.252.124.74 - - [24/Oct/2017:07:53:25 +0200] "GET /eisenstadt HTTP/1.1" 200 3413 "-" "facebookexternalhit/1.1 (+http://www.facebook.com/externalhit_uatext.php)"
173.252.124.26 - - [24/Oct/2017:07:53:27 +0200] "GET /eisenstadt HTTP/1.1" 301 299 "-" "facebookexternalhit/1.1 (+http://www.facebook.com/externalhit_uatext.php)"
173.252.124.31 - - [24/Oct/2017:07:53:27 +0200] "GET /img/ED_Logo.png HTTP/1.1" 301 305 "http://www.easydrivers.at/eisenstadt/" "facebookexternalhit/1.1 (+http://www.facebook.com/externalhit_uatext.php)"
173.252.124.31 - - [24/Oct/2017:07:53:27 +0200] "GET /img/facebook-icon.png HTTP/1.1" 206 1506 "http://www.easydrivers.at/eisenstadt/" "facebookexternalhit/1.1 (+http://www.facebook.com/externalhit_uatext.php)"
173.252.124.26 - - [24/Oct/2017:07:53:27 +0200] "GET /img/info-button.png HTTP/1.1" 206 738 "http://www.easydrivers.at/eisenstadt/" "facebookexternalhit/1.1 (+http://www.facebook.com/externalhit_uatext.php)"
173.252.124.29 - - [24/Oct/2017:07:53:27 +0200] "GET /img/locator-icon.png HTTP/1.1" 206 1377 "http://www.easydrivers.at/eisenstadt/" "facebookexternalhit/1.1 (+http://www.facebook.com/externalhit_uatext.php)"
173.252.124.74 - - [24/Oct/2017:07:53:27 +0200] "GET /img/close-button-small.png HTTP/1.1" 206 1671 "http://www.easydrivers.at/eisenstadt/" "facebookexternalhit/1.1 (+http://www.facebook.com/externalhit_uatext.php)"
173.252.124.29 - - [24/Oct/2017:07:53:27 +0200] "GET /binaries/easy-drivers-portal/widget-icon-trainingpng.png HTTP/1.1" 206 2662 "http://www.easydrivers.at/eisenstadt/" "facebookexternalhit/1.1 (+http://www.facebook.com/externalhit_uatext.php)"
173.252.124.69 - - [24/Oct/2017:07:53:27 +0200] "GET /img/empty.gif HTTP/1.1" 206 43 "http://www.easydrivers.at/eisenstadt/" "facebookexternalhit/1.1 (+http://www.facebook.com/externalhit_uatext.php)"
173.252.124.17 - - [24/Oct/2017:07:53:27 +0200] "GET /binaries/easy-drivers-portal/widget-icon-expertspng.png HTTP/1.1" 206 2159 "http://www.easydrivers.at/eisenstadt/" "facebookexternalhit/1.1 (+http://www.facebook.com/externalhit_uatext.php)"
173.252.124.16 - - [24/Oct/2017:07:53:28 +0200] "GET /img/schweiz-icon.png HTTP/1.1" 206 1504 "http://www.easydrivers.at/eisenstadt/" "facebookexternalhit/1.1 (+http://www.facebook.com/externalhit_uatext.php)"
173.252.124.26 - - [24/Oct/2017:07:53:28 +0200] "GET /img/close-button.png HTTP/1.1" 206 2237 "http://www.easydrivers.at/eisenstadt/" "facebookexternalhit/1.1 (+http://www.facebook.com/externalhit_uatext.php)"
173.252.124.17 - - [24/Oct/2017:07:53:28 +0200] "GET /img/ED_Logo.png HTTP/1.1" 301 305 "-" "facebookexternalhit/1.1 (+http://www.facebook.com/externalhit_uatext.php)"
173.252.124.74 - - [24/Oct/2017:07:53:28 +0200] "GET /img/ED_Logo.png HTTP/1.1" 200 3385 "-" "facebookexternalhit/1.1 (+http://www.facebook.com/externalhit_uatext.php)"
173.252.124.26 - - [24/Oct/2017:07:53:28 +0200] "GET /eisenstadt/ HTTP/1.1" 301 300 "-" "facebookexternalhit/1.1 (+http://www.facebook.com/externalhit_uatext.php)"
173.252.124.74 - - [24/Oct/2017:07:53:29 +0200] "GET /eisenstadt/ HTTP/1.1" 301 141 "-" "facebookexternalhit/1.1 (+http://www.facebook.com/externalhit_uatext.php)"
213.225.39.231 - - [24/Oct/2017:07:53:30 +0200] "GET /download.php?id=10247285 HTTP/1.1" 200 108862 "https://www.easydrivers.at/pruefprotokoll" "Mozilla/5.0 (Linux; Android 6.0.1; SM-G800F Build/MMB29K) AppleWebKit/537.36 (KHTML, like Gecko) Chrome/61.0.3163.98 Mobile Safari/537.36"
173.252.124.29 - - [24/Oct/2017:07:53:29 +0200] "GET /eisenstadt HTTP/1.1" 200 3413 "-" "facebookexternalhit/1.1 (+http://www.facebook.com/externalhit_uatext.php)"
173.252.124.84 - - [24/Oct/2017:07:53:31 +0200] "GET /eisenstadt HTTP/1.1" 301 299 "-" "facebookexternalhit/1.1 (+http://www.facebook.com/externalhit_uatext.php)"
173.252.124.81 - - [24/Oct/2017:07:53:32 +0200] "GET /img/ED_Logo.png HTTP/1.1" 301 305 "http://www.easydrivers.at/eisenstadt/" "facebookexternalhit/1.1 (+http://www.facebook.com/externalhit_uatext.php)"
173.252.124.16 - - [24/Oct/2017:07:53:32 +0200] "GET /img/empty.gif HTTP/1.1" 206 43 "http://www.easydrivers.at/eisenstadt/" "facebookexternalhit/1.1 (+http://www.facebook.com/externalhit_uatext.php)"
173.252.124.26 - - [24/Oct/2017:07:53:32 +0200] "GET /binaries/easy-drivers-portal/widget-icon-expertspng.png HTTP/1.1" 206 2159 "http://www.easydrivers.at/eisenstadt/" "facebookexternalhit/1.1 (+http://www.facebook.com/externalhit_uatext.php)"
173.252.124.81 - - [24/Oct/2017:07:53:32 +0200] "GET /img/schweiz-icon.png HTTP/1.1" 206 1504 "http://www.easydrivers.at/eisenstadt/" "facebookexternalhit/1.1 (+http://www.facebook.com/externalhit_uatext.php)"
173.252.124.26 - - [24/Oct/2017:07:53:32 +0200] "GET /img/close-button.png HTTP/1.1" 206 2237 "http://www.easydrivers.at/eisenstadt/" "facebookexternalhit/1.1 (+http://www.facebook.com/externalhit_uatext.php)"
173.252.124.16 - - [24/Oct/2017:07:53:32 +0200] "GET /img/facebook-icon.png HTTP/1.1" 206 1506 "http://www.easydrivers.at/eisenstadt/" "facebookexternalhit/1.1 (+http://www.facebook.com/externalhit_uatext.php)"
173.252.124.26 - - [24/Oct/2017:07:53:32 +0200] "GET /img/info-button.png HTTP/1.1" 206 738 "http://www.easydrivers.at/eisenstadt/" "facebookexternalhit/1.1 (+http://www.facebook.com/externalhit_uatext.php)"
173.252.124.68 - - [24/Oct/2017:07:53:32 +0200] "GET /img/locator-icon.png HTTP/1.1" 206 1377 "http://www.easydrivers.at/eisenstadt/" "facebookexternalhit/1.1 (+http://www.facebook.com/externalhit_uatext.php)"
173.252.124.31 - - [24/Oct/2017:07:53:32 +0200] "GET /img/close-button-small.png HTTP/1.1" 206 1671 "http://www.easydrivers.at/eisenstadt/" "facebookexternalhit/1.1 (+http://www.facebook.com/externalhit_uatext.php)"
173.252.124.29 - - [24/Oct/2017:07:53:32 +0200] "GET /binaries/easy-drivers-portal/widget-icon-trainingpng.png HTTP/1.1" 206 2662 "http://www.easydrivers.at/eisenstadt/" "facebookexternalhit/1.1 (+http://www.facebook.com/externalhit_uatext.php)"
173.252.124.84 - - [24/Oct/2017:07:53:32 +0200] "GET /eisenstadt/ HTTP/1.1" 301 300 "-" "facebookexternalhit/1.1 (+http://www.facebook.com/externalhit_uatext.php)"
173.252.124.74 - - [24/Oct/2017:07:53:33 +0200] "GET /eisenstadt/ HTTP/1.1" 301 141 "-" "facebookexternalhit/1.1 (+http://www.facebook.com/externalhit_uatext.php)"
173.252.124.29 - - [24/Oct/2017:07:53:33 +0200] "GET /eisenstadt HTTP/1.1" 200 3413 "-" "facebookexternalhit/1.1 (+http://www.facebook.com/externalhit_uatext.php)"
173.252.124.26 - - [24/Oct/2017:07:53:35 +0200] "GET /eisenstadt HTTP/1.1" 301 299 "-" "facebookexternalhit/1.1 (+http://www.facebook.com/externalhit_uatext.php)"
173.252.124.69 - - [24/Oct/2017:07:53:36 +0200] "GET /img/ED_Logo.png HTTP/1.1" 301 305 "http://www.easydrivers.at/eisenstadt/" "facebookexternalhit/1.1 (+http://www.facebook.com/externalhit_uatext.php)"
173.252.124.81 - - [24/Oct/2017:07:53:36 +0200] "GET /img/facebook-icon.png HTTP/1.1" 206 1506 "http://www.easydrivers.at/eisenstadt/" "facebookexternalhit/1.1 (+http://www.facebook.com/externalhit_uatext.php)"
173.252.124.84 - - [24/Oct/2017:07:53:36 +0200] "GET /img/info-button.png HTTP/1.1" 206 738 "http://www.easydrivers.at/eisenstadt/" "facebookexternalhit/1.1 (+http://www.facebook.com/externalhit_uatext.php)"
173.252.124.26 - - [24/Oct/2017:07:53:36 +0200] "GET /img/locator-icon.png HTTP/1.1" 206 1377 "http://www.easydrivers.at/eisenstadt/" "facebookexternalhit/1.1 (+http://www.facebook.com/externalhit_uatext.php)"
173.252.124.81 - - [24/Oct/2017:07:53:36 +0200] "GET /img/close-button-small.png HTTP/1.1" 206 1671 "http://www.easydrivers.at/eisenstadt/" "facebookexternalhit/1.1 (+http://www.facebook.com/externalhit_uatext.php)"
173.252.124.69 - - [24/Oct/2017:07:53:36 +0200] "GET /binaries/easy-drivers-portal/widget-icon-trainingpng.png HTTP/1.1" 206 2662 "http://www.easydrivers.at/eisenstadt/" "facebookexternalhit/1.1 (+http://www.facebook.com/externalhit_uatext.php)"
173.252.124.31 - - [24/Oct/2017:07:53:36 +0200] "GET /img/empty.gif HTTP/1.1" 206 43 "http://www.easydrivers.at/eisenstadt/" "facebookexternalhit/1.1 (+http://www.facebook.com/externalhit_uatext.php)"
173.252.124.81 - - [24/Oct/2017:07:53:36 +0200] "GET /binaries/easy-drivers-portal/widget-icon-expertspng.png HTTP/1.1" 206 2159 "http://www.easydrivers.at/eisenstadt/" "facebookexternalhit/1.1 (+http://www.facebook.com/externalhit_uatext.php)"
173.252.124.69 - - [24/Oct/2017:07:53:36 +0200] "GET /img/schweiz-icon.png HTTP/1.1" 206 1504 "http://www.easydrivers.at/eisenstadt/" "facebookexternalhit/1.1 (+http://www.facebook.com/externalhit_uatext.php)"
173.252.124.26 - - [24/Oct/2017:07:53:36 +0200] "GET /img/close-button.png HTTP/1.1" 206 2237 "http://www.easydrivers.at/eisenstadt/" "facebookexternalhit/1.1 (+http://www.facebook.com/externalhit_uatext.php)"
173.252.124.16 - - [24/Oct/2017:07:53:36 +0200] "GET /img/ED_Logo.png HTTP/1.1" 301 305 "http://www.easydrivers.at/eisenstadt/" "facebookexternalhit/1.1 (+http://www.facebook.com/externalhit_uatext.php)"
173.252.124.81 - - [24/Oct/2017:07:53:36 +0200] "GET /img/info-button.png HTTP/1.1" 206 738 "http://www.easydrivers.at/eisenstadt/" "facebookexternalhit/1.1 (+http://www.facebook.com/externalhit_uatext.php)"
173.252.124.26 - - [24/Oct/2017:07:53:36 +0200] "GET /img/locator-icon.png HTTP/1.1" 206 1377 "http://www.easydrivers.at/eisenstadt/" "facebookexternalhit/1.1 (+http://www.facebook.com/externalhit_uatext.php)"
173.252.124.26 - - [24/Oct/2017:07:53:36 +0200] "GET /img/close-button-small.png HTTP/1.1" 206 1671 "http://www.easydrivers.at/eisenstadt/" "facebookexternalhit/1.1 (+http://www.facebook.com/externalhit_uatext.php)"
54.224.197.251 - - [24/Oct/2017:07:53:36 +0200] "GET /robots.txt HTTP/1.0" 301 300 "-" "CCBot/2.0 (http://commoncrawl.org/faq/)"
173.252.124.31 - - [24/Oct/2017:07:53:36 +0200] "GET /binaries/easy-drivers-portal/widget-icon-trainingpng.png HTTP/1.1" 206 2662 "http://www.easydrivers.at/eisenstadt/" "facebookexternalhit/1.1 (+http://www.facebook.com/externalhit_uatext.php)"
173.252.124.17 - - [24/Oct/2017:07:53:36 +0200] "GET /img/empty.gif HTTP/1.1" 206 43 "http://www.easydrivers.at/eisenstadt/" "facebookexternalhit/1.1 (+http://www.facebook.com/externalhit_uatext.php)"
173.252.124.74 - - [24/Oct/2017:07:53:36 +0200] "GET /binaries/easy-drivers-portal/widget-icon-expertspng.png HTTP/1.1" 206 2159 "http://www.easydrivers.at/eisenstadt/" "facebookexternalhit/1.1 (+http://www.facebook.com/externalhit_uatext.php)"
173.252.124.84 - - [24/Oct/2017:07:53:36 +0200] "GET /img/schweiz-icon.png HTTP/1.1" 206 1504 "http://www.easydrivers.at/eisenstadt/" "facebookexternalhit/1.1 (+http://www.facebook.com/externalhit_uatext.php)"
173.252.124.26 - - [24/Oct/2017:07:53:36 +0200] "GET /img/close-button.png HTTP/1.1" 206 2237 "http://www.easydrivers.at/eisenstadt/" "facebookexternalhit/1.1 (+http://www.facebook.com/externalhit_uatext.php)"
173.252.124.68 - - [24/Oct/2017:07:53:36 +0200] "GET /img/facebook-icon.png HTTP/1.1" 206 1506 "http://www.easydrivers.at/eisenstadt/" "facebookexternalhit/1.1 (+http://www.facebook.com/externalhit_uatext.php)"
54.224.197.251 - - [24/Oct/2017:07:53:37 +0200] "GET /am.spitz/10281210?FS=B-L17 HTTP/1.0" 301 313 "-" "CCBot/2.0 (http://commoncrawl.org/faq/)"
173.252.124.26 - - [24/Oct/2017:07:53:38 +0200] "GET /eisenstadt/ HTTP/1.1" 301 300 "-" "facebookexternalhit/1.1 (+http://www.facebook.com/externalhit_uatext.php)"
173.252.124.26 - - [24/Oct/2017:07:53:38 +0200] "GET /eisenstadt/ HTTP/1.1" 301 141 "-" "facebookexternalhit/1.1 (+http://www.facebook.com/externalhit_uatext.php)"
66.249.66.30 - - [24/Oct/2017:07:53:38 +0200] "GET /uploads/pdfs/wallensteinplatz/10257751_BC.pdf HTTP/1.1" 301 326 "-" "Mozilla/5.0 (compatible; Googlebot/2.1; +http://www.google.com/bot.html)"
213.225.39.231 - - [24/Oct/2017:07:53:37 +0200] "GET /download.php?id=10266203 HTTP/1.1" 200 224863 "https://www.easydrivers.at/pruefprotokoll" "Mozilla/5.0 (Linux; Android 6.0.1; SM-G800F Build/MMB29K) AppleWebKit/537.36 (KHTML, like Gecko) Chrome/61.0.3163.98 Mobile Safari/537.36"
66.249.76.80 - - [24/Oct/2017:07:53:39 +0200] "GET /uploads/pdfs/wallensteinplatz/10257751_BC.pdf HTTP/1.1" 200 30068 "-" "Mozilla/5.0 (compatible; Googlebot/2.1; +http://www.google.com/bot.html)"
173.252.124.81 - - [24/Oct/2017:07:53:38 +0200] "GET /eisenstadt HTTP/1.1" 200 3413 "-" "facebookexternalhit/1.1 (+http://www.facebook.com/externalhit_uatext.php)"
173.252.124.69 - - [24/Oct/2017:07:53:41 +0200] "GET /eisenstadt HTTP/1.1" 301 299 "-" "facebookexternalhit/1.1 (+http://www.facebook.com/externalhit_uatext.php)"
173.252.124.29 - - [24/Oct/2017:07:53:41 +0200] "GET /img/ED_Logo.png HTTP/1.1" 301 305 "http://www.easydrivers.at/eisenstadt/" "facebookexternalhit/1.1 (+http://www.facebook.com/externalhit_uatext.php)"
173.252.124.69 - - [24/Oct/2017:07:53:41 +0200] "GET /img/schweiz-icon.png HTTP/1.1" 206 1504 "http://www.easydrivers.at/eisenstadt/" "facebookexternalhit/1.1 (+http://www.facebook.com/externalhit_uatext.php)"
173.252.124.68 - - [24/Oct/2017:07:53:41 +0200] "GET /img/close-button.png HTTP/1.1" 206 2237 "http://www.easydrivers.at/eisenstadt/" "facebookexternalhit/1.1 (+http://www.facebook.com/externalhit_uatext.php)"
173.252.124.16 - - [24/Oct/2017:07:53:41 +0200] "GET /img/facebook-icon.png HTTP/1.1" 206 1506 "http://www.easydrivers.at/eisenstadt/" "facebookexternalhit/1.1 (+http://www.facebook.com/externalhit_uatext.php)"
173.252.124.17 - - [24/Oct/2017:07:53:41 +0200] "GET /img/info-button.png HTTP/1.1" 206 738 "http://www.easydrivers.at/eisenstadt/" "facebookexternalhit/1.1 (+http://www.facebook.com/externalhit_uatext.php)"
173.252.124.31 - - [24/Oct/2017:07:53:41 +0200] "GET /img/locator-icon.png HTTP/1.1" 206 1377 "http://www.easydrivers.at/eisenstadt/" "facebookexternalhit/1.1 (+http://www.facebook.com/externalhit_uatext.php)"
173.252.124.29 - - [24/Oct/2017:07:53:41 +0200] "GET /img/close-button-small.png HTTP/1.1" 206 1671 "http://www.easydrivers.at/eisenstadt/" "facebookexternalhit/1.1 (+http://www.facebook.com/externalhit_uatext.php)"
173.252.124.26 - - [24/Oct/2017:07:53:41 +0200] "GET /binaries/easy-drivers-portal/widget-icon-trainingpng.png HTTP/1.1" 206 2662 "http://www.easydrivers.at/eisenstadt/" "facebookexternalhit/1.1 (+http://www.facebook.com/externalhit_uatext.php)"
173.252.124.84 - - [24/Oct/2017:07:53:41 +0200] "GET /img/empty.gif HTTP/1.1" 206 43 "http://www.easydrivers.at/eisenstadt/" "facebookexternalhit/1.1 (+http://www.facebook.com/externalhit_uatext.php)"
173.252.124.69 - - [24/Oct/2017:07:53:41 +0200] "GET /binaries/easy-drivers-portal/widget-icon-expertspng.png HTTP/1.1" 206 2159 "http://www.easydrivers.at/eisenstadt/" "facebookexternalhit/1.1 (+http://www.facebook.com/externalhit_uatext.php)"
173.252.124.74 - - [24/Oct/2017:07:53:41 +0200] "GET /eisenstadt/ HTTP/1.1" 301 300 "-" "facebookexternalhit/1.1 (+http://www.facebook.com/externalhit_uatext.php)"
173.252.124.16 - - [24/Oct/2017:07:53:42 +0200] "GET /eisenstadt/ HTTP/1.1" 301 141 "-" "facebookexternalhit/1.1 (+http://www.facebook.com/externalhit_uatext.php)"
173.252.124.26 - - [24/Oct/2017:07:53:42 +0200] "GET /eisenstadt HTTP/1.1" 200 3413 "-" "facebookexternalhit/1.1 (+http://www.facebook.com/externalhit_uatext.php)"
173.252.124.29 - - [24/Oct/2017:07:53:45 +0200] "GET /eisenstadt HTTP/1.1" 301 299 "-" "facebookexternalhit/1.1 (+http://www.facebook.com/externalhit_uatext.php)"
173.252.124.29 - - [24/Oct/2017:07:53:45 +0200] "GET /img/ED_Logo.png HTTP/1.1" 301 305 "http://www.easydrivers.at/eisenstadt/" "facebookexternalhit/1.1 (+http://www.facebook.com/externalhit_uatext.php)"
173.252.124.26 - - [24/Oct/2017:07:53:45 +0200] "GET /img/info-button.png HTTP/1.1" 206 738 "http://www.easydrivers.at/eisenstadt/" "facebookexternalhit/1.1 (+http://www.facebook.com/externalhit_uatext.php)"
173.252.124.29 - - [24/Oct/2017:07:53:45 +0200] "GET /img/locator-icon.png HTTP/1.1" 206 1377 "http://www.easydrivers.at/eisenstadt/" "facebookexternalhit/1.1 (+http://www.facebook.com/externalhit_uatext.php)"
173.252.124.17 - - [24/Oct/2017:07:53:45 +0200] "GET /img/close-button-small.png HTTP/1.1" 206 1671 "http://www.easydrivers.at/eisenstadt/" "facebookexternalhit/1.1 (+http://www.facebook.com/externalhit_uatext.php)"
173.252.124.17 - - [24/Oct/2017:07:53:45 +0200] "GET /binaries/easy-drivers-portal/widget-icon-trainingpng.png HTTP/1.1" 206 2662 "http://www.easydrivers.at/eisenstadt/" "facebookexternalhit/1.1 (+http://www.facebook.com/externalhit_uatext.php)"
173.252.124.69 - - [24/Oct/2017:07:53:45 +0200] "GET /img/empty.gif HTTP/1.1" 206 43 "http://www.easydrivers.at/eisenstadt/" "facebookexternalhit/1.1 (+http://www.facebook.com/externalhit_uatext.php)"
173.252.124.17 - - [24/Oct/2017:07:53:45 +0200] "GET /binaries/easy-drivers-portal/widget-icon-expertspng.png HTTP/1.1" 206 2159 "http://www.easydrivers.at/eisenstadt/" "facebookexternalhit/1.1 (+http://www.facebook.com/externalhit_uatext.php)"
173.252.124.84 - - [24/Oct/2017:07:53:45 +0200] "GET /img/schweiz-icon.png HTTP/1.1" 206 1504 "http://www.easydrivers.at/eisenstadt/" "facebookexternalhit/1.1 (+http://www.facebook.com/externalhit_uatext.php)"
173.252.124.31 - - [24/Oct/2017:07:53:45 +0200] "GET /img/close-button.png HTTP/1.1" 206 2237 "http://www.easydrivers.at/eisenstadt/" "facebookexternalhit/1.1 (+http://www.facebook.com/externalhit_uatext.php)"
173.252.124.81 - - [24/Oct/2017:07:53:45 +0200] "GET /img/facebook-icon.png HTTP/1.1" 206 1506 "http://www.easydrivers.at/eisenstadt/" "facebookexternalhit/1.1 (+http://www.facebook.com/externalhit_uatext.php)"
173.252.124.84 - - [24/Oct/2017:07:53:45 +0200] "GET /img/ED_Logo.png HTTP/1.1" 301 305 "-" "facebookexternalhit/1.1 (+http://www.facebook.com/externalhit_uatext.php)"
173.252.124.81 - - [24/Oct/2017:07:53:46 +0200] "GET /img/ED_Logo.png HTTP/1.1" 200 3385 "-" "facebookexternalhit/1.1 (+http://www.facebook.com/externalhit_uatext.php)"
173.252.124.29 - - [24/Oct/2017:07:53:46 +0200] "GET /eisenstadt/ HTTP/1.1" 301 300 "-" "facebookexternalhit/1.1 (+http://www.facebook.com/externalhit_uatext.php)"
173.252.124.74 - - [24/Oct/2017:07:53:46 +0200] "GET /eisenstadt/ HTTP/1.1" 301 141 "-" "facebookexternalhit/1.1 (+http://www.facebook.com/externalhit_uatext.php)"
173.252.124.26 - - [24/Oct/2017:07:53:47 +0200] "GET /eisenstadt HTTP/1.1" 200 3413 "-" "facebookexternalhit/1.1 (+http://www.facebook.com/externalhit_uatext.php)"
54.224.197.251 - - [24/Oct/2017:07:53:49 +0200] "GET /robots.txt HTTP/1.0" 301 300 "-" "CCBot/2.0 (http://commoncrawl.org/faq/)"
173.252.124.68 - - [24/Oct/2017:07:53:49 +0200] "GET /eisenstadt/ HTTP/1.1" 301 300 "-" "facebookexternalhit/1.1 (+http://www.facebook.com/externalhit_uatext.php)"
54.224.197.251 - - [24/Oct/2017:07:53:50 +0200] "GET /amstetten/abendkursokt?FS=F HTTP/1.0" 301 312 "-" "CCBot/2.0 (http://commoncrawl.org/faq/)"
169.0.204.175 - - [24/Oct/2017:07:53:53 +0200] "GET /wp-login.php HTTP/1.1" 301 399 "-" "Mozilla/5.0 (Windows NT 6.1; WOW64; rv:40.0) Gecko/20100101 Firefox/40.1"
169.0.204.175 - - [24/Oct/2017:07:53:54 +0200] "GET /wp-login.php HTTP/1.1" 404 8398 "-" "Mozilla/5.0 (Windows NT 6.1; WOW64; rv:40.0) Gecko/20100101 Firefox/40.1"
66.249.76.74 - - [24/Oct/2017:07:53:56 +0200] "GET /binaries/easy-drivers-steyr/semesterbonus2016pdf.pdf HTTP/1.1" 301 323 "-" "Mozilla/5.0 (compatible; Googlebot/2.1; +http://www.google.com/bot.html)"
66.249.76.80 - - [24/Oct/2017:07:53:57 +0200] "GET /binaries/easy-drivers-steyr/semesterbonus2016pdf.pdf HTTP/1.1" 200 569722 "-" "Mozilla/5.0 (compatible; Googlebot/2.1; +http://www.google.com/bot.html)"
169.0.204.175 - - [24/Oct/2017:07:53:57 +0200] "GET / HTTP/1.1" 301 387 "-" "Mozilla/5.0 (Windows NT 6.1; WOW64; rv:40.0) Gecko/20100101 Firefox/40.1"
54.224.197.251 - - [24/Oct/2017:07:54:00 +0200] "GET /robots.txt HTTP/1.0" 301 300 "-" "CCBot/2.0 (http://commoncrawl.org/faq/)"
54.224.197.251 - - [24/Oct/2017:07:54:01 +0200] "GET /amstetten/abendkursaug?FS=B-L HTTP/1.0" 301 314 "-" "CCBot/2.0 (http://commoncrawl.org/faq/)"
169.0.204.175 - - [24/Oct/2017:07:54:01 +0200] "GET / HTTP/1.1" 200 16051 "-" "Mozilla/5.0 (Windows NT 6.1; WOW64; rv:40.0) Gecko/20100101 Firefox/40.1"
40.77.167.88 - - [24/Oct/2017:07:54:05 +0200] "GET /spittelau HTTP/1.1" 301 299 "-" "Mozilla/5.0 (compatible; bingbot/2.0; +http://www.bing.com/bingbot.htm)"
54.224.197.251 - - [24/Oct/2017:07:54:14 +0200] "GET /robots.txt HTTP/1.0" 301 300 "-" "CCBot/2.0 (http://commoncrawl.org/faq/)"
54.224.197.251 - - [24/Oct/2017:07:54:14 +0200] "GET /ennstal.bad.aussee/ak-02-10-2017?FS=B HTTP/1.0" 301 320 "-" "CCBot/2.0 (http://commoncrawl.org/faq/)"
66.249.76.84 - - [24/Oct/2017:07:54:15 +0200] "GET /uploads/pdfs/dornbirn/10276883_A2B.pdf HTTP/1.1" 304 - "-" "Mozilla/5.0 (compatible; Googlebot/2.1; +http://www.google.com/bot.html)"
54.224.197.251 - - [24/Oct/2017:07:54:26 +0200] "GET /robots.txt HTTP/1.0" 301 300 "-" "CCBot/2.0 (http://commoncrawl.org/faq/)"
54.224.197.251 - - [24/Oct/2017:07:54:27 +0200] "GET /amstetten/abendkurssept?FS=A2BF HTTP/1.0" 301 315 "-" "CCBot/2.0 (http://commoncrawl.org/faq/)"
66.249.66.30 - - [24/Oct/2017:07:54:33 +0200] "GET /uploads/pdfs/krems/10279336_B.pdf HTTP/1.1" 301 317 "-" "Mozilla/5.0 (compatible; Googlebot/2.1; +http://www.google.com/bot.html)"
66.249.66.3 - - [24/Oct/2017:07:54:34 +0200] "GET /uploads/pdfs/krems/10279336_B.pdf HTTP/1.1" 200 28891 "-" "Mozilla/5.0 (compatible; Googlebot/2.1; +http://www.google.com/bot.html)"
216.244.66.202 - - [24/Oct/2017:07:54:35 +0200] "GET /radfahrschule/kurstermine HTTP/1.1" 301 412 "-" "Mozilla/5.0 (compatible; DotBot/1.1; http://www.opensiteexplorer.org/dotbot, help@moz.com)"
173.252.124.27 - - [24/Oct/2017:07:54:38 +0200] "GET /eisenstadt/ HTTP/1.1" 301 300 "-" "facebookexternalhit/1.1 (+http://www.facebook.com/externalhit_uatext.php)"
54.224.197.251 - - [24/Oct/2017:07:54:38 +0200] "GET /robots.txt HTTP/1.0" 301 300 "-" "CCBot/2.0 (http://commoncrawl.org/faq/)"
173.252.124.77 - - [24/Oct/2017:07:54:39 +0200] "GET /eisenstadt/ HTTP/1.1" 301 141 "-" "facebookexternalhit/1.1 (+http://www.facebook.com/externalhit_uatext.php)"
54.224.197.251 - - [24/Oct/2017:07:54:39 +0200] "GET /ennstal.bad.aussee/wfk-22-12-2017?FS=A HTTP/1.0" 301 321 "-" "CCBot/2.0 (http://commoncrawl.org/faq/)"
40.77.167.13 - - [24/Oct/2017:07:54:38 +0200] "GET /neunkirchen/kurse HTTP/1.1" 200 4221 "-" "Mozilla/5.0 (compatible; bingbot/2.0; +http://www.bing.com/bingbot.htm)"
173.252.124.28 - - [24/Oct/2017:07:54:39 +0200] "GET /eisenstadt HTTP/1.1" 200 3413 "-" "facebookexternalhit/1.1 (+http://www.facebook.com/externalhit_uatext.php)"
173.252.124.15 - - [24/Oct/2017:07:54:41 +0200] "GET /eisenstadt HTTP/1.1" 301 299 "-" "facebookexternalhit/1.1 (+http://www.facebook.com/externalhit_uatext.php)"
173.252.124.28 - - [24/Oct/2017:07:54:42 +0200] "GET /img/ED_Logo.png HTTP/1.1" 301 305 "http://www.easydrivers.at/eisenstadt/" "facebookexternalhit/1.1 (+http://www.facebook.com/externalhit_uatext.php)"
173.252.124.27 - - [24/Oct/2017:07:54:42 +0200] "GET /img/facebook-icon.png HTTP/1.1" 206 1506 "http://www.easydrivers.at/eisenstadt/" "facebookexternalhit/1.1 (+http://www.facebook.com/externalhit_uatext.php)"
173.252.124.11 - - [24/Oct/2017:07:54:42 +0200] "GET /img/info-button.png HTTP/1.1" 206 738 "http://www.easydrivers.at/eisenstadt/" "facebookexternalhit/1.1 (+http://www.facebook.com/externalhit_uatext.php)"
173.252.124.28 - - [24/Oct/2017:07:54:42 +0200] "GET /img/locator-icon.png HTTP/1.1" 206 1377 "http://www.easydrivers.at/eisenstadt/" "facebookexternalhit/1.1 (+http://www.facebook.com/externalhit_uatext.php)"
173.252.124.11 - - [24/Oct/2017:07:54:42 +0200] "GET /img/close-button-small.png HTTP/1.1" 206 1671 "http://www.easydrivers.at/eisenstadt/" "facebookexternalhit/1.1 (+http://www.facebook.com/externalhit_uatext.php)"
173.252.124.31 - - [24/Oct/2017:07:54:42 +0200] "GET /binaries/easy-drivers-portal/widget-icon-trainingpng.png HTTP/1.1" 206 2662 "http://www.easydrivers.at/eisenstadt/" "facebookexternalhit/1.1 (+http://www.facebook.com/externalhit_uatext.php)"
173.252.124.27 - - [24/Oct/2017:07:54:42 +0200] "GET /img/empty.gif HTTP/1.1" 206 43 "http://www.easydrivers.at/eisenstadt/" "facebookexternalhit/1.1 (+http://www.facebook.com/externalhit_uatext.php)"
173.252.124.77 - - [24/Oct/2017:07:54:42 +0200] "GET /binaries/easy-drivers-portal/widget-icon-expertspng.png HTTP/1.1" 206 2159 "http://www.easydrivers.at/eisenstadt/" "facebookexternalhit/1.1 (+http://www.facebook.com/externalhit_uatext.php)"
173.252.124.27 - - [24/Oct/2017:07:54:42 +0200] "GET /img/schweiz-icon.png HTTP/1.1" 206 1504 "http://www.easydrivers.at/eisenstadt/" "facebookexternalhit/1.1 (+http://www.facebook.com/externalhit_uatext.php)"
173.252.124.80 - - [24/Oct/2017:07:54:42 +0200] "GET /img/close-button.png HTTP/1.1" 206 2237 "http://www.easydrivers.at/eisenstadt/" "facebookexternalhit/1.1 (+http://www.facebook.com/externalhit_uatext.php)"
173.252.124.80 - - [24/Oct/2017:07:54:42 +0200] "GET /eisenstadt/ HTTP/1.1" 301 300 "-" "facebookexternalhit/1.1 (+http://www.facebook.com/externalhit_uatext.php)"
173.252.124.27 - - [24/Oct/2017:07:54:43 +0200] "GET /eisenstadt/ HTTP/1.1" 301 141 "-" "facebookexternalhit/1.1 (+http://www.facebook.com/externalhit_uatext.php)"
173.252.124.18 - - [24/Oct/2017:07:54:43 +0200] "GET /eisenstadt HTTP/1.1" 200 3413 "-" "facebookexternalhit/1.1 (+http://www.facebook.com/externalhit_uatext.php)"
173.252.124.23 - - [24/Oct/2017:07:54:46 +0200] "GET /eisenstadt HTTP/1.1" 301 299 "-" "facebookexternalhit/1.1 (+http://www.facebook.com/externalhit_uatext.php)"
173.252.124.28 - - [24/Oct/2017:07:54:47 +0200] "GET /img/ED_Logo.png HTTP/1.1" 301 305 "http://www.easydrivers.at/eisenstadt/" "facebookexternalhit/1.1 (+http://www.facebook.com/externalhit_uatext.php)"
173.252.124.27 - - [24/Oct/2017:07:54:47 +0200] "GET /img/close-button.png HTTP/1.1" 206 2237 "http://www.easydrivers.at/eisenstadt/" "facebookexternalhit/1.1 (+http://www.facebook.com/externalhit_uatext.php)"
173.252.124.28 - - [24/Oct/2017:07:54:47 +0200] "GET /img/info-button.png HTTP/1.1" 206 738 "http://www.easydrivers.at/eisenstadt/" "facebookexternalhit/1.1 (+http://www.facebook.com/externalhit_uatext.php)"
173.252.124.18 - - [24/Oct/2017:07:54:47 +0200] "GET /img/locator-icon.png HTTP/1.1" 206 1377 "http://www.easydrivers.at/eisenstadt/" "facebookexternalhit/1.1 (+http://www.facebook.com/externalhit_uatext.php)"
173.252.124.28 - - [24/Oct/2017:07:54:47 +0200] "GET /img/close-button-small.png HTTP/1.1" 206 1671 "http://www.easydrivers.at/eisenstadt/" "facebookexternalhit/1.1 (+http://www.facebook.com/externalhit_uatext.php)"
173.252.124.80 - - [24/Oct/2017:07:54:47 +0200] "GET /binaries/easy-drivers-portal/widget-icon-trainingpng.png HTTP/1.1" 206 2662 "http://www.easydrivers.at/eisenstadt/" "facebookexternalhit/1.1 (+http://www.facebook.com/externalhit_uatext.php)"
173.252.124.15 - - [24/Oct/2017:07:54:47 +0200] "GET /img/empty.gif HTTP/1.1" 206 43 "http://www.easydrivers.at/eisenstadt/" "facebookexternalhit/1.1 (+http://www.facebook.com/externalhit_uatext.php)"
173.252.124.28 - - [24/Oct/2017:07:54:47 +0200] "GET /img/schweiz-icon.png HTTP/1.1" 206 1504 "http://www.easydrivers.at/eisenstadt/" "facebookexternalhit/1.1 (+http://www.facebook.com/externalhit_uatext.php)"
173.252.124.70 - - [24/Oct/2017:07:54:47 +0200] "GET /img/facebook-icon.png HTTP/1.1" 206 1506 "http://www.easydrivers.at/eisenstadt/" "facebookexternalhit/1.1 (+http://www.facebook.com/externalhit_uatext.php)"
173.252.124.70 - - [24/Oct/2017:07:54:47 +0200] "GET /binaries/easy-drivers-portal/widget-icon-expertspng.png HTTP/1.1" 206 2159 "http://www.easydrivers.at/eisenstadt/" "facebookexternalhit/1.1 (+http://www.facebook.com/externalhit_uatext.php)"
173.252.124.28 - - [24/Oct/2017:07:54:47 +0200] "GET /img/ED_Logo.png HTTP/1.1" 301 305 "-" "facebookexternalhit/1.1 (+http://www.facebook.com/externalhit_uatext.php)"
173.252.124.15 - - [24/Oct/2017:07:54:48 +0200] "GET /img/ED_Logo.png HTTP/1.1" 200 3385 "-" "facebookexternalhit/1.1 (+http://www.facebook.com/externalhit_uatext.php)"
173.252.124.77 - - [24/Oct/2017:07:54:48 +0200] "GET /eisenstadt/ HTTP/1.1" 301 300 "-" "facebookexternalhit/1.1 (+http://www.facebook.com/externalhit_uatext.php)"
173.252.124.15 - - [24/Oct/2017:07:54:48 +0200] "GET /eisenstadt/ HTTP/1.1" 301 141 "-" "facebookexternalhit/1.1 (+http://www.facebook.com/externalhit_uatext.php)"
173.252.124.77 - - [24/Oct/2017:07:54:49 +0200] "GET /eisenstadt HTTP/1.1" 200 3413 "-" "facebookexternalhit/1.1 (+http://www.facebook.com/externalhit_uatext.php)"
173.252.124.18 - - [24/Oct/2017:07:54:51 +0200] "GET /eisenstadt HTTP/1.1" 301 299 "-" "facebookexternalhit/1.1 (+http://www.facebook.com/externalhit_uatext.php)"
91.141.1.194 - - [24/Oct/2017:07:54:51 +0200] "GET /am.spitz HTTP/1.1" 301 299 "https://www.google.at/" "Mozilla/5.0 (Linux; Android 7.0; SAMSUNG SM-G935F Build/NRD90M) AppleWebKit/537.36 (KHTML, like Gecko) SamsungBrowser/5.4 Chrome/51.0.2704.106 Mobile Safari/537.36"
66.249.66.30 - - [24/Oct/2017:07:54:51 +0200] "GET /uploads/pdfs/horn/10259375_BF.pdf HTTP/1.1" 301 317 "-" "Mozilla/5.0 (compatible; Googlebot/2.1; +http://www.google.com/bot.html)"
173.252.124.27 - - [24/Oct/2017:07:54:52 +0200] "GET /img/ED_Logo.png HTTP/1.1" 301 305 "http://www.easydrivers.at/eisenstadt/" "facebookexternalhit/1.1 (+http://www.facebook.com/externalhit_uatext.php)"
178.115.131.240 - - [24/Oct/2017:07:54:52 +0200] "GET /fuehrerscheine/lkw HTTP/1.1" 301 304 "https://www.google.at/" "Mozilla/5.0 (iPhone; CPU iPhone OS 10_2_1 like Mac OS X) AppleWebKit/602.4.6 (KHTML, like Gecko) Version/10.0 Mobile/14D27 Safari/602.1"
173.252.124.80 - - [24/Oct/2017:07:54:52 +0200] "GET /img/empty.gif HTTP/1.1" 206 43 "http://www.easydrivers.at/eisenstadt/" "facebookexternalhit/1.1 (+http://www.facebook.com/externalhit_uatext.php)"
173.252.124.15 - - [24/Oct/2017:07:54:52 +0200] "GET /binaries/easy-drivers-portal/widget-icon-expertspng.png HTTP/1.1" 206 2159 "http://www.easydrivers.at/eisenstadt/" "facebookexternalhit/1.1 (+http://www.facebook.com/externalhit_uatext.php)"
173.252.124.15 - - [24/Oct/2017:07:54:52 +0200] "GET /img/schweiz-icon.png HTTP/1.1" 206 1504 "http://www.easydrivers.at/eisenstadt/" "facebookexternalhit/1.1 (+http://www.facebook.com/externalhit_uatext.php)"
173.252.124.31 - - [24/Oct/2017:07:54:52 +0200] "GET /img/close-button.png HTTP/1.1" 206 2237 "http://www.easydrivers.at/eisenstadt/" "facebookexternalhit/1.1 (+http://www.facebook.com/externalhit_uatext.php)"
173.252.124.31 - - [24/Oct/2017:07:54:52 +0200] "GET /img/facebook-icon.png HTTP/1.1" 206 1506 "http://www.easydrivers.at/eisenstadt/" "facebookexternalhit/1.1 (+http://www.facebook.com/externalhit_uatext.php)"
173.252.124.27 - - [24/Oct/2017:07:54:52 +0200] "GET /img/info-button.png HTTP/1.1" 206 738 "http://www.easydrivers.at/eisenstadt/" "facebookexternalhit/1.1 (+http://www.facebook.com/externalhit_uatext.php)"
173.252.124.31 - - [24/Oct/2017:07:54:52 +0200] "GET /img/locator-icon.png HTTP/1.1" 206 1377 "http://www.easydrivers.at/eisenstadt/" "facebookexternalhit/1.1 (+http://www.facebook.com/externalhit_uatext.php)"
173.252.124.23 - - [24/Oct/2017:07:54:52 +0200] "GET /img/close-button-small.png HTTP/1.1" 206 1671 "http://www.easydrivers.at/eisenstadt/" "facebookexternalhit/1.1 (+http://www.facebook.com/externalhit_uatext.php)"
173.252.124.70 - - [24/Oct/2017:07:54:52 +0200] "GET /binaries/easy-drivers-portal/widget-icon-trainingpng.png HTTP/1.1" 206 2662 "http://www.easydrivers.at/eisenstadt/" "facebookexternalhit/1.1 (+http://www.facebook.com/externalhit_uatext.php)"
173.252.124.11 - - [24/Oct/2017:07:54:52 +0200] "GET /eisenstadt/ HTTP/1.1" 301 300 "-" "facebookexternalhit/1.1 (+http://www.facebook.com/externalhit_uatext.php)"
66.249.66.3 - - [24/Oct/2017:07:54:52 +0200] "GET /uploads/pdfs/horn/10259375_BF.pdf HTTP/1.1" 200 28593 "-" "Mozilla/5.0 (compatible; Googlebot/2.1; +http://www.google.com/bot.html)"
54.224.197.251 - - [24/Oct/2017:07:54:52 +0200] "GET /robots.txt HTTP/1.0" 301 300 "-" "CCBot/2.0 (http://commoncrawl.org/faq/)"
173.252.124.18 - - [24/Oct/2017:07:54:52 +0200] "GET /eisenstadt/ HTTP/1.1" 301 141 "-" "facebookexternalhit/1.1 (+http://www.facebook.com/externalhit_uatext.php)"
