91.118.143.194 - - [24/Oct/2017:07:31:24 +0200] "POST /loadkursliste HTTP/1.1" 200 490 "https://www.easydrivers.at/st.poelten/kurse" "Mozilla/5.0 (Linux; Android 7.0; SM-A320FL Build/NRD90M) AppleWebKit/537.36 (KHTML, like Gecko) Chrome/61.0.3163.98 Mobile Safari/537.36"
91.118.143.194 - - [24/Oct/2017:07:31:25 +0200] "GET /st.poelten HTTP/1.1" 200 2945 "https://www.easydrivers.at/fahrschulen/niederoesterreich" "Mozilla/5.0 (Linux; Android 7.0; SM-A320FL Build/NRD90M) AppleWebKit/537.36 (KHTML, like Gecko) Chrome/61.0.3163.98 Mobile Safari/537.36"
91.118.143.194 - - [24/Oct/2017:07:31:29 +0200] "GET /fahrschulen HTTP/1.1" 200 2458 "https://www.easydrivers.at/st.poelten/kursauswahl" "Mozilla/5.0 (Linux; Android 7.0; SM-A320FL Build/NRD90M) AppleWebKit/537.36 (KHTML, like Gecko) Chrome/61.0.3163.98 Mobile Safari/537.36"
91.118.143.194 - - [24/Oct/2017:07:31:34 +0200] "GET /st.poelten/kursauswahl HTTP/1.1" 200 3066 "https://www.easydrivers.at/suche" "Mozilla/5.0 (Linux; Android 7.0; SM-A320FL Build/NRD90M) AppleWebKit/537.36 (KHTML, like Gecko) Chrome/61.0.3163.98 Mobile Safari/537.36"
66.249.76.74 - - [24/Oct/2017:07:31:38 +0200] "GET /spittelau/10287583 HTTP/1.1" 301 306 "-" "Mozilla/5.0 (compatible; Googlebot/2.1; +http://www.google.com/bot.html)"
91.118.143.194 - - [24/Oct/2017:07:31:37 +0200] "POST /loadkursliste HTTP/1.1" 200 490 "https://www.easydrivers.at/st.poelten/kursauswahl" "Mozilla/5.0 (Linux; Android 7.0; SM-A320FL Build/NRD90M) AppleWebKit/537.36 (KHTML, like Gecko) Chrome/61.0.3163.98 Mobile Safari/537.36"
66.249.66.3 - - [24/Oct/2017:07:31:39 +0200] "GET /spittelau/10287583 HTTP/1.1" 200 3189 "-" "Mozilla/5.0 (compatible; Googlebot/2.1; +http://www.google.com/bot.html)"
216.244.66.249 - - [24/Oct/2017:07:31:54 +0200] "GET /neunkirchen/10282545 HTTP/1.1" 301 407 "-" "Mozilla/5.0 (compatible; DotBot/1.1; http://www.opensiteexplorer.org/dotbot, help@moz.com)"
66.249.66.30 - - [24/Oct/2017:07:31:56 +0200] "GET /uploads/pdfs/hartberg/10250579_A1F.pdf HTTP/1.1" 301 320 "-" "Mozilla/5.0 (compatible; Googlebot/2.1; +http://www.google.com/bot.html)"
66.249.76.80 - - [24/Oct/2017:07:31:57 +0200] "GET /uploads/pdfs/hartberg/10250579_A1F.pdf HTTP/1.1" 200 33224 "-" "Mozilla/5.0 (compatible; Googlebot/2.1; +http://www.google.com/bot.html)"
66.249.76.76 - - [24/Oct/2017:07:32:14 +0200] "GET /uploads/pdfs/amstetten/kurs_ced_CCE95.pdf HTTP/1.1" 301 320 "-" "Mozilla/5.0 (compatible; Googlebot/2.1; +http://www.google.com/bot.html)"
66.249.76.84 - - [24/Oct/2017:07:32:15 +0200] "GET /uploads/pdfs/amstetten/kurs_ced_CCE95.pdf HTTP/1.1" 200 27957 "-" "Mozilla/5.0 (compatible; Googlebot/2.1; +http://www.google.com/bot.html)"
66.249.76.74 - - [24/Oct/2017:07:32:33 +0200] "GET /uploads/pdfs/am.spitz/10269759_A1L17.pdf HTTP/1.1" 301 323 "-" "Mozilla/5.0 (compatible; Googlebot/2.1; +http://www.google.com/bot.html)"
66.249.66.3 - - [24/Oct/2017:07:32:34 +0200] "GET /uploads/pdfs/am.spitz/10269759_A1L17.pdf HTTP/1.1" 200 35496 "-" "Mozilla/5.0 (compatible; Googlebot/2.1; +http://www.google.com/bot.html)"
66.249.66.67 - - [24/Oct/2017:07:32:51 +0200] "GET /binaries/easy-drivers-leonding/info-praktische-pr.pdf HTTP/1.1" 301 328 "-" "Mozilla/5.0 (compatible; Googlebot/2.1; +http://www.google.com/bot.html)"
66.249.76.80 - - [24/Oct/2017:07:32:52 +0200] "GET /binaries/easy-drivers-leonding/info-praktische-pr.pdf HTTP/1.1" 200 36930 "-" "Mozilla/5.0 (compatible; Googlebot/2.1; +http://www.google.com/bot.html)"
216.244.66.249 - - [24/Oct/2017:07:32:57 +0200] "GET /mofaday/ HTTP/1.1" 301 395 "-" "Mozilla/5.0 (compatible; DotBot/1.1; http://www.opensiteexplorer.org/dotbot, help@moz.com)"
91.118.143.194 - - [24/Oct/2017:07:33:04 +0200] "GET / HTTP/1.1" 200 3579 "android-app://com.google.android.googlequicksearchbox" "Mozilla/5.0 (Linux; Android 7.0; SM-A320FL Build/NRD90M) AppleWebKit/537.36 (KHTML, like Gecko) Chrome/61.0.3163.98 Mobile Safari/537.36"
66.249.76.78 - - [24/Oct/2017:07:33:09 +0200] "GET /schwechat/10280395?FS=A1L17 HTTP/1.1" 301 314 "-" "Mozilla/5.0 (compatible; Googlebot/2.1; +http://www.google.com/bot.html)"
66.249.76.80 - - [24/Oct/2017:07:33:10 +0200] "GET /schwechat/10280395?FS=A1L17 HTTP/1.1" 410 3535 "-" "Mozilla/5.0 (compatible; Googlebot/2.1; +http://www.google.com/bot.html)"
91.143.101.12 - - [24/Oct/2017:07:33:18 +0200] "GET / HTTP/1.1" 200 4425 "https://www.google.at/" "Mozilla/5.0 (Windows NT 6.0; WOW64; rv:52.0) Gecko/20100101 Firefox/52.0"
91.143.101.12 - - [24/Oct/2017:07:33:25 +0200] "GET /fahrschulen HTTP/1.1" 200 3924 "https://www.easydrivers.at/" "Mozilla/5.0 (Windows NT 6.0; WOW64; rv:52.0) Gecko/20100101 Firefox/52.0"
91.143.101.12 - - [24/Oct/2017:07:33:26 +0200] "GET /img/austria-map-burgenland.png HTTP/1.1" 200 10146 "https://www.easydrivers.at/fahrschulen" "Mozilla/5.0 (Windows NT 6.0; WOW64; rv:52.0) Gecko/20100101 Firefox/52.0"
91.143.101.12 - - [24/Oct/2017:07:33:26 +0200] "GET /img/austria-map-noe.png HTTP/1.1" 200 17166 "https://www.easydrivers.at/fahrschulen" "Mozilla/5.0 (Windows NT 6.0; WOW64; rv:52.0) Gecko/20100101 Firefox/52.0"
91.143.101.12 - - [24/Oct/2017:07:33:26 +0200] "GET /img/austria-map-ooe.png HTTP/1.1" 200 14597 "https://www.easydrivers.at/fahrschulen" "Mozilla/5.0 (Windows NT 6.0; WOW64; rv:52.0) Gecko/20100101 Firefox/52.0"
91.143.101.12 - - [24/Oct/2017:07:33:26 +0200] "GET /img/austria-map-kaernten.png HTTP/1.1" 200 9968 "https://www.easydrivers.at/fahrschulen" "Mozilla/5.0 (Windows NT 6.0; WOW64; rv:52.0) Gecko/20100101 Firefox/52.0"
91.143.101.12 - - [24/Oct/2017:07:33:26 +0200] "GET /javascript/fahrschulen.js HTTP/1.1" 200 470 "https://www.easydrivers.at/fahrschulen" "Mozilla/5.0 (Windows NT 6.0; WOW64; rv:52.0) Gecko/20100101 Firefox/52.0"
91.143.101.12 - - [24/Oct/2017:07:33:26 +0200] "GET /img/austria-map.jpg HTTP/1.1" 200 57110 "https://www.easydrivers.at/fahrschulen" "Mozilla/5.0 (Windows NT 6.0; WOW64; rv:52.0) Gecko/20100101 Firefox/52.0"
91.143.101.12 - - [24/Oct/2017:07:33:26 +0200] "GET /img/austria-map-vorarlberg.png HTTP/1.1" 200 5780 "https://www.easydrivers.at/fahrschulen" "Mozilla/5.0 (Windows NT 6.0; WOW64; rv:52.0) Gecko/20100101 Firefox/52.0"
91.143.101.12 - - [24/Oct/2017:07:33:27 +0200] "GET /img/austria-map-wien.png HTTP/1.1" 200 2864 "https://www.easydrivers.at/fahrschulen" "Mozilla/5.0 (Windows NT 6.0; WOW64; rv:52.0) Gecko/20100101 Firefox/52.0"
91.143.101.12 - - [24/Oct/2017:07:33:27 +0200] "GET /img/submit-button-small.png HTTP/1.1" 200 1456 "https://www.easydrivers.at/fahrschulen" "Mozilla/5.0 (Windows NT 6.0; WOW64; rv:52.0) Gecko/20100101 Firefox/52.0"
91.143.101.12 - - [24/Oct/2017:07:33:27 +0200] "GET /img/austria-map-steiermark.png HTTP/1.1" 200 14192 "https://www.easydrivers.at/fahrschulen" "Mozilla/5.0 (Windows NT 6.0; WOW64; rv:52.0) Gecko/20100101 Firefox/52.0"
91.143.101.12 - - [24/Oct/2017:07:33:27 +0200] "GET /img/austria-map-salzburg.png HTTP/1.1" 200 13786 "https://www.easydrivers.at/fahrschulen" "Mozilla/5.0 (Windows NT 6.0; WOW64; rv:52.0) Gecko/20100101 Firefox/52.0"
91.143.101.12 - - [24/Oct/2017:07:33:27 +0200] "GET /img/austria-map-tirol.png HTTP/1.1" 200 13911 "https://www.easydrivers.at/fahrschulen" "Mozilla/5.0 (Windows NT 6.0; WOW64; rv:52.0) Gecko/20100101 Firefox/52.0"
66.249.76.74 - - [24/Oct/2017:07:33:28 +0200] "GET /schwechat/10280398schwechat/10280398?FS=BPlus&print=true HTTP/1.1" 301 328 "-" "Mozilla/5.0 (compatible; Googlebot/2.1; +http://www.google.com/bot.html)"
66.249.76.82 - - [24/Oct/2017:07:33:28 +0200] "GET /schwechat/10280398schwechat/10280398?FS=BPlus&print=true HTTP/1.1" 410 3722 "-" "Mozilla/5.0 (compatible; Googlebot/2.1; +http://www.google.com/bot.html)"
66.249.76.74 - - [24/Oct/2017:07:33:46 +0200] "GET /uploads/pdfs/skarabela.gross-enzersdorf/superfast11_B-L.pdf HTTP/1.1" 301 335 "-" "Mozilla/5.0 (compatible; Googlebot/2.1; +http://www.google.com/bot.html)"
66.249.76.80 - - [24/Oct/2017:07:33:47 +0200] "GET /uploads/pdfs/skarabela.gross-enzersdorf/superfast11_B-L.pdf HTTP/1.1" 200 33049 "-" "Mozilla/5.0 (compatible; Googlebot/2.1; +http://www.google.com/bot.html)"
66.249.76.74 - - [24/Oct/2017:07:34:05 +0200] "GET /uploads/pdfs/leonding/sommerkurs_1_BL1796.pdf HTTP/1.1" 301 327 "-" "Mozilla/5.0 (compatible; Googlebot/2.1; +http://www.google.com/bot.html)"
66.249.76.82 - - [24/Oct/2017:07:34:05 +0200] "GET /uploads/pdfs/leonding/sommerkurs_1_BL1796.pdf HTTP/1.1" 200 37869 "-" "Mozilla/5.0 (compatible; Googlebot/2.1; +http://www.google.com/bot.html)"
54.224.197.251 - - [24/Oct/2017:07:34:17 +0200] "GET /robots.txt HTTP/1.0" 301 300 "-" "CCBot/2.0 (http://commoncrawl.org/faq/)"
54.224.197.251 - - [24/Oct/2017:07:34:18 +0200] "GET /berndorf/aktionen HTTP/1.0" 301 305 "-" "CCBot/2.0 (http://commoncrawl.org/faq/)"
66.249.76.74 - - [24/Oct/2017:07:34:23 +0200] "GET /enns/10264737?FS=AM HTTP/1.1" 301 309 "-" "Mozilla/5.0 (compatible; Googlebot/2.1; +http://www.google.com/bot.html)"
66.249.76.80 - - [24/Oct/2017:07:34:23 +0200] "GET /enns/10264737?FS=AM HTTP/1.1" 200 5231 "-" "Mozilla/5.0 (compatible; Googlebot/2.1; +http://www.google.com/bot.html)"
147.75.210.228 - - [24/Oct/2017:07:34:29 +0200] "GET / HTTP/1.1" 301 293 "https://www.google.at/" "Mozilla/5.0 (iPhone; CPU iPhone OS 11_0_3 like Mac OS X) AppleWebKit/604.1.38 (KHTML, like Gecko) Version/11.0 Mobile/15A432 Safari/604.1"
147.75.210.231 - - [24/Oct/2017:07:34:29 +0200] "GET / HTTP/1.1" 200 3579 "https://www.google.at/" "Mozilla/5.0 (iPhone; CPU iPhone OS 11_0_3 like Mac OS X) AppleWebKit/604.1.38 (KHTML, like Gecko) Version/11.0 Mobile/15A432 Safari/604.1"
147.75.210.224 - - [24/Oct/2017:07:34:31 +0200] "GET /css/mobile.css HTTP/1.1" 200 2852 "https://www.easydrivers.at/" "Mozilla/5.0 (iPhone; CPU iPhone OS 11_0_3 like Mac OS X) AppleWebKit/604.1.38 (KHTML, like Gecko) Version/11.0 Mobile/15A432 Safari/604.1"
147.75.210.160 - - [24/Oct/2017:07:34:31 +0200] "GET /javascript/jquery.cookie.js HTTP/1.1" 200 863 "https://www.easydrivers.at/" "Mozilla/5.0 (iPhone; CPU iPhone OS 11_0_3 like Mac OS X) AppleWebKit/604.1.38 (KHTML, like Gecko) Version/11.0 Mobile/15A432 Safari/604.1"
147.75.210.235 - - [24/Oct/2017:07:34:31 +0200] "GET /javascript/mobile-menu.js HTTP/1.1" 200 1634 "https://www.easydrivers.at/" "Mozilla/5.0 (iPhone; CPU iPhone OS 11_0_3 like Mac OS X) AppleWebKit/604.1.38 (KHTML, like Gecko) Version/11.0 Mobile/15A432 Safari/604.1"
147.75.210.230 - - [24/Oct/2017:07:34:31 +0200] "GET /javascript/jquery-1.9.1.min.js HTTP/1.1" 200 32731 "https://www.easydrivers.at/" "Mozilla/5.0 (iPhone; CPU iPhone OS 11_0_3 like Mac OS X) AppleWebKit/604.1.38 (KHTML, like Gecko) Version/11.0 Mobile/15A432 Safari/604.1"
147.75.210.225 - - [24/Oct/2017:07:34:31 +0200] "GET /javascript/jquery.simplemodal.js HTTP/1.1" 200 3070 "https://www.easydrivers.at/" "Mozilla/5.0 (iPhone; CPU iPhone OS 11_0_3 like Mac OS X) AppleWebKit/604.1.38 (KHTML, like Gecko) Version/11.0 Mobile/15A432 Safari/604.1"
147.75.210.236 - - [24/Oct/2017:07:34:31 +0200] "GET /javascript/lazyload.js HTTP/1.1" 200 1170 "https://www.easydrivers.at/" "Mozilla/5.0 (iPhone; CPU iPhone OS 11_0_3 like Mac OS X) AppleWebKit/604.1.38 (KHTML, like Gecko) Version/11.0 Mobile/15A432 Safari/604.1"
147.75.210.229 - - [24/Oct/2017:07:34:31 +0200] "GET /javascript/mobile-homesearch.js HTTP/1.1" 200 340 "https://www.easydrivers.at/" "Mozilla/5.0 (iPhone; CPU iPhone OS 11_0_3 like Mac OS X) AppleWebKit/604.1.38 (KHTML, like Gecko) Version/11.0 Mobile/15A432 Safari/604.1"
147.75.210.228 - - [24/Oct/2017:07:34:31 +0200] "GET /img/mobile/menu-button.png HTTP/1.1" 200 1746 "https://www.easydrivers.at/" "Mozilla/5.0 (iPhone; CPU iPhone OS 11_0_3 like Mac OS X) AppleWebKit/604.1.38 (KHTML, like Gecko) Version/11.0 Mobile/15A432 Safari/604.1"
147.75.210.227 - - [24/Oct/2017:07:34:31 +0200] "GET /img/mobile/easydrivers-logo-mobile.png HTTP/1.1" 200 10766 "https://www.easydrivers.at/" "Mozilla/5.0 (iPhone; CPU iPhone OS 11_0_3 like Mac OS X) AppleWebKit/604.1.38 (KHTML, like Gecko) Version/11.0 Mobile/15A432 Safari/604.1"
147.75.210.229 - - [24/Oct/2017:07:34:32 +0200] "GET /img/mobile/widget-icon-app.png HTTP/1.1" 200 3458 "https://www.easydrivers.at/" "Mozilla/5.0 (iPhone; CPU iPhone OS 11_0_3 like Mac OS X) AppleWebKit/604.1.38 (KHTML, like Gecko) Version/11.0 Mobile/15A432 Safari/604.1"
147.75.210.228 - - [24/Oct/2017:07:34:32 +0200] "GET /img/mobile/bg-header.jpg HTTP/1.1" 200 19741 "https://www.easydrivers.at/" "Mozilla/5.0 (iPhone; CPU iPhone OS 11_0_3 like Mac OS X) AppleWebKit/604.1.38 (KHTML, like Gecko) Version/11.0 Mobile/15A432 Safari/604.1"
147.75.210.234 - - [24/Oct/2017:07:34:32 +0200] "GET /img/mobile/close-button.png HTTP/1.1" 200 2411 "https://www.easydrivers.at/" "Mozilla/5.0 (iPhone; CPU iPhone OS 11_0_3 like Mac OS X) AppleWebKit/604.1.38 (KHTML, like Gecko) Version/11.0 Mobile/15A432 Safari/604.1"
147.75.210.239 - - [24/Oct/2017:07:34:32 +0200] "GET /img/mobile/facebook-icon.png HTTP/1.1" 200 1902 "https://www.easydrivers.at/" "Mozilla/5.0 (iPhone; CPU iPhone OS 11_0_3 like Mac OS X) AppleWebKit/604.1.38 (KHTML, like Gecko) Version/11.0 Mobile/15A432 Safari/604.1"
147.75.210.231 - - [24/Oct/2017:07:34:32 +0200] "GET /img/mobile/pfeil-rechts.png HTTP/1.1" 200 1228 "https://www.easydrivers.at/" "Mozilla/5.0 (iPhone; CPU iPhone OS 11_0_3 like Mac OS X) AppleWebKit/604.1.38 (KHTML, like Gecko) Version/11.0 Mobile/15A432 Safari/604.1"
147.75.210.226 - - [24/Oct/2017:07:34:32 +0200] "GET /img/mobile/bg-menu.jpg HTTP/1.1" 200 1698 "https://www.easydrivers.at/" "Mozilla/5.0 (iPhone; CPU iPhone OS 11_0_3 like Mac OS X) AppleWebKit/604.1.38 (KHTML, like Gecko) Version/11.0 Mobile/15A432 Safari/604.1"
147.75.210.225 - - [24/Oct/2017:07:34:32 +0200] "GET /img/mobile/bg-top-section.jpg HTTP/1.1" 200 21711 "https://www.easydrivers.at/" "Mozilla/5.0 (iPhone; CPU iPhone OS 11_0_3 like Mac OS X) AppleWebKit/604.1.38 (KHTML, like Gecko) Version/11.0 Mobile/15A432 Safari/604.1"
54.224.197.251 - - [24/Oct/2017:07:34:35 +0200] "GET /robots.txt HTTP/1.0" 301 300 "-" "CCBot/2.0 (http://commoncrawl.org/faq/)"
54.224.197.251 - - [24/Oct/2017:07:34:36 +0200] "GET /jennersdorf/aktionen HTTP/1.0" 301 307 "-" "CCBot/2.0 (http://commoncrawl.org/faq/)"
66.249.66.30 - - [24/Oct/2017:07:34:41 +0200] "GET /uploads/pdfs/ennstal.schladming/kk-07-11-2016_BE96.pdf HTTP/1.1" 301 334 "-" "Mozilla/5.0 (compatible; Googlebot/2.1; +http://www.google.com/bot.html)"
66.249.76.80 - - [24/Oct/2017:07:34:42 +0200] "GET /uploads/pdfs/ennstal.schladming/kk-07-11-2016_BE96.pdf HTTP/1.1" 200 29769 "-" "Mozilla/5.0 (compatible; Googlebot/2.1; +http://www.google.com/bot.html)"
147.75.210.239 - - [24/Oct/2017:07:34:49 +0200] "POST /suche HTTP/1.1" 200 4432 "https://www.easydrivers.at/" "Mozilla/5.0 (iPhone; CPU iPhone OS 11_0_3 like Mac OS X) AppleWebKit/604.1.38 (KHTML, like Gecko) Version/11.0 Mobile/15A432 Safari/604.1"
147.75.210.228 - - [24/Oct/2017:07:34:51 +0200] "GET /javascript/mobile-kurs-suchergebnis.js HTTP/1.1" 200 382 "https://www.easydrivers.at/suche" "Mozilla/5.0 (iPhone; CPU iPhone OS 11_0_3 like Mac OS X) AppleWebKit/604.1.38 (KHTML, like Gecko) Version/11.0 Mobile/15A432 Safari/604.1"
147.75.210.231 - - [24/Oct/2017:07:34:51 +0200] "GET /img/mobile/smallicon-address.png HTTP/1.1" 200 1424 "https://www.easydrivers.at/suche" "Mozilla/5.0 (iPhone; CPU iPhone OS 11_0_3 like Mac OS X) AppleWebKit/604.1.38 (KHTML, like Gecko) Version/11.0 Mobile/15A432 Safari/604.1"
147.75.210.226 - - [24/Oct/2017:07:34:51 +0200] "GET /img/mobile/smallicon-time.png HTTP/1.1" 200 1328 "https://www.easydrivers.at/suche" "Mozilla/5.0 (iPhone; CPU iPhone OS 11_0_3 like Mac OS X) AppleWebKit/604.1.38 (KHTML, like Gecko) Version/11.0 Mobile/15A432 Safari/604.1"
147.75.210.238 - - [24/Oct/2017:07:34:51 +0200] "GET /img/mobile/googlemaps-pin.png HTTP/1.1" 200 1597 "https://www.easydrivers.at/suche" "Mozilla/5.0 (iPhone; CPU iPhone OS 11_0_3 like Mac OS X) AppleWebKit/604.1.38 (KHTML, like Gecko) Version/11.0 Mobile/15A432 Safari/604.1"
147.75.210.160 - - [24/Oct/2017:07:34:51 +0200] "GET /img/mobile/smallicon-phone.png HTTP/1.1" 200 1311 "https://www.easydrivers.at/suche" "Mozilla/5.0 (iPhone; CPU iPhone OS 11_0_3 like Mac OS X) AppleWebKit/604.1.38 (KHTML, like Gecko) Version/11.0 Mobile/15A432 Safari/604.1"
147.75.210.227 - - [24/Oct/2017:07:34:51 +0200] "GET /img/mobile/smallicon-mail.png HTTP/1.1" 200 1335 "https://www.easydrivers.at/suche" "Mozilla/5.0 (iPhone; CPU iPhone OS 11_0_3 like Mac OS X) AppleWebKit/604.1.38 (KHTML, like Gecko) Version/11.0 Mobile/15A432 Safari/604.1"
147.75.210.236 - - [24/Oct/2017:07:34:51 +0200] "GET /img/mobile/pfeil-links-small.png HTTP/1.1" 200 1065 "https://www.easydrivers.at/suche" "Mozilla/5.0 (iPhone; CPU iPhone OS 11_0_3 like Mac OS X) AppleWebKit/604.1.38 (KHTML, like Gecko) Version/11.0 Mobile/15A432 Safari/604.1"
147.75.210.224 - - [24/Oct/2017:07:34:51 +0200] "GET /img/mobile/bg-yellow.jpg HTTP/1.1" 200 1569 "https://www.easydrivers.at/suche" "Mozilla/5.0 (iPhone; CPU iPhone OS 11_0_3 like Mac OS X) AppleWebKit/604.1.38 (KHTML, like Gecko) Version/11.0 Mobile/15A432 Safari/604.1"
147.75.210.224 - - [24/Oct/2017:07:34:51 +0200] "GET /img/mobile/weiter-button.png HTTP/1.1" 200 1670 "https://www.easydrivers.at/suche" "Mozilla/5.0 (iPhone; CPU iPhone OS 11_0_3 like Mac OS X) AppleWebKit/604.1.38 (KHTML, like Gecko) Version/11.0 Mobile/15A432 Safari/604.1"
54.224.197.251 - - [24/Oct/2017:07:34:54 +0200] "GET /robots.txt HTTP/1.0" 301 300 "-" "CCBot/2.0 (http://commoncrawl.org/faq/)"
54.224.197.251 - - [24/Oct/2017:07:34:55 +0200] "GET /steyr/downloads HTTP/1.0" 301 303 "-" "CCBot/2.0 (http://commoncrawl.org/faq/)"
66.249.66.30 - - [24/Oct/2017:07:35:00 +0200] "GET /uploads/pdfs/brigittenau/10257376_A1L17.pdf HTTP/1.1" 301 325 "-" "Mozilla/5.0 (compatible; Googlebot/2.1; +http://www.google.com/bot.html)"
66.249.66.3 - - [24/Oct/2017:07:35:00 +0200] "GET /uploads/pdfs/brigittenau/10257376_A1L17.pdf HTTP/1.1" 200 35725 "-" "Mozilla/5.0 (compatible; Googlebot/2.1; +http://www.google.com/bot.html)"
216.244.66.249 - - [24/Oct/2017:07:35:10 +0200] "GET /hartberg/Anfrage/Anfrage.php?23.07.2012-13.08.2012 HTTP/1.1" 301 433 "-" "Mozilla/5.0 (compatible; DotBot/1.1; http://www.opensiteexplorer.org/dotbot, help@moz.com)"
216.244.66.249 - - [24/Oct/2017:07:35:12 +0200] "GET /hartberg/Mofa_Day/galerien/03_07_2012_HLW_Hartberg/index.php?navid= HTTP/1.1" 301 450 "-" "Mozilla/5.0 (compatible; DotBot/1.1; http://www.opensiteexplorer.org/dotbot, help@moz.com)"
66.249.76.80 - - [24/Oct/2017:07:35:14 +0200] "GET /binaries/easy-drivers---skarabela-gro/easypreise-2016pdf.pdf HTTP/1.1" 200 177622 "-" "Googlebot/2.1 (+http://www.google.com/bot.html)"
54.224.197.251 - - [24/Oct/2017:07:35:15 +0200] "GET /robots.txt HTTP/1.0" 301 300 "-" "CCBot/2.0 (http://commoncrawl.org/faq/)"
54.224.197.251 - - [24/Oct/2017:07:35:15 +0200] "GET /enns/aktionen HTTP/1.0" 301 302 "-" "CCBot/2.0 (http://commoncrawl.org/faq/)"
66.249.76.74 - - [24/Oct/2017:07:35:18 +0200] "GET /uploads/pdfs/mariazell.pankl/10260130_CCE95.pdf HTTP/1.1" 301 328 "-" "Mozilla/5.0 (compatible; Googlebot/2.1; +http://www.google.com/bot.html)"
66.249.66.3 - - [24/Oct/2017:07:35:19 +0200] "GET /uploads/pdfs/mariazell.pankl/10260130_CCE95.pdf HTTP/1.1" 200 28180 "-" "Mozilla/5.0 (compatible; Googlebot/2.1; +http://www.google.com/bot.html)"
216.244.66.249 - - [24/Oct/2017:07:35:25 +0200] "GET /hollabrunn/10252096?FS= HTTP/1.1" 301 410 "-" "Mozilla/5.0 (compatible; DotBot/1.1; http://www.opensiteexplorer.org/dotbot, help@moz.com)"
216.244.66.249 - - [24/Oct/2017:07:35:26 +0200] "GET /jennersdorf/10243028 HTTP/1.1" 301 407 "-" "Mozilla/5.0 (compatible; DotBot/1.1; http://www.opensiteexplorer.org/dotbot, help@moz.com)"
216.244.66.249 - - [24/Oct/2017:07:35:27 +0200] "GET /kapfenberg.pankl/Mofa_Day/ HTTP/1.1" 301 413 "-" "Mozilla/5.0 (compatible; DotBot/1.1; http://www.opensiteexplorer.org/dotbot, help@moz.com)"
216.244.66.249 - - [24/Oct/2017:07:35:29 +0200] "GET /portal/ HTTP/1.1" 301 394 "-" "Mozilla/5.0 (compatible; DotBot/1.1; http://www.opensiteexplorer.org/dotbot, help@moz.com)"
216.244.66.249 - - [24/Oct/2017:07:35:30 +0200] "GET /hartberg/10245677 HTTP/1.1" 301 404 "-" "Mozilla/5.0 (compatible; DotBot/1.1; http://www.opensiteexplorer.org/dotbot, help@moz.com)"
216.244.66.249 - - [24/Oct/2017:07:35:31 +0200] "GET /ennstal.schladming/kurse/ HTTP/1.1" 301 412 "-" "Mozilla/5.0 (compatible; DotBot/1.1; http://www.opensiteexplorer.org/dotbot, help@moz.com)"
216.244.66.249 - - [24/Oct/2017:07:35:33 +0200] "GET /guessing/news/ HTTP/1.1" 301 401 "-" "Mozilla/5.0 (compatible; DotBot/1.1; http://www.opensiteexplorer.org/dotbot, help@moz.com)"
216.244.66.249 - - [24/Oct/2017:07:35:34 +0200] "GET /reumannplatz/Bilder_Galerie/ HTTP/1.1" 301 415 "-" "Mozilla/5.0 (compatible; DotBot/1.1; http://www.opensiteexplorer.org/dotbot, help@moz.com)"
216.244.66.249 - - [24/Oct/2017:07:35:35 +0200] "GET /villach/ HTTP/1.1" 301 395 "-" "Mozilla/5.0 (compatible; DotBot/1.1; http://www.opensiteexplorer.org/dotbot, help@moz.com)"
54.224.197.251 - - [24/Oct/2017:07:35:36 +0200] "GET /robots.txt HTTP/1.0" 301 300 "-" "CCBot/2.0 (http://commoncrawl.org/faq/)"
66.249.76.74 - - [24/Oct/2017:07:35:36 +0200] "GET /uploads/pdfs/gmuend/10259713_B-L.pdf HTTP/1.1" 301 319 "-" "Mozilla/5.0 (compatible; Googlebot/2.1; +http://www.google.com/bot.html)"
216.244.66.249 - - [24/Oct/2017:07:35:36 +0200] "GET /ennstal.schladming/Bilder_Galerie/ HTTP/1.1" 301 421 "-" "Mozilla/5.0 (compatible; DotBot/1.1; http://www.opensiteexplorer.org/dotbot, help@moz.com)"
54.224.197.251 - - [24/Oct/2017:07:35:36 +0200] "GET /gmuend/aktionen HTTP/1.0" 301 304 "-" "CCBot/2.0 (http://commoncrawl.org/faq/)"
66.249.76.80 - - [24/Oct/2017:07:35:37 +0200] "GET /uploads/pdfs/gmuend/10259713_B-L.pdf HTTP/1.1" 200 29898 "-" "Mozilla/5.0 (compatible; Googlebot/2.1; +http://www.google.com/bot.html)"
216.244.66.249 - - [24/Oct/2017:07:35:38 +0200] "GET /enns/news/ HTTP/1.1" 301 397 "-" "Mozilla/5.0 (compatible; DotBot/1.1; http://www.opensiteexplorer.org/dotbot, help@moz.com)"
54.224.197.251 - - [24/Oct/2017:07:35:54 +0200] "GET /robots.txt HTTP/1.0" 301 300 "-" "CCBot/2.0 (http://commoncrawl.org/faq/)"
66.249.76.74 - - [24/Oct/2017:07:35:55 +0200] "GET /uploads/pdfs/bludenz/Anhaengerkurs-BE-2014-11-12_BE.pdf HTTP/1.1" 301 334 "-" "Mozilla/5.0 (compatible; Googlebot/2.1; +http://www.google.com/bot.html)"
54.224.197.251 - - [24/Oct/2017:07:35:55 +0200] "GET /wallensteinplatz/aktionen HTTP/1.0" 301 310 "-" "CCBot/2.0 (http://commoncrawl.org/faq/)"
66.249.76.80 - - [24/Oct/2017:07:35:55 +0200] "GET /uploads/pdfs/bludenz/Anhaengerkurs-BE-2014-11-12_BE.pdf HTTP/1.1" 200 29504 "-" "Mozilla/5.0 (compatible; Googlebot/2.1; +http://www.google.com/bot.html)"
66.249.66.31 - - [24/Oct/2017:07:36:13 +0200] "GET /uploads/pdfs/eisenstadt/pkw_abendkurs_juni_BF.pdf HTTP/1.1" 301 328 "-" "Mozilla/5.0 (compatible; Googlebot/2.1; +http://www.google.com/bot.html)"
66.249.66.3 - - [24/Oct/2017:07:36:14 +0200] "GET /uploads/pdfs/eisenstadt/pkw_abendkurs_juni_BF.pdf HTTP/1.1" 200 29114 "-" "Mozilla/5.0 (compatible; Googlebot/2.1; +http://www.google.com/bot.html)"
54.224.197.251 - - [24/Oct/2017:07:36:14 +0200] "GET /robots.txt HTTP/1.0" 301 300 "-" "CCBot/2.0 (http://commoncrawl.org/faq/)"
54.224.197.251 - - [24/Oct/2017:07:36:14 +0200] "GET /feldkirch/aktionen HTTP/1.0" 301 306 "-" "CCBot/2.0 (http://commoncrawl.org/faq/)"
66.249.76.76 - - [24/Oct/2017:07:36:31 +0200] "GET /uploads/pdfs/eisenstadt/10263217_BE96.pdf HTTP/1.1" 301 322 "-" "Mozilla/5.0 (compatible; Googlebot/2.1; +http://www.google.com/bot.html)"
66.249.66.5 - - [24/Oct/2017:07:36:32 +0200] "GET /uploads/pdfs/eisenstadt/10263217_BE96.pdf HTTP/1.1" 200 29449 "-" "Mozilla/5.0 (compatible; Googlebot/2.1; +http://www.google.com/bot.html)"
54.224.197.251 - - [24/Oct/2017:07:36:32 +0200] "GET /robots.txt HTTP/1.0" 301 300 "-" "CCBot/2.0 (http://commoncrawl.org/faq/)"
54.224.197.251 - - [24/Oct/2017:07:36:33 +0200] "GET /zwettl HTTP/1.0" 301 298 "-" "CCBot/2.0 (http://commoncrawl.org/faq/)"
54.224.197.251 - - [24/Oct/2017:07:36:48 +0200] "GET /robots.txt HTTP/1.0" 301 300 "-" "CCBot/2.0 (http://commoncrawl.org/faq/)"
54.224.197.251 - - [24/Oct/2017:07:36:48 +0200] "GET /amstetten HTTP/1.0" 301 298 "-" "CCBot/2.0 (http://commoncrawl.org/faq/)"
66.249.76.74 - - [24/Oct/2017:07:36:50 +0200] "GET /uploads/pdfs/bruck.leitha/10256114_B-L17.pdf HTTP/1.1" 301 326 "-" "Mozilla/5.0 (compatible; Googlebot/2.1; +http://www.google.com/bot.html)"
66.249.76.80 - - [24/Oct/2017:07:36:50 +0200] "GET /uploads/pdfs/bruck.leitha/10256114_B-L17.pdf HTTP/1.1" 200 36635 "-" "Mozilla/5.0 (compatible; Googlebot/2.1; +http://www.google.com/bot.html)"
77.119.130.40 - - [24/Oct/2017:07:36:58 +0200] "GET /enns/10254783 HTTP/1.1" 301 304 "https://www.google.at/" "Mozilla/5.0 (Linux; Android 5.0; E2303 Build/26.1.A.3.111) AppleWebKit/537.36 (KHTML, like Gecko) Chrome/61.0.3163.98 Mobile Safari/537.36"
77.119.130.40 - - [24/Oct/2017:07:36:58 +0200] "GET /enns/10254783 HTTP/1.1" 200 2603 "https://www.google.at/" "Mozilla/5.0 (Linux; Android 5.0; E2303 Build/26.1.A.3.111) AppleWebKit/537.36 (KHTML, like Gecko) Chrome/61.0.3163.98 Mobile Safari/537.36"
77.119.130.40 - - [24/Oct/2017:07:37:01 +0200] "GET /css/mobile.css HTTP/1.1" 200 2852 "https://www.easydrivers.at/enns/10254783" "Mozilla/5.0 (Linux; Android 5.0; E2303 Build/26.1.A.3.111) AppleWebKit/537.36 (KHTML, like Gecko) Chrome/61.0.3163.98 Mobile Safari/537.36"
77.119.130.40 - - [24/Oct/2017:07:37:01 +0200] "GET /javascript/jquery-1.9.1.min.js HTTP/1.1" 200 32731 "https://www.easydrivers.at/enns/10254783" "Mozilla/5.0 (Linux; Android 5.0; E2303 Build/26.1.A.3.111) AppleWebKit/537.36 (KHTML, like Gecko) Chrome/61.0.3163.98 Mobile Safari/537.36"
77.119.130.40 - - [24/Oct/2017:07:37:01 +0200] "GET /javascript/jquery.cookie.js HTTP/1.1" 200 863 "https://www.easydrivers.at/enns/10254783" "Mozilla/5.0 (Linux; Android 5.0; E2303 Build/26.1.A.3.111) AppleWebKit/537.36 (KHTML, like Gecko) Chrome/61.0.3163.98 Mobile Safari/537.36"
77.119.130.40 - - [24/Oct/2017:07:37:01 +0200] "GET /javascript/mobile-menu.js HTTP/1.1" 200 1634 "https://www.easydrivers.at/enns/10254783" "Mozilla/5.0 (Linux; Android 5.0; E2303 Build/26.1.A.3.111) AppleWebKit/537.36 (KHTML, like Gecko) Chrome/61.0.3163.98 Mobile Safari/537.36"
77.119.130.40 - - [24/Oct/2017:07:37:01 +0200] "GET /javascript/jquery.simplemodal.js HTTP/1.1" 200 3070 "https://www.easydrivers.at/enns/10254783" "Mozilla/5.0 (Linux; Android 5.0; E2303 Build/26.1.A.3.111) AppleWebKit/537.36 (KHTML, like Gecko) Chrome/61.0.3163.98 Mobile Safari/537.36"
77.119.130.40 - - [24/Oct/2017:07:37:02 +0200] "GET /javascript/mobile-fahrschule.js HTTP/1.1" 200 328 "https://www.easydrivers.at/enns/10254783" "Mozilla/5.0 (Linux; Android 5.0; E2303 Build/26.1.A.3.111) AppleWebKit/537.36 (KHTML, like Gecko) Chrome/61.0.3163.98 Mobile Safari/537.36"
77.119.130.40 - - [24/Oct/2017:07:37:02 +0200] "GET /img/mobile/bg-header.jpg HTTP/1.1" 200 19741 "https://www.easydrivers.at/css/mobile.css" "Mozilla/5.0 (Linux; Android 5.0; E2303 Build/26.1.A.3.111) AppleWebKit/537.36 (KHTML, like Gecko) Chrome/61.0.3163.98 Mobile Safari/537.36"
77.119.130.40 - - [24/Oct/2017:07:37:02 +0200] "GET /img/mobile/bg-top-section.jpg HTTP/1.1" 200 21711 "https://www.easydrivers.at/css/mobile.css" "Mozilla/5.0 (Linux; Android 5.0; E2303 Build/26.1.A.3.111) AppleWebKit/537.36 (KHTML, like Gecko) Chrome/61.0.3163.98 Mobile Safari/537.36"
77.119.130.40 - - [24/Oct/2017:07:37:02 +0200] "GET /javascript/lazyload.js HTTP/1.1" 200 1170 "https://www.easydrivers.at/enns/10254783" "Mozilla/5.0 (Linux; Android 5.0; E2303 Build/26.1.A.3.111) AppleWebKit/537.36 (KHTML, like Gecko) Chrome/61.0.3163.98 Mobile Safari/537.36"
77.119.130.40 - - [24/Oct/2017:07:37:02 +0200] "GET /img/mobile/menu-button.png HTTP/1.1" 200 1746 "https://www.easydrivers.at/enns/10254783" "Mozilla/5.0 (Linux; Android 5.0; E2303 Build/26.1.A.3.111) AppleWebKit/537.36 (KHTML, like Gecko) Chrome/61.0.3163.98 Mobile Safari/537.36"
77.119.130.40 - - [24/Oct/2017:07:37:02 +0200] "GET /img/mobile/easydrivers-logo-mobile.png HTTP/1.1" 200 10766 "https://www.easydrivers.at/enns/10254783" "Mozilla/5.0 (Linux; Android 5.0; E2303 Build/26.1.A.3.111) AppleWebKit/537.36 (KHTML, like Gecko) Chrome/61.0.3163.98 Mobile Safari/537.36"
77.119.130.40 - - [24/Oct/2017:07:37:03 +0200] "GET /img/mobile/close-button.png HTTP/1.1" 200 2411 "https://www.easydrivers.at/enns/10254783" "Mozilla/5.0 (Linux; Android 5.0; E2303 Build/26.1.A.3.111) AppleWebKit/537.36 (KHTML, like Gecko) Chrome/61.0.3163.98 Mobile Safari/537.36"
77.119.130.40 - - [24/Oct/2017:07:37:03 +0200] "GET /img/mobile/facebook-icon.png HTTP/1.1" 200 1902 "https://www.easydrivers.at/enns/10254783" "Mozilla/5.0 (Linux; Android 5.0; E2303 Build/26.1.A.3.111) AppleWebKit/537.36 (KHTML, like Gecko) Chrome/61.0.3163.98 Mobile Safari/537.36"
77.119.130.40 - - [24/Oct/2017:07:37:03 +0200] "GET /img/mobile/info-button.png HTTP/1.1" 200 1549 "https://www.easydrivers.at/enns/10254783" "Mozilla/5.0 (Linux; Android 5.0; E2303 Build/26.1.A.3.111) AppleWebKit/537.36 (KHTML, like Gecko) Chrome/61.0.3163.98 Mobile Safari/537.36"
77.119.130.40 - - [24/Oct/2017:07:37:03 +0200] "GET /img/mobile/info-close-button.png HTTP/1.1" 200 1721 "https://www.easydrivers.at/enns/10254783" "Mozilla/5.0 (Linux; Android 5.0; E2303 Build/26.1.A.3.111) AppleWebKit/537.36 (KHTML, like Gecko) Chrome/61.0.3163.98 Mobile Safari/537.36"
77.119.130.40 - - [24/Oct/2017:07:37:03 +0200] "GET /img/smallicon-person.png HTTP/1.1" 200 1141 "https://www.easydrivers.at/enns/10254783" "Mozilla/5.0 (Linux; Android 5.0; E2303 Build/26.1.A.3.111) AppleWebKit/537.36 (KHTML, like Gecko) Chrome/61.0.3163.98 Mobile Safari/537.36"
77.119.130.40 - - [24/Oct/2017:07:37:02 +0200] "GET /binaries/10254797.jpg HTTP/1.1" 200 316207 "https://www.easydrivers.at/enns/10254783" "Mozilla/5.0 (Linux; Android 5.0; E2303 Build/26.1.A.3.111) AppleWebKit/537.36 (KHTML, like Gecko) Chrome/61.0.3163.98 Mobile Safari/537.36"
77.119.130.40 - - [24/Oct/2017:07:37:03 +0200] "GET /img/smallicon-address.png HTTP/1.1" 200 1211 "https://www.easydrivers.at/enns/10254783" "Mozilla/5.0 (Linux; Android 5.0; E2303 Build/26.1.A.3.111) AppleWebKit/537.36 (KHTML, like Gecko) Chrome/61.0.3163.98 Mobile Safari/537.36"
77.119.130.40 - - [24/Oct/2017:07:37:03 +0200] "GET /img/mobile/googlemaps-pin.png HTTP/1.1" 200 1597 "https://www.easydrivers.at/enns/10254783" "Mozilla/5.0 (Linux; Android 5.0; E2303 Build/26.1.A.3.111) AppleWebKit/537.36 (KHTML, like Gecko) Chrome/61.0.3163.98 Mobile Safari/537.36"
77.119.130.40 - - [24/Oct/2017:07:37:03 +0200] "GET /img/smallicon-time.png HTTP/1.1" 200 1262 "https://www.easydrivers.at/enns/10254783" "Mozilla/5.0 (Linux; Android 5.0; E2303 Build/26.1.A.3.111) AppleWebKit/537.36 (KHTML, like Gecko) Chrome/61.0.3163.98 Mobile Safari/537.36"
77.119.130.40 - - [24/Oct/2017:07:37:03 +0200] "GET /img/smallicon-phone.png HTTP/1.1" 200 3056 "https://www.easydrivers.at/enns/10254783" "Mozilla/5.0 (Linux; Android 5.0; E2303 Build/26.1.A.3.111) AppleWebKit/537.36 (KHTML, like Gecko) Chrome/61.0.3163.98 Mobile Safari/537.36"
77.119.130.40 - - [24/Oct/2017:07:37:03 +0200] "GET /img/smallicon-mail.png HTTP/1.1" 200 1341 "https://www.easydrivers.at/enns/10254783" "Mozilla/5.0 (Linux; Android 5.0; E2303 Build/26.1.A.3.111) AppleWebKit/537.36 (KHTML, like Gecko) Chrome/61.0.3163.98 Mobile Safari/537.36"
77.119.130.40 - - [24/Oct/2017:07:37:04 +0200] "GET /img/mobile/bg-menu.jpg HTTP/1.1" 200 1698 "https://www.easydrivers.at/css/mobile.css" "Mozilla/5.0 (Linux; Android 5.0; E2303 Build/26.1.A.3.111) AppleWebKit/537.36 (KHTML, like Gecko) Chrome/61.0.3163.98 Mobile Safari/537.36"
54.224.197.251 - - [24/Oct/2017:07:37:04 +0200] "GET /robots.txt HTTP/1.0" 301 300 "-" "CCBot/2.0 (http://commoncrawl.org/faq/)"
77.119.130.40 - - [24/Oct/2017:07:37:04 +0200] "GET /img/favicon.ico HTTP/1.1" 301 303 "-" "Mozilla/5.0 (Linux; Android 5.0; E2303 Build/26.1.A.3.111) AppleWebKit/537.36 (KHTML, like Gecko) Chrome/61.0.3163.98 Mobile Safari/537.36"
77.119.130.40 - - [24/Oct/2017:07:37:04 +0200] "GET /img/favicon.ico HTTP/1.1" 404 301 "-" "Mozilla/5.0 (Linux; Android 5.0; E2303 Build/26.1.A.3.111) AppleWebKit/537.36 (KHTML, like Gecko) Chrome/61.0.3163.98 Mobile Safari/537.36"
54.224.197.251 - - [24/Oct/2017:07:37:05 +0200] "GET /retz HTTP/1.0" 301 296 "-" "CCBot/2.0 (http://commoncrawl.org/faq/)"
66.249.76.74 - - [24/Oct/2017:07:37:08 +0200] "GET /uploads/pdfs/poechlarn/10259225_B.pdf HTTP/1.1" 301 318 "-" "Mozilla/5.0 (compatible; Googlebot/2.1; +http://www.google.com/bot.html)"
66.249.66.7 - - [24/Oct/2017:07:37:09 +0200] "GET /uploads/pdfs/poechlarn/10259225_B.pdf HTTP/1.1" 200 29573 "-" "Mozilla/5.0 (compatible; Googlebot/2.1; +http://www.google.com/bot.html)"
212.124.155.128 - - [24/Oct/2017:07:37:12 +0200] "GET /fahrschulen HTTP/1.1" 200 3923 "https://www.easydrivers.at/" "Mozilla/5.0 (iPad; CPU OS 9_3_5 like Mac OS X) AppleWebKit/601.1.46 (KHTML, like Gecko) Version/9.0 Mobile/13G36 Safari/601.1"
212.124.155.128 - - [24/Oct/2017:07:37:14 +0200] "GET /javascript/jquery.customSelect.min.js HTTP/1.1" 200 912 "https://www.easydrivers.at/fahrschulen" "Mozilla/5.0 (iPad; CPU OS 9_3_5 like Mac OS X) AppleWebKit/601.1.46 (KHTML, like Gecko) Version/9.0 Mobile/13G36 Safari/601.1"
212.124.155.128 - - [24/Oct/2017:07:37:14 +0200] "GET /css/print.css HTTP/1.1" 200 967 "https://www.easydrivers.at/fahrschulen" "Mozilla/5.0 (iPad; CPU OS 9_3_5 like Mac OS X) AppleWebKit/601.1.46 (KHTML, like Gecko) Version/9.0 Mobile/13G36 Safari/601.1"
212.124.155.128 - - [24/Oct/2017:07:37:14 +0200] "GET /javascript/jquery.simplemodal.js HTTP/1.1" 200 3070 "https://www.easydrivers.at/fahrschulen" "Mozilla/5.0 (iPad; CPU OS 9_3_5 like Mac OS X) AppleWebKit/601.1.46 (KHTML, like Gecko) Version/9.0 Mobile/13G36 Safari/601.1"
212.124.155.128 - - [24/Oct/2017:07:37:14 +0200] "GET /css/style.css HTTP/1.1" 200 5004 "https://www.easydrivers.at/fahrschulen" "Mozilla/5.0 (iPad; CPU OS 9_3_5 like Mac OS X) AppleWebKit/601.1.46 (KHTML, like Gecko) Version/9.0 Mobile/13G36 Safari/601.1"
212.124.155.128 - - [24/Oct/2017:07:37:14 +0200] "GET /javascript/fahrschulen.js HTTP/1.1" 200 470 "https://www.easydrivers.at/fahrschulen" "Mozilla/5.0 (iPad; CPU OS 9_3_5 like Mac OS X) AppleWebKit/601.1.46 (KHTML, like Gecko) Version/9.0 Mobile/13G36 Safari/601.1"
212.124.155.128 - - [24/Oct/2017:07:37:14 +0200] "GET /javascript/lazyload.js HTTP/1.1" 200 1170 "https://www.easydrivers.at/fahrschulen" "Mozilla/5.0 (iPad; CPU OS 9_3_5 like Mac OS X) AppleWebKit/601.1.46 (KHTML, like Gecko) Version/9.0 Mobile/13G36 Safari/601.1"
212.124.155.128 - - [24/Oct/2017:07:37:14 +0200] "GET /img/austria-map-tirol.png HTTP/1.1" 200 13911 "https://www.easydrivers.at/fahrschulen" "Mozilla/5.0 (iPad; CPU OS 9_3_5 like Mac OS X) AppleWebKit/601.1.46 (KHTML, like Gecko) Version/9.0 Mobile/13G36 Safari/601.1"
212.124.155.128 - - [24/Oct/2017:07:37:14 +0200] "GET /img/austria-map-kaernten.png HTTP/1.1" 200 9968 "https://www.easydrivers.at/fahrschulen" "Mozilla/5.0 (iPad; CPU OS 9_3_5 like Mac OS X) AppleWebKit/601.1.46 (KHTML, like Gecko) Version/9.0 Mobile/13G36 Safari/601.1"
212.124.155.128 - - [24/Oct/2017:07:37:14 +0200] "GET /img/austria-map-noe.png HTTP/1.1" 200 17166 "https://www.easydrivers.at/fahrschulen" "Mozilla/5.0 (iPad; CPU OS 9_3_5 like Mac OS X) AppleWebKit/601.1.46 (KHTML, like Gecko) Version/9.0 Mobile/13G36 Safari/601.1"
212.124.155.128 - - [24/Oct/2017:07:37:14 +0200] "GET /img/schweiz-icon.png HTTP/1.1" 200 1504 "https://www.easydrivers.at/fahrschulen" "Mozilla/5.0 (iPad; CPU OS 9_3_5 like Mac OS X) AppleWebKit/601.1.46 (KHTML, like Gecko) Version/9.0 Mobile/13G36 Safari/601.1"
212.124.155.128 - - [24/Oct/2017:07:37:14 +0200] "GET /img/austria-map-salzburg.png HTTP/1.1" 200 13786 "https://www.easydrivers.at/fahrschulen" "Mozilla/5.0 (iPad; CPU OS 9_3_5 like Mac OS X) AppleWebKit/601.1.46 (KHTML, like Gecko) Version/9.0 Mobile/13G36 Safari/601.1"
212.124.155.128 - - [24/Oct/2017:07:37:14 +0200] "GET /img/austria-map.jpg HTTP/1.1" 200 57110 "https://www.easydrivers.at/fahrschulen" "Mozilla/5.0 (iPad; CPU OS 9_3_5 like Mac OS X) AppleWebKit/601.1.46 (KHTML, like Gecko) Version/9.0 Mobile/13G36 Safari/601.1"
212.124.155.128 - - [24/Oct/2017:07:37:14 +0200] "GET /img/bg-footer.jpg HTTP/1.1" 200 31770 "https://www.easydrivers.at/fahrschulen" "Mozilla/5.0 (iPad; CPU OS 9_3_5 like Mac OS X) AppleWebKit/601.1.46 (KHTML, like Gecko) Version/9.0 Mobile/13G36 Safari/601.1"
212.124.155.128 - - [24/Oct/2017:07:37:14 +0200] "GET /img/ED_Logo.png HTTP/1.1" 200 3385 "https://www.easydrivers.at/fahrschulen" "Mozilla/5.0 (iPad; CPU OS 9_3_5 like Mac OS X) AppleWebKit/601.1.46 (KHTML, like Gecko) Version/9.0 Mobile/13G36 Safari/601.1"
212.124.155.128 - - [24/Oct/2017:07:37:14 +0200] "GET /img/submit-button-small.png HTTP/1.1" 200 1456 "https://www.easydrivers.at/fahrschulen" "Mozilla/5.0 (iPad; CPU OS 9_3_5 like Mac OS X) AppleWebKit/601.1.46 (KHTML, like Gecko) Version/9.0 Mobile/13G36 Safari/601.1"
212.124.155.128 - - [24/Oct/2017:07:37:14 +0200] "GET /img/kursicon-print-pink.png HTTP/1.1" 200 1125 "https://www.easydrivers.at/fahrschulen" "Mozilla/5.0 (iPad; CPU OS 9_3_5 like Mac OS X) AppleWebKit/601.1.46 (KHTML, like Gecko) Version/9.0 Mobile/13G36 Safari/601.1"
212.124.155.128 - - [24/Oct/2017:07:37:14 +0200] "GET /img/kursicon-phone-pink.png HTTP/1.1" 200 1286 "https://www.easydrivers.at/fahrschulen" "Mozilla/5.0 (iPad; CPU OS 9_3_5 like Mac OS X) AppleWebKit/601.1.46 (KHTML, like Gecko) Version/9.0 Mobile/13G36 Safari/601.1"
212.124.155.128 - - [24/Oct/2017:07:37:14 +0200] "GET /img/bg-header.jpg HTTP/1.1" 200 38680 "https://www.easydrivers.at/fahrschulen" "Mozilla/5.0 (iPad; CPU OS 9_3_5 like Mac OS X) AppleWebKit/601.1.46 (KHTML, like Gecko) Version/9.0 Mobile/13G36 Safari/601.1"
212.124.155.128 - - [24/Oct/2017:07:37:14 +0200] "GET /img/kursicon-share-pink.png HTTP/1.1" 200 1277 "https://www.easydrivers.at/fahrschulen" "Mozilla/5.0 (iPad; CPU OS 9_3_5 like Mac OS X) AppleWebKit/601.1.46 (KHTML, like Gecko) Version/9.0 Mobile/13G36 Safari/601.1"
40.77.167.13 - - [24/Oct/2017:07:37:20 +0200] "GET /binaries/easy-drivers-krumbach---au/hpnkjpg.jpg HTTP/1.1" 301 320 "-" "Mozilla/5.0 (compatible; bingbot/2.0; +http://www.bing.com/bingbot.htm)"
40.77.167.13 - - [24/Oct/2017:07:37:22 +0200] "GET /binaries/easy-drivers-krumbach---au/hpnkjpg.jpg HTTP/1.1" 200 67851 "-" "Mozilla/5.0 (compatible; bingbot/2.0; +http://www.bing.com/bingbot.htm)"
54.224.197.251 - - [24/Oct/2017:07:37:22 +0200] "GET /robots.txt HTTP/1.0" 301 300 "-" "CCBot/2.0 (http://commoncrawl.org/faq/)"
54.224.197.251 - - [24/Oct/2017:07:37:23 +0200] "GET /ybbs HTTP/1.0" 301 296 "-" "CCBot/2.0 (http://commoncrawl.org/faq/)"
66.249.66.30 - - [24/Oct/2017:07:37:26 +0200] "GET /uploads/pdfs/feldkirch/Grundkurs-B-2015-07-06_A2BF.pdf HTTP/1.1" 301 334 "-" "Mozilla/5.0 (compatible; Googlebot/2.1; +http://www.google.com/bot.html)"
66.249.76.82 - - [24/Oct/2017:07:37:27 +0200] "GET /uploads/pdfs/feldkirch/Grundkurs-B-2015-07-06_A2BF.pdf HTTP/1.1" 200 30314 "-" "Mozilla/5.0 (compatible; Googlebot/2.1; +http://www.google.com/bot.html)"
77.119.130.40 - - [24/Oct/2017:07:37:32 +0200] "GET /enns/aktionen HTTP/1.1" 200 2549 "https://www.easydrivers.at/enns/10254783" "Mozilla/5.0 (Linux; Android 5.0; E2303 Build/26.1.A.3.111) AppleWebKit/537.36 (KHTML, like Gecko) Chrome/61.0.3163.98 Mobile Safari/537.36"
91.113.36.194 - - [24/Oct/2017:07:37:35 +0200] "GET / HTTP/1.1" 200 3579 "-" "Mozilla/5.0 (iPhone; CPU iPhone OS 11_0_3 like Mac OS X) AppleWebKit/604.1.34 (KHTML, like Gecko) GSA/37.1.171590344 Mobile/15A432 Safari/604.1"
54.224.197.251 - - [24/Oct/2017:07:37:38 +0200] "GET /robots.txt HTTP/1.0" 301 300 "-" "CCBot/2.0 (http://commoncrawl.org/faq/)"
54.224.197.251 - - [24/Oct/2017:07:37:38 +0200] "GET /schwechat HTTP/1.0" 301 299 "-" "CCBot/2.0 (http://commoncrawl.org/faq/)"
77.119.130.40 - - [24/Oct/2017:07:37:41 +0200] "GET /fuehrerscheine/auto HTTP/1.1" 200 5442 "https://www.easydrivers.at/enns/aktionen" "Mozilla/5.0 (Linux; Android 5.0; E2303 Build/26.1.A.3.111) AppleWebKit/537.36 (KHTML, like Gecko) Chrome/61.0.3163.98 Mobile Safari/537.36"
77.119.130.40 - - [24/Oct/2017:07:37:43 +0200] "GET /javascript/mobile-license.js HTTP/1.1" 200 216 "https://www.easydrivers.at/fuehrerscheine/auto" "Mozilla/5.0 (Linux; Android 5.0; E2303 Build/26.1.A.3.111) AppleWebKit/537.36 (KHTML, like Gecko) Chrome/61.0.3163.98 Mobile Safari/537.36"
77.119.130.40 - - [24/Oct/2017:07:37:44 +0200] "GET /img/mobile/bg-yellow.jpg HTTP/1.1" 200 1569 "https://www.easydrivers.at/css/mobile.css" "Mozilla/5.0 (Linux; Android 5.0; E2303 Build/26.1.A.3.111) AppleWebKit/537.36 (KHTML, like Gecko) Chrome/61.0.3163.98 Mobile Safari/537.36"
77.119.130.40 - - [24/Oct/2017:07:37:44 +0200] "GET /img/mobile/weiter-button.png HTTP/1.1" 200 1670 "https://www.easydrivers.at/css/mobile.css" "Mozilla/5.0 (Linux; Android 5.0; E2303 Build/26.1.A.3.111) AppleWebKit/537.36 (KHTML, like Gecko) Chrome/61.0.3163.98 Mobile Safari/537.36"
66.249.66.30 - - [24/Oct/2017:07:37:45 +0200] "GET /spittelau/10286883 HTTP/1.1" 301 306 "-" "Mozilla/5.0 (compatible; Googlebot/2.1; +http://www.google.com/bot.html)"
66.249.76.80 - - [24/Oct/2017:07:37:45 +0200] "GET /spittelau/10286883 HTTP/1.1" 200 3177 "-" "Mozilla/5.0 (compatible; Googlebot/2.1; +http://www.google.com/bot.html)"
81.5.232.161 - - [24/Oct/2017:07:37:50 +0200] "GET /guessing HTTP/1.1" 301 298 "http://m.facebook.com/" "Mozilla/5.0 (Linux; Android 7.0; HUAWEI VNS-L21 Build/HUAWEIVNS-L21; wv) AppleWebKit/537.36 (KHTML, like Gecko) Version/4.0 Chrome/61.0.3163.98 Mobile Safari/537.36 [FB_IAB/FB4A;FBAV/145.0.0.37.86;]"
81.5.232.161 - - [24/Oct/2017:07:37:51 +0200] "GET /guessing HTTP/1.1" 200 2945 "http://m.facebook.com/" "Mozilla/5.0 (Linux; Android 7.0; HUAWEI VNS-L21 Build/HUAWEIVNS-L21; wv) AppleWebKit/537.36 (KHTML, like Gecko) Version/4.0 Chrome/61.0.3163.98 Mobile Safari/537.36 [FB_IAB/FB4A;FBAV/145.0.0.37.86;]"
81.5.232.161 - - [24/Oct/2017:07:37:53 +0200] "GET /css/mobile.css HTTP/1.1" 200 2852 "https://www.easydrivers.at/guessing" "Mozilla/5.0 (Linux; Android 7.0; HUAWEI VNS-L21 Build/HUAWEIVNS-L21; wv) AppleWebKit/537.36 (KHTML, like Gecko) Version/4.0 Chrome/61.0.3163.98 Mobile Safari/537.36 [FB_IAB/FB4A;FBAV/145.0.0.37.86;]"
81.5.232.161 - - [24/Oct/2017:07:37:53 +0200] "GET /javascript/jquery-1.9.1.min.js HTTP/1.1" 200 32731 "https://www.easydrivers.at/guessing" "Mozilla/5.0 (Linux; Android 7.0; HUAWEI VNS-L21 Build/HUAWEIVNS-L21; wv) AppleWebKit/537.36 (KHTML, like Gecko) Version/4.0 Chrome/61.0.3163.98 Mobile Safari/537.36 [FB_IAB/FB4A;FBAV/145.0.0.37.86;]"
81.5.232.161 - - [24/Oct/2017:07:37:53 +0200] "GET /javascript/jquery.cookie.js HTTP/1.1" 200 863 "https://www.easydrivers.at/guessing" "Mozilla/5.0 (Linux; Android 7.0; HUAWEI VNS-L21 Build/HUAWEIVNS-L21; wv) AppleWebKit/537.36 (KHTML, like Gecko) Version/4.0 Chrome/61.0.3163.98 Mobile Safari/537.36 [FB_IAB/FB4A;FBAV/145.0.0.37.86;]"
81.5.232.161 - - [24/Oct/2017:07:37:53 +0200] "GET /javascript/mobile-menu.js HTTP/1.1" 200 1634 "https://www.easydrivers.at/guessing" "Mozilla/5.0 (Linux; Android 7.0; HUAWEI VNS-L21 Build/HUAWEIVNS-L21; wv) AppleWebKit/537.36 (KHTML, like Gecko) Version/4.0 Chrome/61.0.3163.98 Mobile Safari/537.36 [FB_IAB/FB4A;FBAV/145.0.0.37.86;]"
81.5.232.161 - - [24/Oct/2017:07:37:53 +0200] "GET /javascript/jquery.simplemodal.js HTTP/1.1" 200 3070 "https://www.easydrivers.at/guessing" "Mozilla/5.0 (Linux; Android 7.0; HUAWEI VNS-L21 Build/HUAWEIVNS-L21; wv) AppleWebKit/537.36 (KHTML, like Gecko) Version/4.0 Chrome/61.0.3163.98 Mobile Safari/537.36 [FB_IAB/FB4A;FBAV/145.0.0.37.86;]"
81.5.232.161 - - [24/Oct/2017:07:37:54 +0200] "GET /javascript/mobile-fahrschule.js HTTP/1.1" 200 328 "https://www.easydrivers.at/guessing" "Mozilla/5.0 (Linux; Android 7.0; HUAWEI VNS-L21 Build/HUAWEIVNS-L21; wv) AppleWebKit/537.36 (KHTML, like Gecko) Version/4.0 Chrome/61.0.3163.98 Mobile Safari/537.36 [FB_IAB/FB4A;FBAV/145.0.0.37.86;]"
81.5.232.161 - - [24/Oct/2017:07:37:54 +0200] "GET /javascript/lazyload.js HTTP/1.1" 200 1170 "https://www.easydrivers.at/guessing" "Mozilla/5.0 (Linux; Android 7.0; HUAWEI VNS-L21 Build/HUAWEIVNS-L21; wv) AppleWebKit/537.36 (KHTML, like Gecko) Version/4.0 Chrome/61.0.3163.98 Mobile Safari/537.36 [FB_IAB/FB4A;FBAV/145.0.0.37.86;]"
81.5.232.161 - - [24/Oct/2017:07:37:54 +0200] "GET /img/mobile/easydrivers-logo-mobile.png HTTP/1.1" 200 10766 "https://www.easydrivers.at/guessing" "Mozilla/5.0 (Linux; Android 7.0; HUAWEI VNS-L21 Build/HUAWEIVNS-L21; wv) AppleWebKit/537.36 (KHTML, like Gecko) Version/4.0 Chrome/61.0.3163.98 Mobile Safari/537.36 [FB_IAB/FB4A;FBAV/145.0.0.37.86;]"
81.5.232.161 - - [24/Oct/2017:07:37:54 +0200] "GET /img/mobile/menu-button.png HTTP/1.1" 200 1746 "https://www.easydrivers.at/guessing" "Mozilla/5.0 (Linux; Android 7.0; HUAWEI VNS-L21 Build/HUAWEIVNS-L21; wv) AppleWebKit/537.36 (KHTML, like Gecko) Version/4.0 Chrome/61.0.3163.98 Mobile Safari/537.36 [FB_IAB/FB4A;FBAV/145.0.0.37.86;]"
81.5.232.161 - - [24/Oct/2017:07:37:54 +0200] "GET /img/mobile/close-button.png HTTP/1.1" 200 2411 "https://www.easydrivers.at/guessing" "Mozilla/5.0 (Linux; Android 7.0; HUAWEI VNS-L21 Build/HUAWEIVNS-L21; wv) AppleWebKit/537.36 (KHTML, like Gecko) Version/4.0 Chrome/61.0.3163.98 Mobile Safari/537.36 [FB_IAB/FB4A;FBAV/145.0.0.37.86;]"
81.5.232.161 - - [24/Oct/2017:07:37:54 +0200] "GET /img/mobile/facebook-icon.png HTTP/1.1" 200 1902 "https://www.easydrivers.at/guessing" "Mozilla/5.0 (Linux; Android 7.0; HUAWEI VNS-L21 Build/HUAWEIVNS-L21; wv) AppleWebKit/537.36 (KHTML, like Gecko) Version/4.0 Chrome/61.0.3163.98 Mobile Safari/537.36 [FB_IAB/FB4A;FBAV/145.0.0.37.86;]"
81.5.232.161 - - [24/Oct/2017:07:37:54 +0200] "GET /img/mobile/info-button.png HTTP/1.1" 200 1549 "https://www.easydrivers.at/guessing" "Mozilla/5.0 (Linux; Android 7.0; HUAWEI VNS-L21 Build/HUAWEIVNS-L21; wv) AppleWebKit/537.36 (KHTML, like Gecko) Version/4.0 Chrome/61.0.3163.98 Mobile Safari/537.36 [FB_IAB/FB4A;FBAV/145.0.0.37.86;]"
81.5.232.161 - - [24/Oct/2017:07:37:54 +0200] "GET /img/mobile/info-close-button.png HTTP/1.1" 200 1721 "https://www.easydrivers.at/guessing" "Mozilla/5.0 (Linux; Android 7.0; HUAWEI VNS-L21 Build/HUAWEIVNS-L21; wv) AppleWebKit/537.36 (KHTML, like Gecko) Version/4.0 Chrome/61.0.3163.98 Mobile Safari/537.36 [FB_IAB/FB4A;FBAV/145.0.0.37.86;]"
81.5.232.161 - - [24/Oct/2017:07:37:54 +0200] "GET /img/smallicon-person.png HTTP/1.1" 200 1141 "https://www.easydrivers.at/guessing" "Mozilla/5.0 (Linux; Android 7.0; HUAWEI VNS-L21 Build/HUAWEIVNS-L21; wv) AppleWebKit/537.36 (KHTML, like Gecko) Version/4.0 Chrome/61.0.3163.98 Mobile Safari/537.36 [FB_IAB/FB4A;FBAV/145.0.0.37.86;]"
81.5.232.161 - - [24/Oct/2017:07:37:54 +0200] "GET /img/smallicon-address.png HTTP/1.1" 200 1211 "https://www.easydrivers.at/guessing" "Mozilla/5.0 (Linux; Android 7.0; HUAWEI VNS-L21 Build/HUAWEIVNS-L21; wv) AppleWebKit/537.36 (KHTML, like Gecko) Version/4.0 Chrome/61.0.3163.98 Mobile Safari/537.36 [FB_IAB/FB4A;FBAV/145.0.0.37.86;]"
81.5.232.161 - - [24/Oct/2017:07:37:54 +0200] "GET /img/mobile/googlemaps-pin.png HTTP/1.1" 200 1597 "https://www.easydrivers.at/guessing" "Mozilla/5.0 (Linux; Android 7.0; HUAWEI VNS-L21 Build/HUAWEIVNS-L21; wv) AppleWebKit/537.36 (KHTML, like Gecko) Version/4.0 Chrome/61.0.3163.98 Mobile Safari/537.36 [FB_IAB/FB4A;FBAV/145.0.0.37.86;]"
81.5.232.161 - - [24/Oct/2017:07:37:54 +0200] "GET /img/smallicon-time.png HTTP/1.1" 200 1262 "https://www.easydrivers.at/guessing" "Mozilla/5.0 (Linux; Android 7.0; HUAWEI VNS-L21 Build/HUAWEIVNS-L21; wv) AppleWebKit/537.36 (KHTML, like Gecko) Version/4.0 Chrome/61.0.3163.98 Mobile Safari/537.36 [FB_IAB/FB4A;FBAV/145.0.0.37.86;]"
81.5.232.161 - - [24/Oct/2017:07:37:54 +0200] "GET /img/smallicon-phone.png HTTP/1.1" 200 3056 "https://www.easydrivers.at/guessing" "Mozilla/5.0 (Linux; Android 7.0; HUAWEI VNS-L21 Build/HUAWEIVNS-L21; wv) AppleWebKit/537.36 (KHTML, like Gecko) Version/4.0 Chrome/61.0.3163.98 Mobile Safari/537.36 [FB_IAB/FB4A;FBAV/145.0.0.37.86;]"
81.5.232.161 - - [24/Oct/2017:07:37:54 +0200] "GET /img/smallicon-mail.png HTTP/1.1" 200 1341 "https://www.easydrivers.at/guessing" "Mozilla/5.0 (Linux; Android 7.0; HUAWEI VNS-L21 Build/HUAWEIVNS-L21; wv) AppleWebKit/537.36 (KHTML, like Gecko) Version/4.0 Chrome/61.0.3163.98 Mobile Safari/537.36 [FB_IAB/FB4A;FBAV/145.0.0.37.86;]"
81.5.232.161 - - [24/Oct/2017:07:37:54 +0200] "GET /img/mobile/widget-icon-app.png HTTP/1.1" 200 3458 "https://www.easydrivers.at/guessing" "Mozilla/5.0 (Linux; Android 7.0; HUAWEI VNS-L21 Build/HUAWEIVNS-L21; wv) AppleWebKit/537.36 (KHTML, like Gecko) Version/4.0 Chrome/61.0.3163.98 Mobile Safari/537.36 [FB_IAB/FB4A;FBAV/145.0.0.37.86;]"
81.5.232.161 - - [24/Oct/2017:07:37:54 +0200] "GET /img/mobile/bg-header.jpg HTTP/1.1" 200 19741 "https://www.easydrivers.at/css/mobile.css" "Mozilla/5.0 (Linux; Android 7.0; HUAWEI VNS-L21 Build/HUAWEIVNS-L21; wv) AppleWebKit/537.36 (KHTML, like Gecko) Version/4.0 Chrome/61.0.3163.98 Mobile Safari/537.36 [FB_IAB/FB4A;FBAV/145.0.0.37.86;]"
81.5.232.161 - - [24/Oct/2017:07:37:54 +0200] "GET /img/mobile/bg-menu.jpg HTTP/1.1" 200 1698 "https://www.easydrivers.at/css/mobile.css" "Mozilla/5.0 (Linux; Android 7.0; HUAWEI VNS-L21 Build/HUAWEIVNS-L21; wv) AppleWebKit/537.36 (KHTML, like Gecko) Version/4.0 Chrome/61.0.3163.98 Mobile Safari/537.36 [FB_IAB/FB4A;FBAV/145.0.0.37.86;]"
81.5.232.161 - - [24/Oct/2017:07:37:54 +0200] "GET /img/mobile/bg-top-section.jpg HTTP/1.1" 200 21711 "https://www.easydrivers.at/css/mobile.css" "Mozilla/5.0 (Linux; Android 7.0; HUAWEI VNS-L21 Build/HUAWEIVNS-L21; wv) AppleWebKit/537.36 (KHTML, like Gecko) Version/4.0 Chrome/61.0.3163.98 Mobile Safari/537.36 [FB_IAB/FB4A;FBAV/145.0.0.37.86;]"
