40.77.167.88 - - [24/Oct/2017:06:11:50 +0200] "GET /krems HTTP/1.1" 200 3749 "-" "Mozilla/5.0 (compatible; bingbot/2.0; +http://www.bing.com/bingbot.htm)"
40.77.167.13 - - [24/Oct/2017:06:11:50 +0200] "GET /spittelau HTTP/1.1" 200 3696 "-" "Mozilla/5.0 (compatible; bingbot/2.0; +http://www.bing.com/bingbot.htm)"
66.249.76.74 - - [24/Oct/2017:06:11:52 +0200] "GET /uploads/pdfs/feldkirch/Motorradkurs-A1-A2-A-2015-05-26_A1L17.pdf HTTP/1.1" 301 340 "-" "Mozilla/5.0 (compatible; Googlebot/2.1; +http://www.google.com/bot.html)"
66.249.66.3 - - [24/Oct/2017:06:11:53 +0200] "GET /uploads/pdfs/feldkirch/Motorradkurs-A1-A2-A-2015-05-26_A1L17.pdf HTTP/1.1" 200 35343 "-" "Mozilla/5.0 (compatible; Googlebot/2.1; +http://www.google.com/bot.html)"
180.76.15.158 - - [24/Oct/2017:06:11:53 +0200] "GET /bludenz HTTP/1.1" 200 11782 "-" "Mozilla/5.0 (compatible; Baiduspider/2.0; +http://www.baidu.com/search/spider.html)"
34.207.73.167 - - [24/Oct/2017:06:11:55 +0200] "HEAD / HTTP/1.1" 301 - "-" "Mozilla/5.0 (Linux; U; Android-4.0.3; en-us; Xoom Build/IML77) AppleWebKit/535.7 (KHTML, like Gecko) CrMo/16.0.912.75 Safari/535.7"
34.207.73.167 - - [24/Oct/2017:06:11:56 +0200] "HEAD / HTTP/1.1" 301 - "-" "Mozilla/5.0 (Linux; U; Android-4.0.3; en-us; Xoom Build/IML77) AppleWebKit/535.7 (KHTML, like Gecko) CrMo/16.0.912.75 Safari/535.7"
34.207.73.167 - - [24/Oct/2017:06:11:57 +0200] "HEAD / HTTP/1.1" 501 - "-" "Mozilla/5.0 (Linux; U; Android-4.0.3; en-us; Xoom Build/IML77) AppleWebKit/535.7 (KHTML, like Gecko) CrMo/16.0.912.75 Safari/535.7"
34.207.73.167 - - [24/Oct/2017:06:11:57 +0200] "HEAD / HTTP/1.1" 501 - "-" "Mozilla/5.0 (Linux; U; Android-4.0.3; en-us; Xoom Build/IML77) AppleWebKit/535.7 (KHTML, like Gecko) CrMo/16.0.912.75 Safari/535.7"
157.55.39.113 - - [24/Oct/2017:06:11:58 +0200] "GET /binaries/10255793.jpg HTTP/1.1" 301 310 "-" "Mozilla/5.0 (compatible; bingbot/2.0; +http://www.bing.com/bingbot.htm)"
157.55.39.113 - - [24/Oct/2017:06:12:00 +0200] "GET /binaries/10255793.jpg HTTP/1.1" 200 296322 "-" "Mozilla/5.0 (compatible; bingbot/2.0; +http://www.bing.com/bingbot.htm)"
88.117.21.17 - - [24/Oct/2017:06:12:07 +0200] "-" 408 - "-" "-"
88.117.21.17 - - [24/Oct/2017:06:12:07 +0200] "-" 408 - "-" "-"
88.117.21.17 - - [24/Oct/2017:06:12:07 +0200] "-" 408 - "-" "-"
88.117.21.17 - - [24/Oct/2017:06:12:07 +0200] "-" 408 - "-" "-"
178.191.220.179 - - [24/Oct/2017:06:12:07 +0200] "GET /img/smallicon-address.png HTTP/1.1" 200 1211 "-" "Mozilla/5.0 (iPhone; CPU iPhone OS 11_0_3 like Mac OS X) AppleWebKit/604.1.38 (KHTML, like Gecko) Mobile/15A432 [FBAN/FBIOS;FBAV/146.0.0.73.91;FBBV/75938921;FBDV/iPhone9,3;FBMD/iPhone;FBSN/iOS;FBSV/11.0.3;FBSS/2;FBCR/A1;FBID/phone;FBLC/de_DE;FBOP/5;FBRV/75938921]"
66.249.76.76 - - [24/Oct/2017:06:12:10 +0200] "GET /uploads/pdfs/enns/Abendkurs-19Dez2014_B-L.pdf HTTP/1.1" 301 326 "-" "Mozilla/5.0 (compatible; Googlebot/2.1; +http://www.google.com/bot.html)"
66.249.76.80 - - [24/Oct/2017:06:12:11 +0200] "GET /uploads/pdfs/enns/Abendkurs-19Dez2014_B-L.pdf HTTP/1.1" 200 31155 "-" "Mozilla/5.0 (compatible; Googlebot/2.1; +http://www.google.com/bot.html)"
207.46.13.133 - - [24/Oct/2017:06:12:18 +0200] "GET /binaries/easy-drivers-neunkirchen--au/1motorrad1jpg.jpg HTTP/1.1" 301 325 "-" "Mozilla/5.0 (compatible; bingbot/2.0; +http://www.bing.com/bingbot.htm)"
207.46.13.133 - - [24/Oct/2017:06:12:19 +0200] "GET /binaries/easy-drivers-neunkirchen--au/1motorrad1jpg.jpg HTTP/1.1" 200 46741 "-" "Mozilla/5.0 (compatible; bingbot/2.0; +http://www.bing.com/bingbot.htm)"
157.55.39.113 - - [24/Oct/2017:06:12:24 +0200] "GET /dornbirn/10247038?FS=B-L HTTP/1.1" 301 312 "-" "Mozilla/5.0 (iPhone; CPU iPhone OS 7_0 like Mac OS X) AppleWebKit/537.51.1 (KHTML, like Gecko) Version/7.0 Mobile/11A465 Safari/9537.53 (compatible; bingbot/2.0; +http://www.bing.com/bingbot.htm)"
157.55.39.113 - - [24/Oct/2017:06:12:25 +0200] "GET /dornbirn/10247038?FS=B-L HTTP/1.1" 200 3304 "-" "Mozilla/5.0 (iPhone; CPU iPhone OS 7_0 like Mac OS X) AppleWebKit/537.51.1 (KHTML, like Gecko) Version/7.0 Mobile/11A465 Safari/9537.53 (compatible; bingbot/2.0; +http://www.bing.com/bingbot.htm)"
66.249.76.74 - - [24/Oct/2017:06:12:29 +0200] "GET /uploads/pdfs/perg/13-10-2014_A2B.pdf HTTP/1.1" 301 318 "-" "Mozilla/5.0 (compatible; Googlebot/2.1; +http://www.google.com/bot.html)"
66.249.76.82 - - [24/Oct/2017:06:12:29 +0200] "GET /uploads/pdfs/perg/13-10-2014_A2B.pdf HTTP/1.1" 200 31111 "-" "Mozilla/5.0 (compatible; Googlebot/2.1; +http://www.google.com/bot.html)"
88.117.21.17 - - [24/Oct/2017:06:12:38 +0200] "GET /fuehrerscheine/lkw HTTP/1.1" 200 3734 "https://www.google.at/" "Mozilla/5.0 (Linux; Android 7.0; SM-G920F Build/NRD90M) AppleWebKit/537.36 (KHTML, like Gecko) Chrome/61.0.3163.98 Mobile Safari/537.36"
178.165.129.248 - - [24/Oct/2017:06:12:45 +0200] "GET /fuehrerscheine/lkw HTTP/1.1" 301 304 "https://www.google.at/" "Mozilla/5.0 (iPhone; CPU iPhone OS 11_0_3 like Mac OS X) AppleWebKit/604.1.38 (KHTML, like Gecko) Version/11.0 Mobile/15A432 Safari/604.1"
178.165.129.248 - - [24/Oct/2017:06:12:45 +0200] "GET /fuehrerscheine/lkw HTTP/1.1" 200 3734 "https://www.google.at/" "Mozilla/5.0 (iPhone; CPU iPhone OS 11_0_3 like Mac OS X) AppleWebKit/604.1.38 (KHTML, like Gecko) Version/11.0 Mobile/15A432 Safari/604.1"
66.249.76.74 - - [24/Oct/2017:06:12:47 +0200] "GET /am.spitz/10290374 HTTP/1.1" 301 306 "-" "Mozilla/5.0 (compatible; Googlebot/2.1; +http://www.google.com/bot.html)"
178.165.129.248 - - [24/Oct/2017:06:12:47 +0200] "GET /fuehrerscheine/lkw HTTP/1.1" 200 3734 "https://www.google.at/" "Mozilla/5.0 (iPhone; CPU iPhone OS 11_0_3 like Mac OS X) AppleWebKit/604.1.38 (KHTML, like Gecko) Version/11.0 Mobile/15A432 Safari/604.1"
178.165.129.248 - - [24/Oct/2017:06:12:49 +0200] "GET /javascript/jquery-1.9.1.min.js HTTP/1.1" 200 32731 "https://www.easydrivers.at/fuehrerscheine/lkw" "Mozilla/5.0 (iPhone; CPU iPhone OS 11_0_3 like Mac OS X) AppleWebKit/604.1.38 (KHTML, like Gecko) Version/11.0 Mobile/15A432 Safari/604.1"
178.165.129.248 - - [24/Oct/2017:06:12:49 +0200] "GET /javascript/jquery.cookie.js HTTP/1.1" 200 863 "https://www.easydrivers.at/fuehrerscheine/lkw" "Mozilla/5.0 (iPhone; CPU iPhone OS 11_0_3 like Mac OS X) AppleWebKit/604.1.38 (KHTML, like Gecko) Version/11.0 Mobile/15A432 Safari/604.1"
178.165.129.248 - - [24/Oct/2017:06:12:49 +0200] "GET /css/mobile.css HTTP/1.1" 200 2852 "https://www.easydrivers.at/fuehrerscheine/lkw" "Mozilla/5.0 (iPhone; CPU iPhone OS 11_0_3 like Mac OS X) AppleWebKit/604.1.38 (KHTML, like Gecko) Version/11.0 Mobile/15A432 Safari/604.1"
178.165.129.248 - - [24/Oct/2017:06:12:49 +0200] "GET /javascript/mobile-menu.js HTTP/1.1" 200 1634 "https://www.easydrivers.at/fuehrerscheine/lkw" "Mozilla/5.0 (iPhone; CPU iPhone OS 11_0_3 like Mac OS X) AppleWebKit/604.1.38 (KHTML, like Gecko) Version/11.0 Mobile/15A432 Safari/604.1"
178.165.129.248 - - [24/Oct/2017:06:12:49 +0200] "GET /javascript/jquery.simplemodal.js HTTP/1.1" 200 3070 "https://www.easydrivers.at/fuehrerscheine/lkw" "Mozilla/5.0 (iPhone; CPU iPhone OS 11_0_3 like Mac OS X) AppleWebKit/604.1.38 (KHTML, like Gecko) Version/11.0 Mobile/15A432 Safari/604.1"
178.165.129.248 - - [24/Oct/2017:06:12:50 +0200] "GET /img/mobile/easydrivers-logo-mobile.png HTTP/1.1" 200 10766 "https://www.easydrivers.at/fuehrerscheine/lkw" "Mozilla/5.0 (iPhone; CPU iPhone OS 11_0_3 like Mac OS X) AppleWebKit/604.1.38 (KHTML, like Gecko) Version/11.0 Mobile/15A432 Safari/604.1"
178.165.129.248 - - [24/Oct/2017:06:12:50 +0200] "GET /javascript/mobile-license.js HTTP/1.1" 200 216 "https://www.easydrivers.at/fuehrerscheine/lkw" "Mozilla/5.0 (iPhone; CPU iPhone OS 11_0_3 like Mac OS X) AppleWebKit/604.1.38 (KHTML, like Gecko) Version/11.0 Mobile/15A432 Safari/604.1"
178.165.129.248 - - [24/Oct/2017:06:12:50 +0200] "GET /javascript/lazyload.js HTTP/1.1" 200 1170 "https://www.easydrivers.at/fuehrerscheine/lkw" "Mozilla/5.0 (iPhone; CPU iPhone OS 11_0_3 like Mac OS X) AppleWebKit/604.1.38 (KHTML, like Gecko) Version/11.0 Mobile/15A432 Safari/604.1"
178.165.129.248 - - [24/Oct/2017:06:12:50 +0200] "GET /img/mobile/menu-button.png HTTP/1.1" 200 1746 "https://www.easydrivers.at/fuehrerscheine/lkw" "Mozilla/5.0 (iPhone; CPU iPhone OS 11_0_3 like Mac OS X) AppleWebKit/604.1.38 (KHTML, like Gecko) Version/11.0 Mobile/15A432 Safari/604.1"
178.165.129.248 - - [24/Oct/2017:06:12:50 +0200] "GET /img/mobile/close-button.png HTTP/1.1" 200 2411 "https://www.easydrivers.at/fuehrerscheine/lkw" "Mozilla/5.0 (iPhone; CPU iPhone OS 11_0_3 like Mac OS X) AppleWebKit/604.1.38 (KHTML, like Gecko) Version/11.0 Mobile/15A432 Safari/604.1"
178.165.129.248 - - [24/Oct/2017:06:12:50 +0200] "GET /img/mobile/bg-header.jpg HTTP/1.1" 200 19741 "https://www.easydrivers.at/fuehrerscheine/lkw" "Mozilla/5.0 (iPhone; CPU iPhone OS 11_0_3 like Mac OS X) AppleWebKit/604.1.38 (KHTML, like Gecko) Version/11.0 Mobile/15A432 Safari/604.1"
178.165.129.248 - - [24/Oct/2017:06:12:50 +0200] "GET /img/mobile/facebook-icon.png HTTP/1.1" 200 1902 "https://www.easydrivers.at/fuehrerscheine/lkw" "Mozilla/5.0 (iPhone; CPU iPhone OS 11_0_3 like Mac OS X) AppleWebKit/604.1.38 (KHTML, like Gecko) Version/11.0 Mobile/15A432 Safari/604.1"
66.249.76.80 - - [24/Oct/2017:06:12:48 +0200] "GET /am.spitz/10290374 HTTP/1.1" 200 3169 "-" "Mozilla/5.0 (compatible; Googlebot/2.1; +http://www.google.com/bot.html)"
178.165.129.248 - - [24/Oct/2017:06:12:50 +0200] "GET /img/mobile/bg-menu.jpg HTTP/1.1" 200 1698 "https://www.easydrivers.at/fuehrerscheine/lkw" "Mozilla/5.0 (iPhone; CPU iPhone OS 11_0_3 like Mac OS X) AppleWebKit/604.1.38 (KHTML, like Gecko) Version/11.0 Mobile/15A432 Safari/604.1"
178.165.129.248 - - [24/Oct/2017:06:12:50 +0200] "GET /img/mobile/bg-yellow.jpg HTTP/1.1" 200 1569 "https://www.easydrivers.at/fuehrerscheine/lkw" "Mozilla/5.0 (iPhone; CPU iPhone OS 11_0_3 like Mac OS X) AppleWebKit/604.1.38 (KHTML, like Gecko) Version/11.0 Mobile/15A432 Safari/604.1"
178.165.129.248 - - [24/Oct/2017:06:12:50 +0200] "GET /img/mobile/weiter-button.png HTTP/1.1" 200 1670 "https://www.easydrivers.at/fuehrerscheine/lkw" "Mozilla/5.0 (iPhone; CPU iPhone OS 11_0_3 like Mac OS X) AppleWebKit/604.1.38 (KHTML, like Gecko) Version/11.0 Mobile/15A432 Safari/604.1"
213.225.10.206 - - [24/Oct/2017:06:12:51 +0200] "GET / HTTP/1.1" 200 3579 "android-app://com.google.android.googlequicksearchbox/https/www.google.com" "Mozilla/5.0 (Linux; Android 7.0; SM-A320FL Build/NRD90M) AppleWebKit/537.36 (KHTML, like Gecko) Chrome/61.0.3163.98 Mobile Safari/537.36"
213.225.10.206 - - [24/Oct/2017:06:12:54 +0200] "GET /img/favicon.ico HTTP/1.1" 404 301 "-" "Mozilla/5.0 (Linux; Android 7.0; SM-A320FL Build/NRD90M) AppleWebKit/537.36 (KHTML, like Gecko) Chrome/61.0.3163.98 Mobile Safari/537.36"
178.165.129.248 - - [24/Oct/2017:06:12:58 +0200] "GET /img/mobile/pfeil-links-small.png HTTP/1.1" 200 1065 "https://www.easydrivers.at/fuehrerscheine/lkw" "Mozilla/5.0 (iPhone; CPU iPhone OS 11_0_3 like Mac OS X) AppleWebKit/604.1.38 (KHTML, like Gecko) Version/11.0 Mobile/15A432 Safari/604.1"
178.165.129.248 - - [24/Oct/2017:06:12:58 +0200] "GET /img/mobile/pfeil-rechts-small.png HTTP/1.1" 200 1056 "https://www.easydrivers.at/fuehrerscheine/lkw" "Mozilla/5.0 (iPhone; CPU iPhone OS 11_0_3 like Mac OS X) AppleWebKit/604.1.38 (KHTML, like Gecko) Version/11.0 Mobile/15A432 Safari/604.1"
88.117.21.17 - - [24/Oct/2017:06:12:59 +0200] "-" 408 - "-" "-"
88.117.21.17 - - [24/Oct/2017:06:12:59 +0200] "-" 408 - "-" "-"
88.117.21.17 - - [24/Oct/2017:06:12:59 +0200] "-" 408 - "-" "-"
88.117.21.17 - - [24/Oct/2017:06:12:59 +0200] "-" 408 - "-" "-"
88.117.21.17 - - [24/Oct/2017:06:12:59 +0200] "-" 408 - "-" "-"
66.249.66.31 - - [24/Oct/2017:06:13:06 +0200] "GET /uploads/pdfs/ybbs/10259093_A1L17.pdf HTTP/1.1" 301 319 "-" "Mozilla/5.0 (compatible; Googlebot/2.1; +http://www.google.com/bot.html)"
66.249.66.7 - - [24/Oct/2017:06:13:06 +0200] "GET /uploads/pdfs/ybbs/10259093_A1L17.pdf HTTP/1.1" 200 36765 "-" "Mozilla/5.0 (compatible; Googlebot/2.1; +http://www.google.com/bot.html)"
213.225.12.86 - - [24/Oct/2017:06:13:08 +0200] "GET /guessing HTTP/1.1" 301 298 "http://m.facebook.com" "Mozilla/5.0 (iPhone; CPU iPhone OS 11_0_3 like Mac OS X) AppleWebKit/604.1.38 (KHTML, like Gecko) Mobile/15A432 [FBAN/FBIOS;FBAV/146.0.0.73.91;FBBV/75938921;FBDV/iPhone9,4;FBMD/iPhone;FBSN/iOS;FBSV/11.0.3;FBSS/3;FBCR/A1;FBID/phone;FBLC/de_DE;FBOP/5;FBRV/75938921]"
213.225.12.86 - - [24/Oct/2017:06:13:08 +0200] "GET /guessing HTTP/1.1" 200 2945 "http://m.facebook.com" "Mozilla/5.0 (iPhone; CPU iPhone OS 11_0_3 like Mac OS X) AppleWebKit/604.1.38 (KHTML, like Gecko) Mobile/15A432 [FBAN/FBIOS;FBAV/146.0.0.73.91;FBBV/75938921;FBDV/iPhone9,4;FBMD/iPhone;FBSN/iOS;FBSV/11.0.3;FBSS/3;FBCR/A1;FBID/phone;FBLC/de_DE;FBOP/5;FBRV/75938921]"
178.115.128.115 - - [24/Oct/2017:06:13:11 +0200] "GET /fuehrerscheine/lkw HTTP/1.1" 301 304 "https://www.google.at/" "Mozilla/5.0 (Windows NT 10.0; Win64; x64) AppleWebKit/537.36 (KHTML, like Gecko) Chrome/62.0.3202.62 Safari/537.36"
178.115.128.115 - - [24/Oct/2017:06:13:11 +0200] "GET /fuehrerscheine/lkw HTTP/1.1" 200 2686 "https://www.google.at/" "Mozilla/5.0 (Windows NT 10.0; Win64; x64) AppleWebKit/537.36 (KHTML, like Gecko) Chrome/62.0.3202.62 Safari/537.36"
178.115.128.115 - - [24/Oct/2017:06:13:13 +0200] "GET /css/style.css HTTP/1.1" 200 5004 "https://www.easydrivers.at/fuehrerscheine/lkw" "Mozilla/5.0 (Windows NT 10.0; Win64; x64) AppleWebKit/537.36 (KHTML, like Gecko) Chrome/62.0.3202.62 Safari/537.36"
178.115.128.115 - - [24/Oct/2017:06:13:13 +0200] "GET /javascript/jquery.customSelect.min.js HTTP/1.1" 200 912 "https://www.easydrivers.at/fuehrerscheine/lkw" "Mozilla/5.0 (Windows NT 10.0; Win64; x64) AppleWebKit/537.36 (KHTML, like Gecko) Chrome/62.0.3202.62 Safari/537.36"
178.115.128.115 - - [24/Oct/2017:06:13:13 +0200] "GET /javascript/jquery.cookie.js HTTP/1.1" 200 863 "https://www.easydrivers.at/fuehrerscheine/lkw" "Mozilla/5.0 (Windows NT 10.0; Win64; x64) AppleWebKit/537.36 (KHTML, like Gecko) Chrome/62.0.3202.62 Safari/537.36"
178.115.128.115 - - [24/Oct/2017:06:13:13 +0200] "GET /javascript/jquery.simplemodal.js HTTP/1.1" 200 3070 "https://www.easydrivers.at/fuehrerscheine/lkw" "Mozilla/5.0 (Windows NT 10.0; Win64; x64) AppleWebKit/537.36 (KHTML, like Gecko) Chrome/62.0.3202.62 Safari/537.36"
178.115.128.115 - - [24/Oct/2017:06:13:13 +0200] "GET /javascript/portal.js?1221842734 HTTP/1.1" 200 3529 "https://www.easydrivers.at/fuehrerscheine/lkw" "Mozilla/5.0 (Windows NT 10.0; Win64; x64) AppleWebKit/537.36 (KHTML, like Gecko) Chrome/62.0.3202.62 Safari/537.36"
178.115.128.115 - - [24/Oct/2017:06:13:13 +0200] "GET /javascript/license.js HTTP/1.1" 200 315 "https://www.easydrivers.at/fuehrerscheine/lkw" "Mozilla/5.0 (Windows NT 10.0; Win64; x64) AppleWebKit/537.36 (KHTML, like Gecko) Chrome/62.0.3202.62 Safari/537.36"
178.115.128.115 - - [24/Oct/2017:06:13:13 +0200] "GET /img/facebook-icon.png HTTP/1.1" 200 1506 "https://www.easydrivers.at/fuehrerscheine/lkw" "Mozilla/5.0 (Windows NT 10.0; Win64; x64) AppleWebKit/537.36 (KHTML, like Gecko) Chrome/62.0.3202.62 Safari/537.36"
178.115.128.115 - - [24/Oct/2017:06:13:13 +0200] "GET /img/ED_Logo.png HTTP/1.1" 200 3385 "https://www.easydrivers.at/css/style.css" "Mozilla/5.0 (Windows NT 10.0; Win64; x64) AppleWebKit/537.36 (KHTML, like Gecko) Chrome/62.0.3202.62 Safari/537.36"
178.115.128.115 - - [24/Oct/2017:06:13:13 +0200] "GET /img/bg-yellow.jpg HTTP/1.1" 200 2250 "https://www.easydrivers.at/css/style.css" "Mozilla/5.0 (Windows NT 10.0; Win64; x64) AppleWebKit/537.36 (KHTML, like Gecko) Chrome/62.0.3202.62 Safari/537.36"
178.115.128.115 - - [24/Oct/2017:06:13:13 +0200] "GET /img/submit-button-small.png HTTP/1.1" 200 1456 "https://www.easydrivers.at/css/style.css" "Mozilla/5.0 (Windows NT 10.0; Win64; x64) AppleWebKit/537.36 (KHTML, like Gecko) Chrome/62.0.3202.62 Safari/537.36"
178.115.128.115 - - [24/Oct/2017:06:13:13 +0200] "GET /javascript/lazyload.js HTTP/1.1" 200 1170 "https://www.easydrivers.at/fuehrerscheine/lkw" "Mozilla/5.0 (Windows NT 10.0; Win64; x64) AppleWebKit/537.36 (KHTML, like Gecko) Chrome/62.0.3202.62 Safari/537.36"
178.115.128.115 - - [24/Oct/2017:06:13:13 +0200] "GET /img/close-button.png HTTP/1.1" 200 2237 "https://www.easydrivers.at/fuehrerscheine/lkw" "Mozilla/5.0 (Windows NT 10.0; Win64; x64) AppleWebKit/537.36 (KHTML, like Gecko) Chrome/62.0.3202.62 Safari/537.36"
178.115.128.115 - - [24/Oct/2017:06:13:13 +0200] "GET /img/bg-header.jpg HTTP/1.1" 200 38680 "https://www.easydrivers.at/css/style.css" "Mozilla/5.0 (Windows NT 10.0; Win64; x64) AppleWebKit/537.36 (KHTML, like Gecko) Chrome/62.0.3202.62 Safari/537.36"
178.115.128.115 - - [24/Oct/2017:06:13:13 +0200] "GET /img/schweiz-icon.png HTTP/1.1" 200 1504 "https://www.easydrivers.at/fuehrerscheine/lkw" "Mozilla/5.0 (Windows NT 10.0; Win64; x64) AppleWebKit/537.36 (KHTML, like Gecko) Chrome/62.0.3202.62 Safari/537.36"
178.115.128.115 - - [24/Oct/2017:06:13:13 +0200] "GET /img/bg-footer.jpg HTTP/1.1" 200 31770 "https://www.easydrivers.at/css/style.css" "Mozilla/5.0 (Windows NT 10.0; Win64; x64) AppleWebKit/537.36 (KHTML, like Gecko) Chrome/62.0.3202.62 Safari/537.36"
178.115.128.115 - - [24/Oct/2017:06:13:13 +0200] "GET /img/kursicon-print-pink.png HTTP/1.1" 200 1125 "https://www.easydrivers.at/fuehrerscheine/lkw" "Mozilla/5.0 (Windows NT 10.0; Win64; x64) AppleWebKit/537.36 (KHTML, like Gecko) Chrome/62.0.3202.62 Safari/537.36"
178.115.128.115 - - [24/Oct/2017:06:13:13 +0200] "GET /img/kursicon-download-pink.png HTTP/1.1" 200 1213 "https://www.easydrivers.at/fuehrerscheine/lkw" "Mozilla/5.0 (Windows NT 10.0; Win64; x64) AppleWebKit/537.36 (KHTML, like Gecko) Chrome/62.0.3202.62 Safari/537.36"
178.115.128.115 - - [24/Oct/2017:06:13:14 +0200] "GET /img/kursicon-share-pink.png HTTP/1.1" 200 1277 "https://www.easydrivers.at/fuehrerscheine/lkw" "Mozilla/5.0 (Windows NT 10.0; Win64; x64) AppleWebKit/537.36 (KHTML, like Gecko) Chrome/62.0.3202.62 Safari/537.36"
178.115.128.115 - - [24/Oct/2017:06:13:14 +0200] "GET /img/kursicon-phone-pink.png HTTP/1.1" 200 1286 "https://www.easydrivers.at/fuehrerscheine/lkw" "Mozilla/5.0 (Windows NT 10.0; Win64; x64) AppleWebKit/537.36 (KHTML, like Gecko) Chrome/62.0.3202.62 Safari/537.36"
178.115.128.115 - - [24/Oct/2017:06:13:14 +0200] "GET /css/print.css HTTP/1.1" 200 967 "https://www.easydrivers.at/fuehrerscheine/lkw" "Mozilla/5.0 (Windows NT 10.0; Win64; x64) AppleWebKit/537.36 (KHTML, like Gecko) Chrome/62.0.3202.62 Safari/537.36"
178.115.128.115 - - [24/Oct/2017:06:13:13 +0200] "GET /binaries/easy-drivers-portal/lkw4jpg.jpg HTTP/1.1" 200 118819 "https://www.easydrivers.at/fuehrerscheine/lkw" "Mozilla/5.0 (Windows NT 10.0; Win64; x64) AppleWebKit/537.36 (KHTML, like Gecko) Chrome/62.0.3202.62 Safari/537.36"
178.115.128.115 - - [24/Oct/2017:06:13:15 +0200] "GET /img/new_favicon.ico HTTP/1.1" 301 306 "-" "Mozilla/5.0 (Windows NT 10.0; Win64; x64) AppleWebKit/537.36 (KHTML, like Gecko) Chrome/62.0.3202.62 Safari/537.36"
178.115.128.115 - - [24/Oct/2017:06:13:15 +0200] "GET /img/new_favicon.ico HTTP/1.1" 200 1150 "-" "Mozilla/5.0 (Windows NT 10.0; Win64; x64) AppleWebKit/537.36 (KHTML, like Gecko) Chrome/62.0.3202.62 Safari/537.36"
66.249.66.31 - - [24/Oct/2017:06:13:24 +0200] "GET /uploads/pdfs/bludenz/Grundkurs-B-2015-09-15_B.pdf HTTP/1.1" 301 330 "-" "Mozilla/5.0 (compatible; Googlebot/2.1; +http://www.google.com/bot.html)"
66.249.66.3 - - [24/Oct/2017:06:13:24 +0200] "GET /uploads/pdfs/bludenz/Grundkurs-B-2015-09-15_B.pdf HTTP/1.1" 200 31228 "-" "Mozilla/5.0 (compatible; Googlebot/2.1; +http://www.google.com/bot.html)"
178.165.129.248 - - [24/Oct/2017:06:13:38 +0200] "POST / HTTP/1.1" 200 3584 "https://www.easydrivers.at/fuehrerscheine/lkw" "Mozilla/5.0 (iPhone; CPU iPhone OS 11_0_3 like Mac OS X) AppleWebKit/604.1.38 (KHTML, like Gecko) Version/11.0 Mobile/15A432 Safari/604.1"
178.165.129.248 - - [24/Oct/2017:06:13:39 +0200] "GET /javascript/mobile-homesearch.js HTTP/1.1" 200 340 "https://www.easydrivers.at/" "Mozilla/5.0 (iPhone; CPU iPhone OS 11_0_3 like Mac OS X) AppleWebKit/604.1.38 (KHTML, like Gecko) Version/11.0 Mobile/15A432 Safari/604.1"
178.165.129.248 - - [24/Oct/2017:06:13:39 +0200] "GET /img/mobile/widget-icon-app.png HTTP/1.1" 200 3458 "https://www.easydrivers.at/" "Mozilla/5.0 (iPhone; CPU iPhone OS 11_0_3 like Mac OS X) AppleWebKit/604.1.38 (KHTML, like Gecko) Version/11.0 Mobile/15A432 Safari/604.1"
178.115.128.115 - - [24/Oct/2017:06:13:38 +0200] "GET /fuehrerscheine/lkw/CCE HTTP/1.1" 200 4165 "https://www.easydrivers.at/fuehrerscheine/lkw" "Mozilla/5.0 (Windows NT 10.0; Win64; x64) AppleWebKit/537.36 (KHTML, like Gecko) Chrome/62.0.3202.62 Safari/537.36"
178.165.129.248 - - [24/Oct/2017:06:13:40 +0200] "GET /img/mobile/bg-top-section.jpg HTTP/1.1" 200 21711 "https://www.easydrivers.at/" "Mozilla/5.0 (iPhone; CPU iPhone OS 11_0_3 like Mac OS X) AppleWebKit/604.1.38 (KHTML, like Gecko) Version/11.0 Mobile/15A432 Safari/604.1"
178.115.128.115 - - [24/Oct/2017:06:13:40 +0200] "GET /javascript/product.js HTTP/1.1" 200 139 "https://www.easydrivers.at/fuehrerscheine/lkw/CCE" "Mozilla/5.0 (Windows NT 10.0; Win64; x64) AppleWebKit/537.36 (KHTML, like Gecko) Chrome/62.0.3202.62 Safari/537.36"
178.165.129.248 - - [24/Oct/2017:06:13:40 +0200] "GET /img/mobile/pfeil-rechts.png HTTP/1.1" 200 1228 "https://www.easydrivers.at/" "Mozilla/5.0 (iPhone; CPU iPhone OS 11_0_3 like Mac OS X) AppleWebKit/604.1.38 (KHTML, like Gecko) Version/11.0 Mobile/15A432 Safari/604.1"
178.115.128.115 - - [24/Oct/2017:06:13:40 +0200] "GET /img/arrow-left.png HTTP/1.1" 200 1015 "https://www.easydrivers.at/css/style.css" "Mozilla/5.0 (Windows NT 10.0; Win64; x64) AppleWebKit/537.36 (KHTML, like Gecko) Chrome/62.0.3202.62 Safari/537.36"
178.115.128.115 - - [24/Oct/2017:06:13:40 +0200] "GET /img/arrow-up.png HTTP/1.1" 200 1081 "https://www.easydrivers.at/css/style.css" "Mozilla/5.0 (Windows NT 10.0; Win64; x64) AppleWebKit/537.36 (KHTML, like Gecko) Chrome/62.0.3202.62 Safari/537.36"
178.115.128.115 - - [24/Oct/2017:06:13:40 +0200] "GET /binaries/easy-drivers-portal/lkw2jpg.jpg HTTP/1.1" 200 96752 "https://www.easydrivers.at/fuehrerscheine/lkw/CCE" "Mozilla/5.0 (Windows NT 10.0; Win64; x64) AppleWebKit/537.36 (KHTML, like Gecko) Chrome/62.0.3202.62 Safari/537.36"
66.249.76.74 - - [24/Oct/2017:06:13:42 +0200] "GET /st.valentin HTTP/1.1" 301 300 "-" "Mozilla/5.0 (compatible; Googlebot/2.1; +http://www.google.com/bot.html)"
66.249.66.3 - - [24/Oct/2017:06:13:43 +0200] "GET /st.valentin HTTP/1.1" 200 3636 "-" "Mozilla/5.0 (compatible; Googlebot/2.1; +http://www.google.com/bot.html)"
40.77.167.88 - - [24/Oct/2017:06:13:47 +0200] "GET /amstetten/nachmittagskurs-juli18?FS=A1 HTTP/1.1" 200 5801 "-" "Mozilla/5.0 (compatible; bingbot/2.0; +http://www.bing.com/bingbot.htm)"
213.240.103.89 - - [24/Oct/2017:06:13:53 +0200] "GET /moedling/aktionen HTTP/1.1" 301 305 "http://m.facebook.com" "Mozilla/5.0 (iPhone; CPU iPhone OS 10_2_1 like Mac OS X) AppleWebKit/602.4.6 (KHTML, like Gecko) Mobile/14D27 [FBAN/FBIOS;FBAV/146.0.0.73.91;FBBV/75938921;FBDV/iPhone9,3;FBMD/iPhone;FBSN/iOS;FBSV/10.2.1;FBSS/2;FBCR/T-MobileA;FBID/phone;FBLC/de_DE;FBOP/5;FBRV/75938921]"
213.240.103.89 - - [24/Oct/2017:06:13:54 +0200] "GET /moedling/aktionen HTTP/1.1" 200 3658 "http://m.facebook.com" "Mozilla/5.0 (iPhone; CPU iPhone OS 10_2_1 like Mac OS X) AppleWebKit/602.4.6 (KHTML, like Gecko) Mobile/14D27 [FBAN/FBIOS;FBAV/146.0.0.73.91;FBBV/75938921;FBDV/iPhone9,3;FBMD/iPhone;FBSN/iOS;FBSV/10.2.1;FBSS/2;FBCR/T-MobileA;FBID/phone;FBLC/de_DE;FBOP/5;FBRV/75938921]"
213.240.103.89 - - [24/Oct/2017:06:13:56 +0200] "GET /moedling/img/mobile/easydrivers-logo-mobile.png HTTP/1.1" 301 318 "-" "Mozilla/5.0 (iPhone; CPU iPhone OS 10_2_1 like Mac OS X) AppleWebKit/602.4.6 (KHTML, like Gecko) Mobile/14D27 [FBAN/FBIOS;FBAV/146.0.0.73.91;FBBV/75938921;FBDV/iPhone9,3;FBMD/iPhone;FBSN/iOS;FBSV/10.2.1;FBSS/2;FBCR/T-MobileA;FBID/phone;FBLC/de_DE;FBOP/5;FBRV/75938921]"
178.165.129.248 - - [24/Oct/2017:06:13:56 +0200] "POST /suche HTTP/1.1" 200 1919 "https://www.easydrivers.at/" "Mozilla/5.0 (iPhone; CPU iPhone OS 11_0_3 like Mac OS X) AppleWebKit/604.1.38 (KHTML, like Gecko) Version/11.0 Mobile/15A432 Safari/604.1"
213.240.103.89 - - [24/Oct/2017:06:13:56 +0200] "GET /moedling/img/mobile/easydrivers-logo-mobile.png HTTP/1.1" 404 3092 "-" "Mozilla/5.0 (iPhone; CPU iPhone OS 10_2_1 like Mac OS X) AppleWebKit/602.4.6 (KHTML, like Gecko) Mobile/14D27 [FBAN/FBIOS;FBAV/146.0.0.73.91;FBBV/75938921;FBDV/iPhone9,3;FBMD/iPhone;FBSN/iOS;FBSV/10.2.1;FBSS/2;FBCR/T-MobileA;FBID/phone;FBLC/de_DE;FBOP/5;FBRV/75938921]"
66.249.76.74 - - [24/Oct/2017:06:14:00 +0200] "GET /uploads/pdfs/guessing/10260175_A1L17.pdf HTTP/1.1" 301 320 "-" "Mozilla/5.0 (compatible; Googlebot/2.1; +http://www.google.com/bot.html)"
66.249.76.84 - - [24/Oct/2017:06:14:01 +0200] "GET /uploads/pdfs/guessing/10260175_A1L17.pdf HTTP/1.1" 200 34880 "-" "Mozilla/5.0 (compatible; Googlebot/2.1; +http://www.google.com/bot.html)"
178.165.129.248 - - [24/Oct/2017:06:14:02 +0200] "POST / HTTP/1.1" 200 3584 "https://www.easydrivers.at/fuehrerscheine/lkw" "Mozilla/5.0 (iPhone; CPU iPhone OS 11_0_3 like Mac OS X) AppleWebKit/604.1.38 (KHTML, like Gecko) Version/11.0 Mobile/15A432 Safari/604.1"
51.255.65.74 - - [24/Oct/2017:06:14:07 +0200] "GET /neunkirchen HTTP/1.1" 301 300 "-" "Mozilla/5.0 (compatible; AhrefsBot/5.2; +http://ahrefs.com/robot/)"
178.165.129.248 - - [24/Oct/2017:06:14:06 +0200] "POST /suche HTTP/1.1" 200 1919 "https://www.easydrivers.at/" "Mozilla/5.0 (iPhone; CPU iPhone OS 11_0_3 like Mac OS X) AppleWebKit/604.1.38 (KHTML, like Gecko) Version/11.0 Mobile/15A432 Safari/604.1"
66.249.66.30 - - [24/Oct/2017:06:14:19 +0200] "GET /uploads/pdfs/langenlois/10279524_B-L.pdf HTTP/1.1" 301 322 "-" "Mozilla/5.0 (compatible; Googlebot/2.1; +http://www.google.com/bot.html)"
66.249.76.80 - - [24/Oct/2017:06:14:19 +0200] "GET /uploads/pdfs/langenlois/10279524_B-L.pdf HTTP/1.1" 200 30413 "-" "Mozilla/5.0 (compatible; Googlebot/2.1; +http://www.google.com/bot.html)"
212.95.8.240 - - [24/Oct/2017:06:14:23 +0200] "GET /fuehrerscheine/auto?channel=fullversion HTTP/1.1" 200 3370 "-" "Mozilla/5.0 (Linux; Android 4.4.4; de-at; SAMSUNG GT-I9195I Build/KTU84P) AppleWebKit/537.36 (KHTML, like Gecko) Version/2.0 Chrome/34.0.1847.76 Mobile Safari/537.36"
213.240.103.89 - - [24/Oct/2017:06:14:26 +0200] "GET /moedling/img/mobile/menu-button.png HTTP/1.1" 301 317 "-" "Mozilla/5.0 (iPhone; CPU iPhone OS 10_2_1 like Mac OS X) AppleWebKit/602.4.6 (KHTML, like Gecko) Mobile/14D27 [FBAN/FBIOS;FBAV/146.0.0.73.91;FBBV/75938921;FBDV/iPhone9,3;FBMD/iPhone;FBSN/iOS;FBSV/10.2.1;FBSS/2;FBCR/T-MobileA;FBID/phone;FBLC/de_DE;FBOP/5;FBRV/75938921]"
213.240.103.89 - - [24/Oct/2017:06:14:26 +0200] "GET /moedling/img/mobile/menu-button.png HTTP/1.1" 404 3098 "-" "Mozilla/5.0 (iPhone; CPU iPhone OS 10_2_1 like Mac OS X) AppleWebKit/602.4.6 (KHTML, like Gecko) Mobile/14D27 [FBAN/FBIOS;FBAV/146.0.0.73.91;FBBV/75938921;FBDV/iPhone9,3;FBMD/iPhone;FBSN/iOS;FBSV/10.2.1;FBSS/2;FBCR/T-MobileA;FBID/phone;FBLC/de_DE;FBOP/5;FBRV/75938921]"
66.249.76.74 - - [24/Oct/2017:06:14:37 +0200] "GET /waidhofen.ybbs/10276718?FS=BBE HTTP/1.1" 301 316 "-" "Mozilla/5.0 (compatible; Googlebot/2.1; +http://www.google.com/bot.html)"
66.249.66.3 - - [24/Oct/2017:06:14:38 +0200] "GET /waidhofen.ybbs/10276718?FS=BBE HTTP/1.1" 200 5893 "-" "Mozilla/5.0 (compatible; Googlebot/2.1; +http://www.google.com/bot.html)"
178.115.128.115 - - [24/Oct/2017:06:14:39 +0200] "GET /fuehrerscheine/lkw HTTP/1.1" 200 2686 "https://www.google.at/" "Mozilla/5.0 (Windows NT 10.0; Win64; x64) AppleWebKit/537.36 (KHTML, like Gecko) Chrome/62.0.3202.62 Safari/537.36"
66.249.66.30 - - [24/Oct/2017:06:14:56 +0200] "GET /uploads/pdfs/perg/10277522_BE96.pdf HTTP/1.1" 301 318 "-" "Mozilla/5.0 (compatible; Googlebot/2.1; +http://www.google.com/bot.html)"
66.249.76.80 - - [24/Oct/2017:06:14:56 +0200] "GET /uploads/pdfs/perg/10277522_BE96.pdf HTTP/1.1" 200 28805 "-" "Mozilla/5.0 (compatible; Googlebot/2.1; +http://www.google.com/bot.html)"
213.240.103.89 - - [24/Oct/2017:06:14:59 +0200] "GET /moedling/img/mobile/close-button.png HTTP/1.1" 301 317 "-" "Mozilla/5.0 (iPhone; CPU iPhone OS 10_2_1 like Mac OS X) AppleWebKit/602.4.6 (KHTML, like Gecko) Mobile/14D27 [FBAN/FBIOS;FBAV/146.0.0.73.91;FBBV/75938921;FBDV/iPhone9,3;FBMD/iPhone;FBSN/iOS;FBSV/10.2.1;FBSS/2;FBCR/T-MobileA;FBID/phone;FBLC/de_DE;FBOP/5;FBRV/75938921]"
178.115.128.115 - - [24/Oct/2017:06:15:00 +0200] "-" 408 - "-" "-"
178.115.128.115 - - [24/Oct/2017:06:15:00 +0200] "-" 408 - "-" "-"
178.115.128.115 - - [24/Oct/2017:06:15:00 +0200] "-" 408 - "-" "-"
178.115.128.115 - - [24/Oct/2017:06:15:00 +0200] "-" 408 - "-" "-"
178.115.128.115 - - [24/Oct/2017:06:15:00 +0200] "-" 408 - "-" "-"
213.240.103.89 - - [24/Oct/2017:06:14:59 +0200] "GET /moedling/img/mobile/close-button.png HTTP/1.1" 404 3099 "-" "Mozilla/5.0 (iPhone; CPU iPhone OS 10_2_1 like Mac OS X) AppleWebKit/602.4.6 (KHTML, like Gecko) Mobile/14D27 [FBAN/FBIOS;FBAV/146.0.0.73.91;FBBV/75938921;FBDV/iPhone9,3;FBMD/iPhone;FBSN/iOS;FBSV/10.2.1;FBSS/2;FBCR/T-MobileA;FBID/phone;FBLC/de_DE;FBOP/5;FBRV/75938921]"
66.249.66.30 - - [24/Oct/2017:06:15:14 +0200] "GET /uploads/pdfs/langenlois/10279532_BF.pdf HTTP/1.1" 301 321 "-" "Mozilla/5.0 (compatible; Googlebot/2.1; +http://www.google.com/bot.html)"
66.249.76.80 - - [24/Oct/2017:06:15:14 +0200] "GET /uploads/pdfs/langenlois/10279532_BF.pdf HTTP/1.1" 200 29311 "-" "Mozilla/5.0 (compatible; Googlebot/2.1; +http://www.google.com/bot.html)"
213.240.103.89 - - [24/Oct/2017:06:15:29 +0200] "GET /moedling/img/mobile/facebook-icon.png HTTP/1.1" 301 319 "-" "Mozilla/5.0 (iPhone; CPU iPhone OS 10_2_1 like Mac OS X) AppleWebKit/602.4.6 (KHTML, like Gecko) Mobile/14D27 [FBAN/FBIOS;FBAV/146.0.0.73.91;FBBV/75938921;FBDV/iPhone9,3;FBMD/iPhone;FBSN/iOS;FBSV/10.2.1;FBSS/2;FBCR/T-MobileA;FBID/phone;FBLC/de_DE;FBOP/5;FBRV/75938921]"
213.240.103.89 - - [24/Oct/2017:06:15:29 +0200] "GET /moedling/img/mobile/facebook-icon.png HTTP/1.1" 404 3097 "-" "Mozilla/5.0 (iPhone; CPU iPhone OS 10_2_1 like Mac OS X) AppleWebKit/602.4.6 (KHTML, like Gecko) Mobile/14D27 [FBAN/FBIOS;FBAV/146.0.0.73.91;FBBV/75938921;FBDV/iPhone9,3;FBMD/iPhone;FBSN/iOS;FBSV/10.2.1;FBSS/2;FBCR/T-MobileA;FBID/phone;FBLC/de_DE;FBOP/5;FBRV/75938921]"
66.249.76.76 - - [24/Oct/2017:06:15:32 +0200] "GET /easy_drivers_st._peterau/10255788 HTTP/1.1" 301 312 "-" "Mozilla/5.0 (compatible; Googlebot/2.1; +http://www.google.com/bot.html)"
66.249.76.80 - - [24/Oct/2017:06:15:33 +0200] "GET /easy_drivers_st._peterau/10255788 HTTP/1.1" 200 2985 "-" "Mozilla/5.0 (compatible; Googlebot/2.1; +http://www.google.com/bot.html)"
66.249.66.30 - - [24/Oct/2017:06:15:51 +0200] "GET /uploads/pdfs/langenlois/10279526_B-L.pdf HTTP/1.1" 301 323 "-" "Mozilla/5.0 (compatible; Googlebot/2.1; +http://www.google.com/bot.html)"
66.249.66.3 - - [24/Oct/2017:06:15:51 +0200] "GET /uploads/pdfs/langenlois/10279526_B-L.pdf HTTP/1.1" 200 30280 "-" "Mozilla/5.0 (compatible; Googlebot/2.1; +http://www.google.com/bot.html)"
213.240.103.89 - - [24/Oct/2017:06:15:59 +0200] "GET /moedling/img/mobile/info-button.png HTTP/1.1" 301 317 "-" "Mozilla/5.0 (iPhone; CPU iPhone OS 10_2_1 like Mac OS X) AppleWebKit/602.4.6 (KHTML, like Gecko) Mobile/14D27 [FBAN/FBIOS;FBAV/146.0.0.73.91;FBBV/75938921;FBDV/iPhone9,3;FBMD/iPhone;FBSN/iOS;FBSV/10.2.1;FBSS/2;FBCR/T-MobileA;FBID/phone;FBLC/de_DE;FBOP/5;FBRV/75938921]"
213.240.103.89 - - [24/Oct/2017:06:16:01 +0200] "GET /moedling/img/mobile/info-close-button.png HTTP/1.1" 301 321 "-" "Mozilla/5.0 (iPhone; CPU iPhone OS 10_2_1 like Mac OS X) AppleWebKit/602.4.6 (KHTML, like Gecko) Mobile/14D27 [FBAN/FBIOS;FBAV/146.0.0.73.91;FBBV/75938921;FBDV/iPhone9,3;FBMD/iPhone;FBSN/iOS;FBSV/10.2.1;FBSS/2;FBCR/T-MobileA;FBID/phone;FBLC/de_DE;FBOP/5;FBRV/75938921]"
213.240.103.89 - - [24/Oct/2017:06:15:59 +0200] "GET /moedling/img/mobile/info-button.png HTTP/1.1" 404 3100 "-" "Mozilla/5.0 (iPhone; CPU iPhone OS 10_2_1 like Mac OS X) AppleWebKit/602.4.6 (KHTML, like Gecko) Mobile/14D27 [FBAN/FBIOS;FBAV/146.0.0.73.91;FBBV/75938921;FBDV/iPhone9,3;FBMD/iPhone;FBSN/iOS;FBSV/10.2.1;FBSS/2;FBCR/T-MobileA;FBID/phone;FBLC/de_DE;FBOP/5;FBRV/75938921]"
66.249.76.78 - - [24/Oct/2017:06:16:09 +0200] "GET /voesendorf/10281936?FS=A1L17 HTTP/1.1" 301 315 "-" "Mozilla/5.0 (compatible; Googlebot/2.1; +http://www.google.com/bot.html)"
66.249.66.5 - - [24/Oct/2017:06:16:10 +0200] "GET /voesendorf/10281936?FS=A1L17 HTTP/1.1" 200 6405 "-" "Mozilla/5.0 (compatible; Googlebot/2.1; +http://www.google.com/bot.html)"
188.103.18.185 - - [24/Oct/2017:06:16:27 +0200] "GET /easy.drivers.allgemein/L17.htm HTTP/1.1" 301 417 "-" "Mozilla/5.0 (Macintosh; Intel Mac OS X 10_10_3) AppleWebKit/537.36 (KHTML, like Gecko) Chrome/41.0.2272.89 Safari/537.36"
66.249.66.30 - - [24/Oct/2017:06:16:27 +0200] "GET /uploads/pdfs/hartberg/Mopedkurs-15-09-2015_A1F.pdf HTTP/1.1" 301 330 "-" "Mozilla/5.0 (compatible; Googlebot/2.1; +http://www.google.com/bot.html)"
66.249.66.5 - - [24/Oct/2017:06:16:28 +0200] "GET /uploads/pdfs/hartberg/Mopedkurs-15-09-2015_A1F.pdf HTTP/1.1" 200 31911 "-" "Mozilla/5.0 (compatible; Googlebot/2.1; +http://www.google.com/bot.html)"
213.240.103.89 - - [24/Oct/2017:06:16:31 +0200] "GET /moedling/img/smallicon-person.png HTTP/1.1" 301 315 "-" "Mozilla/5.0 (iPhone; CPU iPhone OS 10_2_1 like Mac OS X) AppleWebKit/602.4.6 (KHTML, like Gecko) Mobile/14D27 [FBAN/FBIOS;FBAV/146.0.0.73.91;FBBV/75938921;FBDV/iPhone9,3;FBMD/iPhone;FBSN/iOS;FBSV/10.2.1;FBSS/2;FBCR/T-MobileA;FBID/phone;FBLC/de_DE;FBOP/5;FBRV/75938921]"
94.134.128.177 - - [24/Oct/2017:06:16:32 +0200] "GET /easy.drivers.allgemein/L17.htm HTTP/1.1" 301 417 "-" "Mozilla/5.0 (Macintosh; Intel Mac OS X 10_10_3) AppleWebKit/537.36 (KHTML, like Gecko) Chrome/41.0.2272.89 Safari/537.36"
213.240.103.89 - - [24/Oct/2017:06:16:31 +0200] "GET /moedling/img/mobile/info-close-button.png HTTP/1.1" 404 3103 "-" "Mozilla/5.0 (iPhone; CPU iPhone OS 10_2_1 like Mac OS X) AppleWebKit/602.4.6 (KHTML, like Gecko) Mobile/14D27 [FBAN/FBIOS;FBAV/146.0.0.73.91;FBBV/75938921;FBDV/iPhone9,3;FBMD/iPhone;FBSN/iOS;FBSV/10.2.1;FBSS/2;FBCR/T-MobileA;FBID/phone;FBLC/de_DE;FBOP/5;FBRV/75938921]"
66.249.76.74 - - [24/Oct/2017:06:16:45 +0200] "GET /uploads/pdfs/hollabrunn/BE_Kurs_Dezember_2016_BZ.pdf HTTP/1.1" 301 332 "-" "Mozilla/5.0 (compatible; Googlebot/2.1; +http://www.google.com/bot.html)"
66.249.66.3 - - [24/Oct/2017:06:16:46 +0200] "GET /uploads/pdfs/hollabrunn/BE_Kurs_Dezember_2016_BZ.pdf HTTP/1.1" 200 31726 "-" "Mozilla/5.0 (compatible; Googlebot/2.1; +http://www.google.com/bot.html)"
66.249.76.74 - - [24/Oct/2017:06:17:04 +0200] "GET /download.php?id=10248008 HTTP/1.1" 301 311 "-" "Mozilla/5.0 (compatible; Googlebot/2.1; +http://www.google.com/bot.html)"
213.240.103.89 - - [24/Oct/2017:06:17:01 +0200] "GET /moedling/img/smallicon-person.png HTTP/1.1" 404 3102 "-" "Mozilla/5.0 (iPhone; CPU iPhone OS 10_2_1 like Mac OS X) AppleWebKit/602.4.6 (KHTML, like Gecko) Mobile/14D27 [FBAN/FBIOS;FBAV/146.0.0.73.91;FBBV/75938921;FBDV/iPhone9,3;FBMD/iPhone;FBSN/iOS;FBSV/10.2.1;FBSS/2;FBCR/T-MobileA;FBID/phone;FBLC/de_DE;FBOP/5;FBRV/75938921]"
66.249.66.5 - - [24/Oct/2017:06:17:05 +0200] "GET /download.php?id=10248008 HTTP/1.1" 200 209289 "-" "Mozilla/5.0 (compatible; Googlebot/2.1; +http://www.google.com/bot.html)"
213.240.103.89 - - [24/Oct/2017:06:17:05 +0200] "GET /moedling/img/smallicon-address.png HTTP/1.1" 301 314 "-" "Mozilla/5.0 (iPhone; CPU iPhone OS 10_2_1 like Mac OS X) AppleWebKit/602.4.6 (KHTML, like Gecko) Mobile/14D27 [FBAN/FBIOS;FBAV/146.0.0.73.91;FBBV/75938921;FBDV/iPhone9,3;FBMD/iPhone;FBSN/iOS;FBSV/10.2.1;FBSS/2;FBCR/T-MobileA;FBID/phone;FBLC/de_DE;FBOP/5;FBRV/75938921]"
213.240.103.89 - - [24/Oct/2017:06:17:05 +0200] "GET /moedling/img/smallicon-address.png HTTP/1.1" 404 3104 "-" "Mozilla/5.0 (iPhone; CPU iPhone OS 10_2_1 like Mac OS X) AppleWebKit/602.4.6 (KHTML, like Gecko) Mobile/14D27 [FBAN/FBIOS;FBAV/146.0.0.73.91;FBBV/75938921;FBDV/iPhone9,3;FBMD/iPhone;FBSN/iOS;FBSV/10.2.1;FBSS/2;FBCR/T-MobileA;FBID/phone;FBLC/de_DE;FBOP/5;FBRV/75938921]"
66.249.76.76 - - [24/Oct/2017:06:17:22 +0200] "GET /dornbirn/10278882?FS=BC HTTP/1.1" 301 311 "-" "Mozilla/5.0 (compatible; Googlebot/2.1; +http://www.google.com/bot.html)"
66.249.76.80 - - [24/Oct/2017:06:17:23 +0200] "GET /dornbirn/10278882?FS=BC HTTP/1.1" 200 6309 "-" "Mozilla/5.0 (compatible; Googlebot/2.1; +http://www.google.com/bot.html)"
213.240.103.89 - - [24/Oct/2017:06:17:35 +0200] "GET /moedling/img/mobile/googlemaps-pin.png HTTP/1.1" 301 319 "-" "Mozilla/5.0 (iPhone; CPU iPhone OS 10_2_1 like Mac OS X) AppleWebKit/602.4.6 (KHTML, like Gecko) Mobile/14D27 [FBAN/FBIOS;FBAV/146.0.0.73.91;FBBV/75938921;FBDV/iPhone9,3;FBMD/iPhone;FBSN/iOS;FBSV/10.2.1;FBSS/2;FBCR/T-MobileA;FBID/phone;FBLC/de_DE;FBOP/5;FBRV/75938921]"
213.240.103.89 - - [24/Oct/2017:06:17:35 +0200] "GET /moedling/img/mobile/googlemaps-pin.png HTTP/1.1" 404 3099 "-" "Mozilla/5.0 (iPhone; CPU iPhone OS 10_2_1 like Mac OS X) AppleWebKit/602.4.6 (KHTML, like Gecko) Mobile/14D27 [FBAN/FBIOS;FBAV/146.0.0.73.91;FBBV/75938921;FBDV/iPhone9,3;FBMD/iPhone;FBSN/iOS;FBSV/10.2.1;FBSS/2;FBCR/T-MobileA;FBID/phone;FBLC/de_DE;FBOP/5;FBRV/75938921]"
66.249.66.30 - - [24/Oct/2017:06:17:41 +0200] "GET /waidhofen.ybbs/10276718?FS=BZ HTTP/1.1" 301 316 "-" "Mozilla/5.0 (compatible; Googlebot/2.1; +http://www.google.com/bot.html)"
66.249.76.80 - - [24/Oct/2017:06:17:41 +0200] "GET /waidhofen.ybbs/10276718?FS=BZ HTTP/1.1" 200 5491 "-" "Mozilla/5.0 (compatible; Googlebot/2.1; +http://www.google.com/bot.html)"
66.249.66.30 - - [24/Oct/2017:06:17:59 +0200] "GET /uploads/pdfs/kapfenberg.pankl/10260079_F.pdf HTTP/1.1" 301 326 "-" "Mozilla/5.0 (compatible; Googlebot/2.1; +http://www.google.com/bot.html)"
66.249.66.3 - - [24/Oct/2017:06:18:00 +0200] "GET /uploads/pdfs/kapfenberg.pankl/10260079_F.pdf HTTP/1.1" 200 28208 "-" "Mozilla/5.0 (compatible; Googlebot/2.1; +http://www.google.com/bot.html)"
66.249.76.74 - - [24/Oct/2017:06:18:17 +0200] "GET /uploads/pdfs/bludenz/Motorradkurs_-_A1,_A2,_A_2016-10-17_A1.pdf HTTP/1.1" 301 337 "-" "Mozilla/5.0 (compatible; Googlebot/2.1; +http://www.google.com/bot.html)"
66.249.76.80 - - [24/Oct/2017:06:18:18 +0200] "GET /uploads/pdfs/bludenz/Motorradkurs_-_A1,_A2,_A_2016-10-17_A1.pdf HTTP/1.1" 200 29358 "-" "Mozilla/5.0 (compatible; Googlebot/2.1; +http://www.google.com/bot.html)"
66.249.76.74 - - [24/Oct/2017:06:18:35 +0200] "GET /uploads/pdfs/innsbruck/10258736_B-L17.pdf HTTP/1.1" 301 324 "-" "Mozilla/5.0 (compatible; Googlebot/2.1; +http://www.google.com/bot.html)"
66.249.66.3 - - [24/Oct/2017:06:18:36 +0200] "GET /uploads/pdfs/innsbruck/10258736_B-L17.pdf HTTP/1.1" 200 35660 "-" "Mozilla/5.0 (compatible; Googlebot/2.1; +http://www.google.com/bot.html)"
40.77.167.13 - - [24/Oct/2017:06:18:52 +0200] "GET /binaries/10251132.jpg HTTP/1.1" 301 309 "-" "Mozilla/5.0 (compatible; bingbot/2.0; +http://www.bing.com/bingbot.htm)"
40.77.167.13 - - [24/Oct/2017:06:18:53 +0200] "GET /binaries/10251132.jpg HTTP/1.1" 200 17937 "-" "Mozilla/5.0 (compatible; bingbot/2.0; +http://www.bing.com/bingbot.htm)"
66.249.76.74 - - [24/Oct/2017:06:18:54 +0200] "GET /uploads/pdfs/eisenstadt/10279287_B-L.pdf HTTP/1.1" 301 321 "-" "Mozilla/5.0 (compatible; Googlebot/2.1; +http://www.google.com/bot.html)"
66.249.76.80 - - [24/Oct/2017:06:18:54 +0200] "GET /uploads/pdfs/eisenstadt/10279287_B-L.pdf HTTP/1.1" 200 30302 "-" "Mozilla/5.0 (compatible; Googlebot/2.1; +http://www.google.com/bot.html)"
213.147.162.44 - - [24/Oct/2017:06:19:09 +0200] "GET /schwechat HTTP/1.1" 301 299 "http://www.google.at/search?q=easy+drive+schwechat&btnG=" "Mozilla/5.0 (Android 6.0.1; Mobile; rv:56.0) Gecko/56.0 Firefox/56.0"
213.147.162.44 - - [24/Oct/2017:06:19:09 +0200] "GET /schwechat HTTP/1.1" 200 3047 "http://www.google.at/search?q=easy+drive+schwechat&btnG=" "Mozilla/5.0 (Android 6.0.1; Mobile; rv:56.0) Gecko/56.0 Firefox/56.0"
213.147.162.44 - - [24/Oct/2017:06:19:11 +0200] "GET /css/mobile.css HTTP/1.1" 200 2852 "https://www.easydrivers.at/schwechat" "Mozilla/5.0 (Android 6.0.1; Mobile; rv:56.0) Gecko/56.0 Firefox/56.0"
213.147.162.44 - - [24/Oct/2017:06:19:11 +0200] "GET /javascript/jquery.cookie.js HTTP/1.1" 200 863 "https://www.easydrivers.at/schwechat" "Mozilla/5.0 (Android 6.0.1; Mobile; rv:56.0) Gecko/56.0 Firefox/56.0"
213.147.162.44 - - [24/Oct/2017:06:19:11 +0200] "GET /javascript/mobile-menu.js HTTP/1.1" 200 1634 "https://www.easydrivers.at/schwechat" "Mozilla/5.0 (Android 6.0.1; Mobile; rv:56.0) Gecko/56.0 Firefox/56.0"
213.147.162.44 - - [24/Oct/2017:06:19:11 +0200] "GET /javascript/jquery.simplemodal.js HTTP/1.1" 200 3070 "https://www.easydrivers.at/schwechat" "Mozilla/5.0 (Android 6.0.1; Mobile; rv:56.0) Gecko/56.0 Firefox/56.0"
213.147.162.44 - - [24/Oct/2017:06:19:11 +0200] "GET /javascript/mobile-fahrschule.js HTTP/1.1" 200 328 "https://www.easydrivers.at/schwechat" "Mozilla/5.0 (Android 6.0.1; Mobile; rv:56.0) Gecko/56.0 Firefox/56.0"
213.147.162.44 - - [24/Oct/2017:06:19:11 +0200] "GET /javascript/jquery-1.9.1.min.js HTTP/1.1" 200 32731 "https://www.easydrivers.at/schwechat" "Mozilla/5.0 (Android 6.0.1; Mobile; rv:56.0) Gecko/56.0 Firefox/56.0"
213.147.162.44 - - [24/Oct/2017:06:19:11 +0200] "GET /javascript/lazyload.js HTTP/1.1" 200 1170 "https://www.easydrivers.at/schwechat" "Mozilla/5.0 (Android 6.0.1; Mobile; rv:56.0) Gecko/56.0 Firefox/56.0"
213.147.162.44 - - [24/Oct/2017:06:19:11 +0200] "GET /img/smallicon-mail.png HTTP/1.1" 200 1341 "https://www.easydrivers.at/schwechat" "Mozilla/5.0 (Android 6.0.1; Mobile; rv:56.0) Gecko/56.0 Firefox/56.0"
213.147.162.44 - - [24/Oct/2017:06:19:11 +0200] "GET /img/smallicon-time.png HTTP/1.1" 200 1262 "https://www.easydrivers.at/schwechat" "Mozilla/5.0 (Android 6.0.1; Mobile; rv:56.0) Gecko/56.0 Firefox/56.0"
213.147.162.44 - - [24/Oct/2017:06:19:11 +0200] "GET /img/mobile/widget-icon-app.png HTTP/1.1" 200 3458 "https://www.easydrivers.at/schwechat" "Mozilla/5.0 (Android 6.0.1; Mobile; rv:56.0) Gecko/56.0 Firefox/56.0"
213.147.162.44 - - [24/Oct/2017:06:19:11 +0200] "GET /img/mobile/googlemaps-pin.png HTTP/1.1" 200 1597 "https://www.easydrivers.at/schwechat" "Mozilla/5.0 (Android 6.0.1; Mobile; rv:56.0) Gecko/56.0 Firefox/56.0"
213.147.162.44 - - [24/Oct/2017:06:19:11 +0200] "GET /img/smallicon-phone.png HTTP/1.1" 200 3056 "https://www.easydrivers.at/schwechat" "Mozilla/5.0 (Android 6.0.1; Mobile; rv:56.0) Gecko/56.0 Firefox/56.0"
213.147.162.44 - - [24/Oct/2017:06:19:11 +0200] "GET /img/mobile/easydrivers-logo-mobile.png HTTP/1.1" 200 10766 "https://www.easydrivers.at/schwechat" "Mozilla/5.0 (Android 6.0.1; Mobile; rv:56.0) Gecko/56.0 Firefox/56.0"
213.147.162.44 - - [24/Oct/2017:06:19:12 +0200] "GET /img/mobile/menu-button.png HTTP/1.1" 200 1746 "https://www.easydrivers.at/schwechat" "Mozilla/5.0 (Android 6.0.1; Mobile; rv:56.0) Gecko/56.0 Firefox/56.0"
213.147.162.44 - - [24/Oct/2017:06:19:12 +0200] "GET /img/mobile/close-button.png HTTP/1.1" 200 2411 "https://www.easydrivers.at/schwechat" "Mozilla/5.0 (Android 6.0.1; Mobile; rv:56.0) Gecko/56.0 Firefox/56.0"
213.147.162.44 - - [24/Oct/2017:06:19:12 +0200] "GET /img/mobile/info-close-button.png HTTP/1.1" 200 1721 "https://www.easydrivers.at/schwechat" "Mozilla/5.0 (Android 6.0.1; Mobile; rv:56.0) Gecko/56.0 Firefox/56.0"
213.147.162.44 - - [24/Oct/2017:06:19:12 +0200] "GET /img/mobile/info-button.png HTTP/1.1" 200 1549 "https://www.easydrivers.at/schwechat" "Mozilla/5.0 (Android 6.0.1; Mobile; rv:56.0) Gecko/56.0 Firefox/56.0"
213.147.162.44 - - [24/Oct/2017:06:19:12 +0200] "GET /img/mobile/facebook-icon.png HTTP/1.1" 200 1902 "https://www.easydrivers.at/schwechat" "Mozilla/5.0 (Android 6.0.1; Mobile; rv:56.0) Gecko/56.0 Firefox/56.0"
213.147.162.44 - - [24/Oct/2017:06:19:12 +0200] "GET /img/smallicon-person.png HTTP/1.1" 200 1141 "https://www.easydrivers.at/schwechat" "Mozilla/5.0 (Android 6.0.1; Mobile; rv:56.0) Gecko/56.0 Firefox/56.0"
213.147.162.44 - - [24/Oct/2017:06:19:12 +0200] "GET /img/smallicon-address.png HTTP/1.1" 200 1211 "https://www.easydrivers.at/schwechat" "Mozilla/5.0 (Android 6.0.1; Mobile; rv:56.0) Gecko/56.0 Firefox/56.0"
213.147.162.44 - - [24/Oct/2017:06:19:12 +0200] "GET /img/mobile/bg-menu.jpg HTTP/1.1" 200 1698 "https://www.easydrivers.at/css/mobile.css" "Mozilla/5.0 (Android 6.0.1; Mobile; rv:56.0) Gecko/56.0 Firefox/56.0"
213.147.162.44 - - [24/Oct/2017:06:19:12 +0200] "GET /img/mobile/bg-header.jpg HTTP/1.1" 200 19741 "https://www.easydrivers.at/css/mobile.css" "Mozilla/5.0 (Android 6.0.1; Mobile; rv:56.0) Gecko/56.0 Firefox/56.0"
213.147.162.44 - - [24/Oct/2017:06:19:12 +0200] "GET /img/mobile/pfeil-rechts.png HTTP/1.1" 200 1228 "https://www.easydrivers.at/css/mobile.css" "Mozilla/5.0 (Android 6.0.1; Mobile; rv:56.0) Gecko/56.0 Firefox/56.0"
213.147.162.44 - - [24/Oct/2017:06:19:12 +0200] "GET /img/mobile/bg-top-section.jpg HTTP/1.1" 200 21711 "https://www.easydrivers.at/css/mobile.css" "Mozilla/5.0 (Android 6.0.1; Mobile; rv:56.0) Gecko/56.0 Firefox/56.0"
66.249.76.76 - - [24/Oct/2017:06:19:12 +0200] "GET /dornbirn/10278882?FS=BF HTTP/1.1" 301 311 "-" "Mozilla/5.0 (compatible; Googlebot/2.1; +http://www.google.com/bot.html)"
213.147.162.44 - - [24/Oct/2017:06:19:13 +0200] "GET /img/favicon.ico HTTP/1.1" 301 303 "-" "Mozilla/5.0 (Android 6.0.1; Mobile; rv:56.0) Gecko/56.0 Firefox/56.0"
213.147.162.44 - - [24/Oct/2017:06:19:13 +0200] "GET /img/favicon.ico HTTP/1.1" 404 301 "-" "Mozilla/5.0 (Android 6.0.1; Mobile; rv:56.0) Gecko/56.0 Firefox/56.0"
213.147.162.44 - - [24/Oct/2017:06:19:13 +0200] "GET /favicon.ico HTTP/1.1" 200 1150 "-" "Mozilla/5.0 (Android 6.0.1; Mobile; rv:56.0) Gecko/56.0 Firefox/56.0"
66.249.76.82 - - [24/Oct/2017:06:19:13 +0200] "GET /dornbirn/10278882?FS=BF HTTP/1.1" 200 5934 "-" "Mozilla/5.0 (compatible; Googlebot/2.1; +http://www.google.com/bot.html)"
213.147.162.44 - - [24/Oct/2017:06:19:18 +0200] "POST /schwechat/kursauswahl HTTP/1.1" 200 3216 "https://www.easydrivers.at/schwechat" "Mozilla/5.0 (Android 6.0.1; Mobile; rv:56.0) Gecko/56.0 Firefox/56.0"
213.147.162.44 - - [24/Oct/2017:06:19:21 +0200] "GET /javascript/mobile-fahrschule-kurs-suchergebnis.js HTTP/1.1" 200 274 "https://www.easydrivers.at/schwechat/kursauswahl" "Mozilla/5.0 (Android 6.0.1; Mobile; rv:56.0) Gecko/56.0 Firefox/56.0"
213.147.162.44 - - [24/Oct/2017:06:19:21 +0200] "GET /img/mobile/pfeil-links-small.png HTTP/1.1" 200 1065 "https://www.easydrivers.at/css/mobile.css" "Mozilla/5.0 (Android 6.0.1; Mobile; rv:56.0) Gecko/56.0 Firefox/56.0"
213.147.162.44 - - [24/Oct/2017:06:19:21 +0200] "GET /img/mobile/bg-yellow.jpg HTTP/1.1" 200 1569 "https://www.easydrivers.at/css/mobile.css" "Mozilla/5.0 (Android 6.0.1; Mobile; rv:56.0) Gecko/56.0 Firefox/56.0"
213.147.162.44 - - [24/Oct/2017:06:19:21 +0200] "GET /img/loading-bars.gif HTTP/1.1" 200 3951 "https://www.easydrivers.at/css/mobile.css" "Mozilla/5.0 (Android 6.0.1; Mobile; rv:56.0) Gecko/56.0 Firefox/56.0"
213.147.162.44 - - [24/Oct/2017:06:19:22 +0200] "GET /img/favicon.ico HTTP/1.1" 301 303 "-" "Mozilla/5.0 (Android 6.0.1; Mobile; rv:56.0) Gecko/56.0 Firefox/56.0"
213.147.162.44 - - [24/Oct/2017:06:19:22 +0200] "GET /img/favicon.ico HTTP/1.1" 404 301 "-" "Mozilla/5.0 (Android 6.0.1; Mobile; rv:56.0) Gecko/56.0 Firefox/56.0"
213.147.162.44 - - [24/Oct/2017:06:19:27 +0200] "POST /loadkursliste HTTP/1.1" 200 663 "https://www.easydrivers.at/schwechat/kursauswahl" "Mozilla/5.0 (Android 6.0.1; Mobile; rv:56.0) Gecko/56.0 Firefox/56.0"
66.249.76.74 - - [24/Oct/2017:06:19:30 +0200] "GET /uploads/pdfs/retz/10259503_BC.pdf HTTP/1.1" 301 316 "-" "Mozilla/5.0 (compatible; Googlebot/2.1; +http://www.google.com/bot.html)"
66.249.66.3 - - [24/Oct/2017:06:19:31 +0200] "GET /uploads/pdfs/retz/10259503_BC.pdf HTTP/1.1" 200 29167 "-" "Mozilla/5.0 (compatible; Googlebot/2.1; +http://www.google.com/bot.html)"
66.249.76.74 - - [24/Oct/2017:06:19:49 +0200] "GET /uploads/pdfs/bludenz/LKW-Kurs_-_CD_2016-05-09_CCE.pdf HTTP/1.1" 301 334 "-" "Mozilla/5.0 (compatible; Googlebot/2.1; +http://www.google.com/bot.html)"
66.249.76.80 - - [24/Oct/2017:06:19:49 +0200] "GET /uploads/pdfs/bludenz/LKW-Kurs_-_CD_2016-05-09_CCE.pdf HTTP/1.1" 200 28801 "-" "Mozilla/5.0 (compatible; Googlebot/2.1; +http://www.google.com/bot.html)"
66.249.76.76 - - [24/Oct/2017:06:20:07 +0200] "GET /uploads/pdfs/st.poelten/10260019_B-L17.pdf HTTP/1.1" 301 322 "-" "Mozilla/5.0 (compatible; Googlebot/2.1; +http://www.google.com/bot.html)"
66.249.76.82 - - [24/Oct/2017:06:20:08 +0200] "GET /uploads/pdfs/st.poelten/10260019_B-L17.pdf HTTP/1.1" 200 34470 "-" "Mozilla/5.0 (compatible; Googlebot/2.1; +http://www.google.com/bot.html)"
167.114.1.197 - - [24/Oct/2017:06:20:07 +0200] "GET /krems/aktionen HTTP/1.1" 200 3479 "-" "Mozilla/5.0 (Windows NT 10.0; WOW64; rv:53.0) Gecko/20100101 Firefox/53.0"
46.125.250.11 - - [24/Oct/2017:06:20:13 +0200] "GET /guessing HTTP/1.1" 301 298 "http://m.facebook.com/" "Mozilla/5.0 (Linux; Android 7.0; SM-G935F Build/NRD90M; wv) AppleWebKit/537.36 (KHTML, like Gecko) Version/4.0 Chrome/61.0.3163.98 Mobile Safari/537.36 [FB_IAB/FB4A;FBAV/146.0.0.53.92;]"
46.125.250.11 - - [24/Oct/2017:06:20:14 +0200] "GET /guessing HTTP/1.1" 200 2945 "http://m.facebook.com/" "Mozilla/5.0 (Linux; Android 7.0; SM-G935F Build/NRD90M; wv) AppleWebKit/537.36 (KHTML, like Gecko) Version/4.0 Chrome/61.0.3163.98 Mobile Safari/537.36 [FB_IAB/FB4A;FBAV/146.0.0.53.92;]"
66.249.76.74 - - [24/Oct/2017:06:20:25 +0200] "GET /uploads/pdfs/hartberg/E-Seminar-07-11-2015_CCE95.pdf HTTP/1.1" 301 331 "-" "Mozilla/5.0 (compatible; Googlebot/2.1; +http://www.google.com/bot.html)"
66.249.66.5 - - [24/Oct/2017:06:20:26 +0200] "GET /uploads/pdfs/hartberg/E-Seminar-07-11-2015_CCE95.pdf HTTP/1.1" 200 28761 "-" "Mozilla/5.0 (compatible; Googlebot/2.1; +http://www.google.com/bot.html)"
213.147.162.44 - - [24/Oct/2017:06:20:26 +0200] "GET /schwechat/10280401?FS=B HTTP/1.1" 200 3401 "https://www.easydrivers.at/schwechat/kursauswahl" "Mozilla/5.0 (Android 6.0.1; Mobile; rv:56.0) Gecko/56.0 Firefox/56.0"
