108.171.129.164 - - [24/Oct/2017:06:32:21 +0200] "GET /javascript/jquery.base64.min.js HTTP/1.1" 200 37135 "https://www.easydrivers.at/feldkirch/kursauswahl" "Mozilla/5.0 (Windows NT 6.1; Win64; x64) AppleWebKit/537.36 (KHTML, like Gecko) Chrome/61.0.3163.100 Safari/537.36"
66.249.66.31 - - [24/Oct/2017:06:32:21 +0200] "GET /dornbirn/10247038?FS=A2BF HTTP/1.1" 301 313 "-" "Mozilla/5.0 (compatible; Googlebot/2.1; +http://www.google.com/bot.html)"
66.249.76.80 - - [24/Oct/2017:06:32:21 +0200] "GET /dornbirn/10247038?FS=A2BF HTTP/1.1" 200 6284 "-" "Mozilla/5.0 (compatible; Googlebot/2.1; +http://www.google.com/bot.html)"
188.22.249.212 - - [24/Oct/2017:06:32:29 +0200] "GET /ybbs HTTP/1.1" 301 296 "http://www.google.at/" "Mozilla/5.0 (Linux; Android 7.0; HUAWEI CAN-L11 Build/HUAWEICAN-L11) AppleWebKit/537.36 (KHTML, like Gecko) Chrome/61.0.3163.98 Mobile Safari/537.36"
188.22.249.212 - - [24/Oct/2017:06:32:30 +0200] "GET /ybbs HTTP/1.1" 200 2919 "http://www.google.at/" "Mozilla/5.0 (Linux; Android 7.0; HUAWEI CAN-L11 Build/HUAWEICAN-L11) AppleWebKit/537.36 (KHTML, like Gecko) Chrome/61.0.3163.98 Mobile Safari/537.36"
188.22.249.212 - - [24/Oct/2017:06:32:32 +0200] "GET /css/mobile.css HTTP/1.1" 200 2852 "https://www.easydrivers.at/ybbs" "Mozilla/5.0 (Linux; Android 7.0; HUAWEI CAN-L11 Build/HUAWEICAN-L11) AppleWebKit/537.36 (KHTML, like Gecko) Chrome/61.0.3163.98 Mobile Safari/537.36"
188.22.249.212 - - [24/Oct/2017:06:32:32 +0200] "GET /javascript/jquery-1.9.1.min.js HTTP/1.1" 200 32731 "https://www.easydrivers.at/ybbs" "Mozilla/5.0 (Linux; Android 7.0; HUAWEI CAN-L11 Build/HUAWEICAN-L11) AppleWebKit/537.36 (KHTML, like Gecko) Chrome/61.0.3163.98 Mobile Safari/537.36"
188.22.249.212 - - [24/Oct/2017:06:32:32 +0200] "GET /javascript/jquery.cookie.js HTTP/1.1" 200 863 "https://www.easydrivers.at/ybbs" "Mozilla/5.0 (Linux; Android 7.0; HUAWEI CAN-L11 Build/HUAWEICAN-L11) AppleWebKit/537.36 (KHTML, like Gecko) Chrome/61.0.3163.98 Mobile Safari/537.36"
188.22.249.212 - - [24/Oct/2017:06:32:32 +0200] "GET /javascript/mobile-menu.js HTTP/1.1" 200 1634 "https://www.easydrivers.at/ybbs" "Mozilla/5.0 (Linux; Android 7.0; HUAWEI CAN-L11 Build/HUAWEICAN-L11) AppleWebKit/537.36 (KHTML, like Gecko) Chrome/61.0.3163.98 Mobile Safari/537.36"
188.22.249.212 - - [24/Oct/2017:06:32:32 +0200] "GET /javascript/jquery.simplemodal.js HTTP/1.1" 200 3070 "https://www.easydrivers.at/ybbs" "Mozilla/5.0 (Linux; Android 7.0; HUAWEI CAN-L11 Build/HUAWEICAN-L11) AppleWebKit/537.36 (KHTML, like Gecko) Chrome/61.0.3163.98 Mobile Safari/537.36"
188.22.249.212 - - [24/Oct/2017:06:32:32 +0200] "GET /javascript/mobile-fahrschule.js HTTP/1.1" 200 328 "https://www.easydrivers.at/ybbs" "Mozilla/5.0 (Linux; Android 7.0; HUAWEI CAN-L11 Build/HUAWEICAN-L11) AppleWebKit/537.36 (KHTML, like Gecko) Chrome/61.0.3163.98 Mobile Safari/537.36"
188.22.249.212 - - [24/Oct/2017:06:32:32 +0200] "GET /javascript/lazyload.js HTTP/1.1" 200 1170 "https://www.easydrivers.at/ybbs" "Mozilla/5.0 (Linux; Android 7.0; HUAWEI CAN-L11 Build/HUAWEICAN-L11) AppleWebKit/537.36 (KHTML, like Gecko) Chrome/61.0.3163.98 Mobile Safari/537.36"
188.22.249.212 - - [24/Oct/2017:06:32:32 +0200] "GET /img/mobile/easydrivers-logo-mobile.png HTTP/1.1" 200 10766 "https://www.easydrivers.at/ybbs" "Mozilla/5.0 (Linux; Android 7.0; HUAWEI CAN-L11 Build/HUAWEICAN-L11) AppleWebKit/537.36 (KHTML, like Gecko) Chrome/61.0.3163.98 Mobile Safari/537.36"
188.22.249.212 - - [24/Oct/2017:06:32:32 +0200] "GET /img/mobile/menu-button.png HTTP/1.1" 200 1746 "https://www.easydrivers.at/ybbs" "Mozilla/5.0 (Linux; Android 7.0; HUAWEI CAN-L11 Build/HUAWEICAN-L11) AppleWebKit/537.36 (KHTML, like Gecko) Chrome/61.0.3163.98 Mobile Safari/537.36"
188.22.249.212 - - [24/Oct/2017:06:32:32 +0200] "GET /img/mobile/close-button.png HTTP/1.1" 200 2411 "https://www.easydrivers.at/ybbs" "Mozilla/5.0 (Linux; Android 7.0; HUAWEI CAN-L11 Build/HUAWEICAN-L11) AppleWebKit/537.36 (KHTML, like Gecko) Chrome/61.0.3163.98 Mobile Safari/537.36"
188.22.249.212 - - [24/Oct/2017:06:32:32 +0200] "GET /img/mobile/facebook-icon.png HTTP/1.1" 200 1902 "https://www.easydrivers.at/ybbs" "Mozilla/5.0 (Linux; Android 7.0; HUAWEI CAN-L11 Build/HUAWEICAN-L11) AppleWebKit/537.36 (KHTML, like Gecko) Chrome/61.0.3163.98 Mobile Safari/537.36"
188.22.249.212 - - [24/Oct/2017:06:32:32 +0200] "GET /img/mobile/info-button.png HTTP/1.1" 200 1549 "https://www.easydrivers.at/ybbs" "Mozilla/5.0 (Linux; Android 7.0; HUAWEI CAN-L11 Build/HUAWEICAN-L11) AppleWebKit/537.36 (KHTML, like Gecko) Chrome/61.0.3163.98 Mobile Safari/537.36"
188.22.249.212 - - [24/Oct/2017:06:32:33 +0200] "GET /img/mobile/info-close-button.png HTTP/1.1" 200 1721 "https://www.easydrivers.at/ybbs" "Mozilla/5.0 (Linux; Android 7.0; HUAWEI CAN-L11 Build/HUAWEICAN-L11) AppleWebKit/537.36 (KHTML, like Gecko) Chrome/61.0.3163.98 Mobile Safari/537.36"
188.22.249.212 - - [24/Oct/2017:06:32:33 +0200] "GET /img/mobile/bg-header.jpg HTTP/1.1" 200 19741 "https://www.easydrivers.at/css/mobile.css" "Mozilla/5.0 (Linux; Android 7.0; HUAWEI CAN-L11 Build/HUAWEICAN-L11) AppleWebKit/537.36 (KHTML, like Gecko) Chrome/61.0.3163.98 Mobile Safari/537.36"
188.22.249.212 - - [24/Oct/2017:06:32:33 +0200] "GET /img/mobile/bg-top-section.jpg HTTP/1.1" 200 21711 "https://www.easydrivers.at/css/mobile.css" "Mozilla/5.0 (Linux; Android 7.0; HUAWEI CAN-L11 Build/HUAWEICAN-L11) AppleWebKit/537.36 (KHTML, like Gecko) Chrome/61.0.3163.98 Mobile Safari/537.36"
188.22.249.212 - - [24/Oct/2017:06:32:33 +0200] "GET /img/mobile/pfeil-rechts.png HTTP/1.1" 200 1228 "https://www.easydrivers.at/css/mobile.css" "Mozilla/5.0 (Linux; Android 7.0; HUAWEI CAN-L11 Build/HUAWEICAN-L11) AppleWebKit/537.36 (KHTML, like Gecko) Chrome/61.0.3163.98 Mobile Safari/537.36"
188.22.249.212 - - [24/Oct/2017:06:32:33 +0200] "GET /img/smallicon-person.png HTTP/1.1" 200 1141 "https://www.easydrivers.at/ybbs" "Mozilla/5.0 (Linux; Android 7.0; HUAWEI CAN-L11 Build/HUAWEICAN-L11) AppleWebKit/537.36 (KHTML, like Gecko) Chrome/61.0.3163.98 Mobile Safari/537.36"
188.22.249.212 - - [24/Oct/2017:06:32:33 +0200] "GET /img/smallicon-address.png HTTP/1.1" 200 1211 "https://www.easydrivers.at/ybbs" "Mozilla/5.0 (Linux; Android 7.0; HUAWEI CAN-L11 Build/HUAWEICAN-L11) AppleWebKit/537.36 (KHTML, like Gecko) Chrome/61.0.3163.98 Mobile Safari/537.36"
188.22.249.212 - - [24/Oct/2017:06:32:33 +0200] "GET /img/mobile/googlemaps-pin.png HTTP/1.1" 200 1597 "https://www.easydrivers.at/ybbs" "Mozilla/5.0 (Linux; Android 7.0; HUAWEI CAN-L11 Build/HUAWEICAN-L11) AppleWebKit/537.36 (KHTML, like Gecko) Chrome/61.0.3163.98 Mobile Safari/537.36"
188.22.249.212 - - [24/Oct/2017:06:32:33 +0200] "GET /img/smallicon-time.png HTTP/1.1" 200 1262 "https://www.easydrivers.at/ybbs" "Mozilla/5.0 (Linux; Android 7.0; HUAWEI CAN-L11 Build/HUAWEICAN-L11) AppleWebKit/537.36 (KHTML, like Gecko) Chrome/61.0.3163.98 Mobile Safari/537.36"
188.22.249.212 - - [24/Oct/2017:06:32:33 +0200] "GET /img/smallicon-phone.png HTTP/1.1" 200 3056 "https://www.easydrivers.at/ybbs" "Mozilla/5.0 (Linux; Android 7.0; HUAWEI CAN-L11 Build/HUAWEICAN-L11) AppleWebKit/537.36 (KHTML, like Gecko) Chrome/61.0.3163.98 Mobile Safari/537.36"
188.22.249.212 - - [24/Oct/2017:06:32:33 +0200] "GET /img/smallicon-mail.png HTTP/1.1" 200 1341 "https://www.easydrivers.at/ybbs" "Mozilla/5.0 (Linux; Android 7.0; HUAWEI CAN-L11 Build/HUAWEICAN-L11) AppleWebKit/537.36 (KHTML, like Gecko) Chrome/61.0.3163.98 Mobile Safari/537.36"
188.22.249.212 - - [24/Oct/2017:06:32:33 +0200] "GET /img/mobile/widget-icon-app.png HTTP/1.1" 200 3458 "https://www.easydrivers.at/ybbs" "Mozilla/5.0 (Linux; Android 7.0; HUAWEI CAN-L11 Build/HUAWEICAN-L11) AppleWebKit/537.36 (KHTML, like Gecko) Chrome/61.0.3163.98 Mobile Safari/537.36"
188.22.249.212 - - [24/Oct/2017:06:32:33 +0200] "GET /img/mobile/bg-menu.jpg HTTP/1.1" 200 1698 "https://www.easydrivers.at/css/mobile.css" "Mozilla/5.0 (Linux; Android 7.0; HUAWEI CAN-L11 Build/HUAWEICAN-L11) AppleWebKit/537.36 (KHTML, like Gecko) Chrome/61.0.3163.98 Mobile Safari/537.36"
188.22.249.212 - - [24/Oct/2017:06:32:33 +0200] "GET /img/favicon.ico HTTP/1.1" 301 303 "-" "Mozilla/5.0 (Linux; Android 7.0; HUAWEI CAN-L11 Build/HUAWEICAN-L11) AppleWebKit/537.36 (KHTML, like Gecko) Chrome/61.0.3163.98 Mobile Safari/537.36"
188.22.249.212 - - [24/Oct/2017:06:32:34 +0200] "GET /img/favicon.ico HTTP/1.1" 404 301 "-" "Mozilla/5.0 (Linux; Android 7.0; HUAWEI CAN-L11 Build/HUAWEICAN-L11) AppleWebKit/537.36 (KHTML, like Gecko) Chrome/61.0.3163.98 Mobile Safari/537.36"
66.249.76.74 - - [24/Oct/2017:06:32:39 +0200] "GET /fuehrerscheine/motorrad/AvonA1 HTTP/1.1" 301 312 "-" "Mozilla/5.0 (compatible; Googlebot/2.1; +http://www.google.com/bot.html)"
108.171.129.164 - - [24/Oct/2017:06:32:38 +0200] "GET /feldkirch/aktionen HTTP/1.1" 200 2891 "https://www.easydrivers.at/feldkirch/kursauswahl" "Mozilla/5.0 (Windows NT 6.1; Win64; x64) AppleWebKit/537.36 (KHTML, like Gecko) Chrome/61.0.3163.100 Safari/537.36"
108.171.129.164 - - [24/Oct/2017:06:32:40 +0200] "GET /binaries/easy-drivers-portal/motorrad1jpg.jpg HTTP/1.1" 200 125850 "https://www.easydrivers.at/feldkirch/aktionen" "Mozilla/5.0 (Windows NT 6.1; Win64; x64) AppleWebKit/537.36 (KHTML, like Gecko) Chrome/61.0.3163.100 Safari/537.36"
66.249.66.3 - - [24/Oct/2017:06:32:40 +0200] "GET /fuehrerscheine/motorrad/AvonA1 HTTP/1.1" 200 3014 "-" "Mozilla/5.0 (compatible; Googlebot/2.1; +http://www.google.com/bot.html)"
164.132.161.92 - - [24/Oct/2017:06:32:44 +0200] "GET /wallensteinplatz HTTP/1.1" 301 305 "-" "Mozilla/5.0 (compatible; AhrefsBot/5.2; +http://ahrefs.com/robot/)"
188.22.249.212 - - [24/Oct/2017:06:32:46 +0200] "POST /ybbs/kursauswahl HTTP/1.1" 200 3018 "https://www.easydrivers.at/ybbs" "Mozilla/5.0 (Linux; Android 7.0; HUAWEI CAN-L11 Build/HUAWEICAN-L11) AppleWebKit/537.36 (KHTML, like Gecko) Chrome/61.0.3163.98 Mobile Safari/537.36"
188.22.249.212 - - [24/Oct/2017:06:32:49 +0200] "GET /javascript/mobile-fahrschule-kurs-suchergebnis.js HTTP/1.1" 200 274 "https://www.easydrivers.at/ybbs/kursauswahl" "Mozilla/5.0 (Linux; Android 7.0; HUAWEI CAN-L11 Build/HUAWEICAN-L11) AppleWebKit/537.36 (KHTML, like Gecko) Chrome/61.0.3163.98 Mobile Safari/537.36"
188.22.249.212 - - [24/Oct/2017:06:32:49 +0200] "GET /img/mobile/pfeil-links-small.png HTTP/1.1" 200 1065 "https://www.easydrivers.at/css/mobile.css" "Mozilla/5.0 (Linux; Android 7.0; HUAWEI CAN-L11 Build/HUAWEICAN-L11) AppleWebKit/537.36 (KHTML, like Gecko) Chrome/61.0.3163.98 Mobile Safari/537.36"
188.22.249.212 - - [24/Oct/2017:06:32:49 +0200] "GET /img/mobile/bg-yellow.jpg HTTP/1.1" 200 1569 "https://www.easydrivers.at/css/mobile.css" "Mozilla/5.0 (Linux; Android 7.0; HUAWEI CAN-L11 Build/HUAWEICAN-L11) AppleWebKit/537.36 (KHTML, like Gecko) Chrome/61.0.3163.98 Mobile Safari/537.36"
188.22.249.212 - - [24/Oct/2017:06:32:49 +0200] "GET /img/loading-bars.gif HTTP/1.1" 200 3951 "https://www.easydrivers.at/css/mobile.css" "Mozilla/5.0 (Linux; Android 7.0; HUAWEI CAN-L11 Build/HUAWEICAN-L11) AppleWebKit/537.36 (KHTML, like Gecko) Chrome/61.0.3163.98 Mobile Safari/537.36"
188.22.249.212 - - [24/Oct/2017:06:32:49 +0200] "POST /loadkursliste HTTP/1.1" 200 470 "https://www.easydrivers.at/ybbs/kursauswahl" "Mozilla/5.0 (Linux; Android 7.0; HUAWEI CAN-L11 Build/HUAWEICAN-L11) AppleWebKit/537.36 (KHTML, like Gecko) Chrome/61.0.3163.98 Mobile Safari/537.36"
108.171.129.164 - - [24/Oct/2017:06:32:50 +0200] "GET /fuehrerscheine/motorrad HTTP/1.1" 200 2895 "https://www.easydrivers.at/feldkirch/aktionen" "Mozilla/5.0 (Windows NT 6.1; Win64; x64) AppleWebKit/537.36 (KHTML, like Gecko) Chrome/61.0.3163.100 Safari/537.36"
108.171.129.164 - - [24/Oct/2017:06:32:52 +0200] "GET /javascript/license.js HTTP/1.1" 200 315 "https://www.easydrivers.at/fuehrerscheine/motorrad" "Mozilla/5.0 (Windows NT 6.1; Win64; x64) AppleWebKit/537.36 (KHTML, like Gecko) Chrome/61.0.3163.100 Safari/537.36"
108.171.129.164 - - [24/Oct/2017:06:32:52 +0200] "GET /binaries/easy-drivers-portal/motorrad9jpg-2.jpg HTTP/1.1" 200 51755 "https://www.easydrivers.at/fuehrerscheine/motorrad" "Mozilla/5.0 (Windows NT 6.1; Win64; x64) AppleWebKit/537.36 (KHTML, like Gecko) Chrome/61.0.3163.100 Safari/537.36"
108.171.129.164 - - [24/Oct/2017:06:32:52 +0200] "GET /img/submit-button-small.png HTTP/1.1" 200 1456 "https://www.easydrivers.at/css/style.css" "Mozilla/5.0 (Windows NT 6.1; Win64; x64) AppleWebKit/537.36 (KHTML, like Gecko) Chrome/61.0.3163.100 Safari/537.36"
66.249.66.158 - - [24/Oct/2017:06:32:57 +0200] "GET /bei.der.wu/kurse/plan1/03_mar/Mar-NK.php HTTP/1.1" 301 322 "-" "Mozilla/5.0 (compatible; Googlebot/2.1; +http://www.google.com/bot.html)"
66.249.76.80 - - [24/Oct/2017:06:32:58 +0200] "GET /bei.der.wu/kurse/plan1/03_mar/Mar-NK.php HTTP/1.1" 404 2657 "-" "Mozilla/5.0 (compatible; Googlebot/2.1; +http://www.google.com/bot.html)"
108.171.129.164 - - [24/Oct/2017:06:33:12 +0200] "GET /fuehrerscheine/motorrad/AvonA1 HTTP/1.1" 200 3014 "https://www.easydrivers.at/fuehrerscheine/motorrad" "Mozilla/5.0 (Windows NT 6.1; Win64; x64) AppleWebKit/537.36 (KHTML, like Gecko) Chrome/61.0.3163.100 Safari/537.36"
108.171.129.164 - - [24/Oct/2017:06:33:13 +0200] "GET /javascript/product.js HTTP/1.1" 200 139 "https://www.easydrivers.at/fuehrerscheine/motorrad/AvonA1" "Mozilla/5.0 (Windows NT 6.1; Win64; x64) AppleWebKit/537.36 (KHTML, like Gecko) Chrome/61.0.3163.100 Safari/537.36"
108.171.129.164 - - [24/Oct/2017:06:33:13 +0200] "GET /binaries/easy-drivers-portal/motorrad4jpg.jpg HTTP/1.1" 200 110277 "https://www.easydrivers.at/fuehrerscheine/motorrad/AvonA1" "Mozilla/5.0 (Windows NT 6.1; Win64; x64) AppleWebKit/537.36 (KHTML, like Gecko) Chrome/61.0.3163.100 Safari/537.36"
108.171.129.164 - - [24/Oct/2017:06:33:13 +0200] "GET /img/arrow-up.png HTTP/1.1" 200 1081 "https://www.easydrivers.at/css/style.css" "Mozilla/5.0 (Windows NT 6.1; Win64; x64) AppleWebKit/537.36 (KHTML, like Gecko) Chrome/61.0.3163.100 Safari/537.36"
66.249.66.30 - - [24/Oct/2017:06:33:16 +0200] "GET /waidhofen.ybbs/10289067 HTTP/1.1" 301 310 "-" "Mozilla/5.0 (compatible; Googlebot/2.1; +http://www.google.com/bot.html)"
66.249.66.5 - - [24/Oct/2017:06:33:16 +0200] "GET /waidhofen.ybbs/10289067 HTTP/1.1" 200 3012 "-" "Mozilla/5.0 (compatible; Googlebot/2.1; +http://www.google.com/bot.html)"
66.249.76.74 - - [24/Oct/2017:06:33:34 +0200] "GET /radfahrschule/radakademie HTTP/1.1" 301 308 "-" "Mozilla/5.0 (compatible; Googlebot/2.1; +http://www.google.com/bot.html)"
62.47.155.248 - - [24/Oct/2017:06:33:33 +0200] "GET / HTTP/1.1" 200 3579 "-" "Mozilla/5.0 (Linux; Android 7.0; SM-G930F Build/NRD90M) AppleWebKit/537.36 (KHTML, like Gecko) Chrome/61.0.3163.98 Mobile Safari/537.36"
185.16.113.98 - - [24/Oct/2017:06:33:35 +0200] "GET /fuehrerscheine/lkw HTTP/1.1" 301 304 "https://www.google.at/" "Mozilla/5.0 (Windows NT 10.0; Win64; x64; rv:56.0) Gecko/20100101 Firefox/56.0"
62.47.155.248 - - [24/Oct/2017:06:33:36 +0200] "GET /img/favicon.ico HTTP/1.1" 404 301 "-" "Mozilla/5.0 (Linux; Android 7.0; SM-G930F Build/NRD90M) AppleWebKit/537.36 (KHTML, like Gecko) Chrome/61.0.3163.98 Mobile Safari/537.36"
185.16.113.98 - - [24/Oct/2017:06:33:35 +0200] "GET /fuehrerscheine/lkw HTTP/1.1" 200 2686 "https://www.google.at/" "Mozilla/5.0 (Windows NT 10.0; Win64; x64; rv:56.0) Gecko/20100101 Firefox/56.0"
185.16.113.98 - - [24/Oct/2017:06:33:37 +0200] "GET /javascript/jquery.cookie.js HTTP/1.1" 200 863 "https://www.easydrivers.at/fuehrerscheine/lkw" "Mozilla/5.0 (Windows NT 10.0; Win64; x64; rv:56.0) Gecko/20100101 Firefox/56.0"
185.16.113.98 - - [24/Oct/2017:06:33:37 +0200] "GET /css/print.css HTTP/1.1" 200 967 "https://www.easydrivers.at/fuehrerscheine/lkw" "Mozilla/5.0 (Windows NT 10.0; Win64; x64; rv:56.0) Gecko/20100101 Firefox/56.0"
185.16.113.98 - - [24/Oct/2017:06:33:37 +0200] "GET /css/style.css HTTP/1.1" 200 5004 "https://www.easydrivers.at/fuehrerscheine/lkw" "Mozilla/5.0 (Windows NT 10.0; Win64; x64; rv:56.0) Gecko/20100101 Firefox/56.0"
185.16.113.98 - - [24/Oct/2017:06:33:37 +0200] "GET /javascript/jquery.customSelect.min.js HTTP/1.1" 200 912 "https://www.easydrivers.at/fuehrerscheine/lkw" "Mozilla/5.0 (Windows NT 10.0; Win64; x64; rv:56.0) Gecko/20100101 Firefox/56.0"
185.16.113.98 - - [24/Oct/2017:06:33:37 +0200] "GET /javascript/portal.js?1221842734 HTTP/1.1" 200 3529 "https://www.easydrivers.at/fuehrerscheine/lkw" "Mozilla/5.0 (Windows NT 10.0; Win64; x64; rv:56.0) Gecko/20100101 Firefox/56.0"
185.16.113.98 - - [24/Oct/2017:06:33:37 +0200] "GET /javascript/license.js HTTP/1.1" 200 315 "https://www.easydrivers.at/fuehrerscheine/lkw" "Mozilla/5.0 (Windows NT 10.0; Win64; x64; rv:56.0) Gecko/20100101 Firefox/56.0"
185.16.113.98 - - [24/Oct/2017:06:33:37 +0200] "GET /javascript/jquery.simplemodal.js HTTP/1.1" 200 3070 "https://www.easydrivers.at/fuehrerscheine/lkw" "Mozilla/5.0 (Windows NT 10.0; Win64; x64; rv:56.0) Gecko/20100101 Firefox/56.0"
185.16.113.98 - - [24/Oct/2017:06:33:37 +0200] "GET /img/close-button.png HTTP/1.1" 200 2237 "https://www.easydrivers.at/fuehrerscheine/lkw" "Mozilla/5.0 (Windows NT 10.0; Win64; x64; rv:56.0) Gecko/20100101 Firefox/56.0"
185.16.113.98 - - [24/Oct/2017:06:33:37 +0200] "GET /img/schweiz-icon.png HTTP/1.1" 200 1504 "https://www.easydrivers.at/fuehrerscheine/lkw" "Mozilla/5.0 (Windows NT 10.0; Win64; x64; rv:56.0) Gecko/20100101 Firefox/56.0"
185.16.113.98 - - [24/Oct/2017:06:33:37 +0200] "GET /img/facebook-icon.png HTTP/1.1" 200 1506 "https://www.easydrivers.at/fuehrerscheine/lkw" "Mozilla/5.0 (Windows NT 10.0; Win64; x64; rv:56.0) Gecko/20100101 Firefox/56.0"
185.16.113.98 - - [24/Oct/2017:06:33:37 +0200] "GET /javascript/lazyload.js HTTP/1.1" 200 1170 "https://www.easydrivers.at/fuehrerscheine/lkw" "Mozilla/5.0 (Windows NT 10.0; Win64; x64; rv:56.0) Gecko/20100101 Firefox/56.0"
185.16.113.98 - - [24/Oct/2017:06:33:37 +0200] "GET /binaries/easy-drivers-portal/lkw3jpg.jpg HTTP/1.1" 200 66609 "https://www.easydrivers.at/fuehrerscheine/lkw" "Mozilla/5.0 (Windows NT 10.0; Win64; x64; rv:56.0) Gecko/20100101 Firefox/56.0"
185.16.113.98 - - [24/Oct/2017:06:33:37 +0200] "GET /img/ED_Logo.png HTTP/1.1" 200 3385 "https://www.easydrivers.at/css/style.css" "Mozilla/5.0 (Windows NT 10.0; Win64; x64; rv:56.0) Gecko/20100101 Firefox/56.0"
185.16.113.98 - - [24/Oct/2017:06:33:37 +0200] "GET /img/bg-yellow.jpg HTTP/1.1" 200 2250 "https://www.easydrivers.at/css/style.css" "Mozilla/5.0 (Windows NT 10.0; Win64; x64; rv:56.0) Gecko/20100101 Firefox/56.0"
185.16.113.98 - - [24/Oct/2017:06:33:37 +0200] "GET /img/bg-header.jpg HTTP/1.1" 200 38680 "https://www.easydrivers.at/css/style.css" "Mozilla/5.0 (Windows NT 10.0; Win64; x64; rv:56.0) Gecko/20100101 Firefox/56.0"
185.16.113.98 - - [24/Oct/2017:06:33:37 +0200] "GET /img/bg-footer.jpg HTTP/1.1" 200 31770 "https://www.easydrivers.at/css/style.css" "Mozilla/5.0 (Windows NT 10.0; Win64; x64; rv:56.0) Gecko/20100101 Firefox/56.0"
185.16.113.98 - - [24/Oct/2017:06:33:37 +0200] "GET /img/kursicon-print-pink.png HTTP/1.1" 200 1125 "https://www.easydrivers.at/fuehrerscheine/lkw" "Mozilla/5.0 (Windows NT 10.0; Win64; x64; rv:56.0) Gecko/20100101 Firefox/56.0"
185.16.113.98 - - [24/Oct/2017:06:33:37 +0200] "GET /img/kursicon-download-pink.png HTTP/1.1" 200 1213 "https://www.easydrivers.at/fuehrerscheine/lkw" "Mozilla/5.0 (Windows NT 10.0; Win64; x64; rv:56.0) Gecko/20100101 Firefox/56.0"
185.16.113.98 - - [24/Oct/2017:06:33:37 +0200] "GET /img/submit-button-small.png HTTP/1.1" 200 1456 "https://www.easydrivers.at/css/style.css" "Mozilla/5.0 (Windows NT 10.0; Win64; x64; rv:56.0) Gecko/20100101 Firefox/56.0"
66.249.76.80 - - [24/Oct/2017:06:33:34 +0200] "GET /radfahrschule/radakademie HTTP/1.1" 200 3102 "-" "Mozilla/5.0 (compatible; Googlebot/2.1; +http://www.google.com/bot.html)"
185.16.113.98 - - [24/Oct/2017:06:33:37 +0200] "GET /img/kursicon-share-pink.png HTTP/1.1" 200 1277 "https://www.easydrivers.at/fuehrerscheine/lkw" "Mozilla/5.0 (Windows NT 10.0; Win64; x64; rv:56.0) Gecko/20100101 Firefox/56.0"
185.16.113.98 - - [24/Oct/2017:06:33:37 +0200] "GET /img/kursicon-phone-pink.png HTTP/1.1" 200 1286 "https://www.easydrivers.at/fuehrerscheine/lkw" "Mozilla/5.0 (Windows NT 10.0; Win64; x64; rv:56.0) Gecko/20100101 Firefox/56.0"
185.16.113.98 - - [24/Oct/2017:06:33:38 +0200] "GET /img/new_favicon.ico HTTP/1.1" 301 306 "-" "Mozilla/5.0 (Windows NT 10.0; Win64; x64; rv:56.0) Gecko/20100101 Firefox/56.0"
185.16.113.98 - - [24/Oct/2017:06:33:38 +0200] "GET /img/new_favicon.ico HTTP/1.1" 200 1150 "-" "Mozilla/5.0 (Windows NT 10.0; Win64; x64; rv:56.0) Gecko/20100101 Firefox/56.0"
185.16.113.98 - - [24/Oct/2017:06:33:44 +0200] "GET /fuehrerscheine/lkw/C HTTP/1.1" 200 3782 "https://www.easydrivers.at/fuehrerscheine/lkw" "Mozilla/5.0 (Windows NT 10.0; Win64; x64; rv:56.0) Gecko/20100101 Firefox/56.0"
185.16.113.98 - - [24/Oct/2017:06:33:45 +0200] "GET /javascript/product.js HTTP/1.1" 200 139 "https://www.easydrivers.at/fuehrerscheine/lkw/C" "Mozilla/5.0 (Windows NT 10.0; Win64; x64; rv:56.0) Gecko/20100101 Firefox/56.0"
185.16.113.98 - - [24/Oct/2017:06:33:45 +0200] "GET /img/arrow-left.png HTTP/1.1" 200 1015 "https://www.easydrivers.at/css/style.css" "Mozilla/5.0 (Windows NT 10.0; Win64; x64; rv:56.0) Gecko/20100101 Firefox/56.0"
185.16.113.98 - - [24/Oct/2017:06:33:45 +0200] "GET /img/arrow-up.png HTTP/1.1" 200 1081 "https://www.easydrivers.at/css/style.css" "Mozilla/5.0 (Windows NT 10.0; Win64; x64; rv:56.0) Gecko/20100101 Firefox/56.0"
185.16.113.98 - - [24/Oct/2017:06:33:45 +0200] "GET /binaries/easy-drivers-portal/lkw4jpg.jpg HTTP/1.1" 200 118819 "https://www.easydrivers.at/fuehrerscheine/lkw/C" "Mozilla/5.0 (Windows NT 10.0; Win64; x64; rv:56.0) Gecko/20100101 Firefox/56.0"
213.225.6.38 - - [24/Oct/2017:06:33:48 +0200] "GET /ybbs/10282705?FS=B-L17 HTTP/1.1" 200 3196 "https://www.easydrivers.at/ybbs/kursauswahl" "Mozilla/5.0 (Linux; Android 7.0; HUAWEI CAN-L11 Build/HUAWEICAN-L11) AppleWebKit/537.36 (KHTML, like Gecko) Chrome/61.0.3163.98 Mobile Safari/537.36"
213.225.6.38 - - [24/Oct/2017:06:33:51 +0200] "GET /img/mobile/kursicon-share.png HTTP/1.1" 200 2065 "https://www.easydrivers.at/ybbs/10282705?FS=B-L17" "Mozilla/5.0 (Linux; Android 7.0; HUAWEI CAN-L11 Build/HUAWEICAN-L11) AppleWebKit/537.36 (KHTML, like Gecko) Chrome/61.0.3163.98 Mobile Safari/537.36"
213.225.6.38 - - [24/Oct/2017:06:33:51 +0200] "GET /img/mobile/kursicon-phone.png HTTP/1.1" 200 1932 "https://www.easydrivers.at/ybbs/10282705?FS=B-L17" "Mozilla/5.0 (Linux; Android 7.0; HUAWEI CAN-L11 Build/HUAWEICAN-L11) AppleWebKit/537.36 (KHTML, like Gecko) Chrome/61.0.3163.98 Mobile Safari/537.36"
213.225.6.38 - - [24/Oct/2017:06:33:51 +0200] "GET /img/mobile/smallicon-phone.png HTTP/1.1" 200 1311 "https://www.easydrivers.at/ybbs/10282705?FS=B-L17" "Mozilla/5.0 (Linux; Android 7.0; HUAWEI CAN-L11 Build/HUAWEICAN-L11) AppleWebKit/537.36 (KHTML, like Gecko) Chrome/61.0.3163.98 Mobile Safari/537.36"
213.225.6.38 - - [24/Oct/2017:06:33:51 +0200] "GET /img/mobile/smallicon-mail.png HTTP/1.1" 200 1335 "https://www.easydrivers.at/ybbs/10282705?FS=B-L17" "Mozilla/5.0 (Linux; Android 7.0; HUAWEI CAN-L11 Build/HUAWEICAN-L11) AppleWebKit/537.36 (KHTML, like Gecko) Chrome/61.0.3163.98 Mobile Safari/537.36"
213.225.6.38 - - [24/Oct/2017:06:33:51 +0200] "GET /img/mobile/pfeil-rechts-small.png HTTP/1.1" 200 1056 "https://www.easydrivers.at/css/mobile.css" "Mozilla/5.0 (Linux; Android 7.0; HUAWEI CAN-L11 Build/HUAWEICAN-L11) AppleWebKit/537.36 (KHTML, like Gecko) Chrome/61.0.3163.98 Mobile Safari/537.36"
66.249.66.30 - - [24/Oct/2017:06:33:52 +0200] "GET /uploads/pdfs/wallensteinplatz/10257405_BL1796.pdf HTTP/1.1" 301 330 "-" "Mozilla/5.0 (compatible; Googlebot/2.1; +http://www.google.com/bot.html)"
66.249.76.80 - - [24/Oct/2017:06:33:53 +0200] "GET /uploads/pdfs/wallensteinplatz/10257405_BL1796.pdf HTTP/1.1" 200 35225 "-" "Mozilla/5.0 (compatible; Googlebot/2.1; +http://www.google.com/bot.html)"
62.47.155.248 - - [24/Oct/2017:06:33:54 +0200] "-" 408 - "-" "-"
62.47.155.248 - - [24/Oct/2017:06:33:54 +0200] "-" 408 - "-" "-"
62.47.155.248 - - [24/Oct/2017:06:33:54 +0200] "-" 408 - "-" "-"
62.47.155.248 - - [24/Oct/2017:06:33:54 +0200] "-" 408 - "-" "-"
66.249.66.31 - - [24/Oct/2017:06:34:11 +0200] "GET /easy_drivers_st._peterau/10243400?FS=BZ HTTP/1.1" 301 318 "-" "Mozilla/5.0 (compatible; Googlebot/2.1; +http://www.google.com/bot.html)"
66.249.76.84 - - [24/Oct/2017:06:34:11 +0200] "GET /easy_drivers_st._peterau/10243400?FS=BZ HTTP/1.1" 200 5188 "-" "Mozilla/5.0 (compatible; Googlebot/2.1; +http://www.google.com/bot.html)"
188.22.249.212 - - [24/Oct/2017:06:34:16 +0200] "GET /ybbs/kursauswahl HTTP/1.1" 200 3018 "https://www.easydrivers.at/ybbs/10282705?FS=B-L17" "Mozilla/5.0 (Linux; Android 7.0; HUAWEI CAN-L11 Build/HUAWEICAN-L11) AppleWebKit/537.36 (KHTML, like Gecko) Chrome/61.0.3163.98 Mobile Safari/537.36"
188.22.249.212 - - [24/Oct/2017:06:34:19 +0200] "POST /loadkursliste HTTP/1.1" 200 470 "https://www.easydrivers.at/ybbs/kursauswahl" "Mozilla/5.0 (Linux; Android 7.0; HUAWEI CAN-L11 Build/HUAWEICAN-L11) AppleWebKit/537.36 (KHTML, like Gecko) Chrome/61.0.3163.98 Mobile Safari/537.36"
66.249.76.74 - - [24/Oct/2017:06:34:29 +0200] "GET /uploads/pdfs/reumannplatz/10251807_B-L17.pdf HTTP/1.1" 301 326 "-" "Mozilla/5.0 (compatible; Googlebot/2.1; +http://www.google.com/bot.html)"
66.249.66.5 - - [24/Oct/2017:06:34:30 +0200] "GET /uploads/pdfs/reumannplatz/10251807_B-L17.pdf HTTP/1.1" 200 35760 "-" "Mozilla/5.0 (compatible; Googlebot/2.1; +http://www.google.com/bot.html)"
213.147.160.117 - - [24/Oct/2017:06:34:37 +0200] "GET /moedling/aktionen HTTP/1.1" 301 305 "http://m.facebook.com" "Mozilla/5.0 (iPhone; CPU iPhone OS 10_3_3 like Mac OS X) AppleWebKit/603.3.8 (KHTML, like Gecko) Mobile/14G60 [FBAN/FBIOS;FBAV/146.0.0.73.91;FBBV/75938921;FBDV/iPhone8,1;FBMD/iPhone;FBSN/iOS;FBSV/10.3.3;FBSS/2;FBCR/Carrier;FBID/phone;FBLC/de_DE;FBOP/5;FBRV/75938921]"
213.147.160.117 - - [24/Oct/2017:06:34:37 +0200] "GET /moedling/aktionen HTTP/1.1" 200 3658 "http://m.facebook.com" "Mozilla/5.0 (iPhone; CPU iPhone OS 10_3_3 like Mac OS X) AppleWebKit/603.3.8 (KHTML, like Gecko) Mobile/14G60 [FBAN/FBIOS;FBAV/146.0.0.73.91;FBBV/75938921;FBDV/iPhone8,1;FBMD/iPhone;FBSN/iOS;FBSV/10.3.3;FBSS/2;FBCR/Carrier;FBID/phone;FBLC/de_DE;FBOP/5;FBRV/75938921]"
213.147.160.117 - - [24/Oct/2017:06:34:40 +0200] "GET /moedling/img/mobile/easydrivers-logo-mobile.png HTTP/1.1" 301 318 "-" "Mozilla/5.0 (iPhone; CPU iPhone OS 10_3_3 like Mac OS X) AppleWebKit/603.3.8 (KHTML, like Gecko) Mobile/14G60 [FBAN/FBIOS;FBAV/146.0.0.73.91;FBBV/75938921;FBDV/iPhone8,1;FBMD/iPhone;FBSN/iOS;FBSV/10.3.3;FBSS/2;FBCR/Carrier;FBID/phone;FBLC/de_DE;FBOP/5;FBRV/75938921]"
213.147.160.117 - - [24/Oct/2017:06:34:40 +0200] "GET /moedling/img/mobile/easydrivers-logo-mobile.png HTTP/1.1" 404 3092 "-" "Mozilla/5.0 (iPhone; CPU iPhone OS 10_3_3 like Mac OS X) AppleWebKit/603.3.8 (KHTML, like Gecko) Mobile/14G60 [FBAN/FBIOS;FBAV/146.0.0.73.91;FBBV/75938921;FBDV/iPhone8,1;FBMD/iPhone;FBSN/iOS;FBSV/10.3.3;FBSS/2;FBCR/Carrier;FBID/phone;FBLC/de_DE;FBOP/5;FBRV/75938921]"
212.232.28.210 - - [24/Oct/2017:06:34:44 +0200] "GET /perg HTTP/1.1" 301 391 "-" "Mozilla/5.0 (compatible; Moose/1.2; U; Linux i686; de)"
212.232.28.210 - - [24/Oct/2017:06:34:44 +0200] "GET /robots.txt HTTP/1.1" 301 397 "-" "Mozilla/5.0 (compatible; Moose/1.2; U; Linux i686; de)"
188.117.245.208 - - [24/Oct/2017:06:34:46 +0200] "GET / HTTP/1.1" 200 4425 "-" "Mozilla/5.0 (Android 4.1.2; Tablet; rv:56.0) Gecko/56.0 Firefox/56.0"
66.249.76.74 - - [24/Oct/2017:06:34:47 +0200] "GET /wallensteinplatz/10289337 HTTP/1.1" 301 312 "-" "Mozilla/5.0 (compatible; Googlebot/2.1; +http://www.google.com/bot.html)"
188.117.245.208 - - [24/Oct/2017:06:34:49 +0200] "GET /img/new_favicon.ico HTTP/1.1" 301 306 "-" "Mozilla/5.0 (Android 4.1.2; Tablet; rv:56.0) Gecko/56.0 Firefox/56.0"
66.249.76.80 - - [24/Oct/2017:06:34:48 +0200] "GET /wallensteinplatz/10289337 HTTP/1.1" 200 3596 "-" "Mozilla/5.0 (compatible; Googlebot/2.1; +http://www.google.com/bot.html)"
212.232.28.210 - - [24/Oct/2017:06:34:50 +0200] "GET /perg HTTP/1.1" 301 296 "-" "Mozilla/5.0 (compatible; Moose/1.2; U; Linux i686; de)"
212.232.28.210 - - [24/Oct/2017:06:34:53 +0200] "GET /perg HTTP/1.1" 301 391 "-" "Mozilla/5.0 (compatible; Moose/1.2; U; Linux i686; de)"
212.232.28.210 - - [24/Oct/2017:06:34:57 +0200] "GET /favicon.ico HTTP/1.1" 301 398 "-" "Mozilla/5.0 (compatible; Moose/1.2; U; Linux i686; de)"
212.95.7.41 - - [24/Oct/2017:06:35:05 +0200] "GET /hartberg HTTP/1.1" 301 299 "http://www.google.at/" "Mozilla/5.0 (Linux; Android 6.0; Coolpad E502 Build/MRA58K) AppleWebKit/537.36 (KHTML, like Gecko) Chrome/61.0.3163.98 Mobile Safari/537.36"
66.249.66.30 - - [24/Oct/2017:06:35:06 +0200] "GET /uploads/pdfs/amstetten/10257522_A1L17.pdf HTTP/1.1" 301 321 "-" "Mozilla/5.0 (compatible; Googlebot/2.1; +http://www.google.com/bot.html)"
212.232.28.210 - - [24/Oct/2017:06:35:06 +0200] "GET /favicon.ico HTTP/1.1" 301 394 "-" "Mozilla/5.0 (compatible; Moose/1.2; U; Linux i686; de)"
66.249.76.82 - - [24/Oct/2017:06:35:06 +0200] "GET /uploads/pdfs/amstetten/10257522_A1L17.pdf HTTP/1.1" 200 34980 "-" "Mozilla/5.0 (compatible; Googlebot/2.1; +http://www.google.com/bot.html)"
46.125.249.71 - - [24/Oct/2017:06:35:05 +0200] "GET /hartberg HTTP/1.1" 200 2928 "http://www.google.at/" "Mozilla/5.0 (Linux; Android 6.0; Coolpad E502 Build/MRA58K) AppleWebKit/537.36 (KHTML, like Gecko) Chrome/61.0.3163.98 Mobile Safari/537.36"
46.125.249.71 - - [24/Oct/2017:06:35:09 +0200] "GET /img/favicon.ico HTTP/1.1" 404 301 "-" "Mozilla/5.0 (Linux; Android 6.0; Coolpad E502 Build/MRA58K) AppleWebKit/537.36 (KHTML, like Gecko) Chrome/61.0.3163.98 Mobile Safari/537.36"
213.147.160.117 - - [24/Oct/2017:06:35:10 +0200] "GET /moedling/img/mobile/menu-button.png HTTP/1.1" 301 317 "-" "Mozilla/5.0 (iPhone; CPU iPhone OS 10_3_3 like Mac OS X) AppleWebKit/603.3.8 (KHTML, like Gecko) Mobile/14G60 [FBAN/FBIOS;FBAV/146.0.0.73.91;FBBV/75938921;FBDV/iPhone8,1;FBMD/iPhone;FBSN/iOS;FBSV/10.3.3;FBSS/2;FBCR/Carrier;FBID/phone;FBLC/de_DE;FBOP/5;FBRV/75938921]"
185.16.113.98 - - [24/Oct/2017:06:35:11 +0200] "GET /fuehrerscheine/lkw HTTP/1.1" 200 2686 "https://www.easydrivers.at/fuehrerscheine/lkw/C" "Mozilla/5.0 (Windows NT 10.0; Win64; x64; rv:56.0) Gecko/20100101 Firefox/56.0"
185.16.113.98 - - [24/Oct/2017:06:35:12 +0200] "GET /binaries/easy-drivers-portal/lkw1jpg.jpg HTTP/1.1" 200 71423 "https://www.easydrivers.at/fuehrerscheine/lkw" "Mozilla/5.0 (Windows NT 10.0; Win64; x64; rv:56.0) Gecko/20100101 Firefox/56.0"
213.147.160.117 - - [24/Oct/2017:06:35:10 +0200] "GET /moedling/img/mobile/menu-button.png HTTP/1.1" 404 3098 "-" "Mozilla/5.0 (iPhone; CPU iPhone OS 10_3_3 like Mac OS X) AppleWebKit/603.3.8 (KHTML, like Gecko) Mobile/14G60 [FBAN/FBIOS;FBAV/146.0.0.73.91;FBBV/75938921;FBDV/iPhone8,1;FBMD/iPhone;FBSN/iOS;FBSV/10.3.3;FBSS/2;FBCR/Carrier;FBID/phone;FBLC/de_DE;FBOP/5;FBRV/75938921]"
46.125.249.71 - - [24/Oct/2017:06:35:14 +0200] "POST /hartberg/kursauswahl HTTP/1.1" 200 3121 "https://www.easydrivers.at/hartberg" "Mozilla/5.0 (Linux; Android 6.0; Coolpad E502 Build/MRA58K) AppleWebKit/537.36 (KHTML, like Gecko) Chrome/61.0.3163.98 Mobile Safari/537.36"
46.125.249.71 - - [24/Oct/2017:06:35:17 +0200] "GET /javascript/mobile-fahrschule-kurs-suchergebnis.js HTTP/1.1" 200 274 "https://www.easydrivers.at/hartberg/kursauswahl" "Mozilla/5.0 (Linux; Android 6.0; Coolpad E502 Build/MRA58K) AppleWebKit/537.36 (KHTML, like Gecko) Chrome/61.0.3163.98 Mobile Safari/537.36"
46.125.249.71 - - [24/Oct/2017:06:35:21 +0200] "POST /loadkursliste HTTP/1.1" 200 592 "https://www.easydrivers.at/hartberg/kursauswahl" "Mozilla/5.0 (Linux; Android 6.0; Coolpad E502 Build/MRA58K) AppleWebKit/537.36 (KHTML, like Gecko) Chrome/61.0.3163.98 Mobile Safari/537.36"
185.16.113.98 - - [24/Oct/2017:06:35:22 +0200] "GET /fuehrerscheine/lkw/CCE95 HTTP/1.1" 200 4293 "https://www.easydrivers.at/fuehrerscheine/lkw" "Mozilla/5.0 (Windows NT 10.0; Win64; x64; rv:56.0) Gecko/20100101 Firefox/56.0"
185.16.113.98 - - [24/Oct/2017:06:35:23 +0200] "GET /binaries/easy-drivers-portal/lkw5jpg.jpg HTTP/1.1" 200 78806 "https://www.easydrivers.at/fuehrerscheine/lkw/CCE95" "Mozilla/5.0 (Windows NT 10.0; Win64; x64; rv:56.0) Gecko/20100101 Firefox/56.0"
66.249.66.31 - - [24/Oct/2017:06:35:24 +0200] "GET /ennstal.schladming/kurzkurs-jaenner-2014 HTTP/1.1" 301 321 "-" "Mozilla/5.0 (compatible; Googlebot/2.1; +http://www.google.com/bot.html)"
188.22.249.212 - - [24/Oct/2017:06:35:22 +0200] "POST /loadkursliste HTTP/1.1" 200 469 "https://www.easydrivers.at/ybbs/kursauswahl" "Mozilla/5.0 (Linux; Android 7.0; HUAWEI CAN-L11 Build/HUAWEICAN-L11) AppleWebKit/537.36 (KHTML, like Gecko) Chrome/61.0.3163.98 Mobile Safari/537.36"
66.249.76.80 - - [24/Oct/2017:06:35:24 +0200] "GET /ennstal.schladming/kurzkurs-jaenner-2014 HTTP/1.1" 410 3468 "-" "Mozilla/5.0 (compatible; Googlebot/2.1; +http://www.google.com/bot.html)"
108.171.129.164 - - [24/Oct/2017:06:35:29 +0200] "GET /fuehrerscheine/motorrad/AvonA1 HTTP/1.1" 200 3014 "https://www.easydrivers.at/fuehrerscheine/motorrad" "Mozilla/5.0 (Windows NT 6.1; Win64; x64) AppleWebKit/537.36 (KHTML, like Gecko) Chrome/61.0.3163.100 Safari/537.36"
108.171.129.164 - - [24/Oct/2017:06:35:30 +0200] "GET /binaries/easy-drivers-portal/motorrad2jpg.jpg HTTP/1.1" 200 45802 "https://www.easydrivers.at/fuehrerscheine/motorrad/AvonA1" "Mozilla/5.0 (Windows NT 6.1; Win64; x64) AppleWebKit/537.36 (KHTML, like Gecko) Chrome/61.0.3163.100 Safari/537.36"
213.147.160.117 - - [24/Oct/2017:06:35:42 +0200] "GET /moedling/img/mobile/close-button.png HTTP/1.1" 301 317 "-" "Mozilla/5.0 (iPhone; CPU iPhone OS 10_3_3 like Mac OS X) AppleWebKit/603.3.8 (KHTML, like Gecko) Mobile/14G60 [FBAN/FBIOS;FBAV/146.0.0.73.91;FBBV/75938921;FBDV/iPhone8,1;FBMD/iPhone;FBSN/iOS;FBSV/10.3.3;FBSS/2;FBCR/Carrier;FBID/phone;FBLC/de_DE;FBOP/5;FBRV/75938921]"
66.249.76.74 - - [24/Oct/2017:06:35:42 +0200] "GET /binaries/easy-drivers-rudi-dornbirn/infoblatt-berufskraftfahrer.pdf HTTP/1.1" 301 335 "-" "Mozilla/5.0 (compatible; Googlebot/2.1; +http://www.google.com/bot.html)"
66.249.76.80 - - [24/Oct/2017:06:35:43 +0200] "GET /binaries/easy-drivers-rudi-dornbirn/infoblatt-berufskraftfahrer.pdf HTTP/1.1" 200 198550 "-" "Mozilla/5.0 (compatible; Googlebot/2.1; +http://www.google.com/bot.html)"
213.147.160.117 - - [24/Oct/2017:06:35:42 +0200] "GET /moedling/img/mobile/close-button.png HTTP/1.1" 404 3099 "-" "Mozilla/5.0 (iPhone; CPU iPhone OS 10_3_3 like Mac OS X) AppleWebKit/603.3.8 (KHTML, like Gecko) Mobile/14G60 [FBAN/FBIOS;FBAV/146.0.0.73.91;FBBV/75938921;FBDV/iPhone8,1;FBMD/iPhone;FBSN/iOS;FBSV/10.3.3;FBSS/2;FBCR/Carrier;FBID/phone;FBLC/de_DE;FBOP/5;FBRV/75938921]"
188.22.249.212 - - [24/Oct/2017:06:35:43 +0200] "GET /ybbs/10282705?FS=B-L HTTP/1.1" 200 3186 "https://www.easydrivers.at/ybbs/kursauswahl" "Mozilla/5.0 (Linux; Android 7.0; HUAWEI CAN-L11 Build/HUAWEICAN-L11) AppleWebKit/537.36 (KHTML, like Gecko) Chrome/61.0.3163.98 Mobile Safari/537.36"
46.125.249.71 - - [24/Oct/2017:06:35:47 +0200] "GET /hartberg/schnellkurs_20.11.2017?FS=B HTTP/1.1" 200 3096 "https://www.easydrivers.at/hartberg/kursauswahl" "Mozilla/5.0 (Linux; Android 6.0; Coolpad E502 Build/MRA58K) AppleWebKit/537.36 (KHTML, like Gecko) Chrome/61.0.3163.98 Mobile Safari/537.36"
66.249.66.77 - - [24/Oct/2017:06:36:01 +0200] "GET /binaries/easy-drivers-steyr/-31.pdf HTTP/1.1" 301 313 "-" "Mozilla/5.0 (compatible; Googlebot/2.1; +http://www.google.com/bot.html)"
66.249.76.82 - - [24/Oct/2017:06:36:01 +0200] "GET /binaries/easy-drivers-steyr/-31.pdf HTTP/1.1" 200 242398 "-" "Mozilla/5.0 (compatible; Googlebot/2.1; +http://www.google.com/bot.html)"
188.22.249.212 - - [24/Oct/2017:06:36:07 +0200] "-" 408 - "-" "-"
213.147.160.117 - - [24/Oct/2017:06:36:12 +0200] "GET /moedling/img/mobile/facebook-icon.png HTTP/1.1" 301 319 "-" "Mozilla/5.0 (iPhone; CPU iPhone OS 10_3_3 like Mac OS X) AppleWebKit/603.3.8 (KHTML, like Gecko) Mobile/14G60 [FBAN/FBIOS;FBAV/146.0.0.73.91;FBBV/75938921;FBDV/iPhone8,1;FBMD/iPhone;FBSN/iOS;FBSV/10.3.3;FBSS/2;FBCR/Carrier;FBID/phone;FBLC/de_DE;FBOP/5;FBRV/75938921]"
213.147.160.117 - - [24/Oct/2017:06:36:12 +0200] "GET /moedling/img/mobile/facebook-icon.png HTTP/1.1" 404 3097 "-" "Mozilla/5.0 (iPhone; CPU iPhone OS 10_3_3 like Mac OS X) AppleWebKit/603.3.8 (KHTML, like Gecko) Mobile/14G60 [FBAN/FBIOS;FBAV/146.0.0.73.91;FBBV/75938921;FBDV/iPhone8,1;FBMD/iPhone;FBSN/iOS;FBSV/10.3.3;FBSS/2;FBCR/Carrier;FBID/phone;FBLC/de_DE;FBOP/5;FBRV/75938921]"
66.249.76.76 - - [24/Oct/2017:06:36:19 +0200] "GET /uploads/pdfs/voesendorf/10281942_A2BF.pdf HTTP/1.1" 301 322 "-" "Mozilla/5.0 (compatible; Googlebot/2.1; +http://www.google.com/bot.html)"
66.249.66.3 - - [24/Oct/2017:06:36:20 +0200] "GET /uploads/pdfs/voesendorf/10281942_A2BF.pdf HTTP/1.1" 200 29817 "-" "Mozilla/5.0 (compatible; Googlebot/2.1; +http://www.google.com/bot.html)"
188.22.249.212 - - [24/Oct/2017:06:36:21 +0200] "GET /ybbs/kursauswahl HTTP/1.1" 200 3018 "https://www.easydrivers.at/ybbs/10282705?FS=B-L17" "Mozilla/5.0 (Linux; Android 7.0; HUAWEI CAN-L11 Build/HUAWEICAN-L11) AppleWebKit/537.36 (KHTML, like Gecko) Chrome/61.0.3163.98 Mobile Safari/537.36"
188.22.249.212 - - [24/Oct/2017:06:36:24 +0200] "POST /loadkursliste HTTP/1.1" 200 469 "https://www.easydrivers.at/ybbs/kursauswahl" "Mozilla/5.0 (Linux; Android 7.0; HUAWEI CAN-L11 Build/HUAWEICAN-L11) AppleWebKit/537.36 (KHTML, like Gecko) Chrome/61.0.3163.98 Mobile Safari/537.36"
216.244.66.202 - - [24/Oct/2017:06:36:34 +0200] "GET /neunkirchen/10254364 HTTP/1.1" 301 407 "-" "Mozilla/5.0 (compatible; DotBot/1.1; http://www.opensiteexplorer.org/dotbot, help@moz.com)"
188.22.249.212 - - [24/Oct/2017:06:36:33 +0200] "GET /ybbs/10282705?FS=B-L17 HTTP/1.1" 200 3196 "https://www.easydrivers.at/ybbs/kursauswahl" "Mozilla/5.0 (Linux; Android 7.0; HUAWEI CAN-L11 Build/HUAWEICAN-L11) AppleWebKit/537.36 (KHTML, like Gecko) Chrome/61.0.3163.98 Mobile Safari/537.36"
66.249.76.74 - - [24/Oct/2017:06:36:37 +0200] "GET /uploads/pdfs/horn/10259357_B-L17.pdf HTTP/1.1" 301 319 "-" "Mozilla/5.0 (compatible; Googlebot/2.1; +http://www.google.com/bot.html)"
66.249.66.3 - - [24/Oct/2017:06:36:38 +0200] "GET /uploads/pdfs/horn/10259357_B-L17.pdf HTTP/1.1" 200 34435 "-" "Mozilla/5.0 (compatible; Googlebot/2.1; +http://www.google.com/bot.html)"
188.22.249.212 - - [24/Oct/2017:06:36:38 +0200] "GET /ybbs HTTP/1.1" 200 2919 "http://www.google.at/" "Mozilla/5.0 (Linux; Android 7.0; HUAWEI CAN-L11 Build/HUAWEICAN-L11) AppleWebKit/537.36 (KHTML, like Gecko) Chrome/61.0.3163.98 Mobile Safari/537.36"
213.147.160.117 - - [24/Oct/2017:06:36:44 +0200] "GET /moedling/img/mobile/info-close-button.png HTTP/1.1" 301 321 "-" "Mozilla/5.0 (iPhone; CPU iPhone OS 10_3_3 like Mac OS X) AppleWebKit/603.3.8 (KHTML, like Gecko) Mobile/14G60 [FBAN/FBIOS;FBAV/146.0.0.73.91;FBBV/75938921;FBDV/iPhone8,1;FBMD/iPhone;FBSN/iOS;FBSV/10.3.3;FBSS/2;FBCR/Carrier;FBID/phone;FBLC/de_DE;FBOP/5;FBRV/75938921]"
86.56.144.91 - - [24/Oct/2017:06:36:44 +0200] "GET /steyr HTTP/1.1" 200 3689 "https://www.google.at/" "Mozilla/5.0 (Windows NT 10.0; Win64; x64; rv:56.0) Gecko/20100101 Firefox/56.0"
213.147.160.117 - - [24/Oct/2017:06:36:44 +0200] "GET /moedling/img/mobile/info-close-button.png HTTP/1.1" 404 3103 "-" "Mozilla/5.0 (iPhone; CPU iPhone OS 10_3_3 like Mac OS X) AppleWebKit/603.3.8 (KHTML, like Gecko) Mobile/14G60 [FBAN/FBIOS;FBAV/146.0.0.73.91;FBBV/75938921;FBDV/iPhone8,1;FBMD/iPhone;FBSN/iOS;FBSV/10.3.3;FBSS/2;FBCR/Carrier;FBID/phone;FBLC/de_DE;FBOP/5;FBRV/75938921]"
66.249.76.74 - - [24/Oct/2017:06:36:56 +0200] "GET /am.spitz/kursauswahl HTTP/1.1" 301 307 "-" "Mozilla/5.0 (compatible; Googlebot/2.1; +http://www.google.com/bot.html)"
66.249.66.3 - - [24/Oct/2017:06:36:56 +0200] "GET /am.spitz/kursauswahl HTTP/1.1" 200 3558 "-" "Mozilla/5.0 (compatible; Googlebot/2.1; +http://www.google.com/bot.html)"
66.249.66.1 - - [24/Oct/2017:06:37:14 +0200] "GET /uploads/pdfs/krumbach/10275052_AM-M1.pdf HTTP/1.1" 301 320 "-" "Mozilla/5.0 (compatible; Googlebot/2.1; +http://www.google.com/bot.html)"
213.147.160.117 - - [24/Oct/2017:06:37:14 +0200] "GET /moedling/img/smallicon-person.png HTTP/1.1" 301 315 "-" "Mozilla/5.0 (iPhone; CPU iPhone OS 10_3_3 like Mac OS X) AppleWebKit/603.3.8 (KHTML, like Gecko) Mobile/14G60 [FBAN/FBIOS;FBAV/146.0.0.73.91;FBBV/75938921;FBDV/iPhone8,1;FBMD/iPhone;FBSN/iOS;FBSV/10.3.3;FBSS/2;FBCR/Carrier;FBID/phone;FBLC/de_DE;FBOP/5;FBRV/75938921]"
66.249.76.80 - - [24/Oct/2017:06:37:14 +0200] "GET /uploads/pdfs/krumbach/10275052_AM-M1.pdf HTTP/1.1" 200 30301 "-" "Mozilla/5.0 (compatible; Googlebot/2.1; +http://www.google.com/bot.html)"
213.147.160.117 - - [24/Oct/2017:06:37:14 +0200] "GET /moedling/img/smallicon-person.png HTTP/1.1" 404 3102 "-" "Mozilla/5.0 (iPhone; CPU iPhone OS 10_3_3 like Mac OS X) AppleWebKit/603.3.8 (KHTML, like Gecko) Mobile/14G60 [FBAN/FBIOS;FBAV/146.0.0.73.91;FBBV/75938921;FBDV/iPhone8,1;FBMD/iPhone;FBSN/iOS;FBSV/10.3.3;FBSS/2;FBCR/Carrier;FBID/phone;FBLC/de_DE;FBOP/5;FBRV/75938921]"
66.249.76.76 - - [24/Oct/2017:06:37:32 +0200] "GET /uploads/pdfs/zwettl/10259629_BZ.pdf HTTP/1.1" 301 319 "-" "Mozilla/5.0 (compatible; Googlebot/2.1; +http://www.google.com/bot.html)"
66.249.66.3 - - [24/Oct/2017:06:37:33 +0200] "GET /uploads/pdfs/zwettl/10259629_BZ.pdf HTTP/1.1" 200 26991 "-" "Mozilla/5.0 (compatible; Googlebot/2.1; +http://www.google.com/bot.html)"
213.147.160.117 - - [24/Oct/2017:06:37:44 +0200] "GET /moedling/img/smallicon-address.png HTTP/1.1" 301 314 "-" "Mozilla/5.0 (iPhone; CPU iPhone OS 10_3_3 like Mac OS X) AppleWebKit/603.3.8 (KHTML, like Gecko) Mobile/14G60 [FBAN/FBIOS;FBAV/146.0.0.73.91;FBBV/75938921;FBDV/iPhone8,1;FBMD/iPhone;FBSN/iOS;FBSV/10.3.3;FBSS/2;FBCR/Carrier;FBID/phone;FBLC/de_DE;FBOP/5;FBRV/75938921]"
213.147.160.117 - - [24/Oct/2017:06:37:44 +0200] "GET /moedling/img/smallicon-address.png HTTP/1.1" 404 3104 "-" "Mozilla/5.0 (iPhone; CPU iPhone OS 10_3_3 like Mac OS X) AppleWebKit/603.3.8 (KHTML, like Gecko) Mobile/14G60 [FBAN/FBIOS;FBAV/146.0.0.73.91;FBBV/75938921;FBDV/iPhone8,1;FBMD/iPhone;FBSN/iOS;FBSV/10.3.3;FBSS/2;FBCR/Carrier;FBID/phone;FBLC/de_DE;FBOP/5;FBRV/75938921]"
213.147.160.117 - - [24/Oct/2017:06:37:49 +0200] "GET /moedling/img/mobile/googlemaps-pin.png HTTP/1.1" 301 319 "-" "Mozilla/5.0 (iPhone; CPU iPhone OS 10_3_3 like Mac OS X) AppleWebKit/603.3.8 (KHTML, like Gecko) Mobile/14G60 [FBAN/FBIOS;FBAV/146.0.0.73.91;FBBV/75938921;FBDV/iPhone8,1;FBMD/iPhone;FBSN/iOS;FBSV/10.3.3;FBSS/2;FBCR/Carrier;FBID/phone;FBLC/de_DE;FBOP/5;FBRV/75938921]"
66.249.76.74 - - [24/Oct/2017:06:37:51 +0200] "GET /uploads/pdfs/dornbirn/10248246_A1.pdf HTTP/1.1" 301 319 "-" "Mozilla/5.0 (compatible; Googlebot/2.1; +http://www.google.com/bot.html)"
66.249.76.80 - - [24/Oct/2017:06:37:51 +0200] "GET /uploads/pdfs/dornbirn/10248246_A1.pdf HTTP/1.1" 200 29128 "-" "Mozilla/5.0 (compatible; Googlebot/2.1; +http://www.google.com/bot.html)"
213.147.160.117 - - [24/Oct/2017:06:37:49 +0200] "GET /moedling/img/mobile/googlemaps-pin.png HTTP/1.1" 404 3099 "-" "Mozilla/5.0 (iPhone; CPU iPhone OS 10_3_3 like Mac OS X) AppleWebKit/603.3.8 (KHTML, like Gecko) Mobile/14G60 [FBAN/FBIOS;FBAV/146.0.0.73.91;FBBV/75938921;FBDV/iPhone8,1;FBMD/iPhone;FBSN/iOS;FBSV/10.3.3;FBSS/2;FBCR/Carrier;FBID/phone;FBLC/de_DE;FBOP/5;FBRV/75938921]"
66.249.76.76 - - [24/Oct/2017:06:38:09 +0200] "GET /wallensteinplatz/10263536 HTTP/1.1" 301 311 "-" "Mozilla/5.0 (compatible; Googlebot/2.1; +http://www.google.com/bot.html)"
66.249.76.80 - - [24/Oct/2017:06:38:09 +0200] "GET /wallensteinplatz/10263536 HTTP/1.1" 200 3454 "-" "Mozilla/5.0 (compatible; Googlebot/2.1; +http://www.google.com/bot.html)"
213.147.160.117 - - [24/Oct/2017:06:38:19 +0200] "GET /moedling/img/smallicon-time.png HTTP/1.1" 301 314 "-" "Mozilla/5.0 (iPhone; CPU iPhone OS 10_3_3 like Mac OS X) AppleWebKit/603.3.8 (KHTML, like Gecko) Mobile/14G60 [FBAN/FBIOS;FBAV/146.0.0.73.91;FBBV/75938921;FBDV/iPhone8,1;FBMD/iPhone;FBSN/iOS;FBSV/10.3.3;FBSS/2;FBCR/Carrier;FBID/phone;FBLC/de_DE;FBOP/5;FBRV/75938921]"
213.147.160.117 - - [24/Oct/2017:06:38:19 +0200] "GET /moedling/img/smallicon-time.png HTTP/1.1" 404 3104 "-" "Mozilla/5.0 (iPhone; CPU iPhone OS 10_3_3 like Mac OS X) AppleWebKit/603.3.8 (KHTML, like Gecko) Mobile/14G60 [FBAN/FBIOS;FBAV/146.0.0.73.91;FBBV/75938921;FBDV/iPhone8,1;FBMD/iPhone;FBSN/iOS;FBSV/10.3.3;FBSS/2;FBCR/Carrier;FBID/phone;FBLC/de_DE;FBOP/5;FBRV/75938921]"
212.183.115.167 - - [24/Oct/2017:06:38:23 +0200] "GET /binaries/easy-drivers-rudi-dornbirn/infoblatt--2.pdf HTTP/1.1" 200 159875 "-" "Dalvik/2.1.0 (Linux; U; Android 7.0; SM-A520F Build/NRD90M)"
66.249.66.31 - - [24/Oct/2017:06:38:27 +0200] "GET /binaries/easy-drivers-steyr/weihnachten-2015pdf.pdf HTTP/1.1" 301 321 "-" "Mozilla/5.0 (compatible; Googlebot/2.1; +http://www.google.com/bot.html)"
66.249.76.82 - - [24/Oct/2017:06:38:28 +0200] "GET /binaries/easy-drivers-steyr/weihnachten-2015pdf.pdf HTTP/1.1" 200 579146 "-" "Mozilla/5.0 (compatible; Googlebot/2.1; +http://www.google.com/bot.html)"
66.249.76.74 - - [24/Oct/2017:06:38:46 +0200] "GET /dornbirn/10278882?FS=A2BF HTTP/1.1" 301 312 "-" "Mozilla/5.0 (compatible; Googlebot/2.1; +http://www.google.com/bot.html)"
66.249.76.80 - - [24/Oct/2017:06:38:46 +0200] "GET /dornbirn/10278882?FS=A2BF HTTP/1.1" 200 6283 "-" "Mozilla/5.0 (compatible; Googlebot/2.1; +http://www.google.com/bot.html)"
66.249.66.31 - - [24/Oct/2017:06:39:04 +0200] "GET /uploads/pdfs/dornbirn/10252056_BL1796.pdf HTTP/1.1" 301 323 "-" "Mozilla/5.0 (compatible; Googlebot/2.1; +http://www.google.com/bot.html)"
66.249.66.3 - - [24/Oct/2017:06:39:05 +0200] "GET /uploads/pdfs/dornbirn/10252056_BL1796.pdf HTTP/1.1" 200 37410 "-" "Mozilla/5.0 (compatible; Googlebot/2.1; +http://www.google.com/bot.html)"
66.249.76.74 - - [24/Oct/2017:06:39:22 +0200] "GET /uploads/pdfs/perg/10277294_B-L17.pdf HTTP/1.1" 301 319 "-" "Mozilla/5.0 (compatible; Googlebot/2.1; +http://www.google.com/bot.html)"
66.249.76.82 - - [24/Oct/2017:06:39:23 +0200] "GET /uploads/pdfs/perg/10277294_B-L17.pdf HTTP/1.1" 200 34074 "-" "Mozilla/5.0 (compatible; Googlebot/2.1; +http://www.google.com/bot.html)"
193.154.60.238 - - [24/Oct/2017:06:39:24 +0200] "GET /dornbirn/kurse HTTP/1.1" 200 3391 "https://www.easydrivers.at/dornbirn/aktionen" "Mozilla/5.0 (Linux; Android 7.0; PRA-LX1 Build/HUAWEIPRA-LX1) AppleWebKit/537.36 (KHTML, like Gecko) Chrome/61.0.3163.98 Mobile Safari/537.36"
193.154.60.238 - - [24/Oct/2017:06:39:28 +0200] "GET /img/favicon.ico HTTP/1.1" 404 301 "-" "Mozilla/5.0 (Linux; Android 7.0; PRA-LX1 Build/HUAWEIPRA-LX1) AppleWebKit/537.36 (KHTML, like Gecko) Chrome/61.0.3163.98 Mobile Safari/537.36"
40.77.167.13 - - [24/Oct/2017:06:39:33 +0200] "GET /kapfenberg.pankl HTTP/1.1" 301 305 "-" "Mozilla/5.0 (compatible; bingbot/2.0; +http://www.bing.com/bingbot.htm)"
213.225.9.253 - - [24/Oct/2017:06:39:40 +0200] "GET /innsbruck/10248832 HTTP/1.1" 301 307 "https://www.google.at/" "Mozilla/5.0 (iPhone; CPU iPhone OS 11_0 like Mac OS X) AppleWebKit/604.1.38 (KHTML, like Gecko) Version/11.0 Mobile/15A372 Safari/604.1"
66.249.76.74 - - [24/Oct/2017:06:39:41 +0200] "GET /uploads/pdfs/retz/10235834_A2B.pdf HTTP/1.1" 301 317 "-" "Mozilla/5.0 (compatible; Googlebot/2.1; +http://www.google.com/bot.html)"
66.249.66.3 - - [24/Oct/2017:06:39:41 +0200] "GET /uploads/pdfs/retz/10235834_A2B.pdf HTTP/1.1" 200 31582 "-" "Mozilla/5.0 (compatible; Googlebot/2.1; +http://www.google.com/bot.html)"
213.225.9.253 - - [24/Oct/2017:06:39:40 +0200] "GET /innsbruck/10248832 HTTP/1.1" 200 2700 "https://www.google.at/" "Mozilla/5.0 (iPhone; CPU iPhone OS 11_0 like Mac OS X) AppleWebKit/604.1.38 (KHTML, like Gecko) Version/11.0 Mobile/15A372 Safari/604.1"
213.225.9.253 - - [24/Oct/2017:06:39:43 +0200] "GET /css/mobile.css HTTP/1.1" 200 2852 "https://www.easydrivers.at/innsbruck/10248832" "Mozilla/5.0 (iPhone; CPU iPhone OS 11_0 like Mac OS X) AppleWebKit/604.1.38 (KHTML, like Gecko) Version/11.0 Mobile/15A372 Safari/604.1"
213.225.9.253 - - [24/Oct/2017:06:39:43 +0200] "GET /javascript/mobile-menu.js HTTP/1.1" 200 1634 "https://www.easydrivers.at/innsbruck/10248832" "Mozilla/5.0 (iPhone; CPU iPhone OS 11_0 like Mac OS X) AppleWebKit/604.1.38 (KHTML, like Gecko) Version/11.0 Mobile/15A372 Safari/604.1"
213.225.9.253 - - [24/Oct/2017:06:39:43 +0200] "GET /javascript/jquery.cookie.js HTTP/1.1" 200 863 "https://www.easydrivers.at/innsbruck/10248832" "Mozilla/5.0 (iPhone; CPU iPhone OS 11_0 like Mac OS X) AppleWebKit/604.1.38 (KHTML, like Gecko) Version/11.0 Mobile/15A372 Safari/604.1"
213.225.9.253 - - [24/Oct/2017:06:39:43 +0200] "GET /javascript/jquery-1.9.1.min.js HTTP/1.1" 200 32731 "https://www.easydrivers.at/innsbruck/10248832" "Mozilla/5.0 (iPhone; CPU iPhone OS 11_0 like Mac OS X) AppleWebKit/604.1.38 (KHTML, like Gecko) Version/11.0 Mobile/15A372 Safari/604.1"
213.225.9.253 - - [24/Oct/2017:06:39:43 +0200] "GET /javascript/jquery.simplemodal.js HTTP/1.1" 200 3070 "https://www.easydrivers.at/innsbruck/10248832" "Mozilla/5.0 (iPhone; CPU iPhone OS 11_0 like Mac OS X) AppleWebKit/604.1.38 (KHTML, like Gecko) Version/11.0 Mobile/15A372 Safari/604.1"
213.225.9.253 - - [24/Oct/2017:06:39:43 +0200] "GET /img/mobile/easydrivers-logo-mobile.png HTTP/1.1" 200 10766 "https://www.easydrivers.at/innsbruck/10248832" "Mozilla/5.0 (iPhone; CPU iPhone OS 11_0 like Mac OS X) AppleWebKit/604.1.38 (KHTML, like Gecko) Version/11.0 Mobile/15A372 Safari/604.1"
213.225.9.253 - - [24/Oct/2017:06:39:43 +0200] "GET /javascript/mobile-fahrschule.js HTTP/1.1" 200 328 "https://www.easydrivers.at/innsbruck/10248832" "Mozilla/5.0 (iPhone; CPU iPhone OS 11_0 like Mac OS X) AppleWebKit/604.1.38 (KHTML, like Gecko) Version/11.0 Mobile/15A372 Safari/604.1"
213.225.9.253 - - [24/Oct/2017:06:39:43 +0200] "GET /javascript/lazyload.js HTTP/1.1" 200 1170 "https://www.easydrivers.at/innsbruck/10248832" "Mozilla/5.0 (iPhone; CPU iPhone OS 11_0 like Mac OS X) AppleWebKit/604.1.38 (KHTML, like Gecko) Version/11.0 Mobile/15A372 Safari/604.1"
