77.117.187.96 - - [24/Oct/2017:06:49:59 +0200] "GET /img/mobile/pfeil-rechts-small.png HTTP/1.1" 200 1056 "https://www.easydrivers.at/css/mobile.css" "Mozilla/5.0 (Linux; Android 6.0; ZTE BLADE V7 Build/MRA58K) AppleWebKit/537.36 (KHTML, like Gecko) Chrome/62.0.3202.66 Mobile Safari/537.36"
66.249.76.78 - - [24/Oct/2017:06:50:04 +0200] "GET /uploads/pdfs/gmuend/10259716_A2BF.pdf HTTP/1.1" 301 320 "-" "Mozilla/5.0 (compatible; Googlebot/2.1; +http://www.google.com/bot.html)"
66.249.66.7 - - [24/Oct/2017:06:50:05 +0200] "GET /uploads/pdfs/gmuend/10259716_A2BF.pdf HTTP/1.1" 200 31041 "-" "Mozilla/5.0 (compatible; Googlebot/2.1; +http://www.google.com/bot.html)"
66.249.76.74 - - [24/Oct/2017:06:50:22 +0200] "GET /uploads/pdfs/bludenz/Schnellkurs-B-2015-07-13_BCE.pdf HTTP/1.1" 301 333 "-" "Mozilla/5.0 (compatible; Googlebot/2.1; +http://www.google.com/bot.html)"
66.249.76.82 - - [24/Oct/2017:06:50:23 +0200] "GET /uploads/pdfs/bludenz/Schnellkurs-B-2015-07-13_BCE.pdf HTTP/1.1" 200 29803 "-" "Mozilla/5.0 (compatible; Googlebot/2.1; +http://www.google.com/bot.html)"
213.225.14.194 - - [24/Oct/2017:06:50:27 +0200] "GET /bruck.leitha HTTP/1.1" 301 302 "https://www.google.at/" "Mozilla/5.0 (iPhone; CPU iPhone OS 11_0_2 like Mac OS X) AppleWebKit/604.1.38 (KHTML, like Gecko) Version/11.0 Mobile/15A421 Safari/604.1"
213.225.14.194 - - [24/Oct/2017:06:50:27 +0200] "GET /bruck.leitha HTTP/1.1" 200 2938 "https://www.google.at/" "Mozilla/5.0 (iPhone; CPU iPhone OS 11_0_2 like Mac OS X) AppleWebKit/604.1.38 (KHTML, like Gecko) Version/11.0 Mobile/15A421 Safari/604.1"
213.225.14.194 - - [24/Oct/2017:06:50:29 +0200] "GET /javascript/mobile-menu.js HTTP/1.1" 200 1634 "https://www.easydrivers.at/bruck.leitha" "Mozilla/5.0 (iPhone; CPU iPhone OS 11_0_2 like Mac OS X) AppleWebKit/604.1.38 (KHTML, like Gecko) Version/11.0 Mobile/15A421 Safari/604.1"
213.225.14.194 - - [24/Oct/2017:06:50:29 +0200] "GET /javascript/jquery.cookie.js HTTP/1.1" 200 863 "https://www.easydrivers.at/bruck.leitha" "Mozilla/5.0 (iPhone; CPU iPhone OS 11_0_2 like Mac OS X) AppleWebKit/604.1.38 (KHTML, like Gecko) Version/11.0 Mobile/15A421 Safari/604.1"
213.225.14.194 - - [24/Oct/2017:06:50:29 +0200] "GET /css/mobile.css HTTP/1.1" 200 2852 "https://www.easydrivers.at/bruck.leitha" "Mozilla/5.0 (iPhone; CPU iPhone OS 11_0_2 like Mac OS X) AppleWebKit/604.1.38 (KHTML, like Gecko) Version/11.0 Mobile/15A421 Safari/604.1"
213.225.14.194 - - [24/Oct/2017:06:50:29 +0200] "GET /javascript/jquery-1.9.1.min.js HTTP/1.1" 200 32731 "https://www.easydrivers.at/bruck.leitha" "Mozilla/5.0 (iPhone; CPU iPhone OS 11_0_2 like Mac OS X) AppleWebKit/604.1.38 (KHTML, like Gecko) Version/11.0 Mobile/15A421 Safari/604.1"
213.225.14.194 - - [24/Oct/2017:06:50:29 +0200] "GET /javascript/jquery.simplemodal.js HTTP/1.1" 200 3070 "https://www.easydrivers.at/bruck.leitha" "Mozilla/5.0 (iPhone; CPU iPhone OS 11_0_2 like Mac OS X) AppleWebKit/604.1.38 (KHTML, like Gecko) Version/11.0 Mobile/15A421 Safari/604.1"
213.225.14.194 - - [24/Oct/2017:06:50:29 +0200] "GET /javascript/lazyload.js HTTP/1.1" 200 1170 "https://www.easydrivers.at/bruck.leitha" "Mozilla/5.0 (iPhone; CPU iPhone OS 11_0_2 like Mac OS X) AppleWebKit/604.1.38 (KHTML, like Gecko) Version/11.0 Mobile/15A421 Safari/604.1"
213.225.14.194 - - [24/Oct/2017:06:50:29 +0200] "GET /javascript/mobile-fahrschule.js HTTP/1.1" 200 328 "https://www.easydrivers.at/bruck.leitha" "Mozilla/5.0 (iPhone; CPU iPhone OS 11_0_2 like Mac OS X) AppleWebKit/604.1.38 (KHTML, like Gecko) Version/11.0 Mobile/15A421 Safari/604.1"
213.225.14.194 - - [24/Oct/2017:06:50:29 +0200] "GET /img/mobile/easydrivers-logo-mobile.png HTTP/1.1" 200 10766 "https://www.easydrivers.at/bruck.leitha" "Mozilla/5.0 (iPhone; CPU iPhone OS 11_0_2 like Mac OS X) AppleWebKit/604.1.38 (KHTML, like Gecko) Version/11.0 Mobile/15A421 Safari/604.1"
213.225.14.194 - - [24/Oct/2017:06:50:29 +0200] "GET /img/mobile/menu-button.png HTTP/1.1" 200 1746 "https://www.easydrivers.at/bruck.leitha" "Mozilla/5.0 (iPhone; CPU iPhone OS 11_0_2 like Mac OS X) AppleWebKit/604.1.38 (KHTML, like Gecko) Version/11.0 Mobile/15A421 Safari/604.1"
213.225.14.194 - - [24/Oct/2017:06:50:29 +0200] "GET /img/mobile/close-button.png HTTP/1.1" 200 2411 "https://www.easydrivers.at/bruck.leitha" "Mozilla/5.0 (iPhone; CPU iPhone OS 11_0_2 like Mac OS X) AppleWebKit/604.1.38 (KHTML, like Gecko) Version/11.0 Mobile/15A421 Safari/604.1"
213.225.14.194 - - [24/Oct/2017:06:50:29 +0200] "GET /img/mobile/facebook-icon.png HTTP/1.1" 200 1902 "https://www.easydrivers.at/bruck.leitha" "Mozilla/5.0 (iPhone; CPU iPhone OS 11_0_2 like Mac OS X) AppleWebKit/604.1.38 (KHTML, like Gecko) Version/11.0 Mobile/15A421 Safari/604.1"
213.225.14.194 - - [24/Oct/2017:06:50:29 +0200] "GET /img/mobile/info-button.png HTTP/1.1" 200 1549 "https://www.easydrivers.at/bruck.leitha" "Mozilla/5.0 (iPhone; CPU iPhone OS 11_0_2 like Mac OS X) AppleWebKit/604.1.38 (KHTML, like Gecko) Version/11.0 Mobile/15A421 Safari/604.1"
213.225.14.194 - - [24/Oct/2017:06:50:29 +0200] "GET /img/mobile/info-close-button.png HTTP/1.1" 200 1721 "https://www.easydrivers.at/bruck.leitha" "Mozilla/5.0 (iPhone; CPU iPhone OS 11_0_2 like Mac OS X) AppleWebKit/604.1.38 (KHTML, like Gecko) Version/11.0 Mobile/15A421 Safari/604.1"
213.225.14.194 - - [24/Oct/2017:06:50:29 +0200] "GET /img/smallicon-person.png HTTP/1.1" 200 1141 "https://www.easydrivers.at/bruck.leitha" "Mozilla/5.0 (iPhone; CPU iPhone OS 11_0_2 like Mac OS X) AppleWebKit/604.1.38 (KHTML, like Gecko) Version/11.0 Mobile/15A421 Safari/604.1"
213.225.14.194 - - [24/Oct/2017:06:50:29 +0200] "GET /img/smallicon-address.png HTTP/1.1" 200 1211 "https://www.easydrivers.at/bruck.leitha" "Mozilla/5.0 (iPhone; CPU iPhone OS 11_0_2 like Mac OS X) AppleWebKit/604.1.38 (KHTML, like Gecko) Version/11.0 Mobile/15A421 Safari/604.1"
213.225.14.194 - - [24/Oct/2017:06:50:30 +0200] "GET /img/mobile/googlemaps-pin.png HTTP/1.1" 200 1597 "https://www.easydrivers.at/bruck.leitha" "Mozilla/5.0 (iPhone; CPU iPhone OS 11_0_2 like Mac OS X) AppleWebKit/604.1.38 (KHTML, like Gecko) Version/11.0 Mobile/15A421 Safari/604.1"
213.225.14.194 - - [24/Oct/2017:06:50:30 +0200] "GET /img/smallicon-time.png HTTP/1.1" 200 1262 "https://www.easydrivers.at/bruck.leitha" "Mozilla/5.0 (iPhone; CPU iPhone OS 11_0_2 like Mac OS X) AppleWebKit/604.1.38 (KHTML, like Gecko) Version/11.0 Mobile/15A421 Safari/604.1"
213.225.14.194 - - [24/Oct/2017:06:50:30 +0200] "GET /img/smallicon-phone.png HTTP/1.1" 200 3056 "https://www.easydrivers.at/bruck.leitha" "Mozilla/5.0 (iPhone; CPU iPhone OS 11_0_2 like Mac OS X) AppleWebKit/604.1.38 (KHTML, like Gecko) Version/11.0 Mobile/15A421 Safari/604.1"
213.225.14.194 - - [24/Oct/2017:06:50:30 +0200] "GET /img/smallicon-mail.png HTTP/1.1" 200 1341 "https://www.easydrivers.at/bruck.leitha" "Mozilla/5.0 (iPhone; CPU iPhone OS 11_0_2 like Mac OS X) AppleWebKit/604.1.38 (KHTML, like Gecko) Version/11.0 Mobile/15A421 Safari/604.1"
213.225.14.194 - - [24/Oct/2017:06:50:30 +0200] "GET /img/mobile/widget-icon-app.png HTTP/1.1" 200 3458 "https://www.easydrivers.at/bruck.leitha" "Mozilla/5.0 (iPhone; CPU iPhone OS 11_0_2 like Mac OS X) AppleWebKit/604.1.38 (KHTML, like Gecko) Version/11.0 Mobile/15A421 Safari/604.1"
213.225.14.194 - - [24/Oct/2017:06:50:30 +0200] "GET /img/mobile/bg-menu.jpg HTTP/1.1" 200 1698 "https://www.easydrivers.at/bruck.leitha" "Mozilla/5.0 (iPhone; CPU iPhone OS 11_0_2 like Mac OS X) AppleWebKit/604.1.38 (KHTML, like Gecko) Version/11.0 Mobile/15A421 Safari/604.1"
213.225.14.194 - - [24/Oct/2017:06:50:30 +0200] "GET /img/mobile/bg-header.jpg HTTP/1.1" 200 19741 "https://www.easydrivers.at/bruck.leitha" "Mozilla/5.0 (iPhone; CPU iPhone OS 11_0_2 like Mac OS X) AppleWebKit/604.1.38 (KHTML, like Gecko) Version/11.0 Mobile/15A421 Safari/604.1"
213.225.14.194 - - [24/Oct/2017:06:50:30 +0200] "GET /img/mobile/bg-top-section.jpg HTTP/1.1" 200 21711 "https://www.easydrivers.at/bruck.leitha" "Mozilla/5.0 (iPhone; CPU iPhone OS 11_0_2 like Mac OS X) AppleWebKit/604.1.38 (KHTML, like Gecko) Version/11.0 Mobile/15A421 Safari/604.1"
213.225.14.194 - - [24/Oct/2017:06:50:30 +0200] "GET /img/mobile/pfeil-rechts.png HTTP/1.1" 200 1228 "https://www.easydrivers.at/bruck.leitha" "Mozilla/5.0 (iPhone; CPU iPhone OS 11_0_2 like Mac OS X) AppleWebKit/604.1.38 (KHTML, like Gecko) Version/11.0 Mobile/15A421 Safari/604.1"
213.225.14.194 - - [24/Oct/2017:06:50:38 +0200] "POST /bruck.leitha/kursauswahl HTTP/1.1" 200 3006 "https://www.easydrivers.at/bruck.leitha" "Mozilla/5.0 (iPhone; CPU iPhone OS 11_0_2 like Mac OS X) AppleWebKit/604.1.38 (KHTML, like Gecko) Version/11.0 Mobile/15A421 Safari/604.1"
213.225.14.194 - - [24/Oct/2017:06:50:40 +0200] "GET /javascript/mobile-fahrschule-kurs-suchergebnis.js HTTP/1.1" 200 274 "https://www.easydrivers.at/bruck.leitha/kursauswahl" "Mozilla/5.0 (iPhone; CPU iPhone OS 11_0_2 like Mac OS X) AppleWebKit/604.1.38 (KHTML, like Gecko) Version/11.0 Mobile/15A421 Safari/604.1"
213.225.14.194 - - [24/Oct/2017:06:50:40 +0200] "GET /img/mobile/pfeil-links-small.png HTTP/1.1" 200 1065 "https://www.easydrivers.at/bruck.leitha/kursauswahl" "Mozilla/5.0 (iPhone; CPU iPhone OS 11_0_2 like Mac OS X) AppleWebKit/604.1.38 (KHTML, like Gecko) Version/11.0 Mobile/15A421 Safari/604.1"
213.225.14.194 - - [24/Oct/2017:06:50:40 +0200] "GET /img/mobile/bg-yellow.jpg HTTP/1.1" 200 1569 "https://www.easydrivers.at/bruck.leitha/kursauswahl" "Mozilla/5.0 (iPhone; CPU iPhone OS 11_0_2 like Mac OS X) AppleWebKit/604.1.38 (KHTML, like Gecko) Version/11.0 Mobile/15A421 Safari/604.1"
213.225.14.194 - - [24/Oct/2017:06:50:40 +0200] "GET /img/loading-bars.gif HTTP/1.1" 200 3951 "https://www.easydrivers.at/bruck.leitha/kursauswahl" "Mozilla/5.0 (iPhone; CPU iPhone OS 11_0_2 like Mac OS X) AppleWebKit/604.1.38 (KHTML, like Gecko) Version/11.0 Mobile/15A421 Safari/604.1"
66.249.66.30 - - [24/Oct/2017:06:50:41 +0200] "GET /uploads/pdfs/berndorf/Intensivkurs-8-Einheiten-November-2014_B-L17.pdf HTTP/1.1" 301 343 "-" "Mozilla/5.0 (compatible; Googlebot/2.1; +http://www.google.com/bot.html)"
66.249.76.80 - - [24/Oct/2017:06:50:41 +0200] "GET /uploads/pdfs/berndorf/Intensivkurs-8-Einheiten-November-2014_B-L17.pdf HTTP/1.1" 200 35554 "-" "Mozilla/5.0 (compatible; Googlebot/2.1; +http://www.google.com/bot.html)"
213.185.172.60 - - [24/Oct/2017:06:50:42 +0200] "GET /bruck.leitha HTTP/1.1" 301 302 "http://www.google.at/url?sa=t&rct=j&q=&esrc=s&source=web&cd=1&ved=0ahUKEwjjv7jyuojXAhWGL8AKHYn0BeQQFggnMAA&url=http%3A%2F%2Fwww.easydrivers.at%2Fbruck.leitha&usg=AOvVaw3JQU9ayhhpDFU3fm91G98J" "Mozilla/5.0 (Windows NT 6.1; Trident/7.0; rv:11.0) like Gecko"
213.185.172.60 - - [24/Oct/2017:06:50:42 +0200] "GET /bruck.leitha HTTP/1.1" 200 3502 "http://www.google.at/url?sa=t&rct=j&q=&esrc=s&source=web&cd=1&ved=0ahUKEwjjv7jyuojXAhWGL8AKHYn0BeQQFggnMAA&url=http%3A%2F%2Fwww.easydrivers.at%2Fbruck.leitha&usg=AOvVaw3JQU9ayhhpDFU3fm91G98J" "Mozilla/5.0 (Windows NT 6.1; Trident/7.0; rv:11.0) like Gecko"
213.185.172.60 - - [24/Oct/2017:06:50:44 +0200] "GET /css/print.css HTTP/1.1" 200 967 "https://www.easydrivers.at/bruck.leitha" "Mozilla/5.0 (Windows NT 6.1; Trident/7.0; rv:11.0) like Gecko"
213.185.172.60 - - [24/Oct/2017:06:50:44 +0200] "GET /img/close-button-small.png HTTP/1.1" 200 1671 "https://www.easydrivers.at/bruck.leitha" "Mozilla/5.0 (Windows NT 6.1; Trident/7.0; rv:11.0) like Gecko"
213.185.172.60 - - [24/Oct/2017:06:50:44 +0200] "GET /javascript/jquery.customSelect.min.js HTTP/1.1" 200 912 "https://www.easydrivers.at/bruck.leitha" "Mozilla/5.0 (Windows NT 6.1; Trident/7.0; rv:11.0) like Gecko"
213.185.172.60 - - [24/Oct/2017:06:50:44 +0200] "GET /img/info-button.png HTTP/1.1" 200 738 "https://www.easydrivers.at/bruck.leitha" "Mozilla/5.0 (Windows NT 6.1; Trident/7.0; rv:11.0) like Gecko"
213.185.172.60 - - [24/Oct/2017:06:50:44 +0200] "GET /css/style.css HTTP/1.1" 200 5004 "https://www.easydrivers.at/bruck.leitha" "Mozilla/5.0 (Windows NT 6.1; Trident/7.0; rv:11.0) like Gecko"
213.185.172.60 - - [24/Oct/2017:06:50:44 +0200] "GET /img/locator-icon.png HTTP/1.1" 200 1377 "https://www.easydrivers.at/bruck.leitha" "Mozilla/5.0 (Windows NT 6.1; Trident/7.0; rv:11.0) like Gecko"
213.185.172.60 - - [24/Oct/2017:06:50:44 +0200] "GET /javascript/jquery.simplemodal.js HTTP/1.1" 200 3070 "https://www.easydrivers.at/bruck.leitha" "Mozilla/5.0 (Windows NT 6.1; Trident/7.0; rv:11.0) like Gecko"
213.185.172.60 - - [24/Oct/2017:06:50:45 +0200] "GET /javascript/lazyload.js HTTP/1.1" 200 1170 "https://www.easydrivers.at/bruck.leitha" "Mozilla/5.0 (Windows NT 6.1; Trident/7.0; rv:11.0) like Gecko"
213.185.172.60 - - [24/Oct/2017:06:50:45 +0200] "GET /img/submit-button.png HTTP/1.1" 200 1958 "https://www.easydrivers.at/bruck.leitha" "Mozilla/5.0 (Windows NT 6.1; Trident/7.0; rv:11.0) like Gecko"
213.185.172.60 - - [24/Oct/2017:06:50:45 +0200] "GET /javascript/jquery.cookie.js HTTP/1.1" 200 863 "https://www.easydrivers.at/bruck.leitha" "Mozilla/5.0 (Windows NT 6.1; Trident/7.0; rv:11.0) like Gecko"
213.185.172.60 - - [24/Oct/2017:06:50:45 +0200] "GET /javascript/fahrschule.js HTTP/1.1" 200 462 "https://www.easydrivers.at/bruck.leitha" "Mozilla/5.0 (Windows NT 6.1; Trident/7.0; rv:11.0) like Gecko"
213.185.172.60 - - [24/Oct/2017:06:50:45 +0200] "GET /javascript/portal.js?1221842734 HTTP/1.1" 200 3529 "https://www.easydrivers.at/bruck.leitha" "Mozilla/5.0 (Windows NT 6.1; Trident/7.0; rv:11.0) like Gecko"
213.185.172.60 - - [24/Oct/2017:06:50:45 +0200] "GET /img/empty.gif HTTP/1.1" 200 43 "https://www.easydrivers.at/bruck.leitha" "Mozilla/5.0 (Windows NT 6.1; Trident/7.0; rv:11.0) like Gecko"
213.185.172.60 - - [24/Oct/2017:06:50:45 +0200] "GET /binaries/easy-drivers-portal/widget-icon-expertspng.png HTTP/1.1" 200 2159 "https://www.easydrivers.at/bruck.leitha" "Mozilla/5.0 (Windows NT 6.1; Trident/7.0; rv:11.0) like Gecko"
213.185.172.60 - - [24/Oct/2017:06:50:45 +0200] "GET /binaries/easy-drivers-portal/widget-icon-trainingpng.png HTTP/1.1" 200 2662 "https://www.easydrivers.at/bruck.leitha" "Mozilla/5.0 (Windows NT 6.1; Trident/7.0; rv:11.0) like Gecko"
213.185.172.60 - - [24/Oct/2017:06:50:45 +0200] "GET /img/schweiz-icon.png HTTP/1.1" 200 1504 "https://www.easydrivers.at/bruck.leitha" "Mozilla/5.0 (Windows NT 6.1; Trident/7.0; rv:11.0) like Gecko"
213.185.172.60 - - [24/Oct/2017:06:50:45 +0200] "GET /img/facebook-icon.png HTTP/1.1" 200 1506 "https://www.easydrivers.at/bruck.leitha" "Mozilla/5.0 (Windows NT 6.1; Trident/7.0; rv:11.0) like Gecko"
213.185.172.60 - - [24/Oct/2017:06:50:45 +0200] "GET /binaries/easy-drivers-portal/widget-icon-apppng.png HTTP/1.1" 200 2432 "https://www.easydrivers.at/bruck.leitha" "Mozilla/5.0 (Windows NT 6.1; Trident/7.0; rv:11.0) like Gecko"
213.185.172.60 - - [24/Oct/2017:06:50:45 +0200] "GET /img/close-button.png HTTP/1.1" 200 2237 "https://www.easydrivers.at/bruck.leitha" "Mozilla/5.0 (Windows NT 6.1; Trident/7.0; rv:11.0) like Gecko"
213.185.172.60 - - [24/Oct/2017:06:50:45 +0200] "GET /img/bg-header.jpg HTTP/1.1" 200 38680 "https://www.easydrivers.at/bruck.leitha" "Mozilla/5.0 (Windows NT 6.1; Trident/7.0; rv:11.0) like Gecko"
213.185.172.60 - - [24/Oct/2017:06:50:45 +0200] "GET /img/kursicon-print-pink.png HTTP/1.1" 200 1125 "https://www.easydrivers.at/bruck.leitha" "Mozilla/5.0 (Windows NT 6.1; Trident/7.0; rv:11.0) like Gecko"
213.185.172.60 - - [24/Oct/2017:06:50:45 +0200] "GET /img/kursicon-share-pink.png HTTP/1.1" 200 1277 "https://www.easydrivers.at/bruck.leitha" "Mozilla/5.0 (Windows NT 6.1; Trident/7.0; rv:11.0) like Gecko"
213.185.172.60 - - [24/Oct/2017:06:50:45 +0200] "GET /img/kursicon-download-pink.png HTTP/1.1" 200 1213 "https://www.easydrivers.at/bruck.leitha" "Mozilla/5.0 (Windows NT 6.1; Trident/7.0; rv:11.0) like Gecko"
213.185.172.60 - - [24/Oct/2017:06:50:45 +0200] "GET /img/kursicon-phone-pink.png HTTP/1.1" 200 1286 "https://www.easydrivers.at/bruck.leitha" "Mozilla/5.0 (Windows NT 6.1; Trident/7.0; rv:11.0) like Gecko"
213.185.172.60 - - [24/Oct/2017:06:50:45 +0200] "GET /img/yellow-dots-vertical.png HTTP/1.1" 200 981 "https://www.easydrivers.at/bruck.leitha" "Mozilla/5.0 (Windows NT 6.1; Trident/7.0; rv:11.0) like Gecko"
213.185.172.60 - - [24/Oct/2017:06:50:45 +0200] "GET /img/bg-top-section.jpg HTTP/1.1" 200 82172 "https://www.easydrivers.at/bruck.leitha" "Mozilla/5.0 (Windows NT 6.1; Trident/7.0; rv:11.0) like Gecko"
213.185.172.60 - - [24/Oct/2017:06:50:45 +0200] "GET /img/purple-dots-horizontal.png HTTP/1.1" 200 977 "https://www.easydrivers.at/bruck.leitha" "Mozilla/5.0 (Windows NT 6.1; Trident/7.0; rv:11.0) like Gecko"
213.185.172.60 - - [24/Oct/2017:06:50:45 +0200] "GET /img/ED_Logo.png HTTP/1.1" 200 3385 "https://www.easydrivers.at/bruck.leitha" "Mozilla/5.0 (Windows NT 6.1; Trident/7.0; rv:11.0) like Gecko"
213.185.172.60 - - [24/Oct/2017:06:50:45 +0200] "GET /img/bg-footer.jpg HTTP/1.1" 200 31770 "https://www.easydrivers.at/bruck.leitha" "Mozilla/5.0 (Windows NT 6.1; Trident/7.0; rv:11.0) like Gecko"
213.185.172.60 - - [24/Oct/2017:06:50:45 +0200] "GET /img/new_favicon.ico HTTP/1.1" 301 306 "-" "Mozilla/5.0 (Windows NT 6.1; Trident/7.0; rv:11.0) like Gecko"
213.185.172.60 - - [24/Oct/2017:06:50:46 +0200] "GET /img/new_favicon.ico HTTP/1.1" 200 1150 "-" "Mozilla/5.0 (Windows NT 6.1; Trident/7.0; rv:11.0) like Gecko"
178.115.129.203 - - [24/Oct/2017:06:50:52 +0200] "GET /wr.neustadt/kursauswahl HTTP/1.1" 200 2691 "https://www.easydrivers.at/suche" "Mozilla/5.0 (Linux; Android 7.0; SM-G930F Build/NRD90M) AppleWebKit/537.36 (KHTML, like Gecko) Chrome/56.0.2924.87 Mobile Safari/537.36"
213.185.172.60 - - [24/Oct/2017:06:50:52 +0200] "POST /bruck.leitha/kursauswahl HTTP/1.1" 200 4227 "https://www.easydrivers.at/bruck.leitha" "Mozilla/5.0 (Windows NT 6.1; Trident/7.0; rv:11.0) like Gecko"
213.185.172.60 - - [24/Oct/2017:06:50:54 +0200] "GET /javascript/jquery.showLoading.min.js HTTP/1.1" 200 1136 "https://www.easydrivers.at/bruck.leitha/kursauswahl" "Mozilla/5.0 (Windows NT 6.1; Trident/7.0; rv:11.0) like Gecko"
213.185.172.60 - - [24/Oct/2017:06:50:54 +0200] "GET /css/showLoading.css HTTP/1.1" 200 219 "https://www.easydrivers.at/bruck.leitha/kursauswahl" "Mozilla/5.0 (Windows NT 6.1; Trident/7.0; rv:11.0) like Gecko"
213.185.172.60 - - [24/Oct/2017:06:50:54 +0200] "GET /binaries/easy-drivers-portal/lkw4jpg.jpg HTTP/1.1" 200 118819 "https://www.easydrivers.at/bruck.leitha/kursauswahl" "Mozilla/5.0 (Windows NT 6.1; Trident/7.0; rv:11.0) like Gecko"
213.185.172.60 - - [24/Oct/2017:06:50:54 +0200] "GET /javascript/jquery.base64.min.js HTTP/1.1" 200 37135 "https://www.easydrivers.at/bruck.leitha/kursauswahl" "Mozilla/5.0 (Windows NT 6.1; Trident/7.0; rv:11.0) like Gecko"
213.185.172.60 - - [24/Oct/2017:06:50:54 +0200] "GET /img/bg-yellow.jpg HTTP/1.1" 200 2250 "https://www.easydrivers.at/bruck.leitha/kursauswahl" "Mozilla/5.0 (Windows NT 6.1; Trident/7.0; rv:11.0) like Gecko"
213.185.172.60 - - [24/Oct/2017:06:50:54 +0200] "GET /img/top-image-overlay.png HTTP/1.1" 200 20650 "https://www.easydrivers.at/bruck.leitha/kursauswahl" "Mozilla/5.0 (Windows NT 6.1; Trident/7.0; rv:11.0) like Gecko"
213.185.172.60 - - [24/Oct/2017:06:50:54 +0200] "GET /img/arrow-left.png HTTP/1.1" 200 1015 "https://www.easydrivers.at/bruck.leitha/kursauswahl" "Mozilla/5.0 (Windows NT 6.1; Trident/7.0; rv:11.0) like Gecko"
178.115.129.203 - - [24/Oct/2017:06:50:55 +0200] "GET /img/favicon.ico HTTP/1.1" 404 301 "-" "Mozilla/5.0 (Linux; Android 7.0; SM-G930F Build/NRD90M) AppleWebKit/537.36 (KHTML, like Gecko) Chrome/56.0.2924.87 Mobile Safari/537.36"
66.249.76.74 - - [24/Oct/2017:06:50:59 +0200] "GET /skarabela.gross-enzersdorf/10245835 HTTP/1.1" 301 319 "-" "Mozilla/5.0 (compatible; Googlebot/2.1; +http://www.google.com/bot.html)"
66.249.66.3 - - [24/Oct/2017:06:51:00 +0200] "GET /skarabela.gross-enzersdorf/10245835 HTTP/1.1" 200 3779 "-" "Mozilla/5.0 (compatible; Googlebot/2.1; +http://www.google.com/bot.html)"
213.185.172.60 - - [24/Oct/2017:06:51:04 +0200] "GET /img/loading-bars.gif HTTP/1.1" 200 3951 "https://www.easydrivers.at/bruck.leitha/kursauswahl" "Mozilla/5.0 (Windows NT 6.1; Trident/7.0; rv:11.0) like Gecko"
213.185.172.60 - - [24/Oct/2017:06:51:04 +0200] "POST /loadkursliste HTTP/1.1" 200 622 "https://www.easydrivers.at/bruck.leitha/kursauswahl" "Mozilla/5.0 (Windows NT 6.1; Trident/7.0; rv:11.0) like Gecko"
213.185.172.60 - - [24/Oct/2017:06:51:06 +0200] "GET /img/kursicon-download.png HTTP/1.1" 200 1218 "https://www.easydrivers.at/bruck.leitha/kursauswahl" "Mozilla/5.0 (Windows NT 6.1; Trident/7.0; rv:11.0) like Gecko"
213.185.172.60 - - [24/Oct/2017:06:51:06 +0200] "GET /img/kursicon-print.png HTTP/1.1" 200 1184 "https://www.easydrivers.at/bruck.leitha/kursauswahl" "Mozilla/5.0 (Windows NT 6.1; Trident/7.0; rv:11.0) like Gecko"
213.185.172.60 - - [24/Oct/2017:06:51:06 +0200] "GET /img/kursicon-phone.png HTTP/1.1" 200 1287 "https://www.easydrivers.at/bruck.leitha/kursauswahl" "Mozilla/5.0 (Windows NT 6.1; Trident/7.0; rv:11.0) like Gecko"
213.185.172.60 - - [24/Oct/2017:06:51:06 +0200] "GET /img/kursicon-share.png HTTP/1.1" 200 1302 "https://www.easydrivers.at/bruck.leitha/kursauswahl" "Mozilla/5.0 (Windows NT 6.1; Trident/7.0; rv:11.0) like Gecko"
195.202.168.180 - - [24/Oct/2017:06:51:06 +0200] "GET /uploads/pdfs/bruck.leitha/10279427_BE96.pdf HTTP/1.1" 301 325 "http://www.google.at/url?sa=t&rct=j&q=&esrc=s&source=web&cd=2&ved=0ahUKEwikzan1uojXAhWMWhQKHQPxCB8QFggpMAE&url=http%3A%2F%2Fwww.easydrivers.at%2Fuploads%2Fpdfs%2Fbruck.leitha%2F10279427_BE96.pdf&usg=AOvVaw1Y-rE-EFH9gZpBtmmHl2i7" "Mozilla/5.0 (Windows NT 6.1; WOW64; Trident/7.0; rv:11.0) like Gecko"
195.202.168.180 - - [24/Oct/2017:06:51:07 +0200] "GET /uploads/pdfs/bruck.leitha/10279427_BE96.pdf HTTP/1.1" 200 36719 "http://www.google.at/url?sa=t&rct=j&q=&esrc=s&source=web&cd=2&ved=0ahUKEwikzan1uojXAhWMWhQKHQPxCB8QFggpMAE&url=http%3A%2F%2Fwww.easydrivers.at%2Fuploads%2Fpdfs%2Fbruck.leitha%2F10279427_BE96.pdf&usg=AOvVaw1Y-rE-EFH9gZpBtmmHl2i7" "Mozilla/5.0 (Windows NT 6.1; WOW64; Trident/7.0; rv:11.0) like Gecko"
178.115.129.203 - - [24/Oct/2017:06:51:12 +0200] "-" 408 - "-" "-"
178.115.129.203 - - [24/Oct/2017:06:51:12 +0200] "-" 408 - "-" "-"
178.115.129.203 - - [24/Oct/2017:06:51:12 +0200] "-" 408 - "-" "-"
178.115.129.203 - - [24/Oct/2017:06:51:12 +0200] "-" 408 - "-" "-"
66.249.76.74 - - [24/Oct/2017:06:51:17 +0200] "GET /uploads/pdfs/st.poelten/10271951_A1.pdf HTTP/1.1" 301 320 "-" "Mozilla/5.0 (compatible; Googlebot/2.1; +http://www.google.com/bot.html)"
66.249.66.3 - - [24/Oct/2017:06:51:18 +0200] "GET /uploads/pdfs/st.poelten/10271951_A1.pdf HTTP/1.1" 200 29085 "-" "Mozilla/5.0 (compatible; Googlebot/2.1; +http://www.google.com/bot.html)"
213.225.14.194 - - [24/Oct/2017:06:51:23 +0200] "GET /bruck.leitha HTTP/1.1" 200 2938 "https://www.google.at/" "Mozilla/5.0 (iPhone; CPU iPhone OS 11_0_2 like Mac OS X) AppleWebKit/604.1.38 (KHTML, like Gecko) Version/11.0 Mobile/15A421 Safari/604.1"
213.225.14.194 - - [24/Oct/2017:06:51:30 +0200] "POST /bruck.leitha/kursauswahl HTTP/1.1" 200 3006 "https://www.easydrivers.at/bruck.leitha" "Mozilla/5.0 (iPhone; CPU iPhone OS 11_0_2 like Mac OS X) AppleWebKit/604.1.38 (KHTML, like Gecko) Version/11.0 Mobile/15A421 Safari/604.1"
195.202.168.180 - - [24/Oct/2017:06:51:33 +0200] "GET /uploads/pdfs/bruck.leitha/10279427_BE96.pdf HTTP/1.1" 304 - "http://www.google.at/url?sa=t&rct=j&q=&esrc=s&source=web&cd=2&ved=0ahUKEwikzan1uojXAhWMWhQKHQPxCB8QFggpMAE&url=http%3A%2F%2Fwww.easydrivers.at%2Fuploads%2Fpdfs%2Fbruck.leitha%2F10279427_BE96.pdf&usg=AOvVaw1Y-rE-EFH9gZpBtmmHl2i7" "Mozilla/5.0 (Windows NT 6.1; WOW64; Trident/7.0; rv:11.0) like Gecko"
66.249.76.74 - - [24/Oct/2017:06:51:36 +0200] "GET /uploads/pdfs/bruck.leitha/10275226_C111.pdf HTTP/1.1" 301 324 "-" "Mozilla/5.0 (compatible; Googlebot/2.1; +http://www.google.com/bot.html)"
195.202.168.180 - - [24/Oct/2017:06:51:36 +0200] "GET /uploads/pdfs/bruck.leitha/10279427_BE96.pdf HTTP/1.1" 304 - "http://www.google.at/url?sa=t&rct=j&q=&esrc=s&source=web&cd=2&ved=0ahUKEwikzan1uojXAhWMWhQKHQPxCB8QFggpMAE&url=http%3A%2F%2Fwww.easydrivers.at%2Fuploads%2Fpdfs%2Fbruck.leitha%2F10279427_BE96.pdf&usg=AOvVaw1Y-rE-EFH9gZpBtmmHl2i7" "Mozilla/5.0 (Windows NT 6.1; WOW64; Trident/7.0; rv:11.0) like Gecko"
66.249.76.80 - - [24/Oct/2017:06:51:36 +0200] "GET /uploads/pdfs/bruck.leitha/10275226_C111.pdf HTTP/1.1" 200 28261 "-" "Mozilla/5.0 (compatible; Googlebot/2.1; +http://www.google.com/bot.html)"
195.202.168.180 - - [24/Oct/2017:06:51:39 +0200] "GET /uploads/pdfs/bruck.leitha/10279427_BE96.pdf HTTP/1.1" 304 - "http://www.google.at/url?sa=t&rct=j&q=&esrc=s&source=web&cd=2&ved=0ahUKEwikzan1uojXAhWMWhQKHQPxCB8QFggpMAE&url=http%3A%2F%2Fwww.easydrivers.at%2Fuploads%2Fpdfs%2Fbruck.leitha%2F10279427_BE96.pdf&usg=AOvVaw1Y-rE-EFH9gZpBtmmHl2i7" "Mozilla/5.0 (Windows NT 6.1; WOW64; Trident/7.0; rv:11.0) like Gecko"
195.202.168.180 - - [24/Oct/2017:06:51:41 +0200] "GET /uploads/pdfs/bruck.leitha/10279427_BE96.pdf HTTP/1.1" 304 - "http://www.google.at/url?sa=t&rct=j&q=&esrc=s&source=web&cd=2&ved=0ahUKEwikzan1uojXAhWMWhQKHQPxCB8QFggpMAE&url=http%3A%2F%2Fwww.easydrivers.at%2Fuploads%2Fpdfs%2Fbruck.leitha%2F10279427_BE96.pdf&usg=AOvVaw1Y-rE-EFH9gZpBtmmHl2i7" "Mozilla/5.0 (Windows NT 6.1; WOW64; Trident/7.0; rv:11.0) like Gecko"
195.202.168.180 - - [24/Oct/2017:06:51:43 +0200] "GET /uploads/pdfs/bruck.leitha/10279427_BE96.pdf HTTP/1.1" 304 - "http://www.google.at/url?sa=t&rct=j&q=&esrc=s&source=web&cd=2&ved=0ahUKEwikzan1uojXAhWMWhQKHQPxCB8QFggpMAE&url=http%3A%2F%2Fwww.easydrivers.at%2Fuploads%2Fpdfs%2Fbruck.leitha%2F10279427_BE96.pdf&usg=AOvVaw1Y-rE-EFH9gZpBtmmHl2i7" "Mozilla/5.0 (Windows NT 6.1; WOW64; Trident/7.0; rv:11.0) like Gecko"
195.202.168.180 - - [24/Oct/2017:06:51:44 +0200] "GET /uploads/pdfs/bruck.leitha/10279427_BE96.pdf HTTP/1.1" 304 - "http://www.google.at/url?sa=t&rct=j&q=&esrc=s&source=web&cd=2&ved=0ahUKEwikzan1uojXAhWMWhQKHQPxCB8QFggpMAE&url=http%3A%2F%2Fwww.easydrivers.at%2Fuploads%2Fpdfs%2Fbruck.leitha%2F10279427_BE96.pdf&usg=AOvVaw1Y-rE-EFH9gZpBtmmHl2i7" "Mozilla/5.0 (Windows NT 6.1; WOW64; Trident/7.0; rv:11.0) like Gecko"
5.9.110.164 - - [24/Oct/2017:06:51:45 +0200] "GET / HTTP/1.1" 301 293 "-" "Mozilla/5.0 (compatible; MetaJobBot; http://www.metajob.at/crawler)"
195.202.168.180 - - [24/Oct/2017:06:51:45 +0200] "GET /uploads/pdfs/bruck.leitha/10279427_BE96.pdf HTTP/1.1" 304 - "http://www.google.at/url?sa=t&rct=j&q=&esrc=s&source=web&cd=2&ved=0ahUKEwikzan1uojXAhWMWhQKHQPxCB8QFggpMAE&url=http%3A%2F%2Fwww.easydrivers.at%2Fuploads%2Fpdfs%2Fbruck.leitha%2F10279427_BE96.pdf&usg=AOvVaw1Y-rE-EFH9gZpBtmmHl2i7" "Mozilla/5.0 (Windows NT 6.1; WOW64; Trident/7.0; rv:11.0) like Gecko"
213.185.172.60 - - [24/Oct/2017:06:51:46 +0200] "GET /fuehrerscheine/lkw HTTP/1.1" 301 304 "http://www.google.at/url?sa=t&rct=j&q=&esrc=s&source=web&cd=1&ved=0ahUKEwj-utyMu4jXAhUeOsAKHasmB9sQFgg8MAA&url=http%3A%2F%2Fwww.easydrivers.at%2Ffuehrerscheine%2Flkw&usg=AOvVaw0oFqgw-9g7eZgED-wuE4GE" "Mozilla/5.0 (Windows NT 6.1; Trident/7.0; rv:11.0) like Gecko"
195.202.168.180 - - [24/Oct/2017:06:51:46 +0200] "GET /uploads/pdfs/bruck.leitha/10279427_BE96.pdf HTTP/1.1" 304 - "http://www.google.at/url?sa=t&rct=j&q=&esrc=s&source=web&cd=2&ved=0ahUKEwikzan1uojXAhWMWhQKHQPxCB8QFggpMAE&url=http%3A%2F%2Fwww.easydrivers.at%2Fuploads%2Fpdfs%2Fbruck.leitha%2F10279427_BE96.pdf&usg=AOvVaw1Y-rE-EFH9gZpBtmmHl2i7" "Mozilla/5.0 (Windows NT 6.1; WOW64; Trident/7.0; rv:11.0) like Gecko"
213.185.172.60 - - [24/Oct/2017:06:51:46 +0200] "GET /fuehrerscheine/lkw HTTP/1.1" 200 2686 "http://www.google.at/url?sa=t&rct=j&q=&esrc=s&source=web&cd=1&ved=0ahUKEwj-utyMu4jXAhUeOsAKHasmB9sQFgg8MAA&url=http%3A%2F%2Fwww.easydrivers.at%2Ffuehrerscheine%2Flkw&usg=AOvVaw0oFqgw-9g7eZgED-wuE4GE" "Mozilla/5.0 (Windows NT 6.1; Trident/7.0; rv:11.0) like Gecko"
213.185.172.60 - - [24/Oct/2017:06:51:47 +0200] "GET /javascript/license.js HTTP/1.1" 200 315 "https://www.easydrivers.at/fuehrerscheine/lkw" "Mozilla/5.0 (Windows NT 6.1; Trident/7.0; rv:11.0) like Gecko"
213.185.172.60 - - [24/Oct/2017:06:51:47 +0200] "GET /binaries/easy-drivers-portal/lkw5jpg.jpg HTTP/1.1" 200 78806 "https://www.easydrivers.at/fuehrerscheine/lkw" "Mozilla/5.0 (Windows NT 6.1; Trident/7.0; rv:11.0) like Gecko"
213.185.172.60 - - [24/Oct/2017:06:51:47 +0200] "GET /img/submit-button-small.png HTTP/1.1" 200 1456 "https://www.easydrivers.at/fuehrerscheine/lkw" "Mozilla/5.0 (Windows NT 6.1; Trident/7.0; rv:11.0) like Gecko"
213.185.172.60 - - [24/Oct/2017:06:51:52 +0200] "GET /fuehrerscheine/lkw/C HTTP/1.1" 200 3782 "https://www.easydrivers.at/fuehrerscheine/lkw" "Mozilla/5.0 (Windows NT 6.1; Trident/7.0; rv:11.0) like Gecko"
213.185.172.60 - - [24/Oct/2017:06:51:53 +0200] "GET /javascript/product.js HTTP/1.1" 200 139 "https://www.easydrivers.at/fuehrerscheine/lkw/C" "Mozilla/5.0 (Windows NT 6.1; Trident/7.0; rv:11.0) like Gecko"
213.185.172.60 - - [24/Oct/2017:06:51:53 +0200] "GET /img/arrow-up.png HTTP/1.1" 200 1081 "https://www.easydrivers.at/fuehrerscheine/lkw/C" "Mozilla/5.0 (Windows NT 6.1; Trident/7.0; rv:11.0) like Gecko"
66.249.66.30 - - [24/Oct/2017:06:51:54 +0200] "GET /uploads/pdfs/zwettl/10259608_A2B.pdf HTTP/1.1" 301 319 "-" "Mozilla/5.0 (compatible; Googlebot/2.1; +http://www.google.com/bot.html)"
66.249.66.3 - - [24/Oct/2017:06:51:55 +0200] "GET /uploads/pdfs/zwettl/10259608_A2B.pdf HTTP/1.1" 200 29935 "-" "Mozilla/5.0 (compatible; Googlebot/2.1; +http://www.google.com/bot.html)"
66.249.66.31 - - [24/Oct/2017:06:52:13 +0200] "GET /uploads/pdfs/horn/10235702_CCE.pdf HTTP/1.1" 301 316 "-" "Mozilla/5.0 (compatible; Googlebot/2.1; +http://www.google.com/bot.html)"
66.249.76.84 - - [24/Oct/2017:06:52:13 +0200] "GET /uploads/pdfs/horn/10235702_CCE.pdf HTTP/1.1" 200 30034 "-" "Mozilla/5.0 (compatible; Googlebot/2.1; +http://www.google.com/bot.html)"
66.249.76.84 - - [24/Oct/2017:06:52:13 +0200] "GET /uploads/pdfs/voesendorf/10281936_BL1796.pdf HTTP/1.1" 200 36813 "-" "Mozilla/5.0 (compatible; Googlebot/2.1; +http://www.google.com/bot.html)"
86.32.191.39 - - [24/Oct/2017:06:52:18 +0200] "GET /moedling?gclid=Cj0KCQjwprbPBRCHARIsAF_7gDYXoFPg2hbGzpmUYMfmbW8-QquEgBneLSG452MVlu1Ey4UQpHQ93_8aAhetEALw_wcB HTTP/1.1" 301 389 "http://www.google.at/" "Mozilla/5.0 (Linux; Android 7.0; HUAWEI VNS-L21 Build/HUAWEIVNS-L21) AppleWebKit/537.36 (KHTML, like Gecko) Chrome/61.0.3163.98 Mobile Safari/537.36"
86.32.191.39 - - [24/Oct/2017:06:52:18 +0200] "GET /moedling?gclid=Cj0KCQjwprbPBRCHARIsAF_7gDYXoFPg2hbGzpmUYMfmbW8-QquEgBneLSG452MVlu1Ey4UQpHQ93_8aAhetEALw_wcB HTTP/1.1" 200 2972 "http://www.google.at/" "Mozilla/5.0 (Linux; Android 7.0; HUAWEI VNS-L21 Build/HUAWEIVNS-L21) AppleWebKit/537.36 (KHTML, like Gecko) Chrome/61.0.3163.98 Mobile Safari/537.36"
86.32.191.39 - - [24/Oct/2017:06:52:23 +0200] "GET /img/favicon.ico HTTP/1.1" 404 301 "-" "Mozilla/5.0 (Linux; Android 7.0; HUAWEI VNS-L21 Build/HUAWEIVNS-L21) AppleWebKit/537.36 (KHTML, like Gecko) Chrome/61.0.3163.98 Mobile Safari/537.36"
66.249.76.74 - - [24/Oct/2017:06:52:31 +0200] "GET /uploads/pdfs/leonding/10249917_A2B.pdf HTTP/1.1" 301 321 "-" "Mozilla/5.0 (compatible; Googlebot/2.1; +http://www.google.com/bot.html)"
66.249.66.5 - - [24/Oct/2017:06:52:32 +0200] "GET /uploads/pdfs/leonding/10249917_A2B.pdf HTTP/1.1" 200 30210 "-" "Mozilla/5.0 (compatible; Googlebot/2.1; +http://www.google.com/bot.html)"
91.114.188.136 - - [24/Oct/2017:06:52:41 +0200] "GET / HTTP/1.1" 200 3579 "http://www.google.at/" "Mozilla/5.0 (Linux; Android 6.0.1; A0001 Build/MHC19Q) AppleWebKit/537.36 (KHTML, like Gecko) Chrome/61.0.3163.98 Mobile Safari/537.36"
66.249.76.74 - - [24/Oct/2017:06:52:49 +0200] "GET /uploads/pdfs/waidhofen.ybbs/10249502_A.pdf HTTP/1.1" 301 323 "-" "Mozilla/5.0 (compatible; Googlebot/2.1; +http://www.google.com/bot.html)"
66.249.66.3 - - [24/Oct/2017:06:52:50 +0200] "GET /uploads/pdfs/waidhofen.ybbs/10249502_A.pdf HTTP/1.1" 200 30899 "-" "Mozilla/5.0 (compatible; Googlebot/2.1; +http://www.google.com/bot.html)"
46.125.250.95 - - [24/Oct/2017:06:52:50 +0200] "GET /st.poelten HTTP/1.1" 301 300 "-" "Mozilla/5.0 (Linux; Android 7.0; SAMSUNG SM-G950F Build/NRD90M) AppleWebKit/537.36 (KHTML, like Gecko) SamsungBrowser/5.4 Chrome/51.0.2704.106 Mobile Safari/537.36"
142.54.187.50 - - [24/Oct/2017:06:52:52 +0200] "GET /bludenz/wp-login.php HTTP/1.1" 301 407 "-" "Mozilla/5.0 (Windows NT 10.0; WOW64) AppleWebKit/537.36 (KHTML, like Gecko) Chrome/46.0.2490.80 Safari/537.36"
46.125.250.95 - - [24/Oct/2017:06:52:50 +0200] "GET /st.poelten HTTP/1.1" 200 2945 "-" "Mozilla/5.0 (Linux; Android 7.0; SAMSUNG SM-G950F Build/NRD90M) AppleWebKit/537.36 (KHTML, like Gecko) SamsungBrowser/5.4 Chrome/51.0.2704.106 Mobile Safari/537.36"
46.125.250.95 - - [24/Oct/2017:06:52:53 +0200] "GET /css/mobile.css HTTP/1.1" 200 2852 "https://www.easydrivers.at/st.poelten" "Mozilla/5.0 (Linux; Android 7.0; SAMSUNG SM-G950F Build/NRD90M) AppleWebKit/537.36 (KHTML, like Gecko) SamsungBrowser/5.4 Chrome/51.0.2704.106 Mobile Safari/537.36"
46.125.250.95 - - [24/Oct/2017:06:52:53 +0200] "GET /javascript/jquery.cookie.js HTTP/1.1" 200 863 "https://www.easydrivers.at/st.poelten" "Mozilla/5.0 (Linux; Android 7.0; SAMSUNG SM-G950F Build/NRD90M) AppleWebKit/537.36 (KHTML, like Gecko) SamsungBrowser/5.4 Chrome/51.0.2704.106 Mobile Safari/537.36"
46.125.250.95 - - [24/Oct/2017:06:52:53 +0200] "GET /javascript/jquery.simplemodal.js HTTP/1.1" 200 3070 "https://www.easydrivers.at/st.poelten" "Mozilla/5.0 (Linux; Android 7.0; SAMSUNG SM-G950F Build/NRD90M) AppleWebKit/537.36 (KHTML, like Gecko) SamsungBrowser/5.4 Chrome/51.0.2704.106 Mobile Safari/537.36"
46.125.250.95 - - [24/Oct/2017:06:52:53 +0200] "GET /javascript/mobile-menu.js HTTP/1.1" 200 1634 "https://www.easydrivers.at/st.poelten" "Mozilla/5.0 (Linux; Android 7.0; SAMSUNG SM-G950F Build/NRD90M) AppleWebKit/537.36 (KHTML, like Gecko) SamsungBrowser/5.4 Chrome/51.0.2704.106 Mobile Safari/537.36"
46.125.250.95 - - [24/Oct/2017:06:52:53 +0200] "GET /javascript/jquery-1.9.1.min.js HTTP/1.1" 200 32731 "https://www.easydrivers.at/st.poelten" "Mozilla/5.0 (Linux; Android 7.0; SAMSUNG SM-G950F Build/NRD90M) AppleWebKit/537.36 (KHTML, like Gecko) SamsungBrowser/5.4 Chrome/51.0.2704.106 Mobile Safari/537.36"
46.125.250.95 - - [24/Oct/2017:06:52:53 +0200] "GET /javascript/mobile-fahrschule.js HTTP/1.1" 200 328 "https://www.easydrivers.at/st.poelten" "Mozilla/5.0 (Linux; Android 7.0; SAMSUNG SM-G950F Build/NRD90M) AppleWebKit/537.36 (KHTML, like Gecko) SamsungBrowser/5.4 Chrome/51.0.2704.106 Mobile Safari/537.36"
46.125.250.95 - - [24/Oct/2017:06:52:53 +0200] "GET /javascript/lazyload.js HTTP/1.1" 200 1170 "https://www.easydrivers.at/st.poelten" "Mozilla/5.0 (Linux; Android 7.0; SAMSUNG SM-G950F Build/NRD90M) AppleWebKit/537.36 (KHTML, like Gecko) SamsungBrowser/5.4 Chrome/51.0.2704.106 Mobile Safari/537.36"
46.125.250.95 - - [24/Oct/2017:06:52:53 +0200] "GET /img/mobile/easydrivers-logo-mobile.png HTTP/1.1" 200 10766 "https://www.easydrivers.at/st.poelten" "Mozilla/5.0 (Linux; Android 7.0; SAMSUNG SM-G950F Build/NRD90M) AppleWebKit/537.36 (KHTML, like Gecko) SamsungBrowser/5.4 Chrome/51.0.2704.106 Mobile Safari/537.36"
46.125.250.95 - - [24/Oct/2017:06:52:53 +0200] "GET /img/mobile/menu-button.png HTTP/1.1" 200 1746 "https://www.easydrivers.at/st.poelten" "Mozilla/5.0 (Linux; Android 7.0; SAMSUNG SM-G950F Build/NRD90M) AppleWebKit/537.36 (KHTML, like Gecko) SamsungBrowser/5.4 Chrome/51.0.2704.106 Mobile Safari/537.36"
46.125.250.95 - - [24/Oct/2017:06:52:53 +0200] "GET /img/mobile/close-button.png HTTP/1.1" 200 2411 "https://www.easydrivers.at/st.poelten" "Mozilla/5.0 (Linux; Android 7.0; SAMSUNG SM-G950F Build/NRD90M) AppleWebKit/537.36 (KHTML, like Gecko) SamsungBrowser/5.4 Chrome/51.0.2704.106 Mobile Safari/537.36"
46.125.250.95 - - [24/Oct/2017:06:52:53 +0200] "GET /img/mobile/facebook-icon.png HTTP/1.1" 200 1902 "https://www.easydrivers.at/st.poelten" "Mozilla/5.0 (Linux; Android 7.0; SAMSUNG SM-G950F Build/NRD90M) AppleWebKit/537.36 (KHTML, like Gecko) SamsungBrowser/5.4 Chrome/51.0.2704.106 Mobile Safari/537.36"
46.125.250.95 - - [24/Oct/2017:06:52:53 +0200] "GET /img/mobile/info-button.png HTTP/1.1" 200 1549 "https://www.easydrivers.at/st.poelten" "Mozilla/5.0 (Linux; Android 7.0; SAMSUNG SM-G950F Build/NRD90M) AppleWebKit/537.36 (KHTML, like Gecko) SamsungBrowser/5.4 Chrome/51.0.2704.106 Mobile Safari/537.36"
46.125.250.95 - - [24/Oct/2017:06:52:53 +0200] "GET /img/mobile/info-close-button.png HTTP/1.1" 200 1721 "https://www.easydrivers.at/st.poelten" "Mozilla/5.0 (Linux; Android 7.0; SAMSUNG SM-G950F Build/NRD90M) AppleWebKit/537.36 (KHTML, like Gecko) SamsungBrowser/5.4 Chrome/51.0.2704.106 Mobile Safari/537.36"
46.125.250.95 - - [24/Oct/2017:06:52:53 +0200] "GET /img/smallicon-person.png HTTP/1.1" 200 1141 "https://www.easydrivers.at/st.poelten" "Mozilla/5.0 (Linux; Android 7.0; SAMSUNG SM-G950F Build/NRD90M) AppleWebKit/537.36 (KHTML, like Gecko) SamsungBrowser/5.4 Chrome/51.0.2704.106 Mobile Safari/537.36"
46.125.250.95 - - [24/Oct/2017:06:52:53 +0200] "GET /img/smallicon-address.png HTTP/1.1" 200 1211 "https://www.easydrivers.at/st.poelten" "Mozilla/5.0 (Linux; Android 7.0; SAMSUNG SM-G950F Build/NRD90M) AppleWebKit/537.36 (KHTML, like Gecko) SamsungBrowser/5.4 Chrome/51.0.2704.106 Mobile Safari/537.36"
46.125.250.95 - - [24/Oct/2017:06:52:53 +0200] "GET /img/mobile/googlemaps-pin.png HTTP/1.1" 200 1597 "https://www.easydrivers.at/st.poelten" "Mozilla/5.0 (Linux; Android 7.0; SAMSUNG SM-G950F Build/NRD90M) AppleWebKit/537.36 (KHTML, like Gecko) SamsungBrowser/5.4 Chrome/51.0.2704.106 Mobile Safari/537.36"
46.125.250.95 - - [24/Oct/2017:06:52:53 +0200] "GET /img/smallicon-time.png HTTP/1.1" 200 1262 "https://www.easydrivers.at/st.poelten" "Mozilla/5.0 (Linux; Android 7.0; SAMSUNG SM-G950F Build/NRD90M) AppleWebKit/537.36 (KHTML, like Gecko) SamsungBrowser/5.4 Chrome/51.0.2704.106 Mobile Safari/537.36"
46.125.250.95 - - [24/Oct/2017:06:52:53 +0200] "GET /img/smallicon-phone.png HTTP/1.1" 200 3056 "https://www.easydrivers.at/st.poelten" "Mozilla/5.0 (Linux; Android 7.0; SAMSUNG SM-G950F Build/NRD90M) AppleWebKit/537.36 (KHTML, like Gecko) SamsungBrowser/5.4 Chrome/51.0.2704.106 Mobile Safari/537.36"
46.125.250.95 - - [24/Oct/2017:06:52:53 +0200] "GET /img/smallicon-mail.png HTTP/1.1" 200 1341 "https://www.easydrivers.at/st.poelten" "Mozilla/5.0 (Linux; Android 7.0; SAMSUNG SM-G950F Build/NRD90M) AppleWebKit/537.36 (KHTML, like Gecko) SamsungBrowser/5.4 Chrome/51.0.2704.106 Mobile Safari/537.36"
46.125.250.95 - - [24/Oct/2017:06:52:53 +0200] "GET /img/mobile/widget-icon-app.png HTTP/1.1" 200 3458 "https://www.easydrivers.at/st.poelten" "Mozilla/5.0 (Linux; Android 7.0; SAMSUNG SM-G950F Build/NRD90M) AppleWebKit/537.36 (KHTML, like Gecko) SamsungBrowser/5.4 Chrome/51.0.2704.106 Mobile Safari/537.36"
46.125.250.95 - - [24/Oct/2017:06:52:53 +0200] "GET /img/mobile/bg-header.jpg HTTP/1.1" 200 19741 "https://www.easydrivers.at/css/mobile.css" "Mozilla/5.0 (Linux; Android 7.0; SAMSUNG SM-G950F Build/NRD90M) AppleWebKit/537.36 (KHTML, like Gecko) SamsungBrowser/5.4 Chrome/51.0.2704.106 Mobile Safari/537.36"
46.125.250.95 - - [24/Oct/2017:06:52:53 +0200] "GET /img/mobile/bg-menu.jpg HTTP/1.1" 200 1698 "https://www.easydrivers.at/css/mobile.css" "Mozilla/5.0 (Linux; Android 7.0; SAMSUNG SM-G950F Build/NRD90M) AppleWebKit/537.36 (KHTML, like Gecko) SamsungBrowser/5.4 Chrome/51.0.2704.106 Mobile Safari/537.36"
46.125.250.95 - - [24/Oct/2017:06:52:53 +0200] "GET /img/mobile/bg-top-section.jpg HTTP/1.1" 200 21711 "https://www.easydrivers.at/css/mobile.css" "Mozilla/5.0 (Linux; Android 7.0; SAMSUNG SM-G950F Build/NRD90M) AppleWebKit/537.36 (KHTML, like Gecko) SamsungBrowser/5.4 Chrome/51.0.2704.106 Mobile Safari/537.36"
46.125.250.95 - - [24/Oct/2017:06:52:53 +0200] "GET /img/mobile/pfeil-rechts.png HTTP/1.1" 200 1228 "https://www.easydrivers.at/css/mobile.css" "Mozilla/5.0 (Linux; Android 7.0; SAMSUNG SM-G950F Build/NRD90M) AppleWebKit/537.36 (KHTML, like Gecko) SamsungBrowser/5.4 Chrome/51.0.2704.106 Mobile Safari/537.36"
46.125.250.95 - - [24/Oct/2017:06:52:54 +0200] "GET /img/favicon.ico HTTP/1.1" 301 303 "-" "Mozilla/5.0 (Linux; Android 7.0; SAMSUNG SM-G950F Build/NRD90M) AppleWebKit/537.36 (KHTML, like Gecko) SamsungBrowser/5.4 Chrome/51.0.2704.106 Mobile Safari/537.36"
46.125.250.95 - - [24/Oct/2017:06:52:54 +0200] "GET /img/favicon.ico HTTP/1.1" 404 301 "-" "Mozilla/5.0 (Linux; Android 7.0; SAMSUNG SM-G950F Build/NRD90M) AppleWebKit/537.36 (KHTML, like Gecko) SamsungBrowser/5.4 Chrome/51.0.2704.106 Mobile Safari/537.36"
46.125.250.95 - - [24/Oct/2017:06:53:03 +0200] "GET /st.poelten/aktionen HTTP/1.1" 200 2575 "https://www.easydrivers.at/st.poelten" "Mozilla/5.0 (Linux; Android 7.0; SAMSUNG SM-G950F Build/NRD90M) AppleWebKit/537.36 (KHTML, like Gecko) SamsungBrowser/5.4 Chrome/51.0.2704.106 Mobile Safari/537.36"
66.249.76.78 - - [24/Oct/2017:06:53:07 +0200] "GET /uploads/pdfs/skarabela.gross-enzersdorf/Osterkurs_A1L17.pdf HTTP/1.1" 301 335 "-" "Mozilla/5.0 (compatible; Googlebot/2.1; +http://www.google.com/bot.html)"
66.249.76.84 - - [24/Oct/2017:06:53:08 +0200] "GET /uploads/pdfs/skarabela.gross-enzersdorf/Osterkurs_A1L17.pdf HTTP/1.1" 200 36726 "-" "Mozilla/5.0 (compatible; Googlebot/2.1; +http://www.google.com/bot.html)"
46.125.250.95 - - [24/Oct/2017:06:53:12 +0200] "GET /fuehrerscheine/auto HTTP/1.1" 200 5442 "https://www.easydrivers.at/st.poelten/aktionen" "Mozilla/5.0 (Linux; Android 7.0; SAMSUNG SM-G950F Build/NRD90M) AppleWebKit/537.36 (KHTML, like Gecko) SamsungBrowser/5.4 Chrome/51.0.2704.106 Mobile Safari/537.36"
46.125.250.95 - - [24/Oct/2017:06:53:14 +0200] "GET /javascript/mobile-license.js HTTP/1.1" 200 216 "https://www.easydrivers.at/fuehrerscheine/auto" "Mozilla/5.0 (Linux; Android 7.0; SAMSUNG SM-G950F Build/NRD90M) AppleWebKit/537.36 (KHTML, like Gecko) SamsungBrowser/5.4 Chrome/51.0.2704.106 Mobile Safari/537.36"
46.125.250.95 - - [24/Oct/2017:06:53:14 +0200] "GET /img/mobile/bg-yellow.jpg HTTP/1.1" 200 1569 "https://www.easydrivers.at/css/mobile.css" "Mozilla/5.0 (Linux; Android 7.0; SAMSUNG SM-G950F Build/NRD90M) AppleWebKit/537.36 (KHTML, like Gecko) SamsungBrowser/5.4 Chrome/51.0.2704.106 Mobile Safari/537.36"
46.125.250.95 - - [24/Oct/2017:06:53:14 +0200] "GET /img/mobile/weiter-button.png HTTP/1.1" 200 1670 "https://www.easydrivers.at/css/mobile.css" "Mozilla/5.0 (Linux; Android 7.0; SAMSUNG SM-G950F Build/NRD90M) AppleWebKit/537.36 (KHTML, like Gecko) SamsungBrowser/5.4 Chrome/51.0.2704.106 Mobile Safari/537.36"
40.77.167.88 - - [24/Oct/2017:06:53:20 +0200] "GET /amstetten/abendkurs_jun18?FS=BCE HTTP/1.1" 301 317 "-" "Mozilla/5.0 (compatible; bingbot/2.0; +http://www.bing.com/bingbot.htm)"
213.185.172.60 - - [24/Oct/2017:06:53:20 +0200] "GET /fuehrerscheine/lkw HTTP/1.1" 200 2686 "http://www.google.at/url?sa=t&rct=j&q=&esrc=s&source=web&cd=1&ved=0ahUKEwj-utyMu4jXAhUeOsAKHasmB9sQFgg8MAA&url=http%3A%2F%2Fwww.easydrivers.at%2Ffuehrerscheine%2Flkw&usg=AOvVaw0oFqgw-9g7eZgED-wuE4GE" "Mozilla/5.0 (Windows NT 6.1; Trident/7.0; rv:11.0) like Gecko"
46.125.250.95 - - [24/Oct/2017:06:53:24 +0200] "GET /img/mobile/pfeil-links-small.png HTTP/1.1" 200 1065 "https://www.easydrivers.at/css/mobile.css" "Mozilla/5.0 (Linux; Android 7.0; SAMSUNG SM-G950F Build/NRD90M) AppleWebKit/537.36 (KHTML, like Gecko) SamsungBrowser/5.4 Chrome/51.0.2704.106 Mobile Safari/537.36"
46.125.250.95 - - [24/Oct/2017:06:53:24 +0200] "GET /img/mobile/pfeil-rechts-small.png HTTP/1.1" 200 1056 "https://www.easydrivers.at/css/mobile.css" "Mozilla/5.0 (Linux; Android 7.0; SAMSUNG SM-G950F Build/NRD90M) AppleWebKit/537.36 (KHTML, like Gecko) SamsungBrowser/5.4 Chrome/51.0.2704.106 Mobile Safari/537.36"
66.249.66.31 - - [24/Oct/2017:06:53:26 +0200] "GET /uploads/pdfs/jennersdorf/10275587_AvonA1.pdf HTTP/1.1" 301 325 "-" "Mozilla/5.0 (compatible; Googlebot/2.1; +http://www.google.com/bot.html)"
66.249.76.80 - - [24/Oct/2017:06:53:26 +0200] "GET /uploads/pdfs/jennersdorf/10275587_AvonA1.pdf HTTP/1.1" 200 25377 "-" "Mozilla/5.0 (compatible; Googlebot/2.1; +http://www.google.com/bot.html)"
213.185.172.60 - - [24/Oct/2017:06:53:31 +0200] "GET /fuehrerscheine/lkw/CC95 HTTP/1.1" 200 3910 "https://www.easydrivers.at/fuehrerscheine/lkw" "Mozilla/5.0 (Windows NT 6.1; Trident/7.0; rv:11.0) like Gecko"
46.125.250.95 - - [24/Oct/2017:06:53:40 +0200] "GET / HTTP/1.1" 200 3579 "https://www.easydrivers.at/fuehrerscheine/auto" "Mozilla/5.0 (Linux; Android 7.0; SAMSUNG SM-G950F Build/NRD90M) AppleWebKit/537.36 (KHTML, like Gecko) SamsungBrowser/5.4 Chrome/51.0.2704.106 Mobile Safari/537.36"
46.125.250.95 - - [24/Oct/2017:06:53:42 +0200] "GET /javascript/mobile-homesearch.js HTTP/1.1" 200 340 "https://www.easydrivers.at/" "Mozilla/5.0 (Linux; Android 7.0; SAMSUNG SM-G950F Build/NRD90M) AppleWebKit/537.36 (KHTML, like Gecko) SamsungBrowser/5.4 Chrome/51.0.2704.106 Mobile Safari/537.36"
80.121.48.143 - - [24/Oct/2017:06:53:44 +0200] "GET / HTTP/1.1" 301 293 "android-app://com.google.android.googlequicksearchbox" "Mozilla/5.0 (Linux; Android 6.0.1; SM-A300FU Build/MMB29M) AppleWebKit/537.36 (KHTML, like Gecko) Chrome/61.0.3163.98 Mobile Safari/537.36"
66.249.76.74 - - [24/Oct/2017:06:53:44 +0200] "GET /uploads/pdfs/skarabela.gross-enzersdorf/10275360_AM-M.pdf HTTP/1.1" 301 336 "-" "Mozilla/5.0 (compatible; Googlebot/2.1; +http://www.google.com/bot.html)"
66.249.66.3 - - [24/Oct/2017:06:53:45 +0200] "GET /uploads/pdfs/skarabela.gross-enzersdorf/10275360_AM-M.pdf HTTP/1.1" 200 29972 "-" "Mozilla/5.0 (compatible; Googlebot/2.1; +http://www.google.com/bot.html)"
80.121.48.143 - - [24/Oct/2017:06:53:44 +0200] "GET / HTTP/1.1" 200 3579 "android-app://com.google.android.googlequicksearchbox" "Mozilla/5.0 (Linux; Android 6.0.1; SM-A300FU Build/MMB29M) AppleWebKit/537.36 (KHTML, like Gecko) Chrome/61.0.3163.98 Mobile Safari/537.36"
80.121.48.143 - - [24/Oct/2017:06:53:46 +0200] "GET /css/mobile.css HTTP/1.1" 200 2852 "https://www.easydrivers.at/" "Mozilla/5.0 (Linux; Android 6.0.1; SM-A300FU Build/MMB29M) AppleWebKit/537.36 (KHTML, like Gecko) Chrome/61.0.3163.98 Mobile Safari/537.36"
80.121.48.143 - - [24/Oct/2017:06:53:46 +0200] "GET /javascript/jquery-1.9.1.min.js HTTP/1.1" 200 32731 "https://www.easydrivers.at/" "Mozilla/5.0 (Linux; Android 6.0.1; SM-A300FU Build/MMB29M) AppleWebKit/537.36 (KHTML, like Gecko) Chrome/61.0.3163.98 Mobile Safari/537.36"
80.121.48.143 - - [24/Oct/2017:06:53:46 +0200] "GET /javascript/jquery.cookie.js HTTP/1.1" 200 863 "https://www.easydrivers.at/" "Mozilla/5.0 (Linux; Android 6.0.1; SM-A300FU Build/MMB29M) AppleWebKit/537.36 (KHTML, like Gecko) Chrome/61.0.3163.98 Mobile Safari/537.36"
80.121.48.143 - - [24/Oct/2017:06:53:46 +0200] "GET /javascript/mobile-menu.js HTTP/1.1" 200 1634 "https://www.easydrivers.at/" "Mozilla/5.0 (Linux; Android 6.0.1; SM-A300FU Build/MMB29M) AppleWebKit/537.36 (KHTML, like Gecko) Chrome/61.0.3163.98 Mobile Safari/537.36"
80.121.48.143 - - [24/Oct/2017:06:53:46 +0200] "GET /javascript/jquery.simplemodal.js HTTP/1.1" 200 3070 "https://www.easydrivers.at/" "Mozilla/5.0 (Linux; Android 6.0.1; SM-A300FU Build/MMB29M) AppleWebKit/537.36 (KHTML, like Gecko) Chrome/61.0.3163.98 Mobile Safari/537.36"
80.121.48.143 - - [24/Oct/2017:06:53:46 +0200] "GET /javascript/mobile-homesearch.js HTTP/1.1" 200 340 "https://www.easydrivers.at/" "Mozilla/5.0 (Linux; Android 6.0.1; SM-A300FU Build/MMB29M) AppleWebKit/537.36 (KHTML, like Gecko) Chrome/61.0.3163.98 Mobile Safari/537.36"
80.121.48.143 - - [24/Oct/2017:06:53:46 +0200] "GET /javascript/lazyload.js HTTP/1.1" 200 1170 "https://www.easydrivers.at/" "Mozilla/5.0 (Linux; Android 6.0.1; SM-A300FU Build/MMB29M) AppleWebKit/537.36 (KHTML, like Gecko) Chrome/61.0.3163.98 Mobile Safari/537.36"
80.121.48.143 - - [24/Oct/2017:06:53:46 +0200] "GET /img/mobile/easydrivers-logo-mobile.png HTTP/1.1" 200 10766 "https://www.easydrivers.at/" "Mozilla/5.0 (Linux; Android 6.0.1; SM-A300FU Build/MMB29M) AppleWebKit/537.36 (KHTML, like Gecko) Chrome/61.0.3163.98 Mobile Safari/537.36"
80.121.48.143 - - [24/Oct/2017:06:53:46 +0200] "GET /img/mobile/menu-button.png HTTP/1.1" 200 1746 "https://www.easydrivers.at/" "Mozilla/5.0 (Linux; Android 6.0.1; SM-A300FU Build/MMB29M) AppleWebKit/537.36 (KHTML, like Gecko) Chrome/61.0.3163.98 Mobile Safari/537.36"
80.121.48.143 - - [24/Oct/2017:06:53:46 +0200] "GET /img/mobile/close-button.png HTTP/1.1" 200 2411 "https://www.easydrivers.at/" "Mozilla/5.0 (Linux; Android 6.0.1; SM-A300FU Build/MMB29M) AppleWebKit/537.36 (KHTML, like Gecko) Chrome/61.0.3163.98 Mobile Safari/537.36"
80.121.48.143 - - [24/Oct/2017:06:53:46 +0200] "GET /img/mobile/facebook-icon.png HTTP/1.1" 200 1902 "https://www.easydrivers.at/" "Mozilla/5.0 (Linux; Android 6.0.1; SM-A300FU Build/MMB29M) AppleWebKit/537.36 (KHTML, like Gecko) Chrome/61.0.3163.98 Mobile Safari/537.36"
80.121.48.143 - - [24/Oct/2017:06:53:46 +0200] "GET /img/mobile/widget-icon-app.png HTTP/1.1" 200 3458 "https://www.easydrivers.at/" "Mozilla/5.0 (Linux; Android 6.0.1; SM-A300FU Build/MMB29M) AppleWebKit/537.36 (KHTML, like Gecko) Chrome/61.0.3163.98 Mobile Safari/537.36"
80.121.48.143 - - [24/Oct/2017:06:53:46 +0200] "GET /img/mobile/bg-header.jpg HTTP/1.1" 200 19741 "https://www.easydrivers.at/css/mobile.css" "Mozilla/5.0 (Linux; Android 6.0.1; SM-A300FU Build/MMB29M) AppleWebKit/537.36 (KHTML, like Gecko) Chrome/61.0.3163.98 Mobile Safari/537.36"
80.121.48.143 - - [24/Oct/2017:06:53:46 +0200] "GET /img/mobile/bg-menu.jpg HTTP/1.1" 200 1698 "https://www.easydrivers.at/css/mobile.css" "Mozilla/5.0 (Linux; Android 6.0.1; SM-A300FU Build/MMB29M) AppleWebKit/537.36 (KHTML, like Gecko) Chrome/61.0.3163.98 Mobile Safari/537.36"
80.121.48.143 - - [24/Oct/2017:06:53:46 +0200] "GET /img/mobile/bg-top-section.jpg HTTP/1.1" 200 21711 "https://www.easydrivers.at/css/mobile.css" "Mozilla/5.0 (Linux; Android 6.0.1; SM-A300FU Build/MMB29M) AppleWebKit/537.36 (KHTML, like Gecko) Chrome/61.0.3163.98 Mobile Safari/537.36"
