193.83.173.81 - - [24/Oct/2017:05:09:17 +0200] "GET /guessing HTTP/1.1" 200 2945 "http://m.facebook.com" "Mozilla/5.0 (iPhone; CPU iPhone OS 11_0_3 like Mac OS X) AppleWebKit/604.1.38 (KHTML, like Gecko) Mobile/15A432 [FBAN/FBIOS;FBAV/146.0.0.73.91;FBBV/75938921;FBDV/iPhone8,4;FBMD/iPhone;FBSN/iOS;FBSV/11.0.3;FBSS/2;FBCR/A1;FBID/phone;FBLC/de_DE;FBOP/5;FBRV/75938921]"
66.249.66.31 - - [24/Oct/2017:05:09:32 +0200] "GET /uploads/pdfs/dornbirn/10248240_A1.pdf HTTP/1.1" 301 319 "-" "Mozilla/5.0 (compatible; Googlebot/2.1; +http://www.google.com/bot.html)"
66.249.66.3 - - [24/Oct/2017:05:09:32 +0200] "GET /uploads/pdfs/dornbirn/10248240_A1.pdf HTTP/1.1" 200 28819 "-" "Mozilla/5.0 (compatible; Googlebot/2.1; +http://www.google.com/bot.html)"
66.249.76.80 - - [24/Oct/2017:05:09:41 +0200] "GET /uploads/pdfs/voesendorf/10281936_BC.pdf HTTP/1.1" 200 33695 "-" "Mozilla/5.0 (compatible; Googlebot/2.1; +http://www.google.com/bot.html)"
66.249.76.74 - - [24/Oct/2017:05:09:50 +0200] "GET /am.spitz/10268955 HTTP/1.1" 301 306 "-" "Mozilla/5.0 (compatible; Googlebot/2.1; +http://www.google.com/bot.html)"
66.249.66.3 - - [24/Oct/2017:05:09:51 +0200] "GET /am.spitz/10268955 HTTP/1.1" 200 3505 "-" "Mozilla/5.0 (compatible; Googlebot/2.1; +http://www.google.com/bot.html)"
66.249.76.74 - - [24/Oct/2017:05:10:26 +0200] "GET /uploads/pdfs/gmuend/10285105_A.pdf HTTP/1.1" 301 317 "-" "Mozilla/5.0 (compatible; Googlebot/2.1; +http://www.google.com/bot.html)"
66.249.76.80 - - [24/Oct/2017:05:10:27 +0200] "GET /uploads/pdfs/gmuend/10285105_A.pdf HTTP/1.1" 200 32631 "-" "Mozilla/5.0 (compatible; Googlebot/2.1; +http://www.google.com/bot.html)"
66.249.66.30 - - [24/Oct/2017:05:10:45 +0200] "GET /uploads/pdfs/innsbruck/10256419_B-L17.pdf HTTP/1.1" 301 324 "-" "Mozilla/5.0 (compatible; Googlebot/2.1; +http://www.google.com/bot.html)"
66.249.76.80 - - [24/Oct/2017:05:10:45 +0200] "GET /uploads/pdfs/innsbruck/10256419_B-L17.pdf HTTP/1.1" 200 36737 "-" "Mozilla/5.0 (compatible; Googlebot/2.1; +http://www.google.com/bot.html)"
66.249.66.31 - - [24/Oct/2017:05:11:03 +0200] "GET /amstetten/kurs_ced?FS=DD195-C HTTP/1.1" 301 314 "-" "Mozilla/5.0 (compatible; Googlebot/2.1; +http://www.google.com/bot.html)"
66.249.76.84 - - [24/Oct/2017:05:11:04 +0200] "GET /amstetten/kurs_ced?FS=DD195-C HTTP/1.1" 200 5424 "-" "Mozilla/5.0 (compatible; Googlebot/2.1; +http://www.google.com/bot.html)"
66.249.66.31 - - [24/Oct/2017:05:11:23 +0200] "GET /neunkirchen/10286510 HTTP/1.1" 301 307 "-" "Mozilla/5.0 (compatible; Googlebot/2.1; +http://www.google.com/bot.html)"
66.249.66.5 - - [24/Oct/2017:05:11:23 +0200] "GET /neunkirchen/10286510 HTTP/1.1" 200 3042 "-" "Mozilla/5.0 (compatible; Googlebot/2.1; +http://www.google.com/bot.html)"
66.249.66.30 - - [24/Oct/2017:05:11:40 +0200] "GET /uploads/pdfs/am.spitz/10242445_BCE.pdf HTTP/1.1" 301 320 "-" "Mozilla/5.0 (compatible; Googlebot/2.1; +http://www.google.com/bot.html)"
66.249.76.80 - - [24/Oct/2017:05:11:40 +0200] "GET /uploads/pdfs/am.spitz/10242445_BCE.pdf HTTP/1.1" 200 31389 "-" "Mozilla/5.0 (compatible; Googlebot/2.1; +http://www.google.com/bot.html)"
66.249.76.74 - - [24/Oct/2017:05:11:58 +0200] "GET /uploads/pdfs/hartberg/Mopedkurs_Oktober_2016_AM.pdf HTTP/1.1" 301 329 "-" "Mozilla/5.0 (compatible; Googlebot/2.1; +http://www.google.com/bot.html)"
66.249.66.3 - - [24/Oct/2017:05:11:59 +0200] "GET /uploads/pdfs/hartberg/Mopedkurs_Oktober_2016_AM.pdf HTTP/1.1" 200 28132 "-" "Mozilla/5.0 (compatible; Googlebot/2.1; +http://www.google.com/bot.html)"
66.249.76.76 - - [24/Oct/2017:05:12:17 +0200] "GET /bruck.leitha/10229308?FS=AM-M1 HTTP/1.1" 301 317 "-" "Mozilla/5.0 (compatible; Googlebot/2.1; +http://www.google.com/bot.html)"
66.249.76.84 - - [24/Oct/2017:05:12:17 +0200] "GET /bruck.leitha/10229308?FS=AM-M1 HTTP/1.1" 410 3438 "-" "Mozilla/5.0 (compatible; Googlebot/2.1; +http://www.google.com/bot.html)"
66.249.76.74 - - [24/Oct/2017:05:12:35 +0200] "GET /voesendorf/10278593?FS=BCE HTTP/1.1" 301 314 "-" "Mozilla/5.0 (compatible; Googlebot/2.1; +http://www.google.com/bot.html)"
66.249.66.3 - - [24/Oct/2017:05:12:36 +0200] "GET /voesendorf/10278593?FS=BCE HTTP/1.1" 200 6075 "-" "Mozilla/5.0 (compatible; Googlebot/2.1; +http://www.google.com/bot.html)"
66.249.66.30 - - [24/Oct/2017:05:12:53 +0200] "GET /enns/10264737?FS=AM-M HTTP/1.1" 301 311 "-" "Mozilla/5.0 (compatible; Googlebot/2.1; +http://www.google.com/bot.html)"
66.249.76.80 - - [24/Oct/2017:05:12:54 +0200] "GET /enns/10264737?FS=AM-M HTTP/1.1" 200 5112 "-" "Mozilla/5.0 (compatible; Googlebot/2.1; +http://www.google.com/bot.html)"
66.249.76.76 - - [24/Oct/2017:05:13:12 +0200] "GET /binaries/easy-drivers-tulln/agb-easy-drivers-tulln.pdf HTTP/1.1" 301 316 "-" "Mozilla/5.0 (compatible; Googlebot/2.1; +http://www.google.com/bot.html)"
66.249.76.82 - - [24/Oct/2017:05:13:12 +0200] "GET /binaries/easy-drivers-tulln/agb-easy-drivers-tulln.pdf HTTP/1.1" 200 91921 "-" "Mozilla/5.0 (compatible; Googlebot/2.1; +http://www.google.com/bot.html)"
66.249.66.31 - - [24/Oct/2017:05:13:48 +0200] "GET /amstetten/kurs_ced?FS=E HTTP/1.1" 301 310 "-" "Mozilla/5.0 (compatible; Googlebot/2.1; +http://www.google.com/bot.html)"
66.249.76.82 - - [24/Oct/2017:05:13:49 +0200] "GET /amstetten/kurs_ced?FS=E HTTP/1.1" 200 4978 "-" "Mozilla/5.0 (compatible; Googlebot/2.1; +http://www.google.com/bot.html)"
66.249.76.76 - - [24/Oct/2017:05:14:07 +0200] "GET /amstetten/kursbecode96?FS=BE HTTP/1.1" 301 313 "-" "Mozilla/5.0 (compatible; Googlebot/2.1; +http://www.google.com/bot.html)"
66.249.76.80 - - [24/Oct/2017:05:14:07 +0200] "GET /amstetten/kursbecode96?FS=BE HTTP/1.1" 200 5051 "-" "Mozilla/5.0 (compatible; Googlebot/2.1; +http://www.google.com/bot.html)"
66.249.76.74 - - [24/Oct/2017:05:14:25 +0200] "GET /uploads/pdfs/hartberg/Weihnachtskurs_Dezember_2016_B-L.pdf HTTP/1.1" 301 333 "-" "Mozilla/5.0 (compatible; Googlebot/2.1; +http://www.google.com/bot.html)"
66.249.76.82 - - [24/Oct/2017:05:14:25 +0200] "GET /uploads/pdfs/hartberg/Weihnachtskurs_Dezember_2016_B-L.pdf HTTP/1.1" 200 33423 "-" "Mozilla/5.0 (compatible; Googlebot/2.1; +http://www.google.com/bot.html)"
78.30.2.45 - - [24/Oct/2017:05:14:28 +0200] "GET / HTTP/1.1" 301 388 "-" "Java/1.8.0_144"
5.188.219.140 - - [24/Oct/2017:05:14:28 +0200] "GET / HTTP/1.1" 301 294 "-" "Mozilla/4.0 (compatible; MSIE 6.0; Windows NT 5.1; SV1)"
78.30.2.45 - - [24/Oct/2017:05:14:28 +0200] "GET /https://www.easydrivers.at HTTP/1.1" 301 414 "-" "Java/1.8.0_144"
5.188.219.140 - - [24/Oct/2017:05:14:29 +0200] "GET / HTTP/1.1" 200 4530 "-" "Mozilla/4.0 (compatible; MSIE 6.0; Windows NT 5.1; SV1)"
66.249.76.74 - - [24/Oct/2017:05:14:43 +0200] "GET /neunkirchen/aktionen HTTP/1.1" 301 307 "-" "Mozilla/5.0 (compatible; Googlebot/2.1; +http://www.google.com/bot.html)"
66.249.66.3 - - [24/Oct/2017:05:14:44 +0200] "GET /neunkirchen/aktionen HTTP/1.1" 200 3023 "-" "Mozilla/5.0 (compatible; Googlebot/2.1; +http://www.google.com/bot.html)"
87.250.224.32 - - [24/Oct/2017:05:14:53 +0200] "GET /robots.txt HTTP/1.1" 200 178 "-" "Mozilla/5.0 (compatible; YandexBot/3.0; +http://yandex.com/bots)"
87.250.224.32 - - [24/Oct/2017:05:14:57 +0200] "GET /binaries/easy-drivers-portal/pkw2jpg.jpg HTTP/1.1" 200 93020 "-" "Mozilla/5.0 (compatible; YandexImages/3.0; +http://yandex.com/bots)"
66.249.76.74 - - [24/Oct/2017:05:15:02 +0200] "GET /uploads/pdfs/reumannplatz/10279114_B-L.pdf HTTP/1.1" 301 323 "-" "Mozilla/5.0 (compatible; Googlebot/2.1; +http://www.google.com/bot.html)"
66.249.76.82 - - [24/Oct/2017:05:15:02 +0200] "GET /uploads/pdfs/reumannplatz/10279114_B-L.pdf HTTP/1.1" 200 29660 "-" "Mozilla/5.0 (compatible; Googlebot/2.1; +http://www.google.com/bot.html)"
66.249.76.74 - - [24/Oct/2017:05:15:20 +0200] "GET /uploads/pdfs/ennstal.bad.aussee/KKA-10-08-2015_B.pdf HTTP/1.1" 301 330 "-" "Mozilla/5.0 (compatible; Googlebot/2.1; +http://www.google.com/bot.html)"
66.249.66.3 - - [24/Oct/2017:05:15:21 +0200] "GET /uploads/pdfs/ennstal.bad.aussee/KKA-10-08-2015_B.pdf HTTP/1.1" 200 29838 "-" "Mozilla/5.0 (compatible; Googlebot/2.1; +http://www.google.com/bot.html)"
66.249.76.74 - - [24/Oct/2017:05:15:38 +0200] "GET /voesendorf/10281936?FS=B-L HTTP/1.1" 301 313 "-" "Mozilla/5.0 (compatible; Googlebot/2.1; +http://www.google.com/bot.html)"
66.249.76.80 - - [24/Oct/2017:05:15:39 +0200] "GET /voesendorf/10281936?FS=B-L HTTP/1.1" 200 5960 "-" "Mozilla/5.0 (compatible; Googlebot/2.1; +http://www.google.com/bot.html)"
66.249.76.74 - - [24/Oct/2017:05:15:57 +0200] "GET /uploads/pdfs/ennstal.bad.aussee/KKA-07-09-2015_B-L.pdf HTTP/1.1" 301 332 "-" "Mozilla/5.0 (compatible; Googlebot/2.1; +http://www.google.com/bot.html)"
66.249.76.80 - - [24/Oct/2017:05:15:57 +0200] "GET /uploads/pdfs/ennstal.bad.aussee/KKA-07-09-2015_B-L.pdf HTTP/1.1" 200 32239 "-" "Mozilla/5.0 (compatible; Googlebot/2.1; +http://www.google.com/bot.html)"
66.249.76.78 - - [24/Oct/2017:05:16:15 +0200] "GET /uploads/pdfs/feldkirch/Traktorkurs-F-2015-06-19_BF.pdf HTTP/1.1" 301 333 "-" "Mozilla/5.0 (compatible; Googlebot/2.1; +http://www.google.com/bot.html)"
66.249.76.84 - - [24/Oct/2017:05:16:15 +0200] "GET /uploads/pdfs/feldkirch/Traktorkurs-F-2015-06-19_BF.pdf HTTP/1.1" 200 28927 "-" "Mozilla/5.0 (compatible; Googlebot/2.1; +http://www.google.com/bot.html)"
66.249.76.76 - - [24/Oct/2017:05:16:33 +0200] "GET /uploads/pdfs/voesendorf/10278513_A1L17.pdf HTTP/1.1" 301 322 "-" "Mozilla/5.0 (compatible; Googlebot/2.1; +http://www.google.com/bot.html)"
66.249.76.80 - - [24/Oct/2017:05:16:34 +0200] "GET /uploads/pdfs/voesendorf/10278513_A1L17.pdf HTTP/1.1" 200 35232 "-" "Mozilla/5.0 (compatible; Googlebot/2.1; +http://www.google.com/bot.html)"
80.110.88.233 - - [24/Oct/2017:05:16:46 +0200] "-" 408 - "-" "-"
80.110.88.233 - - [24/Oct/2017:05:16:46 +0200] "-" 408 - "-" "-"
66.249.76.74 - - [24/Oct/2017:05:16:52 +0200] "GET /uploads/pdfs/zwettl/10259584_BE96.pdf HTTP/1.1" 301 320 "-" "Mozilla/5.0 (compatible; Googlebot/2.1; +http://www.google.com/bot.html)"
66.249.76.80 - - [24/Oct/2017:05:16:52 +0200] "GET /uploads/pdfs/zwettl/10259584_BE96.pdf HTTP/1.1" 200 30799 "-" "Mozilla/5.0 (compatible; Googlebot/2.1; +http://www.google.com/bot.html)"
66.249.66.31 - - [24/Oct/2017:05:17:10 +0200] "GET /uploads/pdfs/bludenz/Traktorkurs-F-2014-11-07_F.pdf HTTP/1.1" 301 331 "-" "Mozilla/5.0 (compatible; Googlebot/2.1; +http://www.google.com/bot.html)"
66.249.66.7 - - [24/Oct/2017:05:17:11 +0200] "GET /uploads/pdfs/bludenz/Traktorkurs-F-2014-11-07_F.pdf HTTP/1.1" 200 30487 "-" "Mozilla/5.0 (compatible; Googlebot/2.1; +http://www.google.com/bot.html)"
66.249.66.30 - - [24/Oct/2017:05:17:28 +0200] "GET /ennstal.schladming/links HTTP/1.1" 301 309 "-" "Mozilla/5.0 (compatible; Googlebot/2.1; +http://www.google.com/bot.html)"
66.249.76.82 - - [24/Oct/2017:05:17:29 +0200] "GET /ennstal.schladming/links HTTP/1.1" 200 3086 "-" "Mozilla/5.0 (compatible; Googlebot/2.1; +http://www.google.com/bot.html)"
66.249.76.74 - - [24/Oct/2017:05:17:47 +0200] "GET /uploads/pdfs/bludenz/Motorradkurs_-_A1,_A2,_A_2016-07-18_A1L17.pdf HTTP/1.1" 301 342 "-" "Mozilla/5.0 (compatible; Googlebot/2.1; +http://www.google.com/bot.html)"
66.249.76.80 - - [24/Oct/2017:05:17:47 +0200] "GET /uploads/pdfs/bludenz/Motorradkurs_-_A1,_A2,_A_2016-07-18_A1L17.pdf HTTP/1.1" 200 36796 "-" "Mozilla/5.0 (compatible; Googlebot/2.1; +http://www.google.com/bot.html)"
66.249.76.76 - - [24/Oct/2017:05:18:05 +0200] "GET /voesendorf/10281942?FS=BBE HTTP/1.1" 301 313 "-" "Mozilla/5.0 (compatible; Googlebot/2.1; +http://www.google.com/bot.html)"
66.249.66.7 - - [24/Oct/2017:05:18:06 +0200] "GET /voesendorf/10281942?FS=BBE HTTP/1.1" 200 5608 "-" "Mozilla/5.0 (compatible; Googlebot/2.1; +http://www.google.com/bot.html)"
66.249.76.74 - - [24/Oct/2017:05:18:23 +0200] "GET /uploads/pdfs/schwechat/10256464_A.pdf HTTP/1.1" 301 318 "-" "Mozilla/5.0 (compatible; Googlebot/2.1; +http://www.google.com/bot.html)"
66.249.66.5 - - [24/Oct/2017:05:18:24 +0200] "GET /uploads/pdfs/schwechat/10256464_A.pdf HTTP/1.1" 200 29238 "-" "Mozilla/5.0 (compatible; Googlebot/2.1; +http://www.google.com/bot.html)"
66.249.76.74 - - [24/Oct/2017:05:18:42 +0200] "GET /uploads/pdfs/krems/10279340_B.pdf HTTP/1.1" 301 316 "-" "Mozilla/5.0 (compatible; Googlebot/2.1; +http://www.google.com/bot.html)"
66.249.76.80 - - [24/Oct/2017:05:18:42 +0200] "GET /uploads/pdfs/krems/10279340_B.pdf HTTP/1.1" 200 29232 "-" "Mozilla/5.0 (compatible; Googlebot/2.1; +http://www.google.com/bot.html)"
66.249.66.30 - - [24/Oct/2017:05:19:00 +0200] "GET /uploads/pdfs/leonding/10254054_A1L17.pdf HTTP/1.1" 301 322 "-" "Mozilla/5.0 (compatible; Googlebot/2.1; +http://www.google.com/bot.html)"
66.249.76.80 - - [24/Oct/2017:05:19:00 +0200] "GET /uploads/pdfs/leonding/10254054_A1L17.pdf HTTP/1.1" 200 35403 "-" "Mozilla/5.0 (compatible; Googlebot/2.1; +http://www.google.com/bot.html)"
66.249.66.31 - - [24/Oct/2017:05:19:18 +0200] "GET /uploads/pdfs/innsbruck/10256434_B-L.pdf HTTP/1.1" 301 322 "-" "Mozilla/5.0 (compatible; Googlebot/2.1; +http://www.google.com/bot.html)"
66.249.76.82 - - [24/Oct/2017:05:19:19 +0200] "GET /uploads/pdfs/innsbruck/10256434_B-L.pdf HTTP/1.1" 200 30034 "-" "Mozilla/5.0 (compatible; Googlebot/2.1; +http://www.google.com/bot.html)"
66.249.66.30 - - [24/Oct/2017:05:19:37 +0200] "GET /uploads/pdfs/wallensteinplatz/10281381_A1L17.pdf HTTP/1.1" 301 328 "-" "Mozilla/5.0 (compatible; Googlebot/2.1; +http://www.google.com/bot.html)"
66.249.66.3 - - [24/Oct/2017:05:19:37 +0200] "GET /uploads/pdfs/wallensteinplatz/10281381_A1L17.pdf HTTP/1.1" 200 38840 "-" "Mozilla/5.0 (compatible; Googlebot/2.1; +http://www.google.com/bot.html)"
66.249.76.74 - - [24/Oct/2017:05:19:55 +0200] "GET /uploads/pdfs/hartberg/Mopedkurs-18-08-2015_A1F.pdf HTTP/1.1" 301 329 "-" "Mozilla/5.0 (compatible; Googlebot/2.1; +http://www.google.com/bot.html)"
66.249.76.80 - - [24/Oct/2017:05:19:55 +0200] "GET /uploads/pdfs/hartberg/Mopedkurs-18-08-2015_A1F.pdf HTTP/1.1" 200 31811 "-" "Mozilla/5.0 (compatible; Googlebot/2.1; +http://www.google.com/bot.html)"
66.249.76.76 - - [24/Oct/2017:05:20:13 +0200] "GET /uploads/pdfs/bludenz/Motorradkurs_-_A1,_A2,_A_2016-09-19_A1.pdf HTTP/1.1" 301 339 "-" "Mozilla/5.0 (compatible; Googlebot/2.1; +http://www.google.com/bot.html)"
66.249.66.7 - - [24/Oct/2017:05:20:14 +0200] "GET /uploads/pdfs/bludenz/Motorradkurs_-_A1,_A2,_A_2016-09-19_A1.pdf HTTP/1.1" 200 29617 "-" "Mozilla/5.0 (compatible; Googlebot/2.1; +http://www.google.com/bot.html)"
46.125.249.115 - - [24/Oct/2017:05:20:21 +0200] "GET /ennstal.bad.aussee/kk-27-11-2017?FS=B HTTP/1.1" 200 3210 "https://www.easydrivers.at/ennstal.bad.aussee/kursauswahl" "Mozilla/5.0 (iPhone; CPU iPhone OS 11_0_3 like Mac OS X) AppleWebKit/604.1.38 (KHTML, like Gecko) Version/11.0 Mobile/15A432 Safari/604.1"
66.249.76.76 - - [24/Oct/2017:05:20:50 +0200] "GET /uploads/pdfs/st.peter.au/Abendkurs-2014-10-06_B.pdf HTTP/1.1" 301 329 "-" "Mozilla/5.0 (compatible; Googlebot/2.1; +http://www.google.com/bot.html)"
66.249.76.82 - - [24/Oct/2017:05:20:50 +0200] "GET /uploads/pdfs/st.peter.au/Abendkurs-2014-10-06_B.pdf HTTP/1.1" 200 30292 "-" "Mozilla/5.0 (compatible; Googlebot/2.1; +http://www.google.com/bot.html)"
207.46.13.133 - - [24/Oct/2017:05:20:55 +0200] "GET /ennstal.bad.aussee/fuhrpark HTTP/1.1" 200 3474 "-" "Mozilla/5.0 (compatible; bingbot/2.0; +http://www.bing.com/bingbot.htm)"
66.249.76.76 - - [24/Oct/2017:05:21:08 +0200] "GET /uploads/pdfs/st.valentin/Junikurs_CCE.pdf HTTP/1.1" 301 321 "-" "Mozilla/5.0 (compatible; Googlebot/2.1; +http://www.google.com/bot.html)"
66.249.76.80 - - [24/Oct/2017:05:21:09 +0200] "GET /uploads/pdfs/st.valentin/Junikurs_CCE.pdf HTTP/1.1" 200 27394 "-" "Mozilla/5.0 (compatible; Googlebot/2.1; +http://www.google.com/bot.html)"
66.249.76.76 - - [24/Oct/2017:05:21:27 +0200] "GET /uploads/pdfs/feldkirch/LKW-Kurs-CD-2015-08-18_BC.pdf HTTP/1.1" 301 333 "-" "Mozilla/5.0 (compatible; Googlebot/2.1; +http://www.google.com/bot.html)"
66.249.76.82 - - [24/Oct/2017:05:21:27 +0200] "GET /uploads/pdfs/feldkirch/LKW-Kurs-CD-2015-08-18_BC.pdf HTTP/1.1" 200 29594 "-" "Mozilla/5.0 (compatible; Googlebot/2.1; +http://www.google.com/bot.html)"
157.55.39.113 - - [24/Oct/2017:05:21:42 +0200] "GET /bruck.leitha/10288289?FS=C111 HTTP/1.1" 301 315 "-" "Mozilla/5.0 (compatible; bingbot/2.0; +http://www.bing.com/bingbot.htm)"
66.249.76.74 - - [24/Oct/2017:05:21:45 +0200] "GET /uploads/pdfs/dornbirn/10248253_AM.pdf HTTP/1.1" 301 319 "-" "Mozilla/5.0 (compatible; Googlebot/2.1; +http://www.google.com/bot.html)"
66.249.76.80 - - [24/Oct/2017:05:21:45 +0200] "GET /uploads/pdfs/dornbirn/10248253_AM.pdf HTTP/1.1" 200 30046 "-" "Mozilla/5.0 (compatible; Googlebot/2.1; +http://www.google.com/bot.html)"
66.249.76.76 - - [24/Oct/2017:05:22:03 +0200] "GET /uploads/pdfs/waidhofen.ybbs/10249512_A2BF.pdf HTTP/1.1" 301 326 "-" "Mozilla/5.0 (compatible; Googlebot/2.1; +http://www.google.com/bot.html)"
66.249.76.80 - - [24/Oct/2017:05:22:04 +0200] "GET /uploads/pdfs/waidhofen.ybbs/10249512_A2BF.pdf HTTP/1.1" 200 33120 "-" "Mozilla/5.0 (compatible; Googlebot/2.1; +http://www.google.com/bot.html)"
66.249.66.31 - - [24/Oct/2017:05:22:22 +0200] "GET /uploads/pdfs/easy_drivers_st._peterau/Abendkurs-2016-06-27_A2B.pdf HTTP/1.1" 301 335 "-" "Mozilla/5.0 (compatible; Googlebot/2.1; +http://www.google.com/bot.html)"
66.249.76.82 - - [24/Oct/2017:05:22:22 +0200] "GET /uploads/pdfs/easy_drivers_st._peterau/Abendkurs-2016-06-27_A2B.pdf HTTP/1.1" 200 29663 "-" "Mozilla/5.0 (compatible; Googlebot/2.1; +http://www.google.com/bot.html)"
40.77.167.88 - - [24/Oct/2017:05:22:31 +0200] "GET /eisenerz.pankl/Inhaberdaten HTTP/1.1" 301 311 "-" "Mozilla/5.0 (compatible; bingbot/2.0; +http://www.bing.com/bingbot.htm)"
66.249.76.74 - - [24/Oct/2017:05:22:40 +0200] "GET /uploads/pdfs/wr.neustadt/10276983_B-L.pdf HTTP/1.1" 301 322 "-" "Mozilla/5.0 (compatible; Googlebot/2.1; +http://www.google.com/bot.html)"
66.249.76.80 - - [24/Oct/2017:05:22:40 +0200] "GET /uploads/pdfs/wr.neustadt/10276983_B-L.pdf HTTP/1.1" 200 29899 "-" "Mozilla/5.0 (compatible; Googlebot/2.1; +http://www.google.com/bot.html)"
193.80.166.193 - - [24/Oct/2017:05:22:45 +0200] "GET /krems?gclid=Cj0KCQjwprbPBRCHARIsAF_7gDZvkY2gH-5q7CDOHsL8ssXIxENyhreyjitP5U6-qPe733Zf6Cny-PgaAqcMEALw_wcB HTTP/1.1" 200 2938 "https://www.google.at/" "Mozilla/5.0 (Linux; Android 6.0; ALE-L21 Build/HuaweiALE-L21) AppleWebKit/537.36 (KHTML, like Gecko) Chrome/61.0.3163.98 Mobile Safari/537.36"
193.80.166.193 - - [24/Oct/2017:05:22:47 +0200] "GET /css/mobile.css HTTP/1.1" 200 2852 "https://www.easydrivers.at/krems?gclid=Cj0KCQjwprbPBRCHARIsAF_7gDZvkY2gH-5q7CDOHsL8ssXIxENyhreyjitP5U6-qPe733Zf6Cny-PgaAqcMEALw_wcB" "Mozilla/5.0 (Linux; Android 6.0; ALE-L21 Build/HuaweiALE-L21) AppleWebKit/537.36 (KHTML, like Gecko) Chrome/61.0.3163.98 Mobile Safari/537.36"
193.80.166.193 - - [24/Oct/2017:05:22:48 +0200] "GET /javascript/jquery.cookie.js HTTP/1.1" 200 863 "https://www.easydrivers.at/krems?gclid=Cj0KCQjwprbPBRCHARIsAF_7gDZvkY2gH-5q7CDOHsL8ssXIxENyhreyjitP5U6-qPe733Zf6Cny-PgaAqcMEALw_wcB" "Mozilla/5.0 (Linux; Android 6.0; ALE-L21 Build/HuaweiALE-L21) AppleWebKit/537.36 (KHTML, like Gecko) Chrome/61.0.3163.98 Mobile Safari/537.36"
193.80.166.193 - - [24/Oct/2017:05:22:48 +0200] "GET /javascript/jquery-1.9.1.min.js HTTP/1.1" 200 32731 "https://www.easydrivers.at/krems?gclid=Cj0KCQjwprbPBRCHARIsAF_7gDZvkY2gH-5q7CDOHsL8ssXIxENyhreyjitP5U6-qPe733Zf6Cny-PgaAqcMEALw_wcB" "Mozilla/5.0 (Linux; Android 6.0; ALE-L21 Build/HuaweiALE-L21) AppleWebKit/537.36 (KHTML, like Gecko) Chrome/61.0.3163.98 Mobile Safari/537.36"
193.80.166.193 - - [24/Oct/2017:05:22:48 +0200] "GET /javascript/jquery.simplemodal.js HTTP/1.1" 200 3070 "https://www.easydrivers.at/krems?gclid=Cj0KCQjwprbPBRCHARIsAF_7gDZvkY2gH-5q7CDOHsL8ssXIxENyhreyjitP5U6-qPe733Zf6Cny-PgaAqcMEALw_wcB" "Mozilla/5.0 (Linux; Android 6.0; ALE-L21 Build/HuaweiALE-L21) AppleWebKit/537.36 (KHTML, like Gecko) Chrome/61.0.3163.98 Mobile Safari/537.36"
193.80.166.193 - - [24/Oct/2017:05:22:51 +0200] "GET /javascript/mobile-menu.js HTTP/1.1" 200 1634 "https://www.easydrivers.at/krems?gclid=Cj0KCQjwprbPBRCHARIsAF_7gDZvkY2gH-5q7CDOHsL8ssXIxENyhreyjitP5U6-qPe733Zf6Cny-PgaAqcMEALw_wcB" "Mozilla/5.0 (Linux; Android 6.0; ALE-L21 Build/HuaweiALE-L21) AppleWebKit/537.36 (KHTML, like Gecko) Chrome/61.0.3163.98 Mobile Safari/537.36"
193.80.166.193 - - [24/Oct/2017:05:22:55 +0200] "GET /javascript/mobile-fahrschule.js HTTP/1.1" 200 328 "https://www.easydrivers.at/krems?gclid=Cj0KCQjwprbPBRCHARIsAF_7gDZvkY2gH-5q7CDOHsL8ssXIxENyhreyjitP5U6-qPe733Zf6Cny-PgaAqcMEALw_wcB" "Mozilla/5.0 (Linux; Android 6.0; ALE-L21 Build/HuaweiALE-L21) AppleWebKit/537.36 (KHTML, like Gecko) Chrome/61.0.3163.98 Mobile Safari/537.36"
66.249.66.30 - - [24/Oct/2017:05:22:58 +0200] "GET /uploads/pdfs/tulln/Abendkurs_September_2015_B-L.pdf HTTP/1.1" 301 329 "-" "Mozilla/5.0 (compatible; Googlebot/2.1; +http://www.google.com/bot.html)"
66.249.66.3 - - [24/Oct/2017:05:22:59 +0200] "GET /uploads/pdfs/tulln/Abendkurs_September_2015_B-L.pdf HTTP/1.1" 200 29754 "-" "Mozilla/5.0 (compatible; Googlebot/2.1; +http://www.google.com/bot.html)"
66.249.76.76 - - [24/Oct/2017:05:23:17 +0200] "GET /uploads/pdfs/steyr/abendkurs_oktober_2_A1.pdf HTTP/1.1" 301 324 "-" "Mozilla/5.0 (compatible; Googlebot/2.1; +http://www.google.com/bot.html)"
66.249.76.84 - - [24/Oct/2017:05:23:17 +0200] "GET /uploads/pdfs/steyr/abendkurs_oktober_2_A1.pdf HTTP/1.1" 200 32258 "-" "Mozilla/5.0 (compatible; Googlebot/2.1; +http://www.google.com/bot.html)"
66.249.76.76 - - [24/Oct/2017:05:23:35 +0200] "GET /uploads/pdfs/poechlarn/10235519_B-L17.pdf HTTP/1.1" 301 321 "-" "Mozilla/5.0 (compatible; Googlebot/2.1; +http://www.google.com/bot.html)"
66.249.76.82 - - [24/Oct/2017:05:23:35 +0200] "GET /uploads/pdfs/poechlarn/10235519_B-L17.pdf HTTP/1.1" 200 36443 "-" "Mozilla/5.0 (compatible; Googlebot/2.1; +http://www.google.com/bot.html)"
66.249.76.74 - - [24/Oct/2017:05:23:53 +0200] "GET /uploads/pdfs/reumannplatz/10279485_B-L.pdf HTTP/1.1" 301 324 "-" "Mozilla/5.0 (compatible; Googlebot/2.1; +http://www.google.com/bot.html)"
66.249.76.80 - - [24/Oct/2017:05:23:54 +0200] "GET /uploads/pdfs/reumannplatz/10279485_B-L.pdf HTTP/1.1" 200 29829 "-" "Mozilla/5.0 (compatible; Googlebot/2.1; +http://www.google.com/bot.html)"
66.249.76.76 - - [24/Oct/2017:05:24:12 +0200] "GET /uploads/pdfs/steyr/abendkurs_dezember_A2B.pdf HTTP/1.1" 301 325 "-" "Mozilla/5.0 (compatible; Googlebot/2.1; +http://www.google.com/bot.html)"
66.249.76.82 - - [24/Oct/2017:05:24:12 +0200] "GET /uploads/pdfs/steyr/abendkurs_dezember_A2B.pdf HTTP/1.1" 200 34333 "-" "Mozilla/5.0 (compatible; Googlebot/2.1; +http://www.google.com/bot.html)"
66.249.76.74 - - [24/Oct/2017:05:24:30 +0200] "GET /uploads/pdfs/bludenz/Motorradkurs-A1-A2-A-2015-08-17_A1L17.pdf HTTP/1.1" 301 340 "-" "Mozilla/5.0 (compatible; Googlebot/2.1; +http://www.google.com/bot.html)"
66.249.66.5 - - [24/Oct/2017:05:24:31 +0200] "GET /uploads/pdfs/bludenz/Motorradkurs-A1-A2-A-2015-08-17_A1L17.pdf HTTP/1.1" 200 36675 "-" "Mozilla/5.0 (compatible; Googlebot/2.1; +http://www.google.com/bot.html)"
216.244.66.202 - - [24/Oct/2017:05:24:41 +0200] "GET /robots.txt HTTP/1.1" 301 397 "-" "Mozilla/5.0 (compatible; DotBot/1.1; http://www.opensiteexplorer.org/dotbot, help@moz.com)"
216.244.66.202 - - [24/Oct/2017:05:24:42 +0200] "GET /robots.txt HTTP/1.1" 301 393 "-" "Mozilla/5.0 (compatible; DotBot/1.1; http://www.opensiteexplorer.org/dotbot, help@moz.com)"
216.244.66.202 - - [24/Oct/2017:05:24:45 +0200] "GET /robots.txt HTTP/1.1" 200 178 "-" "Mozilla/5.0 (compatible; DotBot/1.1; http://www.opensiteexplorer.org/dotbot, help@moz.com)"
216.244.66.202 - - [24/Oct/2017:05:24:45 +0200] "GET /robots.txt HTTP/1.1" 200 178 "-" "Mozilla/5.0 (compatible; DotBot/1.1; http://www.opensiteexplorer.org/dotbot, help@moz.com)"
66.249.66.30 - - [24/Oct/2017:05:24:48 +0200] "GET /uploads/pdfs/hollabrunn/10265468_AvonA1.pdf HTTP/1.1" 301 324 "-" "Mozilla/5.0 (compatible; Googlebot/2.1; +http://www.google.com/bot.html)"
66.249.79.148 - - [24/Oct/2017:05:24:49 +0200] "GET /uploads/pdfs/hollabrunn/10265468_AvonA1.pdf HTTP/1.1" 200 26298 "-" "Mozilla/5.0 (compatible; Googlebot/2.1; +http://www.google.com/bot.html)"
66.249.76.74 - - [24/Oct/2017:05:25:07 +0200] "GET /uploads/pdfs/jennersdorf/10260187_AM-M1.pdf HTTP/1.1" 301 324 "-" "Mozilla/5.0 (compatible; Googlebot/2.1; +http://www.google.com/bot.html)"
66.249.66.5 - - [24/Oct/2017:05:25:07 +0200] "GET /uploads/pdfs/jennersdorf/10260187_AM-M1.pdf HTTP/1.1" 200 27423 "-" "Mozilla/5.0 (compatible; Googlebot/2.1; +http://www.google.com/bot.html)"
66.249.66.30 - - [24/Oct/2017:05:25:25 +0200] "GET /uploads/pdfs/bludenz/Schnellkurs-B-2014-10-20_B.pdf HTTP/1.1" 301 330 "-" "Mozilla/5.0 (compatible; Googlebot/2.1; +http://www.google.com/bot.html)"
66.249.76.82 - - [24/Oct/2017:05:25:25 +0200] "GET /uploads/pdfs/bludenz/Schnellkurs-B-2014-10-20_B.pdf HTTP/1.1" 200 32557 "-" "Mozilla/5.0 (compatible; Googlebot/2.1; +http://www.google.com/bot.html)"
66.249.66.30 - - [24/Oct/2017:05:25:43 +0200] "GET /uploads/pdfs/zwettl/10259572_CCE.pdf HTTP/1.1" 301 319 "-" "Mozilla/5.0 (compatible; Googlebot/2.1; +http://www.google.com/bot.html)"
66.249.76.80 - - [24/Oct/2017:05:25:44 +0200] "GET /uploads/pdfs/zwettl/10259572_CCE.pdf HTTP/1.1" 200 27795 "-" "Mozilla/5.0 (compatible; Googlebot/2.1; +http://www.google.com/bot.html)"
216.244.66.248 - - [24/Oct/2017:05:25:46 +0200] "GET /robots.txt HTTP/1.1" 301 398 "-" "Mozilla/5.0 (compatible; DotBot/1.1; http://www.opensiteexplorer.org/dotbot, help@moz.com)"
66.249.76.76 - - [24/Oct/2017:05:26:02 +0200] "GET /uploads/pdfs/schwechat/10277317_A2B.pdf HTTP/1.1" 301 320 "-" "Mozilla/5.0 (compatible; Googlebot/2.1; +http://www.google.com/bot.html)"
66.249.76.84 - - [24/Oct/2017:05:26:02 +0200] "GET /uploads/pdfs/schwechat/10277317_A2B.pdf HTTP/1.1" 200 30584 "-" "Mozilla/5.0 (compatible; Googlebot/2.1; +http://www.google.com/bot.html)"
66.249.66.30 - - [24/Oct/2017:05:26:20 +0200] "GET /uploads/pdfs/waidhofen.ybbs/A_mai_2016_A2BF.pdf HTTP/1.1" 301 327 "-" "Mozilla/5.0 (compatible; Googlebot/2.1; +http://www.google.com/bot.html)"
66.249.76.82 - - [24/Oct/2017:05:26:20 +0200] "GET /uploads/pdfs/waidhofen.ybbs/A_mai_2016_A2BF.pdf HTTP/1.1" 200 30038 "-" "Mozilla/5.0 (compatible; Googlebot/2.1; +http://www.google.com/bot.html)"
66.249.76.74 - - [24/Oct/2017:05:26:38 +0200] "GET /uploads/pdfs/neunkirchen/Abendkurs_30.01.2015_B.pdf HTTP/1.1" 301 329 "-" "Mozilla/5.0 (compatible; Googlebot/2.1; +http://www.google.com/bot.html)"
66.249.76.80 - - [24/Oct/2017:05:26:39 +0200] "GET /uploads/pdfs/neunkirchen/Abendkurs_30.01.2015_B.pdf HTTP/1.1" 200 33049 "-" "Mozilla/5.0 (compatible; Googlebot/2.1; +http://www.google.com/bot.html)"
178.189.147.138 - - [24/Oct/2017:05:26:59 +0200] "GET /guessing HTTP/1.1" 301 298 "http://m.facebook.com" "Mozilla/5.0 (iPhone; CPU iPhone OS 11_0_3 like Mac OS X) AppleWebKit/604.1.38 (KHTML, like Gecko) Mobile/15A432 [FBAN/FBIOS;FBAV/146.0.0.73.91;FBBV/75938921;FBDV/iPhone8,1;FBMD/iPhone;FBSN/iOS;FBSV/11.0.3;FBSS/2;FBCR/A1;FBID/phone;FBLC/de_DE;FBOP/5;FBRV/75938921]"
216.244.66.202 - - [24/Oct/2017:05:26:59 +0200] "GET /bei.der.wu/Inhaberdaten HTTP/1.1" 301 410 "-" "Mozilla/5.0 (compatible; DotBot/1.1; http://www.opensiteexplorer.org/dotbot, help@moz.com)"
178.189.147.138 - - [24/Oct/2017:05:26:59 +0200] "GET /guessing HTTP/1.1" 200 2945 "http://m.facebook.com" "Mozilla/5.0 (iPhone; CPU iPhone OS 11_0_3 like Mac OS X) AppleWebKit/604.1.38 (KHTML, like Gecko) Mobile/15A432 [FBAN/FBIOS;FBAV/146.0.0.73.91;FBBV/75938921;FBDV/iPhone8,1;FBMD/iPhone;FBSN/iOS;FBSV/11.0.3;FBSS/2;FBCR/A1;FBID/phone;FBLC/de_DE;FBOP/5;FBRV/75938921]"
178.189.147.138 - - [24/Oct/2017:05:27:02 +0200] "GET /img/mobile/easydrivers-logo-mobile.png HTTP/1.1" 301 312 "-" "Mozilla/5.0 (iPhone; CPU iPhone OS 11_0_3 like Mac OS X) AppleWebKit/604.1.38 (KHTML, like Gecko) Mobile/15A432 [FBAN/FBIOS;FBAV/146.0.0.73.91;FBBV/75938921;FBDV/iPhone8,1;FBMD/iPhone;FBSN/iOS;FBSV/11.0.3;FBSS/2;FBCR/A1;FBID/phone;FBLC/de_DE;FBOP/5;FBRV/75938921]"
178.189.147.138 - - [24/Oct/2017:05:27:02 +0200] "GET /img/mobile/easydrivers-logo-mobile.png HTTP/1.1" 200 10766 "-" "Mozilla/5.0 (iPhone; CPU iPhone OS 11_0_3 like Mac OS X) AppleWebKit/604.1.38 (KHTML, like Gecko) Mobile/15A432 [FBAN/FBIOS;FBAV/146.0.0.73.91;FBBV/75938921;FBDV/iPhone8,1;FBMD/iPhone;FBSN/iOS;FBSV/11.0.3;FBSS/2;FBCR/A1;FBID/phone;FBLC/de_DE;FBOP/5;FBRV/75938921]"
66.249.76.74 - - [24/Oct/2017:05:27:15 +0200] "GET /uploads/pdfs/hartberg/Herbstintensivkurs-28-09-2015_B-L.pdf HTTP/1.1" 301 337 "-" "Mozilla/5.0 (compatible; Googlebot/2.1; +http://www.google.com/bot.html)"
66.249.76.80 - - [24/Oct/2017:05:27:15 +0200] "GET /uploads/pdfs/hartberg/Herbstintensivkurs-28-09-2015_B-L.pdf HTTP/1.1" 200 32969 "-" "Mozilla/5.0 (compatible; Googlebot/2.1; +http://www.google.com/bot.html)"
137.226.113.26 - - [24/Oct/2017:05:27:15 +0200] "GET / HTTP/1.1" 200 4425 "-" "Mozilla/5.0 zgrab/0.x"
180.76.15.142 - - [24/Oct/2017:05:27:25 +0200] "GET / HTTP/1.1" 301 295 "-" "Mozilla/5.0 (compatible; Baiduspider/2.0; +http://www.baidu.com/search/spider.html)"
180.76.15.19 - - [24/Oct/2017:05:27:27 +0200] "GET / HTTP/1.1" 200 16051 "-" "Mozilla/5.0 (compatible; Baiduspider/2.0; +http://www.baidu.com/search/spider.html)"
178.189.147.138 - - [24/Oct/2017:05:27:32 +0200] "GET /img/mobile/menu-button.png HTTP/1.1" 301 311 "-" "Mozilla/5.0 (iPhone; CPU iPhone OS 11_0_3 like Mac OS X) AppleWebKit/604.1.38 (KHTML, like Gecko) Mobile/15A432 [FBAN/FBIOS;FBAV/146.0.0.73.91;FBBV/75938921;FBDV/iPhone8,1;FBMD/iPhone;FBSN/iOS;FBSV/11.0.3;FBSS/2;FBCR/A1;FBID/phone;FBLC/de_DE;FBOP/5;FBRV/75938921]"
178.189.147.138 - - [24/Oct/2017:05:27:32 +0200] "GET /img/mobile/menu-button.png HTTP/1.1" 200 1746 "-" "Mozilla/5.0 (iPhone; CPU iPhone OS 11_0_3 like Mac OS X) AppleWebKit/604.1.38 (KHTML, like Gecko) Mobile/15A432 [FBAN/FBIOS;FBAV/146.0.0.73.91;FBBV/75938921;FBDV/iPhone8,1;FBMD/iPhone;FBSN/iOS;FBSV/11.0.3;FBSS/2;FBCR/A1;FBID/phone;FBLC/de_DE;FBOP/5;FBRV/75938921]"
66.249.66.30 - - [24/Oct/2017:05:27:33 +0200] "GET /uploads/pdfs/krems/10279340_B-L.pdf HTTP/1.1" 301 318 "-" "Mozilla/5.0 (compatible; Googlebot/2.1; +http://www.google.com/bot.html)"
66.249.76.80 - - [24/Oct/2017:05:27:34 +0200] "GET /uploads/pdfs/krems/10279340_B-L.pdf HTTP/1.1" 200 30050 "-" "Mozilla/5.0 (compatible; Googlebot/2.1; +http://www.google.com/bot.html)"
66.249.76.74 - - [24/Oct/2017:05:27:52 +0200] "GET /ennstal.schladming/downloads HTTP/1.1" 301 312 "-" "Mozilla/5.0 (compatible; Googlebot/2.1; +http://www.google.com/bot.html)"
66.249.66.3 - - [24/Oct/2017:05:27:52 +0200] "GET /ennstal.schladming/downloads HTTP/1.1" 200 2997 "-" "Mozilla/5.0 (compatible; Googlebot/2.1; +http://www.google.com/bot.html)"
178.189.147.138 - - [24/Oct/2017:05:28:02 +0200] "GET /img/mobile/close-button.png HTTP/1.1" 301 312 "-" "Mozilla/5.0 (iPhone; CPU iPhone OS 11_0_3 like Mac OS X) AppleWebKit/604.1.38 (KHTML, like Gecko) Mobile/15A432 [FBAN/FBIOS;FBAV/146.0.0.73.91;FBBV/75938921;FBDV/iPhone8,1;FBMD/iPhone;FBSN/iOS;FBSV/11.0.3;FBSS/2;FBCR/A1;FBID/phone;FBLC/de_DE;FBOP/5;FBRV/75938921]"
178.189.147.138 - - [24/Oct/2017:05:28:02 +0200] "GET /img/mobile/close-button.png HTTP/1.1" 200 2411 "-" "Mozilla/5.0 (iPhone; CPU iPhone OS 11_0_3 like Mac OS X) AppleWebKit/604.1.38 (KHTML, like Gecko) Mobile/15A432 [FBAN/FBIOS;FBAV/146.0.0.73.91;FBBV/75938921;FBDV/iPhone8,1;FBMD/iPhone;FBSN/iOS;FBSV/11.0.3;FBSS/2;FBCR/A1;FBID/phone;FBLC/de_DE;FBOP/5;FBRV/75938921]"
66.249.76.78 - - [24/Oct/2017:05:28:10 +0200] "GET /uploads/pdfs/hartberg/Mopedkurs-27-01-2015_A1F.pdf HTTP/1.1" 301 329 "-" "Mozilla/5.0 (compatible; Googlebot/2.1; +http://www.google.com/bot.html)"
66.249.76.82 - - [24/Oct/2017:05:28:10 +0200] "GET /uploads/pdfs/hartberg/Mopedkurs-27-01-2015_A1F.pdf HTTP/1.1" 200 32527 "-" "Mozilla/5.0 (compatible; Googlebot/2.1; +http://www.google.com/bot.html)"
213.225.14.77 - - [24/Oct/2017:05:28:20 +0200] "GET /voesendorf/Aktionen HTTP/1.1" 301 307 "http://m.facebook.com" "Mozilla/5.0 (iPhone; CPU iPhone OS 10_3_3 like Mac OS X) AppleWebKit/603.3.8 (KHTML, like Gecko) Mobile/14G60 [FBAN/FBIOS;FBAV/146.0.0.73.91;FBBV/75938921;FBDV/iPhone5,2;FBMD/iPhone;FBSN/iOS;FBSV/10.3.3;FBSS/2;FBCR/tele.ring;FBID/phone;FBLC/de_DE;FBOP/5;FBRV/75938921]"
213.225.14.77 - - [24/Oct/2017:05:28:21 +0200] "GET /voesendorf/Aktionen HTTP/1.1" 200 3548 "http://m.facebook.com" "Mozilla/5.0 (iPhone; CPU iPhone OS 10_3_3 like Mac OS X) AppleWebKit/603.3.8 (KHTML, like Gecko) Mobile/14G60 [FBAN/FBIOS;FBAV/146.0.0.73.91;FBBV/75938921;FBDV/iPhone5,2;FBMD/iPhone;FBSN/iOS;FBSV/10.3.3;FBSS/2;FBCR/tele.ring;FBID/phone;FBLC/de_DE;FBOP/5;FBRV/75938921]"
66.249.76.76 - - [24/Oct/2017:05:28:28 +0200] "GET /uploads/pdfs/bruck.leitha/10256194_BPlus.pdf HTTP/1.1" 301 325 "-" "Mozilla/5.0 (compatible; Googlebot/2.1; +http://www.google.com/bot.html)"
66.249.66.5 - - [24/Oct/2017:05:28:29 +0200] "GET /uploads/pdfs/bruck.leitha/10256194_BPlus.pdf HTTP/1.1" 200 30934 "-" "Mozilla/5.0 (compatible; Googlebot/2.1; +http://www.google.com/bot.html)"
66.249.76.74 - - [24/Oct/2017:05:28:47 +0200] "GET /uploads/pdfs/eisenstadt/10279287_BL1796.pdf HTTP/1.1" 301 324 "-" "Mozilla/5.0 (compatible; Googlebot/2.1; +http://www.google.com/bot.html)"
66.249.76.80 - - [24/Oct/2017:05:28:47 +0200] "GET /uploads/pdfs/eisenstadt/10279287_BL1796.pdf HTTP/1.1" 200 34611 "-" "Mozilla/5.0 (compatible; Googlebot/2.1; +http://www.google.com/bot.html)"
164.132.161.26 - - [24/Oct/2017:05:28:49 +0200] "GET /bruck.leitha HTTP/1.1" 301 302 "-" "Mozilla/5.0 (compatible; AhrefsBot/5.2; +http://ahrefs.com/robot/)"
66.249.66.30 - - [24/Oct/2017:05:29:23 +0200] "GET /uploads/pdfs/zwettl/10259632_BF.pdf HTTP/1.1" 301 318 "-" "Mozilla/5.0 (compatible; Googlebot/2.1; +http://www.google.com/bot.html)"
66.249.66.3 - - [24/Oct/2017:05:29:24 +0200] "GET /uploads/pdfs/zwettl/10259632_BF.pdf HTTP/1.1" 200 28315 "-" "Mozilla/5.0 (compatible; Googlebot/2.1; +http://www.google.com/bot.html)"
91.141.3.134 - - [24/Oct/2017:05:29:32 +0200] "GET /fuehrerscheine/lkw HTTP/1.1" 301 304 "https://www.google.at/" "Mozilla/5.0 (iPhone; CPU iPhone OS 11_0_3 like Mac OS X) AppleWebKit/604.1.38 (KHTML, like Gecko) Version/11.0 Mobile/15A432 Safari/604.1"
91.141.3.134 - - [24/Oct/2017:05:29:32 +0200] "GET /fuehrerscheine/lkw HTTP/1.1" 200 3734 "https://www.google.at/" "Mozilla/5.0 (iPhone; CPU iPhone OS 11_0_3 like Mac OS X) AppleWebKit/604.1.38 (KHTML, like Gecko) Version/11.0 Mobile/15A432 Safari/604.1"
91.141.3.134 - - [24/Oct/2017:05:29:34 +0200] "GET /css/mobile.css HTTP/1.1" 200 2852 "https://www.easydrivers.at/fuehrerscheine/lkw" "Mozilla/5.0 (iPhone; CPU iPhone OS 11_0_3 like Mac OS X) AppleWebKit/604.1.38 (KHTML, like Gecko) Version/11.0 Mobile/15A432 Safari/604.1"
91.141.3.134 - - [24/Oct/2017:05:29:35 +0200] "GET /javascript/jquery.cookie.js HTTP/1.1" 200 863 "https://www.easydrivers.at/fuehrerscheine/lkw" "Mozilla/5.0 (iPhone; CPU iPhone OS 11_0_3 like Mac OS X) AppleWebKit/604.1.38 (KHTML, like Gecko) Version/11.0 Mobile/15A432 Safari/604.1"
91.141.3.134 - - [24/Oct/2017:05:29:35 +0200] "GET /javascript/jquery-1.9.1.min.js HTTP/1.1" 200 32731 "https://www.easydrivers.at/fuehrerscheine/lkw" "Mozilla/5.0 (iPhone; CPU iPhone OS 11_0_3 like Mac OS X) AppleWebKit/604.1.38 (KHTML, like Gecko) Version/11.0 Mobile/15A432 Safari/604.1"
91.141.3.134 - - [24/Oct/2017:05:29:35 +0200] "GET /javascript/mobile-menu.js HTTP/1.1" 200 1634 "https://www.easydrivers.at/fuehrerscheine/lkw" "Mozilla/5.0 (iPhone; CPU iPhone OS 11_0_3 like Mac OS X) AppleWebKit/604.1.38 (KHTML, like Gecko) Version/11.0 Mobile/15A432 Safari/604.1"
91.141.3.134 - - [24/Oct/2017:05:29:35 +0200] "GET /javascript/jquery.simplemodal.js HTTP/1.1" 200 3070 "https://www.easydrivers.at/fuehrerscheine/lkw" "Mozilla/5.0 (iPhone; CPU iPhone OS 11_0_3 like Mac OS X) AppleWebKit/604.1.38 (KHTML, like Gecko) Version/11.0 Mobile/15A432 Safari/604.1"
91.141.3.134 - - [24/Oct/2017:05:29:35 +0200] "GET /javascript/mobile-license.js HTTP/1.1" 200 216 "https://www.easydrivers.at/fuehrerscheine/lkw" "Mozilla/5.0 (iPhone; CPU iPhone OS 11_0_3 like Mac OS X) AppleWebKit/604.1.38 (KHTML, like Gecko) Version/11.0 Mobile/15A432 Safari/604.1"
91.141.3.134 - - [24/Oct/2017:05:29:35 +0200] "GET /javascript/lazyload.js HTTP/1.1" 200 1170 "https://www.easydrivers.at/fuehrerscheine/lkw" "Mozilla/5.0 (iPhone; CPU iPhone OS 11_0_3 like Mac OS X) AppleWebKit/604.1.38 (KHTML, like Gecko) Version/11.0 Mobile/15A432 Safari/604.1"
91.141.3.134 - - [24/Oct/2017:05:29:35 +0200] "GET /img/mobile/easydrivers-logo-mobile.png HTTP/1.1" 200 10766 "https://www.easydrivers.at/fuehrerscheine/lkw" "Mozilla/5.0 (iPhone; CPU iPhone OS 11_0_3 like Mac OS X) AppleWebKit/604.1.38 (KHTML, like Gecko) Version/11.0 Mobile/15A432 Safari/604.1"
91.141.3.134 - - [24/Oct/2017:05:29:35 +0200] "GET /img/mobile/menu-button.png HTTP/1.1" 200 1746 "https://www.easydrivers.at/fuehrerscheine/lkw" "Mozilla/5.0 (iPhone; CPU iPhone OS 11_0_3 like Mac OS X) AppleWebKit/604.1.38 (KHTML, like Gecko) Version/11.0 Mobile/15A432 Safari/604.1"
91.141.3.134 - - [24/Oct/2017:05:29:35 +0200] "GET /img/mobile/close-button.png HTTP/1.1" 200 2411 "https://www.easydrivers.at/fuehrerscheine/lkw" "Mozilla/5.0 (iPhone; CPU iPhone OS 11_0_3 like Mac OS X) AppleWebKit/604.1.38 (KHTML, like Gecko) Version/11.0 Mobile/15A432 Safari/604.1"
91.141.3.134 - - [24/Oct/2017:05:29:35 +0200] "GET /img/mobile/facebook-icon.png HTTP/1.1" 200 1902 "https://www.easydrivers.at/fuehrerscheine/lkw" "Mozilla/5.0 (iPhone; CPU iPhone OS 11_0_3 like Mac OS X) AppleWebKit/604.1.38 (KHTML, like Gecko) Version/11.0 Mobile/15A432 Safari/604.1"
91.141.3.134 - - [24/Oct/2017:05:29:35 +0200] "GET /img/mobile/bg-header.jpg HTTP/1.1" 200 19741 "https://www.easydrivers.at/fuehrerscheine/lkw" "Mozilla/5.0 (iPhone; CPU iPhone OS 11_0_3 like Mac OS X) AppleWebKit/604.1.38 (KHTML, like Gecko) Version/11.0 Mobile/15A432 Safari/604.1"
91.141.3.134 - - [24/Oct/2017:05:29:35 +0200] "GET /img/mobile/bg-menu.jpg HTTP/1.1" 200 1698 "https://www.easydrivers.at/fuehrerscheine/lkw" "Mozilla/5.0 (iPhone; CPU iPhone OS 11_0_3 like Mac OS X) AppleWebKit/604.1.38 (KHTML, like Gecko) Version/11.0 Mobile/15A432 Safari/604.1"
91.141.3.134 - - [24/Oct/2017:05:29:35 +0200] "GET /img/mobile/bg-yellow.jpg HTTP/1.1" 200 1569 "https://www.easydrivers.at/fuehrerscheine/lkw" "Mozilla/5.0 (iPhone; CPU iPhone OS 11_0_3 like Mac OS X) AppleWebKit/604.1.38 (KHTML, like Gecko) Version/11.0 Mobile/15A432 Safari/604.1"
91.141.3.134 - - [24/Oct/2017:05:29:35 +0200] "GET /img/mobile/weiter-button.png HTTP/1.1" 200 1670 "https://www.easydrivers.at/fuehrerscheine/lkw" "Mozilla/5.0 (iPhone; CPU iPhone OS 11_0_3 like Mac OS X) AppleWebKit/604.1.38 (KHTML, like Gecko) Version/11.0 Mobile/15A432 Safari/604.1"
66.249.66.30 - - [24/Oct/2017:05:29:42 +0200] "GET /uploads/pdfs/leoben.pankl/10260106_BE.pdf HTTP/1.1" 301 321 "-" "Mozilla/5.0 (compatible; Googlebot/2.1; +http://www.google.com/bot.html)"
66.249.66.3 - - [24/Oct/2017:05:29:42 +0200] "GET /uploads/pdfs/leoben.pankl/10260106_BE.pdf HTTP/1.1" 200 26786 "-" "Mozilla/5.0 (compatible; Googlebot/2.1; +http://www.google.com/bot.html)"
2.153.216.66 - - [24/Oct/2017:05:29:49 +0200] "GET /wp-login.php HTTP/1.1" 301 399 "-" "Mozilla/5.0 (Windows NT 6.1; WOW64; rv:40.0) Gecko/20100101 Firefox/40.1"
2.153.216.66 - - [24/Oct/2017:05:29:54 +0200] "GET /wp-login.php HTTP/1.1" 301 399 "-" "Mozilla/5.0 (Windows NT 6.1; WOW64; rv:40.0) Gecko/20100101 Firefox/40.1"
2.153.216.66 - - [24/Oct/2017:05:29:59 +0200] "GET / HTTP/1.1" 301 387 "-" "Mozilla/5.0 (Windows NT 6.1; WOW64; rv:40.0) Gecko/20100101 Firefox/40.1"
66.249.76.74 - - [24/Oct/2017:05:30:00 +0200] "GET /uploads/pdfs/retz/10259506_BC.pdf HTTP/1.1" 301 316 "-" "Mozilla/5.0 (compatible; Googlebot/2.1; +http://www.google.com/bot.html)"
66.249.76.80 - - [24/Oct/2017:05:30:01 +0200] "GET /uploads/pdfs/retz/10259506_BC.pdf HTTP/1.1" 200 29335 "-" "Mozilla/5.0 (compatible; Googlebot/2.1; +http://www.google.com/bot.html)"
66.249.76.76 - - [24/Oct/2017:05:30:18 +0200] "GET /uploads/pdfs/scheibbs/10249588_BE96.pdf HTTP/1.1" 301 320 "-" "Mozilla/5.0 (compatible; Googlebot/2.1; +http://www.google.com/bot.html)"
66.249.76.80 - - [24/Oct/2017:05:30:19 +0200] "GET /uploads/pdfs/scheibbs/10249588_BE96.pdf HTTP/1.1" 200 28808 "-" "Mozilla/5.0 (compatible; Googlebot/2.1; +http://www.google.com/bot.html)"
66.249.76.74 - - [24/Oct/2017:05:30:37 +0200] "GET /uploads/pdfs/dornbirn/10278882_B.pdf HTTP/1.1" 301 318 "-" "Mozilla/5.0 (compatible; Googlebot/2.1; +http://www.google.com/bot.html)"
66.249.76.80 - - [24/Oct/2017:05:30:37 +0200] "GET /uploads/pdfs/dornbirn/10278882_B.pdf HTTP/1.1" 200 31708 "-" "Mozilla/5.0 (compatible; Googlebot/2.1; +http://www.google.com/bot.html)"
66.249.66.30 - - [24/Oct/2017:05:30:55 +0200] "GET /uploads/pdfs/scheibbs/10249656_B-L.pdf HTTP/1.1" 301 319 "-" "Mozilla/5.0 (compatible; Googlebot/2.1; +http://www.google.com/bot.html)"
66.249.76.80 - - [24/Oct/2017:05:30:56 +0200] "GET /uploads/pdfs/scheibbs/10249656_B-L.pdf HTTP/1.1" 200 32397 "-" "Mozilla/5.0 (compatible; Googlebot/2.1; +http://www.google.com/bot.html)"
66.249.76.76 - - [24/Oct/2017:05:31:13 +0200] "GET /uploads/pdfs/ennstal.bad.aussee/KKA-13-07-2015_A2BF.pdf HTTP/1.1" 301 333 "-" "Mozilla/5.0 (compatible; Googlebot/2.1; +http://www.google.com/bot.html)"
66.249.76.82 - - [24/Oct/2017:05:31:14 +0200] "GET /uploads/pdfs/ennstal.bad.aussee/KKA-13-07-2015_A2BF.pdf HTTP/1.1" 200 32057 "-" "Mozilla/5.0 (compatible; Googlebot/2.1; +http://www.google.com/bot.html)"
66.249.66.31 - - [24/Oct/2017:05:31:32 +0200] "GET /uploads/pdfs/wallensteinplatz/10280933_BC.pdf HTTP/1.1" 301 326 "-" "Mozilla/5.0 (compatible; Googlebot/2.1; +http://www.google.com/bot.html)"
66.249.66.3 - - [24/Oct/2017:05:31:32 +0200] "GET /uploads/pdfs/wallensteinplatz/10280933_BC.pdf HTTP/1.1" 200 34453 "-" "Mozilla/5.0 (compatible; Googlebot/2.1; +http://www.google.com/bot.html)"
178.165.130.109 - - [24/Oct/2017:05:31:35 +0200] "GET /oberwart/kursauswahl HTTP/1.1" 200 3555 "https://www.easydrivers.at/oberwart" "Mozilla/5.0 (Windows NT 10.0; WOW64; rv:56.0) Gecko/20100101 Firefox/56.0"
66.249.66.30 - - [24/Oct/2017:05:31:50 +0200] "GET /st.valentin HTTP/1.1" 301 300 "-" "Mozilla/5.0 (Linux; Android 6.0.1; Nexus 5X Build/MMB29P) AppleWebKit/537.36 (KHTML, like Gecko) Chrome/41.0.2272.96 Mobile Safari/537.36 (compatible; Googlebot/2.1; +http://www.google.com/bot.html)"
66.249.76.80 - - [24/Oct/2017:05:31:51 +0200] "GET /st.valentin HTTP/1.1" 200 2948 "-" "Mozilla/5.0 (Linux; Android 6.0.1; Nexus 5X Build/MMB29P) AppleWebKit/537.36 (KHTML, like Gecko) Chrome/41.0.2272.96 Mobile Safari/537.36 (compatible; Googlebot/2.1; +http://www.google.com/bot.html)"
66.249.76.76 - - [24/Oct/2017:05:32:08 +0200] "GET /tulln HTTP/1.1" 301 297 "-" "Mozilla/5.0 (compatible; Googlebot/2.1; +http://www.google.com/bot.html)"
66.249.76.82 - - [24/Oct/2017:05:32:09 +0200] "GET /tulln HTTP/1.1" 200 3518 "-" "Mozilla/5.0 (compatible; Googlebot/2.1; +http://www.google.com/bot.html)"
66.249.66.30 - - [24/Oct/2017:05:32:27 +0200] "GET /hollabrunn/BE_Kurs_Sommer_2?FS=BL1796 HTTP/1.1" 301 323 "-" "Mozilla/5.0 (compatible; Googlebot/2.1; +http://www.google.com/bot.html)"
216.244.66.202 - - [24/Oct/2017:05:32:28 +0200] "GET /hartberg/10250459 HTTP/1.1" 301 404 "-" "Mozilla/5.0 (compatible; DotBot/1.1; http://www.opensiteexplorer.org/dotbot, help@moz.com)"
66.102.6.12 - - [24/Oct/2017:05:32:29 +0200] "GET /innsbruck HTTP/1.1" 301 300 "-" "Mozilla/5.0 (X11; Linux x86_64) AppleWebKit/537.36 (KHTML, like Gecko) Chrome/49.0.2623.75 Safari/537.36 Google Favicon"
216.244.66.202 - - [24/Oct/2017:05:32:29 +0200] "GET /hartberg/10245675 HTTP/1.1" 301 404 "-" "Mozilla/5.0 (compatible; DotBot/1.1; http://www.opensiteexplorer.org/dotbot, help@moz.com)"
66.249.66.5 - - [24/Oct/2017:05:32:27 +0200] "GET /hollabrunn/BE_Kurs_Sommer_2?FS=BL1796 HTTP/1.1" 200 6490 "-" "Mozilla/5.0 (compatible; Googlebot/2.1; +http://www.google.com/bot.html)"
216.244.66.202 - - [24/Oct/2017:05:32:31 +0200] "GET /perg/kurse/ HTTP/1.1" 301 398 "-" "Mozilla/5.0 (compatible; DotBot/1.1; http://www.opensiteexplorer.org/dotbot, help@moz.com)"
66.102.6.21 - - [24/Oct/2017:05:32:30 +0200] "GET /innsbruck HTTP/1.1" 200 3677 "-" "Mozilla/5.0 (X11; Linux x86_64) AppleWebKit/537.36 (KHTML, like Gecko) Chrome/49.0.2623.75 Safari/537.36 Google Favicon"
66.102.6.12 - - [24/Oct/2017:05:32:32 +0200] "GET /img/new_favicon.ico HTTP/1.1" 301 306 "-" "Mozilla/5.0 (X11; Linux x86_64) AppleWebKit/537.36 (KHTML, like Gecko) Chrome/49.0.2623.75 Safari/537.36 Google Favicon"
66.102.6.21 - - [24/Oct/2017:05:32:33 +0200] "GET /img/new_favicon.ico HTTP/1.1" 200 1150 "-" "Mozilla/5.0 (X11; Linux x86_64) AppleWebKit/537.36 (KHTML, like Gecko) Chrome/49.0.2623.75 Safari/537.36 Google Favicon"
216.244.66.202 - - [24/Oct/2017:05:32:34 +0200] "GET /hartberg/Mofa_Day/galerien/St_Martin_Schule/index.php?navid= HTTP/1.1" 301 443 "-" "Mozilla/5.0 (compatible; DotBot/1.1; http://www.opensiteexplorer.org/dotbot, help@moz.com)"
216.244.66.202 - - [24/Oct/2017:05:32:36 +0200] "GET /fahrschule-fuehrerschein-portal/fahrschulen/fahrschulen-steiermark.php?navanchor= HTTP/1.1" 301 464 "-" "Mozilla/5.0 (compatible; DotBot/1.1; http://www.opensiteexplorer.org/dotbot, help@moz.com)"
66.249.76.67 - - [24/Oct/2017:05:32:45 +0200] "GET /robots.txt HTTP/1.1" 301 301 "-" "Mozilla/5.0 (compatible; Googlebot/2.1; +http://www.google.com/bot.html)"
66.249.76.80 - - [24/Oct/2017:05:32:46 +0200] "GET /robots.txt HTTP/1.1" 200 101 "-" "Mozilla/5.0 (compatible; Googlebot/2.1; +http://www.google.com/bot.html)"
66.249.76.64 - - [24/Oct/2017:05:32:46 +0200] "GET /binaries/easy-drivers-hollabrunn/preislistehlpdf.pdf HTTP/1.1" 301 324 "-" "Mozilla/5.0 (compatible; Googlebot/2.1; +http://www.google.com/bot.html)"
66.249.76.78 - - [24/Oct/2017:05:33:03 +0200] "GET /kapfenberg.pankl/aktionen HTTP/1.1" 301 311 "-" "Mozilla/5.0 (compatible; Googlebot/2.1; +http://www.google.com/bot.html)"
66.249.66.3 - - [24/Oct/2017:05:33:04 +0200] "GET /kapfenberg.pankl/aktionen HTTP/1.1" 200 3001 "-" "Mozilla/5.0 (compatible; Googlebot/2.1; +http://www.google.com/bot.html)"
66.249.76.74 - - [24/Oct/2017:05:33:22 +0200] "GET /krumbach/10264693 HTTP/1.1" 301 306 "-" "Mozilla/5.0 (compatible; Googlebot/2.1; +http://www.google.com/bot.html)"
66.249.76.80 - - [24/Oct/2017:05:33:22 +0200] "GET /krumbach/10264693 HTTP/1.1" 200 2984 "-" "Mozilla/5.0 (compatible; Googlebot/2.1; +http://www.google.com/bot.html)"
66.249.76.74 - - [24/Oct/2017:05:33:40 +0200] "GET /uploads/pdfs/krems/10279364_CCE95.pdf HTTP/1.1" 301 320 "-" "Mozilla/5.0 (compatible; Googlebot/2.1; +http://www.google.com/bot.html)"
66.249.76.80 - - [24/Oct/2017:05:33:41 +0200] "GET /uploads/pdfs/krems/10279364_CCE95.pdf HTTP/1.1" 200 28370 "-" "Mozilla/5.0 (compatible; Googlebot/2.1; +http://www.google.com/bot.html)"
40.77.167.13 - - [24/Oct/2017:05:33:47 +0200] "GET /linz/10284323?FS=B-L HTTP/1.1" 410 3415 "-" "Mozilla/5.0 (compatible; bingbot/2.0; +http://www.bing.com/bingbot.htm)"
66.249.76.74 - - [24/Oct/2017:05:33:58 +0200] "GET /uploads/pdfs/wieselburg/10271232_AM.pdf HTTP/1.1" 301 320 "-" "Mozilla/5.0 (compatible; Googlebot/2.1; +http://www.google.com/bot.html)"
66.249.76.80 - - [24/Oct/2017:05:33:59 +0200] "GET /uploads/pdfs/wieselburg/10271232_AM.pdf HTTP/1.1" 200 27860 "-" "Mozilla/5.0 (compatible; Googlebot/2.1; +http://www.google.com/bot.html)"
66.249.76.78 - - [24/Oct/2017:05:34:17 +0200] "GET /easy_drivers_st._peterau/10255789 HTTP/1.1" 301 312 "-" "Mozilla/5.0 (compatible; Googlebot/2.1; +http://www.google.com/bot.html)"
66.249.76.82 - - [24/Oct/2017:05:34:17 +0200] "GET /easy_drivers_st._peterau/10255789 HTTP/1.1" 200 3000 "-" "Mozilla/5.0 (compatible; Googlebot/2.1; +http://www.google.com/bot.html)"
66.249.66.31 - - [24/Oct/2017:05:34:35 +0200] "GET /uploads/pdfs/leoben.pankl/10272253_BF.pdf HTTP/1.1" 301 322 "-" "Mozilla/5.0 (compatible; Googlebot/2.1; +http://www.google.com/bot.html)"
66.249.76.80 - - [24/Oct/2017:05:34:36 +0200] "GET /uploads/pdfs/leoben.pankl/10272253_BF.pdf HTTP/1.1" 200 29003 "-" "Mozilla/5.0 (compatible; Googlebot/2.1; +http://www.google.com/bot.html)"
66.249.76.55 - - [24/Oct/2017:05:34:53 +0200] "GET /hartberg/Mofa_Day/galerien/16_10_2008_FRachschule_Kirchberg/detail.php?pageid=19 HTTP/1.1" 301 354 "-" "Mozilla/5.0 (compatible; Googlebot/2.1; +http://www.google.com/bot.html)"
66.249.76.80 - - [24/Oct/2017:05:34:54 +0200] "GET /hartberg/Mofa_Day/galerien/16_10_2008_FRachschule_Kirchberg/detail.php?pageid=19 HTTP/1.1" 404 3431 "-" "Mozilla/5.0 (compatible; Googlebot/2.1; +http://www.google.com/bot.html)"
66.249.66.21 - - [24/Oct/2017:05:35:12 +0200] "GET /hartberg/Mofa_Day/galerien/06_10_2009_PolyFriedberg/detail.php?pageid=109 HTTP/1.1" 301 346 "-" "Mozilla/5.0 (compatible; Googlebot/2.1; +http://www.google.com/bot.html)"
66.249.76.84 - - [24/Oct/2017:05:35:12 +0200] "GET /hartberg/Mofa_Day/galerien/06_10_2009_PolyFriedberg/detail.php?pageid=109 HTTP/1.1" 404 3424 "-" "Mozilla/5.0 (compatible; Googlebot/2.1; +http://www.google.com/bot.html)"
66.249.76.76 - - [24/Oct/2017:05:35:30 +0200] "GET /uploads/pdfs/bruck.leitha/10268521_B.pdf HTTP/1.1" 301 321 "-" "Mozilla/5.0 (compatible; Googlebot/2.1; +http://www.google.com/bot.html)"
66.249.76.80 - - [24/Oct/2017:05:35:31 +0200] "GET /uploads/pdfs/bruck.leitha/10268521_B.pdf HTTP/1.1" 200 30062 "-" "Mozilla/5.0 (compatible; Googlebot/2.1; +http://www.google.com/bot.html)"
66.249.76.74 - - [24/Oct/2017:05:35:48 +0200] "GET /uploads/pdfs/feldkirch/Schnellkurs-B-2015-07-06_BL1796.pdf HTTP/1.1" 301 338 "-" "Mozilla/5.0 (compatible; Googlebot/2.1; +http://www.google.com/bot.html)"
66.249.66.3 - - [24/Oct/2017:05:35:49 +0200] "GET /uploads/pdfs/feldkirch/Schnellkurs-B-2015-07-06_BL1796.pdf HTTP/1.1" 200 34590 "-" "Mozilla/5.0 (compatible; Googlebot/2.1; +http://www.google.com/bot.html)"
66.249.76.76 - - [24/Oct/2017:05:36:07 +0200] "GET /uploads/pdfs/retz/10259459_B-L17.pdf HTTP/1.1" 301 320 "-" "Mozilla/5.0 (compatible; Googlebot/2.1; +http://www.google.com/bot.html)"
