188.21.78.2 - - [24/Oct/2017:07:46:02 +0200] "GET /img/download-arrow.png HTTP/1.1" 200 363 "https://www.easydrivers.at/moedling/10244233" "Mozilla/5.0 (iPad; CPU OS 10_3_3 like Mac OS X) AppleWebKit/603.3.8 (KHTML, like Gecko) Version/10.0 Mobile/14G60 Safari/602.1"
188.21.78.2 - - [24/Oct/2017:07:46:02 +0200] "GET /binaries/easy-drivers-portal/pkw6jpg.jpg HTTP/1.1" 200 75742 "https://www.easydrivers.at/moedling/10244233" "Mozilla/5.0 (iPad; CPU OS 10_3_3 like Mac OS X) AppleWebKit/603.3.8 (KHTML, like Gecko) Version/10.0 Mobile/14G60 Safari/602.1"
207.46.13.133 - - [24/Oct/2017:07:46:03 +0200] "GET /10249815 HTTP/1.1" 301 300 "-" "Mozilla/5.0 (iPhone; CPU iPhone OS 7_0 like Mac OS X) AppleWebKit/537.51.1 (KHTML, like Gecko) Version/7.0 Mobile/11A465 Safari/9537.53 (compatible; bingbot/2.0; +http://www.bing.com/bingbot.htm)"
213.147.167.82 - - [24/Oct/2017:07:46:03 +0200] "POST /loadkursliste HTTP/1.1" 200 435 "https://www.easydrivers.at/feldkirch/kursauswahl" "Mozilla/5.0 (Linux; Android 7.0; SM-G930F Build/NRD90M) AppleWebKit/537.36 (KHTML, like Gecko) Chrome/61.0.3163.98 Mobile Safari/537.36"
54.224.197.251 - - [24/Oct/2017:07:46:05 +0200] "GET /robots.txt HTTP/1.0" 301 300 "-" "CCBot/2.0 (http://commoncrawl.org/faq/)"
188.21.78.2 - - [24/Oct/2017:07:46:06 +0200] "GET /binaries/easy-drivers-m/kursplan-2017pdf.pdf HTTP/1.1" 200 284339 "https://www.easydrivers.at/moedling/10244233" "Mozilla/5.0 (iPad; CPU OS 10_3_3 like Mac OS X) AppleWebKit/603.3.8 (KHTML, like Gecko) Version/10.0 Mobile/14G60 Safari/602.1"
54.224.197.251 - - [24/Oct/2017:07:46:06 +0200] "GET /hollabrunn/Grundkurs_September_2017?FS=BC HTTP/1.0" 301 323 "-" "CCBot/2.0 (http://commoncrawl.org/faq/)"
207.46.13.133 - - [24/Oct/2017:07:46:09 +0200] "GET /10249815 HTTP/1.1" 200 2126 "-" "Mozilla/5.0 (iPhone; CPU iPhone OS 7_0 like Mac OS X) AppleWebKit/537.51.1 (KHTML, like Gecko) Version/7.0 Mobile/11A465 Safari/9537.53 (compatible; bingbot/2.0; +http://www.bing.com/bingbot.htm)"
54.224.197.251 - - [24/Oct/2017:07:46:16 +0200] "GET /robots.txt HTTP/1.0" 301 300 "-" "CCBot/2.0 (http://commoncrawl.org/faq/)"
54.224.197.251 - - [24/Oct/2017:07:46:16 +0200] "GET /hollabrunn/Motorradkurs_Oktober_2017?FS=A2BF HTTP/1.0" 301 327 "-" "CCBot/2.0 (http://commoncrawl.org/faq/)"
66.249.66.31 - - [24/Oct/2017:07:46:18 +0200] "GET /uploads/pdfs/leoben.pankl/10272253_A1.pdf HTTP/1.1" 301 322 "-" "Mozilla/5.0 (compatible; Googlebot/2.1; +http://www.google.com/bot.html)"
66.249.66.3 - - [24/Oct/2017:07:46:19 +0200] "GET /uploads/pdfs/leoben.pankl/10272253_A1.pdf HTTP/1.1" 200 28803 "-" "Mozilla/5.0 (compatible; Googlebot/2.1; +http://www.google.com/bot.html)"
213.147.167.82 - - [24/Oct/2017:07:46:26 +0200] "-" 408 - "-" "-"
54.224.197.251 - - [24/Oct/2017:07:46:29 +0200] "GET /robots.txt HTTP/1.0" 301 300 "-" "CCBot/2.0 (http://commoncrawl.org/faq/)"
54.224.197.251 - - [24/Oct/2017:07:46:30 +0200] "GET /hollabrunn/Motorradkurs_Oktober_2017?FS=A1 HTTP/1.0" 301 324 "-" "CCBot/2.0 (http://commoncrawl.org/faq/)"
213.147.167.82 - - [24/Oct/2017:07:46:28 +0200] "GET /feldkirch HTTP/1.1" 200 2905 "https://www.google.at/" "Mozilla/5.0 (Linux; Android 7.0; SM-G930F Build/NRD90M) AppleWebKit/537.36 (KHTML, like Gecko) Chrome/61.0.3163.98 Mobile Safari/537.36"
66.249.76.74 - - [24/Oct/2017:07:46:36 +0200] "GET /uploads/pdfs/bruck.leitha/10269539_AM.pdf HTTP/1.1" 301 323 "-" "Mozilla/5.0 (compatible; Googlebot/2.1; +http://www.google.com/bot.html)"
66.249.66.3 - - [24/Oct/2017:07:46:37 +0200] "GET /uploads/pdfs/bruck.leitha/10269539_AM.pdf HTTP/1.1" 200 28223 "-" "Mozilla/5.0 (compatible; Googlebot/2.1; +http://www.google.com/bot.html)"
54.224.197.251 - - [24/Oct/2017:07:46:42 +0200] "GET /robots.txt HTTP/1.0" 301 300 "-" "CCBot/2.0 (http://commoncrawl.org/faq/)"
54.224.197.251 - - [24/Oct/2017:07:46:43 +0200] "GET /bruck.leitha/uebungsplatz HTTP/1.0" 301 311 "-" "CCBot/2.0 (http://commoncrawl.org/faq/)"
157.55.39.113 - - [24/Oct/2017:07:46:53 +0200] "GET /uploads/pdfs/perg/10285433_AM-M.pdf HTTP/1.1" 301 317 "-" "Mozilla/5.0 (compatible; bingbot/2.0; +http://www.bing.com/bingbot.htm)"
66.249.76.74 - - [24/Oct/2017:07:46:55 +0200] "GET /uploads/pdfs/bludenz/Grundkurs-B-2015-09-15_A2B.pdf HTTP/1.1" 301 332 "-" "Mozilla/5.0 (compatible; Googlebot/2.1; +http://www.google.com/bot.html)"
54.224.197.251 - - [24/Oct/2017:07:46:55 +0200] "GET /robots.txt HTTP/1.0" 301 300 "-" "CCBot/2.0 (http://commoncrawl.org/faq/)"
66.249.66.3 - - [24/Oct/2017:07:46:55 +0200] "GET /uploads/pdfs/bludenz/Grundkurs-B-2015-09-15_A2B.pdf HTTP/1.1" 200 31570 "-" "Mozilla/5.0 (compatible; Googlebot/2.1; +http://www.google.com/bot.html)"
54.224.197.251 - - [24/Oct/2017:07:46:56 +0200] "GET /dornbirn/10248235?FS=A1F HTTP/1.0" 301 311 "-" "CCBot/2.0 (http://commoncrawl.org/faq/)"
54.224.197.251 - - [24/Oct/2017:07:47:10 +0200] "GET /robots.txt HTTP/1.0" 301 300 "-" "CCBot/2.0 (http://commoncrawl.org/faq/)"
54.224.197.251 - - [24/Oct/2017:07:47:10 +0200] "GET /hollabrunn/Links HTTP/1.0" 301 305 "-" "CCBot/2.0 (http://commoncrawl.org/faq/)"
66.249.76.76 - - [24/Oct/2017:07:47:13 +0200] "GET /uploads/pdfs/feldkirch/LKW-Kurs-CD-2015-11-17_DD195-C.pdf HTTP/1.1" 301 337 "-" "Mozilla/5.0 (compatible; Googlebot/2.1; +http://www.google.com/bot.html)"
217.182.132.27 - - [24/Oct/2017:07:47:14 +0200] "GET /tulln HTTP/1.1" 301 297 "-" "Mozilla/5.0 (compatible; AhrefsBot/5.2; +http://ahrefs.com/robot/)"
66.249.66.3 - - [24/Oct/2017:07:47:14 +0200] "GET /uploads/pdfs/feldkirch/LKW-Kurs-CD-2015-11-17_DD195-C.pdf HTTP/1.1" 200 28567 "-" "Mozilla/5.0 (compatible; Googlebot/2.1; +http://www.google.com/bot.html)"
66.249.93.78 - - [24/Oct/2017:07:47:22 +0200] "GET /img/new_favicon.ico HTTP/1.1" 301 306 "-" "Mozilla/5.0 (X11; Linux x86_64) AppleWebKit/537.36 (KHTML, like Gecko) Chrome/49.0.2623.75 Safari/537.36 Google Favicon"
66.249.93.81 - - [24/Oct/2017:07:47:22 +0200] "GET /img/new_favicon.ico HTTP/1.1" 200 1150 "-" "Mozilla/5.0 (X11; Linux x86_64) AppleWebKit/537.36 (KHTML, like Gecko) Chrome/49.0.2623.75 Safari/537.36 Google Favicon"
54.224.197.251 - - [24/Oct/2017:07:47:25 +0200] "GET /robots.txt HTTP/1.0" 301 300 "-" "CCBot/2.0 (http://commoncrawl.org/faq/)"
54.224.197.251 - - [24/Oct/2017:07:47:26 +0200] "GET /hollabrunn/10249814 HTTP/1.0" 301 307 "-" "CCBot/2.0 (http://commoncrawl.org/faq/)"
66.249.76.76 - - [24/Oct/2017:07:47:31 +0200] "GET /voesendorf/10281963?FS=BE HTTP/1.1" 301 313 "-" "Mozilla/5.0 (compatible; Googlebot/2.1; +http://www.google.com/bot.html)"
66.249.66.5 - - [24/Oct/2017:07:47:32 +0200] "GET /voesendorf/10281963?FS=BE HTTP/1.1" 200 5067 "-" "Mozilla/5.0 (compatible; Googlebot/2.1; +http://www.google.com/bot.html)"
54.224.197.251 - - [24/Oct/2017:07:47:40 +0200] "GET /robots.txt HTTP/1.0" 301 300 "-" "CCBot/2.0 (http://commoncrawl.org/faq/)"
54.224.197.251 - - [24/Oct/2017:07:47:40 +0200] "GET /dornbirn/10247038?FS=BF HTTP/1.0" 301 312 "-" "CCBot/2.0 (http://commoncrawl.org/faq/)"
84.112.72.31 - - [24/Oct/2017:07:47:49 +0200] "GET /download.php?id=10247286 HTTP/1.1" 200 238201 "https://www.google.at/" "Mozilla/5.0 (Windows NT 10.0; Win64; x64; rv:56.0) Gecko/20100101 Firefox/56.0"
66.249.76.74 - - [24/Oct/2017:07:47:50 +0200] "GET /binaries/easy-drivers-leonding/info-pc-pr-2.pdf HTTP/1.1" 301 322 "-" "Mozilla/5.0 (compatible; Googlebot/2.1; +http://www.google.com/bot.html)"
66.249.76.80 - - [24/Oct/2017:07:47:50 +0200] "GET /binaries/easy-drivers-leonding/info-pc-pr-2.pdf HTTP/1.1" 200 52647 "-" "Mozilla/5.0 (compatible; Googlebot/2.1; +http://www.google.com/bot.html)"
54.224.197.251 - - [24/Oct/2017:07:47:54 +0200] "GET /robots.txt HTTP/1.0" 301 300 "-" "CCBot/2.0 (http://commoncrawl.org/faq/)"
54.224.197.251 - - [24/Oct/2017:07:47:55 +0200] "GET /bruck.leitha/10279718?FS=BE96 HTTP/1.0" 301 317 "-" "CCBot/2.0 (http://commoncrawl.org/faq/)"
54.224.197.251 - - [24/Oct/2017:07:48:08 +0200] "GET /robots.txt HTTP/1.0" 301 300 "-" "CCBot/2.0 (http://commoncrawl.org/faq/)"
66.249.76.78 - - [24/Oct/2017:07:48:08 +0200] "GET /uploads/pdfs/leonding/autokurs_7_F.pdf HTTP/1.1" 301 319 "-" "Mozilla/5.0 (compatible; Googlebot/2.1; +http://www.google.com/bot.html)"
54.224.197.251 - - [24/Oct/2017:07:48:08 +0200] "GET /hollabrunn/Grundkurs_September_2017?FS=BF HTTP/1.0" 301 323 "-" "CCBot/2.0 (http://commoncrawl.org/faq/)"
66.249.76.82 - - [24/Oct/2017:07:48:08 +0200] "GET /uploads/pdfs/leonding/autokurs_7_F.pdf HTTP/1.1" 200 31830 "-" "Mozilla/5.0 (compatible; Googlebot/2.1; +http://www.google.com/bot.html)"
84.112.72.31 - - [24/Oct/2017:07:48:20 +0200] "GET /binaries/easy-drivers-pankl-mariazell/fahrpr.pdf HTTP/1.1" 200 193072 "https://www.google.at/" "Mozilla/5.0 (Windows NT 10.0; Win64; x64; rv:56.0) Gecko/20100101 Firefox/56.0"
84.112.72.31 - - [24/Oct/2017:07:48:21 +0200] "GET /favicon.ico HTTP/1.1" 200 1150 "-" "Mozilla/5.0 (Windows NT 10.0; Win64; x64; rv:56.0) Gecko/20100101 Firefox/56.0"
84.112.72.31 - - [24/Oct/2017:07:48:21 +0200] "GET /binaries/easy-drivers-pankl-mariazell/fahrpr.pdf HTTP/1.1" 206 65536 "https://www.google.at/" "Mozilla/5.0 (Windows NT 10.0; Win64; x64; rv:56.0) Gecko/20100101 Firefox/56.0"
54.224.197.251 - - [24/Oct/2017:07:48:23 +0200] "GET /robots.txt HTTP/1.0" 301 300 "-" "CCBot/2.0 (http://commoncrawl.org/faq/)"
54.224.197.251 - - [24/Oct/2017:07:48:24 +0200] "GET /bruck.leitha/10279698?FS=A1F HTTP/1.0" 301 316 "-" "CCBot/2.0 (http://commoncrawl.org/faq/)"
66.249.76.76 - - [24/Oct/2017:07:48:26 +0200] "GET /uploads/pdfs/hollabrunn/Grundkurs_Maerz_2015_B-L17.pdf HTTP/1.1" 301 333 "-" "Mozilla/5.0 (compatible; Googlebot/2.1; +http://www.google.com/bot.html)"
66.249.76.80 - - [24/Oct/2017:07:48:27 +0200] "GET /uploads/pdfs/hollabrunn/Grundkurs_Maerz_2015_B-L17.pdf HTTP/1.1" 200 36847 "-" "Mozilla/5.0 (compatible; Googlebot/2.1; +http://www.google.com/bot.html)"
54.224.197.251 - - [24/Oct/2017:07:48:37 +0200] "GET /robots.txt HTTP/1.0" 301 300 "-" "CCBot/2.0 (http://commoncrawl.org/faq/)"
54.224.197.251 - - [24/Oct/2017:07:48:38 +0200] "GET /bruck.leitha/10279458?FS=A1F HTTP/1.0" 301 316 "-" "CCBot/2.0 (http://commoncrawl.org/faq/)"
66.249.66.30 - - [24/Oct/2017:07:48:45 +0200] "GET /uploads/pdfs/am.spitz/10256945_B-L17.pdf HTTP/1.1" 301 323 "-" "Mozilla/5.0 (compatible; Googlebot/2.1; +http://www.google.com/bot.html)"
66.249.76.80 - - [24/Oct/2017:07:48:45 +0200] "GET /uploads/pdfs/am.spitz/10256945_B-L17.pdf HTTP/1.1" 200 34965 "-" "Mozilla/5.0 (compatible; Googlebot/2.1; +http://www.google.com/bot.html)"
40.77.167.88 - - [24/Oct/2017:07:48:49 +0200] "GET /st.poelten/10282876?FS=B HTTP/1.1" 301 311 "-" "Mozilla/5.0 (compatible; bingbot/2.0; +http://www.bing.com/bingbot.htm)"
54.224.197.251 - - [24/Oct/2017:07:48:50 +0200] "GET /robots.txt HTTP/1.0" 301 300 "-" "CCBot/2.0 (http://commoncrawl.org/faq/)"
54.224.197.251 - - [24/Oct/2017:07:48:50 +0200] "GET /schwechat/10280335?FS=DD195-C HTTP/1.0" 301 315 "-" "CCBot/2.0 (http://commoncrawl.org/faq/)"
54.224.197.251 - - [24/Oct/2017:07:49:02 +0200] "GET /robots.txt HTTP/1.0" 301 300 "-" "CCBot/2.0 (http://commoncrawl.org/faq/)"
54.224.197.251 - - [24/Oct/2017:07:49:03 +0200] "GET /hollabrunn/Mopedkurs_Sommer_2017?FS=AM-M HTTP/1.0" 301 323 "-" "CCBot/2.0 (http://commoncrawl.org/faq/)"
66.249.66.31 - - [24/Oct/2017:07:49:03 +0200] "GET /uploads/pdfs/gmuend/10252528_B-L.pdf HTTP/1.1" 301 317 "-" "Mozilla/5.0 (compatible; Googlebot/2.1; +http://www.google.com/bot.html)"
66.249.76.80 - - [24/Oct/2017:07:49:03 +0200] "GET /uploads/pdfs/gmuend/10252528_B-L.pdf HTTP/1.1" 200 31332 "-" "Mozilla/5.0 (compatible; Googlebot/2.1; +http://www.google.com/bot.html)"
212.95.8.193 - - [24/Oct/2017:07:49:03 +0200] "GET /leonding HTTP/1.1" 200 2925 "http://www.google.at/" "Mozilla/5.0 (Linux; Android 7.0; SM-G920F Build/NRD90M) AppleWebKit/537.36 (KHTML, like Gecko) Chrome/61.0.3163.98 Mobile Safari/537.36"
173.252.124.85 - - [24/Oct/2017:07:49:08 +0200] "GET /eisenstadt/ HTTP/1.1" 301 300 "-" "facebookexternalhit/1.1 (+http://www.facebook.com/externalhit_uatext.php)"
173.252.124.20 - - [24/Oct/2017:07:49:09 +0200] "GET /eisenstadt/ HTTP/1.1" 301 141 "-" "facebookexternalhit/1.1 (+http://www.facebook.com/externalhit_uatext.php)"
173.252.124.74 - - [24/Oct/2017:07:49:10 +0200] "GET /eisenstadt HTTP/1.1" 200 3413 "-" "facebookexternalhit/1.1 (+http://www.facebook.com/externalhit_uatext.php)"
173.252.124.10 - - [24/Oct/2017:07:49:13 +0200] "GET /eisenstadt HTTP/1.1" 301 299 "-" "facebookexternalhit/1.1 (+http://www.facebook.com/externalhit_uatext.php)"
173.252.124.74 - - [24/Oct/2017:07:49:14 +0200] "GET /binaries/easy-drivers-portal/widget-icon-expertspng.png HTTP/1.1" 206 2159 "http://www.easydrivers.at/eisenstadt/" "facebookexternalhit/1.1 (+http://www.facebook.com/externalhit_uatext.php)"
173.252.124.10 - - [24/Oct/2017:07:49:14 +0200] "GET /img/close-button-small.png HTTP/1.1" 206 1671 "http://www.easydrivers.at/eisenstadt/" "facebookexternalhit/1.1 (+http://www.facebook.com/externalhit_uatext.php)"
173.252.124.15 - - [24/Oct/2017:07:49:14 +0200] "GET /img/info-button.png HTTP/1.1" 206 738 "http://www.easydrivers.at/eisenstadt/" "facebookexternalhit/1.1 (+http://www.facebook.com/externalhit_uatext.php)"
173.252.124.72 - - [24/Oct/2017:07:49:14 +0200] "GET /img/empty.gif HTTP/1.1" 206 43 "http://www.easydrivers.at/eisenstadt/" "facebookexternalhit/1.1 (+http://www.facebook.com/externalhit_uatext.php)"
173.252.124.72 - - [24/Oct/2017:07:49:14 +0200] "GET /img/ED_Logo.png HTTP/1.1" 301 305 "http://www.easydrivers.at/eisenstadt/" "facebookexternalhit/1.1 (+http://www.facebook.com/externalhit_uatext.php)"
173.252.124.18 - - [24/Oct/2017:07:49:14 +0200] "GET /binaries/easy-drivers-portal/widget-icon-trainingpng.png HTTP/1.1" 206 2662 "http://www.easydrivers.at/eisenstadt/" "facebookexternalhit/1.1 (+http://www.facebook.com/externalhit_uatext.php)"
173.252.124.18 - - [24/Oct/2017:07:49:14 +0200] "GET /img/close-button.png HTTP/1.1" 206 2237 "http://www.easydrivers.at/eisenstadt/" "facebookexternalhit/1.1 (+http://www.facebook.com/externalhit_uatext.php)"
173.252.124.81 - - [24/Oct/2017:07:49:14 +0200] "GET /img/facebook-icon.png HTTP/1.1" 206 1506 "http://www.easydrivers.at/eisenstadt/" "facebookexternalhit/1.1 (+http://www.facebook.com/externalhit_uatext.php)"
173.252.124.17 - - [24/Oct/2017:07:49:14 +0200] "GET /img/locator-icon.png HTTP/1.1" 206 1377 "http://www.easydrivers.at/eisenstadt/" "facebookexternalhit/1.1 (+http://www.facebook.com/externalhit_uatext.php)"
173.252.124.72 - - [24/Oct/2017:07:49:14 +0200] "GET /img/schweiz-icon.png HTTP/1.1" 206 1504 "http://www.easydrivers.at/eisenstadt/" "facebookexternalhit/1.1 (+http://www.facebook.com/externalhit_uatext.php)"
173.252.124.72 - - [24/Oct/2017:07:49:15 +0200] "GET /eisenstadt/ HTTP/1.1" 301 300 "-" "facebookexternalhit/1.1 (+http://www.facebook.com/externalhit_uatext.php)"
54.224.197.251 - - [24/Oct/2017:07:49:15 +0200] "GET /robots.txt HTTP/1.0" 301 300 "-" "CCBot/2.0 (http://commoncrawl.org/faq/)"
173.252.124.15 - - [24/Oct/2017:07:49:15 +0200] "GET /eisenstadt/ HTTP/1.1" 301 141 "-" "facebookexternalhit/1.1 (+http://www.facebook.com/externalhit_uatext.php)"
54.224.197.251 - - [24/Oct/2017:07:49:16 +0200] "GET /amstetten/kontakt HTTP/1.0" 301 304 "-" "CCBot/2.0 (http://commoncrawl.org/faq/)"
173.252.124.15 - - [24/Oct/2017:07:49:15 +0200] "GET /eisenstadt HTTP/1.1" 200 3413 "-" "facebookexternalhit/1.1 (+http://www.facebook.com/externalhit_uatext.php)"
173.252.124.85 - - [24/Oct/2017:07:49:18 +0200] "GET /eisenstadt HTTP/1.1" 301 299 "-" "facebookexternalhit/1.1 (+http://www.facebook.com/externalhit_uatext.php)"
173.252.124.10 - - [24/Oct/2017:07:49:18 +0200] "GET /img/close-button.png HTTP/1.1" 206 2237 "http://www.easydrivers.at/eisenstadt/" "facebookexternalhit/1.1 (+http://www.facebook.com/externalhit_uatext.php)"
173.252.124.74 - - [24/Oct/2017:07:49:18 +0200] "GET /img/facebook-icon.png HTTP/1.1" 206 1506 "http://www.easydrivers.at/eisenstadt/" "facebookexternalhit/1.1 (+http://www.facebook.com/externalhit_uatext.php)"
173.252.124.20 - - [24/Oct/2017:07:49:18 +0200] "GET /img/locator-icon.png HTTP/1.1" 206 1377 "http://www.easydrivers.at/eisenstadt/" "facebookexternalhit/1.1 (+http://www.facebook.com/externalhit_uatext.php)"
173.252.124.18 - - [24/Oct/2017:07:49:18 +0200] "GET /img/close-button-small.png HTTP/1.1" 206 1671 "http://www.easydrivers.at/eisenstadt/" "facebookexternalhit/1.1 (+http://www.facebook.com/externalhit_uatext.php)"
173.252.124.72 - - [24/Oct/2017:07:49:18 +0200] "GET /binaries/easy-drivers-portal/widget-icon-trainingpng.png HTTP/1.1" 206 2662 "http://www.easydrivers.at/eisenstadt/" "facebookexternalhit/1.1 (+http://www.facebook.com/externalhit_uatext.php)"
173.252.124.15 - - [24/Oct/2017:07:49:18 +0200] "GET /img/empty.gif HTTP/1.1" 206 43 "http://www.easydrivers.at/eisenstadt/" "facebookexternalhit/1.1 (+http://www.facebook.com/externalhit_uatext.php)"
173.252.124.81 - - [24/Oct/2017:07:49:18 +0200] "GET /binaries/easy-drivers-portal/widget-icon-expertspng.png HTTP/1.1" 206 2159 "http://www.easydrivers.at/eisenstadt/" "facebookexternalhit/1.1 (+http://www.facebook.com/externalhit_uatext.php)"
173.252.124.66 - - [24/Oct/2017:07:49:18 +0200] "GET /img/ED_Logo.png HTTP/1.1" 301 305 "http://www.easydrivers.at/eisenstadt/" "facebookexternalhit/1.1 (+http://www.facebook.com/externalhit_uatext.php)"
173.252.124.66 - - [24/Oct/2017:07:49:19 +0200] "GET /img/info-button.png HTTP/1.1" 206 738 "http://www.easydrivers.at/eisenstadt/" "facebookexternalhit/1.1 (+http://www.facebook.com/externalhit_uatext.php)"
173.252.124.66 - - [24/Oct/2017:07:49:19 +0200] "GET /img/schweiz-icon.png HTTP/1.1" 206 1504 "http://www.easydrivers.at/eisenstadt/" "facebookexternalhit/1.1 (+http://www.facebook.com/externalhit_uatext.php)"
173.252.124.18 - - [24/Oct/2017:07:49:19 +0200] "GET /img/ED_Logo.png HTTP/1.1" 301 305 "-" "facebookexternalhit/1.1 (+http://www.facebook.com/externalhit_uatext.php)"
173.252.124.74 - - [24/Oct/2017:07:49:19 +0200] "GET /img/ED_Logo.png HTTP/1.1" 200 3385 "-" "facebookexternalhit/1.1 (+http://www.facebook.com/externalhit_uatext.php)"
173.252.124.15 - - [24/Oct/2017:07:49:20 +0200] "GET /eisenstadt/ HTTP/1.1" 301 300 "-" "facebookexternalhit/1.1 (+http://www.facebook.com/externalhit_uatext.php)"
173.252.124.10 - - [24/Oct/2017:07:49:20 +0200] "GET /eisenstadt/ HTTP/1.1" 301 141 "-" "facebookexternalhit/1.1 (+http://www.facebook.com/externalhit_uatext.php)"
66.249.76.76 - - [24/Oct/2017:07:49:21 +0200] "GET /uploads/pdfs/st.peter.au/Abendkurs-2014-12-01_B-L.pdf HTTP/1.1" 301 330 "-" "Mozilla/5.0 (compatible; Googlebot/2.1; +http://www.google.com/bot.html)"
66.249.76.80 - - [24/Oct/2017:07:49:22 +0200] "GET /uploads/pdfs/st.peter.au/Abendkurs-2014-12-01_B-L.pdf HTTP/1.1" 200 30813 "-" "Mozilla/5.0 (compatible; Googlebot/2.1; +http://www.google.com/bot.html)"
173.252.124.18 - - [24/Oct/2017:07:49:20 +0200] "GET /eisenstadt HTTP/1.1" 200 3413 "-" "facebookexternalhit/1.1 (+http://www.facebook.com/externalhit_uatext.php)"
173.252.124.20 - - [24/Oct/2017:07:49:23 +0200] "GET /eisenstadt HTTP/1.1" 301 299 "-" "facebookexternalhit/1.1 (+http://www.facebook.com/externalhit_uatext.php)"
212.95.8.193 - - [24/Oct/2017:07:49:23 +0200] "-" 408 - "-" "-"
212.95.8.193 - - [24/Oct/2017:07:49:23 +0200] "-" 408 - "-" "-"
212.95.8.193 - - [24/Oct/2017:07:49:23 +0200] "-" 408 - "-" "-"
212.95.8.193 - - [24/Oct/2017:07:49:23 +0200] "-" 408 - "-" "-"
212.95.8.193 - - [24/Oct/2017:07:49:23 +0200] "-" 408 - "-" "-"
173.252.124.18 - - [24/Oct/2017:07:49:23 +0200] "GET /img/ED_Logo.png HTTP/1.1" 301 305 "http://www.easydrivers.at/eisenstadt/" "facebookexternalhit/1.1 (+http://www.facebook.com/externalhit_uatext.php)"
173.252.124.18 - - [24/Oct/2017:07:49:23 +0200] "GET /img/close-button.png HTTP/1.1" 206 2237 "http://www.easydrivers.at/eisenstadt/" "facebookexternalhit/1.1 (+http://www.facebook.com/externalhit_uatext.php)"
173.252.124.20 - - [24/Oct/2017:07:49:23 +0200] "GET /img/facebook-icon.png HTTP/1.1" 206 1506 "http://www.easydrivers.at/eisenstadt/" "facebookexternalhit/1.1 (+http://www.facebook.com/externalhit_uatext.php)"
173.252.124.85 - - [24/Oct/2017:07:49:23 +0200] "GET /img/info-button.png HTTP/1.1" 206 738 "http://www.easydrivers.at/eisenstadt/" "facebookexternalhit/1.1 (+http://www.facebook.com/externalhit_uatext.php)"
173.252.124.15 - - [24/Oct/2017:07:49:23 +0200] "GET /img/locator-icon.png HTTP/1.1" 206 1377 "http://www.easydrivers.at/eisenstadt/" "facebookexternalhit/1.1 (+http://www.facebook.com/externalhit_uatext.php)"
173.252.124.15 - - [24/Oct/2017:07:49:23 +0200] "GET /img/close-button-small.png HTTP/1.1" 206 1671 "http://www.easydrivers.at/eisenstadt/" "facebookexternalhit/1.1 (+http://www.facebook.com/externalhit_uatext.php)"
173.252.124.15 - - [24/Oct/2017:07:49:23 +0200] "GET /binaries/easy-drivers-portal/widget-icon-trainingpng.png HTTP/1.1" 206 2662 "http://www.easydrivers.at/eisenstadt/" "facebookexternalhit/1.1 (+http://www.facebook.com/externalhit_uatext.php)"
173.252.124.15 - - [24/Oct/2017:07:49:23 +0200] "GET /img/empty.gif HTTP/1.1" 206 43 "http://www.easydrivers.at/eisenstadt/" "facebookexternalhit/1.1 (+http://www.facebook.com/externalhit_uatext.php)"
173.252.124.20 - - [24/Oct/2017:07:49:23 +0200] "GET /binaries/easy-drivers-portal/widget-icon-expertspng.png HTTP/1.1" 206 2159 "http://www.easydrivers.at/eisenstadt/" "facebookexternalhit/1.1 (+http://www.facebook.com/externalhit_uatext.php)"
173.252.124.81 - - [24/Oct/2017:07:49:23 +0200] "GET /img/schweiz-icon.png HTTP/1.1" 206 1504 "http://www.easydrivers.at/eisenstadt/" "facebookexternalhit/1.1 (+http://www.facebook.com/externalhit_uatext.php)"
173.252.124.17 - - [24/Oct/2017:07:49:23 +0200] "GET /eisenstadt/ HTTP/1.1" 301 300 "-" "facebookexternalhit/1.1 (+http://www.facebook.com/externalhit_uatext.php)"
173.252.124.17 - - [24/Oct/2017:07:49:24 +0200] "GET /eisenstadt/ HTTP/1.1" 301 141 "-" "facebookexternalhit/1.1 (+http://www.facebook.com/externalhit_uatext.php)"
173.252.124.74 - - [24/Oct/2017:07:49:24 +0200] "GET /eisenstadt HTTP/1.1" 200 3413 "-" "facebookexternalhit/1.1 (+http://www.facebook.com/externalhit_uatext.php)"
173.252.124.74 - - [24/Oct/2017:07:49:27 +0200] "GET /eisenstadt HTTP/1.1" 301 299 "-" "facebookexternalhit/1.1 (+http://www.facebook.com/externalhit_uatext.php)"
173.252.124.15 - - [24/Oct/2017:07:49:27 +0200] "GET /img/ED_Logo.png HTTP/1.1" 301 305 "http://www.easydrivers.at/eisenstadt/" "facebookexternalhit/1.1 (+http://www.facebook.com/externalhit_uatext.php)"
173.252.124.18 - - [24/Oct/2017:07:49:27 +0200] "GET /img/locator-icon.png HTTP/1.1" 206 1377 "http://www.easydrivers.at/eisenstadt/" "facebookexternalhit/1.1 (+http://www.facebook.com/externalhit_uatext.php)"
173.252.124.74 - - [24/Oct/2017:07:49:27 +0200] "GET /img/close-button-small.png HTTP/1.1" 206 1671 "http://www.easydrivers.at/eisenstadt/" "facebookexternalhit/1.1 (+http://www.facebook.com/externalhit_uatext.php)"
173.252.124.18 - - [24/Oct/2017:07:49:27 +0200] "GET /binaries/easy-drivers-portal/widget-icon-trainingpng.png HTTP/1.1" 206 2662 "http://www.easydrivers.at/eisenstadt/" "facebookexternalhit/1.1 (+http://www.facebook.com/externalhit_uatext.php)"
173.252.124.17 - - [24/Oct/2017:07:49:27 +0200] "GET /img/empty.gif HTTP/1.1" 206 43 "http://www.easydrivers.at/eisenstadt/" "facebookexternalhit/1.1 (+http://www.facebook.com/externalhit_uatext.php)"
173.252.124.72 - - [24/Oct/2017:07:49:27 +0200] "GET /binaries/easy-drivers-portal/widget-icon-expertspng.png HTTP/1.1" 206 2159 "http://www.easydrivers.at/eisenstadt/" "facebookexternalhit/1.1 (+http://www.facebook.com/externalhit_uatext.php)"
173.252.124.17 - - [24/Oct/2017:07:49:27 +0200] "GET /img/schweiz-icon.png HTTP/1.1" 206 1504 "http://www.easydrivers.at/eisenstadt/" "facebookexternalhit/1.1 (+http://www.facebook.com/externalhit_uatext.php)"
173.252.124.81 - - [24/Oct/2017:07:49:27 +0200] "GET /img/close-button.png HTTP/1.1" 206 2237 "http://www.easydrivers.at/eisenstadt/" "facebookexternalhit/1.1 (+http://www.facebook.com/externalhit_uatext.php)"
173.252.124.74 - - [24/Oct/2017:07:49:27 +0200] "GET /img/facebook-icon.png HTTP/1.1" 206 1506 "http://www.easydrivers.at/eisenstadt/" "facebookexternalhit/1.1 (+http://www.facebook.com/externalhit_uatext.php)"
173.252.124.15 - - [24/Oct/2017:07:49:27 +0200] "GET /img/info-button.png HTTP/1.1" 206 738 "http://www.easydrivers.at/eisenstadt/" "facebookexternalhit/1.1 (+http://www.facebook.com/externalhit_uatext.php)"
173.252.124.10 - - [24/Oct/2017:07:49:27 +0200] "GET /img/ED_Logo.png HTTP/1.1" 301 305 "http://www.easydrivers.at/eisenstadt/" "facebookexternalhit/1.1 (+http://www.facebook.com/externalhit_uatext.php)"
173.252.124.10 - - [24/Oct/2017:07:49:27 +0200] "GET /img/facebook-icon.png HTTP/1.1" 206 1506 "http://www.easydrivers.at/eisenstadt/" "facebookexternalhit/1.1 (+http://www.facebook.com/externalhit_uatext.php)"
173.252.124.20 - - [24/Oct/2017:07:49:27 +0200] "GET /img/info-button.png HTTP/1.1" 206 738 "http://www.easydrivers.at/eisenstadt/" "facebookexternalhit/1.1 (+http://www.facebook.com/externalhit_uatext.php)"
173.252.124.72 - - [24/Oct/2017:07:49:28 +0200] "GET /img/locator-icon.png HTTP/1.1" 206 1377 "http://www.easydrivers.at/eisenstadt/" "facebookexternalhit/1.1 (+http://www.facebook.com/externalhit_uatext.php)"
173.252.124.10 - - [24/Oct/2017:07:49:28 +0200] "GET /img/close-button-small.png HTTP/1.1" 206 1671 "http://www.easydrivers.at/eisenstadt/" "facebookexternalhit/1.1 (+http://www.facebook.com/externalhit_uatext.php)"
173.252.124.72 - - [24/Oct/2017:07:49:28 +0200] "GET /binaries/easy-drivers-portal/widget-icon-trainingpng.png HTTP/1.1" 206 2662 "http://www.easydrivers.at/eisenstadt/" "facebookexternalhit/1.1 (+http://www.facebook.com/externalhit_uatext.php)"
173.252.124.17 - - [24/Oct/2017:07:49:28 +0200] "GET /img/empty.gif HTTP/1.1" 206 43 "http://www.easydrivers.at/eisenstadt/" "facebookexternalhit/1.1 (+http://www.facebook.com/externalhit_uatext.php)"
173.252.124.72 - - [24/Oct/2017:07:49:28 +0200] "GET /binaries/easy-drivers-portal/widget-icon-expertspng.png HTTP/1.1" 206 2159 "http://www.easydrivers.at/eisenstadt/" "facebookexternalhit/1.1 (+http://www.facebook.com/externalhit_uatext.php)"
173.252.124.18 - - [24/Oct/2017:07:49:28 +0200] "GET /img/schweiz-icon.png HTTP/1.1" 206 1504 "http://www.easydrivers.at/eisenstadt/" "facebookexternalhit/1.1 (+http://www.facebook.com/externalhit_uatext.php)"
173.252.124.10 - - [24/Oct/2017:07:49:28 +0200] "GET /img/close-button.png HTTP/1.1" 206 2237 "http://www.easydrivers.at/eisenstadt/" "facebookexternalhit/1.1 (+http://www.facebook.com/externalhit_uatext.php)"
54.224.197.251 - - [24/Oct/2017:07:49:28 +0200] "GET /robots.txt HTTP/1.0" 301 300 "-" "CCBot/2.0 (http://commoncrawl.org/faq/)"
173.252.124.15 - - [24/Oct/2017:07:49:28 +0200] "GET /eisenstadt/ HTTP/1.1" 301 300 "-" "facebookexternalhit/1.1 (+http://www.facebook.com/externalhit_uatext.php)"
54.224.197.251 - - [24/Oct/2017:07:49:29 +0200] "GET /dornbirn/10247038?FS=B-L17 HTTP/1.0" 301 314 "-" "CCBot/2.0 (http://commoncrawl.org/faq/)"
173.252.124.72 - - [24/Oct/2017:07:49:29 +0200] "GET /eisenstadt/ HTTP/1.1" 301 141 "-" "facebookexternalhit/1.1 (+http://www.facebook.com/externalhit_uatext.php)"
173.252.124.74 - - [24/Oct/2017:07:49:29 +0200] "GET /eisenstadt HTTP/1.1" 200 3413 "-" "facebookexternalhit/1.1 (+http://www.facebook.com/externalhit_uatext.php)"
173.252.124.15 - - [24/Oct/2017:07:49:31 +0200] "GET /eisenstadt HTTP/1.1" 301 299 "-" "facebookexternalhit/1.1 (+http://www.facebook.com/externalhit_uatext.php)"
173.252.124.85 - - [24/Oct/2017:07:49:32 +0200] "GET /img/ED_Logo.png HTTP/1.1" 301 305 "http://www.easydrivers.at/eisenstadt/" "facebookexternalhit/1.1 (+http://www.facebook.com/externalhit_uatext.php)"
173.252.124.20 - - [24/Oct/2017:07:49:32 +0200] "GET /img/close-button.png HTTP/1.1" 206 2237 "http://www.easydrivers.at/eisenstadt/" "facebookexternalhit/1.1 (+http://www.facebook.com/externalhit_uatext.php)"
173.252.124.74 - - [24/Oct/2017:07:49:32 +0200] "GET /img/facebook-icon.png HTTP/1.1" 206 1506 "http://www.easydrivers.at/eisenstadt/" "facebookexternalhit/1.1 (+http://www.facebook.com/externalhit_uatext.php)"
173.252.124.15 - - [24/Oct/2017:07:49:32 +0200] "GET /img/info-button.png HTTP/1.1" 206 738 "http://www.easydrivers.at/eisenstadt/" "facebookexternalhit/1.1 (+http://www.facebook.com/externalhit_uatext.php)"
173.252.124.20 - - [24/Oct/2017:07:49:32 +0200] "GET /img/locator-icon.png HTTP/1.1" 206 1377 "http://www.easydrivers.at/eisenstadt/" "facebookexternalhit/1.1 (+http://www.facebook.com/externalhit_uatext.php)"
173.252.124.18 - - [24/Oct/2017:07:49:32 +0200] "GET /img/close-button-small.png HTTP/1.1" 206 1671 "http://www.easydrivers.at/eisenstadt/" "facebookexternalhit/1.1 (+http://www.facebook.com/externalhit_uatext.php)"
173.252.124.17 - - [24/Oct/2017:07:49:32 +0200] "GET /binaries/easy-drivers-portal/widget-icon-trainingpng.png HTTP/1.1" 206 2662 "http://www.easydrivers.at/eisenstadt/" "facebookexternalhit/1.1 (+http://www.facebook.com/externalhit_uatext.php)"
173.252.124.72 - - [24/Oct/2017:07:49:32 +0200] "GET /img/empty.gif HTTP/1.1" 206 43 "http://www.easydrivers.at/eisenstadt/" "facebookexternalhit/1.1 (+http://www.facebook.com/externalhit_uatext.php)"
173.252.124.85 - - [24/Oct/2017:07:49:32 +0200] "GET /binaries/easy-drivers-portal/widget-icon-expertspng.png HTTP/1.1" 206 2159 "http://www.easydrivers.at/eisenstadt/" "facebookexternalhit/1.1 (+http://www.facebook.com/externalhit_uatext.php)"
173.252.124.74 - - [24/Oct/2017:07:49:32 +0200] "GET /img/schweiz-icon.png HTTP/1.1" 206 1504 "http://www.easydrivers.at/eisenstadt/" "facebookexternalhit/1.1 (+http://www.facebook.com/externalhit_uatext.php)"
173.252.124.15 - - [24/Oct/2017:07:49:32 +0200] "GET /eisenstadt/ HTTP/1.1" 301 300 "-" "facebookexternalhit/1.1 (+http://www.facebook.com/externalhit_uatext.php)"
173.252.124.17 - - [24/Oct/2017:07:49:33 +0200] "GET /eisenstadt/ HTTP/1.1" 301 141 "-" "facebookexternalhit/1.1 (+http://www.facebook.com/externalhit_uatext.php)"
173.252.124.81 - - [24/Oct/2017:07:49:33 +0200] "GET /eisenstadt HTTP/1.1" 200 3413 "-" "facebookexternalhit/1.1 (+http://www.facebook.com/externalhit_uatext.php)"
173.252.124.81 - - [24/Oct/2017:07:49:35 +0200] "GET /eisenstadt HTTP/1.1" 301 299 "-" "facebookexternalhit/1.1 (+http://www.facebook.com/externalhit_uatext.php)"
66.249.76.74 - - [24/Oct/2017:07:49:40 +0200] "GET /uploads/pdfs/langenlois/10279532_BPlus.pdf HTTP/1.1" 301 323 "-" "Mozilla/5.0 (compatible; Googlebot/2.1; +http://www.google.com/bot.html)"
66.249.76.80 - - [24/Oct/2017:07:49:40 +0200] "GET /uploads/pdfs/langenlois/10279532_BPlus.pdf HTTP/1.1" 200 29192 "-" "Mozilla/5.0 (compatible; Googlebot/2.1; +http://www.google.com/bot.html)"
54.224.197.251 - - [24/Oct/2017:07:49:41 +0200] "GET /robots.txt HTTP/1.0" 301 300 "-" "CCBot/2.0 (http://commoncrawl.org/faq/)"
54.224.197.251 - - [24/Oct/2017:07:49:42 +0200] "GET /am.spitz/kurse HTTP/1.0" 301 303 "-" "CCBot/2.0 (http://commoncrawl.org/faq/)"
66.249.76.80 - - [24/Oct/2017:07:49:44 +0200] "GET /binaries/easy-drivers---skarabela-gro/analyse-elektromobilit-1.pdf HTTP/1.1" 200 6471200 "-" "Googlebot/2.1 (+http://www.google.com/bot.html)"
40.77.167.13 - - [24/Oct/2017:07:49:51 +0200] "GET /javascript/mobile-fahrschule-kurs-suchergebnis.js HTTP/1.1" 200 274 "-" "Mozilla/5.0 (iPhone; CPU iPhone OS 7_0 like Mac OS X) AppleWebKit/537.51.1 (KHTML, like Gecko) Version/7.0 Mobile/11A465 Safari/9537.53 (compatible; bingbot/2.0; +http://www.bing.com/bingbot.htm)"
54.224.197.251 - - [24/Oct/2017:07:49:54 +0200] "GET /robots.txt HTTP/1.0" 301 300 "-" "CCBot/2.0 (http://commoncrawl.org/faq/)"
54.224.197.251 - - [24/Oct/2017:07:49:55 +0200] "GET /wallensteinplatz/kurse HTTP/1.0" 301 309 "-" "CCBot/2.0 (http://commoncrawl.org/faq/)"
66.249.66.30 - - [24/Oct/2017:07:49:58 +0200] "GET /uploads/pdfs/waidhofen.ybbs/AK_09_2015_BPlus.pdf HTTP/1.1" 301 328 "-" "Mozilla/5.0 (compatible; Googlebot/2.1; +http://www.google.com/bot.html)"
66.249.76.80 - - [24/Oct/2017:07:49:58 +0200] "GET /uploads/pdfs/waidhofen.ybbs/AK_09_2015_BPlus.pdf HTTP/1.1" 200 31527 "-" "Mozilla/5.0 (compatible; Googlebot/2.1; +http://www.google.com/bot.html)"
54.224.197.251 - - [24/Oct/2017:07:50:08 +0200] "GET /robots.txt HTTP/1.0" 301 300 "-" "CCBot/2.0 (http://commoncrawl.org/faq/)"
54.224.197.251 - - [24/Oct/2017:07:50:09 +0200] "GET /am.spitz/10281087?FS=B-L HTTP/1.0" 301 312 "-" "CCBot/2.0 (http://commoncrawl.org/faq/)"
185.69.244.0 - - [24/Oct/2017:07:50:11 +0200] "GET /voesendorf/Aktionen HTTP/1.1" 301 307 "http://m.facebook.com/" "Mozilla/5.0 (Linux; Android 7.0; HUAWEI VNS-L31 Build/HUAWEIVNS-L31; wv) AppleWebKit/537.36 (KHTML, like Gecko) Version/4.0 Chrome/61.0.3163.98 Mobile Safari/537.36 [FB_IAB/FB4A;FBAV/146.0.0.53.92;]"
185.69.244.0 - - [24/Oct/2017:07:50:11 +0200] "GET /voesendorf/Aktionen HTTP/1.1" 200 3548 "http://m.facebook.com/" "Mozilla/5.0 (Linux; Android 7.0; HUAWEI VNS-L31 Build/HUAWEIVNS-L31; wv) AppleWebKit/537.36 (KHTML, like Gecko) Version/4.0 Chrome/61.0.3163.98 Mobile Safari/537.36 [FB_IAB/FB4A;FBAV/146.0.0.53.92;]"
66.249.76.74 - - [24/Oct/2017:07:50:16 +0200] "GET /uploads/pdfs/hollabrunn/Motorradkurs_Weihnachten_2014_A1.pdf HTTP/1.1" 301 335 "-" "Mozilla/5.0 (compatible; Googlebot/2.1; +http://www.google.com/bot.html)"
66.249.76.80 - - [24/Oct/2017:07:50:17 +0200] "GET /uploads/pdfs/hollabrunn/Motorradkurs_Weihnachten_2014_A1.pdf HTTP/1.1" 200 36707 "-" "Mozilla/5.0 (compatible; Googlebot/2.1; +http://www.google.com/bot.html)"
54.224.197.251 - - [24/Oct/2017:07:50:23 +0200] "GET /robots.txt HTTP/1.0" 301 300 "-" "CCBot/2.0 (http://commoncrawl.org/faq/)"
54.224.197.251 - - [24/Oct/2017:07:50:23 +0200] "GET /amstetten/kurs_ced?FS=C HTTP/1.0" 301 310 "-" "CCBot/2.0 (http://commoncrawl.org/faq/)"
66.249.66.31 - - [24/Oct/2017:07:50:35 +0200] "GET /uploads/pdfs/ennstal.bad.aussee/wka_2014_A1L17.pdf HTTP/1.1" 301 328 "-" "Mozilla/5.0 (compatible; Googlebot/2.1; +http://www.google.com/bot.html)"
66.249.76.82 - - [24/Oct/2017:07:50:35 +0200] "GET /uploads/pdfs/ennstal.bad.aussee/wka_2014_A1L17.pdf HTTP/1.1" 200 37790 "-" "Mozilla/5.0 (compatible; Googlebot/2.1; +http://www.google.com/bot.html)"
173.252.124.79 - - [24/Oct/2017:07:50:35 +0200] "GET /eisenstadt/ HTTP/1.1" 301 300 "-" "facebookexternalhit/1.1 (+http://www.facebook.com/externalhit_uatext.php)"
173.252.124.79 - - [24/Oct/2017:07:50:36 +0200] "GET /eisenstadt/ HTTP/1.1" 301 141 "-" "facebookexternalhit/1.1 (+http://www.facebook.com/externalhit_uatext.php)"
54.224.197.251 - - [24/Oct/2017:07:50:36 +0200] "GET /robots.txt HTTP/1.0" 301 300 "-" "CCBot/2.0 (http://commoncrawl.org/faq/)"
54.224.197.251 - - [24/Oct/2017:07:50:37 +0200] "GET /am.spitz/10280859?FS=A2B HTTP/1.0" 301 312 "-" "CCBot/2.0 (http://commoncrawl.org/faq/)"
173.252.124.31 - - [24/Oct/2017:07:50:37 +0200] "GET /eisenstadt HTTP/1.1" 200 3413 "-" "facebookexternalhit/1.1 (+http://www.facebook.com/externalhit_uatext.php)"
173.252.124.19 - - [24/Oct/2017:07:50:40 +0200] "GET /eisenstadt HTTP/1.1" 301 299 "-" "facebookexternalhit/1.1 (+http://www.facebook.com/externalhit_uatext.php)"
173.252.124.81 - - [24/Oct/2017:07:50:40 +0200] "GET /img/ED_Logo.png HTTP/1.1" 301 305 "http://www.easydrivers.at/eisenstadt/" "facebookexternalhit/1.1 (+http://www.facebook.com/externalhit_uatext.php)"
173.252.124.19 - - [24/Oct/2017:07:50:40 +0200] "GET /img/close-button-small.png HTTP/1.1" 206 1671 "http://www.easydrivers.at/eisenstadt/" "facebookexternalhit/1.1 (+http://www.facebook.com/externalhit_uatext.php)"
173.252.124.79 - - [24/Oct/2017:07:50:40 +0200] "GET /binaries/easy-drivers-portal/widget-icon-expertspng.png HTTP/1.1" 206 2159 "http://www.easydrivers.at/eisenstadt/" "facebookexternalhit/1.1 (+http://www.facebook.com/externalhit_uatext.php)"
173.252.124.81 - - [24/Oct/2017:07:50:40 +0200] "GET /img/schweiz-icon.png HTTP/1.1" 206 1504 "http://www.easydrivers.at/eisenstadt/" "facebookexternalhit/1.1 (+http://www.facebook.com/externalhit_uatext.php)"
173.252.124.79 - - [24/Oct/2017:07:50:40 +0200] "GET /img/close-button.png HTTP/1.1" 206 2237 "http://www.easydrivers.at/eisenstadt/" "facebookexternalhit/1.1 (+http://www.facebook.com/externalhit_uatext.php)"
173.252.124.28 - - [24/Oct/2017:07:50:41 +0200] "GET /img/facebook-icon.png HTTP/1.1" 206 1506 "http://www.easydrivers.at/eisenstadt/" "facebookexternalhit/1.1 (+http://www.facebook.com/externalhit_uatext.php)"
173.252.124.78 - - [24/Oct/2017:07:50:41 +0200] "GET /img/info-button.png HTTP/1.1" 206 738 "http://www.easydrivers.at/eisenstadt/" "facebookexternalhit/1.1 (+http://www.facebook.com/externalhit_uatext.php)"
173.252.124.11 - - [24/Oct/2017:07:50:41 +0200] "GET /binaries/easy-drivers-portal/widget-icon-trainingpng.png HTTP/1.1" 206 2662 "http://www.easydrivers.at/eisenstadt/" "facebookexternalhit/1.1 (+http://www.facebook.com/externalhit_uatext.php)"
173.252.124.85 - - [24/Oct/2017:07:50:41 +0200] "GET /eisenstadt/ HTTP/1.1" 301 300 "-" "facebookexternalhit/1.1 (+http://www.facebook.com/externalhit_uatext.php)"
173.252.124.79 - - [24/Oct/2017:07:50:41 +0200] "GET /eisenstadt/ HTTP/1.1" 301 141 "-" "facebookexternalhit/1.1 (+http://www.facebook.com/externalhit_uatext.php)"
212.95.8.193 - - [24/Oct/2017:07:50:41 +0200] "GET /leonding HTTP/1.1" 200 2925 "http://www.google.at/" "Mozilla/5.0 (Linux; Android 7.0; SM-G920F Build/NRD90M) AppleWebKit/537.36 (KHTML, like Gecko) Chrome/61.0.3163.98 Mobile Safari/537.36"
173.252.124.28 - - [24/Oct/2017:07:50:42 +0200] "GET /eisenstadt HTTP/1.1" 200 3413 "-" "facebookexternalhit/1.1 (+http://www.facebook.com/externalhit_uatext.php)"
213.225.39.231 - - [24/Oct/2017:07:50:42 +0200] "GET /pruefprotokoll HTTP/1.1" 200 2268 "https://www.google.at/" "Mozilla/5.0 (Linux; Android 6.0.1; SM-G800F Build/MMB29K) AppleWebKit/537.36 (KHTML, like Gecko) Chrome/61.0.3163.98 Mobile Safari/537.36"
173.252.124.73 - - [24/Oct/2017:07:50:44 +0200] "GET /eisenstadt HTTP/1.1" 301 299 "-" "facebookexternalhit/1.1 (+http://www.facebook.com/externalhit_uatext.php)"
5.9.110.164 - - [24/Oct/2017:07:50:44 +0200] "GET /krumbach HTTP/1.1" 301 299 "-" "Mozilla/5.0 (compatible; MetaJobBot; http://www.metajob.at/crawler)"
173.252.124.81 - - [24/Oct/2017:07:50:45 +0200] "GET /img/ED_Logo.png HTTP/1.1" 301 305 "http://www.easydrivers.at/eisenstadt/" "facebookexternalhit/1.1 (+http://www.facebook.com/externalhit_uatext.php)"
173.252.124.78 - - [24/Oct/2017:07:50:45 +0200] "GET /img/info-button.png HTTP/1.1" 206 738 "http://www.easydrivers.at/eisenstadt/" "facebookexternalhit/1.1 (+http://www.facebook.com/externalhit_uatext.php)"
173.252.124.11 - - [24/Oct/2017:07:50:45 +0200] "GET /img/locator-icon.png HTTP/1.1" 206 1377 "http://www.easydrivers.at/eisenstadt/" "facebookexternalhit/1.1 (+http://www.facebook.com/externalhit_uatext.php)"
173.252.124.19 - - [24/Oct/2017:07:50:45 +0200] "GET /img/close-button-small.png HTTP/1.1" 206 1671 "http://www.easydrivers.at/eisenstadt/" "facebookexternalhit/1.1 (+http://www.facebook.com/externalhit_uatext.php)"
173.252.124.31 - - [24/Oct/2017:07:50:45 +0200] "GET /img/empty.gif HTTP/1.1" 206 43 "http://www.easydrivers.at/eisenstadt/" "facebookexternalhit/1.1 (+http://www.facebook.com/externalhit_uatext.php)"
173.252.124.81 - - [24/Oct/2017:07:50:45 +0200] "GET /binaries/easy-drivers-portal/widget-icon-expertspng.png HTTP/1.1" 206 2159 "http://www.easydrivers.at/eisenstadt/" "facebookexternalhit/1.1 (+http://www.facebook.com/externalhit_uatext.php)"
173.252.124.73 - - [24/Oct/2017:07:50:45 +0200] "GET /img/schweiz-icon.png HTTP/1.1" 206 1504 "http://www.easydrivers.at/eisenstadt/" "facebookexternalhit/1.1 (+http://www.facebook.com/externalhit_uatext.php)"
173.252.124.81 - - [24/Oct/2017:07:50:45 +0200] "GET /img/close-button.png HTTP/1.1" 206 2237 "http://www.easydrivers.at/eisenstadt/" "facebookexternalhit/1.1 (+http://www.facebook.com/externalhit_uatext.php)"
173.252.124.31 - - [24/Oct/2017:07:50:45 +0200] "GET /img/facebook-icon.png HTTP/1.1" 206 1506 "http://www.easydrivers.at/eisenstadt/" "facebookexternalhit/1.1 (+http://www.facebook.com/externalhit_uatext.php)"
173.252.124.81 - - [24/Oct/2017:07:50:46 +0200] "GET /img/ED_Logo.png HTTP/1.1" 301 305 "-" "facebookexternalhit/1.1 (+http://www.facebook.com/externalhit_uatext.php)"
173.252.124.78 - - [24/Oct/2017:07:50:46 +0200] "GET /img/ED_Logo.png HTTP/1.1" 200 3385 "-" "facebookexternalhit/1.1 (+http://www.facebook.com/externalhit_uatext.php)"
173.252.124.79 - - [24/Oct/2017:07:50:46 +0200] "GET /eisenstadt/ HTTP/1.1" 301 300 "-" "facebookexternalhit/1.1 (+http://www.facebook.com/externalhit_uatext.php)"
173.252.124.11 - - [24/Oct/2017:07:50:47 +0200] "GET /eisenstadt/ HTTP/1.1" 301 141 "-" "facebookexternalhit/1.1 (+http://www.facebook.com/externalhit_uatext.php)"
173.252.124.81 - - [24/Oct/2017:07:50:47 +0200] "GET /eisenstadt HTTP/1.1" 200 3413 "-" "facebookexternalhit/1.1 (+http://www.facebook.com/externalhit_uatext.php)"
173.252.124.28 - - [24/Oct/2017:07:50:49 +0200] "GET /eisenstadt HTTP/1.1" 301 299 "-" "facebookexternalhit/1.1 (+http://www.facebook.com/externalhit_uatext.php)"
212.95.8.193 - - [24/Oct/2017:07:50:47 +0200] "POST /leonding/kursauswahl HTTP/1.1" 200 3117 "https://www.easydrivers.at/leonding" "Mozilla/5.0 (Linux; Android 7.0; SM-G920F Build/NRD90M) AppleWebKit/537.36 (KHTML, like Gecko) Chrome/61.0.3163.98 Mobile Safari/537.36"
173.252.124.73 - - [24/Oct/2017:07:50:50 +0200] "GET /img/ED_Logo.png HTTP/1.1" 301 305 "http://www.easydrivers.at/eisenstadt/" "facebookexternalhit/1.1 (+http://www.facebook.com/externalhit_uatext.php)"
173.252.124.80 - - [24/Oct/2017:07:50:50 +0200] "GET /img/close-button.png HTTP/1.1" 206 2237 "http://www.easydrivers.at/eisenstadt/" "facebookexternalhit/1.1 (+http://www.facebook.com/externalhit_uatext.php)"
173.252.124.31 - - [24/Oct/2017:07:50:50 +0200] "GET /img/facebook-icon.png HTTP/1.1" 206 1506 "http://www.easydrivers.at/eisenstadt/" "facebookexternalhit/1.1 (+http://www.facebook.com/externalhit_uatext.php)"
173.252.124.78 - - [24/Oct/2017:07:50:50 +0200] "GET /img/info-button.png HTTP/1.1" 206 738 "http://www.easydrivers.at/eisenstadt/" "facebookexternalhit/1.1 (+http://www.facebook.com/externalhit_uatext.php)"
173.252.124.81 - - [24/Oct/2017:07:50:50 +0200] "GET /img/locator-icon.png HTTP/1.1" 206 1377 "http://www.easydrivers.at/eisenstadt/" "facebookexternalhit/1.1 (+http://www.facebook.com/externalhit_uatext.php)"
173.252.124.78 - - [24/Oct/2017:07:50:50 +0200] "GET /img/close-button-small.png HTTP/1.1" 206 1671 "http://www.easydrivers.at/eisenstadt/" "facebookexternalhit/1.1 (+http://www.facebook.com/externalhit_uatext.php)"
173.252.124.28 - - [24/Oct/2017:07:50:50 +0200] "GET /binaries/easy-drivers-portal/widget-icon-trainingpng.png HTTP/1.1" 206 2662 "http://www.easydrivers.at/eisenstadt/" "facebookexternalhit/1.1 (+http://www.facebook.com/externalhit_uatext.php)"
173.252.124.73 - - [24/Oct/2017:07:50:50 +0200] "GET /img/empty.gif HTTP/1.1" 206 43 "http://www.easydrivers.at/eisenstadt/" "facebookexternalhit/1.1 (+http://www.facebook.com/externalhit_uatext.php)"
173.252.124.80 - - [24/Oct/2017:07:50:50 +0200] "GET /binaries/easy-drivers-portal/widget-icon-expertspng.png HTTP/1.1" 206 2159 "http://www.easydrivers.at/eisenstadt/" "facebookexternalhit/1.1 (+http://www.facebook.com/externalhit_uatext.php)"
173.252.124.31 - - [24/Oct/2017:07:50:50 +0200] "GET /img/schweiz-icon.png HTTP/1.1" 206 1504 "http://www.easydrivers.at/eisenstadt/" "facebookexternalhit/1.1 (+http://www.facebook.com/externalhit_uatext.php)"
173.252.124.81 - - [24/Oct/2017:07:50:50 +0200] "GET /eisenstadt/ HTTP/1.1" 301 300 "-" "facebookexternalhit/1.1 (+http://www.facebook.com/externalhit_uatext.php)"
54.224.197.251 - - [24/Oct/2017:07:50:50 +0200] "GET /robots.txt HTTP/1.0" 301 300 "-" "CCBot/2.0 (http://commoncrawl.org/faq/)"
173.252.124.85 - - [24/Oct/2017:07:50:51 +0200] "GET /eisenstadt/ HTTP/1.1" 301 141 "-" "facebookexternalhit/1.1 (+http://www.facebook.com/externalhit_uatext.php)"
54.224.197.251 - - [24/Oct/2017:07:50:51 +0200] "GET /am.spitz/10280862?FS=BL1796 HTTP/1.0" 301 315 "-" "CCBot/2.0 (http://commoncrawl.org/faq/)"
212.95.8.193 - - [24/Oct/2017:07:50:50 +0200] "POST /loadkursliste HTTP/1.1" 200 503 "https://www.easydrivers.at/leonding/kursauswahl" "Mozilla/5.0 (Linux; Android 7.0; SM-G920F Build/NRD90M) AppleWebKit/537.36 (KHTML, like Gecko) Chrome/61.0.3163.98 Mobile Safari/537.36"
66.249.76.74 - - [24/Oct/2017:07:50:53 +0200] "GET /uploads/pdfs/st.valentin/27.06.2016_B-L.pdf HTTP/1.1" 301 323 "-" "Mozilla/5.0 (compatible; Googlebot/2.1; +http://www.google.com/bot.html)"
173.252.124.78 - - [24/Oct/2017:07:50:51 +0200] "GET /eisenstadt HTTP/1.1" 200 3413 "-" "facebookexternalhit/1.1 (+http://www.facebook.com/externalhit_uatext.php)"
173.252.124.79 - - [24/Oct/2017:07:50:53 +0200] "GET /eisenstadt HTTP/1.1" 301 299 "-" "facebookexternalhit/1.1 (+http://www.facebook.com/externalhit_uatext.php)"
66.249.76.80 - - [24/Oct/2017:07:50:53 +0200] "GET /uploads/pdfs/st.valentin/27.06.2016_B-L.pdf HTTP/1.1" 200 29440 "-" "Mozilla/5.0 (compatible; Googlebot/2.1; +http://www.google.com/bot.html)"
173.252.124.31 - - [24/Oct/2017:07:50:54 +0200] "GET /img/ED_Logo.png HTTP/1.1" 301 305 "http://www.easydrivers.at/eisenstadt/" "facebookexternalhit/1.1 (+http://www.facebook.com/externalhit_uatext.php)"
173.252.124.80 - - [24/Oct/2017:07:50:54 +0200] "GET /img/facebook-icon.png HTTP/1.1" 206 1506 "http://www.easydrivers.at/eisenstadt/" "facebookexternalhit/1.1 (+http://www.facebook.com/externalhit_uatext.php)"
173.252.124.81 - - [24/Oct/2017:07:50:54 +0200] "GET /img/info-button.png HTTP/1.1" 206 738 "http://www.easydrivers.at/eisenstadt/" "facebookexternalhit/1.1 (+http://www.facebook.com/externalhit_uatext.php)"
173.252.124.31 - - [24/Oct/2017:07:50:54 +0200] "GET /img/locator-icon.png HTTP/1.1" 206 1377 "http://www.easydrivers.at/eisenstadt/" "facebookexternalhit/1.1 (+http://www.facebook.com/externalhit_uatext.php)"
173.252.124.28 - - [24/Oct/2017:07:50:54 +0200] "GET /img/close-button-small.png HTTP/1.1" 206 1671 "http://www.easydrivers.at/eisenstadt/" "facebookexternalhit/1.1 (+http://www.facebook.com/externalhit_uatext.php)"
173.252.124.28 - - [24/Oct/2017:07:50:54 +0200] "GET /binaries/easy-drivers-portal/widget-icon-trainingpng.png HTTP/1.1" 206 2662 "http://www.easydrivers.at/eisenstadt/" "facebookexternalhit/1.1 (+http://www.facebook.com/externalhit_uatext.php)"
173.252.124.28 - - [24/Oct/2017:07:50:54 +0200] "GET /img/empty.gif HTTP/1.1" 206 43 "http://www.easydrivers.at/eisenstadt/" "facebookexternalhit/1.1 (+http://www.facebook.com/externalhit_uatext.php)"
173.252.124.81 - - [24/Oct/2017:07:50:54 +0200] "GET /binaries/easy-drivers-portal/widget-icon-expertspng.png HTTP/1.1" 206 2159 "http://www.easydrivers.at/eisenstadt/" "facebookexternalhit/1.1 (+http://www.facebook.com/externalhit_uatext.php)"
173.252.124.31 - - [24/Oct/2017:07:50:54 +0200] "GET /img/schweiz-icon.png HTTP/1.1" 206 1504 "http://www.easydrivers.at/eisenstadt/" "facebookexternalhit/1.1 (+http://www.facebook.com/externalhit_uatext.php)"
173.252.124.19 - - [24/Oct/2017:07:50:54 +0200] "GET /img/close-button.png HTTP/1.1" 206 2237 "http://www.easydrivers.at/eisenstadt/" "facebookexternalhit/1.1 (+http://www.facebook.com/externalhit_uatext.php)"
173.252.124.81 - - [24/Oct/2017:07:50:54 +0200] "GET /img/ED_Logo.png HTTP/1.1" 301 305 "http://www.easydrivers.at/eisenstadt/" "facebookexternalhit/1.1 (+http://www.facebook.com/externalhit_uatext.php)"
173.252.124.81 - - [24/Oct/2017:07:50:54 +0200] "GET /img/locator-icon.png HTTP/1.1" 206 1377 "http://www.easydrivers.at/eisenstadt/" "facebookexternalhit/1.1 (+http://www.facebook.com/externalhit_uatext.php)"
173.252.124.80 - - [24/Oct/2017:07:50:54 +0200] "GET /img/close-button-small.png HTTP/1.1" 206 1671 "http://www.easydrivers.at/eisenstadt/" "facebookexternalhit/1.1 (+http://www.facebook.com/externalhit_uatext.php)"
173.252.124.78 - - [24/Oct/2017:07:50:54 +0200] "GET /binaries/easy-drivers-portal/widget-icon-trainingpng.png HTTP/1.1" 206 2662 "http://www.easydrivers.at/eisenstadt/" "facebookexternalhit/1.1 (+http://www.facebook.com/externalhit_uatext.php)"
173.252.124.79 - - [24/Oct/2017:07:50:54 +0200] "GET /img/empty.gif HTTP/1.1" 206 43 "http://www.easydrivers.at/eisenstadt/" "facebookexternalhit/1.1 (+http://www.facebook.com/externalhit_uatext.php)"
173.252.124.78 - - [24/Oct/2017:07:50:54 +0200] "GET /binaries/easy-drivers-portal/widget-icon-expertspng.png HTTP/1.1" 206 2159 "http://www.easydrivers.at/eisenstadt/" "facebookexternalhit/1.1 (+http://www.facebook.com/externalhit_uatext.php)"
173.252.124.73 - - [24/Oct/2017:07:50:54 +0200] "GET /img/schweiz-icon.png HTTP/1.1" 206 1504 "http://www.easydrivers.at/eisenstadt/" "facebookexternalhit/1.1 (+http://www.facebook.com/externalhit_uatext.php)"
173.252.124.78 - - [24/Oct/2017:07:50:54 +0200] "GET /img/close-button.png HTTP/1.1" 206 2237 "http://www.easydrivers.at/eisenstadt/" "facebookexternalhit/1.1 (+http://www.facebook.com/externalhit_uatext.php)"
173.252.124.31 - - [24/Oct/2017:07:50:54 +0200] "GET /img/facebook-icon.png HTTP/1.1" 206 1506 "http://www.easydrivers.at/eisenstadt/" "facebookexternalhit/1.1 (+http://www.facebook.com/externalhit_uatext.php)"
173.252.124.78 - - [24/Oct/2017:07:50:54 +0200] "GET /img/info-button.png HTTP/1.1" 206 738 "http://www.easydrivers.at/eisenstadt/" "facebookexternalhit/1.1 (+http://www.facebook.com/externalhit_uatext.php)"
207.46.13.197 - - [24/Oct/2017:07:50:56 +0200] "GET /robots.txt HTTP/1.1" 200 101 "-" "Mozilla/5.0 (compatible; bingbot/2.0; +http://www.bing.com/bingbot.htm)"
173.252.124.80 - - [24/Oct/2017:07:50:56 +0200] "GET /eisenstadt/ HTTP/1.1" 301 300 "-" "facebookexternalhit/1.1 (+http://www.facebook.com/externalhit_uatext.php)"
40.77.167.13 - - [24/Oct/2017:07:50:56 +0200] "GET /binaries/easy-drivers-m/teilnahmebedingungen-zum-gewinnspielpdf-1.pdf HTTP/1.1" 301 337 "-" "Mozilla/5.0 (compatible; bingbot/2.0; +http://www.bing.com/bingbot.htm)"
