81.217.224.131 - - [24/Oct/2017:07:01:43 +0200] "GET /img/kursicon-phone-pink.png HTTP/1.1" 200 1286 "https://www.easydrivers.at/moedling/10287545?FS=B&channel=fullversion" "Mozilla/5.0 (iPhone; CPU iPhone OS 10_3_3 like Mac OS X) AppleWebKit/603.3.8 (KHTML, like Gecko) Version/10.0 Mobile/14G60 Safari/602.1"
62.46.64.202 - - [24/Oct/2017:07:01:41 +0200] "POST /loadkursliste HTTP/1.1" 200 505 "https://www.easydrivers.at/feldkirch/kurse" "Mozilla/5.0 (Macintosh; Intel Mac OS X 10_11_6) AppleWebKit/604.1.38 (KHTML, like Gecko) Version/11.0 Safari/604.1.38"
62.46.64.202 - - [24/Oct/2017:07:01:44 +0200] "GET /img/kursicon-download.png HTTP/1.1" 200 1218 "https://www.easydrivers.at/feldkirch/kurse" "Mozilla/5.0 (Macintosh; Intel Mac OS X 10_11_6) AppleWebKit/604.1.38 (KHTML, like Gecko) Version/11.0 Safari/604.1.38"
62.46.64.202 - - [24/Oct/2017:07:01:44 +0200] "GET /img/kursicon-phone.png HTTP/1.1" 200 1287 "https://www.easydrivers.at/feldkirch/kurse" "Mozilla/5.0 (Macintosh; Intel Mac OS X 10_11_6) AppleWebKit/604.1.38 (KHTML, like Gecko) Version/11.0 Safari/604.1.38"
62.46.64.202 - - [24/Oct/2017:07:01:44 +0200] "GET /img/kursicon-share.png HTTP/1.1" 200 1302 "https://www.easydrivers.at/feldkirch/kurse" "Mozilla/5.0 (Macintosh; Intel Mac OS X 10_11_6) AppleWebKit/604.1.38 (KHTML, like Gecko) Version/11.0 Safari/604.1.38"
62.46.64.202 - - [24/Oct/2017:07:01:44 +0200] "GET /img/kursicon-print.png HTTP/1.1" 200 1184 "https://www.easydrivers.at/feldkirch/kurse" "Mozilla/5.0 (Macintosh; Intel Mac OS X 10_11_6) AppleWebKit/604.1.38 (KHTML, like Gecko) Version/11.0 Safari/604.1.38"
157.55.39.113 - - [24/Oct/2017:07:01:44 +0200] "GET /bludenz HTTP/1.1" 301 299 "-" "Mozilla/5.0 (compatible; bingbot/2.0; +http://www.bing.com/bingbot.htm)"
66.249.76.80 - - [24/Oct/2017:07:01:41 +0200] "GET /dornbirn/10247038?FS=B-L17 HTTP/1.1" 200 6236 "-" "Mozilla/5.0 (compatible; Googlebot/2.1; +http://www.google.com/bot.html)"
46.125.250.120 - - [24/Oct/2017:07:01:50 +0200] "GET /app HTTP/1.1" 200 2408 "https://www.easydrivers.at/wr.neustadt" "Mozilla/5.0 (iPhone; CPU iPhone OS 11_0_2 like Mac OS X) AppleWebKit/604.1.38 (KHTML, like Gecko) Version/11.0 Mobile/15A421 Safari/604.1"
46.125.250.120 - - [24/Oct/2017:07:01:52 +0200] "GET /binaries/10227600.png HTTP/1.1" 200 4765 "https://www.easydrivers.at/app" "Mozilla/5.0 (iPhone; CPU iPhone OS 11_0_2 like Mac OS X) AppleWebKit/604.1.38 (KHTML, like Gecko) Version/11.0 Mobile/15A421 Safari/604.1"
46.125.250.120 - - [24/Oct/2017:07:01:52 +0200] "GET /binaries/10227599.png HTTP/1.1" 200 4420 "https://www.easydrivers.at/app" "Mozilla/5.0 (iPhone; CPU iPhone OS 11_0_2 like Mac OS X) AppleWebKit/604.1.38 (KHTML, like Gecko) Version/11.0 Mobile/15A421 Safari/604.1"
46.125.250.120 - - [24/Oct/2017:07:01:52 +0200] "GET /binaries/10244141_1.jpg HTTP/1.1" 200 7585 "https://www.easydrivers.at/app" "Mozilla/5.0 (iPhone; CPU iPhone OS 11_0_2 like Mac OS X) AppleWebKit/604.1.38 (KHTML, like Gecko) Version/11.0 Mobile/15A421 Safari/604.1"
46.125.250.120 - - [24/Oct/2017:07:01:52 +0200] "GET /binaries/10244142_1.jpg HTTP/1.1" 200 7031 "https://www.easydrivers.at/app" "Mozilla/5.0 (iPhone; CPU iPhone OS 11_0_2 like Mac OS X) AppleWebKit/604.1.38 (KHTML, like Gecko) Version/11.0 Mobile/15A421 Safari/604.1"
81.217.24.123 - - [24/Oct/2017:07:01:57 +0200] "GET /moedling/img/smallicon-address.png HTTP/1.1" 301 314 "-" "Mozilla/5.0 (iPhone; CPU iPhone OS 11_0_3 like Mac OS X) AppleWebKit/604.1.38 (KHTML, like Gecko) Mobile/15A432 [FBAN/FBIOS;FBAV/146.0.0.73.91;FBBV/75938921;FBDV/iPhone9,3;FBMD/iPhone;FBSN/iOS;FBSV/11.0.3;FBSS/2;FBCR/T-MobileA;FBID/phone;FBLC/de_DE;FBOP/5;FBRV/75938921]"
66.249.76.74 - - [24/Oct/2017:07:01:59 +0200] "GET /uploads/pdfs/hartberg/10273124_AM.pdf HTTP/1.1" 301 319 "-" "Mozilla/5.0 (compatible; Googlebot/2.1; +http://www.google.com/bot.html)"
81.217.24.123 - - [24/Oct/2017:07:01:57 +0200] "GET /moedling/img/mobile/info-button.png HTTP/1.1" 404 3100 "-" "Mozilla/5.0 (iPhone; CPU iPhone OS 11_0_3 like Mac OS X) AppleWebKit/604.1.38 (KHTML, like Gecko) Mobile/15A432 [FBAN/FBIOS;FBAV/146.0.0.73.91;FBBV/75938921;FBDV/iPhone9,3;FBMD/iPhone;FBSN/iOS;FBSV/11.0.3;FBSS/2;FBCR/T-MobileA;FBID/phone;FBLC/de_DE;FBOP/5;FBRV/75938921]"
66.249.76.80 - - [24/Oct/2017:07:02:00 +0200] "GET /uploads/pdfs/hartberg/10273124_AM.pdf HTTP/1.1" 200 28384 "-" "Mozilla/5.0 (compatible; Googlebot/2.1; +http://www.google.com/bot.html)"
157.55.39.182 - - [24/Oct/2017:07:02:04 +0200] "GET /fahrschule-fuehrerschein-portal/impressum/index.php HTTP/1.1" 301 328 "-" "Mozilla/5.0 (compatible; bingbot/2.0; +http://www.bing.com/bingbot.htm)"
62.46.64.202 - - [24/Oct/2017:07:02:03 +0200] "GET /feldkirch/TraktorkursF43049?FS=F-Plus HTTP/1.1" 200 5355 "https://www.easydrivers.at/feldkirch/kurse" "Mozilla/5.0 (Macintosh; Intel Mac OS X 10_11_6) AppleWebKit/604.1.38 (KHTML, like Gecko) Version/11.0 Safari/604.1.38"
62.46.64.202 - - [24/Oct/2017:07:02:05 +0200] "GET /javascript/suche.js HTTP/1.1" 200 209 "https://www.easydrivers.at/feldkirch/TraktorkursF43049?FS=F-Plus" "Mozilla/5.0 (Macintosh; Intel Mac OS X 10_11_6) AppleWebKit/604.1.38 (KHTML, like Gecko) Version/11.0 Safari/604.1.38"
62.46.64.202 - - [24/Oct/2017:07:02:05 +0200] "GET /img/smallicon-phone.png HTTP/1.1" 200 3056 "https://www.easydrivers.at/feldkirch/TraktorkursF43049?FS=F-Plus" "Mozilla/5.0 (Macintosh; Intel Mac OS X 10_11_6) AppleWebKit/604.1.38 (KHTML, like Gecko) Version/11.0 Safari/604.1.38"
62.46.64.202 - - [24/Oct/2017:07:02:05 +0200] "GET /img/smallicon-mail.png HTTP/1.1" 200 1341 "https://www.easydrivers.at/feldkirch/TraktorkursF43049?FS=F-Plus" "Mozilla/5.0 (Macintosh; Intel Mac OS X 10_11_6) AppleWebKit/604.1.38 (KHTML, like Gecko) Version/11.0 Safari/604.1.38"
62.46.64.202 - - [24/Oct/2017:07:02:05 +0200] "GET /img/arrow-up.png HTTP/1.1" 200 1081 "https://www.easydrivers.at/feldkirch/TraktorkursF43049?FS=F-Plus" "Mozilla/5.0 (Macintosh; Intel Mac OS X 10_11_6) AppleWebKit/604.1.38 (KHTML, like Gecko) Version/11.0 Safari/604.1.38"
62.46.64.202 - - [24/Oct/2017:07:02:05 +0200] "GET /img/arrow-left.png HTTP/1.1" 200 1015 "https://www.easydrivers.at/feldkirch/TraktorkursF43049?FS=F-Plus" "Mozilla/5.0 (Macintosh; Intel Mac OS X 10_11_6) AppleWebKit/604.1.38 (KHTML, like Gecko) Version/11.0 Safari/604.1.38"
62.46.64.202 - - [24/Oct/2017:07:02:05 +0200] "GET /binaries/easy-drivers-portal/traktor3jpg.jpg HTTP/1.1" 200 131201 "https://www.easydrivers.at/feldkirch/TraktorkursF43049?FS=F-Plus" "Mozilla/5.0 (Macintosh; Intel Mac OS X 10_11_6) AppleWebKit/604.1.38 (KHTML, like Gecko) Version/11.0 Safari/604.1.38"
66.249.76.74 - - [24/Oct/2017:07:02:18 +0200] "GET /uploads/pdfs/leoben.pankl/10272253_B-L17.pdf HTTP/1.1" 301 326 "-" "Mozilla/5.0 (compatible; Googlebot/2.1; +http://www.google.com/bot.html)"
66.249.76.80 - - [24/Oct/2017:07:02:18 +0200] "GET /uploads/pdfs/leoben.pankl/10272253_B-L17.pdf HTTP/1.1" 200 34151 "-" "Mozilla/5.0 (compatible; Googlebot/2.1; +http://www.google.com/bot.html)"
81.217.24.123 - - [24/Oct/2017:07:02:27 +0200] "GET /moedling/img/smallicon-address.png HTTP/1.1" 404 3104 "-" "Mozilla/5.0 (iPhone; CPU iPhone OS 11_0_3 like Mac OS X) AppleWebKit/604.1.38 (KHTML, like Gecko) Mobile/15A432 [FBAN/FBIOS;FBAV/146.0.0.73.91;FBBV/75938921;FBDV/iPhone9,3;FBMD/iPhone;FBSN/iOS;FBSV/11.0.3;FBSS/2;FBCR/T-MobileA;FBID/phone;FBLC/de_DE;FBOP/5;FBRV/75938921]"
81.217.24.123 - - [24/Oct/2017:07:02:31 +0200] "GET /moedling/img/smallicon-person.png HTTP/1.1" 301 315 "-" "Mozilla/5.0 (iPhone; CPU iPhone OS 11_0_3 like Mac OS X) AppleWebKit/604.1.38 (KHTML, like Gecko) Mobile/15A432 [FBAN/FBIOS;FBAV/146.0.0.73.91;FBBV/75938921;FBDV/iPhone9,3;FBMD/iPhone;FBSN/iOS;FBSV/11.0.3;FBSS/2;FBCR/T-MobileA;FBID/phone;FBLC/de_DE;FBOP/5;FBRV/75938921]"
81.217.24.123 - - [24/Oct/2017:07:02:31 +0200] "GET /moedling/img/mobile/googlemaps-pin.png HTTP/1.1" 301 319 "-" "Mozilla/5.0 (iPhone; CPU iPhone OS 11_0_3 like Mac OS X) AppleWebKit/604.1.38 (KHTML, like Gecko) Mobile/15A432 [FBAN/FBIOS;FBAV/146.0.0.73.91;FBBV/75938921;FBDV/iPhone9,3;FBMD/iPhone;FBSN/iOS;FBSV/11.0.3;FBSS/2;FBCR/T-MobileA;FBID/phone;FBLC/de_DE;FBOP/5;FBRV/75938921]"
81.217.24.123 - - [24/Oct/2017:07:02:31 +0200] "GET /moedling/img/smallicon-person.png HTTP/1.1" 404 3102 "-" "Mozilla/5.0 (iPhone; CPU iPhone OS 11_0_3 like Mac OS X) AppleWebKit/604.1.38 (KHTML, like Gecko) Mobile/15A432 [FBAN/FBIOS;FBAV/146.0.0.73.91;FBBV/75938921;FBDV/iPhone9,3;FBMD/iPhone;FBSN/iOS;FBSV/11.0.3;FBSS/2;FBCR/T-MobileA;FBID/phone;FBLC/de_DE;FBOP/5;FBRV/75938921]"
66.249.76.74 - - [24/Oct/2017:07:02:36 +0200] "GET /uploads/pdfs/krems/10279342_A2B.pdf HTTP/1.1" 301 318 "-" "Mozilla/5.0 (compatible; Googlebot/2.1; +http://www.google.com/bot.html)"
66.249.76.80 - - [24/Oct/2017:07:02:36 +0200] "GET /uploads/pdfs/krems/10279342_A2B.pdf HTTP/1.1" 200 29882 "-" "Mozilla/5.0 (compatible; Googlebot/2.1; +http://www.google.com/bot.html)"
66.249.66.30 - - [24/Oct/2017:07:02:54 +0200] "GET /am.spitz/10263510 HTTP/1.1" 301 306 "-" "Mozilla/5.0 (compatible; Googlebot/2.1; +http://www.google.com/bot.html)"
66.249.66.3 - - [24/Oct/2017:07:02:55 +0200] "GET /am.spitz/10263510 HTTP/1.1" 200 3408 "-" "Mozilla/5.0 (compatible; Googlebot/2.1; +http://www.google.com/bot.html)"
81.217.24.123 - - [24/Oct/2017:07:03:01 +0200] "GET /moedling/img/smallicon-time.png HTTP/1.1" 301 314 "-" "Mozilla/5.0 (iPhone; CPU iPhone OS 11_0_3 like Mac OS X) AppleWebKit/604.1.38 (KHTML, like Gecko) Mobile/15A432 [FBAN/FBIOS;FBAV/146.0.0.73.91;FBBV/75938921;FBDV/iPhone9,3;FBMD/iPhone;FBSN/iOS;FBSV/11.0.3;FBSS/2;FBCR/T-MobileA;FBID/phone;FBLC/de_DE;FBOP/5;FBRV/75938921]"
81.217.24.123 - - [24/Oct/2017:07:03:01 +0200] "GET /moedling/img/mobile/googlemaps-pin.png HTTP/1.1" 404 3099 "-" "Mozilla/5.0 (iPhone; CPU iPhone OS 11_0_3 like Mac OS X) AppleWebKit/604.1.38 (KHTML, like Gecko) Mobile/15A432 [FBAN/FBIOS;FBAV/146.0.0.73.91;FBBV/75938921;FBDV/iPhone9,3;FBMD/iPhone;FBSN/iOS;FBSV/11.0.3;FBSS/2;FBCR/T-MobileA;FBID/phone;FBLC/de_DE;FBOP/5;FBRV/75938921]"
66.249.76.76 - - [24/Oct/2017:07:03:13 +0200] "GET /voesendorf/10281963?FS=BE96 HTTP/1.1" 301 314 "-" "Mozilla/5.0 (compatible; Googlebot/2.1; +http://www.google.com/bot.html)"
66.249.66.7 - - [24/Oct/2017:07:03:13 +0200] "GET /voesendorf/10281963?FS=BE96 HTTP/1.1" 200 5712 "-" "Mozilla/5.0 (compatible; Googlebot/2.1; +http://www.google.com/bot.html)"
66.249.66.31 - - [24/Oct/2017:07:03:31 +0200] "GET /moedling/10281891?FS=CCE95 HTTP/1.1" 301 314 "-" "Mozilla/5.0 (compatible; Googlebot/2.1; +http://www.google.com/bot.html)"
81.217.24.123 - - [24/Oct/2017:07:03:31 +0200] "GET /moedling/img/smallicon-mail.png HTTP/1.1" 301 315 "-" "Mozilla/5.0 (iPhone; CPU iPhone OS 11_0_3 like Mac OS X) AppleWebKit/604.1.38 (KHTML, like Gecko) Mobile/15A432 [FBAN/FBIOS;FBAV/146.0.0.73.91;FBBV/75938921;FBDV/iPhone9,3;FBMD/iPhone;FBSN/iOS;FBSV/11.0.3;FBSS/2;FBCR/T-MobileA;FBID/phone;FBLC/de_DE;FBOP/5;FBRV/75938921]"
66.249.76.82 - - [24/Oct/2017:07:03:31 +0200] "GET /moedling/10281891?FS=CCE95 HTTP/1.1" 200 5979 "-" "Mozilla/5.0 (compatible; Googlebot/2.1; +http://www.google.com/bot.html)"
81.217.24.123 - - [24/Oct/2017:07:03:31 +0200] "GET /moedling/img/smallicon-time.png HTTP/1.1" 404 3104 "-" "Mozilla/5.0 (iPhone; CPU iPhone OS 11_0_3 like Mac OS X) AppleWebKit/604.1.38 (KHTML, like Gecko) Mobile/15A432 [FBAN/FBIOS;FBAV/146.0.0.73.91;FBBV/75938921;FBDV/iPhone9,3;FBMD/iPhone;FBSN/iOS;FBSV/11.0.3;FBSS/2;FBCR/T-MobileA;FBID/phone;FBLC/de_DE;FBOP/5;FBRV/75938921]"
66.249.66.30 - - [24/Oct/2017:07:03:49 +0200] "GET /dornbirn/10267907?FS=BE HTTP/1.1" 301 312 "-" "Mozilla/5.0 (compatible; Googlebot/2.1; +http://www.google.com/bot.html)"
66.249.66.3 - - [24/Oct/2017:07:03:50 +0200] "GET /dornbirn/10267907?FS=BE HTTP/1.1" 200 5357 "-" "Mozilla/5.0 (compatible; Googlebot/2.1; +http://www.google.com/bot.html)"
193.80.9.238 - - [24/Oct/2017:07:03:59 +0200] "GET /steyr HTTP/1.1" 301 296 "https://www.google.at/" "Mozilla/5.0 (iPhone; CPU iPhone OS 10_3_3 like Mac OS X) AppleWebKit/603.3.8 (KHTML, like Gecko) Version/10.0 Mobile/14G60 Safari/602.1"
193.80.9.238 - - [24/Oct/2017:07:03:59 +0200] "GET /steyr HTTP/1.1" 200 2946 "https://www.google.at/" "Mozilla/5.0 (iPhone; CPU iPhone OS 10_3_3 like Mac OS X) AppleWebKit/603.3.8 (KHTML, like Gecko) Version/10.0 Mobile/14G60 Safari/602.1"
193.80.9.238 - - [24/Oct/2017:07:04:01 +0200] "GET /css/mobile.css HTTP/1.1" 200 2852 "https://www.easydrivers.at/steyr" "Mozilla/5.0 (iPhone; CPU iPhone OS 10_3_3 like Mac OS X) AppleWebKit/603.3.8 (KHTML, like Gecko) Version/10.0 Mobile/14G60 Safari/602.1"
193.80.9.238 - - [24/Oct/2017:07:04:01 +0200] "GET /javascript/jquery-1.9.1.min.js HTTP/1.1" 200 32731 "https://www.easydrivers.at/steyr" "Mozilla/5.0 (iPhone; CPU iPhone OS 10_3_3 like Mac OS X) AppleWebKit/603.3.8 (KHTML, like Gecko) Version/10.0 Mobile/14G60 Safari/602.1"
193.80.9.238 - - [24/Oct/2017:07:04:01 +0200] "GET /javascript/jquery.cookie.js HTTP/1.1" 200 863 "https://www.easydrivers.at/steyr" "Mozilla/5.0 (iPhone; CPU iPhone OS 10_3_3 like Mac OS X) AppleWebKit/603.3.8 (KHTML, like Gecko) Version/10.0 Mobile/14G60 Safari/602.1"
193.80.9.238 - - [24/Oct/2017:07:04:01 +0200] "GET /javascript/mobile-menu.js HTTP/1.1" 200 1634 "https://www.easydrivers.at/steyr" "Mozilla/5.0 (iPhone; CPU iPhone OS 10_3_3 like Mac OS X) AppleWebKit/603.3.8 (KHTML, like Gecko) Version/10.0 Mobile/14G60 Safari/602.1"
193.80.9.238 - - [24/Oct/2017:07:04:01 +0200] "GET /javascript/jquery.simplemodal.js HTTP/1.1" 200 3070 "https://www.easydrivers.at/steyr" "Mozilla/5.0 (iPhone; CPU iPhone OS 10_3_3 like Mac OS X) AppleWebKit/603.3.8 (KHTML, like Gecko) Version/10.0 Mobile/14G60 Safari/602.1"
193.80.9.238 - - [24/Oct/2017:07:04:02 +0200] "GET /javascript/lazyload.js HTTP/1.1" 200 1170 "https://www.easydrivers.at/steyr" "Mozilla/5.0 (iPhone; CPU iPhone OS 10_3_3 like Mac OS X) AppleWebKit/603.3.8 (KHTML, like Gecko) Version/10.0 Mobile/14G60 Safari/602.1"
193.80.9.238 - - [24/Oct/2017:07:04:02 +0200] "GET /img/mobile/easydrivers-logo-mobile.png HTTP/1.1" 200 10766 "https://www.easydrivers.at/steyr" "Mozilla/5.0 (iPhone; CPU iPhone OS 10_3_3 like Mac OS X) AppleWebKit/603.3.8 (KHTML, like Gecko) Version/10.0 Mobile/14G60 Safari/602.1"
193.80.9.238 - - [24/Oct/2017:07:04:02 +0200] "GET /javascript/mobile-fahrschule.js HTTP/1.1" 200 328 "https://www.easydrivers.at/steyr" "Mozilla/5.0 (iPhone; CPU iPhone OS 10_3_3 like Mac OS X) AppleWebKit/603.3.8 (KHTML, like Gecko) Version/10.0 Mobile/14G60 Safari/602.1"
193.80.9.238 - - [24/Oct/2017:07:04:02 +0200] "GET /img/mobile/menu-button.png HTTP/1.1" 200 1746 "https://www.easydrivers.at/steyr" "Mozilla/5.0 (iPhone; CPU iPhone OS 10_3_3 like Mac OS X) AppleWebKit/603.3.8 (KHTML, like Gecko) Version/10.0 Mobile/14G60 Safari/602.1"
193.80.9.238 - - [24/Oct/2017:07:04:02 +0200] "GET /img/mobile/close-button.png HTTP/1.1" 200 2411 "https://www.easydrivers.at/steyr" "Mozilla/5.0 (iPhone; CPU iPhone OS 10_3_3 like Mac OS X) AppleWebKit/603.3.8 (KHTML, like Gecko) Version/10.0 Mobile/14G60 Safari/602.1"
193.80.9.238 - - [24/Oct/2017:07:04:02 +0200] "GET /img/mobile/facebook-icon.png HTTP/1.1" 200 1902 "https://www.easydrivers.at/steyr" "Mozilla/5.0 (iPhone; CPU iPhone OS 10_3_3 like Mac OS X) AppleWebKit/603.3.8 (KHTML, like Gecko) Version/10.0 Mobile/14G60 Safari/602.1"
193.80.9.238 - - [24/Oct/2017:07:04:02 +0200] "GET /img/mobile/info-button.png HTTP/1.1" 200 1549 "https://www.easydrivers.at/steyr" "Mozilla/5.0 (iPhone; CPU iPhone OS 10_3_3 like Mac OS X) AppleWebKit/603.3.8 (KHTML, like Gecko) Version/10.0 Mobile/14G60 Safari/602.1"
193.80.9.238 - - [24/Oct/2017:07:04:02 +0200] "GET /img/mobile/info-close-button.png HTTP/1.1" 200 1721 "https://www.easydrivers.at/steyr" "Mozilla/5.0 (iPhone; CPU iPhone OS 10_3_3 like Mac OS X) AppleWebKit/603.3.8 (KHTML, like Gecko) Version/10.0 Mobile/14G60 Safari/602.1"
193.80.9.238 - - [24/Oct/2017:07:04:02 +0200] "GET /img/smallicon-person.png HTTP/1.1" 200 1141 "https://www.easydrivers.at/steyr" "Mozilla/5.0 (iPhone; CPU iPhone OS 10_3_3 like Mac OS X) AppleWebKit/603.3.8 (KHTML, like Gecko) Version/10.0 Mobile/14G60 Safari/602.1"
193.80.9.238 - - [24/Oct/2017:07:04:02 +0200] "GET /img/smallicon-address.png HTTP/1.1" 200 1211 "https://www.easydrivers.at/steyr" "Mozilla/5.0 (iPhone; CPU iPhone OS 10_3_3 like Mac OS X) AppleWebKit/603.3.8 (KHTML, like Gecko) Version/10.0 Mobile/14G60 Safari/602.1"
193.80.9.238 - - [24/Oct/2017:07:04:02 +0200] "GET /img/mobile/googlemaps-pin.png HTTP/1.1" 200 1597 "https://www.easydrivers.at/steyr" "Mozilla/5.0 (iPhone; CPU iPhone OS 10_3_3 like Mac OS X) AppleWebKit/603.3.8 (KHTML, like Gecko) Version/10.0 Mobile/14G60 Safari/602.1"
193.80.9.238 - - [24/Oct/2017:07:04:02 +0200] "GET /img/smallicon-time.png HTTP/1.1" 200 1262 "https://www.easydrivers.at/steyr" "Mozilla/5.0 (iPhone; CPU iPhone OS 10_3_3 like Mac OS X) AppleWebKit/603.3.8 (KHTML, like Gecko) Version/10.0 Mobile/14G60 Safari/602.1"
193.80.9.238 - - [24/Oct/2017:07:04:02 +0200] "GET /img/smallicon-phone.png HTTP/1.1" 200 3056 "https://www.easydrivers.at/steyr" "Mozilla/5.0 (iPhone; CPU iPhone OS 10_3_3 like Mac OS X) AppleWebKit/603.3.8 (KHTML, like Gecko) Version/10.0 Mobile/14G60 Safari/602.1"
193.80.9.238 - - [24/Oct/2017:07:04:02 +0200] "GET /img/smallicon-mail.png HTTP/1.1" 200 1341 "https://www.easydrivers.at/steyr" "Mozilla/5.0 (iPhone; CPU iPhone OS 10_3_3 like Mac OS X) AppleWebKit/603.3.8 (KHTML, like Gecko) Version/10.0 Mobile/14G60 Safari/602.1"
193.80.9.238 - - [24/Oct/2017:07:04:02 +0200] "GET /img/mobile/widget-icon-app.png HTTP/1.1" 200 3458 "https://www.easydrivers.at/steyr" "Mozilla/5.0 (iPhone; CPU iPhone OS 10_3_3 like Mac OS X) AppleWebKit/603.3.8 (KHTML, like Gecko) Version/10.0 Mobile/14G60 Safari/602.1"
193.80.9.238 - - [24/Oct/2017:07:04:02 +0200] "GET /img/mobile/bg-header.jpg HTTP/1.1" 200 19741 "https://www.easydrivers.at/steyr" "Mozilla/5.0 (iPhone; CPU iPhone OS 10_3_3 like Mac OS X) AppleWebKit/603.3.8 (KHTML, like Gecko) Version/10.0 Mobile/14G60 Safari/602.1"
193.80.9.238 - - [24/Oct/2017:07:04:02 +0200] "GET /img/mobile/bg-menu.jpg HTTP/1.1" 200 1698 "https://www.easydrivers.at/steyr" "Mozilla/5.0 (iPhone; CPU iPhone OS 10_3_3 like Mac OS X) AppleWebKit/603.3.8 (KHTML, like Gecko) Version/10.0 Mobile/14G60 Safari/602.1"
193.80.9.238 - - [24/Oct/2017:07:04:02 +0200] "GET /img/mobile/bg-top-section.jpg HTTP/1.1" 200 21711 "https://www.easydrivers.at/steyr" "Mozilla/5.0 (iPhone; CPU iPhone OS 10_3_3 like Mac OS X) AppleWebKit/603.3.8 (KHTML, like Gecko) Version/10.0 Mobile/14G60 Safari/602.1"
193.80.9.238 - - [24/Oct/2017:07:04:02 +0200] "GET /img/mobile/pfeil-rechts.png HTTP/1.1" 200 1228 "https://www.easydrivers.at/steyr" "Mozilla/5.0 (iPhone; CPU iPhone OS 10_3_3 like Mac OS X) AppleWebKit/603.3.8 (KHTML, like Gecko) Version/10.0 Mobile/14G60 Safari/602.1"
81.217.24.123 - - [24/Oct/2017:07:04:02 +0200] "GET /moedling/img/smallicon-mail.png HTTP/1.1" 404 3104 "-" "Mozilla/5.0 (iPhone; CPU iPhone OS 11_0_3 like Mac OS X) AppleWebKit/604.1.38 (KHTML, like Gecko) Mobile/15A432 [FBAN/FBIOS;FBAV/146.0.0.73.91;FBBV/75938921;FBDV/iPhone9,3;FBMD/iPhone;FBSN/iOS;FBSV/11.0.3;FBSS/2;FBCR/T-MobileA;FBID/phone;FBLC/de_DE;FBOP/5;FBRV/75938921]"
66.249.76.74 - - [24/Oct/2017:07:04:08 +0200] "GET /dornbirn/10278882?FS=A2B HTTP/1.1" 301 312 "-" "Mozilla/5.0 (compatible; Googlebot/2.1; +http://www.google.com/bot.html)"
66.249.76.84 - - [24/Oct/2017:07:04:09 +0200] "GET /dornbirn/10278882?FS=A2B HTTP/1.1" 200 6300 "-" "Mozilla/5.0 (compatible; Googlebot/2.1; +http://www.google.com/bot.html)"
207.46.13.133 - - [24/Oct/2017:07:04:13 +0200] "GET /binaries/easy-drivers-rudi-dornbirn/lang-sonja-1jpg.jpg HTTP/1.1" 301 327 "-" "Mozilla/5.0 (compatible; bingbot/2.0; +http://www.bing.com/bingbot.htm)"
207.46.13.133 - - [24/Oct/2017:07:04:14 +0200] "GET /binaries/easy-drivers-rudi-dornbirn/lang-sonja-1jpg.jpg HTTP/1.1" 200 1469264 "-" "Mozilla/5.0 (compatible; bingbot/2.0; +http://www.bing.com/bingbot.htm)"
66.249.76.76 - - [24/Oct/2017:07:04:26 +0200] "GET /waidhofen.ybbs/10276718?FS=BE96 HTTP/1.1" 301 318 "-" "Mozilla/5.0 (compatible; Googlebot/2.1; +http://www.google.com/bot.html)"
66.249.66.3 - - [24/Oct/2017:07:04:27 +0200] "GET /waidhofen.ybbs/10276718?FS=BE96 HTTP/1.1" 200 6012 "-" "Mozilla/5.0 (compatible; Googlebot/2.1; +http://www.google.com/bot.html)"
66.249.76.74 - - [24/Oct/2017:07:04:44 +0200] "GET /uploads/pdfs/tulln/tk_21.12._A1L17.pdf HTTP/1.1" 301 319 "-" "Mozilla/5.0 (compatible; Googlebot/2.1; +http://www.google.com/bot.html)"
66.249.66.3 - - [24/Oct/2017:07:04:46 +0200] "GET /uploads/pdfs/tulln/tk_21.12._A1L17.pdf HTTP/1.1" 200 35220 "-" "Mozilla/5.0 (compatible; Googlebot/2.1; +http://www.google.com/bot.html)"
66.249.76.80 - - [24/Oct/2017:07:05:01 +0200] "GET /uploads/pdfs/st.poelten/10282951_BE.pdf HTTP/1.1" 404 2657 "-" "Mozilla/5.0 (compatible; Googlebot/2.1; +http://www.google.com/bot.html)"
66.249.76.74 - - [24/Oct/2017:07:05:03 +0200] "GET /krumbach/kurse HTTP/1.1" 301 302 "-" "Mozilla/5.0 (compatible; Googlebot/2.1; +http://www.google.com/bot.html)"
66.249.66.7 - - [24/Oct/2017:07:05:04 +0200] "GET /krumbach/kurse HTTP/1.1" 200 4133 "-" "Mozilla/5.0 (compatible; Googlebot/2.1; +http://www.google.com/bot.html)"
66.249.66.30 - - [24/Oct/2017:07:05:21 +0200] "GET /uploads/pdfs/oberwart/Intensivkurs-16-11-2015_A2BF.pdf HTTP/1.1" 301 332 "-" "Mozilla/5.0 (compatible; Googlebot/2.1; +http://www.google.com/bot.html)"
66.249.66.5 - - [24/Oct/2017:07:05:22 +0200] "GET /uploads/pdfs/oberwart/Intensivkurs-16-11-2015_A2BF.pdf HTTP/1.1" 200 29559 "-" "Mozilla/5.0 (compatible; Googlebot/2.1; +http://www.google.com/bot.html)"
66.249.76.74 - - [24/Oct/2017:07:05:39 +0200] "GET /uploads/pdfs/bludenz/LKW-Kurs-CD-2015-07-06_DD195-B.pdf HTTP/1.1" 301 336 "-" "Mozilla/5.0 (compatible; Googlebot/2.1; +http://www.google.com/bot.html)"
91.141.1.190 - - [24/Oct/2017:07:05:40 +0200] "GET /kapfenberg.pankl HTTP/1.1" 301 305 "https://www.google.at/" "Mozilla/5.0 (Linux; Android 7.0; HUAWEI VNS-L21 Build/HUAWEIVNS-L21) AppleWebKit/537.36 (KHTML, like Gecko) Chrome/61.0.3163.98 Mobile Safari/537.36"
66.249.76.80 - - [24/Oct/2017:07:05:40 +0200] "GET /uploads/pdfs/bludenz/LKW-Kurs-CD-2015-07-06_DD195-B.pdf HTTP/1.1" 200 29409 "-" "Mozilla/5.0 (compatible; Googlebot/2.1; +http://www.google.com/bot.html)"
91.141.1.190 - - [24/Oct/2017:07:05:40 +0200] "GET /kapfenberg.pankl HTTP/1.1" 200 2996 "https://www.google.at/" "Mozilla/5.0 (Linux; Android 7.0; HUAWEI VNS-L21 Build/HUAWEIVNS-L21) AppleWebKit/537.36 (KHTML, like Gecko) Chrome/61.0.3163.98 Mobile Safari/537.36"
91.141.1.190 - - [24/Oct/2017:07:05:42 +0200] "GET /css/mobile.css HTTP/1.1" 200 2852 "https://www.easydrivers.at/kapfenberg.pankl" "Mozilla/5.0 (Linux; Android 7.0; HUAWEI VNS-L21 Build/HUAWEIVNS-L21) AppleWebKit/537.36 (KHTML, like Gecko) Chrome/61.0.3163.98 Mobile Safari/537.36"
91.141.1.190 - - [24/Oct/2017:07:05:42 +0200] "GET /javascript/jquery.cookie.js HTTP/1.1" 200 863 "https://www.easydrivers.at/kapfenberg.pankl" "Mozilla/5.0 (Linux; Android 7.0; HUAWEI VNS-L21 Build/HUAWEIVNS-L21) AppleWebKit/537.36 (KHTML, like Gecko) Chrome/61.0.3163.98 Mobile Safari/537.36"
91.141.1.190 - - [24/Oct/2017:07:05:42 +0200] "GET /javascript/mobile-menu.js HTTP/1.1" 200 1634 "https://www.easydrivers.at/kapfenberg.pankl" "Mozilla/5.0 (Linux; Android 7.0; HUAWEI VNS-L21 Build/HUAWEIVNS-L21) AppleWebKit/537.36 (KHTML, like Gecko) Chrome/61.0.3163.98 Mobile Safari/537.36"
91.141.1.190 - - [24/Oct/2017:07:05:42 +0200] "GET /javascript/jquery.simplemodal.js HTTP/1.1" 200 3070 "https://www.easydrivers.at/kapfenberg.pankl" "Mozilla/5.0 (Linux; Android 7.0; HUAWEI VNS-L21 Build/HUAWEIVNS-L21) AppleWebKit/537.36 (KHTML, like Gecko) Chrome/61.0.3163.98 Mobile Safari/537.36"
91.141.1.190 - - [24/Oct/2017:07:05:42 +0200] "GET /javascript/jquery-1.9.1.min.js HTTP/1.1" 200 32731 "https://www.easydrivers.at/kapfenberg.pankl" "Mozilla/5.0 (Linux; Android 7.0; HUAWEI VNS-L21 Build/HUAWEIVNS-L21) AppleWebKit/537.36 (KHTML, like Gecko) Chrome/61.0.3163.98 Mobile Safari/537.36"
91.141.1.190 - - [24/Oct/2017:07:05:43 +0200] "GET /javascript/mobile-fahrschule.js HTTP/1.1" 200 328 "https://www.easydrivers.at/kapfenberg.pankl" "Mozilla/5.0 (Linux; Android 7.0; HUAWEI VNS-L21 Build/HUAWEIVNS-L21) AppleWebKit/537.36 (KHTML, like Gecko) Chrome/61.0.3163.98 Mobile Safari/537.36"
91.141.1.190 - - [24/Oct/2017:07:05:43 +0200] "GET /img/mobile/bg-top-section.jpg HTTP/1.1" 200 21711 "https://www.easydrivers.at/css/mobile.css" "Mozilla/5.0 (Linux; Android 7.0; HUAWEI VNS-L21 Build/HUAWEIVNS-L21) AppleWebKit/537.36 (KHTML, like Gecko) Chrome/61.0.3163.98 Mobile Safari/537.36"
91.141.1.190 - - [24/Oct/2017:07:05:43 +0200] "GET /img/mobile/menu-button.png HTTP/1.1" 200 1746 "https://www.easydrivers.at/kapfenberg.pankl" "Mozilla/5.0 (Linux; Android 7.0; HUAWEI VNS-L21 Build/HUAWEIVNS-L21) AppleWebKit/537.36 (KHTML, like Gecko) Chrome/61.0.3163.98 Mobile Safari/537.36"
91.141.1.190 - - [24/Oct/2017:07:05:43 +0200] "GET /img/mobile/pfeil-rechts.png HTTP/1.1" 200 1228 "https://www.easydrivers.at/css/mobile.css" "Mozilla/5.0 (Linux; Android 7.0; HUAWEI VNS-L21 Build/HUAWEIVNS-L21) AppleWebKit/537.36 (KHTML, like Gecko) Chrome/61.0.3163.98 Mobile Safari/537.36"
91.141.1.190 - - [24/Oct/2017:07:05:43 +0200] "GET /img/mobile/easydrivers-logo-mobile.png HTTP/1.1" 200 10766 "https://www.easydrivers.at/kapfenberg.pankl" "Mozilla/5.0 (Linux; Android 7.0; HUAWEI VNS-L21 Build/HUAWEIVNS-L21) AppleWebKit/537.36 (KHTML, like Gecko) Chrome/61.0.3163.98 Mobile Safari/537.36"
91.141.1.190 - - [24/Oct/2017:07:05:43 +0200] "GET /javascript/lazyload.js HTTP/1.1" 200 1170 "https://www.easydrivers.at/kapfenberg.pankl" "Mozilla/5.0 (Linux; Android 7.0; HUAWEI VNS-L21 Build/HUAWEIVNS-L21) AppleWebKit/537.36 (KHTML, like Gecko) Chrome/61.0.3163.98 Mobile Safari/537.36"
91.141.1.190 - - [24/Oct/2017:07:05:43 +0200] "GET /img/mobile/bg-header.jpg HTTP/1.1" 200 19741 "https://www.easydrivers.at/css/mobile.css" "Mozilla/5.0 (Linux; Android 7.0; HUAWEI VNS-L21 Build/HUAWEIVNS-L21) AppleWebKit/537.36 (KHTML, like Gecko) Chrome/61.0.3163.98 Mobile Safari/537.36"
91.141.1.190 - - [24/Oct/2017:07:05:43 +0200] "GET /img/mobile/facebook-icon.png HTTP/1.1" 200 1902 "https://www.easydrivers.at/kapfenberg.pankl" "Mozilla/5.0 (Linux; Android 7.0; HUAWEI VNS-L21 Build/HUAWEIVNS-L21) AppleWebKit/537.36 (KHTML, like Gecko) Chrome/61.0.3163.98 Mobile Safari/537.36"
91.141.1.190 - - [24/Oct/2017:07:05:43 +0200] "GET /img/mobile/close-button.png HTTP/1.1" 200 2411 "https://www.easydrivers.at/kapfenberg.pankl" "Mozilla/5.0 (Linux; Android 7.0; HUAWEI VNS-L21 Build/HUAWEIVNS-L21) AppleWebKit/537.36 (KHTML, like Gecko) Chrome/61.0.3163.98 Mobile Safari/537.36"
91.141.1.190 - - [24/Oct/2017:07:05:43 +0200] "GET /img/mobile/info-button.png HTTP/1.1" 200 1549 "https://www.easydrivers.at/kapfenberg.pankl" "Mozilla/5.0 (Linux; Android 7.0; HUAWEI VNS-L21 Build/HUAWEIVNS-L21) AppleWebKit/537.36 (KHTML, like Gecko) Chrome/61.0.3163.98 Mobile Safari/537.36"
91.141.1.190 - - [24/Oct/2017:07:05:43 +0200] "GET /img/mobile/info-close-button.png HTTP/1.1" 200 1721 "https://www.easydrivers.at/kapfenberg.pankl" "Mozilla/5.0 (Linux; Android 7.0; HUAWEI VNS-L21 Build/HUAWEIVNS-L21) AppleWebKit/537.36 (KHTML, like Gecko) Chrome/61.0.3163.98 Mobile Safari/537.36"
91.141.1.190 - - [24/Oct/2017:07:05:43 +0200] "GET /img/smallicon-person.png HTTP/1.1" 200 1141 "https://www.easydrivers.at/kapfenberg.pankl" "Mozilla/5.0 (Linux; Android 7.0; HUAWEI VNS-L21 Build/HUAWEIVNS-L21) AppleWebKit/537.36 (KHTML, like Gecko) Chrome/61.0.3163.98 Mobile Safari/537.36"
91.141.1.190 - - [24/Oct/2017:07:05:43 +0200] "GET /img/smallicon-address.png HTTP/1.1" 200 1211 "https://www.easydrivers.at/kapfenberg.pankl" "Mozilla/5.0 (Linux; Android 7.0; HUAWEI VNS-L21 Build/HUAWEIVNS-L21) AppleWebKit/537.36 (KHTML, like Gecko) Chrome/61.0.3163.98 Mobile Safari/537.36"
91.141.1.190 - - [24/Oct/2017:07:05:43 +0200] "GET /img/mobile/googlemaps-pin.png HTTP/1.1" 200 1597 "https://www.easydrivers.at/kapfenberg.pankl" "Mozilla/5.0 (Linux; Android 7.0; HUAWEI VNS-L21 Build/HUAWEIVNS-L21) AppleWebKit/537.36 (KHTML, like Gecko) Chrome/61.0.3163.98 Mobile Safari/537.36"
91.141.1.190 - - [24/Oct/2017:07:05:43 +0200] "GET /img/smallicon-time.png HTTP/1.1" 200 1262 "https://www.easydrivers.at/kapfenberg.pankl" "Mozilla/5.0 (Linux; Android 7.0; HUAWEI VNS-L21 Build/HUAWEIVNS-L21) AppleWebKit/537.36 (KHTML, like Gecko) Chrome/61.0.3163.98 Mobile Safari/537.36"
91.141.1.190 - - [24/Oct/2017:07:05:43 +0200] "GET /img/smallicon-phone.png HTTP/1.1" 200 3056 "https://www.easydrivers.at/kapfenberg.pankl" "Mozilla/5.0 (Linux; Android 7.0; HUAWEI VNS-L21 Build/HUAWEIVNS-L21) AppleWebKit/537.36 (KHTML, like Gecko) Chrome/61.0.3163.98 Mobile Safari/537.36"
91.141.1.190 - - [24/Oct/2017:07:05:43 +0200] "GET /img/smallicon-mail.png HTTP/1.1" 200 1341 "https://www.easydrivers.at/kapfenberg.pankl" "Mozilla/5.0 (Linux; Android 7.0; HUAWEI VNS-L21 Build/HUAWEIVNS-L21) AppleWebKit/537.36 (KHTML, like Gecko) Chrome/61.0.3163.98 Mobile Safari/537.36"
91.141.1.190 - - [24/Oct/2017:07:05:43 +0200] "GET /img/mobile/widget-icon-app.png HTTP/1.1" 200 3458 "https://www.easydrivers.at/kapfenberg.pankl" "Mozilla/5.0 (Linux; Android 7.0; HUAWEI VNS-L21 Build/HUAWEIVNS-L21) AppleWebKit/537.36 (KHTML, like Gecko) Chrome/61.0.3163.98 Mobile Safari/537.36"
91.141.1.190 - - [24/Oct/2017:07:05:43 +0200] "GET /img/mobile/bg-menu.jpg HTTP/1.1" 200 1698 "https://www.easydrivers.at/css/mobile.css" "Mozilla/5.0 (Linux; Android 7.0; HUAWEI VNS-L21 Build/HUAWEIVNS-L21) AppleWebKit/537.36 (KHTML, like Gecko) Chrome/61.0.3163.98 Mobile Safari/537.36"
91.141.1.190 - - [24/Oct/2017:07:05:44 +0200] "GET /img/favicon.ico HTTP/1.1" 301 303 "-" "Mozilla/5.0 (Linux; Android 7.0; HUAWEI VNS-L21 Build/HUAWEIVNS-L21) AppleWebKit/537.36 (KHTML, like Gecko) Chrome/61.0.3163.98 Mobile Safari/537.36"
91.141.1.190 - - [24/Oct/2017:07:05:44 +0200] "GET /img/favicon.ico HTTP/1.1" 404 301 "-" "Mozilla/5.0 (Linux; Android 7.0; HUAWEI VNS-L21 Build/HUAWEIVNS-L21) AppleWebKit/537.36 (KHTML, like Gecko) Chrome/61.0.3163.98 Mobile Safari/537.36"
213.147.165.173 - - [24/Oct/2017:07:05:46 +0200] "GET /guessing HTTP/1.1" 301 298 "http://m.facebook.com/" "Mozilla/5.0 (Linux; Android 5.0.1; ALE-L21 Build/HuaweiALE-L21) AppleWebKit/537.36 (KHTML, like Gecko) Version/4.0 Chrome/37.0.0.0 Mobile Safari/537.36 [FB_IAB/FB4A;FBAV/137.0.0.24.91;]"
213.147.165.173 - - [24/Oct/2017:07:05:46 +0200] "GET /guessing HTTP/1.1" 200 2945 "http://m.facebook.com/" "Mozilla/5.0 (Linux; Android 5.0.1; ALE-L21 Build/HuaweiALE-L21) AppleWebKit/537.36 (KHTML, like Gecko) Version/4.0 Chrome/37.0.0.0 Mobile Safari/537.36 [FB_IAB/FB4A;FBAV/137.0.0.24.91;]"
66.249.76.74 - - [24/Oct/2017:07:05:58 +0200] "GET /voesendorf/10279323 HTTP/1.1" 301 307 "-" "Mozilla/5.0 (compatible; Googlebot/2.1; +http://www.google.com/bot.html)"
66.249.66.3 - - [24/Oct/2017:07:05:58 +0200] "GET /voesendorf/10279323 HTTP/1.1" 200 2985 "-" "Mozilla/5.0 (compatible; Googlebot/2.1; +http://www.google.com/bot.html)"
66.249.66.30 - - [24/Oct/2017:07:06:16 +0200] "GET /uploads/pdfs/schwechat/10277317_B-L.pdf HTTP/1.1" 301 320 "-" "Mozilla/5.0 (compatible; Googlebot/2.1; +http://www.google.com/bot.html)"
66.249.76.80 - - [24/Oct/2017:07:06:17 +0200] "GET /uploads/pdfs/schwechat/10277317_B-L.pdf HTTP/1.1" 200 30524 "-" "Mozilla/5.0 (compatible; Googlebot/2.1; +http://www.google.com/bot.html)"
195.230.172.2 - - [24/Oct/2017:07:06:26 +0200] "GET /guessing HTTP/1.1" 301 298 "http://m.facebook.com/" "Mozilla/5.0 (Linux; Android 7.0; SM-G390F Build/NRD90M; wv) AppleWebKit/537.36 (KHTML, like Gecko) Version/4.0 Chrome/61.0.3163.98 Mobile Safari/537.36 [FB_IAB/FB4A;FBAV/146.0.0.53.92;]"
145.244.10.2 - - [24/Oct/2017:07:06:26 +0200] "GET /hartberg HTTP/1.1" 301 299 "http://www.google.at/url?sa=t&rct=j&q=&esrc=s&source=web&cd=1&ved=0ahUKEwjZ-r60vojXAhVsLcAKHR-lDbcQFgguMAA&url=http%3A%2F%2Fwww.easydrivers.at%2Fhartberg&usg=AOvVaw1_SFRkV0fXuANJDKSM2p_a" "Mozilla/5.0 (Windows NT 6.1; Trident/7.0; rv:11.0) like Gecko"
195.230.172.2 - - [24/Oct/2017:07:06:26 +0200] "GET /guessing HTTP/1.1" 200 2945 "http://m.facebook.com/" "Mozilla/5.0 (Linux; Android 7.0; SM-G390F Build/NRD90M; wv) AppleWebKit/537.36 (KHTML, like Gecko) Version/4.0 Chrome/61.0.3163.98 Mobile Safari/537.36 [FB_IAB/FB4A;FBAV/146.0.0.53.92;]"
145.244.10.2 - - [24/Oct/2017:07:06:26 +0200] "GET /hartberg HTTP/1.1" 200 3665 "http://www.google.at/url?sa=t&rct=j&q=&esrc=s&source=web&cd=1&ved=0ahUKEwjZ-r60vojXAhVsLcAKHR-lDbcQFgguMAA&url=http%3A%2F%2Fwww.easydrivers.at%2Fhartberg&usg=AOvVaw1_SFRkV0fXuANJDKSM2p_a" "Mozilla/5.0 (Windows NT 6.1; Trident/7.0; rv:11.0) like Gecko"
145.244.10.2 - - [24/Oct/2017:07:06:28 +0200] "GET /css/style.css HTTP/1.1" 200 5004 "https://www.easydrivers.at/hartberg" "Mozilla/5.0 (Windows NT 6.1; Trident/7.0; rv:11.0) like Gecko"
145.244.10.2 - - [24/Oct/2017:07:06:28 +0200] "GET /javascript/jquery.cookie.js HTTP/1.1" 200 863 "https://www.easydrivers.at/hartberg" "Mozilla/5.0 (Windows NT 6.1; Trident/7.0; rv:11.0) like Gecko"
145.244.10.2 - - [24/Oct/2017:07:06:28 +0200] "GET /css/print.css HTTP/1.1" 200 967 "https://www.easydrivers.at/hartberg" "Mozilla/5.0 (Windows NT 6.1; Trident/7.0; rv:11.0) like Gecko"
145.244.10.2 - - [24/Oct/2017:07:06:28 +0200] "GET /javascript/jquery.customSelect.min.js HTTP/1.1" 200 912 "https://www.easydrivers.at/hartberg" "Mozilla/5.0 (Windows NT 6.1; Trident/7.0; rv:11.0) like Gecko"
145.244.10.2 - - [24/Oct/2017:07:06:29 +0200] "GET /javascript/lazyload.js HTTP/1.1" 200 1170 "https://www.easydrivers.at/hartberg" "Mozilla/5.0 (Windows NT 6.1; Trident/7.0; rv:11.0) like Gecko"
145.244.10.2 - - [24/Oct/2017:07:06:29 +0200] "GET /javascript/jquery.simplemodal.js HTTP/1.1" 200 3070 "https://www.easydrivers.at/hartberg" "Mozilla/5.0 (Windows NT 6.1; Trident/7.0; rv:11.0) like Gecko"
145.244.10.2 - - [24/Oct/2017:07:06:29 +0200] "GET /javascript/portal.js?1221842734 HTTP/1.1" 200 3529 "https://www.easydrivers.at/hartberg" "Mozilla/5.0 (Windows NT 6.1; Trident/7.0; rv:11.0) like Gecko"
145.244.10.2 - - [24/Oct/2017:07:06:29 +0200] "GET /img/close-button.png HTTP/1.1" 200 2237 "https://www.easydrivers.at/hartberg" "Mozilla/5.0 (Windows NT 6.1; Trident/7.0; rv:11.0) like Gecko"
145.244.10.2 - - [24/Oct/2017:07:06:29 +0200] "GET /img/facebook-icon.png HTTP/1.1" 200 1506 "https://www.easydrivers.at/hartberg" "Mozilla/5.0 (Windows NT 6.1; Trident/7.0; rv:11.0) like Gecko"
145.244.10.2 - - [24/Oct/2017:07:06:29 +0200] "GET /img/info-button.png HTTP/1.1" 200 738 "https://www.easydrivers.at/hartberg" "Mozilla/5.0 (Windows NT 6.1; Trident/7.0; rv:11.0) like Gecko"
145.244.10.2 - - [24/Oct/2017:07:06:29 +0200] "GET /javascript/fahrschule.js HTTP/1.1" 200 462 "https://www.easydrivers.at/hartberg" "Mozilla/5.0 (Windows NT 6.1; Trident/7.0; rv:11.0) like Gecko"
145.244.10.2 - - [24/Oct/2017:07:06:29 +0200] "GET /img/locator-icon.png HTTP/1.1" 200 1377 "https://www.easydrivers.at/hartberg" "Mozilla/5.0 (Windows NT 6.1; Trident/7.0; rv:11.0) like Gecko"
145.244.10.2 - - [24/Oct/2017:07:06:29 +0200] "GET /img/close-button-small.png HTTP/1.1" 200 1671 "https://www.easydrivers.at/hartberg" "Mozilla/5.0 (Windows NT 6.1; Trident/7.0; rv:11.0) like Gecko"
145.244.10.2 - - [24/Oct/2017:07:06:29 +0200] "GET /img/submit-button.png HTTP/1.1" 200 1958 "https://www.easydrivers.at/hartberg" "Mozilla/5.0 (Windows NT 6.1; Trident/7.0; rv:11.0) like Gecko"
145.244.10.2 - - [24/Oct/2017:07:06:29 +0200] "GET /img/empty.gif HTTP/1.1" 200 43 "https://www.easydrivers.at/hartberg" "Mozilla/5.0 (Windows NT 6.1; Trident/7.0; rv:11.0) like Gecko"
145.244.10.2 - - [24/Oct/2017:07:06:29 +0200] "GET /cache/emu/images/easy-drivers-portal10250909/berufskraftfahrer_135_90_0.jpg HTTP/1.1" 200 3566 "https://www.easydrivers.at/hartberg" "Mozilla/5.0 (Windows NT 6.1; Trident/7.0; rv:11.0) like Gecko"
145.244.10.2 - - [24/Oct/2017:07:06:29 +0200] "GET /cache/emu/images/easy-drivers-portal10244081/herbstkursejpg_160_90_0.jpg HTTP/1.1" 200 3707 "https://www.easydrivers.at/hartberg" "Mozilla/5.0 (Windows NT 6.1; Trident/7.0; rv:11.0) like Gecko"
145.244.10.2 - - [24/Oct/2017:07:06:29 +0200] "GET /cache/emu/images/easy-drivers-portal10289535/vespa_114_90_0.jpg HTTP/1.1" 200 3014 "https://www.easydrivers.at/hartberg" "Mozilla/5.0 (Windows NT 6.1; Trident/7.0; rv:11.0) like Gecko"
145.244.10.2 - - [24/Oct/2017:07:06:29 +0200] "GET /img/schweiz-icon.png HTTP/1.1" 200 1504 "https://www.easydrivers.at/hartberg" "Mozilla/5.0 (Windows NT 6.1; Trident/7.0; rv:11.0) like Gecko"
145.244.10.2 - - [24/Oct/2017:07:06:29 +0200] "GET /binaries/easy-drivers-portal/widget-icon-trainingpng.png HTTP/1.1" 200 2662 "https://www.easydrivers.at/hartberg" "Mozilla/5.0 (Windows NT 6.1; Trident/7.0; rv:11.0) like Gecko"
145.244.10.2 - - [24/Oct/2017:07:06:29 +0200] "GET /img/bg-header.jpg HTTP/1.1" 200 38680 "https://www.easydrivers.at/hartberg" "Mozilla/5.0 (Windows NT 6.1; Trident/7.0; rv:11.0) like Gecko"
145.244.10.2 - - [24/Oct/2017:07:06:29 +0200] "GET /img/kursicon-phone-pink.png HTTP/1.1" 200 1286 "https://www.easydrivers.at/hartberg" "Mozilla/5.0 (Windows NT 6.1; Trident/7.0; rv:11.0) like Gecko"
145.244.10.2 - - [24/Oct/2017:07:06:29 +0200] "GET /img/kursicon-share-pink.png HTTP/1.1" 200 1277 "https://www.easydrivers.at/hartberg" "Mozilla/5.0 (Windows NT 6.1; Trident/7.0; rv:11.0) like Gecko"
145.244.10.2 - - [24/Oct/2017:07:06:29 +0200] "GET /img/ED_Logo.png HTTP/1.1" 200 3385 "https://www.easydrivers.at/hartberg" "Mozilla/5.0 (Windows NT 6.1; Trident/7.0; rv:11.0) like Gecko"
145.244.10.2 - - [24/Oct/2017:07:06:29 +0200] "GET /img/yellow-dots-vertical.png HTTP/1.1" 200 981 "https://www.easydrivers.at/hartberg" "Mozilla/5.0 (Windows NT 6.1; Trident/7.0; rv:11.0) like Gecko"
145.244.10.2 - - [24/Oct/2017:07:06:29 +0200] "GET /img/kursicon-download-pink.png HTTP/1.1" 200 1213 "https://www.easydrivers.at/hartberg" "Mozilla/5.0 (Windows NT 6.1; Trident/7.0; rv:11.0) like Gecko"
145.244.10.2 - - [24/Oct/2017:07:06:29 +0200] "GET /img/purple-dots-horizontal.png HTTP/1.1" 200 977 "https://www.easydrivers.at/hartberg" "Mozilla/5.0 (Windows NT 6.1; Trident/7.0; rv:11.0) like Gecko"
145.244.10.2 - - [24/Oct/2017:07:06:29 +0200] "GET /img/bg-footer.jpg HTTP/1.1" 200 31770 "https://www.easydrivers.at/hartberg" "Mozilla/5.0 (Windows NT 6.1; Trident/7.0; rv:11.0) like Gecko"
145.244.10.2 - - [24/Oct/2017:07:06:29 +0200] "GET /img/bg-top-section.jpg HTTP/1.1" 200 82172 "https://www.easydrivers.at/hartberg" "Mozilla/5.0 (Windows NT 6.1; Trident/7.0; rv:11.0) like Gecko"
145.244.10.2 - - [24/Oct/2017:07:06:29 +0200] "GET /img/kursicon-print-pink.png HTTP/1.1" 200 1125 "https://www.easydrivers.at/hartberg" "Mozilla/5.0 (Windows NT 6.1; Trident/7.0; rv:11.0) like Gecko"
66.249.66.30 - - [24/Oct/2017:07:06:34 +0200] "GET /leonding/prakt_pruefg HTTP/1.1" 301 309 "-" "Mozilla/5.0 (compatible; Googlebot/2.1; +http://www.google.com/bot.html)"
66.249.76.80 - - [24/Oct/2017:07:06:35 +0200] "GET /leonding/prakt_pruefg HTTP/1.1" 200 3000 "-" "Mozilla/5.0 (compatible; Googlebot/2.1; +http://www.google.com/bot.html)"
145.244.10.2 - - [24/Oct/2017:07:06:50 +0200] "POST /hartberg/kursauswahl HTTP/1.1" 200 4641 "https://www.easydrivers.at/hartberg" "Mozilla/5.0 (Windows NT 6.1; Trident/7.0; rv:11.0) like Gecko"
145.244.10.2 - - [24/Oct/2017:07:06:52 +0200] "GET /javascript/jquery.showLoading.min.js HTTP/1.1" 200 1136 "https://www.easydrivers.at/hartberg/kursauswahl" "Mozilla/5.0 (Windows NT 6.1; Trident/7.0; rv:11.0) like Gecko"
145.244.10.2 - - [24/Oct/2017:07:06:53 +0200] "GET /css/showLoading.css HTTP/1.1" 200 219 "https://www.easydrivers.at/hartberg/kursauswahl" "Mozilla/5.0 (Windows NT 6.1; Trident/7.0; rv:11.0) like Gecko"
145.244.10.2 - - [24/Oct/2017:07:06:52 +0200] "GET /binaries/easy-drivers-portal/pkw1jpg.jpg HTTP/1.1" 200 88975 "https://www.easydrivers.at/hartberg/kursauswahl" "Mozilla/5.0 (Windows NT 6.1; Trident/7.0; rv:11.0) like Gecko"
145.244.10.2 - - [24/Oct/2017:07:06:53 +0200] "GET /javascript/jquery.base64.min.js HTTP/1.1" 200 37135 "https://www.easydrivers.at/hartberg/kursauswahl" "Mozilla/5.0 (Windows NT 6.1; Trident/7.0; rv:11.0) like Gecko"
145.244.10.2 - - [24/Oct/2017:07:06:53 +0200] "GET /img/bg-yellow.jpg HTTP/1.1" 200 2250 "https://www.easydrivers.at/hartberg/kursauswahl" "Mozilla/5.0 (Windows NT 6.1; Trident/7.0; rv:11.0) like Gecko"
145.244.10.2 - - [24/Oct/2017:07:06:53 +0200] "GET /img/top-image-overlay.png HTTP/1.1" 200 20650 "https://www.easydrivers.at/hartberg/kursauswahl" "Mozilla/5.0 (Windows NT 6.1; Trident/7.0; rv:11.0) like Gecko"
145.244.10.2 - - [24/Oct/2017:07:06:53 +0200] "GET /img/arrow-left.png HTTP/1.1" 200 1015 "https://www.easydrivers.at/hartberg/kursauswahl" "Mozilla/5.0 (Windows NT 6.1; Trident/7.0; rv:11.0) like Gecko"
66.249.76.74 - - [24/Oct/2017:07:06:53 +0200] "GET /download.php?id=10230036 HTTP/1.1" 301 311 "-" "Mozilla/5.0 (compatible; Googlebot/2.1; +http://www.google.com/bot.html)"
66.249.76.80 - - [24/Oct/2017:07:06:53 +0200] "GET /download.php?id=10230036 HTTP/1.1" 200 85423 "-" "Mozilla/5.0 (compatible; Googlebot/2.1; +http://www.google.com/bot.html)"
66.249.66.1 - - [24/Oct/2017:07:07:11 +0200] "GET /uploads/pdfs/wr.neustadt/10276999_A1L17.pdf HTTP/1.1" 301 324 "-" "Mozilla/5.0 (compatible; Googlebot/2.1; +http://www.google.com/bot.html)"
66.249.66.7 - - [24/Oct/2017:07:07:12 +0200] "GET /uploads/pdfs/wr.neustadt/10276999_A1L17.pdf HTTP/1.1" 200 35095 "-" "Mozilla/5.0 (compatible; Googlebot/2.1; +http://www.google.com/bot.html)"
213.225.9.253 - - [24/Oct/2017:07:07:13 +0200] "GET /innsbruck/10248832 HTTP/1.1" 200 2700 "https://www.google.at/" "Mozilla/5.0 (iPhone; CPU iPhone OS 11_0 like Mac OS X) AppleWebKit/604.1.38 (KHTML, like Gecko) Version/11.0 Mobile/15A372 Safari/604.1"
213.225.9.253 - - [24/Oct/2017:07:07:16 +0200] "GET /css/mobile.css HTTP/1.1" 200 2852 "https://www.easydrivers.at/innsbruck/10248832" "Mozilla/5.0 (iPhone; CPU iPhone OS 11_0 like Mac OS X) AppleWebKit/604.1.38 (KHTML, like Gecko) Version/11.0 Mobile/15A372 Safari/604.1"
213.225.9.253 - - [24/Oct/2017:07:07:16 +0200] "GET /javascript/jquery.cookie.js HTTP/1.1" 200 863 "https://www.easydrivers.at/innsbruck/10248832" "Mozilla/5.0 (iPhone; CPU iPhone OS 11_0 like Mac OS X) AppleWebKit/604.1.38 (KHTML, like Gecko) Version/11.0 Mobile/15A372 Safari/604.1"
213.225.9.253 - - [24/Oct/2017:07:07:16 +0200] "GET /javascript/mobile-menu.js HTTP/1.1" 200 1634 "https://www.easydrivers.at/innsbruck/10248832" "Mozilla/5.0 (iPhone; CPU iPhone OS 11_0 like Mac OS X) AppleWebKit/604.1.38 (KHTML, like Gecko) Version/11.0 Mobile/15A372 Safari/604.1"
213.225.9.253 - - [24/Oct/2017:07:07:16 +0200] "GET /javascript/jquery-1.9.1.min.js HTTP/1.1" 200 32731 "https://www.easydrivers.at/innsbruck/10248832" "Mozilla/5.0 (iPhone; CPU iPhone OS 11_0 like Mac OS X) AppleWebKit/604.1.38 (KHTML, like Gecko) Version/11.0 Mobile/15A372 Safari/604.1"
213.225.9.253 - - [24/Oct/2017:07:07:16 +0200] "GET /javascript/mobile-fahrschule.js HTTP/1.1" 200 328 "https://www.easydrivers.at/innsbruck/10248832" "Mozilla/5.0 (iPhone; CPU iPhone OS 11_0 like Mac OS X) AppleWebKit/604.1.38 (KHTML, like Gecko) Version/11.0 Mobile/15A372 Safari/604.1"
213.225.9.253 - - [24/Oct/2017:07:07:16 +0200] "GET /javascript/lazyload.js HTTP/1.1" 200 1170 "https://www.easydrivers.at/innsbruck/10248832" "Mozilla/5.0 (iPhone; CPU iPhone OS 11_0 like Mac OS X) AppleWebKit/604.1.38 (KHTML, like Gecko) Version/11.0 Mobile/15A372 Safari/604.1"
213.225.9.253 - - [24/Oct/2017:07:07:16 +0200] "GET /javascript/jquery.simplemodal.js HTTP/1.1" 200 3070 "https://www.easydrivers.at/innsbruck/10248832" "Mozilla/5.0 (iPhone; CPU iPhone OS 11_0 like Mac OS X) AppleWebKit/604.1.38 (KHTML, like Gecko) Version/11.0 Mobile/15A372 Safari/604.1"
213.225.9.253 - - [24/Oct/2017:07:07:16 +0200] "GET /img/mobile/easydrivers-logo-mobile.png HTTP/1.1" 200 10766 "https://www.easydrivers.at/innsbruck/10248832" "Mozilla/5.0 (iPhone; CPU iPhone OS 11_0 like Mac OS X) AppleWebKit/604.1.38 (KHTML, like Gecko) Version/11.0 Mobile/15A372 Safari/604.1"
213.225.9.253 - - [24/Oct/2017:07:07:16 +0200] "GET /img/mobile/menu-button.png HTTP/1.1" 200 1746 "https://www.easydrivers.at/innsbruck/10248832" "Mozilla/5.0 (iPhone; CPU iPhone OS 11_0 like Mac OS X) AppleWebKit/604.1.38 (KHTML, like Gecko) Version/11.0 Mobile/15A372 Safari/604.1"
213.225.9.253 - - [24/Oct/2017:07:07:16 +0200] "GET /img/mobile/close-button.png HTTP/1.1" 200 2411 "https://www.easydrivers.at/innsbruck/10248832" "Mozilla/5.0 (iPhone; CPU iPhone OS 11_0 like Mac OS X) AppleWebKit/604.1.38 (KHTML, like Gecko) Version/11.0 Mobile/15A372 Safari/604.1"
213.225.9.253 - - [24/Oct/2017:07:07:16 +0200] "GET /img/mobile/info-button.png HTTP/1.1" 200 1549 "https://www.easydrivers.at/innsbruck/10248832" "Mozilla/5.0 (iPhone; CPU iPhone OS 11_0 like Mac OS X) AppleWebKit/604.1.38 (KHTML, like Gecko) Version/11.0 Mobile/15A372 Safari/604.1"
213.225.9.253 - - [24/Oct/2017:07:07:16 +0200] "GET /img/mobile/facebook-icon.png HTTP/1.1" 200 1902 "https://www.easydrivers.at/innsbruck/10248832" "Mozilla/5.0 (iPhone; CPU iPhone OS 11_0 like Mac OS X) AppleWebKit/604.1.38 (KHTML, like Gecko) Version/11.0 Mobile/15A372 Safari/604.1"
213.225.9.253 - - [24/Oct/2017:07:07:16 +0200] "GET /img/smallicon-person.png HTTP/1.1" 200 1141 "https://www.easydrivers.at/innsbruck/10248832" "Mozilla/5.0 (iPhone; CPU iPhone OS 11_0 like Mac OS X) AppleWebKit/604.1.38 (KHTML, like Gecko) Version/11.0 Mobile/15A372 Safari/604.1"
213.225.9.253 - - [24/Oct/2017:07:07:16 +0200] "GET /img/mobile/info-close-button.png HTTP/1.1" 200 1721 "https://www.easydrivers.at/innsbruck/10248832" "Mozilla/5.0 (iPhone; CPU iPhone OS 11_0 like Mac OS X) AppleWebKit/604.1.38 (KHTML, like Gecko) Version/11.0 Mobile/15A372 Safari/604.1"
213.225.9.253 - - [24/Oct/2017:07:07:16 +0200] "GET /img/mobile/googlemaps-pin.png HTTP/1.1" 200 1597 "https://www.easydrivers.at/innsbruck/10248832" "Mozilla/5.0 (iPhone; CPU iPhone OS 11_0 like Mac OS X) AppleWebKit/604.1.38 (KHTML, like Gecko) Version/11.0 Mobile/15A372 Safari/604.1"
213.225.9.253 - - [24/Oct/2017:07:07:16 +0200] "GET /img/smallicon-address.png HTTP/1.1" 200 1211 "https://www.easydrivers.at/innsbruck/10248832" "Mozilla/5.0 (iPhone; CPU iPhone OS 11_0 like Mac OS X) AppleWebKit/604.1.38 (KHTML, like Gecko) Version/11.0 Mobile/15A372 Safari/604.1"
213.225.9.253 - - [24/Oct/2017:07:07:16 +0200] "GET /img/smallicon-time.png HTTP/1.1" 200 1262 "https://www.easydrivers.at/innsbruck/10248832" "Mozilla/5.0 (iPhone; CPU iPhone OS 11_0 like Mac OS X) AppleWebKit/604.1.38 (KHTML, like Gecko) Version/11.0 Mobile/15A372 Safari/604.1"
213.225.9.253 - - [24/Oct/2017:07:07:16 +0200] "GET /img/smallicon-phone.png HTTP/1.1" 200 3056 "https://www.easydrivers.at/innsbruck/10248832" "Mozilla/5.0 (iPhone; CPU iPhone OS 11_0 like Mac OS X) AppleWebKit/604.1.38 (KHTML, like Gecko) Version/11.0 Mobile/15A372 Safari/604.1"
213.225.9.253 - - [24/Oct/2017:07:07:16 +0200] "GET /img/smallicon-mail.png HTTP/1.1" 200 1341 "https://www.easydrivers.at/innsbruck/10248832" "Mozilla/5.0 (iPhone; CPU iPhone OS 11_0 like Mac OS X) AppleWebKit/604.1.38 (KHTML, like Gecko) Version/11.0 Mobile/15A372 Safari/604.1"
213.225.9.253 - - [24/Oct/2017:07:07:16 +0200] "GET /img/mobile/bg-header.jpg HTTP/1.1" 200 19741 "https://www.easydrivers.at/innsbruck/10248832" "Mozilla/5.0 (iPhone; CPU iPhone OS 11_0 like Mac OS X) AppleWebKit/604.1.38 (KHTML, like Gecko) Version/11.0 Mobile/15A372 Safari/604.1"
213.225.9.253 - - [24/Oct/2017:07:07:16 +0200] "GET /img/mobile/bg-menu.jpg HTTP/1.1" 200 1698 "https://www.easydrivers.at/innsbruck/10248832" "Mozilla/5.0 (iPhone; CPU iPhone OS 11_0 like Mac OS X) AppleWebKit/604.1.38 (KHTML, like Gecko) Version/11.0 Mobile/15A372 Safari/604.1"
213.225.9.253 - - [24/Oct/2017:07:07:16 +0200] "GET /img/mobile/bg-top-section.jpg HTTP/1.1" 200 21711 "https://www.easydrivers.at/innsbruck/10248832" "Mozilla/5.0 (iPhone; CPU iPhone OS 11_0 like Mac OS X) AppleWebKit/604.1.38 (KHTML, like Gecko) Version/11.0 Mobile/15A372 Safari/604.1"
207.46.13.133 - - [24/Oct/2017:07:07:19 +0200] "GET /binaries/easy-drivers-harm-innsbruck/800x450romanjpg.jpg HTTP/1.1" 301 329 "-" "Mozilla/5.0 (compatible; bingbot/2.0; +http://www.bing.com/bingbot.htm)"
145.244.10.2 - - [24/Oct/2017:07:07:19 +0200] "GET /links HTTP/1.1" 200 2405 "https://www.easydrivers.at/hartberg/kursauswahl" "Mozilla/5.0 (Windows NT 6.1; Trident/7.0; rv:11.0) like Gecko"
145.244.10.2 - - [24/Oct/2017:07:07:21 +0200] "GET /binaries/easy-drivers-portal/motorrad2jpg.jpg HTTP/1.1" 200 45802 "https://www.easydrivers.at/links" "Mozilla/5.0 (Windows NT 6.1; Trident/7.0; rv:11.0) like Gecko"
207.46.13.133 - - [24/Oct/2017:07:07:21 +0200] "GET /binaries/easy-drivers-harm-innsbruck/800x450romanjpg.jpg HTTP/1.1" 200 228447 "-" "Mozilla/5.0 (compatible; bingbot/2.0; +http://www.bing.com/bingbot.htm)"
66.249.66.30 - - [24/Oct/2017:07:07:29 +0200] "GET /uploads/pdfs/perg/10280761_B-L17.pdf HTTP/1.1" 301 318 "-" "Mozilla/5.0 (compatible; Googlebot/2.1; +http://www.google.com/bot.html)"
66.249.76.80 - - [24/Oct/2017:07:07:30 +0200] "GET /uploads/pdfs/perg/10280761_B-L17.pdf HTTP/1.1" 200 33961 "-" "Mozilla/5.0 (compatible; Googlebot/2.1; +http://www.google.com/bot.html)"
77.119.128.94 - - [24/Oct/2017:07:07:30 +0200] "GET /moedling/aktionen HTTP/1.1" 301 305 "http://m.facebook.com/" "Mozilla/5.0 (Linux; Android 7.0; EVA-L09 Build/HUAWEIEVA-L09; wv) AppleWebKit/537.36 (KHTML, like Gecko) Version/4.0 Chrome/61.0.3163.98 Mobile Safari/537.36 [FB_IAB/FB4A;FBAV/146.0.0.53.92;]"
77.119.128.94 - - [24/Oct/2017:07:07:30 +0200] "GET /moedling/aktionen HTTP/1.1" 200 3658 "http://m.facebook.com/" "Mozilla/5.0 (Linux; Android 7.0; EVA-L09 Build/HUAWEIEVA-L09; wv) AppleWebKit/537.36 (KHTML, like Gecko) Version/4.0 Chrome/61.0.3163.98 Mobile Safari/537.36 [FB_IAB/FB4A;FBAV/146.0.0.53.92;]"
