80.120.215.198 - - [24/Oct/2017:07:24:44 +0200] "GET /img/new_favicon.ico HTTP/1.1" 200 1150 "-" "Mozilla/5.0 (Windows NT 6.3; Win64; x64; rv:52.0) Gecko/20100101 Firefox/52.0"
80.120.215.198 - - [24/Oct/2017:07:24:47 +0200] "POST /loadkursliste HTTP/1.1" 200 679 "https://www.easydrivers.at/ennstal.schladming/kursauswahl" "Mozilla/5.0 (Windows NT 6.3; Win64; x64; rv:52.0) Gecko/20100101 Firefox/52.0"
80.120.215.198 - - [24/Oct/2017:07:24:49 +0200] "GET /img/kursicon-print.png HTTP/1.1" 200 1184 "https://www.easydrivers.at/ennstal.schladming/kursauswahl" "Mozilla/5.0 (Windows NT 6.3; Win64; x64; rv:52.0) Gecko/20100101 Firefox/52.0"
80.120.215.198 - - [24/Oct/2017:07:24:49 +0200] "GET /img/kursicon-download.png HTTP/1.1" 200 1218 "https://www.easydrivers.at/ennstal.schladming/kursauswahl" "Mozilla/5.0 (Windows NT 6.3; Win64; x64; rv:52.0) Gecko/20100101 Firefox/52.0"
80.120.215.198 - - [24/Oct/2017:07:24:49 +0200] "GET /img/kursicon-share.png HTTP/1.1" 200 1302 "https://www.easydrivers.at/ennstal.schladming/kursauswahl" "Mozilla/5.0 (Windows NT 6.3; Win64; x64; rv:52.0) Gecko/20100101 Firefox/52.0"
80.120.215.198 - - [24/Oct/2017:07:24:52 +0200] "GET /img/kursicon-phone.png HTTP/1.1" 200 1287 "https://www.easydrivers.at/ennstal.schladming/kursauswahl" "Mozilla/5.0 (Windows NT 6.3; Win64; x64; rv:52.0) Gecko/20100101 Firefox/52.0"
91.118.143.194 - - [24/Oct/2017:07:24:52 +0200] "GET /st.poelten/kursauswahl HTTP/1.1" 200 3066 "https://www.easydrivers.at/suche" "Mozilla/5.0 (Linux; Android 7.0; SM-A320FL Build/NRD90M) AppleWebKit/537.36 (KHTML, like Gecko) Chrome/61.0.3163.98 Mobile Safari/537.36"
66.249.76.74 - - [24/Oct/2017:07:24:54 +0200] "GET /uploads/pdfs/berndorf/Intensivkurs-8-Einheiten-Oktober-2014_B-L.pdf HTTP/1.1" 301 340 "-" "Mozilla/5.0 (compatible; Googlebot/2.1; +http://www.google.com/bot.html)"
66.249.76.80 - - [24/Oct/2017:07:24:55 +0200] "GET /uploads/pdfs/berndorf/Intensivkurs-8-Einheiten-Oktober-2014_B-L.pdf HTTP/1.1" 200 30964 "-" "Mozilla/5.0 (compatible; Googlebot/2.1; +http://www.google.com/bot.html)"
88.117.208.86 - - [24/Oct/2017:07:24:54 +0200] "GET / HTTP/1.1" 200 4425 "-" "Mozilla/5.0 (Windows NT 6.1; Win64; x64) AppleWebKit/537.36 (KHTML, like Gecko) Chrome/61.0.3163.100 Safari/537.36"
91.118.143.194 - - [24/Oct/2017:07:24:54 +0200] "POST /loadkursliste HTTP/1.1" 200 486 "https://www.easydrivers.at/st.poelten/kursauswahl" "Mozilla/5.0 (Linux; Android 7.0; SM-A320FL Build/NRD90M) AppleWebKit/537.36 (KHTML, like Gecko) Chrome/61.0.3163.98 Mobile Safari/537.36"
194.166.185.53 - - [24/Oct/2017:07:24:59 +0200] "GET /skarabela.gross-enzersdorf/aktionen HTTP/1.1" 200 2605 "https://www.easydrivers.at/skarabela.gross-enzersdorf/kursauswahl" "Mozilla/5.0 (iPhone; CPU iPhone OS 10_0_2 like Mac OS X) AppleWebKit/602.1.50 (KHTML, like Gecko) Version/10.0 Mobile/14A456 Safari/602.1"
91.118.143.194 - - [24/Oct/2017:07:25:04 +0200] "POST /loadkursliste HTTP/1.1" 200 490 "https://www.easydrivers.at/st.poelten/kursauswahl" "Mozilla/5.0 (Linux; Android 7.0; SM-A320FL Build/NRD90M) AppleWebKit/537.36 (KHTML, like Gecko) Chrome/61.0.3163.98 Mobile Safari/537.36"
91.119.16.91 - - [24/Oct/2017:07:25:06 +0200] "POST /loadkursliste HTTP/1.1" 200 459 "https://www.easydrivers.at/guessing/kurse" "Mozilla/5.0 (Linux; Android 5.1.1; SM-J120FN Build/LMY47X; wv) AppleWebKit/537.36 (KHTML, like Gecko) Version/4.0 Chrome/61.0.3163.98 Mobile Safari/537.36 [FB_IAB/FB4A;FBAV/147.0.0.44.75;]"
194.166.185.53 - - [24/Oct/2017:07:25:07 +0200] "POST /skarabela.gross-enzersdorf/kursauswahl HTTP/1.1" 200 2936 "https://www.easydrivers.at/skarabela.gross-enzersdorf" "Mozilla/5.0 (iPhone; CPU iPhone OS 10_0_2 like Mac OS X) AppleWebKit/602.1.50 (KHTML, like Gecko) Version/10.0 Mobile/14A456 Safari/602.1"
66.249.76.74 - - [24/Oct/2017:07:25:13 +0200] "GET /uploads/pdfs/poechlarn/10235516_B-L.pdf HTTP/1.1" 301 320 "-" "Mozilla/5.0 (compatible; Googlebot/2.1; +http://www.google.com/bot.html)"
66.249.76.80 - - [24/Oct/2017:07:25:13 +0200] "GET /uploads/pdfs/poechlarn/10235516_B-L.pdf HTTP/1.1" 200 31554 "-" "Mozilla/5.0 (compatible; Googlebot/2.1; +http://www.google.com/bot.html)"
194.166.185.53 - - [24/Oct/2017:07:25:12 +0200] "GET /skarabela.gross-enzersdorf HTTP/1.1" 200 2971 "https://www.google.at/" "Mozilla/5.0 (iPhone; CPU iPhone OS 10_0_2 like Mac OS X) AppleWebKit/602.1.50 (KHTML, like Gecko) Version/10.0 Mobile/14A456 Safari/602.1"
88.117.208.86 - - [24/Oct/2017:07:25:15 +0200] "-" 408 - "-" "-"
88.117.208.86 - - [24/Oct/2017:07:25:15 +0200] "-" 408 - "-" "-"
88.117.208.86 - - [24/Oct/2017:07:25:15 +0200] "-" 408 - "-" "-"
88.117.208.86 - - [24/Oct/2017:07:25:15 +0200] "-" 408 - "-" "-"
88.117.208.86 - - [24/Oct/2017:07:25:15 +0200] "-" 408 - "-" "-"
91.118.143.194 - - [24/Oct/2017:07:25:13 +0200] "GET /st.poelten/10282972?FS=B-L HTTP/1.1" 200 3204 "https://www.easydrivers.at/st.poelten/kursauswahl" "Mozilla/5.0 (Linux; Android 7.0; SM-A320FL Build/NRD90M) AppleWebKit/537.36 (KHTML, like Gecko) Chrome/61.0.3163.98 Mobile Safari/537.36"
66.249.76.74 - - [24/Oct/2017:07:25:31 +0200] "GET /uploads/pdfs/voesendorf/10281933_A1L17.pdf HTTP/1.1" 301 323 "-" "Mozilla/5.0 (compatible; Googlebot/2.1; +http://www.google.com/bot.html)"
66.249.76.82 - - [24/Oct/2017:07:25:32 +0200] "GET /uploads/pdfs/voesendorf/10281933_A1L17.pdf HTTP/1.1" 200 37811 "-" "Mozilla/5.0 (compatible; Googlebot/2.1; +http://www.google.com/bot.html)"
66.249.66.30 - - [24/Oct/2017:07:25:49 +0200] "GET /voesendorf/10281942?FS=BF HTTP/1.1" 301 312 "-" "Mozilla/5.0 (compatible; Googlebot/2.1; +http://www.google.com/bot.html)"
66.249.76.80 - - [24/Oct/2017:07:25:50 +0200] "GET /voesendorf/10281942?FS=BF HTTP/1.1" 200 5607 "-" "Mozilla/5.0 (compatible; Googlebot/2.1; +http://www.google.com/bot.html)"
91.119.16.91 - - [24/Oct/2017:07:25:58 +0200] "POST /loadkursliste HTTP/1.1" 200 462 "https://www.easydrivers.at/guessing/kurse" "Mozilla/5.0 (Linux; Android 5.1.1; SM-J120FN Build/LMY47X; wv) AppleWebKit/537.36 (KHTML, like Gecko) Version/4.0 Chrome/61.0.3163.98 Mobile Safari/537.36 [FB_IAB/FB4A;FBAV/147.0.0.44.75;]"
216.244.66.249 - - [24/Oct/2017:07:26:00 +0200] "GET /langenlois/aktionen HTTP/1.1" 301 406 "-" "Mozilla/5.0 (compatible; DotBot/1.1; http://www.opensiteexplorer.org/dotbot, help@moz.com)"
66.249.66.31 - - [24/Oct/2017:07:26:08 +0200] "GET /uploads/pdfs/langenlois/10279530_A2BF.pdf HTTP/1.1" 301 323 "-" "Mozilla/5.0 (compatible; Googlebot/2.1; +http://www.google.com/bot.html)"
66.249.66.3 - - [24/Oct/2017:07:26:09 +0200] "GET /uploads/pdfs/langenlois/10279530_A2BF.pdf HTTP/1.1" 200 30229 "-" "Mozilla/5.0 (compatible; Googlebot/2.1; +http://www.google.com/bot.html)"
91.212.46.241 - - [24/Oct/2017:07:26:17 +0200] "GET /browserconfig.xml HTTP/1.1" 301 306 "-" "Mozilla/5.0 (Windows NT 6.3; Win64; x64; Trident/7.0; rv:11.0) like Gecko"
91.212.46.241 - - [24/Oct/2017:07:26:18 +0200] "GET /browserconfig.xml HTTP/1.1" 404 2358 "-" "Mozilla/5.0 (Windows NT 6.3; Win64; x64; Trident/7.0; rv:11.0) like Gecko"
91.118.143.194 - - [24/Oct/2017:07:26:23 +0200] "GET /st.poelten/kursauswahl HTTP/1.1" 200 3066 "https://www.easydrivers.at/suche" "Mozilla/5.0 (Linux; Android 7.0; SM-A320FL Build/NRD90M) AppleWebKit/537.36 (KHTML, like Gecko) Chrome/61.0.3163.98 Mobile Safari/537.36"
66.249.66.30 - - [24/Oct/2017:07:26:26 +0200] "GET /uploads/pdfs/gmuend/10259722_BCE.pdf HTTP/1.1" 301 319 "-" "Mozilla/5.0 (compatible; Googlebot/2.1; +http://www.google.com/bot.html)"
66.249.66.3 - - [24/Oct/2017:07:26:27 +0200] "GET /uploads/pdfs/gmuend/10259722_BCE.pdf HTTP/1.1" 200 29578 "-" "Mozilla/5.0 (compatible; Googlebot/2.1; +http://www.google.com/bot.html)"
91.118.143.194 - - [24/Oct/2017:07:26:26 +0200] "POST /loadkursliste HTTP/1.1" 200 490 "https://www.easydrivers.at/st.poelten/kursauswahl" "Mozilla/5.0 (Linux; Android 7.0; SM-A320FL Build/NRD90M) AppleWebKit/537.36 (KHTML, like Gecko) Chrome/61.0.3163.98 Mobile Safari/537.36"
91.119.16.91 - - [24/Oct/2017:07:26:32 +0200] "GET /guessing/10284413?FS=BZ HTTP/1.1" 200 3129 "https://www.easydrivers.at/guessing/kurse" "Mozilla/5.0 (Linux; Android 5.1.1; SM-J120FN Build/LMY47X; wv) AppleWebKit/537.36 (KHTML, like Gecko) Version/4.0 Chrome/61.0.3163.98 Mobile Safari/537.36 [FB_IAB/FB4A;FBAV/147.0.0.44.75;]"
91.119.16.91 - - [24/Oct/2017:07:26:35 +0200] "GET /img/mobile/kursicon-share.png HTTP/1.1" 200 2065 "https://www.easydrivers.at/guessing/10284413?FS=BZ" "Mozilla/5.0 (Linux; Android 5.1.1; SM-J120FN Build/LMY47X; wv) AppleWebKit/537.36 (KHTML, like Gecko) Version/4.0 Chrome/61.0.3163.98 Mobile Safari/537.36 [FB_IAB/FB4A;FBAV/147.0.0.44.75;]"
91.119.16.91 - - [24/Oct/2017:07:26:35 +0200] "GET /img/mobile/kursicon-phone.png HTTP/1.1" 200 1932 "https://www.easydrivers.at/guessing/10284413?FS=BZ" "Mozilla/5.0 (Linux; Android 5.1.1; SM-J120FN Build/LMY47X; wv) AppleWebKit/537.36 (KHTML, like Gecko) Version/4.0 Chrome/61.0.3163.98 Mobile Safari/537.36 [FB_IAB/FB4A;FBAV/147.0.0.44.75;]"
91.119.16.91 - - [24/Oct/2017:07:26:35 +0200] "GET /img/mobile/smallicon-phone.png HTTP/1.1" 200 1311 "https://www.easydrivers.at/guessing/10284413?FS=BZ" "Mozilla/5.0 (Linux; Android 5.1.1; SM-J120FN Build/LMY47X; wv) AppleWebKit/537.36 (KHTML, like Gecko) Version/4.0 Chrome/61.0.3163.98 Mobile Safari/537.36 [FB_IAB/FB4A;FBAV/147.0.0.44.75;]"
91.119.16.91 - - [24/Oct/2017:07:26:35 +0200] "GET /img/mobile/smallicon-mail.png HTTP/1.1" 200 1335 "https://www.easydrivers.at/guessing/10284413?FS=BZ" "Mozilla/5.0 (Linux; Android 5.1.1; SM-J120FN Build/LMY47X; wv) AppleWebKit/537.36 (KHTML, like Gecko) Version/4.0 Chrome/61.0.3163.98 Mobile Safari/537.36 [FB_IAB/FB4A;FBAV/147.0.0.44.75;]"
91.119.16.91 - - [24/Oct/2017:07:26:35 +0200] "GET /img/mobile/pfeil-links-small.png HTTP/1.1" 200 1065 "https://www.easydrivers.at/css/mobile.css" "Mozilla/5.0 (Linux; Android 5.1.1; SM-J120FN Build/LMY47X; wv) AppleWebKit/537.36 (KHTML, like Gecko) Version/4.0 Chrome/61.0.3163.98 Mobile Safari/537.36 [FB_IAB/FB4A;FBAV/147.0.0.44.75;]"
91.119.16.91 - - [24/Oct/2017:07:26:35 +0200] "GET /img/mobile/pfeil-rechts-small.png HTTP/1.1" 200 1056 "https://www.easydrivers.at/css/mobile.css" "Mozilla/5.0 (Linux; Android 5.1.1; SM-J120FN Build/LMY47X; wv) AppleWebKit/537.36 (KHTML, like Gecko) Version/4.0 Chrome/61.0.3163.98 Mobile Safari/537.36 [FB_IAB/FB4A;FBAV/147.0.0.44.75;]"
91.118.143.194 - - [24/Oct/2017:07:26:44 +0200] "-" 408 - "-" "-"
91.118.143.194 - - [24/Oct/2017:07:26:44 +0200] "-" 408 - "-" "-"
91.118.143.194 - - [24/Oct/2017:07:26:44 +0200] "-" 408 - "-" "-"
91.118.143.194 - - [24/Oct/2017:07:26:44 +0200] "-" 408 - "-" "-"
66.249.66.30 - - [24/Oct/2017:07:26:45 +0200] "GET /uploads/pdfs/hartberg/A-Seminar-18-09-2015_A2BF.pdf HTTP/1.1" 301 331 "-" "Mozilla/5.0 (compatible; Googlebot/2.1; +http://www.google.com/bot.html)"
66.249.66.3 - - [24/Oct/2017:07:26:45 +0200] "GET /uploads/pdfs/hartberg/A-Seminar-18-09-2015_A2BF.pdf HTTP/1.1" 200 31499 "-" "Mozilla/5.0 (compatible; Googlebot/2.1; +http://www.google.com/bot.html)"
80.122.1.234 - - [24/Oct/2017:07:26:47 +0200] "GET / HTTP/1.1" 301 293 "-" "Mozilla/5.0 (Windows NT 10.0; Win64; x64) AppleWebKit/537.36 (KHTML, like Gecko) Chrome/52.0.2743.116 Safari/537.36 Edge/15.15063"
80.122.1.234 - - [24/Oct/2017:07:26:47 +0200] "GET / HTTP/1.1" 200 4425 "-" "Mozilla/5.0 (Windows NT 10.0; Win64; x64) AppleWebKit/537.36 (KHTML, like Gecko) Chrome/52.0.2743.116 Safari/537.36 Edge/15.15063"
80.122.1.234 - - [24/Oct/2017:07:26:49 +0200] "GET /css/print.css HTTP/1.1" 200 967 "https://www.easydrivers.at/" "Mozilla/5.0 (Windows NT 10.0; Win64; x64) AppleWebKit/537.36 (KHTML, like Gecko) Chrome/52.0.2743.116 Safari/537.36 Edge/15.15063"
80.122.1.234 - - [24/Oct/2017:07:26:49 +0200] "GET /css/style.css HTTP/1.1" 200 5004 "https://www.easydrivers.at/" "Mozilla/5.0 (Windows NT 10.0; Win64; x64) AppleWebKit/537.36 (KHTML, like Gecko) Chrome/52.0.2743.116 Safari/537.36 Edge/15.15063"
80.122.1.234 - - [24/Oct/2017:07:26:49 +0200] "GET /javascript/jquery.customSelect.min.js HTTP/1.1" 200 912 "https://www.easydrivers.at/" "Mozilla/5.0 (Windows NT 10.0; Win64; x64) AppleWebKit/537.36 (KHTML, like Gecko) Chrome/52.0.2743.116 Safari/537.36 Edge/15.15063"
80.122.1.234 - - [24/Oct/2017:07:26:49 +0200] "GET /javascript/jquery.simplemodal.js HTTP/1.1" 200 3070 "https://www.easydrivers.at/" "Mozilla/5.0 (Windows NT 10.0; Win64; x64) AppleWebKit/537.36 (KHTML, like Gecko) Chrome/52.0.2743.116 Safari/537.36 Edge/15.15063"
80.122.1.234 - - [24/Oct/2017:07:26:49 +0200] "GET /javascript/jquery.cookie.js HTTP/1.1" 200 863 "https://www.easydrivers.at/" "Mozilla/5.0 (Windows NT 10.0; Win64; x64) AppleWebKit/537.36 (KHTML, like Gecko) Chrome/52.0.2743.116 Safari/537.36 Edge/15.15063"
80.122.1.234 - - [24/Oct/2017:07:26:49 +0200] "GET /javascript/portal.js?1221842734 HTTP/1.1" 200 3529 "https://www.easydrivers.at/" "Mozilla/5.0 (Windows NT 10.0; Win64; x64) AppleWebKit/537.36 (KHTML, like Gecko) Chrome/52.0.2743.116 Safari/537.36 Edge/15.15063"
80.122.1.234 - - [24/Oct/2017:07:26:49 +0200] "GET /javascript/homesearch.js HTTP/1.1" 200 393 "https://www.easydrivers.at/" "Mozilla/5.0 (Windows NT 10.0; Win64; x64) AppleWebKit/537.36 (KHTML, like Gecko) Chrome/52.0.2743.116 Safari/537.36 Edge/15.15063"
80.122.1.234 - - [24/Oct/2017:07:26:49 +0200] "GET /img/facebook-icon.png HTTP/1.1" 200 1506 "https://www.easydrivers.at/" "Mozilla/5.0 (Windows NT 10.0; Win64; x64) AppleWebKit/537.36 (KHTML, like Gecko) Chrome/52.0.2743.116 Safari/537.36 Edge/15.15063"
80.122.1.234 - - [24/Oct/2017:07:26:49 +0200] "GET /img/close-button.png HTTP/1.1" 200 2237 "https://www.easydrivers.at/" "Mozilla/5.0 (Windows NT 10.0; Win64; x64) AppleWebKit/537.36 (KHTML, like Gecko) Chrome/52.0.2743.116 Safari/537.36 Edge/15.15063"
80.122.1.234 - - [24/Oct/2017:07:26:49 +0200] "GET /img/submit-button.png HTTP/1.1" 200 1958 "https://www.easydrivers.at/" "Mozilla/5.0 (Windows NT 10.0; Win64; x64) AppleWebKit/537.36 (KHTML, like Gecko) Chrome/52.0.2743.116 Safari/537.36 Edge/15.15063"
80.122.1.234 - - [24/Oct/2017:07:26:49 +0200] "GET /img/empty.gif HTTP/1.1" 200 43 "https://www.easydrivers.at/" "Mozilla/5.0 (Windows NT 10.0; Win64; x64) AppleWebKit/537.36 (KHTML, like Gecko) Chrome/52.0.2743.116 Safari/537.36 Edge/15.15063"
80.122.1.234 - - [24/Oct/2017:07:26:49 +0200] "GET /binaries/easy-drivers-portal/widget-icon-trainingpng.png HTTP/1.1" 200 2662 "https://www.easydrivers.at/" "Mozilla/5.0 (Windows NT 10.0; Win64; x64) AppleWebKit/537.36 (KHTML, like Gecko) Chrome/52.0.2743.116 Safari/537.36 Edge/15.15063"
80.122.1.234 - - [24/Oct/2017:07:26:49 +0200] "GET /binaries/easy-drivers-portal/widget-icon-expertspng.png HTTP/1.1" 200 2159 "https://www.easydrivers.at/" "Mozilla/5.0 (Windows NT 10.0; Win64; x64) AppleWebKit/537.36 (KHTML, like Gecko) Chrome/52.0.2743.116 Safari/537.36 Edge/15.15063"
80.122.1.234 - - [24/Oct/2017:07:26:49 +0200] "GET /binaries/easy-drivers-portal/widget-icon-apppng.png HTTP/1.1" 200 2432 "https://www.easydrivers.at/" "Mozilla/5.0 (Windows NT 10.0; Win64; x64) AppleWebKit/537.36 (KHTML, like Gecko) Chrome/52.0.2743.116 Safari/537.36 Edge/15.15063"
80.122.1.234 - - [24/Oct/2017:07:26:49 +0200] "GET /binaries/easy-drivers-portal/edradfahrschullogowidget160x90pxpng.png HTTP/1.1" 200 23394 "https://www.easydrivers.at/" "Mozilla/5.0 (Windows NT 10.0; Win64; x64) AppleWebKit/537.36 (KHTML, like Gecko) Chrome/52.0.2743.116 Safari/537.36 Edge/15.15063"
80.122.1.234 - - [24/Oct/2017:07:26:49 +0200] "GET /img/schweiz-icon.png HTTP/1.1" 200 1504 "https://www.easydrivers.at/" "Mozilla/5.0 (Windows NT 10.0; Win64; x64) AppleWebKit/537.36 (KHTML, like Gecko) Chrome/52.0.2743.116 Safari/537.36 Edge/15.15063"
80.122.1.234 - - [24/Oct/2017:07:26:49 +0200] "GET /javascript/lazyload.js HTTP/1.1" 200 1170 "https://www.easydrivers.at/" "Mozilla/5.0 (Windows NT 10.0; Win64; x64) AppleWebKit/537.36 (KHTML, like Gecko) Chrome/52.0.2743.116 Safari/537.36 Edge/15.15063"
80.122.1.234 - - [24/Oct/2017:07:26:49 +0200] "GET /img/ED_Logo.png HTTP/1.1" 200 3385 "https://www.easydrivers.at/" "Mozilla/5.0 (Windows NT 10.0; Win64; x64) AppleWebKit/537.36 (KHTML, like Gecko) Chrome/52.0.2743.116 Safari/537.36 Edge/15.15063"
80.122.1.234 - - [24/Oct/2017:07:26:49 +0200] "GET /img/bg-header.jpg HTTP/1.1" 200 38680 "https://www.easydrivers.at/" "Mozilla/5.0 (Windows NT 10.0; Win64; x64) AppleWebKit/537.36 (KHTML, like Gecko) Chrome/52.0.2743.116 Safari/537.36 Edge/15.15063"
80.122.1.234 - - [24/Oct/2017:07:26:49 +0200] "GET /img/new_favicon.ico HTTP/1.1" 301 306 "-" "Mozilla/5.0 (Windows NT 10.0; Win64; x64) AppleWebKit/537.36 (KHTML, like Gecko) Chrome/52.0.2743.116 Safari/537.36 Edge/15.15063"
80.122.1.234 - - [24/Oct/2017:07:26:49 +0200] "GET /img/kursicon-print-pink.png HTTP/1.1" 200 1125 "https://www.easydrivers.at/" "Mozilla/5.0 (Windows NT 10.0; Win64; x64) AppleWebKit/537.36 (KHTML, like Gecko) Chrome/52.0.2743.116 Safari/537.36 Edge/15.15063"
80.122.1.234 - - [24/Oct/2017:07:26:49 +0200] "GET /img/kursicon-download-pink.png HTTP/1.1" 200 1213 "https://www.easydrivers.at/" "Mozilla/5.0 (Windows NT 10.0; Win64; x64) AppleWebKit/537.36 (KHTML, like Gecko) Chrome/52.0.2743.116 Safari/537.36 Edge/15.15063"
80.122.1.234 - - [24/Oct/2017:07:26:49 +0200] "GET /img/kursicon-share-pink.png HTTP/1.1" 200 1277 "https://www.easydrivers.at/" "Mozilla/5.0 (Windows NT 10.0; Win64; x64) AppleWebKit/537.36 (KHTML, like Gecko) Chrome/52.0.2743.116 Safari/537.36 Edge/15.15063"
80.122.1.234 - - [24/Oct/2017:07:26:49 +0200] "GET /img/kursicon-phone-pink.png HTTP/1.1" 200 1286 "https://www.easydrivers.at/" "Mozilla/5.0 (Windows NT 10.0; Win64; x64) AppleWebKit/537.36 (KHTML, like Gecko) Chrome/52.0.2743.116 Safari/537.36 Edge/15.15063"
80.122.1.234 - - [24/Oct/2017:07:26:49 +0200] "GET /img/yellow-dots-vertical.png HTTP/1.1" 200 981 "https://www.easydrivers.at/" "Mozilla/5.0 (Windows NT 10.0; Win64; x64) AppleWebKit/537.36 (KHTML, like Gecko) Chrome/52.0.2743.116 Safari/537.36 Edge/15.15063"
80.122.1.234 - - [24/Oct/2017:07:26:49 +0200] "GET /img/black-dots-vertical.png HTTP/1.1" 200 1165 "https://www.easydrivers.at/" "Mozilla/5.0 (Windows NT 10.0; Win64; x64) AppleWebKit/537.36 (KHTML, like Gecko) Chrome/52.0.2743.116 Safari/537.36 Edge/15.15063"
80.122.1.234 - - [24/Oct/2017:07:26:49 +0200] "GET /img/purple-dots-horizontal.png HTTP/1.1" 200 977 "https://www.easydrivers.at/" "Mozilla/5.0 (Windows NT 10.0; Win64; x64) AppleWebKit/537.36 (KHTML, like Gecko) Chrome/52.0.2743.116 Safari/537.36 Edge/15.15063"
80.122.1.234 - - [24/Oct/2017:07:26:49 +0200] "GET /img/bg-footer.jpg HTTP/1.1" 200 31770 "https://www.easydrivers.at/" "Mozilla/5.0 (Windows NT 10.0; Win64; x64) AppleWebKit/537.36 (KHTML, like Gecko) Chrome/52.0.2743.116 Safari/537.36 Edge/15.15063"
80.122.1.234 - - [24/Oct/2017:07:26:49 +0200] "GET /img/selection-box-button.png HTTP/1.1" 200 1079 "https://www.easydrivers.at/" "Mozilla/5.0 (Windows NT 10.0; Win64; x64) AppleWebKit/537.36 (KHTML, like Gecko) Chrome/52.0.2743.116 Safari/537.36 Edge/15.15063"
80.122.1.234 - - [24/Oct/2017:07:26:49 +0200] "GET /img/bg-top-section.jpg HTTP/1.1" 200 82172 "https://www.easydrivers.at/" "Mozilla/5.0 (Windows NT 10.0; Win64; x64) AppleWebKit/537.36 (KHTML, like Gecko) Chrome/52.0.2743.116 Safari/537.36 Edge/15.15063"
80.122.1.234 - - [24/Oct/2017:07:26:49 +0200] "GET /img/new_favicon.ico HTTP/1.1" 200 1150 "-" "Mozilla/5.0 (Windows NT 10.0; Win64; x64) AppleWebKit/537.36 (KHTML, like Gecko) Chrome/52.0.2743.116 Safari/537.36 Edge/15.15063"
66.249.76.76 - - [24/Oct/2017:07:27:03 +0200] "GET /uploads/pdfs/ennstal.schladming/KK-19-10-2015_B.pdf HTTP/1.1" 301 330 "-" "Mozilla/5.0 (compatible; Googlebot/2.1; +http://www.google.com/bot.html)"
66.249.76.84 - - [24/Oct/2017:07:27:03 +0200] "GET /uploads/pdfs/ennstal.schladming/KK-19-10-2015_B.pdf HTTP/1.1" 200 31229 "-" "Mozilla/5.0 (compatible; Googlebot/2.1; +http://www.google.com/bot.html)"
91.119.16.91 - - [24/Oct/2017:07:27:10 +0200] "GET /guessing/kurse HTTP/1.1" 200 3530 "https://www.easydrivers.at/guessing/10284413?FS=BZ" "Mozilla/5.0 (Linux; Android 5.1.1; SM-J120FN Build/LMY47X; wv) AppleWebKit/537.36 (KHTML, like Gecko) Version/4.0 Chrome/61.0.3163.98 Mobile Safari/537.36 [FB_IAB/FB4A;FBAV/147.0.0.44.75;]"
91.119.16.91 - - [24/Oct/2017:07:27:14 +0200] "POST /loadkursliste HTTP/1.1" 200 462 "https://www.easydrivers.at/guessing/kurse" "Mozilla/5.0 (Linux; Android 5.1.1; SM-J120FN Build/LMY47X; wv) AppleWebKit/537.36 (KHTML, like Gecko) Version/4.0 Chrome/61.0.3163.98 Mobile Safari/537.36 [FB_IAB/FB4A;FBAV/147.0.0.44.75;]"
91.118.143.194 - - [24/Oct/2017:07:27:16 +0200] "GET /fahrschulen HTTP/1.1" 200 2458 "https://www.easydrivers.at/st.poelten/kursauswahl" "Mozilla/5.0 (Linux; Android 7.0; SM-A320FL Build/NRD90M) AppleWebKit/537.36 (KHTML, like Gecko) Chrome/61.0.3163.98 Mobile Safari/537.36"
91.118.143.194 - - [24/Oct/2017:07:27:17 +0200] "GET /javascript/mobile-fahrschulen.js HTTP/1.1" 200 404 "https://www.easydrivers.at/fahrschulen" "Mozilla/5.0 (Linux; Android 7.0; SM-A320FL Build/NRD90M) AppleWebKit/537.36 (KHTML, like Gecko) Chrome/61.0.3163.98 Mobile Safari/537.36"
66.249.76.74 - - [24/Oct/2017:07:27:21 +0200] "GET /uploads/pdfs/am.spitz/10257446_A1L17.pdf HTTP/1.1" 301 322 "-" "Mozilla/5.0 (compatible; Googlebot/2.1; +http://www.google.com/bot.html)"
66.249.76.80 - - [24/Oct/2017:07:27:22 +0200] "GET /uploads/pdfs/am.spitz/10257446_A1L17.pdf HTTP/1.1" 200 35766 "-" "Mozilla/5.0 (compatible; Googlebot/2.1; +http://www.google.com/bot.html)"
91.119.16.91 - - [24/Oct/2017:07:27:20 +0200] "POST /loadkursliste HTTP/1.1" 200 459 "https://www.easydrivers.at/guessing/kurse" "Mozilla/5.0 (Linux; Android 5.1.1; SM-J120FN Build/LMY47X; wv) AppleWebKit/537.36 (KHTML, like Gecko) Version/4.0 Chrome/61.0.3163.98 Mobile Safari/537.36 [FB_IAB/FB4A;FBAV/147.0.0.44.75;]"
91.118.143.194 - - [24/Oct/2017:07:27:20 +0200] "POST /fahrschulen/niederoesterreich HTTP/1.1" 200 5705 "https://www.easydrivers.at/fahrschulen" "Mozilla/5.0 (Linux; Android 7.0; SM-A320FL Build/NRD90M) AppleWebKit/537.36 (KHTML, like Gecko) Chrome/61.0.3163.98 Mobile Safari/537.36"
91.119.16.91 - - [24/Oct/2017:07:27:25 +0200] "GET /guessing/10284413?FS=F HTTP/1.1" 200 3104 "https://www.easydrivers.at/guessing/kurse" "Mozilla/5.0 (Linux; Android 5.1.1; SM-J120FN Build/LMY47X; wv) AppleWebKit/537.36 (KHTML, like Gecko) Version/4.0 Chrome/61.0.3163.98 Mobile Safari/537.36 [FB_IAB/FB4A;FBAV/147.0.0.44.75;]"
66.249.66.30 - - [24/Oct/2017:07:27:40 +0200] "GET /uploads/pdfs/reumannplatz/10279105_B-L.pdf HTTP/1.1" 301 323 "-" "Mozilla/5.0 (compatible; Googlebot/2.1; +http://www.google.com/bot.html)"
66.249.76.80 - - [24/Oct/2017:07:27:40 +0200] "GET /uploads/pdfs/reumannplatz/10279105_B-L.pdf HTTP/1.1" 200 29825 "-" "Mozilla/5.0 (compatible; Googlebot/2.1; +http://www.google.com/bot.html)"
91.118.143.194 - - [24/Oct/2017:07:27:46 +0200] "GET /st.poelten HTTP/1.1" 200 2945 "https://www.easydrivers.at/fahrschulen/niederoesterreich" "Mozilla/5.0 (Linux; Android 7.0; SM-A320FL Build/NRD90M) AppleWebKit/537.36 (KHTML, like Gecko) Chrome/61.0.3163.98 Mobile Safari/537.36"
40.77.167.88 - - [24/Oct/2017:07:27:50 +0200] "GET /amstetten/abendkurs-feb18?FS=A2BF HTTP/1.1" 200 6010 "-" "Mozilla/5.0 (compatible; bingbot/2.0; +http://www.bing.com/bingbot.htm)"
91.118.143.194 - - [24/Oct/2017:07:27:52 +0200] "GET /st.poelten/kurse HTTP/1.1" 200 3123 "https://www.easydrivers.at/st.poelten" "Mozilla/5.0 (Linux; Android 7.0; SM-A320FL Build/NRD90M) AppleWebKit/537.36 (KHTML, like Gecko) Chrome/61.0.3163.98 Mobile Safari/537.36"
91.118.143.194 - - [24/Oct/2017:07:27:55 +0200] "POST /loadkursliste HTTP/1.1" 200 490 "https://www.easydrivers.at/st.poelten/kurse" "Mozilla/5.0 (Linux; Android 7.0; SM-A320FL Build/NRD90M) AppleWebKit/537.36 (KHTML, like Gecko) Chrome/61.0.3163.98 Mobile Safari/537.36"
66.249.76.74 - - [24/Oct/2017:07:27:58 +0200] "GET /uploads/pdfs/skarabela.gross-enzersdorf/10275381_CCE.pdf HTTP/1.1" 301 335 "-" "Mozilla/5.0 (compatible; Googlebot/2.1; +http://www.google.com/bot.html)"
66.249.66.3 - - [24/Oct/2017:07:27:59 +0200] "GET /uploads/pdfs/skarabela.gross-enzersdorf/10275381_CCE.pdf HTTP/1.1" 200 28725 "-" "Mozilla/5.0 (compatible; Googlebot/2.1; +http://www.google.com/bot.html)"
91.118.143.194 - - [24/Oct/2017:07:28:06 +0200] "POST /loadkursliste HTTP/1.1" 200 526 "https://www.easydrivers.at/st.poelten/kurse" "Mozilla/5.0 (Linux; Android 7.0; SM-A320FL Build/NRD90M) AppleWebKit/537.36 (KHTML, like Gecko) Chrome/61.0.3163.98 Mobile Safari/537.36"
178.191.56.187 - - [24/Oct/2017:07:28:11 +0200] "GET /guessing HTTP/1.1" 301 298 "http://m.facebook.com" "Mozilla/5.0 (iPhone; CPU iPhone OS 11_0_1 like Mac OS X) AppleWebKit/604.1.38 (KHTML, like Gecko) Mobile/15A402 [FBAN/FBIOS;FBAV/146.0.0.73.91;FBBV/75938921;FBDV/iPhone9,3;FBMD/iPhone;FBSN/iOS;FBSV/11.0.1;FBSS/2;FBCR/A1;FBID/phone;FBLC/de_DE;FBOP/5;FBRV/75938921]"
178.191.56.187 - - [24/Oct/2017:07:28:11 +0200] "GET /guessing HTTP/1.1" 200 2945 "http://m.facebook.com" "Mozilla/5.0 (iPhone; CPU iPhone OS 11_0_1 like Mac OS X) AppleWebKit/604.1.38 (KHTML, like Gecko) Mobile/15A402 [FBAN/FBIOS;FBAV/146.0.0.73.91;FBBV/75938921;FBDV/iPhone9,3;FBMD/iPhone;FBSN/iOS;FBSV/11.0.1;FBSS/2;FBCR/A1;FBID/phone;FBLC/de_DE;FBOP/5;FBRV/75938921]"
178.191.56.187 - - [24/Oct/2017:07:28:14 +0200] "GET /img/mobile/easydrivers-logo-mobile.png HTTP/1.1" 301 312 "-" "Mozilla/5.0 (iPhone; CPU iPhone OS 11_0_1 like Mac OS X) AppleWebKit/604.1.38 (KHTML, like Gecko) Mobile/15A402 [FBAN/FBIOS;FBAV/146.0.0.73.91;FBBV/75938921;FBDV/iPhone9,3;FBMD/iPhone;FBSN/iOS;FBSV/11.0.1;FBSS/2;FBCR/A1;FBID/phone;FBLC/de_DE;FBOP/5;FBRV/75938921]"
178.191.56.187 - - [24/Oct/2017:07:28:14 +0200] "GET /img/mobile/easydrivers-logo-mobile.png HTTP/1.1" 200 10766 "-" "Mozilla/5.0 (iPhone; CPU iPhone OS 11_0_1 like Mac OS X) AppleWebKit/604.1.38 (KHTML, like Gecko) Mobile/15A402 [FBAN/FBIOS;FBAV/146.0.0.73.91;FBBV/75938921;FBDV/iPhone9,3;FBMD/iPhone;FBSN/iOS;FBSV/11.0.1;FBSS/2;FBCR/A1;FBID/phone;FBLC/de_DE;FBOP/5;FBRV/75938921]"
66.249.76.76 - - [24/Oct/2017:07:28:16 +0200] "GET /klagenfurt/10248829 HTTP/1.1" 301 308 "-" "Mozilla/5.0 (compatible; Googlebot/2.1; +http://www.google.com/bot.html)"
66.249.66.3 - - [24/Oct/2017:07:28:17 +0200] "GET /klagenfurt/10248829 HTTP/1.1" 200 3061 "-" "Mozilla/5.0 (compatible; Googlebot/2.1; +http://www.google.com/bot.html)"
91.118.143.194 - - [24/Oct/2017:07:28:18 +0200] "POST /loadkursliste HTTP/1.1" 200 486 "https://www.easydrivers.at/st.poelten/kurse" "Mozilla/5.0 (Linux; Android 7.0; SM-A320FL Build/NRD90M) AppleWebKit/537.36 (KHTML, like Gecko) Chrome/61.0.3163.98 Mobile Safari/537.36"
193.81.172.10 - - [24/Oct/2017:07:28:24 +0200] "GET /guessing HTTP/1.1" 301 298 "http://m.facebook.com" "Mozilla/5.0 (iPhone; CPU iPhone OS 11_0_3 like Mac OS X) AppleWebKit/604.1.38 (KHTML, like Gecko) Mobile/15A432 [FBAN/FBIOS;FBAV/146.0.0.73.91;FBBV/75938921;FBDV/iPhone8,1;FBMD/iPhone;FBSN/iOS;FBSV/11.0.3;FBSS/2;FBCR/A1;FBID/phone;FBLC/de_DE;FBOP/5;FBRV/75938921]"
193.81.172.10 - - [24/Oct/2017:07:28:24 +0200] "GET /guessing HTTP/1.1" 200 2945 "http://m.facebook.com" "Mozilla/5.0 (iPhone; CPU iPhone OS 11_0_3 like Mac OS X) AppleWebKit/604.1.38 (KHTML, like Gecko) Mobile/15A432 [FBAN/FBIOS;FBAV/146.0.0.73.91;FBBV/75938921;FBDV/iPhone8,1;FBMD/iPhone;FBSN/iOS;FBSV/11.0.3;FBSS/2;FBCR/A1;FBID/phone;FBLC/de_DE;FBOP/5;FBRV/75938921]"
66.249.66.31 - - [24/Oct/2017:07:28:35 +0200] "GET /uploads/pdfs/scheibbs/10249572_A2BF.pdf HTTP/1.1" 301 319 "-" "Mozilla/5.0 (compatible; Googlebot/2.1; +http://www.google.com/bot.html)"
66.249.66.3 - - [24/Oct/2017:07:28:35 +0200] "GET /uploads/pdfs/scheibbs/10249572_A2BF.pdf HTTP/1.1" 200 32855 "-" "Mozilla/5.0 (compatible; Googlebot/2.1; +http://www.google.com/bot.html)"
178.191.56.187 - - [24/Oct/2017:07:28:44 +0200] "GET /img/mobile/menu-button.png HTTP/1.1" 301 311 "-" "Mozilla/5.0 (iPhone; CPU iPhone OS 11_0_1 like Mac OS X) AppleWebKit/604.1.38 (KHTML, like Gecko) Mobile/15A402 [FBAN/FBIOS;FBAV/146.0.0.73.91;FBBV/75938921;FBDV/iPhone9,3;FBMD/iPhone;FBSN/iOS;FBSV/11.0.1;FBSS/2;FBCR/A1;FBID/phone;FBLC/de_DE;FBOP/5;FBRV/75938921]"
178.191.56.187 - - [24/Oct/2017:07:28:44 +0200] "GET /img/mobile/menu-button.png HTTP/1.1" 200 1746 "-" "Mozilla/5.0 (iPhone; CPU iPhone OS 11_0_1 like Mac OS X) AppleWebKit/604.1.38 (KHTML, like Gecko) Mobile/15A402 [FBAN/FBIOS;FBAV/146.0.0.73.91;FBBV/75938921;FBDV/iPhone9,3;FBMD/iPhone;FBSN/iOS;FBSV/11.0.1;FBSS/2;FBCR/A1;FBID/phone;FBLC/de_DE;FBOP/5;FBRV/75938921]"
40.77.167.88 - - [24/Oct/2017:07:28:51 +0200] "GET /bruck.leitha/10290924?FS=BPlus HTTP/1.1" 301 316 "-" "Mozilla/5.0 (compatible; bingbot/2.0; +http://www.bing.com/bingbot.htm)"
66.249.66.30 - - [24/Oct/2017:07:28:53 +0200] "GET /uploads/pdfs/kapfenberg.pankl/10260061_C111.pdf HTTP/1.1" 301 327 "-" "Mozilla/5.0 (compatible; Googlebot/2.1; +http://www.google.com/bot.html)"
66.249.66.3 - - [24/Oct/2017:07:28:54 +0200] "GET /uploads/pdfs/kapfenberg.pankl/10260061_C111.pdf HTTP/1.1" 200 26943 "-" "Mozilla/5.0 (compatible; Googlebot/2.1; +http://www.google.com/bot.html)"
91.119.16.91 - - [24/Oct/2017:07:28:57 +0200] "GET /guessing/kurse HTTP/1.1" 200 3530 "https://www.easydrivers.at/guessing/10284413?FS=BZ" "Mozilla/5.0 (Linux; Android 5.1.1; SM-J120FN Build/LMY47X; wv) AppleWebKit/537.36 (KHTML, like Gecko) Version/4.0 Chrome/61.0.3163.98 Mobile Safari/537.36 [FB_IAB/FB4A;FBAV/147.0.0.44.75;]"
91.119.16.91 - - [24/Oct/2017:07:29:00 +0200] "POST /loadkursliste HTTP/1.1" 200 459 "https://www.easydrivers.at/guessing/kurse" "Mozilla/5.0 (Linux; Android 5.1.1; SM-J120FN Build/LMY47X; wv) AppleWebKit/537.36 (KHTML, like Gecko) Version/4.0 Chrome/61.0.3163.98 Mobile Safari/537.36 [FB_IAB/FB4A;FBAV/147.0.0.44.75;]"
66.249.66.30 - - [24/Oct/2017:07:29:11 +0200] "GET /uploads/pdfs/amstetten/mopedkurs_august_2_AM.pdf HTTP/1.1" 301 327 "-" "Mozilla/5.0 (compatible; Googlebot/2.1; +http://www.google.com/bot.html)"
66.249.66.3 - - [24/Oct/2017:07:29:12 +0200] "GET /uploads/pdfs/amstetten/mopedkurs_august_2_AM.pdf HTTP/1.1" 200 27547 "-" "Mozilla/5.0 (compatible; Googlebot/2.1; +http://www.google.com/bot.html)"
85.16.77.129 - - [24/Oct/2017:07:29:12 +0200] "GET /binaries/easy-drivers-pankl-mariazell/fahrpr.pdf HTTP/1.1" 200 193072 "https://www.google.de/" "Mozilla/5.0 (iPhone; CPU iPhone OS 10_3_3 like Mac OS X) AppleWebKit/603.3.8 (KHTML, like Gecko) Version/10.0 Mobile/14G60 Safari/602.1"
91.119.16.91 - - [24/Oct/2017:07:29:17 +0200] "POST /loadkursliste HTTP/1.1" 200 468 "https://www.easydrivers.at/guessing/kurse" "Mozilla/5.0 (Linux; Android 5.1.1; SM-J120FN Build/LMY47X; wv) AppleWebKit/537.36 (KHTML, like Gecko) Version/4.0 Chrome/61.0.3163.98 Mobile Safari/537.36 [FB_IAB/FB4A;FBAV/147.0.0.44.75;]"
91.119.16.91 - - [24/Oct/2017:07:29:22 +0200] "GET /guessing/10284413?FS=AM-M HTTP/1.1" 200 3121 "https://www.easydrivers.at/guessing/kurse" "Mozilla/5.0 (Linux; Android 5.1.1; SM-J120FN Build/LMY47X; wv) AppleWebKit/537.36 (KHTML, like Gecko) Version/4.0 Chrome/61.0.3163.98 Mobile Safari/537.36 [FB_IAB/FB4A;FBAV/147.0.0.44.75;]"
91.118.143.194 - - [24/Oct/2017:07:29:23 +0200] "GET /st.poelten/10282972?FS=B HTTP/1.1" 200 3181 "https://www.easydrivers.at/st.poelten/kurse" "Mozilla/5.0 (Linux; Android 7.0; SM-A320FL Build/NRD90M) AppleWebKit/537.36 (KHTML, like Gecko) Chrome/61.0.3163.98 Mobile Safari/537.36"
66.249.76.76 - - [24/Oct/2017:07:29:29 +0200] "GET /binaries/easy-drivers-bad-aussee-au/fahrtenprotokollpdf.pdf HTTP/1.1" 301 328 "-" "Mozilla/5.0 (compatible; Googlebot/2.1; +http://www.google.com/bot.html)"
66.249.76.82 - - [24/Oct/2017:07:29:30 +0200] "GET /binaries/easy-drivers-bad-aussee-au/fahrtenprotokollpdf.pdf HTTP/1.1" 200 125084 "-" "Mozilla/5.0 (compatible; Googlebot/2.1; +http://www.google.com/bot.html)"
178.165.130.131 - - [24/Oct/2017:07:29:33 +0200] "GET /fuehrerscheine/mofa HTTP/1.1" 301 304 "https://www.google.at/" "Mozilla/5.0 (Linux; Android 6.0.1; SAMSUNG SM-J510FN Build/MMB29M) AppleWebKit/537.36 (KHTML, like Gecko) SamsungBrowser/5.4 Chrome/51.0.2704.106 Mobile Safari/537.36"
178.165.130.131 - - [24/Oct/2017:07:29:33 +0200] "GET /fuehrerscheine/mofa HTTP/1.1" 200 2993 "https://www.google.at/" "Mozilla/5.0 (Linux; Android 6.0.1; SAMSUNG SM-J510FN Build/MMB29M) AppleWebKit/537.36 (KHTML, like Gecko) SamsungBrowser/5.4 Chrome/51.0.2704.106 Mobile Safari/537.36"
178.165.130.131 - - [24/Oct/2017:07:29:35 +0200] "GET /css/mobile.css HTTP/1.1" 200 2852 "https://www.easydrivers.at/fuehrerscheine/mofa" "Mozilla/5.0 (Linux; Android 6.0.1; SAMSUNG SM-J510FN Build/MMB29M) AppleWebKit/537.36 (KHTML, like Gecko) SamsungBrowser/5.4 Chrome/51.0.2704.106 Mobile Safari/537.36"
178.165.130.131 - - [24/Oct/2017:07:29:35 +0200] "GET /javascript/jquery.cookie.js HTTP/1.1" 200 863 "https://www.easydrivers.at/fuehrerscheine/mofa" "Mozilla/5.0 (Linux; Android 6.0.1; SAMSUNG SM-J510FN Build/MMB29M) AppleWebKit/537.36 (KHTML, like Gecko) SamsungBrowser/5.4 Chrome/51.0.2704.106 Mobile Safari/537.36"
178.165.130.131 - - [24/Oct/2017:07:29:35 +0200] "GET /javascript/jquery-1.9.1.min.js HTTP/1.1" 200 32731 "https://www.easydrivers.at/fuehrerscheine/mofa" "Mozilla/5.0 (Linux; Android 6.0.1; SAMSUNG SM-J510FN Build/MMB29M) AppleWebKit/537.36 (KHTML, like Gecko) SamsungBrowser/5.4 Chrome/51.0.2704.106 Mobile Safari/537.36"
178.165.130.131 - - [24/Oct/2017:07:29:35 +0200] "GET /javascript/mobile-menu.js HTTP/1.1" 200 1634 "https://www.easydrivers.at/fuehrerscheine/mofa" "Mozilla/5.0 (Linux; Android 6.0.1; SAMSUNG SM-J510FN Build/MMB29M) AppleWebKit/537.36 (KHTML, like Gecko) SamsungBrowser/5.4 Chrome/51.0.2704.106 Mobile Safari/537.36"
178.165.130.131 - - [24/Oct/2017:07:29:35 +0200] "GET /javascript/jquery.simplemodal.js HTTP/1.1" 200 3070 "https://www.easydrivers.at/fuehrerscheine/mofa" "Mozilla/5.0 (Linux; Android 6.0.1; SAMSUNG SM-J510FN Build/MMB29M) AppleWebKit/537.36 (KHTML, like Gecko) SamsungBrowser/5.4 Chrome/51.0.2704.106 Mobile Safari/537.36"
178.165.130.131 - - [24/Oct/2017:07:29:35 +0200] "GET /javascript/mobile-license.js HTTP/1.1" 200 216 "https://www.easydrivers.at/fuehrerscheine/mofa" "Mozilla/5.0 (Linux; Android 6.0.1; SAMSUNG SM-J510FN Build/MMB29M) AppleWebKit/537.36 (KHTML, like Gecko) SamsungBrowser/5.4 Chrome/51.0.2704.106 Mobile Safari/537.36"
178.165.130.131 - - [24/Oct/2017:07:29:35 +0200] "GET /javascript/lazyload.js HTTP/1.1" 200 1170 "https://www.easydrivers.at/fuehrerscheine/mofa" "Mozilla/5.0 (Linux; Android 6.0.1; SAMSUNG SM-J510FN Build/MMB29M) AppleWebKit/537.36 (KHTML, like Gecko) SamsungBrowser/5.4 Chrome/51.0.2704.106 Mobile Safari/537.36"
178.165.130.131 - - [24/Oct/2017:07:29:36 +0200] "GET /img/mobile/easydrivers-logo-mobile.png HTTP/1.1" 200 10766 "https://www.easydrivers.at/fuehrerscheine/mofa" "Mozilla/5.0 (Linux; Android 6.0.1; SAMSUNG SM-J510FN Build/MMB29M) AppleWebKit/537.36 (KHTML, like Gecko) SamsungBrowser/5.4 Chrome/51.0.2704.106 Mobile Safari/537.36"
178.165.130.131 - - [24/Oct/2017:07:29:36 +0200] "GET /img/mobile/menu-button.png HTTP/1.1" 200 1746 "https://www.easydrivers.at/fuehrerscheine/mofa" "Mozilla/5.0 (Linux; Android 6.0.1; SAMSUNG SM-J510FN Build/MMB29M) AppleWebKit/537.36 (KHTML, like Gecko) SamsungBrowser/5.4 Chrome/51.0.2704.106 Mobile Safari/537.36"
178.165.130.131 - - [24/Oct/2017:07:29:36 +0200] "GET /img/mobile/close-button.png HTTP/1.1" 200 2411 "https://www.easydrivers.at/fuehrerscheine/mofa" "Mozilla/5.0 (Linux; Android 6.0.1; SAMSUNG SM-J510FN Build/MMB29M) AppleWebKit/537.36 (KHTML, like Gecko) SamsungBrowser/5.4 Chrome/51.0.2704.106 Mobile Safari/537.36"
178.165.130.131 - - [24/Oct/2017:07:29:36 +0200] "GET /img/mobile/facebook-icon.png HTTP/1.1" 200 1902 "https://www.easydrivers.at/fuehrerscheine/mofa" "Mozilla/5.0 (Linux; Android 6.0.1; SAMSUNG SM-J510FN Build/MMB29M) AppleWebKit/537.36 (KHTML, like Gecko) SamsungBrowser/5.4 Chrome/51.0.2704.106 Mobile Safari/537.36"
178.165.130.131 - - [24/Oct/2017:07:29:36 +0200] "GET /img/mobile/bg-header.jpg HTTP/1.1" 200 19741 "https://www.easydrivers.at/css/mobile.css" "Mozilla/5.0 (Linux; Android 6.0.1; SAMSUNG SM-J510FN Build/MMB29M) AppleWebKit/537.36 (KHTML, like Gecko) SamsungBrowser/5.4 Chrome/51.0.2704.106 Mobile Safari/537.36"
178.165.130.131 - - [24/Oct/2017:07:29:36 +0200] "GET /img/mobile/bg-menu.jpg HTTP/1.1" 200 1698 "https://www.easydrivers.at/css/mobile.css" "Mozilla/5.0 (Linux; Android 6.0.1; SAMSUNG SM-J510FN Build/MMB29M) AppleWebKit/537.36 (KHTML, like Gecko) SamsungBrowser/5.4 Chrome/51.0.2704.106 Mobile Safari/537.36"
178.165.130.131 - - [24/Oct/2017:07:29:36 +0200] "GET /img/mobile/bg-yellow.jpg HTTP/1.1" 200 1569 "https://www.easydrivers.at/css/mobile.css" "Mozilla/5.0 (Linux; Android 6.0.1; SAMSUNG SM-J510FN Build/MMB29M) AppleWebKit/537.36 (KHTML, like Gecko) SamsungBrowser/5.4 Chrome/51.0.2704.106 Mobile Safari/537.36"
178.165.130.131 - - [24/Oct/2017:07:29:36 +0200] "GET /img/mobile/weiter-button.png HTTP/1.1" 200 1670 "https://www.easydrivers.at/css/mobile.css" "Mozilla/5.0 (Linux; Android 6.0.1; SAMSUNG SM-J510FN Build/MMB29M) AppleWebKit/537.36 (KHTML, like Gecko) SamsungBrowser/5.4 Chrome/51.0.2704.106 Mobile Safari/537.36"
66.249.76.80 - - [24/Oct/2017:07:29:36 +0200] "GET /uploads/pdfs/wr.neustadt/10279995_BL1796.pdf HTTP/1.1" 200 34327 "-" "Mozilla/5.0 (compatible; Googlebot/2.1; +http://www.google.com/bot.html)"
178.165.130.131 - - [24/Oct/2017:07:29:37 +0200] "GET /img/favicon.ico HTTP/1.1" 301 303 "-" "Mozilla/5.0 (Linux; Android 6.0.1; SAMSUNG SM-J510FN Build/MMB29M) AppleWebKit/537.36 (KHTML, like Gecko) SamsungBrowser/5.4 Chrome/51.0.2704.106 Mobile Safari/537.36"
178.165.130.131 - - [24/Oct/2017:07:29:37 +0200] "GET /img/favicon.ico HTTP/1.1" 404 301 "-" "Mozilla/5.0 (Linux; Android 6.0.1; SAMSUNG SM-J510FN Build/MMB29M) AppleWebKit/537.36 (KHTML, like Gecko) SamsungBrowser/5.4 Chrome/51.0.2704.106 Mobile Safari/537.36"
66.249.66.30 - - [24/Oct/2017:07:29:48 +0200] "GET /uploads/pdfs/kapfenberg.pankl/10260052_CCE95.pdf HTTP/1.1" 301 329 "-" "Mozilla/5.0 (compatible; Googlebot/2.1; +http://www.google.com/bot.html)"
66.249.76.80 - - [24/Oct/2017:07:29:48 +0200] "GET /uploads/pdfs/kapfenberg.pankl/10260052_CCE95.pdf HTTP/1.1" 200 28240 "-" "Mozilla/5.0 (compatible; Googlebot/2.1; +http://www.google.com/bot.html)"
91.118.143.194 - - [24/Oct/2017:07:29:52 +0200] "GET /st.poelten/kurse HTTP/1.1" 200 3123 "https://www.easydrivers.at/st.poelten" "Mozilla/5.0 (Linux; Android 7.0; SM-A320FL Build/NRD90M) AppleWebKit/537.36 (KHTML, like Gecko) Chrome/61.0.3163.98 Mobile Safari/537.36"
91.119.16.91 - - [24/Oct/2017:07:29:52 +0200] "GET /guessing/kurse HTTP/1.1" 200 3530 "https://www.easydrivers.at/guessing/10284413?FS=BZ" "Mozilla/5.0 (Linux; Android 5.1.1; SM-J120FN Build/LMY47X; wv) AppleWebKit/537.36 (KHTML, like Gecko) Version/4.0 Chrome/61.0.3163.98 Mobile Safari/537.36 [FB_IAB/FB4A;FBAV/147.0.0.44.75;]"
91.118.143.194 - - [24/Oct/2017:07:29:54 +0200] "POST /loadkursliste HTTP/1.1" 200 486 "https://www.easydrivers.at/st.poelten/kurse" "Mozilla/5.0 (Linux; Android 7.0; SM-A320FL Build/NRD90M) AppleWebKit/537.36 (KHTML, like Gecko) Chrome/61.0.3163.98 Mobile Safari/537.36"
91.119.16.91 - - [24/Oct/2017:07:29:55 +0200] "POST /loadkursliste HTTP/1.1" 200 468 "https://www.easydrivers.at/guessing/kurse" "Mozilla/5.0 (Linux; Android 5.1.1; SM-J120FN Build/LMY47X; wv) AppleWebKit/537.36 (KHTML, like Gecko) Version/4.0 Chrome/61.0.3163.98 Mobile Safari/537.36 [FB_IAB/FB4A;FBAV/147.0.0.44.75;]"
195.70.108.101 - - [24/Oct/2017:07:29:59 +0200] "GET /fuehrerscheine/lkw HTTP/1.1" 301 304 "https://www.google.at/" "Mozilla/5.0 (iPhone; CPU iPhone OS 10_3_3 like Mac OS X) AppleWebKit/603.3.8 (KHTML, like Gecko) Version/10.0 Mobile/14G60 Safari/602.1"
91.118.143.194 - - [24/Oct/2017:07:29:59 +0200] "POST /loadkursliste HTTP/1.1" 200 490 "https://www.easydrivers.at/st.poelten/kurse" "Mozilla/5.0 (Linux; Android 7.0; SM-A320FL Build/NRD90M) AppleWebKit/537.36 (KHTML, like Gecko) Chrome/61.0.3163.98 Mobile Safari/537.36"
195.70.108.101 - - [24/Oct/2017:07:29:59 +0200] "GET /fuehrerscheine/lkw HTTP/1.1" 200 3734 "https://www.google.at/" "Mozilla/5.0 (iPhone; CPU iPhone OS 10_3_3 like Mac OS X) AppleWebKit/603.3.8 (KHTML, like Gecko) Version/10.0 Mobile/14G60 Safari/602.1"
195.70.108.101 - - [24/Oct/2017:07:30:01 +0200] "GET /javascript/jquery.cookie.js HTTP/1.1" 200 863 "https://www.easydrivers.at/fuehrerscheine/lkw" "Mozilla/5.0 (iPhone; CPU iPhone OS 10_3_3 like Mac OS X) AppleWebKit/603.3.8 (KHTML, like Gecko) Version/10.0 Mobile/14G60 Safari/602.1"
195.70.108.101 - - [24/Oct/2017:07:30:01 +0200] "GET /javascript/mobile-menu.js HTTP/1.1" 200 1634 "https://www.easydrivers.at/fuehrerscheine/lkw" "Mozilla/5.0 (iPhone; CPU iPhone OS 10_3_3 like Mac OS X) AppleWebKit/603.3.8 (KHTML, like Gecko) Version/10.0 Mobile/14G60 Safari/602.1"
195.70.108.101 - - [24/Oct/2017:07:30:01 +0200] "GET /css/mobile.css HTTP/1.1" 200 2852 "https://www.easydrivers.at/fuehrerscheine/lkw" "Mozilla/5.0 (iPhone; CPU iPhone OS 10_3_3 like Mac OS X) AppleWebKit/603.3.8 (KHTML, like Gecko) Version/10.0 Mobile/14G60 Safari/602.1"
195.70.108.101 - - [24/Oct/2017:07:30:01 +0200] "GET /javascript/jquery-1.9.1.min.js HTTP/1.1" 200 32731 "https://www.easydrivers.at/fuehrerscheine/lkw" "Mozilla/5.0 (iPhone; CPU iPhone OS 10_3_3 like Mac OS X) AppleWebKit/603.3.8 (KHTML, like Gecko) Version/10.0 Mobile/14G60 Safari/602.1"
195.70.108.101 - - [24/Oct/2017:07:30:01 +0200] "GET /img/mobile/easydrivers-logo-mobile.png HTTP/1.1" 200 10766 "https://www.easydrivers.at/fuehrerscheine/lkw" "Mozilla/5.0 (iPhone; CPU iPhone OS 10_3_3 like Mac OS X) AppleWebKit/603.3.8 (KHTML, like Gecko) Version/10.0 Mobile/14G60 Safari/602.1"
195.70.108.101 - - [24/Oct/2017:07:30:01 +0200] "GET /javascript/lazyload.js HTTP/1.1" 200 1170 "https://www.easydrivers.at/fuehrerscheine/lkw" "Mozilla/5.0 (iPhone; CPU iPhone OS 10_3_3 like Mac OS X) AppleWebKit/603.3.8 (KHTML, like Gecko) Version/10.0 Mobile/14G60 Safari/602.1"
195.70.108.101 - - [24/Oct/2017:07:30:01 +0200] "GET /javascript/mobile-license.js HTTP/1.1" 200 216 "https://www.easydrivers.at/fuehrerscheine/lkw" "Mozilla/5.0 (iPhone; CPU iPhone OS 10_3_3 like Mac OS X) AppleWebKit/603.3.8 (KHTML, like Gecko) Version/10.0 Mobile/14G60 Safari/602.1"
195.70.108.101 - - [24/Oct/2017:07:30:01 +0200] "GET /javascript/jquery.simplemodal.js HTTP/1.1" 200 3070 "https://www.easydrivers.at/fuehrerscheine/lkw" "Mozilla/5.0 (iPhone; CPU iPhone OS 10_3_3 like Mac OS X) AppleWebKit/603.3.8 (KHTML, like Gecko) Version/10.0 Mobile/14G60 Safari/602.1"
195.70.108.101 - - [24/Oct/2017:07:30:01 +0200] "GET /img/mobile/menu-button.png HTTP/1.1" 200 1746 "https://www.easydrivers.at/fuehrerscheine/lkw" "Mozilla/5.0 (iPhone; CPU iPhone OS 10_3_3 like Mac OS X) AppleWebKit/603.3.8 (KHTML, like Gecko) Version/10.0 Mobile/14G60 Safari/602.1"
195.70.108.101 - - [24/Oct/2017:07:30:01 +0200] "GET /img/mobile/close-button.png HTTP/1.1" 200 2411 "https://www.easydrivers.at/fuehrerscheine/lkw" "Mozilla/5.0 (iPhone; CPU iPhone OS 10_3_3 like Mac OS X) AppleWebKit/603.3.8 (KHTML, like Gecko) Version/10.0 Mobile/14G60 Safari/602.1"
195.70.108.101 - - [24/Oct/2017:07:30:01 +0200] "GET /img/mobile/facebook-icon.png HTTP/1.1" 200 1902 "https://www.easydrivers.at/fuehrerscheine/lkw" "Mozilla/5.0 (iPhone; CPU iPhone OS 10_3_3 like Mac OS X) AppleWebKit/603.3.8 (KHTML, like Gecko) Version/10.0 Mobile/14G60 Safari/602.1"
195.70.108.101 - - [24/Oct/2017:07:30:01 +0200] "GET /img/mobile/bg-header.jpg HTTP/1.1" 200 19741 "https://www.easydrivers.at/fuehrerscheine/lkw" "Mozilla/5.0 (iPhone; CPU iPhone OS 10_3_3 like Mac OS X) AppleWebKit/603.3.8 (KHTML, like Gecko) Version/10.0 Mobile/14G60 Safari/602.1"
195.70.108.101 - - [24/Oct/2017:07:30:01 +0200] "GET /img/mobile/bg-menu.jpg HTTP/1.1" 200 1698 "https://www.easydrivers.at/fuehrerscheine/lkw" "Mozilla/5.0 (iPhone; CPU iPhone OS 10_3_3 like Mac OS X) AppleWebKit/603.3.8 (KHTML, like Gecko) Version/10.0 Mobile/14G60 Safari/602.1"
195.70.108.101 - - [24/Oct/2017:07:30:01 +0200] "GET /img/mobile/weiter-button.png HTTP/1.1" 200 1670 "https://www.easydrivers.at/fuehrerscheine/lkw" "Mozilla/5.0 (iPhone; CPU iPhone OS 10_3_3 like Mac OS X) AppleWebKit/603.3.8 (KHTML, like Gecko) Version/10.0 Mobile/14G60 Safari/602.1"
195.70.108.101 - - [24/Oct/2017:07:30:01 +0200] "GET /img/mobile/bg-yellow.jpg HTTP/1.1" 200 1569 "https://www.easydrivers.at/fuehrerscheine/lkw" "Mozilla/5.0 (iPhone; CPU iPhone OS 10_3_3 like Mac OS X) AppleWebKit/603.3.8 (KHTML, like Gecko) Version/10.0 Mobile/14G60 Safari/602.1"
91.118.143.194 - - [24/Oct/2017:07:30:03 +0200] "GET /st.poelten/10282972?FS=B-L HTTP/1.1" 200 3198 "https://www.easydrivers.at/st.poelten/kurse" "Mozilla/5.0 (Linux; Android 7.0; SM-A320FL Build/NRD90M) AppleWebKit/537.36 (KHTML, like Gecko) Chrome/61.0.3163.98 Mobile Safari/537.36"
66.249.76.78 - - [24/Oct/2017:07:30:06 +0200] "GET /uploads/pdfs/neunkirchen/10274999_DD195-B.pdf HTTP/1.1" 301 326 "-" "Mozilla/5.0 (compatible; Googlebot/2.1; +http://www.google.com/bot.html)"
66.249.66.7 - - [24/Oct/2017:07:30:07 +0200] "GET /uploads/pdfs/neunkirchen/10274999_DD195-B.pdf HTTP/1.1" 200 29083 "-" "Mozilla/5.0 (compatible; Googlebot/2.1; +http://www.google.com/bot.html)"
91.119.16.91 - - [24/Oct/2017:07:30:05 +0200] "GET /guessing/10284410?FS=AM-M HTTP/1.1" 200 3111 "https://www.easydrivers.at/guessing/kurse" "Mozilla/5.0 (Linux; Android 5.1.1; SM-J120FN Build/LMY47X; wv) AppleWebKit/537.36 (KHTML, like Gecko) Version/4.0 Chrome/61.0.3163.98 Mobile Safari/537.36 [FB_IAB/FB4A;FBAV/147.0.0.44.75;]"
195.70.108.101 - - [24/Oct/2017:07:30:15 +0200] "GET /img/mobile/pfeil-links-small.png HTTP/1.1" 200 1065 "https://www.easydrivers.at/fuehrerscheine/lkw" "Mozilla/5.0 (iPhone; CPU iPhone OS 10_3_3 like Mac OS X) AppleWebKit/603.3.8 (KHTML, like Gecko) Version/10.0 Mobile/14G60 Safari/602.1"
195.70.108.101 - - [24/Oct/2017:07:30:15 +0200] "GET /img/mobile/pfeil-rechts-small.png HTTP/1.1" 200 1056 "https://www.easydrivers.at/fuehrerscheine/lkw" "Mozilla/5.0 (iPhone; CPU iPhone OS 10_3_3 like Mac OS X) AppleWebKit/603.3.8 (KHTML, like Gecko) Version/10.0 Mobile/14G60 Safari/602.1"
91.119.16.91 - - [24/Oct/2017:07:30:15 +0200] "GET /guessing/kurse HTTP/1.1" 200 3530 "https://www.easydrivers.at/guessing/10284413?FS=BZ" "Mozilla/5.0 (Linux; Android 5.1.1; SM-J120FN Build/LMY47X; wv) AppleWebKit/537.36 (KHTML, like Gecko) Version/4.0 Chrome/61.0.3163.98 Mobile Safari/537.36 [FB_IAB/FB4A;FBAV/147.0.0.44.75;]"
91.119.16.91 - - [24/Oct/2017:07:30:18 +0200] "POST /loadkursliste HTTP/1.1" 200 468 "https://www.easydrivers.at/guessing/kurse" "Mozilla/5.0 (Linux; Android 5.1.1; SM-J120FN Build/LMY47X; wv) AppleWebKit/537.36 (KHTML, like Gecko) Version/4.0 Chrome/61.0.3163.98 Mobile Safari/537.36 [FB_IAB/FB4A;FBAV/147.0.0.44.75;]"
66.249.66.30 - - [24/Oct/2017:07:30:25 +0200] "GET /uploads/pdfs/oberwart/november_schnellkurs_03.11.14_B-L17.pdf HTTP/1.1" 301 335 "-" "Mozilla/5.0 (compatible; Googlebot/2.1; +http://www.google.com/bot.html)"
66.249.66.3 - - [24/Oct/2017:07:30:25 +0200] "GET /uploads/pdfs/oberwart/november_schnellkurs_03.11.14_B-L17.pdf HTTP/1.1" 200 36435 "-" "Mozilla/5.0 (compatible; Googlebot/2.1; +http://www.google.com/bot.html)"
91.119.16.91 - - [24/Oct/2017:07:30:32 +0200] "POST /loadkursliste HTTP/1.1" 200 464 "https://www.easydrivers.at/guessing/kurse" "Mozilla/5.0 (Linux; Android 5.1.1; SM-J120FN Build/LMY47X; wv) AppleWebKit/537.36 (KHTML, like Gecko) Version/4.0 Chrome/61.0.3163.98 Mobile Safari/537.36 [FB_IAB/FB4A;FBAV/147.0.0.44.75;]"
91.119.16.91 - - [24/Oct/2017:07:30:38 +0200] "GET /guessing/10284410?FS=AM-M1 HTTP/1.1" 200 3120 "https://www.easydrivers.at/guessing/kurse" "Mozilla/5.0 (Linux; Android 5.1.1; SM-J120FN Build/LMY47X; wv) AppleWebKit/537.36 (KHTML, like Gecko) Version/4.0 Chrome/61.0.3163.98 Mobile Safari/537.36 [FB_IAB/FB4A;FBAV/147.0.0.44.75;]"
66.249.66.30 - - [24/Oct/2017:07:30:43 +0200] "GET /uploads/pdfs/moedling/10281768_A2BF.pdf HTTP/1.1" 301 321 "-" "Mozilla/5.0 (compatible; Googlebot/2.1; +http://www.google.com/bot.html)"
66.249.76.80 - - [24/Oct/2017:07:30:43 +0200] "GET /uploads/pdfs/moedling/10281768_A2BF.pdf HTTP/1.1" 200 29653 "-" "Mozilla/5.0 (compatible; Googlebot/2.1; +http://www.google.com/bot.html)"
154.242.135.83 - - [24/Oct/2017:07:30:53 +0200] "GET /wp-login.php HTTP/1.1" 301 399 "-" "Mozilla/5.0 (Windows NT 6.1; WOW64; rv:40.0) Gecko/20100101 Firefox/40.1"
154.242.135.83 - - [24/Oct/2017:07:30:54 +0200] "GET /wp-login.php HTTP/1.1" 404 8398 "-" "Mozilla/5.0 (Windows NT 6.1; WOW64; rv:40.0) Gecko/20100101 Firefox/40.1"
154.242.135.83 - - [24/Oct/2017:07:30:55 +0200] "GET / HTTP/1.1" 301 387 "-" "Mozilla/5.0 (Windows NT 6.1; WOW64; rv:40.0) Gecko/20100101 Firefox/40.1"
154.242.135.83 - - [24/Oct/2017:07:30:56 +0200] "GET / HTTP/1.1" 200 16051 "-" "Mozilla/5.0 (Windows NT 6.1; WOW64; rv:40.0) Gecko/20100101 Firefox/40.1"
66.249.76.74 - - [24/Oct/2017:07:31:01 +0200] "GET /uploads/pdfs/retz/10259471_A2B.pdf HTTP/1.1" 301 318 "-" "Mozilla/5.0 (compatible; Googlebot/2.1; +http://www.google.com/bot.html)"
66.249.66.3 - - [24/Oct/2017:07:31:02 +0200] "GET /uploads/pdfs/retz/10259471_A2B.pdf HTTP/1.1" 200 30274 "-" "Mozilla/5.0 (compatible; Googlebot/2.1; +http://www.google.com/bot.html)"
66.249.66.30 - - [24/Oct/2017:07:31:20 +0200] "GET /uploads/pdfs/am.spitz/10242415_CCE95.pdf HTTP/1.1" 301 322 "-" "Mozilla/5.0 (compatible; Googlebot/2.1; +http://www.google.com/bot.html)"
66.249.66.3 - - [24/Oct/2017:07:31:20 +0200] "GET /uploads/pdfs/am.spitz/10242415_CCE95.pdf HTTP/1.1" 200 30528 "-" "Mozilla/5.0 (compatible; Googlebot/2.1; +http://www.google.com/bot.html)"
91.118.143.194 - - [24/Oct/2017:07:31:21 +0200] "GET /st.poelten/kurse HTTP/1.1" 200 3123 "https://www.easydrivers.at/st.poelten" "Mozilla/5.0 (Linux; Android 7.0; SM-A320FL Build/NRD90M) AppleWebKit/537.36 (KHTML, like Gecko) Chrome/61.0.3163.98 Mobile Safari/537.36"
