66.249.76.76 - - [24/Oct/2017:04:53:20 +0200] "GET /uploads/pdfs/kapfenberg.pankl/10260070_BZ.pdf HTTP/1.1" 301 327 "-" "Mozilla/5.0 (compatible; Googlebot/2.1; +http://www.google.com/bot.html)"
66.249.76.82 - - [24/Oct/2017:04:53:20 +0200] "GET /uploads/pdfs/kapfenberg.pankl/10260070_BZ.pdf HTTP/1.1" 200 26884 "-" "Mozilla/5.0 (compatible; Googlebot/2.1; +http://www.google.com/bot.html)"
66.249.76.74 - - [24/Oct/2017:04:53:38 +0200] "GET /uploads/pdfs/schwechat/10229909_A1L17.pdf HTTP/1.1" 301 321 "-" "Mozilla/5.0 (compatible; Googlebot/2.1; +http://www.google.com/bot.html)"
66.249.66.3 - - [24/Oct/2017:04:53:39 +0200] "GET /uploads/pdfs/schwechat/10229909_A1L17.pdf HTTP/1.1" 200 38138 "-" "Mozilla/5.0 (compatible; Googlebot/2.1; +http://www.google.com/bot.html)"
66.249.76.74 - - [24/Oct/2017:04:53:56 +0200] "GET /uploads/pdfs/neunkirchen/Abendkurs-2014-11-11_B.pdf HTTP/1.1" 301 328 "-" "Mozilla/5.0 (compatible; Googlebot/2.1; +http://www.google.com/bot.html)"
66.249.66.3 - - [24/Oct/2017:04:53:57 +0200] "GET /uploads/pdfs/neunkirchen/Abendkurs-2014-11-11_B.pdf HTTP/1.1" 200 31183 "-" "Mozilla/5.0 (compatible; Googlebot/2.1; +http://www.google.com/bot.html)"
207.46.13.133 - - [24/Oct/2017:04:54:03 +0200] "GET /binaries/easy-drivers-rudi-dornbirn/karitnig-heinzjpg.jpg HTTP/1.1" 301 329 "-" "Mozilla/5.0 (compatible; bingbot/2.0; +http://www.bing.com/bingbot.htm)"
180.76.15.14 - - [24/Oct/2017:04:54:05 +0200] "GET / HTTP/1.1" 301 295 "-" "Mozilla/5.0 (compatible; Baiduspider/2.0; +http://www.baidu.com/search/spider.html)"
180.76.15.152 - - [24/Oct/2017:04:54:07 +0200] "GET / HTTP/1.1" 200 16051 "-" "Mozilla/5.0 (compatible; Baiduspider/2.0; +http://www.baidu.com/search/spider.html)"
66.249.76.74 - - [24/Oct/2017:04:54:15 +0200] "GET /uploads/pdfs/dornbirn/10248227_CCE.pdf HTTP/1.1" 301 320 "-" "Mozilla/5.0 (compatible; Googlebot/2.1; +http://www.google.com/bot.html)"
66.249.76.84 - - [24/Oct/2017:04:54:15 +0200] "GET /uploads/pdfs/dornbirn/10248227_CCE.pdf HTTP/1.1" 200 32543 "-" "Mozilla/5.0 (compatible; Googlebot/2.1; +http://www.google.com/bot.html)"
136.243.9.138 - - [24/Oct/2017:04:54:17 +0200] "GET /perg HTTP/1.1" 301 391 "-" "-"
136.243.9.138 - - [24/Oct/2017:04:54:17 +0200] "GET /perg HTTP/1.1" 200 11553 "-" "-"
207.46.13.133 - - [24/Oct/2017:04:54:06 +0200] "GET /binaries/easy-drivers-rudi-dornbirn/karitnig-heinzjpg.jpg HTTP/1.1" 200 5778208 "-" "Mozilla/5.0 (compatible; bingbot/2.0; +http://www.bing.com/bingbot.htm)"
66.249.76.76 - - [24/Oct/2017:04:54:33 +0200] "GET /uploads/pdfs/hartberg/Mopedkurs-29-09-2015_A1.pdf HTTP/1.1" 301 329 "-" "Mozilla/5.0 (compatible; Googlebot/2.1; +http://www.google.com/bot.html)"
66.249.66.3 - - [24/Oct/2017:04:54:34 +0200] "GET /uploads/pdfs/hartberg/Mopedkurs-29-09-2015_A1.pdf HTTP/1.1" 200 30962 "-" "Mozilla/5.0 (compatible; Googlebot/2.1; +http://www.google.com/bot.html)"
104.154.140.12 - - [24/Oct/2017:04:54:37 +0200] "GET / HTTP/1.1" 301 294 "-" "Mozilla/5.0 (X11; Linux x86_64) AppleWebKit/537.36 (KHTML, like Gecko) Chrome/64.0.3248.0 Safari/537.36"
104.154.140.12 - - [24/Oct/2017:04:54:38 +0200] "GET / HTTP/1.1" 200 4425 "-" "Mozilla/5.0 (X11; Linux x86_64) AppleWebKit/537.36 (KHTML, like Gecko) Chrome/64.0.3248.0 Safari/537.36"
66.249.76.74 - - [24/Oct/2017:04:54:51 +0200] "GET /uploads/pdfs/bludenz/Grundkurs-B-2014-11-25_B.pdf HTTP/1.1" 301 330 "-" "Mozilla/5.0 (compatible; Googlebot/2.1; +http://www.google.com/bot.html)"
66.249.66.3 - - [24/Oct/2017:04:54:52 +0200] "GET /uploads/pdfs/bludenz/Grundkurs-B-2014-11-25_B.pdf HTTP/1.1" 200 32606 "-" "Mozilla/5.0 (compatible; Googlebot/2.1; +http://www.google.com/bot.html)"
40.77.167.88 - - [24/Oct/2017:04:54:53 +0200] "GET /ennstal.bad.aussee/team HTTP/1.1" 301 307 "-" "Mozilla/5.0 (compatible; bingbot/2.0; +http://www.bing.com/bingbot.htm)"
40.77.167.13 - - [24/Oct/2017:04:54:58 +0200] "GET /binaries/easy-drivers---skarabela-gro/zoejpg-1.jpg HTTP/1.1" 301 324 "-" "Mozilla/5.0 (compatible; bingbot/2.0; +http://www.bing.com/bingbot.htm)"
195.212.98.190 - - [24/Oct/2017:04:55:02 +0200] "GET /binaries/easy-drivers-portal/moped2jpg.jpg HTTP/1.1" 301 429 "-" "Mozilla/4.0 (compatible;)"
40.77.167.13 - - [24/Oct/2017:04:55:02 +0200] "GET /binaries/easy-drivers---skarabela-gro/zoejpg-1.jpg HTTP/1.1" 200 141441 "-" "Mozilla/5.0 (compatible; bingbot/2.0; +http://www.bing.com/bingbot.htm)"
66.249.76.74 - - [24/Oct/2017:04:55:28 +0200] "GET /uploads/pdfs/am.spitz/10242412_CCE95.pdf HTTP/1.1" 301 322 "-" "Mozilla/5.0 (compatible; Googlebot/2.1; +http://www.google.com/bot.html)"
66.249.66.3 - - [24/Oct/2017:04:55:29 +0200] "GET /uploads/pdfs/am.spitz/10242412_CCE95.pdf HTTP/1.1" 200 30683 "-" "Mozilla/5.0 (compatible; Googlebot/2.1; +http://www.google.com/bot.html)"
66.249.66.30 - - [24/Oct/2017:04:55:46 +0200] "GET /uploads/pdfs/ybbs/10259162_BZ.pdf HTTP/1.1" 301 317 "-" "Mozilla/5.0 (compatible; Googlebot/2.1; +http://www.google.com/bot.html)"
66.249.76.80 - - [24/Oct/2017:04:55:47 +0200] "GET /uploads/pdfs/ybbs/10259162_BZ.pdf HTTP/1.1" 200 26996 "-" "Mozilla/5.0 (compatible; Googlebot/2.1; +http://www.google.com/bot.html)"
185.69.244.15 - - [24/Oct/2017:04:55:48 +0200] "GET /guessing HTTP/1.1" 301 298 "http://m.facebook.com/" "Mozilla/5.0 (Linux; Android 7.0; K6000 Plus Build/NRD90M; wv) AppleWebKit/537.36 (KHTML, like Gecko) Version/4.0 Chrome/61.0.3163.98 Mobile Safari/537.36 [FB_IAB/FB4A;FBAV/146.0.0.53.92;]"
185.69.244.15 - - [24/Oct/2017:04:55:48 +0200] "GET /guessing HTTP/1.1" 200 2945 "http://m.facebook.com/" "Mozilla/5.0 (Linux; Android 7.0; K6000 Plus Build/NRD90M; wv) AppleWebKit/537.36 (KHTML, like Gecko) Version/4.0 Chrome/61.0.3163.98 Mobile Safari/537.36 [FB_IAB/FB4A;FBAV/146.0.0.53.92;]"
192.164.152.156 - - [24/Oct/2017:04:55:56 +0200] "GET / HTTP/1.1" 200 3579 "https://www.google.at/" "Mozilla/5.0 (iPhone; CPU iPhone OS 10_3_3 like Mac OS X) AppleWebKit/603.3.8 (KHTML, like Gecko) Version/10.0 Mobile/14G60 Safari/602.1"
193.83.104.145 - - [24/Oct/2017:04:56:03 +0200] "GET / HTTP/1.1" 301 293 "http://www.google.at/url?sa=t&rct=j&q=&esrc=s&source=web&cd=1&ved=0ahUKEwjSh6efoYjXAhVqAsAKHdukC0oQFggnMAA&url=http%3A%2F%2Fwww.easydrivers.at%2F&usg=AOvVaw3qGQTjaV0Bi5YFnjKsLONT" "Mozilla/5.0 (Windows NT 10.0; Win64; x64; Trident/7.0; ASU2JS; rv:11.0) like Gecko"
66.249.76.78 - - [24/Oct/2017:04:56:05 +0200] "GET /uploads/pdfs/voesendorf/10281942_A2B.pdf HTTP/1.1" 301 321 "-" "Mozilla/5.0 (compatible; Googlebot/2.1; +http://www.google.com/bot.html)"
66.249.76.80 - - [24/Oct/2017:04:56:05 +0200] "GET /uploads/pdfs/voesendorf/10281942_A2B.pdf HTTP/1.1" 200 30065 "-" "Mozilla/5.0 (compatible; Googlebot/2.1; +http://www.google.com/bot.html)"
193.83.104.145 - - [24/Oct/2017:04:56:04 +0200] "GET / HTTP/1.1" 200 3579 "http://www.google.at/url?sa=t&rct=j&q=&esrc=s&source=web&cd=1&ved=0ahUKEwjSh6efoYjXAhVqAsAKHdukC0oQFggnMAA&url=http%3A%2F%2Fwww.easydrivers.at%2F&usg=AOvVaw3qGQTjaV0Bi5YFnjKsLONT" "Mozilla/5.0 (Windows NT 10.0; Win64; x64; Trident/7.0; ASU2JS; rv:11.0) like Gecko"
40.77.167.13 - - [24/Oct/2017:04:56:14 +0200] "GET /kapfenberg.pankl/pruefungstermine HTTP/1.1" 301 317 "-" "Mozilla/5.0 (compatible; bingbot/2.0; +http://www.bing.com/bingbot.htm)"
66.249.76.76 - - [24/Oct/2017:04:56:23 +0200] "GET /uploads/pdfs/gmuend/10259743_BL1796.pdf HTTP/1.1" 301 322 "-" "Mozilla/5.0 (compatible; Googlebot/2.1; +http://www.google.com/bot.html)"
66.249.76.80 - - [24/Oct/2017:04:56:24 +0200] "GET /uploads/pdfs/gmuend/10259743_BL1796.pdf HTTP/1.1" 200 36150 "-" "Mozilla/5.0 (compatible; Googlebot/2.1; +http://www.google.com/bot.html)"
66.249.76.74 - - [24/Oct/2017:04:56:41 +0200] "GET /uploads/pdfs/innsbruck/10258736_B-L.pdf HTTP/1.1" 301 322 "-" "Mozilla/5.0 (compatible; Googlebot/2.1; +http://www.google.com/bot.html)"
66.249.76.80 - - [24/Oct/2017:04:56:42 +0200] "GET /uploads/pdfs/innsbruck/10258736_B-L.pdf HTTP/1.1" 200 31568 "-" "Mozilla/5.0 (compatible; Googlebot/2.1; +http://www.google.com/bot.html)"
157.55.39.113 - - [24/Oct/2017:04:56:50 +0200] "GET /fuehrerscheine/auto/B-L17 HTTP/1.1" 301 309 "-" "Mozilla/5.0 (compatible; bingbot/2.0; +http://www.bing.com/bingbot.htm)"
66.249.66.1 - - [24/Oct/2017:04:57:00 +0200] "GET /uploads/pdfs/easy_drivers_st._peterau/10243392_A2B.pdf HTTP/1.1" 301 327 "-" "Mozilla/5.0 (compatible; Googlebot/2.1; +http://www.google.com/bot.html)"
202.21.100.230 - - [24/Oct/2017:04:57:00 +0200] "GET /wp-login.php HTTP/1.1" 301 399 "-" "Mozilla/5.0 (Windows NT 6.1; WOW64; rv:40.0) Gecko/20100101 Firefox/40.1"
66.249.76.84 - - [24/Oct/2017:04:57:00 +0200] "GET /uploads/pdfs/easy_drivers_st._peterau/10243392_A2B.pdf HTTP/1.1" 200 29614 "-" "Mozilla/5.0 (compatible; Googlebot/2.1; +http://www.google.com/bot.html)"
202.21.100.230 - - [24/Oct/2017:04:57:06 +0200] "GET /wp-login.php HTTP/1.1" 301 399 "-" "Mozilla/5.0 (Windows NT 6.1; WOW64; rv:40.0) Gecko/20100101 Firefox/40.1"
202.21.100.230 - - [24/Oct/2017:04:57:13 +0200] "GET / HTTP/1.1" 301 387 "-" "Mozilla/5.0 (Windows NT 6.1; WOW64; rv:40.0) Gecko/20100101 Firefox/40.1"
66.249.66.31 - - [24/Oct/2017:04:57:18 +0200] "GET /uploads/pdfs/neunkirchen/Abendkurs_13.01.2015_AM.pdf HTTP/1.1" 301 330 "-" "Mozilla/5.0 (compatible; Googlebot/2.1; +http://www.google.com/bot.html)"
66.249.76.80 - - [24/Oct/2017:04:57:19 +0200] "GET /uploads/pdfs/neunkirchen/Abendkurs_13.01.2015_AM.pdf HTTP/1.1" 200 32454 "-" "Mozilla/5.0 (compatible; Googlebot/2.1; +http://www.google.com/bot.html)"
66.249.66.30 - - [24/Oct/2017:04:57:36 +0200] "GET /uploads/pdfs/berndorf/BE-BZ-1-Einheit-September-2014_BE96.pdf HTTP/1.1" 301 336 "-" "Mozilla/5.0 (compatible; Googlebot/2.1; +http://www.google.com/bot.html)"
66.249.76.80 - - [24/Oct/2017:04:57:37 +0200] "GET /uploads/pdfs/berndorf/BE-BZ-1-Einheit-September-2014_BE96.pdf HTTP/1.1" 200 28885 "-" "Mozilla/5.0 (compatible; Googlebot/2.1; +http://www.google.com/bot.html)"
157.55.39.113 - - [24/Oct/2017:04:57:42 +0200] "GET /wieselburg/kursauswahl HTTP/1.1" 200 3568 "-" "Mozilla/5.0 (compatible; bingbot/2.0; +http://www.bing.com/bingbot.htm)"
66.249.66.30 - - [24/Oct/2017:04:57:55 +0200] "GET /uploads/pdfs/schwechat/10247600_CCE95.pdf HTTP/1.1" 301 322 "-" "Mozilla/5.0 (compatible; Googlebot/2.1; +http://www.google.com/bot.html)"
66.249.76.80 - - [24/Oct/2017:04:57:55 +0200] "GET /uploads/pdfs/schwechat/10247600_CCE95.pdf HTTP/1.1" 200 31026 "-" "Mozilla/5.0 (compatible; Googlebot/2.1; +http://www.google.com/bot.html)"
185.162.47.22 - - [24/Oct/2017:04:58:10 +0200] "GET / HTTP/1.1" 301 294 "-" "Mozilla/5.0 (iPhone; U; CPU iPhone OS 4_2_1 like Mac OS X; en-us) AppleWebKit/533.17.9 (KHTML, like Gecko) Version/5.0.2 Mobile/8C148 Safari/6533.18.5"
185.162.47.22 - - [24/Oct/2017:04:58:10 +0200] "GET / HTTP/1.1" 200 3579 "-" "Mozilla/5.0 (iPhone; U; CPU iPhone OS 4_2_1 like Mac OS X; en-us) AppleWebKit/533.17.9 (KHTML, like Gecko) Version/5.0.2 Mobile/8C148 Safari/6533.18.5"
185.162.47.22 - - [24/Oct/2017:04:58:12 +0200] "GET /javascript/jquery.cookie.js HTTP/1.1" 200 863 "https://www.easydrivers.at/" "Mozilla/5.0 (iPhone; U; CPU iPhone OS 4_2_1 like Mac OS X; en-us) AppleWebKit/533.17.9 (KHTML, like Gecko) Version/5.0.2 Mobile/8C148 Safari/6533.18.5"
185.162.47.22 - - [24/Oct/2017:04:58:12 +0200] "GET /css/mobile.css HTTP/1.1" 200 2852 "https://www.easydrivers.at/" "Mozilla/5.0 (iPhone; U; CPU iPhone OS 4_2_1 like Mac OS X; en-us) AppleWebKit/533.17.9 (KHTML, like Gecko) Version/5.0.2 Mobile/8C148 Safari/6533.18.5"
185.162.47.22 - - [24/Oct/2017:04:58:12 +0200] "GET /javascript/jquery.simplemodal.js HTTP/1.1" 200 3070 "https://www.easydrivers.at/" "Mozilla/5.0 (iPhone; U; CPU iPhone OS 4_2_1 like Mac OS X; en-us) AppleWebKit/533.17.9 (KHTML, like Gecko) Version/5.0.2 Mobile/8C148 Safari/6533.18.5"
185.162.47.22 - - [24/Oct/2017:04:58:12 +0200] "GET /javascript/mobile-menu.js HTTP/1.1" 200 1634 "https://www.easydrivers.at/" "Mozilla/5.0 (iPhone; U; CPU iPhone OS 4_2_1 like Mac OS X; en-us) AppleWebKit/533.17.9 (KHTML, like Gecko) Version/5.0.2 Mobile/8C148 Safari/6533.18.5"
185.162.47.22 - - [24/Oct/2017:04:58:12 +0200] "GET /javascript/jquery-1.9.1.min.js HTTP/1.1" 200 32731 "https://www.easydrivers.at/" "Mozilla/5.0 (iPhone; U; CPU iPhone OS 4_2_1 like Mac OS X; en-us) AppleWebKit/533.17.9 (KHTML, like Gecko) Version/5.0.2 Mobile/8C148 Safari/6533.18.5"
185.162.47.22 - - [24/Oct/2017:04:58:13 +0200] "GET /img/mobile/bg-header.jpg HTTP/1.1" 200 19741 "https://www.easydrivers.at/css/mobile.css" "Mozilla/5.0 (iPhone; U; CPU iPhone OS 4_2_1 like Mac OS X; en-us) AppleWebKit/533.17.9 (KHTML, like Gecko) Version/5.0.2 Mobile/8C148 Safari/6533.18.5"
185.162.47.22 - - [24/Oct/2017:04:58:13 +0200] "GET /javascript/mobile-homesearch.js HTTP/1.1" 200 340 "https://www.easydrivers.at/" "Mozilla/5.0 (iPhone; U; CPU iPhone OS 4_2_1 like Mac OS X; en-us) AppleWebKit/533.17.9 (KHTML, like Gecko) Version/5.0.2 Mobile/8C148 Safari/6533.18.5"
185.162.47.22 - - [24/Oct/2017:04:58:13 +0200] "GET /javascript/lazyload.js HTTP/1.1" 200 1170 "https://www.easydrivers.at/" "Mozilla/5.0 (iPhone; U; CPU iPhone OS 4_2_1 like Mac OS X; en-us) AppleWebKit/533.17.9 (KHTML, like Gecko) Version/5.0.2 Mobile/8C148 Safari/6533.18.5"
185.162.47.22 - - [24/Oct/2017:04:58:13 +0200] "GET /img/mobile/menu-button.png HTTP/1.1" 200 1746 "https://www.easydrivers.at/" "Mozilla/5.0 (iPhone; U; CPU iPhone OS 4_2_1 like Mac OS X; en-us) AppleWebKit/533.17.9 (KHTML, like Gecko) Version/5.0.2 Mobile/8C148 Safari/6533.18.5"
185.162.47.22 - - [24/Oct/2017:04:58:13 +0200] "GET /img/mobile/close-button.png HTTP/1.1" 200 2411 "https://www.easydrivers.at/" "Mozilla/5.0 (iPhone; U; CPU iPhone OS 4_2_1 like Mac OS X; en-us) AppleWebKit/533.17.9 (KHTML, like Gecko) Version/5.0.2 Mobile/8C148 Safari/6533.18.5"
185.162.47.22 - - [24/Oct/2017:04:58:13 +0200] "GET /img/mobile/easydrivers-logo-mobile.png HTTP/1.1" 200 10766 "https://www.easydrivers.at/" "Mozilla/5.0 (iPhone; U; CPU iPhone OS 4_2_1 like Mac OS X; en-us) AppleWebKit/533.17.9 (KHTML, like Gecko) Version/5.0.2 Mobile/8C148 Safari/6533.18.5"
66.249.76.74 - - [24/Oct/2017:04:58:13 +0200] "GET /uploads/pdfs/eisenstadt/B_Kurs_Novermber_BZ.pdf HTTP/1.1" 301 327 "-" "Mozilla/5.0 (compatible; Googlebot/2.1; +http://www.google.com/bot.html)"
185.162.47.22 - - [24/Oct/2017:04:58:13 +0200] "GET /img/mobile/facebook-icon.png HTTP/1.1" 200 1902 "https://www.easydrivers.at/" "Mozilla/5.0 (iPhone; U; CPU iPhone OS 4_2_1 like Mac OS X; en-us) AppleWebKit/533.17.9 (KHTML, like Gecko) Version/5.0.2 Mobile/8C148 Safari/6533.18.5"
185.162.47.22 - - [24/Oct/2017:04:58:13 +0200] "GET /img/mobile/widget-icon-app.png HTTP/1.1" 200 3458 "https://www.easydrivers.at/" "Mozilla/5.0 (iPhone; U; CPU iPhone OS 4_2_1 like Mac OS X; en-us) AppleWebKit/533.17.9 (KHTML, like Gecko) Version/5.0.2 Mobile/8C148 Safari/6533.18.5"
185.162.47.22 - - [24/Oct/2017:04:58:13 +0200] "GET /img/mobile/bg-menu.jpg HTTP/1.1" 200 1698 "https://www.easydrivers.at/css/mobile.css" "Mozilla/5.0 (iPhone; U; CPU iPhone OS 4_2_1 like Mac OS X; en-us) AppleWebKit/533.17.9 (KHTML, like Gecko) Version/5.0.2 Mobile/8C148 Safari/6533.18.5"
185.162.47.22 - - [24/Oct/2017:04:58:13 +0200] "GET /img/mobile/pfeil-rechts.png HTTP/1.1" 200 1228 "https://www.easydrivers.at/css/mobile.css" "Mozilla/5.0 (iPhone; U; CPU iPhone OS 4_2_1 like Mac OS X; en-us) AppleWebKit/533.17.9 (KHTML, like Gecko) Version/5.0.2 Mobile/8C148 Safari/6533.18.5"
185.162.47.22 - - [24/Oct/2017:04:58:13 +0200] "GET /img/mobile/bg-top-section.jpg HTTP/1.1" 200 21711 "https://www.easydrivers.at/css/mobile.css" "Mozilla/5.0 (iPhone; U; CPU iPhone OS 4_2_1 like Mac OS X; en-us) AppleWebKit/533.17.9 (KHTML, like Gecko) Version/5.0.2 Mobile/8C148 Safari/6533.18.5"
66.249.76.82 - - [24/Oct/2017:04:58:14 +0200] "GET /uploads/pdfs/eisenstadt/B_Kurs_Novermber_BZ.pdf HTTP/1.1" 200 29093 "-" "Mozilla/5.0 (compatible; Googlebot/2.1; +http://www.google.com/bot.html)"
185.162.47.22 - - [24/Oct/2017:04:58:27 +0200] "GET /links HTTP/1.1" 200 2067 "-" "Mozilla/5.0 (iPhone; U; CPU iPhone OS 4_2_1 like Mac OS X; en-us) AppleWebKit/533.17.9 (KHTML, like Gecko) Version/5.0.2 Mobile/8C148 Safari/6533.18.5"
185.162.47.22 - - [24/Oct/2017:04:58:29 +0200] "GET /css/mobile.css HTTP/1.1" 200 2852 "https://www.easydrivers.at/links" "Mozilla/5.0 (iPhone; U; CPU iPhone OS 4_2_1 like Mac OS X; en-us) AppleWebKit/533.17.9 (KHTML, like Gecko) Version/5.0.2 Mobile/8C148 Safari/6533.18.5"
185.162.47.22 - - [24/Oct/2017:04:58:29 +0200] "GET /javascript/jquery.cookie.js HTTP/1.1" 200 863 "https://www.easydrivers.at/links" "Mozilla/5.0 (iPhone; U; CPU iPhone OS 4_2_1 like Mac OS X; en-us) AppleWebKit/533.17.9 (KHTML, like Gecko) Version/5.0.2 Mobile/8C148 Safari/6533.18.5"
185.162.47.22 - - [24/Oct/2017:04:58:29 +0200] "GET /javascript/mobile-menu.js HTTP/1.1" 200 1634 "https://www.easydrivers.at/links" "Mozilla/5.0 (iPhone; U; CPU iPhone OS 4_2_1 like Mac OS X; en-us) AppleWebKit/533.17.9 (KHTML, like Gecko) Version/5.0.2 Mobile/8C148 Safari/6533.18.5"
185.162.47.22 - - [24/Oct/2017:04:58:29 +0200] "GET /javascript/jquery.simplemodal.js HTTP/1.1" 200 3070 "https://www.easydrivers.at/links" "Mozilla/5.0 (iPhone; U; CPU iPhone OS 4_2_1 like Mac OS X; en-us) AppleWebKit/533.17.9 (KHTML, like Gecko) Version/5.0.2 Mobile/8C148 Safari/6533.18.5"
185.162.47.22 - - [24/Oct/2017:04:58:29 +0200] "GET /javascript/jquery-1.9.1.min.js HTTP/1.1" 200 32731 "https://www.easydrivers.at/links" "Mozilla/5.0 (iPhone; U; CPU iPhone OS 4_2_1 like Mac OS X; en-us) AppleWebKit/533.17.9 (KHTML, like Gecko) Version/5.0.2 Mobile/8C148 Safari/6533.18.5"
185.162.47.22 - - [24/Oct/2017:04:58:30 +0200] "GET /javascript/lazyload.js HTTP/1.1" 200 1170 "https://www.easydrivers.at/links" "Mozilla/5.0 (iPhone; U; CPU iPhone OS 4_2_1 like Mac OS X; en-us) AppleWebKit/533.17.9 (KHTML, like Gecko) Version/5.0.2 Mobile/8C148 Safari/6533.18.5"
185.162.47.22 - - [24/Oct/2017:04:58:30 +0200] "GET /img/mobile/easydrivers-logo-mobile.png HTTP/1.1" 200 10766 "https://www.easydrivers.at/links" "Mozilla/5.0 (iPhone; U; CPU iPhone OS 4_2_1 like Mac OS X; en-us) AppleWebKit/533.17.9 (KHTML, like Gecko) Version/5.0.2 Mobile/8C148 Safari/6533.18.5"
185.162.47.22 - - [24/Oct/2017:04:58:30 +0200] "GET /img/mobile/menu-button.png HTTP/1.1" 200 1746 "https://www.easydrivers.at/links" "Mozilla/5.0 (iPhone; U; CPU iPhone OS 4_2_1 like Mac OS X; en-us) AppleWebKit/533.17.9 (KHTML, like Gecko) Version/5.0.2 Mobile/8C148 Safari/6533.18.5"
185.162.47.22 - - [24/Oct/2017:04:58:30 +0200] "GET /img/mobile/close-button.png HTTP/1.1" 200 2411 "https://www.easydrivers.at/links" "Mozilla/5.0 (iPhone; U; CPU iPhone OS 4_2_1 like Mac OS X; en-us) AppleWebKit/533.17.9 (KHTML, like Gecko) Version/5.0.2 Mobile/8C148 Safari/6533.18.5"
185.162.47.22 - - [24/Oct/2017:04:58:30 +0200] "GET /img/mobile/facebook-icon.png HTTP/1.1" 200 1902 "https://www.easydrivers.at/links" "Mozilla/5.0 (iPhone; U; CPU iPhone OS 4_2_1 like Mac OS X; en-us) AppleWebKit/533.17.9 (KHTML, like Gecko) Version/5.0.2 Mobile/8C148 Safari/6533.18.5"
185.162.47.22 - - [24/Oct/2017:04:58:30 +0200] "GET /img/mobile/bg-header.jpg HTTP/1.1" 200 19741 "https://www.easydrivers.at/css/mobile.css" "Mozilla/5.0 (iPhone; U; CPU iPhone OS 4_2_1 like Mac OS X; en-us) AppleWebKit/533.17.9 (KHTML, like Gecko) Version/5.0.2 Mobile/8C148 Safari/6533.18.5"
185.162.47.22 - - [24/Oct/2017:04:58:30 +0200] "GET /img/mobile/bg-menu.jpg HTTP/1.1" 200 1698 "https://www.easydrivers.at/css/mobile.css" "Mozilla/5.0 (iPhone; U; CPU iPhone OS 4_2_1 like Mac OS X; en-us) AppleWebKit/533.17.9 (KHTML, like Gecko) Version/5.0.2 Mobile/8C148 Safari/6533.18.5"
66.249.76.76 - - [24/Oct/2017:04:58:31 +0200] "GET /uploads/pdfs/kapfenberg.pankl/10241950_AM.pdf HTTP/1.1" 301 326 "-" "Mozilla/5.0 (compatible; Googlebot/2.1; +http://www.google.com/bot.html)"
66.249.76.80 - - [24/Oct/2017:04:58:32 +0200] "GET /uploads/pdfs/kapfenberg.pankl/10241950_AM.pdf HTTP/1.1" 200 29002 "-" "Mozilla/5.0 (compatible; Googlebot/2.1; +http://www.google.com/bot.html)"
207.46.13.133 - - [24/Oct/2017:04:58:41 +0200] "GET /binaries/easy-drivers-neunkirchen--au/krso17a800jpg.jpg HTTP/1.1" 301 326 "-" "Mozilla/5.0 (compatible; bingbot/2.0; +http://www.bing.com/bingbot.htm)"
207.46.13.133 - - [24/Oct/2017:04:58:43 +0200] "GET /binaries/easy-drivers-neunkirchen--au/krso17a800jpg.jpg HTTP/1.1" 200 143010 "-" "Mozilla/5.0 (compatible; bingbot/2.0; +http://www.bing.com/bingbot.htm)"
185.162.47.22 - - [24/Oct/2017:04:58:44 +0200] "GET / HTTP/1.1" 200 3579 "-" "Mozilla/5.0 (iPhone; U; CPU iPhone OS 4_2_1 like Mac OS X; en-us) AppleWebKit/533.17.9 (KHTML, like Gecko) Version/5.0.2 Mobile/8C148 Safari/6533.18.5"
185.162.47.22 - - [24/Oct/2017:04:58:46 +0200] "GET /css/mobile.css HTTP/1.1" 200 2852 "https://www.easydrivers.at/" "Mozilla/5.0 (iPhone; U; CPU iPhone OS 4_2_1 like Mac OS X; en-us) AppleWebKit/533.17.9 (KHTML, like Gecko) Version/5.0.2 Mobile/8C148 Safari/6533.18.5"
185.162.47.22 - - [24/Oct/2017:04:58:46 +0200] "GET /javascript/jquery.cookie.js HTTP/1.1" 200 863 "https://www.easydrivers.at/" "Mozilla/5.0 (iPhone; U; CPU iPhone OS 4_2_1 like Mac OS X; en-us) AppleWebKit/533.17.9 (KHTML, like Gecko) Version/5.0.2 Mobile/8C148 Safari/6533.18.5"
185.162.47.22 - - [24/Oct/2017:04:58:46 +0200] "GET /javascript/mobile-menu.js HTTP/1.1" 200 1634 "https://www.easydrivers.at/" "Mozilla/5.0 (iPhone; U; CPU iPhone OS 4_2_1 like Mac OS X; en-us) AppleWebKit/533.17.9 (KHTML, like Gecko) Version/5.0.2 Mobile/8C148 Safari/6533.18.5"
185.162.47.22 - - [24/Oct/2017:04:58:46 +0200] "GET /javascript/jquery.simplemodal.js HTTP/1.1" 200 3070 "https://www.easydrivers.at/" "Mozilla/5.0 (iPhone; U; CPU iPhone OS 4_2_1 like Mac OS X; en-us) AppleWebKit/533.17.9 (KHTML, like Gecko) Version/5.0.2 Mobile/8C148 Safari/6533.18.5"
185.162.47.22 - - [24/Oct/2017:04:58:46 +0200] "GET /javascript/jquery-1.9.1.min.js HTTP/1.1" 200 32731 "https://www.easydrivers.at/" "Mozilla/5.0 (iPhone; U; CPU iPhone OS 4_2_1 like Mac OS X; en-us) AppleWebKit/533.17.9 (KHTML, like Gecko) Version/5.0.2 Mobile/8C148 Safari/6533.18.5"
185.162.47.22 - - [24/Oct/2017:04:58:46 +0200] "GET /img/mobile/bg-header.jpg HTTP/1.1" 200 19741 "https://www.easydrivers.at/css/mobile.css" "Mozilla/5.0 (iPhone; U; CPU iPhone OS 4_2_1 like Mac OS X; en-us) AppleWebKit/533.17.9 (KHTML, like Gecko) Version/5.0.2 Mobile/8C148 Safari/6533.18.5"
185.162.47.22 - - [24/Oct/2017:04:58:46 +0200] "GET /javascript/mobile-homesearch.js HTTP/1.1" 200 340 "https://www.easydrivers.at/" "Mozilla/5.0 (iPhone; U; CPU iPhone OS 4_2_1 like Mac OS X; en-us) AppleWebKit/533.17.9 (KHTML, like Gecko) Version/5.0.2 Mobile/8C148 Safari/6533.18.5"
185.162.47.22 - - [24/Oct/2017:04:58:46 +0200] "GET /javascript/lazyload.js HTTP/1.1" 200 1170 "https://www.easydrivers.at/" "Mozilla/5.0 (iPhone; U; CPU iPhone OS 4_2_1 like Mac OS X; en-us) AppleWebKit/533.17.9 (KHTML, like Gecko) Version/5.0.2 Mobile/8C148 Safari/6533.18.5"
185.162.47.22 - - [24/Oct/2017:04:58:46 +0200] "GET /img/mobile/easydrivers-logo-mobile.png HTTP/1.1" 200 10766 "https://www.easydrivers.at/" "Mozilla/5.0 (iPhone; U; CPU iPhone OS 4_2_1 like Mac OS X; en-us) AppleWebKit/533.17.9 (KHTML, like Gecko) Version/5.0.2 Mobile/8C148 Safari/6533.18.5"
185.162.47.22 - - [24/Oct/2017:04:58:46 +0200] "GET /img/mobile/menu-button.png HTTP/1.1" 200 1746 "https://www.easydrivers.at/" "Mozilla/5.0 (iPhone; U; CPU iPhone OS 4_2_1 like Mac OS X; en-us) AppleWebKit/533.17.9 (KHTML, like Gecko) Version/5.0.2 Mobile/8C148 Safari/6533.18.5"
185.162.47.22 - - [24/Oct/2017:04:58:46 +0200] "GET /img/mobile/close-button.png HTTP/1.1" 200 2411 "https://www.easydrivers.at/" "Mozilla/5.0 (iPhone; U; CPU iPhone OS 4_2_1 like Mac OS X; en-us) AppleWebKit/533.17.9 (KHTML, like Gecko) Version/5.0.2 Mobile/8C148 Safari/6533.18.5"
185.162.47.22 - - [24/Oct/2017:04:58:47 +0200] "GET /img/mobile/facebook-icon.png HTTP/1.1" 200 1902 "https://www.easydrivers.at/" "Mozilla/5.0 (iPhone; U; CPU iPhone OS 4_2_1 like Mac OS X; en-us) AppleWebKit/533.17.9 (KHTML, like Gecko) Version/5.0.2 Mobile/8C148 Safari/6533.18.5"
185.162.47.22 - - [24/Oct/2017:04:58:47 +0200] "GET /img/mobile/bg-top-section.jpg HTTP/1.1" 200 21711 "https://www.easydrivers.at/css/mobile.css" "Mozilla/5.0 (iPhone; U; CPU iPhone OS 4_2_1 like Mac OS X; en-us) AppleWebKit/533.17.9 (KHTML, like Gecko) Version/5.0.2 Mobile/8C148 Safari/6533.18.5"
185.162.47.22 - - [24/Oct/2017:04:58:47 +0200] "GET /img/mobile/widget-icon-app.png HTTP/1.1" 200 3458 "https://www.easydrivers.at/" "Mozilla/5.0 (iPhone; U; CPU iPhone OS 4_2_1 like Mac OS X; en-us) AppleWebKit/533.17.9 (KHTML, like Gecko) Version/5.0.2 Mobile/8C148 Safari/6533.18.5"
185.162.47.22 - - [24/Oct/2017:04:58:47 +0200] "GET /img/mobile/bg-menu.jpg HTTP/1.1" 200 1698 "https://www.easydrivers.at/css/mobile.css" "Mozilla/5.0 (iPhone; U; CPU iPhone OS 4_2_1 like Mac OS X; en-us) AppleWebKit/533.17.9 (KHTML, like Gecko) Version/5.0.2 Mobile/8C148 Safari/6533.18.5"
185.162.47.22 - - [24/Oct/2017:04:58:47 +0200] "GET /img/mobile/pfeil-rechts.png HTTP/1.1" 200 1228 "https://www.easydrivers.at/css/mobile.css" "Mozilla/5.0 (iPhone; U; CPU iPhone OS 4_2_1 like Mac OS X; en-us) AppleWebKit/533.17.9 (KHTML, like Gecko) Version/5.0.2 Mobile/8C148 Safari/6533.18.5"
157.55.39.113 - - [24/Oct/2017:04:58:47 +0200] "GET /berndorf/downloads HTTP/1.1" 200 3349 "-" "Mozilla/5.0 (compatible; bingbot/2.0; +http://www.bing.com/bingbot.htm)"
66.249.76.74 - - [24/Oct/2017:04:58:50 +0200] "GET /uploads/pdfs/gmuend/10272075_A.pdf HTTP/1.1" 301 317 "-" "Mozilla/5.0 (compatible; Googlebot/2.1; +http://www.google.com/bot.html)"
66.249.76.80 - - [24/Oct/2017:04:58:50 +0200] "GET /uploads/pdfs/gmuend/10272075_A.pdf HTTP/1.1" 200 29068 "-" "Mozilla/5.0 (compatible; Googlebot/2.1; +http://www.google.com/bot.html)"
66.249.76.74 - - [24/Oct/2017:04:59:08 +0200] "GET /uploads/pdfs/zwettl/10259596_B.pdf HTTP/1.1" 301 317 "-" "Mozilla/5.0 (compatible; Googlebot/2.1; +http://www.google.com/bot.html)"
66.249.66.7 - - [24/Oct/2017:04:59:09 +0200] "GET /uploads/pdfs/zwettl/10259596_B.pdf HTTP/1.1" 200 29375 "-" "Mozilla/5.0 (compatible; Googlebot/2.1; +http://www.google.com/bot.html)"
66.249.66.31 - - [24/Oct/2017:04:59:26 +0200] "GET /uploads/pdfs/dornbirn/10278882_B-L17.pdf HTTP/1.1" 301 322 "-" "Mozilla/5.0 (compatible; Googlebot/2.1; +http://www.google.com/bot.html)"
66.249.76.82 - - [24/Oct/2017:04:59:27 +0200] "GET /uploads/pdfs/dornbirn/10278882_B-L17.pdf HTTP/1.1" 200 36756 "-" "Mozilla/5.0 (compatible; Googlebot/2.1; +http://www.google.com/bot.html)"
66.249.66.30 - - [24/Oct/2017:04:59:45 +0200] "GET /uploads/pdfs/waidhofen.ybbs/AK_09_2015_B-L.pdf HTTP/1.1" 301 327 "-" "Mozilla/5.0 (compatible; Googlebot/2.1; +http://www.google.com/bot.html)"
66.249.76.80 - - [24/Oct/2017:04:59:45 +0200] "GET /uploads/pdfs/waidhofen.ybbs/AK_09_2015_B-L.pdf HTTP/1.1" 200 32849 "-" "Mozilla/5.0 (compatible; Googlebot/2.1; +http://www.google.com/bot.html)"
40.77.167.88 - - [24/Oct/2017:04:59:45 +0200] "GET /binaries/easy-drivers-m/kursplan-edex-2015pdf.pdf HTTP/1.1" 200 403164 "-" "Mozilla/5.0 (compatible; bingbot/2.0; +http://www.bing.com/bingbot.htm)"
66.249.76.76 - - [24/Oct/2017:05:00:03 +0200] "GET /uploads/pdfs/eisenerz.pankl/10243552_AM-M1.pdf HTTP/1.1" 301 327 "-" "Mozilla/5.0 (compatible; Googlebot/2.1; +http://www.google.com/bot.html)"
66.249.66.7 - - [24/Oct/2017:05:00:04 +0200] "GET /uploads/pdfs/eisenerz.pankl/10243552_AM-M1.pdf HTTP/1.1" 200 29165 "-" "Mozilla/5.0 (compatible; Googlebot/2.1; +http://www.google.com/bot.html)"
66.249.76.74 - - [24/Oct/2017:05:00:21 +0200] "GET /uploads/pdfs/hollabrunn/Grundkurs_IV_Sommer_2016_B-L17.pdf HTTP/1.1" 301 336 "-" "Mozilla/5.0 (compatible; Googlebot/2.1; +http://www.google.com/bot.html)"
66.249.76.82 - - [24/Oct/2017:05:00:22 +0200] "GET /uploads/pdfs/hollabrunn/Grundkurs_IV_Sommer_2016_B-L17.pdf HTTP/1.1" 200 35341 "-" "Mozilla/5.0 (compatible; Googlebot/2.1; +http://www.google.com/bot.html)"
66.249.76.74 - - [24/Oct/2017:05:00:40 +0200] "GET /download.php?id=10230054 HTTP/1.1" 301 311 "-" "Mozilla/5.0 (compatible; Googlebot/2.1; +http://www.google.com/bot.html)"
66.249.76.80 - - [24/Oct/2017:05:00:40 +0200] "GET /download.php?id=10230054 HTTP/1.1" 200 56766 "-" "Mozilla/5.0 (compatible; Googlebot/2.1; +http://www.google.com/bot.html)"
66.249.76.74 - - [24/Oct/2017:05:00:58 +0200] "GET /uploads/pdfs/tulln/tk_21.12._B-L17.pdf HTTP/1.1" 301 319 "-" "Mozilla/5.0 (compatible; Googlebot/2.1; +http://www.google.com/bot.html)"
66.249.76.80 - - [24/Oct/2017:05:00:59 +0200] "GET /uploads/pdfs/tulln/tk_21.12._B-L17.pdf HTTP/1.1" 200 34263 "-" "Mozilla/5.0 (compatible; Googlebot/2.1; +http://www.google.com/bot.html)"
68.180.230.187 - - [24/Oct/2017:05:01:01 +0200] "GET /feldkirch/aktionen HTTP/1.1" 301 306 "-" "Mozilla/5.0 (compatible; Yahoo! Slurp; http://help.yahoo.com/help/us/ysearch/slurp)"
37.115.191.27 - - [24/Oct/2017:05:01:04 +0200] "GET / HTTP/1.1" 301 387 "http://spravka-medosmotr.ru/" "Mozilla/4.0 (compatible; MSIE 6.0; Windows NT 5.0; Avant Browser [avantbrowser.com]; Hotbar 4.4.5.0)"
37.115.191.27 - - [24/Oct/2017:05:01:05 +0200] "GET / HTTP/1.1" 301 387 "http://spravka-medosmotr.ru/" "Mozilla/4.0 (compatible; MSIE 6.0; Windows NT 5.0; Avant Browser [avantbrowser.com]; Hotbar 4.4.5.0)"
37.115.191.27 - - [24/Oct/2017:05:01:06 +0200] "GET / HTTP/1.1" 301 387 "http://spravka-medosmotr.ru/" "Mozilla/4.0 (compatible; MSIE 6.0; Windows NT 5.0; Avant Browser [avantbrowser.com]; Hotbar 4.4.5.0)"
68.180.230.187 - - [24/Oct/2017:05:01:12 +0200] "GET /feldkirch/aktionen HTTP/1.1" 200 2892 "-" "Mozilla/5.0 (compatible; Yahoo! Slurp; http://help.yahoo.com/help/us/ysearch/slurp)"
66.249.66.31 - - [24/Oct/2017:05:01:16 +0200] "GET /uploads/pdfs/easy_drivers_st._peterau/10243400_B-L.pdf HTTP/1.1" 301 327 "-" "Mozilla/5.0 (compatible; Googlebot/2.1; +http://www.google.com/bot.html)"
66.249.76.80 - - [24/Oct/2017:05:01:17 +0200] "GET /uploads/pdfs/easy_drivers_st._peterau/10243400_B-L.pdf HTTP/1.1" 200 30560 "-" "Mozilla/5.0 (compatible; Googlebot/2.1; +http://www.google.com/bot.html)"
66.249.76.74 - - [24/Oct/2017:05:01:35 +0200] "GET /uploads/pdfs/am.spitz/10257458_A1L17.pdf HTTP/1.1" 301 322 "-" "Mozilla/5.0 (compatible; Googlebot/2.1; +http://www.google.com/bot.html)"
66.249.76.82 - - [24/Oct/2017:05:01:35 +0200] "GET /uploads/pdfs/am.spitz/10257458_A1L17.pdf HTTP/1.1" 200 35533 "-" "Mozilla/5.0 (compatible; Googlebot/2.1; +http://www.google.com/bot.html)"
40.77.167.88 - - [24/Oct/2017:05:01:42 +0200] "GET /fuehrerscheine/fuehrerscheine/lkw/CCE HTTP/1.1" 301 309 "-" "Mozilla/5.0 (compatible; bingbot/2.0; +http://www.bing.com/bingbot.htm)"
66.249.76.74 - - [24/Oct/2017:05:01:53 +0200] "GET /uploads/pdfs/st.poelten/10259926_CCE95.pdf HTTP/1.1" 301 322 "-" "Mozilla/5.0 (compatible; Googlebot/2.1; +http://www.google.com/bot.html)"
66.249.76.80 - - [24/Oct/2017:05:01:54 +0200] "GET /uploads/pdfs/st.poelten/10259926_CCE95.pdf HTTP/1.1" 200 29859 "-" "Mozilla/5.0 (compatible; Googlebot/2.1; +http://www.google.com/bot.html)"
95.105.215.147 - - [24/Oct/2017:05:02:07 +0200] "GET /wp-login.php HTTP/1.1" 301 399 "-" "Mozilla/5.0 (Windows NT 6.1; WOW64; rv:40.0) Gecko/20100101 Firefox/40.1"
95.105.215.147 - - [24/Oct/2017:05:02:07 +0200] "GET /wp-login.php HTTP/1.1" 404 8398 "-" "Mozilla/5.0 (Windows NT 6.1; WOW64; rv:40.0) Gecko/20100101 Firefox/40.1"
95.105.215.147 - - [24/Oct/2017:05:02:08 +0200] "GET / HTTP/1.1" 301 387 "-" "Mozilla/5.0 (Windows NT 6.1; WOW64; rv:40.0) Gecko/20100101 Firefox/40.1"
95.105.215.147 - - [24/Oct/2017:05:02:08 +0200] "GET / HTTP/1.1" 200 16051 "-" "Mozilla/5.0 (Windows NT 6.1; WOW64; rv:40.0) Gecko/20100101 Firefox/40.1"
66.249.76.74 - - [24/Oct/2017:05:02:11 +0200] "GET /download.php?id=10263369 HTTP/1.1" 301 311 "-" "Mozilla/5.0 (compatible; Googlebot/2.1; +http://www.google.com/bot.html)"
216.244.66.202 - - [24/Oct/2017:05:02:13 +0200] "GET /amstetten/Easy HTTP/1.1" 301 401 "-" "Mozilla/5.0 (compatible; DotBot/1.1; http://www.opensiteexplorer.org/dotbot, help@moz.com)"
66.249.66.3 - - [24/Oct/2017:05:02:12 +0200] "GET /download.php?id=10263369 HTTP/1.1" 200 47690 "-" "Mozilla/5.0 (compatible; Googlebot/2.1; +http://www.google.com/bot.html)"
157.55.39.194 - - [24/Oct/2017:05:02:17 +0200] "GET /reumannplatz HTTP/1.1" 301 305 "-" "Mozilla/5.0 (iPhone; CPU iPhone OS 7_0 like Mac OS X) AppleWebKit/537.51.1 (KHTML, like Gecko) Version/7.0 Mobile/11A465 Safari/9537.53 (compatible; bingbot/2.0; +http://www.bing.com/bingbot.htm)"
157.55.39.194 - - [24/Oct/2017:05:02:21 +0200] "GET /reumannplatz HTTP/1.1" 200 2821 "-" "Mozilla/5.0 (iPhone; CPU iPhone OS 7_0 like Mac OS X) AppleWebKit/537.51.1 (KHTML, like Gecko) Version/7.0 Mobile/11A465 Safari/9537.53 (compatible; bingbot/2.0; +http://www.bing.com/bingbot.htm)"
77.119.129.219 - - [24/Oct/2017:05:02:28 +0200] "GET /eisenstadt HTTP/1.1" 301 299 "https://www.google.at/" "Mozilla/5.0 (iPhone; CPU iPhone OS 10_2_1 like Mac OS X) AppleWebKit/602.4.6 (KHTML, like Gecko) Version/10.0 Mobile/14D27 Safari/602.1"
66.249.76.74 - - [24/Oct/2017:05:02:30 +0200] "GET /uploads/pdfs/tulln/Mopedkurs-2-Einheiten-November-2014_AM-M1.pdf HTTP/1.1" 301 339 "-" "Mozilla/5.0 (compatible; Googlebot/2.1; +http://www.google.com/bot.html)"
66.249.76.80 - - [24/Oct/2017:05:02:30 +0200] "GET /uploads/pdfs/tulln/Mopedkurs-2-Einheiten-November-2014_AM-M1.pdf HTTP/1.1" 200 29125 "-" "Mozilla/5.0 (compatible; Googlebot/2.1; +http://www.google.com/bot.html)"
77.119.129.219 - - [24/Oct/2017:05:02:28 +0200] "GET /eisenstadt HTTP/1.1" 200 2948 "https://www.google.at/" "Mozilla/5.0 (iPhone; CPU iPhone OS 10_2_1 like Mac OS X) AppleWebKit/602.4.6 (KHTML, like Gecko) Version/10.0 Mobile/14D27 Safari/602.1"
77.119.129.219 - - [24/Oct/2017:05:02:31 +0200] "GET /javascript/mobile-menu.js HTTP/1.1" 200 1634 "https://www.easydrivers.at/eisenstadt" "Mozilla/5.0 (iPhone; CPU iPhone OS 10_2_1 like Mac OS X) AppleWebKit/602.4.6 (KHTML, like Gecko) Version/10.0 Mobile/14D27 Safari/602.1"
77.119.129.219 - - [24/Oct/2017:05:02:31 +0200] "GET /javascript/jquery-1.9.1.min.js HTTP/1.1" 200 32731 "https://www.easydrivers.at/eisenstadt" "Mozilla/5.0 (iPhone; CPU iPhone OS 10_2_1 like Mac OS X) AppleWebKit/602.4.6 (KHTML, like Gecko) Version/10.0 Mobile/14D27 Safari/602.1"
77.119.129.219 - - [24/Oct/2017:05:02:31 +0200] "GET /css/mobile.css HTTP/1.1" 200 2852 "https://www.easydrivers.at/eisenstadt" "Mozilla/5.0 (iPhone; CPU iPhone OS 10_2_1 like Mac OS X) AppleWebKit/602.4.6 (KHTML, like Gecko) Version/10.0 Mobile/14D27 Safari/602.1"
77.119.129.219 - - [24/Oct/2017:05:02:31 +0200] "GET /javascript/jquery.cookie.js HTTP/1.1" 200 863 "https://www.easydrivers.at/eisenstadt" "Mozilla/5.0 (iPhone; CPU iPhone OS 10_2_1 like Mac OS X) AppleWebKit/602.4.6 (KHTML, like Gecko) Version/10.0 Mobile/14D27 Safari/602.1"
77.119.129.219 - - [24/Oct/2017:05:02:31 +0200] "GET /javascript/jquery.simplemodal.js HTTP/1.1" 200 3070 "https://www.easydrivers.at/eisenstadt" "Mozilla/5.0 (iPhone; CPU iPhone OS 10_2_1 like Mac OS X) AppleWebKit/602.4.6 (KHTML, like Gecko) Version/10.0 Mobile/14D27 Safari/602.1"
77.119.129.219 - - [24/Oct/2017:05:02:31 +0200] "GET /javascript/lazyload.js HTTP/1.1" 200 1170 "https://www.easydrivers.at/eisenstadt" "Mozilla/5.0 (iPhone; CPU iPhone OS 10_2_1 like Mac OS X) AppleWebKit/602.4.6 (KHTML, like Gecko) Version/10.0 Mobile/14D27 Safari/602.1"
77.119.129.219 - - [24/Oct/2017:05:02:31 +0200] "GET /javascript/mobile-fahrschule.js HTTP/1.1" 200 328 "https://www.easydrivers.at/eisenstadt" "Mozilla/5.0 (iPhone; CPU iPhone OS 10_2_1 like Mac OS X) AppleWebKit/602.4.6 (KHTML, like Gecko) Version/10.0 Mobile/14D27 Safari/602.1"
77.119.129.219 - - [24/Oct/2017:05:02:31 +0200] "GET /img/mobile/easydrivers-logo-mobile.png HTTP/1.1" 200 10766 "https://www.easydrivers.at/eisenstadt" "Mozilla/5.0 (iPhone; CPU iPhone OS 10_2_1 like Mac OS X) AppleWebKit/602.4.6 (KHTML, like Gecko) Version/10.0 Mobile/14D27 Safari/602.1"
77.119.129.219 - - [24/Oct/2017:05:02:31 +0200] "GET /img/mobile/menu-button.png HTTP/1.1" 200 1746 "https://www.easydrivers.at/eisenstadt" "Mozilla/5.0 (iPhone; CPU iPhone OS 10_2_1 like Mac OS X) AppleWebKit/602.4.6 (KHTML, like Gecko) Version/10.0 Mobile/14D27 Safari/602.1"
77.119.129.219 - - [24/Oct/2017:05:02:31 +0200] "GET /img/mobile/close-button.png HTTP/1.1" 200 2411 "https://www.easydrivers.at/eisenstadt" "Mozilla/5.0 (iPhone; CPU iPhone OS 10_2_1 like Mac OS X) AppleWebKit/602.4.6 (KHTML, like Gecko) Version/10.0 Mobile/14D27 Safari/602.1"
77.119.129.219 - - [24/Oct/2017:05:02:32 +0200] "GET /img/mobile/facebook-icon.png HTTP/1.1" 200 1902 "https://www.easydrivers.at/eisenstadt" "Mozilla/5.0 (iPhone; CPU iPhone OS 10_2_1 like Mac OS X) AppleWebKit/602.4.6 (KHTML, like Gecko) Version/10.0 Mobile/14D27 Safari/602.1"
77.119.129.219 - - [24/Oct/2017:05:02:32 +0200] "GET /img/mobile/info-button.png HTTP/1.1" 200 1549 "https://www.easydrivers.at/eisenstadt" "Mozilla/5.0 (iPhone; CPU iPhone OS 10_2_1 like Mac OS X) AppleWebKit/602.4.6 (KHTML, like Gecko) Version/10.0 Mobile/14D27 Safari/602.1"
77.119.129.219 - - [24/Oct/2017:05:02:32 +0200] "GET /img/mobile/info-close-button.png HTTP/1.1" 200 1721 "https://www.easydrivers.at/eisenstadt" "Mozilla/5.0 (iPhone; CPU iPhone OS 10_2_1 like Mac OS X) AppleWebKit/602.4.6 (KHTML, like Gecko) Version/10.0 Mobile/14D27 Safari/602.1"
77.119.129.219 - - [24/Oct/2017:05:02:32 +0200] "GET /img/smallicon-person.png HTTP/1.1" 200 1141 "https://www.easydrivers.at/eisenstadt" "Mozilla/5.0 (iPhone; CPU iPhone OS 10_2_1 like Mac OS X) AppleWebKit/602.4.6 (KHTML, like Gecko) Version/10.0 Mobile/14D27 Safari/602.1"
77.119.129.219 - - [24/Oct/2017:05:02:32 +0200] "GET /img/smallicon-address.png HTTP/1.1" 200 1211 "https://www.easydrivers.at/eisenstadt" "Mozilla/5.0 (iPhone; CPU iPhone OS 10_2_1 like Mac OS X) AppleWebKit/602.4.6 (KHTML, like Gecko) Version/10.0 Mobile/14D27 Safari/602.1"
77.119.129.219 - - [24/Oct/2017:05:02:32 +0200] "GET /img/mobile/googlemaps-pin.png HTTP/1.1" 200 1597 "https://www.easydrivers.at/eisenstadt" "Mozilla/5.0 (iPhone; CPU iPhone OS 10_2_1 like Mac OS X) AppleWebKit/602.4.6 (KHTML, like Gecko) Version/10.0 Mobile/14D27 Safari/602.1"
77.119.129.219 - - [24/Oct/2017:05:02:32 +0200] "GET /img/smallicon-time.png HTTP/1.1" 200 1262 "https://www.easydrivers.at/eisenstadt" "Mozilla/5.0 (iPhone; CPU iPhone OS 10_2_1 like Mac OS X) AppleWebKit/602.4.6 (KHTML, like Gecko) Version/10.0 Mobile/14D27 Safari/602.1"
77.119.129.219 - - [24/Oct/2017:05:02:32 +0200] "GET /img/smallicon-phone.png HTTP/1.1" 200 3056 "https://www.easydrivers.at/eisenstadt" "Mozilla/5.0 (iPhone; CPU iPhone OS 10_2_1 like Mac OS X) AppleWebKit/602.4.6 (KHTML, like Gecko) Version/10.0 Mobile/14D27 Safari/602.1"
77.119.129.219 - - [24/Oct/2017:05:02:32 +0200] "GET /img/smallicon-mail.png HTTP/1.1" 200 1341 "https://www.easydrivers.at/eisenstadt" "Mozilla/5.0 (iPhone; CPU iPhone OS 10_2_1 like Mac OS X) AppleWebKit/602.4.6 (KHTML, like Gecko) Version/10.0 Mobile/14D27 Safari/602.1"
77.119.129.219 - - [24/Oct/2017:05:02:32 +0200] "GET /img/mobile/widget-icon-app.png HTTP/1.1" 200 3458 "https://www.easydrivers.at/eisenstadt" "Mozilla/5.0 (iPhone; CPU iPhone OS 10_2_1 like Mac OS X) AppleWebKit/602.4.6 (KHTML, like Gecko) Version/10.0 Mobile/14D27 Safari/602.1"
77.119.129.219 - - [24/Oct/2017:05:02:32 +0200] "GET /img/mobile/bg-header.jpg HTTP/1.1" 200 19741 "https://www.easydrivers.at/eisenstadt" "Mozilla/5.0 (iPhone; CPU iPhone OS 10_2_1 like Mac OS X) AppleWebKit/602.4.6 (KHTML, like Gecko) Version/10.0 Mobile/14D27 Safari/602.1"
77.119.129.219 - - [24/Oct/2017:05:02:32 +0200] "GET /img/mobile/bg-menu.jpg HTTP/1.1" 200 1698 "https://www.easydrivers.at/eisenstadt" "Mozilla/5.0 (iPhone; CPU iPhone OS 10_2_1 like Mac OS X) AppleWebKit/602.4.6 (KHTML, like Gecko) Version/10.0 Mobile/14D27 Safari/602.1"
77.119.129.219 - - [24/Oct/2017:05:02:32 +0200] "GET /img/mobile/bg-top-section.jpg HTTP/1.1" 200 21711 "https://www.easydrivers.at/eisenstadt" "Mozilla/5.0 (iPhone; CPU iPhone OS 10_2_1 like Mac OS X) AppleWebKit/602.4.6 (KHTML, like Gecko) Version/10.0 Mobile/14D27 Safari/602.1"
77.119.129.219 - - [24/Oct/2017:05:02:32 +0200] "GET /img/mobile/pfeil-rechts.png HTTP/1.1" 200 1228 "https://www.easydrivers.at/eisenstadt" "Mozilla/5.0 (iPhone; CPU iPhone OS 10_2_1 like Mac OS X) AppleWebKit/602.4.6 (KHTML, like Gecko) Version/10.0 Mobile/14D27 Safari/602.1"
66.249.76.74 - - [24/Oct/2017:05:02:48 +0200] "GET /uploads/pdfs/klagenfurt/10276621_A1.pdf HTTP/1.1" 301 321 "-" "Mozilla/5.0 (compatible; Googlebot/2.1; +http://www.google.com/bot.html)"
66.249.66.3 - - [24/Oct/2017:05:02:49 +0200] "GET /uploads/pdfs/klagenfurt/10276621_A1.pdf HTTP/1.1" 200 28768 "-" "Mozilla/5.0 (compatible; Googlebot/2.1; +http://www.google.com/bot.html)"
66.249.76.76 - - [24/Oct/2017:05:03:06 +0200] "GET /uploads/pdfs/bludenz/LKW-Kurs-CD-2015-11-02_CCE95.pdf HTTP/1.1" 301 334 "-" "Mozilla/5.0 (compatible; Googlebot/2.1; +http://www.google.com/bot.html)"
66.249.66.7 - - [24/Oct/2017:05:03:07 +0200] "GET /uploads/pdfs/bludenz/LKW-Kurs-CD-2015-11-02_CCE95.pdf HTTP/1.1" 200 29045 "-" "Mozilla/5.0 (compatible; Googlebot/2.1; +http://www.google.com/bot.html)"
40.77.167.88 - - [24/Oct/2017:05:03:16 +0200] "GET /tulln/Aktionen HTTP/1.1" 200 2874 "-" "Mozilla/5.0 (compatible; bingbot/2.0; +http://www.bing.com/bingbot.htm)"
66.249.66.30 - - [24/Oct/2017:05:03:25 +0200] "GET /uploads/pdfs/easy_drivers_st._peterau/Abendkurs1_0816_BZ.pdf HTTP/1.1" 301 331 "-" "Mozilla/5.0 (compatible; Googlebot/2.1; +http://www.google.com/bot.html)"
66.249.76.82 - - [24/Oct/2017:05:03:25 +0200] "GET /uploads/pdfs/easy_drivers_st._peterau/Abendkurs1_0816_BZ.pdf HTTP/1.1" 200 26120 "-" "Mozilla/5.0 (compatible; Googlebot/2.1; +http://www.google.com/bot.html)"
157.55.39.113 - - [24/Oct/2017:05:03:40 +0200] "GET /klagenfurt/10248801 HTTP/1.1" 200 3004 "-" "Mozilla/5.0 (compatible; bingbot/2.0; +http://www.bing.com/bingbot.htm)"
66.249.76.74 - - [24/Oct/2017:05:03:43 +0200] "GET /uploads/pdfs/hartberg/A-Seminar-04-09-2015_A1L17.pdf HTTP/1.1" 301 331 "-" "Mozilla/5.0 (compatible; Googlebot/2.1; +http://www.google.com/bot.html)"
66.249.76.80 - - [24/Oct/2017:05:03:44 +0200] "GET /uploads/pdfs/hartberg/A-Seminar-04-09-2015_A1L17.pdf HTTP/1.1" 200 36904 "-" "Mozilla/5.0 (compatible; Googlebot/2.1; +http://www.google.com/bot.html)"
66.249.76.74 - - [24/Oct/2017:05:04:01 +0200] "GET /uploads/pdfs/hollabrunn/Grundkurs_Oktober_2017_B-L17.pdf HTTP/1.1" 301 335 "-" "Mozilla/5.0 (compatible; Googlebot/2.1; +http://www.google.com/bot.html)"
66.249.66.7 - - [24/Oct/2017:05:04:02 +0200] "GET /uploads/pdfs/hollabrunn/Grundkurs_Oktober_2017_B-L17.pdf HTTP/1.1" 200 35023 "-" "Mozilla/5.0 (compatible; Googlebot/2.1; +http://www.google.com/bot.html)"
66.249.76.74 - - [24/Oct/2017:05:04:20 +0200] "GET /zwettl/Inhaberdaten HTTP/1.1" 301 305 "-" "Mozilla/5.0 (compatible; Googlebot/2.1; +http://www.google.com/bot.html)"
66.249.76.82 - - [24/Oct/2017:05:04:20 +0200] "GET /zwettl/Inhaberdaten HTTP/1.1" 200 3703 "-" "Mozilla/5.0 (compatible; Googlebot/2.1; +http://www.google.com/bot.html)"
66.249.76.74 - - [24/Oct/2017:05:04:38 +0200] "GET /spittelau/10284596 HTTP/1.1" 301 307 "-" "Mozilla/5.0 (compatible; Googlebot/2.1; +http://www.google.com/bot.html)"
66.249.66.3 - - [24/Oct/2017:05:04:39 +0200] "GET /spittelau/10284596 HTTP/1.1" 200 3339 "-" "Mozilla/5.0 (compatible; Googlebot/2.1; +http://www.google.com/bot.html)"
66.249.76.74 - - [24/Oct/2017:05:04:56 +0200] "GET /uploads/pdfs/eisenerz.pankl/10260247_CCE95.pdf HTTP/1.1" 301 328 "-" "Mozilla/5.0 (compatible; Googlebot/2.1; +http://www.google.com/bot.html)"
66.249.66.3 - - [24/Oct/2017:05:04:57 +0200] "GET /uploads/pdfs/eisenerz.pankl/10260247_CCE95.pdf HTTP/1.1" 200 28480 "-" "Mozilla/5.0 (compatible; Googlebot/2.1; +http://www.google.com/bot.html)"
66.249.76.78 - - [24/Oct/2017:05:05:15 +0200] "GET /uploads/pdfs/ybbs/10235450_A2B.pdf HTTP/1.1" 301 317 "-" "Mozilla/5.0 (compatible; Googlebot/2.1; +http://www.google.com/bot.html)"
66.249.76.82 - - [24/Oct/2017:05:05:15 +0200] "GET /uploads/pdfs/ybbs/10235450_A2B.pdf HTTP/1.1" 200 31517 "-" "Mozilla/5.0 (compatible; Googlebot/2.1; +http://www.google.com/bot.html)"
66.249.76.74 - - [24/Oct/2017:05:05:33 +0200] "GET /uploads/pdfs/steyr/2._ferienkurs_B.pdf HTTP/1.1" 301 317 "-" "Mozilla/5.0 (compatible; Googlebot/2.1; +http://www.google.com/bot.html)"
66.249.76.82 - - [24/Oct/2017:05:05:34 +0200] "GET /uploads/pdfs/steyr/2._ferienkurs_B.pdf HTTP/1.1" 200 33331 "-" "Mozilla/5.0 (compatible; Googlebot/2.1; +http://www.google.com/bot.html)"
66.249.76.74 - - [24/Oct/2017:05:05:51 +0200] "GET /fuehrerscheine/auto/BC HTTP/1.1" 301 306 "-" "Mozilla/5.0 (compatible; Googlebot/2.1; +http://www.google.com/bot.html)"
66.249.76.80 - - [24/Oct/2017:05:05:52 +0200] "GET /fuehrerscheine/auto/BC HTTP/1.1" 200 4321 "-" "Mozilla/5.0 (compatible; Googlebot/2.1; +http://www.google.com/bot.html)"
66.249.66.1 - - [24/Oct/2017:05:06:10 +0200] "GET /uploads/pdfs/bludenz/Motorradkurs_-_A1,_A2,_A_2016-05-23_A1L17.pdf HTTP/1.1" 301 342 "-" "Mozilla/5.0 (compatible; Googlebot/2.1; +http://www.google.com/bot.html)"
66.249.76.80 - - [24/Oct/2017:05:06:10 +0200] "GET /uploads/pdfs/bludenz/Motorradkurs_-_A1,_A2,_A_2016-05-23_A1L17.pdf HTTP/1.1" 200 36755 "-" "Mozilla/5.0 (compatible; Googlebot/2.1; +http://www.google.com/bot.html)"
66.249.76.82 - - [24/Oct/2017:05:06:21 +0200] "GET /binaries/10253216.jpg HTTP/1.1" 200 273601 "-" "Googlebot-Image/1.0"
66.249.66.30 - - [24/Oct/2017:05:06:47 +0200] "GET /uploads/pdfs/zwettl/10271577_A1.pdf HTTP/1.1" 301 318 "-" "Mozilla/5.0 (compatible; Googlebot/2.1; +http://www.google.com/bot.html)"
66.249.76.80 - - [24/Oct/2017:05:06:47 +0200] "GET /uploads/pdfs/zwettl/10271577_A1.pdf HTTP/1.1" 200 29162 "-" "Mozilla/5.0 (compatible; Googlebot/2.1; +http://www.google.com/bot.html)"
66.249.66.30 - - [24/Oct/2017:05:07:05 +0200] "GET /berndorf/10253556 HTTP/1.1" 301 306 "-" "Mozilla/5.0 (compatible; Googlebot/2.1; +http://www.google.com/bot.html)"
66.249.76.80 - - [24/Oct/2017:05:07:05 +0200] "GET /berndorf/10253556 HTTP/1.1" 200 2935 "-" "Mozilla/5.0 (compatible; Googlebot/2.1; +http://www.google.com/bot.html)"
66.249.76.74 - - [24/Oct/2017:05:07:23 +0200] "GET /uploads/pdfs/innsbruck/10267287_B-L.pdf HTTP/1.1" 301 322 "-" "Mozilla/5.0 (compatible; Googlebot/2.1; +http://www.google.com/bot.html)"
66.249.66.3 - - [24/Oct/2017:05:07:24 +0200] "GET /uploads/pdfs/innsbruck/10267287_B-L.pdf HTTP/1.1" 200 32468 "-" "Mozilla/5.0 (compatible; Googlebot/2.1; +http://www.google.com/bot.html)"
66.249.76.74 - - [24/Oct/2017:05:07:41 +0200] "GET /uploads/pdfs/feldkirch/Grundkurs-B-2015-09-28_B-L.pdf HTTP/1.1" 301 332 "-" "Mozilla/5.0 (compatible; Googlebot/2.1; +http://www.google.com/bot.html)"
66.249.66.3 - - [24/Oct/2017:05:07:42 +0200] "GET /uploads/pdfs/feldkirch/Grundkurs-B-2015-09-28_B-L.pdf HTTP/1.1" 200 30131 "-" "Mozilla/5.0 (compatible; Googlebot/2.1; +http://www.google.com/bot.html)"
40.77.167.13 - - [24/Oct/2017:05:07:42 +0200] "GET /krems/BE-Kurs-November-2017?FS=BE HTTP/1.1" 200 5188 "-" "Mozilla/5.0 (compatible; bingbot/2.0; +http://www.bing.com/bingbot.htm)"
66.249.76.76 - - [24/Oct/2017:05:08:00 +0200] "GET /uploads/pdfs/kapfenberg.pankl/10260064_BE96.pdf HTTP/1.1" 301 328 "-" "Mozilla/5.0 (compatible; Googlebot/2.1; +http://www.google.com/bot.html)"
66.249.76.82 - - [24/Oct/2017:05:08:00 +0200] "GET /uploads/pdfs/kapfenberg.pankl/10260064_BE96.pdf HTTP/1.1" 200 29174 "-" "Mozilla/5.0 (compatible; Googlebot/2.1; +http://www.google.com/bot.html)"
40.77.167.88 - - [24/Oct/2017:05:08:13 +0200] "GET /hartberg/kursauswahl HTTP/1.1" 301 306 "-" "Mozilla/5.0 (compatible; bingbot/2.0; +http://www.bing.com/bingbot.htm)"
66.249.76.74 - - [24/Oct/2017:05:08:18 +0200] "GET /uploads/pdfs/hollabrunn/BE_Kurs_Dezember_2014_BBE.pdf HTTP/1.1" 301 332 "-" "Mozilla/5.0 (compatible; Googlebot/2.1; +http://www.google.com/bot.html)"
66.249.66.5 - - [24/Oct/2017:05:08:19 +0200] "GET /uploads/pdfs/hollabrunn/BE_Kurs_Dezember_2014_BBE.pdf HTTP/1.1" 200 36078 "-" "Mozilla/5.0 (compatible; Googlebot/2.1; +http://www.google.com/bot.html)"
66.249.76.74 - - [24/Oct/2017:05:08:36 +0200] "GET /uploads/pdfs/eisenstadt/B_Kurs_Novermber_Dezember_B.pdf HTTP/1.1" 301 330 "-" "Mozilla/5.0 (compatible; Googlebot/2.1; +http://www.google.com/bot.html)"
66.249.66.3 - - [24/Oct/2017:05:08:37 +0200] "GET /uploads/pdfs/eisenstadt/B_Kurs_Novermber_Dezember_B.pdf HTTP/1.1" 200 36711 "-" "Mozilla/5.0 (compatible; Googlebot/2.1; +http://www.google.com/bot.html)"
157.55.39.113 - - [24/Oct/2017:05:08:44 +0200] "GET /uploads/pdfs/innsbruck/Juli-Kurs1_B-L.pdf HTTP/1.1" 301 323 "-" "Mozilla/5.0 (compatible; bingbot/2.0; +http://www.bing.com/bingbot.htm)"
66.249.76.74 - - [24/Oct/2017:05:08:55 +0200] "GET /uploads/pdfs/scheibbs/10249680_A2BF.pdf HTTP/1.1" 301 319 "-" "Mozilla/5.0 (compatible; Googlebot/2.1; +http://www.google.com/bot.html)"
66.249.76.80 - - [24/Oct/2017:05:08:55 +0200] "GET /uploads/pdfs/scheibbs/10249680_A2BF.pdf HTTP/1.1" 200 30038 "-" "Mozilla/5.0 (compatible; Googlebot/2.1; +http://www.google.com/bot.html)"
66.249.76.78 - - [24/Oct/2017:05:09:13 +0200] "GET /st.poelten/Inhaberdaten HTTP/1.1" 301 307 "-" "Mozilla/5.0 (compatible; Googlebot/2.1; +http://www.google.com/bot.html)"
66.249.76.80 - - [24/Oct/2017:05:09:14 +0200] "GET /st.poelten/Inhaberdaten HTTP/1.1" 200 3735 "-" "Mozilla/5.0 (compatible; Googlebot/2.1; +http://www.google.com/bot.html)"
193.83.173.81 - - [24/Oct/2017:05:09:17 +0200] "GET /guessing HTTP/1.1" 301 298 "http://m.facebook.com" "Mozilla/5.0 (iPhone; CPU iPhone OS 11_0_3 like Mac OS X) AppleWebKit/604.1.38 (KHTML, like Gecko) Mobile/15A432 [FBAN/FBIOS;FBAV/146.0.0.73.91;FBBV/75938921;FBDV/iPhone8,4;FBMD/iPhone;FBSN/iOS;FBSV/11.0.3;FBSS/2;FBCR/A1;FBID/phone;FBLC/de_DE;FBOP/5;FBRV/75938921]"
