40.77.167.13 - - [24/Oct/2017:03:07:42 +0200] "GET /amstetten/osterkurs-18?FS=BL1796 HTTP/1.1" 301 317 "-" "Mozilla/5.0 (compatible; bingbot/2.0; +http://www.bing.com/bingbot.htm)"
66.249.66.136 - - [24/Oct/2017:03:07:54 +0200] "GET /uploads/pdfs/hollabrunn/10240234_A2BF.pdf HTTP/1.1" 301 322 "-" "Mozilla/5.0 (compatible; Googlebot/2.1; +http://www.google.com/bot.html)"
66.249.66.148 - - [24/Oct/2017:03:07:54 +0200] "GET /uploads/pdfs/hollabrunn/10240234_A2BF.pdf HTTP/1.1" 200 37693 "-" "Mozilla/5.0 (compatible; Googlebot/2.1; +http://www.google.com/bot.html)"
217.10.52.10 - - [24/Oct/2017:03:08:01 +0200] "GET /img/selection-box-button.png HTTP/1.1" 301 415 "-" "Mozilla/4.0 (compatible;)"
207.46.13.133 - - [24/Oct/2017:03:08:03 +0200] "GET /img/austria-map-wien.png HTTP/1.1" 301 310 "-" "Mozilla/5.0 (compatible; bingbot/2.0; +http://www.bing.com/bingbot.htm)"
207.46.13.133 - - [24/Oct/2017:03:08:05 +0200] "GET /img/austria-map-wien.png HTTP/1.1" 200 2864 "-" "Mozilla/5.0 (compatible; bingbot/2.0; +http://www.bing.com/bingbot.htm)"
66.249.76.74 - - [24/Oct/2017:03:08:12 +0200] "GET /uploads/pdfs/waidhofen.ybbs/10249515_CCE.pdf HTTP/1.1" 301 324 "-" "Mozilla/5.0 (compatible; Googlebot/2.1; +http://www.google.com/bot.html)"
66.249.66.150 - - [24/Oct/2017:03:08:13 +0200] "GET /uploads/pdfs/waidhofen.ybbs/10249515_CCE.pdf HTTP/1.1" 200 28310 "-" "Mozilla/5.0 (compatible; Googlebot/2.1; +http://www.google.com/bot.html)"
66.249.66.138 - - [24/Oct/2017:03:08:30 +0200] "GET /voesendorf/10281963?FS=BBE HTTP/1.1" 301 313 "-" "Mozilla/5.0 (compatible; Googlebot/2.1; +http://www.google.com/bot.html)"
66.249.76.80 - - [24/Oct/2017:03:08:31 +0200] "GET /voesendorf/10281963?FS=BBE HTTP/1.1" 200 5585 "-" "Mozilla/5.0 (compatible; Googlebot/2.1; +http://www.google.com/bot.html)"
47.149.226.37 - - [24/Oct/2017:03:08:35 +0200] "GET /wp-login.php HTTP/1.1" 301 399 "-" "Mozilla/5.0 (Windows NT 6.1; WOW64; rv:40.0) Gecko/20100101 Firefox/40.1"
47.149.226.37 - - [24/Oct/2017:03:08:41 +0200] "GET /wp-login.php HTTP/1.1" 301 399 "-" "Mozilla/5.0 (Windows NT 6.1; WOW64; rv:40.0) Gecko/20100101 Firefox/40.1"
47.149.226.37 - - [24/Oct/2017:03:08:47 +0200] "GET / HTTP/1.1" 301 387 "-" "Mozilla/5.0 (Windows NT 6.1; WOW64; rv:40.0) Gecko/20100101 Firefox/40.1"
66.249.66.136 - - [24/Oct/2017:03:08:49 +0200] "GET /uploads/pdfs/skarabela.gross-enzersdorf/10275520_A2B.pdf HTTP/1.1" 301 334 "-" "Mozilla/5.0 (compatible; Googlebot/2.1; +http://www.google.com/bot.html)"
66.249.66.148 - - [24/Oct/2017:03:08:49 +0200] "GET /uploads/pdfs/skarabela.gross-enzersdorf/10275520_A2B.pdf HTTP/1.1" 200 31713 "-" "Mozilla/5.0 (compatible; Googlebot/2.1; +http://www.google.com/bot.html)"
66.249.66.140 - - [24/Oct/2017:03:09:07 +0200] "GET /uploads/pdfs/hartberg/Intensivkurs-29-06-2015_B-L17.pdf HTTP/1.1" 301 334 "-" "Mozilla/5.0 (compatible; Googlebot/2.1; +http://www.google.com/bot.html)"
66.249.76.80 - - [24/Oct/2017:03:09:08 +0200] "GET /uploads/pdfs/hartberg/Intensivkurs-29-06-2015_B-L17.pdf HTTP/1.1" 200 32838 "-" "Mozilla/5.0 (compatible; Googlebot/2.1; +http://www.google.com/bot.html)"
66.249.76.74 - - [24/Oct/2017:03:09:25 +0200] "GET /uploads/pdfs/voesendorf/10281933_A1F.pdf HTTP/1.1" 301 321 "-" "Mozilla/5.0 (compatible; Googlebot/2.1; +http://www.google.com/bot.html)"
66.249.76.80 - - [24/Oct/2017:03:09:26 +0200] "GET /uploads/pdfs/voesendorf/10281933_A1F.pdf HTTP/1.1" 200 37968 "-" "Mozilla/5.0 (compatible; Googlebot/2.1; +http://www.google.com/bot.html)"
66.249.66.136 - - [24/Oct/2017:03:09:44 +0200] "GET /uploads/pdfs/st.poelten/10260031_BCE.pdf HTTP/1.1" 301 320 "-" "Mozilla/5.0 (compatible; Googlebot/2.1; +http://www.google.com/bot.html)"
66.249.76.80 - - [24/Oct/2017:03:09:44 +0200] "GET /uploads/pdfs/st.poelten/10260031_BCE.pdf HTTP/1.1" 200 29166 "-" "Mozilla/5.0 (compatible; Googlebot/2.1; +http://www.google.com/bot.html)"
66.249.66.138 - - [24/Oct/2017:03:10:02 +0200] "GET /uploads/pdfs/ennstal.bad.aussee/c-ce-kurs_C.pdf HTTP/1.1" 301 325 "-" "Mozilla/5.0 (compatible; Googlebot/2.1; +http://www.google.com/bot.html)"
66.249.76.84 - - [24/Oct/2017:03:10:03 +0200] "GET /uploads/pdfs/ennstal.bad.aussee/c-ce-kurs_C.pdf HTTP/1.1" 200 27715 "-" "Mozilla/5.0 (compatible; Googlebot/2.1; +http://www.google.com/bot.html)"
66.249.76.80 - - [24/Oct/2017:03:10:09 +0200] "GET /uploads/pdfs/enns/10254586_AM-M1.pdf HTTP/1.1" 200 27127 "-" "Mozilla/5.0 (compatible; Googlebot/2.1; +http://www.google.com/bot.html)"
47.22.174.2 - - [24/Oct/2017:03:10:11 +0200] "GET /voesendorf/Aktionen HTTP/1.1" 301 307 "http://m.facebook.com/" "Mozilla/5.0 (Linux; Android 6.0.1; SM-J710F Build/MMB29K; wv) AppleWebKit/537.36 (KHTML, like Gecko) Version/4.0 Chrome/61.0.3163.98 Mobile Safari/537.36 [FB_IAB/FB4A;FBAV/146.0.0.53.92;]"
47.22.174.2 - - [24/Oct/2017:03:10:12 +0200] "GET /voesendorf/Aktionen HTTP/1.1" 200 3548 "http://m.facebook.com/" "Mozilla/5.0 (Linux; Android 6.0.1; SM-J710F Build/MMB29K; wv) AppleWebKit/537.36 (KHTML, like Gecko) Version/4.0 Chrome/61.0.3163.98 Mobile Safari/537.36 [FB_IAB/FB4A;FBAV/146.0.0.53.92;]"
66.249.76.74 - - [24/Oct/2017:03:10:20 +0200] "GET /uploads/pdfs/gmuend/10259758_F.pdf HTTP/1.1" 301 318 "-" "Mozilla/5.0 (compatible; Googlebot/2.1; +http://www.google.com/bot.html)"
66.249.76.80 - - [24/Oct/2017:03:10:21 +0200] "GET /uploads/pdfs/gmuend/10259758_F.pdf HTTP/1.1" 200 27880 "-" "Mozilla/5.0 (compatible; Googlebot/2.1; +http://www.google.com/bot.html)"
66.249.76.74 - - [24/Oct/2017:03:10:39 +0200] "GET /uploads/pdfs/waidhofen.ybbs/AK_01_2015_B-L.pdf HTTP/1.1" 301 327 "-" "Mozilla/5.0 (compatible; Googlebot/2.1; +http://www.google.com/bot.html)"
66.249.76.80 - - [24/Oct/2017:03:10:39 +0200] "GET /uploads/pdfs/waidhofen.ybbs/AK_01_2015_B-L.pdf HTTP/1.1" 200 32202 "-" "Mozilla/5.0 (compatible; Googlebot/2.1; +http://www.google.com/bot.html)"
207.46.13.133 - - [24/Oct/2017:03:10:43 +0200] "GET /bruck.leitha/10290924?FS=A2B HTTP/1.1" 301 315 "-" "Mozilla/5.0 (compatible; bingbot/2.0; +http://www.bing.com/bingbot.htm)"
66.249.76.74 - - [24/Oct/2017:03:10:57 +0200] "GET /uploads/pdfs/scheibbs/10249638_A1F.pdf HTTP/1.1" 301 319 "-" "Mozilla/5.0 (compatible; Googlebot/2.1; +http://www.google.com/bot.html)"
66.249.66.148 - - [24/Oct/2017:03:10:58 +0200] "GET /uploads/pdfs/scheibbs/10249638_A1F.pdf HTTP/1.1" 200 30010 "-" "Mozilla/5.0 (compatible; Googlebot/2.1; +http://www.google.com/bot.html)"
66.249.76.76 - - [24/Oct/2017:03:11:15 +0200] "GET /uploads/pdfs/guessing/10270352_A2BF.pdf HTTP/1.1" 301 320 "-" "Mozilla/5.0 (compatible; Googlebot/2.1; +http://www.google.com/bot.html)"
66.249.76.80 - - [24/Oct/2017:03:11:16 +0200] "GET /uploads/pdfs/guessing/10270352_A2BF.pdf HTTP/1.1" 200 29792 "-" "Mozilla/5.0 (compatible; Googlebot/2.1; +http://www.google.com/bot.html)"
66.249.76.74 - - [24/Oct/2017:03:11:34 +0200] "GET /uploads/pdfs/ybbs/10259156_AM.pdf HTTP/1.1" 301 316 "-" "Mozilla/5.0 (compatible; Googlebot/2.1; +http://www.google.com/bot.html)"
66.249.76.82 - - [24/Oct/2017:03:11:34 +0200] "GET /uploads/pdfs/ybbs/10259156_AM.pdf HTTP/1.1" 200 28298 "-" "Mozilla/5.0 (compatible; Googlebot/2.1; +http://www.google.com/bot.html)"
35.184.189.105 - - [24/Oct/2017:03:11:34 +0200] "GET /robots.txt HTTP/1.1" 301 300 "-" "ltx71 - (http://ltx71.com/)"
207.46.13.133 - - [24/Oct/2017:03:11:35 +0200] "GET /krems/Vorteile HTTP/1.1" 200 4181 "-" "Mozilla/5.0 (compatible; bingbot/2.0; +http://www.bing.com/bingbot.htm)"
40.77.167.13 - - [24/Oct/2017:03:11:38 +0200] "GET /cache/emu/images/easy-drivers-portal10258011/edmaxijpg_59_90_0.jpg HTTP/1.1" 301 336 "-" "Mozilla/5.0 (compatible; bingbot/2.0; +http://www.bing.com/bingbot.htm)"
40.77.167.13 - - [24/Oct/2017:03:11:40 +0200] "GET /cache/emu/images/easy-drivers-portal10258011/edmaxijpg_59_90_0.jpg HTTP/1.1" 200 2233 "-" "Mozilla/5.0 (compatible; bingbot/2.0; +http://www.bing.com/bingbot.htm)"
66.249.66.136 - - [24/Oct/2017:03:11:52 +0200] "GET /uploads/pdfs/waidhofen.ybbs/10249518_A1L17.pdf HTTP/1.1" 301 327 "-" "Mozilla/5.0 (compatible; Googlebot/2.1; +http://www.google.com/bot.html)"
66.249.76.80 - - [24/Oct/2017:03:11:53 +0200] "GET /uploads/pdfs/waidhofen.ybbs/10249518_A1L17.pdf HTTP/1.1" 200 37855 "-" "Mozilla/5.0 (compatible; Googlebot/2.1; +http://www.google.com/bot.html)"
157.55.39.113 - - [24/Oct/2017:03:11:57 +0200] "GET /binaries/easy-drivers-steyr/i-3.jpg HTTP/1.1" 301 313 "-" "Mozilla/5.0 (compatible; bingbot/2.0; +http://www.bing.com/bingbot.htm)"
66.249.66.136 - - [24/Oct/2017:03:12:10 +0200] "GET /uploads/pdfs/steyr/abendkurs_oktober_B-L17.pdf HTTP/1.1" 301 325 "-" "Mozilla/5.0 (compatible; Googlebot/2.1; +http://www.google.com/bot.html)"
66.249.66.152 - - [24/Oct/2017:03:12:11 +0200] "GET /uploads/pdfs/steyr/abendkurs_oktober_B-L17.pdf HTTP/1.1" 200 38555 "-" "Mozilla/5.0 (compatible; Googlebot/2.1; +http://www.google.com/bot.html)"
157.55.39.113 - - [24/Oct/2017:03:11:58 +0200] "GET /binaries/easy-drivers-steyr/i-3.jpg HTTP/1.1" 200 4974408 "-" "Mozilla/5.0 (compatible; bingbot/2.0; +http://www.bing.com/bingbot.htm)"
66.249.76.76 - - [24/Oct/2017:03:12:29 +0200] "GET /binaries/easy-drivers-g/agb-easy-drivers-g.pdf HTTP/1.1" 301 314 "-" "Mozilla/5.0 (compatible; Googlebot/2.1; +http://www.google.com/bot.html)"
66.249.66.148 - - [24/Oct/2017:03:12:29 +0200] "GET /binaries/easy-drivers-g/agb-easy-drivers-g.pdf HTTP/1.1" 200 91778 "-" "Mozilla/5.0 (compatible; Googlebot/2.1; +http://www.google.com/bot.html)"
66.249.76.74 - - [24/Oct/2017:03:12:47 +0200] "GET /uploads/pdfs/hartberg/Herbstintensivkurs-02-11-2015_B.pdf HTTP/1.1" 301 334 "-" "Mozilla/5.0 (compatible; Googlebot/2.1; +http://www.google.com/bot.html)"
66.249.66.148 - - [24/Oct/2017:03:12:48 +0200] "GET /uploads/pdfs/hartberg/Herbstintensivkurs-02-11-2015_B.pdf HTTP/1.1" 200 32051 "-" "Mozilla/5.0 (compatible; Googlebot/2.1; +http://www.google.com/bot.html)"
66.249.76.76 - - [24/Oct/2017:03:13:06 +0200] "GET /uploads/pdfs/moedling/10281918_A2BF.pdf HTTP/1.1" 301 321 "-" "Mozilla/5.0 (compatible; Googlebot/2.1; +http://www.google.com/bot.html)"
66.249.66.150 - - [24/Oct/2017:03:13:06 +0200] "GET /uploads/pdfs/moedling/10281918_A2BF.pdf HTTP/1.1" 200 29666 "-" "Mozilla/5.0 (compatible; Googlebot/2.1; +http://www.google.com/bot.html)"
66.249.76.74 - - [24/Oct/2017:03:13:24 +0200] "GET /uploads/pdfs/st.valentin/10254652_AM.pdf HTTP/1.1" 301 320 "-" "Mozilla/5.0 (compatible; Googlebot/2.1; +http://www.google.com/bot.html)"
66.249.76.80 - - [24/Oct/2017:03:13:24 +0200] "GET /uploads/pdfs/st.valentin/10254652_AM.pdf HTTP/1.1" 200 27222 "-" "Mozilla/5.0 (compatible; Googlebot/2.1; +http://www.google.com/bot.html)"
66.249.66.136 - - [24/Oct/2017:03:13:42 +0200] "GET /uploads/pdfs/guessing/10275601_CCE95.pdf HTTP/1.1" 301 321 "-" "Mozilla/5.0 (compatible; Googlebot/2.1; +http://www.google.com/bot.html)"
66.249.66.148 - - [24/Oct/2017:03:13:43 +0200] "GET /uploads/pdfs/guessing/10275601_CCE95.pdf HTTP/1.1" 200 28146 "-" "Mozilla/5.0 (compatible; Googlebot/2.1; +http://www.google.com/bot.html)"
66.249.76.74 - - [24/Oct/2017:03:14:00 +0200] "GET /uploads/pdfs/wallensteinplatz/10281369_A1L17.pdf HTTP/1.1" 301 329 "-" "Mozilla/5.0 (compatible; Googlebot/2.1; +http://www.google.com/bot.html)"
66.249.76.82 - - [24/Oct/2017:03:14:01 +0200] "GET /uploads/pdfs/wallensteinplatz/10281369_A1L17.pdf HTTP/1.1" 200 35905 "-" "Mozilla/5.0 (compatible; Googlebot/2.1; +http://www.google.com/bot.html)"
180.76.15.152 - - [24/Oct/2017:03:14:12 +0200] "GET /skarabela.gross-enzersdorf HTTP/1.1" 301 311 "-" "Mozilla/5.0 (compatible; Baiduspider/2.0; +http://www.baidu.com/search/spider.html)"
180.76.15.7 - - [24/Oct/2017:03:14:13 +0200] "GET /skarabela.gross-enzersdorf HTTP/1.1" 200 12156 "-" "Mozilla/5.0 (compatible; Baiduspider/2.0; +http://www.baidu.com/search/spider.html)"
66.249.66.138 - - [24/Oct/2017:03:14:19 +0200] "GET /uploads/pdfs/kapfenberg.pankl/10260079_CCE.pdf HTTP/1.1" 301 328 "-" "Mozilla/5.0 (compatible; Googlebot/2.1; +http://www.google.com/bot.html)"
66.249.66.148 - - [24/Oct/2017:03:14:20 +0200] "GET /uploads/pdfs/kapfenberg.pankl/10260079_CCE.pdf HTTP/1.1" 200 27834 "-" "Mozilla/5.0 (compatible; Googlebot/2.1; +http://www.google.com/bot.html)"
66.249.76.74 - - [24/Oct/2017:03:14:37 +0200] "GET /uploads/pdfs/leonding/autokurs_7_A1.pdf HTTP/1.1" 301 320 "-" "Mozilla/5.0 (compatible; Googlebot/2.1; +http://www.google.com/bot.html)"
66.249.76.80 - - [24/Oct/2017:03:14:38 +0200] "GET /uploads/pdfs/leonding/autokurs_7_A1.pdf HTTP/1.1" 200 32534 "-" "Mozilla/5.0 (compatible; Googlebot/2.1; +http://www.google.com/bot.html)"
66.249.66.136 - - [24/Oct/2017:03:14:56 +0200] "GET /download.php?id=10230050 HTTP/1.1" 301 310 "-" "Mozilla/5.0 (compatible; Googlebot/2.1; +http://www.google.com/bot.html)"
66.249.76.80 - - [24/Oct/2017:03:14:56 +0200] "GET /download.php?id=10230050 HTTP/1.1" 200 86134 "-" "Mozilla/5.0 (compatible; Googlebot/2.1; +http://www.google.com/bot.html)"
66.249.66.140 - - [24/Oct/2017:03:15:14 +0200] "GET /uploads/pdfs/wallensteinplatz/10257566_A2B.pdf HTTP/1.1" 301 327 "-" "Mozilla/5.0 (compatible; Googlebot/2.1; +http://www.google.com/bot.html)"
66.249.76.80 - - [24/Oct/2017:03:15:14 +0200] "GET /uploads/pdfs/wallensteinplatz/10257566_A2B.pdf HTTP/1.1" 200 30763 "-" "Mozilla/5.0 (compatible; Googlebot/2.1; +http://www.google.com/bot.html)"
66.249.76.76 - - [24/Oct/2017:03:15:32 +0200] "GET /uploads/pdfs/waidhofen.ybbs/A_mai_2016_A2B.pdf HTTP/1.1" 301 325 "-" "Mozilla/5.0 (compatible; Googlebot/2.1; +http://www.google.com/bot.html)"
66.249.76.82 - - [24/Oct/2017:03:15:33 +0200] "GET /uploads/pdfs/waidhofen.ybbs/A_mai_2016_A2B.pdf HTTP/1.1" 200 30561 "-" "Mozilla/5.0 (compatible; Googlebot/2.1; +http://www.google.com/bot.html)"
40.77.167.88 - - [24/Oct/2017:03:15:36 +0200] "GET /binaries/easy-drivers-rudi-dornbirn/hagen-edijpg.jpg HTTP/1.1" 301 324 "-" "Mozilla/5.0 (compatible; bingbot/2.0; +http://www.bing.com/bingbot.htm)"
40.77.167.88 - - [24/Oct/2017:03:15:38 +0200] "GET /binaries/easy-drivers-rudi-dornbirn/hagen-edijpg.jpg HTTP/1.1" 200 4616881 "-" "Mozilla/5.0 (compatible; bingbot/2.0; +http://www.bing.com/bingbot.htm)"
66.249.76.74 - - [24/Oct/2017:03:15:50 +0200] "GET /uploads/pdfs/krumbach/10275055_B-L.pdf HTTP/1.1" 301 319 "-" "Mozilla/5.0 (compatible; Googlebot/2.1; +http://www.google.com/bot.html)"
66.249.76.80 - - [24/Oct/2017:03:15:51 +0200] "GET /uploads/pdfs/krumbach/10275055_B-L.pdf HTTP/1.1" 200 32209 "-" "Mozilla/5.0 (compatible; Googlebot/2.1; +http://www.google.com/bot.html)"
66.249.76.74 - - [24/Oct/2017:03:16:09 +0200] "GET /binaries/easy-drivers-gro/b.pdf HTTP/1.1" 301 310 "-" "Mozilla/5.0 (compatible; Googlebot/2.1; +http://www.google.com/bot.html)"
66.249.66.150 - - [24/Oct/2017:03:16:10 +0200] "GET /binaries/easy-drivers-gro/b.pdf HTTP/1.1" 200 405909 "-" "Mozilla/5.0 (compatible; Googlebot/2.1; +http://www.google.com/bot.html)"
66.249.66.138 - - [24/Oct/2017:03:16:27 +0200] "GET /uploads/pdfs/tulln/Tageskurs_8_Tage_September_2015_B-L17.pdf HTTP/1.1" 301 336 "-" "Mozilla/5.0 (compatible; Googlebot/2.1; +http://www.google.com/bot.html)"
66.249.76.80 - - [24/Oct/2017:03:16:28 +0200] "GET /uploads/pdfs/tulln/Tageskurs_8_Tage_September_2015_B-L17.pdf HTTP/1.1" 200 36069 "-" "Mozilla/5.0 (compatible; Googlebot/2.1; +http://www.google.com/bot.html)"
66.249.76.74 - - [24/Oct/2017:03:16:46 +0200] "GET /voesendorf/10281936?FS=A1F HTTP/1.1" 301 313 "-" "Mozilla/5.0 (compatible; Googlebot/2.1; +http://www.google.com/bot.html)"
66.249.76.80 - - [24/Oct/2017:03:16:46 +0200] "GET /voesendorf/10281936?FS=A1F HTTP/1.1" 200 6347 "-" "Mozilla/5.0 (compatible; Googlebot/2.1; +http://www.google.com/bot.html)"
66.249.76.74 - - [24/Oct/2017:03:17:04 +0200] "GET /uploads/pdfs/bludenz/Motorradkurs_-_A1,_A2,_A_2016-06-20_A1.pdf HTTP/1.1" 301 338 "-" "Mozilla/5.0 (compatible; Googlebot/2.1; +http://www.google.com/bot.html)"
66.249.76.82 - - [24/Oct/2017:03:17:04 +0200] "GET /uploads/pdfs/bludenz/Motorradkurs_-_A1,_A2,_A_2016-06-20_A1.pdf HTTP/1.1" 200 29313 "-" "Mozilla/5.0 (compatible; Googlebot/2.1; +http://www.google.com/bot.html)"
66.249.76.76 - - [24/Oct/2017:03:17:22 +0200] "GET /uploads/pdfs/guessing/10275601_B-L17.pdf HTTP/1.1" 301 321 "-" "Mozilla/5.0 (compatible; Googlebot/2.1; +http://www.google.com/bot.html)"
66.249.76.82 - - [24/Oct/2017:03:17:23 +0200] "GET /uploads/pdfs/guessing/10275601_B-L17.pdf HTTP/1.1" 200 34318 "-" "Mozilla/5.0 (compatible; Googlebot/2.1; +http://www.google.com/bot.html)"
66.249.76.74 - - [24/Oct/2017:03:17:40 +0200] "GET /uploads/pdfs/linz/anhaengerkurs_mai_2016_BBE.pdf HTTP/1.1" 301 328 "-" "Mozilla/5.0 (compatible; Googlebot/2.1; +http://www.google.com/bot.html)"
66.249.66.148 - - [24/Oct/2017:03:17:41 +0200] "GET /uploads/pdfs/linz/anhaengerkurs_mai_2016_BBE.pdf HTTP/1.1" 200 29277 "-" "Mozilla/5.0 (compatible; Googlebot/2.1; +http://www.google.com/bot.html)"
157.55.39.78 - - [24/Oct/2017:03:17:45 +0200] "GET /st.poelten HTTP/1.1" 301 303 "-" "Mozilla/5.0 (iPhone; CPU iPhone OS 7_0 like Mac OS X) AppleWebKit/537.51.1 (KHTML, like Gecko) Version/7.0 Mobile/11A465 Safari/9537.53 (compatible; bingbot/2.0; +http://www.bing.com/bingbot.htm)"
157.55.39.78 - - [24/Oct/2017:03:17:54 +0200] "GET /st.poelten HTTP/1.1" 200 2945 "-" "Mozilla/5.0 (iPhone; CPU iPhone OS 7_0 like Mac OS X) AppleWebKit/537.51.1 (KHTML, like Gecko) Version/7.0 Mobile/11A465 Safari/9537.53 (compatible; bingbot/2.0; +http://www.bing.com/bingbot.htm)"
66.249.76.74 - - [24/Oct/2017:03:17:59 +0200] "GET /uploads/pdfs/ennstal.bad.aussee/c-ce-kurs_E.pdf HTTP/1.1" 301 325 "-" "Mozilla/5.0 (compatible; Googlebot/2.1; +http://www.google.com/bot.html)"
66.249.66.148 - - [24/Oct/2017:03:18:00 +0200] "GET /uploads/pdfs/ennstal.bad.aussee/c-ce-kurs_E.pdf HTTP/1.1" 200 27267 "-" "Mozilla/5.0 (compatible; Googlebot/2.1; +http://www.google.com/bot.html)"
66.249.66.136 - - [24/Oct/2017:03:18:17 +0200] "GET /uploads/pdfs/steyr/2._ferienkurs_A2BF.pdf HTTP/1.1" 301 320 "-" "Mozilla/5.0 (compatible; Googlebot/2.1; +http://www.google.com/bot.html)"
66.249.76.80 - - [24/Oct/2017:03:18:18 +0200] "GET /uploads/pdfs/steyr/2._ferienkurs_A2BF.pdf HTTP/1.1" 200 35023 "-" "Mozilla/5.0 (compatible; Googlebot/2.1; +http://www.google.com/bot.html)"
66.249.76.74 - - [24/Oct/2017:03:18:35 +0200] "GET /uploads/pdfs/enns/10264737_AM-M.pdf HTTP/1.1" 301 318 "-" "Mozilla/5.0 (compatible; Googlebot/2.1; +http://www.google.com/bot.html)"
66.249.66.148 - - [24/Oct/2017:03:18:36 +0200] "GET /uploads/pdfs/enns/10264737_AM-M.pdf HTTP/1.1" 200 27008 "-" "Mozilla/5.0 (compatible; Googlebot/2.1; +http://www.google.com/bot.html)"
66.249.66.136 - - [24/Oct/2017:03:18:54 +0200] "GET /uploads/pdfs/waidhofen.ybbs/10249509_B-L.pdf HTTP/1.1" 301 325 "-" "Mozilla/5.0 (compatible; Googlebot/2.1; +http://www.google.com/bot.html)"
66.249.76.80 - - [24/Oct/2017:03:18:54 +0200] "GET /uploads/pdfs/waidhofen.ybbs/10249509_B-L.pdf HTTP/1.1" 200 32022 "-" "Mozilla/5.0 (compatible; Googlebot/2.1; +http://www.google.com/bot.html)"
66.249.76.78 - - [24/Oct/2017:03:19:12 +0200] "GET /uploads/pdfs/enns/10254601_AM.pdf HTTP/1.1" 301 315 "-" "Mozilla/5.0 (compatible; Googlebot/2.1; +http://www.google.com/bot.html)"
66.249.76.84 - - [24/Oct/2017:03:19:13 +0200] "GET /uploads/pdfs/enns/10254601_AM.pdf HTTP/1.1" 200 27040 "-" "Mozilla/5.0 (compatible; Googlebot/2.1; +http://www.google.com/bot.html)"
66.249.76.76 - - [24/Oct/2017:03:19:30 +0200] "GET /uploads/pdfs/moedling/10256589_CCE.pdf HTTP/1.1" 301 320 "-" "Mozilla/5.0 (compatible; Googlebot/2.1; +http://www.google.com/bot.html)"
66.249.76.82 - - [24/Oct/2017:03:19:31 +0200] "GET /uploads/pdfs/moedling/10256589_CCE.pdf HTTP/1.1" 200 27876 "-" "Mozilla/5.0 (compatible; Googlebot/2.1; +http://www.google.com/bot.html)"
66.249.76.74 - - [24/Oct/2017:03:19:49 +0200] "GET /download.php?id=10250324 HTTP/1.1" 301 311 "-" "Mozilla/5.0 (compatible; Googlebot/2.1; +http://www.google.com/bot.html)"
66.249.76.80 - - [24/Oct/2017:03:19:49 +0200] "GET /download.php?id=10250324 HTTP/1.1" 200 110460 "-" "Mozilla/5.0 (compatible; Googlebot/2.1; +http://www.google.com/bot.html)"
66.249.76.78 - - [24/Oct/2017:03:20:07 +0200] "GET /uploads/pdfs/hartberg/Herbstintensivkurs-16-11-2015_B-L17.pdf HTTP/1.1" 301 337 "-" "Mozilla/5.0 (compatible; Googlebot/2.1; +http://www.google.com/bot.html)"
66.249.76.82 - - [24/Oct/2017:03:20:08 +0200] "GET /uploads/pdfs/hartberg/Herbstintensivkurs-16-11-2015_B-L17.pdf HTTP/1.1" 200 32700 "-" "Mozilla/5.0 (compatible; Googlebot/2.1; +http://www.google.com/bot.html)"
216.244.66.249 - - [24/Oct/2017:03:20:22 +0200] "GET /robots.txt HTTP/1.1" 301 397 "-" "Mozilla/5.0 (compatible; DotBot/1.1; http://www.opensiteexplorer.org/dotbot, help@moz.com)"
66.249.76.76 - - [24/Oct/2017:03:20:25 +0200] "GET /uploads/pdfs/wieselburg/10235573_B-L.pdf HTTP/1.1" 301 322 "-" "Mozilla/5.0 (compatible; Googlebot/2.1; +http://www.google.com/bot.html)"
216.244.66.249 - - [24/Oct/2017:03:20:26 +0200] "GET /robots.txt HTTP/1.1" 200 178 "-" "Mozilla/5.0 (compatible; DotBot/1.1; http://www.opensiteexplorer.org/dotbot, help@moz.com)"
66.249.76.82 - - [24/Oct/2017:03:20:26 +0200] "GET /uploads/pdfs/wieselburg/10235573_B-L.pdf HTTP/1.1" 200 31409 "-" "Mozilla/5.0 (compatible; Googlebot/2.1; +http://www.google.com/bot.html)"
66.249.76.74 - - [24/Oct/2017:03:20:44 +0200] "GET /uploads/pdfs/wieselburg/10259297_B-L17.pdf HTTP/1.1" 301 324 "-" "Mozilla/5.0 (compatible; Googlebot/2.1; +http://www.google.com/bot.html)"
66.249.76.80 - - [24/Oct/2017:03:20:44 +0200] "GET /uploads/pdfs/wieselburg/10259297_B-L17.pdf HTTP/1.1" 200 34310 "-" "Mozilla/5.0 (compatible; Googlebot/2.1; +http://www.google.com/bot.html)"
66.249.76.76 - - [24/Oct/2017:03:21:02 +0200] "GET /download.php?id=10256542 HTTP/1.1" 301 311 "-" "Mozilla/5.0 (compatible; Googlebot/2.1; +http://www.google.com/bot.html)"
66.249.76.84 - - [24/Oct/2017:03:21:03 +0200] "GET /download.php?id=10256542 HTTP/1.1" 200 1116151 "-" "Mozilla/5.0 (compatible; Googlebot/2.1; +http://www.google.com/bot.html)"
66.249.76.74 - - [24/Oct/2017:03:21:20 +0200] "GET /uploads/pdfs/langenlois/10279526_BC.pdf HTTP/1.1" 301 322 "-" "Mozilla/5.0 (compatible; Googlebot/2.1; +http://www.google.com/bot.html)"
66.249.66.150 - - [24/Oct/2017:03:21:21 +0200] "GET /uploads/pdfs/langenlois/10279526_BC.pdf HTTP/1.1" 200 29671 "-" "Mozilla/5.0 (compatible; Googlebot/2.1; +http://www.google.com/bot.html)"
111.162.138.173 - - [24/Oct/2017:03:21:25 +0200] "GET / HTTP/1.1" 301 293 "-" "Mozilla/5.0 (iPhone; CPU iPhone OS 9_1 like Mac OS X) AppleWebKit/601.1.46 (KHTML, like Gecko) Version/9.0 Mobile/13B143 Safari/601.1"
36.32.43.157 - - [24/Oct/2017:03:21:33 +0200] "GET / HTTP/1.1" 200 3579 "-" "Mozilla/5.0 (iPhone; CPU iPhone OS 9_1 like Mac OS X) AppleWebKit/601.1.46 (KHTML, like Gecko) Version/9.0 Mobile/13B143 Safari/601.1"
66.249.76.74 - - [24/Oct/2017:03:21:39 +0200] "GET /uploads/pdfs/bruck.leitha/10229237_BL1796.pdf HTTP/1.1" 301 327 "-" "Mozilla/5.0 (compatible; Googlebot/2.1; +http://www.google.com/bot.html)"
66.249.76.80 - - [24/Oct/2017:03:21:39 +0200] "GET /uploads/pdfs/bruck.leitha/10229237_BL1796.pdf HTTP/1.1" 200 37499 "-" "Mozilla/5.0 (compatible; Googlebot/2.1; +http://www.google.com/bot.html)"
66.249.76.74 - - [24/Oct/2017:03:21:57 +0200] "GET /uploads/pdfs/st.peter.au/Weihnachtskurs-2014-12-22_B-L.pdf HTTP/1.1" 301 333 "-" "Mozilla/5.0 (compatible; Googlebot/2.1; +http://www.google.com/bot.html)"
66.249.66.148 - - [24/Oct/2017:03:21:58 +0200] "GET /uploads/pdfs/st.peter.au/Weihnachtskurs-2014-12-22_B-L.pdf HTTP/1.1" 200 30951 "-" "Mozilla/5.0 (compatible; Googlebot/2.1; +http://www.google.com/bot.html)"
66.249.76.78 - - [24/Oct/2017:03:22:15 +0200] "GET /uploads/pdfs/retz/10235822_A2B.pdf HTTP/1.1" 301 317 "-" "Mozilla/5.0 (compatible; Googlebot/2.1; +http://www.google.com/bot.html)"
66.249.76.80 - - [24/Oct/2017:03:22:16 +0200] "GET /uploads/pdfs/retz/10235822_A2B.pdf HTTP/1.1" 200 31605 "-" "Mozilla/5.0 (compatible; Googlebot/2.1; +http://www.google.com/bot.html)"
66.249.66.136 - - [24/Oct/2017:03:22:34 +0200] "GET /uploads/pdfs/hartberg/Sommerintensivkurs-31-08-2015_B.pdf HTTP/1.1" 301 335 "-" "Mozilla/5.0 (compatible; Googlebot/2.1; +http://www.google.com/bot.html)"
66.249.76.80 - - [24/Oct/2017:03:22:34 +0200] "GET /uploads/pdfs/hartberg/Sommerintensivkurs-31-08-2015_B.pdf HTTP/1.1" 200 32405 "-" "Mozilla/5.0 (compatible; Googlebot/2.1; +http://www.google.com/bot.html)"
180.76.15.18 - - [24/Oct/2017:03:22:43 +0200] "GET / HTTP/1.1" 301 296 "-" "Mozilla/5.0 (compatible; Baiduspider/2.0; +http://www.baidu.com/search/spider.html)"
180.76.15.28 - - [24/Oct/2017:03:22:44 +0200] "GET / HTTP/1.1" 200 16051 "-" "Mozilla/5.0 (compatible; Baiduspider/2.0; +http://www.baidu.com/search/spider.html)"
66.249.76.74 - - [24/Oct/2017:03:22:52 +0200] "GET /uploads/pdfs/bruck.leitha/10256409_C111.pdf HTTP/1.1" 301 324 "-" "Mozilla/5.0 (compatible; Googlebot/2.1; +http://www.google.com/bot.html)"
66.249.76.80 - - [24/Oct/2017:03:22:53 +0200] "GET /uploads/pdfs/bruck.leitha/10256409_C111.pdf HTTP/1.1" 200 27850 "-" "Mozilla/5.0 (compatible; Googlebot/2.1; +http://www.google.com/bot.html)"
66.249.76.78 - - [24/Oct/2017:03:23:11 +0200] "GET /uploads/pdfs/ennstal.bad.aussee/aka_06.10.2014_B-L.pdf HTTP/1.1" 301 331 "-" "Mozilla/5.0 (compatible; Googlebot/2.1; +http://www.google.com/bot.html)"
66.249.66.150 - - [24/Oct/2017:03:23:11 +0200] "GET /uploads/pdfs/ennstal.bad.aussee/aka_06.10.2014_B-L.pdf HTTP/1.1" 200 32777 "-" "Mozilla/5.0 (compatible; Googlebot/2.1; +http://www.google.com/bot.html)"
66.249.76.76 - - [24/Oct/2017:03:23:29 +0200] "GET /uploads/pdfs/st.poelten/10271894_A1.pdf HTTP/1.1" 301 320 "-" "Mozilla/5.0 (compatible; Googlebot/2.1; +http://www.google.com/bot.html)"
66.249.76.82 - - [24/Oct/2017:03:23:29 +0200] "GET /uploads/pdfs/st.poelten/10271894_A1.pdf HTTP/1.1" 200 29242 "-" "Mozilla/5.0 (compatible; Googlebot/2.1; +http://www.google.com/bot.html)"
66.249.76.74 - - [24/Oct/2017:03:23:47 +0200] "GET /uploads/pdfs/perg/01-12-2014_BZ.pdf HTTP/1.1" 301 317 "-" "Mozilla/5.0 (compatible; Googlebot/2.1; +http://www.google.com/bot.html)"
66.249.76.80 - - [24/Oct/2017:03:23:48 +0200] "GET /uploads/pdfs/perg/01-12-2014_BZ.pdf HTTP/1.1" 200 28133 "-" "Mozilla/5.0 (compatible; Googlebot/2.1; +http://www.google.com/bot.html)"
66.249.76.78 - - [24/Oct/2017:03:24:06 +0200] "GET /uploads/pdfs/am.spitz/10257470_A1L17.pdf HTTP/1.1" 301 322 "-" "Mozilla/5.0 (compatible; Googlebot/2.1; +http://www.google.com/bot.html)"
66.249.66.150 - - [24/Oct/2017:03:24:06 +0200] "GET /uploads/pdfs/am.spitz/10257470_A1L17.pdf HTTP/1.1" 200 35507 "-" "Mozilla/5.0 (compatible; Googlebot/2.1; +http://www.google.com/bot.html)"
66.249.76.74 - - [24/Oct/2017:03:24:24 +0200] "GET /voesendorf/10281942?FS=B-L HTTP/1.1" 301 313 "-" "Mozilla/5.0 (compatible; Googlebot/2.1; +http://www.google.com/bot.html)"
66.249.76.82 - - [24/Oct/2017:03:24:24 +0200] "GET /voesendorf/10281942?FS=B-L HTTP/1.1" 200 5795 "-" "Mozilla/5.0 (compatible; Googlebot/2.1; +http://www.google.com/bot.html)"
66.249.76.74 - - [24/Oct/2017:03:24:43 +0200] "GET /uploads/pdfs/feldkirch/LKW-Kurs-CD-2015-11-17_CCE95.pdf HTTP/1.1" 301 335 "-" "Mozilla/5.0 (compatible; Googlebot/2.1; +http://www.google.com/bot.html)"
66.249.76.80 - - [24/Oct/2017:03:24:43 +0200] "GET /uploads/pdfs/feldkirch/LKW-Kurs-CD-2015-11-17_CCE95.pdf HTTP/1.1" 200 28627 "-" "Mozilla/5.0 (compatible; Googlebot/2.1; +http://www.google.com/bot.html)"
66.249.76.78 - - [24/Oct/2017:03:25:01 +0200] "GET /uploads/pdfs/ennstal.bad.aussee/KKA-10-08-2015_CCE.pdf HTTP/1.1" 301 331 "-" "Mozilla/5.0 (compatible; Googlebot/2.1; +http://www.google.com/bot.html)"
66.249.76.82 - - [24/Oct/2017:03:25:01 +0200] "GET /uploads/pdfs/ennstal.bad.aussee/KKA-10-08-2015_CCE.pdf HTTP/1.1" 200 30374 "-" "Mozilla/5.0 (compatible; Googlebot/2.1; +http://www.google.com/bot.html)"
34.207.73.167 - - [24/Oct/2017:03:25:02 +0200] "HEAD / HTTP/1.1" 301 - "-" "Mozilla/5.0 (Windows; U; Windows NT 5.1; en-US) AppleWebKit/525.19 (KHTML, like Gecko) Chrome/1.0.154.36 Safari/525.19"
34.207.73.167 - - [24/Oct/2017:03:25:03 +0200] "HEAD / HTTP/1.1" 301 - "-" "Mozilla/5.0 (Windows; U; Windows NT 5.1; en-US) AppleWebKit/525.19 (KHTML, like Gecko) Chrome/1.0.154.36 Safari/525.19"
34.207.73.167 - - [24/Oct/2017:03:25:04 +0200] "HEAD / HTTP/1.1" 501 - "-" "Mozilla/5.0 (Windows; U; Windows NT 5.1; en-US) AppleWebKit/525.19 (KHTML, like Gecko) Chrome/1.0.154.36 Safari/525.19"
34.207.73.167 - - [24/Oct/2017:03:25:05 +0200] "HEAD / HTTP/1.1" 501 - "-" "Mozilla/5.0 (Windows; U; Windows NT 5.1; en-US) AppleWebKit/525.19 (KHTML, like Gecko) Chrome/1.0.154.36 Safari/525.19"
66.249.66.138 - - [24/Oct/2017:03:25:19 +0200] "GET /uploads/pdfs/voesendorf/10281942_A1L17.pdf HTTP/1.1" 301 323 "-" "Mozilla/5.0 (compatible; Googlebot/2.1; +http://www.google.com/bot.html)"
66.249.76.82 - - [24/Oct/2017:03:25:19 +0200] "GET /uploads/pdfs/voesendorf/10281942_A1L17.pdf HTTP/1.1" 200 35262 "-" "Mozilla/5.0 (compatible; Googlebot/2.1; +http://www.google.com/bot.html)"
66.249.76.74 - - [24/Oct/2017:03:25:37 +0200] "GET /uploads/pdfs/wr.neustadt/10276996_A1L17.pdf HTTP/1.1" 301 324 "-" "Mozilla/5.0 (compatible; Googlebot/2.1; +http://www.google.com/bot.html)"
66.249.66.148 - - [24/Oct/2017:03:25:38 +0200] "GET /uploads/pdfs/wr.neustadt/10276996_A1L17.pdf HTTP/1.1" 200 34968 "-" "Mozilla/5.0 (compatible; Googlebot/2.1; +http://www.google.com/bot.html)"
66.249.76.74 - - [24/Oct/2017:03:25:56 +0200] "GET /download.php?id=10230044 HTTP/1.1" 301 311 "-" "Mozilla/5.0 (compatible; Googlebot/2.1; +http://www.google.com/bot.html)"
66.249.76.80 - - [24/Oct/2017:03:25:56 +0200] "GET /download.php?id=10230044 HTTP/1.1" 200 86634 "-" "Mozilla/5.0 (compatible; Googlebot/2.1; +http://www.google.com/bot.html)"
66.249.76.78 - - [24/Oct/2017:03:26:14 +0200] "GET /uploads/pdfs/st.poelten/10260019_A2B.pdf HTTP/1.1" 301 321 "-" "Mozilla/5.0 (compatible; Googlebot/2.1; +http://www.google.com/bot.html)"
66.249.76.84 - - [24/Oct/2017:03:26:14 +0200] "GET /uploads/pdfs/st.poelten/10260019_A2B.pdf HTTP/1.1" 200 30149 "-" "Mozilla/5.0 (compatible; Googlebot/2.1; +http://www.google.com/bot.html)"
66.249.66.136 - - [24/Oct/2017:03:26:32 +0200] "GET /uploads/pdfs/gmuend/10272075_A1F.pdf HTTP/1.1" 301 319 "-" "Mozilla/5.0 (compatible; Googlebot/2.1; +http://www.google.com/bot.html)"
66.249.76.80 - - [24/Oct/2017:03:26:33 +0200] "GET /uploads/pdfs/gmuend/10272075_A1F.pdf HTTP/1.1" 200 30123 "-" "Mozilla/5.0 (compatible; Googlebot/2.1; +http://www.google.com/bot.html)"
66.249.76.74 - - [24/Oct/2017:03:26:51 +0200] "GET /uploads/pdfs/am.spitz/10257323_B-L17.pdf HTTP/1.1" 301 322 "-" "Mozilla/5.0 (compatible; Googlebot/2.1; +http://www.google.com/bot.html)"
66.249.76.80 - - [24/Oct/2017:03:26:51 +0200] "GET /uploads/pdfs/am.spitz/10257323_B-L17.pdf HTTP/1.1" 200 34565 "-" "Mozilla/5.0 (compatible; Googlebot/2.1; +http://www.google.com/bot.html)"
40.77.167.88 - - [24/Oct/2017:03:26:52 +0200] "GET /waidhofen.thaya HTTP/1.1" 301 303 "-" "Mozilla/5.0 (compatible; bingbot/2.0; +http://www.bing.com/bingbot.htm)"
66.249.66.136 - - [24/Oct/2017:03:26:56 +0200] "GET /img/ed_pfeil_down.png HTTP/1.1" 301 309 "-" "Googlebot-Image/1.0"
66.249.66.148 - - [24/Oct/2017:03:26:57 +0200] "GET /img/ed_pfeil_down.png HTTP/1.1" 200 3634 "-" "Googlebot-Image/1.0"
66.249.76.78 - - [24/Oct/2017:03:27:09 +0200] "GET /uploads/pdfs/waidhofen.thaya/10271750_A1L17.pdf HTTP/1.1" 301 326 "-" "Mozilla/5.0 (compatible; Googlebot/2.1; +http://www.google.com/bot.html)"
66.249.76.80 - - [24/Oct/2017:03:27:09 +0200] "GET /uploads/pdfs/waidhofen.thaya/10271750_A1L17.pdf HTTP/1.1" 200 36524 "-" "Mozilla/5.0 (compatible; Googlebot/2.1; +http://www.google.com/bot.html)"
66.249.76.76 - - [24/Oct/2017:03:27:27 +0200] "GET /uploads/pdfs/dornbirn/10278882_B-L.pdf HTTP/1.1" 301 319 "-" "Mozilla/5.0 (compatible; Googlebot/2.1; +http://www.google.com/bot.html)"
66.249.76.82 - - [24/Oct/2017:03:27:28 +0200] "GET /uploads/pdfs/dornbirn/10278882_B-L.pdf HTTP/1.1" 200 32813 "-" "Mozilla/5.0 (compatible; Googlebot/2.1; +http://www.google.com/bot.html)"
66.249.66.136 - - [24/Oct/2017:03:27:46 +0200] "GET /uploads/pdfs/bludenz/Motorradkurs_-_A1,_A2,_A_2016-10-17_A1L17.pdf HTTP/1.1" 301 341 "-" "Mozilla/5.0 (compatible; Googlebot/2.1; +http://www.google.com/bot.html)"
66.249.76.80 - - [24/Oct/2017:03:27:46 +0200] "GET /uploads/pdfs/bludenz/Motorradkurs_-_A1,_A2,_A_2016-10-17_A1L17.pdf HTTP/1.1" 200 36563 "-" "Mozilla/5.0 (compatible; Googlebot/2.1; +http://www.google.com/bot.html)"
54.185.235.188 - - [24/Oct/2017:03:27:54 +0200] "GET / HTTP/1.1" 301 294 "-" "Mozilla/5.0 (compatible; MSIE 9.0; Windows NT 6.1; Trident/5.0; chromeframe/11.0.696.57)"
54.185.235.188 - - [24/Oct/2017:03:27:57 +0200] "GET / HTTP/1.1" 200 4530 "-" "Mozilla/5.0 (compatible; MSIE 9.0; Windows NT 6.1; Trident/5.0; chromeframe/11.0.696.57)"
66.249.76.76 - - [24/Oct/2017:03:28:04 +0200] "GET /moedling/10244233 HTTP/1.1" 301 306 "-" "Mozilla/5.0 (compatible; Googlebot/2.1; +http://www.google.com/bot.html)"
66.249.76.82 - - [24/Oct/2017:03:28:04 +0200] "GET /moedling/10244233 HTTP/1.1" 200 3008 "-" "Mozilla/5.0 (compatible; Googlebot/2.1; +http://www.google.com/bot.html)"
66.249.66.138 - - [24/Oct/2017:03:28:22 +0200] "GET /uploads/pdfs/bad.voeslau/Intensivkurs-8-Einheiten-Dezember-2014_B-L.pdf HTTP/1.1" 301 344 "-" "Mozilla/5.0 (compatible; Googlebot/2.1; +http://www.google.com/bot.html)"
66.249.76.82 - - [24/Oct/2017:03:28:23 +0200] "GET /uploads/pdfs/bad.voeslau/Intensivkurs-8-Einheiten-Dezember-2014_B-L.pdf HTTP/1.1" 200 37516 "-" "Mozilla/5.0 (compatible; Googlebot/2.1; +http://www.google.com/bot.html)"
66.249.66.136 - - [24/Oct/2017:03:28:41 +0200] "GET /uploads/pdfs/langenlois/10279530_BPlus.pdf HTTP/1.1" 301 323 "-" "Mozilla/5.0 (compatible; Googlebot/2.1; +http://www.google.com/bot.html)"
66.249.76.80 - - [24/Oct/2017:03:28:41 +0200] "GET /uploads/pdfs/langenlois/10279530_BPlus.pdf HTTP/1.1" 200 29229 "-" "Mozilla/5.0 (compatible; Googlebot/2.1; +http://www.google.com/bot.html)"
66.249.66.136 - - [24/Oct/2017:03:28:59 +0200] "GET /uploads/pdfs/bludenz/LKW-Kurs-CD-2015-10-05_DD195-B.pdf HTTP/1.1" 301 335 "-" "Mozilla/5.0 (compatible; Googlebot/2.1; +http://www.google.com/bot.html)"
66.249.66.148 - - [24/Oct/2017:03:29:00 +0200] "GET /uploads/pdfs/bludenz/LKW-Kurs-CD-2015-10-05_DD195-B.pdf HTTP/1.1" 200 29109 "-" "Mozilla/5.0 (compatible; Googlebot/2.1; +http://www.google.com/bot.html)"
217.182.132.96 - - [24/Oct/2017:03:29:17 +0200] "GET /am.spitz HTTP/1.1" 301 299 "-" "Mozilla/5.0 (compatible; AhrefsBot/5.2; +http://ahrefs.com/robot/)"
66.249.76.74 - - [24/Oct/2017:03:29:17 +0200] "GET /reumannplatz/Inhaberdaten HTTP/1.1" 301 309 "-" "Mozilla/5.0 (compatible; Googlebot/2.1; +http://www.google.com/bot.html)"
66.249.76.80 - - [24/Oct/2017:03:29:18 +0200] "GET /reumannplatz/Inhaberdaten HTTP/1.1" 200 3672 "-" "Mozilla/5.0 (compatible; Googlebot/2.1; +http://www.google.com/bot.html)"
66.249.76.74 - - [24/Oct/2017:03:29:36 +0200] "GET /dornbirn/10278882?FS=B-L HTTP/1.1" 301 312 "-" "Mozilla/5.0 (compatible; Googlebot/2.1; +http://www.google.com/bot.html)"
66.249.76.80 - - [24/Oct/2017:03:29:36 +0200] "GET /dornbirn/10278882?FS=B-L HTTP/1.1" 200 6318 "-" "Mozilla/5.0 (compatible; Googlebot/2.1; +http://www.google.com/bot.html)"
66.249.66.136 - - [24/Oct/2017:03:29:54 +0200] "GET /uploads/pdfs/steyr/abendkurs_B.pdf HTTP/1.1" 301 316 "-" "Mozilla/5.0 (compatible; Googlebot/2.1; +http://www.google.com/bot.html)"
66.249.76.80 - - [24/Oct/2017:03:29:54 +0200] "GET /uploads/pdfs/steyr/abendkurs_B.pdf HTTP/1.1" 200 33192 "-" "Mozilla/5.0 (compatible; Googlebot/2.1; +http://www.google.com/bot.html)"
66.249.76.78 - - [24/Oct/2017:03:30:12 +0200] "GET /fuehrerscheine/bus/DD195-C HTTP/1.1" 301 310 "-" "Mozilla/5.0 (compatible; Googlebot/2.1; +http://www.google.com/bot.html)"
66.249.76.84 - - [24/Oct/2017:03:30:13 +0200] "GET /fuehrerscheine/bus/DD195-C HTTP/1.1" 200 3758 "-" "Mozilla/5.0 (compatible; Googlebot/2.1; +http://www.google.com/bot.html)"
66.249.76.76 - - [24/Oct/2017:03:30:31 +0200] "GET /uploads/pdfs/enns/Abendkurs-19Dez2014_B-L17.pdf HTTP/1.1" 301 328 "-" "Mozilla/5.0 (compatible; Googlebot/2.1; +http://www.google.com/bot.html)"
66.249.76.80 - - [24/Oct/2017:03:30:31 +0200] "GET /uploads/pdfs/enns/Abendkurs-19Dez2014_B-L17.pdf HTTP/1.1" 200 35682 "-" "Mozilla/5.0 (compatible; Googlebot/2.1; +http://www.google.com/bot.html)"
66.249.76.74 - - [24/Oct/2017:03:30:49 +0200] "GET /waidhofen.thaya/Inhaberdaten HTTP/1.1" 301 310 "-" "Mozilla/5.0 (compatible; Googlebot/2.1; +http://www.google.com/bot.html)"
66.249.76.80 - - [24/Oct/2017:03:30:49 +0200] "GET /waidhofen.thaya/Inhaberdaten HTTP/1.1" 200 3728 "-" "Mozilla/5.0 (compatible; Googlebot/2.1; +http://www.google.com/bot.html)"
178.114.195.203 - - [24/Oct/2017:03:30:53 +0200] "GET /guessing HTTP/1.1" 301 298 "http://m.facebook.com/" "Mozilla/5.0 (Linux; Android 7.1.2; KIW-L21 Build/NJH47B; wv) AppleWebKit/537.36 (KHTML, like Gecko) Version/4.0 Chrome/61.0.3163.98 Mobile Safari/537.36 [FB_IAB/FB4A;FBAV/146.0.0.53.92;]"
178.114.195.203 - - [24/Oct/2017:03:30:53 +0200] "GET /guessing HTTP/1.1" 200 2945 "http://m.facebook.com/" "Mozilla/5.0 (Linux; Android 7.1.2; KIW-L21 Build/NJH47B; wv) AppleWebKit/537.36 (KHTML, like Gecko) Version/4.0 Chrome/61.0.3163.98 Mobile Safari/537.36 [FB_IAB/FB4A;FBAV/146.0.0.53.92;]"
66.249.76.74 - - [24/Oct/2017:03:31:07 +0200] "GET /neunkirchen/partnerfirmen HTTP/1.1" 301 309 "-" "Mozilla/5.0 (compatible; Googlebot/2.1; +http://www.google.com/bot.html)"
66.249.66.148 - - [24/Oct/2017:03:31:08 +0200] "GET /neunkirchen/partnerfirmen HTTP/1.1" 200 3784 "-" "Mozilla/5.0 (compatible; Googlebot/2.1; +http://www.google.com/bot.html)"
66.249.76.74 - - [24/Oct/2017:03:31:26 +0200] "GET /easy_drivers_st._peterau/aktionen HTTP/1.1" 301 311 "-" "Mozilla/5.0 (compatible; Googlebot/2.1; +http://www.google.com/bot.html)"
66.249.76.80 - - [24/Oct/2017:03:31:26 +0200] "GET /easy_drivers_st._peterau/aktionen HTTP/1.1" 200 2996 "-" "Mozilla/5.0 (compatible; Googlebot/2.1; +http://www.google.com/bot.html)"
66.249.76.74 - - [24/Oct/2017:03:31:44 +0200] "GET /ennstal.bad.aussee/Inhaberdaten HTTP/1.1" 301 312 "-" "Mozilla/5.0 (compatible; Googlebot/2.1; +http://www.google.com/bot.html)"
66.249.66.148 - - [24/Oct/2017:03:31:45 +0200] "GET /ennstal.bad.aussee/Inhaberdaten HTTP/1.1" 200 3774 "-" "Mozilla/5.0 (compatible; Googlebot/2.1; +http://www.google.com/bot.html)"
66.249.66.140 - - [24/Oct/2017:03:32:02 +0200] "GET /uploads/pdfs/amstetten/abendkurs_A1L17.pdf HTTP/1.1" 301 321 "-" "Mozilla/5.0 (compatible; Googlebot/2.1; +http://www.google.com/bot.html)"
66.249.66.148 - - [24/Oct/2017:03:32:03 +0200] "GET /uploads/pdfs/amstetten/abendkurs_A1L17.pdf HTTP/1.1" 200 34876 "-" "Mozilla/5.0 (compatible; Googlebot/2.1; +http://www.google.com/bot.html)"
66.249.76.76 - - [24/Oct/2017:03:32:21 +0200] "GET /uploads/pdfs/st.poelten/10260040_A2B.pdf HTTP/1.1" 301 320 "-" "Mozilla/5.0 (compatible; Googlebot/2.1; +http://www.google.com/bot.html)"
66.249.76.82 - - [24/Oct/2017:03:32:21 +0200] "GET /uploads/pdfs/st.poelten/10260040_A2B.pdf HTTP/1.1" 200 30090 "-" "Mozilla/5.0 (compatible; Googlebot/2.1; +http://www.google.com/bot.html)"
66.249.76.74 - - [24/Oct/2017:03:32:39 +0200] "GET /perg/10255207 HTTP/1.1" 301 303 "-" "Mozilla/5.0 (compatible; Googlebot/2.1; +http://www.google.com/bot.html)"
66.249.76.80 - - [24/Oct/2017:03:32:39 +0200] "GET /perg/10255207 HTTP/1.1" 200 2928 "-" "Mozilla/5.0 (compatible; Googlebot/2.1; +http://www.google.com/bot.html)"
66.249.76.74 - - [24/Oct/2017:03:32:57 +0200] "GET /dornbirn/10278882?FS=B-L17 HTTP/1.1" 301 314 "-" "Mozilla/5.0 (compatible; Googlebot/2.1; +http://www.google.com/bot.html)"
66.249.76.80 - - [24/Oct/2017:03:32:58 +0200] "GET /dornbirn/10278882?FS=B-L17 HTTP/1.1" 200 6236 "-" "Mozilla/5.0 (compatible; Googlebot/2.1; +http://www.google.com/bot.html)"
66.249.76.74 - - [24/Oct/2017:03:33:16 +0200] "GET /uploads/pdfs/hollabrunn/Grundkurs_Oktober_2015_B-L.pdf HTTP/1.1" 301 332 "-" "Mozilla/5.0 (compatible; Googlebot/2.1; +http://www.google.com/bot.html)"
66.249.76.80 - - [24/Oct/2017:03:33:16 +0200] "GET /uploads/pdfs/hollabrunn/Grundkurs_Oktober_2015_B-L.pdf HTTP/1.1" 200 38123 "-" "Mozilla/5.0 (compatible; Googlebot/2.1; +http://www.google.com/bot.html)"
66.249.66.136 - - [24/Oct/2017:03:33:34 +0200] "GET /voesendorf/10281942?FS=A1L17 HTTP/1.1" 301 315 "-" "Mozilla/5.0 (compatible; Googlebot/2.1; +http://www.google.com/bot.html)"
66.249.76.80 - - [24/Oct/2017:03:33:34 +0200] "GET /voesendorf/10281942?FS=A1L17 HTTP/1.1" 200 6248 "-" "Mozilla/5.0 (compatible; Googlebot/2.1; +http://www.google.com/bot.html)"
66.249.66.91 - - [24/Oct/2017:03:33:53 +0200] "GET /robots.txt HTTP/1.1" 301 303 "-" "Mozilla/5.0 (compatible; Googlebot/2.1; +http://www.google.com/bot.html)"
66.249.66.148 - - [24/Oct/2017:03:33:53 +0200] "GET /robots.txt HTTP/1.1" 200 101 "-" "Mozilla/5.0 (compatible; Googlebot/2.1; +http://www.google.com/bot.html)"
66.249.76.57 - - [24/Oct/2017:03:33:53 +0200] "GET /hartberg/kurse/Moveonizer.php HTTP/1.1" 301 316 "-" "Mozilla/5.0 (compatible; Googlebot/2.1; +http://www.google.com/bot.html)"
66.249.76.80 - - [24/Oct/2017:03:33:54 +0200] "GET /hartberg/kurse/Moveonizer.php HTTP/1.1" 404 3397 "-" "Mozilla/5.0 (compatible; Googlebot/2.1; +http://www.google.com/bot.html)"
66.249.66.138 - - [24/Oct/2017:03:34:11 +0200] "GET /eisenstadt/10290102 HTTP/1.1" 301 305 "-" "Mozilla/5.0 (compatible; Googlebot/2.1; +http://www.google.com/bot.html)"
66.249.66.148 - - [24/Oct/2017:03:34:11 +0200] "GET /eisenstadt/10290102 HTTP/1.1" 200 2913 "-" "Mozilla/5.0 (compatible; Googlebot/2.1; +http://www.google.com/bot.html)"
66.249.76.74 - - [24/Oct/2017:03:34:29 +0200] "GET /gmuend/kurse HTTP/1.1" 301 302 "-" "Mozilla/5.0 (Linux; Android 6.0.1; Nexus 5X Build/MMB29P) AppleWebKit/537.36 (KHTML, like Gecko) Chrome/41.0.2272.96 Mobile Safari/537.36 (compatible; Googlebot/2.1; +http://www.google.com/bot.html)"
35.184.189.105 - - [24/Oct/2017:03:34:29 +0200] "GET /robots.txt HTTP/1.1" 301 300 "-" "ltx71 - (http://ltx71.com/)"
66.249.76.82 - - [24/Oct/2017:03:34:29 +0200] "GET /gmuend/kurse HTTP/1.1" 200 3065 "-" "Mozilla/5.0 (Linux; Android 6.0.1; Nexus 5X Build/MMB29P) AppleWebKit/537.36 (KHTML, like Gecko) Chrome/41.0.2272.96 Mobile Safari/537.36 (compatible; Googlebot/2.1; +http://www.google.com/bot.html)"
54.185.235.188 - - [24/Oct/2017:03:34:43 +0200] "GET / HTTP/1.1" 301 293 "-" "Opera/9.80 (Windows NT 6.0; U; it) Presto/2.6.30 Version/10.61"
54.185.235.188 - - [24/Oct/2017:03:34:44 +0200] "GET / HTTP/1.1" 200 4425 "-" "Opera/9.80 (Windows NT 6.0; U; it) Presto/2.6.30 Version/10.61"
66.249.76.74 - - [24/Oct/2017:03:34:47 +0200] "GET /uploads/pdfs/tulln/Abendkurs_September_2015_B-L17.pdf HTTP/1.1" 301 331 "-" "Mozilla/5.0 (compatible; Googlebot/2.1; +http://www.google.com/bot.html)"
66.249.76.80 - - [24/Oct/2017:03:34:48 +0200] "GET /uploads/pdfs/tulln/Abendkurs_September_2015_B-L17.pdf HTTP/1.1" 200 34163 "-" "Mozilla/5.0 (compatible; Googlebot/2.1; +http://www.google.com/bot.html)"
66.249.76.74 - - [24/Oct/2017:03:35:06 +0200] "GET /uploads/pdfs/berndorf/Intensivkurs_8_Einheiten_Dezember_2016_A1L17.pdf HTTP/1.1" 301 343 "-" "Mozilla/5.0 (compatible; Googlebot/2.1; +http://www.google.com/bot.html)"
66.249.76.80 - - [24/Oct/2017:03:35:06 +0200] "GET /uploads/pdfs/berndorf/Intensivkurs_8_Einheiten_Dezember_2016_A1L17.pdf HTTP/1.1" 200 35072 "-" "Mozilla/5.0 (compatible; Googlebot/2.1; +http://www.google.com/bot.html)"
54.227.177.58 - - [24/Oct/2017:03:35:08 +0200] "GET / HTTP/1.1" 301 294 "-" "Mozilla/5.0 (X11; Linux x86_64) AppleWebKit/537.36 (KHTML, like Gecko) Chrome/58.0.3029.81 Safari/537.36"
54.227.177.58 - - [24/Oct/2017:03:35:10 +0200] "GET / HTTP/1.1" 200 4425 "-" "Mozilla/5.0 (X11; Linux x86_64) AppleWebKit/537.36 (KHTML, like Gecko) Chrome/58.0.3029.81 Safari/537.36"
54.227.177.58 - - [24/Oct/2017:03:35:12 +0200] "GET / HTTP/1.1" 200 4425 "-" "Mozilla/5.0 (X11; Linux x86_64) AppleWebKit/537.36 (KHTML, like Gecko) Chrome/58.0.3029.81 Safari/537.36"
54.227.177.58 - - [24/Oct/2017:03:35:14 +0200] "GET /impressum HTTP/1.1" 200 5879 "-" "Mozilla/5.0 (X11; Linux x86_64) AppleWebKit/537.36 (KHTML, like Gecko) Chrome/58.0.3029.81 Safari/537.36"
54.227.177.58 - - [24/Oct/2017:03:35:16 +0200] "GET /fuehrerscheine/bus HTTP/1.1" 200 2629 "-" "Mozilla/5.0 (X11; Linux x86_64) AppleWebKit/537.36 (KHTML, like Gecko) Chrome/58.0.3029.81 Safari/537.36"
54.227.177.58 - - [24/Oct/2017:03:35:18 +0200] "GET /fuehrerscheine/lkw HTTP/1.1" 200 2686 "-" "Mozilla/5.0 (X11; Linux x86_64) AppleWebKit/537.36 (KHTML, like Gecko) Chrome/58.0.3029.81 Safari/537.36"
66.249.76.74 - - [24/Oct/2017:03:35:24 +0200] "GET /fuehrerscheine/lkw/E HTTP/1.1" 301 305 "-" "Mozilla/5.0 (compatible; Googlebot/2.1; +http://www.google.com/bot.html)"
66.249.76.80 - - [24/Oct/2017:03:35:24 +0200] "GET /fuehrerscheine/lkw/E HTTP/1.1" 200 3323 "-" "Mozilla/5.0 (compatible; Googlebot/2.1; +http://www.google.com/bot.html)"
66.249.76.74 - - [24/Oct/2017:03:35:42 +0200] "GET /neunkirchen/10282545 HTTP/1.1" 301 307 "-" "Mozilla/5.0 (compatible; Googlebot/2.1; +http://www.google.com/bot.html)"
66.249.76.80 - - [24/Oct/2017:03:35:43 +0200] "GET /neunkirchen/10282545 HTTP/1.1" 200 3200 "-" "Mozilla/5.0 (compatible; Googlebot/2.1; +http://www.google.com/bot.html)"
66.249.66.140 - - [24/Oct/2017:03:36:01 +0200] "GET /moedling/10281909?FS=DD195-B HTTP/1.1" 301 315 "-" "Mozilla/5.0 (compatible; Googlebot/2.1; +http://www.google.com/bot.html)"
66.249.76.80 - - [24/Oct/2017:03:36:01 +0200] "GET /moedling/10281909?FS=DD195-B HTTP/1.1" 200 5831 "-" "Mozilla/5.0 (compatible; Googlebot/2.1; +http://www.google.com/bot.html)"
66.249.76.74 - - [24/Oct/2017:03:36:19 +0200] "GET /amstetten/kurs_ced?FS=CCE95 HTTP/1.1" 301 313 "-" "Mozilla/5.0 (compatible; Googlebot/2.1; +http://www.google.com/bot.html)"
66.249.76.80 - - [24/Oct/2017:03:36:19 +0200] "GET /amstetten/kurs_ced?FS=CCE95 HTTP/1.1" 200 5942 "-" "Mozilla/5.0 (compatible; Googlebot/2.1; +http://www.google.com/bot.html)"
66.249.76.74 - - [24/Oct/2017:03:36:37 +0200] "GET /fuehrerscheine/motorrad/AvonA2 HTTP/1.1" 301 312 "-" "Mozilla/5.0 (compatible; Googlebot/2.1; +http://www.google.com/bot.html)"
66.249.76.80 - - [24/Oct/2017:03:36:38 +0200] "GET /fuehrerscheine/motorrad/AvonA2 HTTP/1.1" 200 3016 "-" "Mozilla/5.0 (compatible; Googlebot/2.1; +http://www.google.com/bot.html)"
35.199.176.3 - - [24/Oct/2017:03:36:39 +0200] "GET /am.spitz/10291244?FS=B&channel=fullversion HTTP/1.1" 200 5801 "-" "Mozilla/5.0 (compatible; BomboraBot/1.0; +http://www.bombora.com/bot)"
207.46.13.133 - - [24/Oct/2017:03:36:54 +0200] "GET /krems/AM-Kurs-August_2017?FS=AM-M HTTP/1.1" 301 318 "-" "Mozilla/5.0 (compatible; bingbot/2.0; +http://www.bing.com/bingbot.htm)"
66.249.76.74 - - [24/Oct/2017:03:36:56 +0200] "GET /brigittenau/10284632 HTTP/1.1" 301 308 "-" "Mozilla/5.0 (compatible; Googlebot/2.1; +http://www.google.com/bot.html)"
66.249.66.148 - - [24/Oct/2017:03:36:56 +0200] "GET /brigittenau/10284632 HTTP/1.1" 200 3394 "-" "Mozilla/5.0 (compatible; Googlebot/2.1; +http://www.google.com/bot.html)"
66.249.76.76 - - [24/Oct/2017:03:37:14 +0200] "GET /uploads/pdfs/linz/10272466_B-L.pdf HTTP/1.1" 301 318 "-" "Mozilla/5.0 (compatible; Googlebot/2.1; +http://www.google.com/bot.html)"
66.249.66.148 - - [24/Oct/2017:03:37:15 +0200] "GET /uploads/pdfs/linz/10272466_B-L.pdf HTTP/1.1" 200 29889 "-" "Mozilla/5.0 (compatible; Googlebot/2.1; +http://www.google.com/bot.html)"
66.249.76.74 - - [24/Oct/2017:03:37:32 +0200] "GET /uploads/pdfs/wr.neustadt/10277002_B-L.pdf HTTP/1.1" 301 321 "-" "Mozilla/5.0 (compatible; Googlebot/2.1; +http://www.google.com/bot.html)"
66.249.66.148 - - [24/Oct/2017:03:37:33 +0200] "GET /uploads/pdfs/wr.neustadt/10277002_B-L.pdf HTTP/1.1" 200 29844 "-" "Mozilla/5.0 (compatible; Googlebot/2.1; +http://www.google.com/bot.html)"
66.249.76.74 - - [24/Oct/2017:03:37:51 +0200] "GET /dornbirn/10248216?FS=BC HTTP/1.1" 301 311 "-" "Mozilla/5.0 (compatible; Googlebot/2.1; +http://www.google.com/bot.html)"
66.249.66.148 - - [24/Oct/2017:03:37:51 +0200] "GET /dornbirn/10248216?FS=BC HTTP/1.1" 200 6309 "-" "Mozilla/5.0 (compatible; Googlebot/2.1; +http://www.google.com/bot.html)"
35.199.161.136 - - [24/Oct/2017:03:38:00 +0200] "GET /am.spitz/10291244?FS=A2B HTTP/1.1" 200 6270 "-" "Mozilla/5.0 (compatible; BomboraBot/1.0; +http://www.bombora.com/bot)"
66.249.76.74 - - [24/Oct/2017:03:38:09 +0200] "GET /dornbirn/10278882?FS=BE96 HTTP/1.1" 301 313 "-" "Mozilla/5.0 (compatible; Googlebot/2.1; +http://www.google.com/bot.html)"
66.249.66.150 - - [24/Oct/2017:03:38:10 +0200] "GET /dornbirn/10278882?FS=BE96 HTTP/1.1" 200 6044 "-" "Mozilla/5.0 (compatible; Googlebot/2.1; +http://www.google.com/bot.html)"
66.249.66.136 - - [24/Oct/2017:03:38:27 +0200] "GET /binaries/easy-drivers---skarabela-gro/analyse-elektromobilit.pdf HTTP/1.1" 301 333 "-" "Mozilla/5.0 (compatible; Googlebot/2.1; +http://www.google.com/bot.html)"
66.249.76.82 - - [24/Oct/2017:03:38:28 +0200] "GET /binaries/easy-drivers---skarabela-gro/analyse-elektromobilit.pdf HTTP/1.1" 200 6838334 "-" "Mozilla/5.0 (compatible; Googlebot/2.1; +http://www.google.com/bot.html)"
66.249.76.76 - - [24/Oct/2017:03:38:46 +0200] "GET /uploads/pdfs/krems/10279338_B-L.pdf HTTP/1.1" 301 319 "-" "Mozilla/5.0 (compatible; Googlebot/2.1; +http://www.google.com/bot.html)"
66.249.66.150 - - [24/Oct/2017:03:38:46 +0200] "GET /uploads/pdfs/krems/10279338_B-L.pdf HTTP/1.1" 200 29783 "-" "Mozilla/5.0 (compatible; Googlebot/2.1; +http://www.google.com/bot.html)"
66.249.76.78 - - [24/Oct/2017:03:39:04 +0200] "GET /fuehrerscheine/auto/BBE HTTP/1.1" 301 307 "-" "Mozilla/5.0 (compatible; Googlebot/2.1; +http://www.google.com/bot.html)"
66.249.76.80 - - [24/Oct/2017:03:39:05 +0200] "GET /fuehrerscheine/auto/BBE HTTP/1.1" 200 3921 "-" "Mozilla/5.0 (compatible; Googlebot/2.1; +http://www.google.com/bot.html)"
66.249.76.74 - - [24/Oct/2017:03:39:22 +0200] "GET /moedling/10281909?FS=DD195-C HTTP/1.1" 301 315 "-" "Mozilla/5.0 (compatible; Googlebot/2.1; +http://www.google.com/bot.html)"
