149.244.211.9 - - [06/Dec/2017:07:28:57 +0100] "GET /img/kursicon-phone-pink.png HTTP/1.1" 200 1286 "https://www.easydrivers.at/bruck.leitha?gclid=EAIaIQobChMIhMTQhOH01wIVEzobCh0Egw0jEAAYASAAEgL69vD_BwE" "Mozilla/5.0 (Windows NT 6.1; WOW64; Trident/7.0; rv:11.0) like Gecko"
149.244.211.9 - - [06/Dec/2017:07:28:57 +0100] "GET /img/ED_Logo.png HTTP/1.1" 200 3385 "https://www.easydrivers.at/bruck.leitha?gclid=EAIaIQobChMIhMTQhOH01wIVEzobCh0Egw0jEAAYASAAEgL69vD_BwE" "Mozilla/5.0 (Windows NT 6.1; WOW64; Trident/7.0; rv:11.0) like Gecko"
149.244.211.9 - - [06/Dec/2017:07:28:57 +0100] "GET /img/yellow-dots-vertical.png HTTP/1.1" 200 981 "https://www.easydrivers.at/bruck.leitha?gclid=EAIaIQobChMIhMTQhOH01wIVEzobCh0Egw0jEAAYASAAEgL69vD_BwE" "Mozilla/5.0 (Windows NT 6.1; WOW64; Trident/7.0; rv:11.0) like Gecko"
149.244.211.9 - - [06/Dec/2017:07:28:57 +0100] "GET /img/purple-dots-horizontal.png HTTP/1.1" 200 977 "https://www.easydrivers.at/bruck.leitha?gclid=EAIaIQobChMIhMTQhOH01wIVEzobCh0Egw0jEAAYASAAEgL69vD_BwE" "Mozilla/5.0 (Windows NT 6.1; WOW64; Trident/7.0; rv:11.0) like Gecko"
149.244.211.9 - - [06/Dec/2017:07:28:57 +0100] "GET /img/bg-footer.jpg HTTP/1.1" 200 31770 "https://www.easydrivers.at/bruck.leitha?gclid=EAIaIQobChMIhMTQhOH01wIVEzobCh0Egw0jEAAYASAAEgL69vD_BwE" "Mozilla/5.0 (Windows NT 6.1; WOW64; Trident/7.0; rv:11.0) like Gecko"
149.244.211.9 - - [06/Dec/2017:07:28:57 +0100] "GET /img/kursicon-download-pink.png HTTP/1.1" 200 1213 "https://www.easydrivers.at/bruck.leitha?gclid=EAIaIQobChMIhMTQhOH01wIVEzobCh0Egw0jEAAYASAAEgL69vD_BwE" "Mozilla/5.0 (Windows NT 6.1; WOW64; Trident/7.0; rv:11.0) like Gecko"
149.244.211.9 - - [06/Dec/2017:07:28:57 +0100] "GET /img/bg-top-section.jpg HTTP/1.1" 200 82172 "https://www.easydrivers.at/bruck.leitha?gclid=EAIaIQobChMIhMTQhOH01wIVEzobCh0Egw0jEAAYASAAEgL69vD_BwE" "Mozilla/5.0 (Windows NT 6.1; WOW64; Trident/7.0; rv:11.0) like Gecko"
149.244.211.9 - - [06/Dec/2017:07:28:57 +0100] "GET /img/bg-header.jpg HTTP/1.1" 200 38680 "https://www.easydrivers.at/bruck.leitha?gclid=EAIaIQobChMIhMTQhOH01wIVEzobCh0Egw0jEAAYASAAEgL69vD_BwE" "Mozilla/5.0 (Windows NT 6.1; WOW64; Trident/7.0; rv:11.0) like Gecko"
157.55.39.65 - - [06/Dec/2017:07:29:02 +0100] "GET /amstetten/abendkurs-maerz18?FS=A1 HTTP/1.1" 200 5805 "-" "Mozilla/5.0 (compatible; bingbot/2.0; +http://www.bing.com/bingbot.htm)"
52.9.43.141 - - [06/Dec/2017:07:29:17 +0100] "GET /klagenfurt HTTP/1.1" 301 302 "-" "Mozilla/5.0 (X11; CrOS i686 4319.74.0) AppleWebKit/537.36 (KHTML, like Gecko) Chrome/29.0.1547.57 Safari/537.36"
52.9.43.141 - - [06/Dec/2017:07:29:17 +0100] "GET /klagenfurt HTTP/1.1" 200 3665 "-" "Mozilla/5.0 (X11; CrOS i686 4319.74.0) AppleWebKit/537.36 (KHTML, like Gecko) Chrome/29.0.1547.57 Safari/537.36"
207.46.13.43 - - [06/Dec/2017:07:29:22 +0100] "GET /ueberuns HTTP/1.1" 200 3260 "-" "Mozilla/5.0 (compatible; bingbot/2.0; +http://www.bing.com/bingbot.htm)"
157.55.39.65 - - [06/Dec/2017:07:29:43 +0100] "GET /ennstal.bad.aussee HTTP/1.1" 200 3628 "-" "Mozilla/5.0 (compatible; bingbot/2.0; +http://www.bing.com/bingbot.htm)"
213.180.203.11 - - [06/Dec/2017:07:30:21 +0100] "GET /binaries/easy-drivers-portal/widget-icon-apppng.png HTTP/1.1" 301 323 "-" "Mozilla/5.0 (compatible; YandexImages/3.0; +http://yandex.com/bots)"
178.154.171.72 - - [06/Dec/2017:07:30:22 +0100] "GET /binaries/easy-drivers-portal/widget-icon-apppng.png HTTP/1.1" 304 - "-" "Mozilla/5.0 (compatible; YandexImages/3.0; +http://yandex.com/bots)"
193.170.68.246 - - [06/Dec/2017:07:31:10 +0100] "GET /img/ED_Logo.png HTTP/1.1" 301 305 "-" "Mozilla/5.0 (Windows NT 6.1; Win64; x64; rv:57.0) Gecko/20100101 Firefox/57.0"
193.170.68.246 - - [06/Dec/2017:07:31:11 +0100] "GET /img/ED_Logo.png HTTP/1.1" 200 3385 "-" "Mozilla/5.0 (Windows NT 6.1; Win64; x64; rv:57.0) Gecko/20100101 Firefox/57.0"
213.225.12.54 - - [06/Dec/2017:07:31:14 +0100] "GET /bruck.leitha/10279432?FS=B HTTP/1.1" 200 3401 "http://m.facebook.com" "Mozilla/5.0 (iPhone; CPU iPhone OS 11_1_2 like Mac OS X) AppleWebKit/604.3.5 (KHTML, like Gecko) Mobile/15B202 [FBAN/FBIOS;FBAV/151.0.0.61.202;FBBV/82156572;FBDV/iPhone9,3;FBMD/iPhone;FBSN/iOS;FBSV/11.1.2;FBSS/2;FBCR/A1;FBID/phone;FBLC/de_DE;FBOP/5;FBRV/83160404]"
213.225.37.159 - - [06/Dec/2017:07:31:15 +0100] "GET /guessing HTTP/1.1" 200 2945 "https://www.easydrivers.at/guessing" "Mozilla/5.0 (Linux; Android 6.0.1; SAMSUNG SM-A300FU Build/MMB29M) AppleWebKit/537.36 (KHTML, like Gecko) SamsungBrowser/6.2 Chrome/56.0.2924.87 Mobile Safari/537.36"
213.225.37.159 - - [06/Dec/2017:07:31:19 +0100] "GET /img/favicon.ico HTTP/1.1" 404 301 "-" "Mozilla/5.0 (Linux; Android 6.0.1; SAMSUNG SM-A300FU Build/MMB29M) AppleWebKit/537.36 (KHTML, like Gecko) SamsungBrowser/6.2 Chrome/56.0.2924.87 Mobile Safari/537.36"
213.225.37.159 - - [06/Dec/2017:07:31:36 +0100] "-" 408 - "-" "-"
91.141.2.43 - - [06/Dec/2017:07:31:48 +0100] "GET /app HTTP/1.1" 200 2408 "https://www.easydrivers.at/" "Mozilla/5.0 (iPhone; CPU iPhone OS 11_0_3 like Mac OS X) AppleWebKit/604.1.38 (KHTML, like Gecko) Version/11.0 Mobile/15A432 Safari/604.1"
207.46.13.137 - - [06/Dec/2017:07:32:09 +0100] "GET /wieselburg HTTP/1.1" 200 3467 "-" "Mozilla/5.0 (compatible; bingbot/2.0; +http://www.bing.com/bingbot.htm)"
213.225.37.128 - - [06/Dec/2017:07:32:12 +0100] "GET /tulln/Weihnachtskurs_Abendkurs_Dezember_2017?FS=B HTTP/1.1" 200 3264 "http://m.facebook.com/" "Mozilla/5.0 (Linux; Android 7.0; SM-G928F Build/NRD90M; wv) AppleWebKit/537.36 (KHTML, like Gecko) Version/4.0 Chrome/62.0.3202.84 Mobile Safari/537.36 [FB_IAB/FB4A;FBAV/151.0.0.44.205;]"
213.162.72.155 - - [06/Dec/2017:07:32:22 +0100] "GET /linz/10286170?FS=B HTTP/1.1" 200 3158 "http://m.facebook.com" "Mozilla/5.0 (iPhone; CPU iPhone OS 11_1_2 like Mac OS X) AppleWebKit/604.3.5 (KHTML, like Gecko) Mobile/15B202 [FBAN/FBIOS;FBAV/151.0.0.61.202;FBBV/82156572;FBDV/iPhone7,1;FBMD/iPhone;FBSN/iOS;FBSV/11.1.2;FBSS/3;FBCR/tele.ring;FBID/phone;FBLC/de_DE;FBOP/5;FBRV/83160404]"
213.162.72.155 - - [06/Dec/2017:07:32:25 +0100] "GET /linz/img/mobile/easydrivers-logo-mobile.png HTTP/1.1" 404 3046 "-" "Mozilla/5.0 (iPhone; CPU iPhone OS 11_1_2 like Mac OS X) AppleWebKit/604.3.5 (KHTML, like Gecko) Mobile/15B202 [FBAN/FBIOS;FBAV/151.0.0.61.202;FBBV/82156572;FBDV/iPhone7,1;FBMD/iPhone;FBSN/iOS;FBSV/11.1.2;FBSS/3;FBCR/tele.ring;FBID/phone;FBLC/de_DE;FBOP/5;FBRV/83160404]"
52.9.43.141 - - [06/Dec/2017:07:32:40 +0100] "GET /klagenfurt HTTP/1.1" 301 302 "-" "Mozilla/5.0 (Windows NT 6.1; WOW64) AppleWebKit/537.36 (KHTML, like Gecko) Chrome/27.0.1453.93 Safari/537.36"
62.46.26.119 - - [06/Dec/2017:07:32:40 +0100] "GET /hollabrunn/Grundkurs_Weihnachten_2017?FS=B HTTP/1.1" 200 3287 "http://m.facebook.com" "Mozilla/5.0 (iPhone; CPU iPhone OS 11_1_2 like Mac OS X) AppleWebKit/604.3.5 (KHTML, like Gecko) Mobile/15B202 [FBAN/FBIOS;FBAV/151.0.0.61.202;FBBV/82156572;FBDV/iPhone8,1;FBMD/iPhone;FBSN/iOS;FBSV/11.1.2;FBSS/2;FBCR/3Austria;FBID/phone;FBLC/de_DE;FBOP/5;FBRV/83160404]"
52.9.43.141 - - [06/Dec/2017:07:32:41 +0100] "GET /klagenfurt HTTP/1.1" 200 3665 "-" "Mozilla/5.0 (Windows NT 6.1; WOW64) AppleWebKit/537.36 (KHTML, like Gecko) Chrome/27.0.1453.93 Safari/537.36"
62.46.26.119 - - [06/Dec/2017:07:32:43 +0100] "GET /hollabrunn/img/mobile/easydrivers-logo-mobile.png HTTP/1.1" 404 3057 "-" "Mozilla/5.0 (iPhone; CPU iPhone OS 11_1_2 like Mac OS X) AppleWebKit/604.3.5 (KHTML, like Gecko) Mobile/15B202 [FBAN/FBIOS;FBAV/151.0.0.61.202;FBBV/82156572;FBDV/iPhone8,1;FBMD/iPhone;FBSN/iOS;FBSV/11.1.2;FBSS/2;FBCR/3Austria;FBID/phone;FBLC/de_DE;FBOP/5;FBRV/83160404]"
40.77.167.76 - - [06/Dec/2017:07:32:50 +0100] "GET /fahrschulen/3340 HTTP/1.1" 200 3398 "-" "Mozilla/5.0 (compatible; bingbot/2.0; +http://www.bing.com/bingbot.htm)"
83.215.176.215 - - [06/Dec/2017:07:32:51 +0100] "GET /ennstal.schladming/wfk-22-12-2017?FS=B HTTP/1.1" 200 3217 "http://m.facebook.com" "Mozilla/5.0 (iPhone; CPU iPhone OS 10_3_1 like Mac OS X) AppleWebKit/603.1.30 (KHTML, like Gecko) Mobile/14E304 [FBAN/FBIOS;FBAV/151.0.0.61.202;FBBV/82156572;FBDV/iPhone8,4;FBMD/iPhone;FBSN/iOS;FBSV/10.3.1;FBSS/2;FBCR/A1;FBID/phone;FBLC/de_DE;FBOP/5;FBRV/83160404]"
213.162.72.155 - - [06/Dec/2017:07:32:57 +0100] "GET /linz/img/mobile/menu-button.png HTTP/1.1" 404 3052 "-" "Mozilla/5.0 (iPhone; CPU iPhone OS 11_1_2 like Mac OS X) AppleWebKit/604.3.5 (KHTML, like Gecko) Mobile/15B202 [FBAN/FBIOS;FBAV/151.0.0.61.202;FBBV/82156572;FBDV/iPhone7,1;FBMD/iPhone;FBSN/iOS;FBSV/11.1.2;FBSS/3;FBCR/tele.ring;FBID/phone;FBLC/de_DE;FBOP/5;FBRV/83160404]"
207.46.13.43 - - [06/Dec/2017:07:33:01 +0100] "GET /steyr/kursauswahl HTTP/1.1" 200 3636 "-" "Mozilla/5.0 (compatible; bingbot/2.0; +http://www.bing.com/bingbot.htm)"
62.46.26.119 - - [06/Dec/2017:07:33:13 +0100] "GET /hollabrunn/img/mobile/menu-button.png HTTP/1.1" 404 3063 "-" "Mozilla/5.0 (iPhone; CPU iPhone OS 11_1_2 like Mac OS X) AppleWebKit/604.3.5 (KHTML, like Gecko) Mobile/15B202 [FBAN/FBIOS;FBAV/151.0.0.61.202;FBBV/82156572;FBDV/iPhone8,1;FBMD/iPhone;FBSN/iOS;FBSV/11.1.2;FBSS/2;FBCR/3Austria;FBID/phone;FBLC/de_DE;FBOP/5;FBRV/83160404]"
90.146.3.10 - - [06/Dec/2017:07:33:25 +0100] "GET /enns HTTP/1.1" 301 296 "https://www.google.at/" "Mozilla/5.0 (Windows NT 10.0; Win64; x64; rv:57.0) Gecko/20100101 Firefox/57.0"
90.146.3.10 - - [06/Dec/2017:07:33:26 +0100] "GET /enns HTTP/1.1" 200 3753 "https://www.google.at/" "Mozilla/5.0 (Windows NT 10.0; Win64; x64; rv:57.0) Gecko/20100101 Firefox/57.0"
90.146.3.10 - - [06/Dec/2017:07:33:28 +0100] "GET /css/style.css HTTP/1.1" 200 5004 "https://www.easydrivers.at/enns" "Mozilla/5.0 (Windows NT 10.0; Win64; x64; rv:57.0) Gecko/20100101 Firefox/57.0"
90.146.3.10 - - [06/Dec/2017:07:33:28 +0100] "GET /javascript/jquery.customSelect.min.js HTTP/1.1" 200 912 "https://www.easydrivers.at/enns" "Mozilla/5.0 (Windows NT 10.0; Win64; x64; rv:57.0) Gecko/20100101 Firefox/57.0"
90.146.3.10 - - [06/Dec/2017:07:33:28 +0100] "GET /css/print.css HTTP/1.1" 200 967 "https://www.easydrivers.at/enns" "Mozilla/5.0 (Windows NT 10.0; Win64; x64; rv:57.0) Gecko/20100101 Firefox/57.0"
90.146.3.10 - - [06/Dec/2017:07:33:28 +0100] "GET /javascript/jquery.cookie.js HTTP/1.1" 200 863 "https://www.easydrivers.at/enns" "Mozilla/5.0 (Windows NT 10.0; Win64; x64; rv:57.0) Gecko/20100101 Firefox/57.0"
90.146.3.10 - - [06/Dec/2017:07:33:28 +0100] "GET /javascript/portal.js?1221842734 HTTP/1.1" 200 3529 "https://www.easydrivers.at/enns" "Mozilla/5.0 (Windows NT 10.0; Win64; x64; rv:57.0) Gecko/20100101 Firefox/57.0"
90.146.3.10 - - [06/Dec/2017:07:33:28 +0100] "GET /javascript/jquery.simplemodal.js HTTP/1.1" 200 3070 "https://www.easydrivers.at/enns" "Mozilla/5.0 (Windows NT 10.0; Win64; x64; rv:57.0) Gecko/20100101 Firefox/57.0"
90.146.3.10 - - [06/Dec/2017:07:33:28 +0100] "GET /javascript/lazyload.js HTTP/1.1" 200 1170 "https://www.easydrivers.at/enns" "Mozilla/5.0 (Windows NT 10.0; Win64; x64; rv:57.0) Gecko/20100101 Firefox/57.0"
90.146.3.10 - - [06/Dec/2017:07:33:28 +0100] "GET /javascript/fahrschule.js HTTP/1.1" 200 462 "https://www.easydrivers.at/enns" "Mozilla/5.0 (Windows NT 10.0; Win64; x64; rv:57.0) Gecko/20100101 Firefox/57.0"
90.146.3.10 - - [06/Dec/2017:07:33:28 +0100] "GET /img/facebook-icon.png HTTP/1.1" 200 1506 "https://www.easydrivers.at/enns" "Mozilla/5.0 (Windows NT 10.0; Win64; x64; rv:57.0) Gecko/20100101 Firefox/57.0"
90.146.3.10 - - [06/Dec/2017:07:33:28 +0100] "GET /img/close-button.png HTTP/1.1" 200 2237 "https://www.easydrivers.at/enns" "Mozilla/5.0 (Windows NT 10.0; Win64; x64; rv:57.0) Gecko/20100101 Firefox/57.0"
90.146.3.10 - - [06/Dec/2017:07:33:28 +0100] "GET /img/empty.gif HTTP/1.1" 200 43 "https://www.easydrivers.at/enns" "Mozilla/5.0 (Windows NT 10.0; Win64; x64; rv:57.0) Gecko/20100101 Firefox/57.0"
90.146.3.10 - - [06/Dec/2017:07:33:28 +0100] "GET /img/close-button-small.png HTTP/1.1" 200 1671 "https://www.easydrivers.at/enns" "Mozilla/5.0 (Windows NT 10.0; Win64; x64; rv:57.0) Gecko/20100101 Firefox/57.0"
90.146.3.10 - - [06/Dec/2017:07:33:28 +0100] "GET /img/info-button.png HTTP/1.1" 200 738 "https://www.easydrivers.at/enns" "Mozilla/5.0 (Windows NT 10.0; Win64; x64; rv:57.0) Gecko/20100101 Firefox/57.0"
90.146.3.10 - - [06/Dec/2017:07:33:28 +0100] "GET /img/locator-icon.png HTTP/1.1" 200 1377 "https://www.easydrivers.at/enns" "Mozilla/5.0 (Windows NT 10.0; Win64; x64; rv:57.0) Gecko/20100101 Firefox/57.0"
90.146.3.10 - - [06/Dec/2017:07:33:28 +0100] "GET /img/schweiz-icon.png HTTP/1.1" 200 1504 "https://www.easydrivers.at/enns" "Mozilla/5.0 (Windows NT 10.0; Win64; x64; rv:57.0) Gecko/20100101 Firefox/57.0"
90.146.3.10 - - [06/Dec/2017:07:33:28 +0100] "GET /cache/emu/images/easy-drivers-portal10280696/fahrsicherheitstraining-foto-playpng_160_90_0.png HTTP/1.1" 200 28455 "https://www.easydrivers.at/enns" "Mozilla/5.0 (Windows NT 10.0; Win64; x64; rv:57.0) Gecko/20100101 Firefox/57.0"
90.146.3.10 - - [06/Dec/2017:07:33:28 +0100] "GET /img/submit-button.png HTTP/1.1" 200 1958 "https://www.easydrivers.at/enns" "Mozilla/5.0 (Windows NT 10.0; Win64; x64; rv:57.0) Gecko/20100101 Firefox/57.0"
90.146.3.10 - - [06/Dec/2017:07:33:28 +0100] "GET /cache/emu/images/easy-drivers-portal10293338/fb-aktion2jpg_160_84_0.jpg HTTP/1.1" 200 5082 "https://www.easydrivers.at/enns" "Mozilla/5.0 (Windows NT 10.0; Win64; x64; rv:57.0) Gecko/20100101 Firefox/57.0"
90.146.3.10 - - [06/Dec/2017:07:33:28 +0100] "GET /binaries/easy-drivers-portal/widget-icon-trainingpng.png HTTP/1.1" 200 2662 "https://www.easydrivers.at/enns" "Mozilla/5.0 (Windows NT 10.0; Win64; x64; rv:57.0) Gecko/20100101 Firefox/57.0"
90.146.3.10 - - [06/Dec/2017:07:33:28 +0100] "GET /img/ED_Logo.png HTTP/1.1" 200 3385 "https://www.easydrivers.at/css/style.css" "Mozilla/5.0 (Windows NT 10.0; Win64; x64; rv:57.0) Gecko/20100101 Firefox/57.0"
213.162.72.155 - - [06/Dec/2017:07:33:25 +0100] "GET /linz/img/mobile/close-button.png HTTP/1.1" 404 3054 "-" "Mozilla/5.0 (iPhone; CPU iPhone OS 11_1_2 like Mac OS X) AppleWebKit/604.3.5 (KHTML, like Gecko) Mobile/15B202 [FBAN/FBIOS;FBAV/151.0.0.61.202;FBBV/82156572;FBDV/iPhone7,1;FBMD/iPhone;FBSN/iOS;FBSV/11.1.2;FBSS/3;FBCR/tele.ring;FBID/phone;FBLC/de_DE;FBOP/5;FBRV/83160404]"
90.146.3.10 - - [06/Dec/2017:07:33:28 +0100] "GET /img/purple-dots-horizontal.png HTTP/1.1" 200 977 "https://www.easydrivers.at/css/style.css" "Mozilla/5.0 (Windows NT 10.0; Win64; x64; rv:57.0) Gecko/20100101 Firefox/57.0"
90.146.3.10 - - [06/Dec/2017:07:33:28 +0100] "GET /img/bg-header.jpg HTTP/1.1" 200 38680 "https://www.easydrivers.at/css/style.css" "Mozilla/5.0 (Windows NT 10.0; Win64; x64; rv:57.0) Gecko/20100101 Firefox/57.0"
90.146.3.10 - - [06/Dec/2017:07:33:28 +0100] "GET /img/yellow-dots-vertical.png HTTP/1.1" 200 981 "https://www.easydrivers.at/css/style.css" "Mozilla/5.0 (Windows NT 10.0; Win64; x64; rv:57.0) Gecko/20100101 Firefox/57.0"
90.146.3.10 - - [06/Dec/2017:07:33:28 +0100] "GET /img/bg-footer.jpg HTTP/1.1" 200 31770 "https://www.easydrivers.at/css/style.css" "Mozilla/5.0 (Windows NT 10.0; Win64; x64; rv:57.0) Gecko/20100101 Firefox/57.0"
90.146.3.10 - - [06/Dec/2017:07:33:28 +0100] "GET /img/kursicon-print-pink.png HTTP/1.1" 200 1125 "https://www.easydrivers.at/enns" "Mozilla/5.0 (Windows NT 10.0; Win64; x64; rv:57.0) Gecko/20100101 Firefox/57.0"
90.146.3.10 - - [06/Dec/2017:07:33:28 +0100] "GET /img/bg-top-section.jpg HTTP/1.1" 200 82172 "https://www.easydrivers.at/css/style.css" "Mozilla/5.0 (Windows NT 10.0; Win64; x64; rv:57.0) Gecko/20100101 Firefox/57.0"
90.146.3.10 - - [06/Dec/2017:07:33:28 +0100] "GET /img/kursicon-download-pink.png HTTP/1.1" 200 1213 "https://www.easydrivers.at/enns" "Mozilla/5.0 (Windows NT 10.0; Win64; x64; rv:57.0) Gecko/20100101 Firefox/57.0"
90.146.3.10 - - [06/Dec/2017:07:33:28 +0100] "GET /img/kursicon-share-pink.png HTTP/1.1" 200 1277 "https://www.easydrivers.at/enns" "Mozilla/5.0 (Windows NT 10.0; Win64; x64; rv:57.0) Gecko/20100101 Firefox/57.0"
90.146.3.10 - - [06/Dec/2017:07:33:28 +0100] "GET /img/kursicon-phone-pink.png HTTP/1.1" 200 1286 "https://www.easydrivers.at/enns" "Mozilla/5.0 (Windows NT 10.0; Win64; x64; rv:57.0) Gecko/20100101 Firefox/57.0"
90.146.3.10 - - [06/Dec/2017:07:33:29 +0100] "GET /img/new_favicon.ico HTTP/1.1" 301 306 "-" "Mozilla/5.0 (Windows NT 10.0; Win64; x64; rv:57.0) Gecko/20100101 Firefox/57.0"
90.146.3.10 - - [06/Dec/2017:07:33:29 +0100] "GET /img/new_favicon.ico HTTP/1.1" 200 1150 "-" "Mozilla/5.0 (Windows NT 10.0; Win64; x64; rv:57.0) Gecko/20100101 Firefox/57.0"
213.225.2.241 - - [06/Dec/2017:07:33:29 +0100] "GET /binaries/easy-drivers-pankl-leoben/fahrpr.pdf HTTP/1.1" 200 193072 "https://www.google.at/" "Mozilla/5.0 (iPhone; CPU iPhone OS 10_3_3 like Mac OS X) AppleWebKit/603.3.8 (KHTML, like Gecko) Version/10.0 Mobile/14G60 Safari/602.1"
144.76.158.18 - - [06/Dec/2017:07:33:30 +0100] "GET /ennstal.schladming HTTP/1.1" 301 306 "-" "Opendi Screenshot Bot bot@opendi.com"
144.76.158.18 - - [06/Dec/2017:07:33:30 +0100] "GET /ennstal.schladming HTTP/1.1" 200 3622 "-" "Opendi Screenshot Bot bot@opendi.com"
144.76.158.18 - - [06/Dec/2017:07:33:32 +0100] "GET /javascript/jquery.customSelect.min.js HTTP/1.1" 200 912 "https://www.easydrivers.at/ennstal.schladming" "Opendi Screenshot Bot bot@opendi.com"
144.76.158.18 - - [06/Dec/2017:07:33:32 +0100] "GET /javascript/lazyload.js HTTP/1.1" 200 1170 "https://www.easydrivers.at/ennstal.schladming" "Opendi Screenshot Bot bot@opendi.com"
144.76.158.18 - - [06/Dec/2017:07:33:32 +0100] "GET /javascript/jquery.cookie.js HTTP/1.1" 200 863 "https://www.easydrivers.at/ennstal.schladming" "Opendi Screenshot Bot bot@opendi.com"
144.76.158.18 - - [06/Dec/2017:07:33:32 +0100] "GET /javascript/jquery.simplemodal.js HTTP/1.1" 200 3070 "https://www.easydrivers.at/ennstal.schladming" "Opendi Screenshot Bot bot@opendi.com"
144.76.158.18 - - [06/Dec/2017:07:33:32 +0100] "GET /javascript/portal.js?1221842734 HTTP/1.1" 200 3529 "https://www.easydrivers.at/ennstal.schladming" "Opendi Screenshot Bot bot@opendi.com"
144.76.158.18 - - [06/Dec/2017:07:33:32 +0100] "GET /css/style.css HTTP/1.1" 200 5004 "https://www.easydrivers.at/ennstal.schladming" "Opendi Screenshot Bot bot@opendi.com"
90.146.3.10 - - [06/Dec/2017:07:33:31 +0100] "GET /ueberuns HTTP/1.1" 200 3260 "https://www.easydrivers.at/enns" "Mozilla/5.0 (Windows NT 10.0; Win64; x64; rv:57.0) Gecko/20100101 Firefox/57.0"
90.146.3.10 - - [06/Dec/2017:07:33:33 +0100] "GET /css/history.css HTTP/1.1" 200 609 "https://www.easydrivers.at/ueberuns" "Mozilla/5.0 (Windows NT 10.0; Win64; x64; rv:57.0) Gecko/20100101 Firefox/57.0"
90.146.3.10 - - [06/Dec/2017:07:33:33 +0100] "GET /javascript/history.js HTTP/1.1" 200 967 "https://www.easydrivers.at/ueberuns" "Mozilla/5.0 (Windows NT 10.0; Win64; x64; rv:57.0) Gecko/20100101 Firefox/57.0"
90.146.3.10 - - [06/Dec/2017:07:33:33 +0100] "GET /binaries/easy-drivers-portal/edwebhistoryillu392x3922jpg.jpg HTTP/1.1" 200 32209 "https://www.easydrivers.at/ueberuns" "Mozilla/5.0 (Windows NT 10.0; Win64; x64; rv:57.0) Gecko/20100101 Firefox/57.0"
90.146.3.10 - - [06/Dec/2017:07:33:33 +0100] "GET /binaries/easy-drivers-portal/edwebhistoryillu392x3924jpg.jpg HTTP/1.1" 200 35765 "https://www.easydrivers.at/ueberuns" "Mozilla/5.0 (Windows NT 10.0; Win64; x64; rv:57.0) Gecko/20100101 Firefox/57.0"
144.76.158.18 - - [06/Dec/2017:07:33:33 +0100] "GET /javascript/fahrschule.js HTTP/1.1" 200 462 "https://www.easydrivers.at/ennstal.schladming" "Opendi Screenshot Bot bot@opendi.com"
90.146.3.10 - - [06/Dec/2017:07:33:33 +0100] "GET /binaries/easy-drivers-portal/edwebhistoryillu392x3925jpg.jpg HTTP/1.1" 200 31708 "https://www.easydrivers.at/ueberuns" "Mozilla/5.0 (Windows NT 10.0; Win64; x64; rv:57.0) Gecko/20100101 Firefox/57.0"
90.146.3.10 - - [06/Dec/2017:07:33:33 +0100] "GET /binaries/easy-drivers-portal/edwebhistoryillu392x3923jpg.jpg HTTP/1.1" 200 54656 "https://www.easydrivers.at/ueberuns" "Mozilla/5.0 (Windows NT 10.0; Win64; x64; rv:57.0) Gecko/20100101 Firefox/57.0"
90.146.3.10 - - [06/Dec/2017:07:33:33 +0100] "GET /binaries/easy-drivers-portal/edwebhistoryillu392x392radjpg.jpg HTTP/1.1" 200 124939 "https://www.easydrivers.at/ueberuns" "Mozilla/5.0 (Windows NT 10.0; Win64; x64; rv:57.0) Gecko/20100101 Firefox/57.0"
144.76.158.18 - - [06/Dec/2017:07:33:33 +0100] "GET /img/close-button.png HTTP/1.1" 200 2237 "https://www.easydrivers.at/ennstal.schladming" "Opendi Screenshot Bot bot@opendi.com"
90.146.3.10 - - [06/Dec/2017:07:33:33 +0100] "GET /binaries/easy-drivers-portal/edwebhistoryillu392x3926jpg.jpg HTTP/1.1" 200 41118 "https://www.easydrivers.at/ueberuns" "Mozilla/5.0 (Windows NT 10.0; Win64; x64; rv:57.0) Gecko/20100101 Firefox/57.0"
90.146.3.10 - - [06/Dec/2017:07:33:33 +0100] "GET /binaries/easy-drivers-portal/edwebhistoryillu392x3929jpg.jpg HTTP/1.1" 200 31823 "https://www.easydrivers.at/ueberuns" "Mozilla/5.0 (Windows NT 10.0; Win64; x64; rv:57.0) Gecko/20100101 Firefox/57.0"
90.146.3.10 - - [06/Dec/2017:07:33:33 +0100] "GET /binaries/easy-drivers-portal/edwebhistoryillu392x3927jpg.jpg HTTP/1.1" 200 71377 "https://www.easydrivers.at/ueberuns" "Mozilla/5.0 (Windows NT 10.0; Win64; x64; rv:57.0) Gecko/20100101 Firefox/57.0"
90.146.3.10 - - [06/Dec/2017:07:33:33 +0100] "GET /binaries/easy-drivers-portal/edwebhistoryillu392x39211jpg.jpg HTTP/1.1" 200 36282 "https://www.easydrivers.at/ueberuns" "Mozilla/5.0 (Windows NT 10.0; Win64; x64; rv:57.0) Gecko/20100101 Firefox/57.0"
90.146.3.10 - - [06/Dec/2017:07:33:33 +0100] "GET /binaries/easy-drivers-portal/edwebhistoryillu392x3928jpg.jpg HTTP/1.1" 200 38907 "https://www.easydrivers.at/ueberuns" "Mozilla/5.0 (Windows NT 10.0; Win64; x64; rv:57.0) Gecko/20100101 Firefox/57.0"
90.146.3.10 - - [06/Dec/2017:07:33:33 +0100] "GET /binaries/easy-drivers-portal/edwebhistoryillu392x39210jpg.jpg HTTP/1.1" 200 19475 "https://www.easydrivers.at/ueberuns" "Mozilla/5.0 (Windows NT 10.0; Win64; x64; rv:57.0) Gecko/20100101 Firefox/57.0"
90.146.3.10 - - [06/Dec/2017:07:33:33 +0100] "GET /binaries/easy-drivers-portal/edwebhistoryillu392x39220kpng.png HTTP/1.1" 200 49333 "https://www.easydrivers.at/ueberuns" "Mozilla/5.0 (Windows NT 10.0; Win64; x64; rv:57.0) Gecko/20100101 Firefox/57.0"
144.76.158.18 - - [06/Dec/2017:07:33:33 +0100] "GET /img/info-button.png HTTP/1.1" 200 738 "https://www.easydrivers.at/ennstal.schladming" "Opendi Screenshot Bot bot@opendi.com"
144.76.158.18 - - [06/Dec/2017:07:33:33 +0100] "GET /img/ED_Logo.png HTTP/1.1" 200 3385 "https://www.easydrivers.at/ennstal.schladming" "Opendi Screenshot Bot bot@opendi.com"
144.76.158.18 - - [06/Dec/2017:07:33:33 +0100] "GET /img/facebook-icon.png HTTP/1.1" 200 1506 "https://www.easydrivers.at/ennstal.schladming" "Opendi Screenshot Bot bot@opendi.com"
144.76.158.18 - - [06/Dec/2017:07:33:33 +0100] "GET /img/bg-header.jpg HTTP/1.1" 200 38680 "https://www.easydrivers.at/ennstal.schladming" "Opendi Screenshot Bot bot@opendi.com"
144.76.158.18 - - [06/Dec/2017:07:33:33 +0100] "GET /img/locator-icon.png HTTP/1.1" 200 1377 "https://www.easydrivers.at/ennstal.schladming" "Opendi Screenshot Bot bot@opendi.com"
144.76.158.18 - - [06/Dec/2017:07:33:33 +0100] "GET /img/close-button-small.png HTTP/1.1" 200 1671 "https://www.easydrivers.at/ennstal.schladming" "Opendi Screenshot Bot bot@opendi.com"
144.76.158.18 - - [06/Dec/2017:07:33:33 +0100] "GET /img/submit-button.png HTTP/1.1" 200 1958 "https://www.easydrivers.at/ennstal.schladming" "Opendi Screenshot Bot bot@opendi.com"
144.76.158.18 - - [06/Dec/2017:07:33:33 +0100] "GET /img/empty.gif HTTP/1.1" 200 43 "https://www.easydrivers.at/ennstal.schladming" "Opendi Screenshot Bot bot@opendi.com"
144.76.158.18 - - [06/Dec/2017:07:33:33 +0100] "GET /cache/emu/images/easy-drivers-portal10264989/volvojpg_131_90_0.jpg HTTP/1.1" 200 4570 "https://www.easydrivers.at/ennstal.schladming" "Opendi Screenshot Bot bot@opendi.com"
144.76.158.18 - - [06/Dec/2017:07:33:33 +0100] "GET /binaries/easy-drivers-portal/widget-icon-trainingpng.png HTTP/1.1" 200 2662 "https://www.easydrivers.at/ennstal.schladming" "Opendi Screenshot Bot bot@opendi.com"
144.76.158.18 - - [06/Dec/2017:07:33:33 +0100] "GET /binaries/easy-drivers-portal/widget-icon-expertspng.png HTTP/1.1" 200 2159 "https://www.easydrivers.at/ennstal.schladming" "Opendi Screenshot Bot bot@opendi.com"
144.76.158.18 - - [06/Dec/2017:07:33:34 +0100] "GET /binaries/easy-drivers-portal/widget-icon-apppng.png HTTP/1.1" 200 2432 "https://www.easydrivers.at/ennstal.schladming" "Opendi Screenshot Bot bot@opendi.com"
144.76.158.18 - - [06/Dec/2017:07:33:34 +0100] "GET /img/schweiz-icon.png HTTP/1.1" 200 1504 "https://www.easydrivers.at/ennstal.schladming" "Opendi Screenshot Bot bot@opendi.com"
144.76.158.18 - - [06/Dec/2017:07:33:34 +0100] "GET /img/purple-dots-horizontal.png HTTP/1.1" 200 977 "https://www.easydrivers.at/ennstal.schladming" "Opendi Screenshot Bot bot@opendi.com"
144.76.158.18 - - [06/Dec/2017:07:33:34 +0100] "GET /img/yellow-dots-vertical.png HTTP/1.1" 200 981 "https://www.easydrivers.at/ennstal.schladming" "Opendi Screenshot Bot bot@opendi.com"
144.76.158.18 - - [06/Dec/2017:07:33:34 +0100] "GET /img/kursicon-print-pink.png HTTP/1.1" 200 1125 "https://www.easydrivers.at/ennstal.schladming" "Opendi Screenshot Bot bot@opendi.com"
144.76.158.18 - - [06/Dec/2017:07:33:34 +0100] "GET /img/bg-footer.jpg HTTP/1.1" 200 31770 "https://www.easydrivers.at/ennstal.schladming" "Opendi Screenshot Bot bot@opendi.com"
144.76.158.18 - - [06/Dec/2017:07:33:34 +0100] "GET /img/kursicon-download-pink.png HTTP/1.1" 200 1213 "https://www.easydrivers.at/ennstal.schladming" "Opendi Screenshot Bot bot@opendi.com"
144.76.158.18 - - [06/Dec/2017:07:33:34 +0100] "GET /img/bg-top-section.jpg HTTP/1.1" 200 82172 "https://www.easydrivers.at/ennstal.schladming" "Opendi Screenshot Bot bot@opendi.com"
144.76.158.18 - - [06/Dec/2017:07:33:34 +0100] "GET /img/kursicon-phone-pink.png HTTP/1.1" 200 1286 "https://www.easydrivers.at/ennstal.schladming" "Opendi Screenshot Bot bot@opendi.com"
144.76.158.18 - - [06/Dec/2017:07:33:34 +0100] "GET /img/kursicon-share-pink.png HTTP/1.1" 200 1277 "https://www.easydrivers.at/ennstal.schladming" "Opendi Screenshot Bot bot@opendi.com"
144.76.158.18 - - [06/Dec/2017:07:33:34 +0100] "GET /css/print.css HTTP/1.1" 200 967 "https://www.easydrivers.at/ennstal.schladming" "Opendi Screenshot Bot bot@opendi.com"
157.55.39.65 - - [06/Dec/2017:07:33:35 +0100] "GET /amstetten HTTP/1.1" 200 3571 "-" "Mozilla/5.0 (compatible; bingbot/2.0; +http://www.bing.com/bingbot.htm)"
90.146.3.10 - - [06/Dec/2017:07:33:42 +0100] "GET /links HTTP/1.1" 200 2407 "https://www.easydrivers.at/ueberuns" "Mozilla/5.0 (Windows NT 10.0; Win64; x64; rv:57.0) Gecko/20100101 Firefox/57.0"
90.146.3.10 - - [06/Dec/2017:07:33:44 +0100] "GET /img/top-image-overlay.png HTTP/1.1" 200 20650 "https://www.easydrivers.at/css/style.css" "Mozilla/5.0 (Windows NT 10.0; Win64; x64; rv:57.0) Gecko/20100101 Firefox/57.0"
90.146.3.10 - - [06/Dec/2017:07:33:44 +0100] "GET /binaries/easy-drivers-portal/pkw2jpg.jpg HTTP/1.1" 200 93020 "https://www.easydrivers.at/links" "Mozilla/5.0 (Windows NT 10.0; Win64; x64; rv:57.0) Gecko/20100101 Firefox/57.0"
213.233.85.227 - - [06/Dec/2017:07:33:42 +0100] "GET /krems/10276251 HTTP/1.1" 200 3274 "http://m.facebook.com/" "Mozilla/5.0 (Linux; Android 7.1.1; VFD 510 Build/NMF26F; wv) AppleWebKit/537.36 (KHTML, like Gecko) Version/4.0 Chrome/56.0.2924.87 Mobile Safari/537.36 [FB_IAB/FB4A;FBAV/151.0.0.40.205;]"
83.175.111.250 - - [06/Dec/2017:07:33:46 +0100] "GET /img/ED_Logo.png HTTP/1.1" 301 305 "-" "Mozilla/5.0 (Windows NT 6.1; Win64; x64; rv:57.0) Gecko/20100101 Firefox/57.0"
62.46.26.119 - - [06/Dec/2017:07:33:43 +0100] "GET /hollabrunn/img/mobile/close-button.png HTTP/1.1" 404 3065 "-" "Mozilla/5.0 (iPhone; CPU iPhone OS 11_1_2 like Mac OS X) AppleWebKit/604.3.5 (KHTML, like Gecko) Mobile/15B202 [FBAN/FBIOS;FBAV/151.0.0.61.202;FBBV/82156572;FBDV/iPhone8,1;FBMD/iPhone;FBSN/iOS;FBSV/11.1.2;FBSS/2;FBCR/3Austria;FBID/phone;FBLC/de_DE;FBOP/5;FBRV/83160404]"
83.175.111.250 - - [06/Dec/2017:07:33:46 +0100] "GET /img/ED_Logo.png HTTP/1.1" 200 3385 "-" "Mozilla/5.0 (Windows NT 6.1; Win64; x64; rv:57.0) Gecko/20100101 Firefox/57.0"
62.46.26.119 - - [06/Dec/2017:07:33:44 +0100] "GET /hollabrunn/img/mobile/facebook-icon.png HTTP/1.1" 404 3063 "-" "Mozilla/5.0 (iPhone; CPU iPhone OS 11_1_2 like Mac OS X) AppleWebKit/604.3.5 (KHTML, like Gecko) Mobile/15B202 [FBAN/FBIOS;FBAV/151.0.0.61.202;FBBV/82156572;FBDV/iPhone8,1;FBMD/iPhone;FBSN/iOS;FBSV/11.1.2;FBSS/2;FBCR/3Austria;FBID/phone;FBLC/de_DE;FBOP/5;FBRV/83160404]"
90.146.3.10 - - [06/Dec/2017:07:33:46 +0100] "GET /fahrschulen HTTP/1.1" 200 3928 "https://www.easydrivers.at/links" "Mozilla/5.0 (Windows NT 10.0; Win64; x64; rv:57.0) Gecko/20100101 Firefox/57.0"
90.146.3.10 - - [06/Dec/2017:07:33:47 +0100] "GET /javascript/fahrschulen.js?id=258 HTTP/1.1" 200 511 "https://www.easydrivers.at/fahrschulen" "Mozilla/5.0 (Windows NT 10.0; Win64; x64; rv:57.0) Gecko/20100101 Firefox/57.0"
90.146.3.10 - - [06/Dec/2017:07:33:47 +0100] "GET /img/austria-map-burgenland.png HTTP/1.1" 200 10146 "https://www.easydrivers.at/fahrschulen" "Mozilla/5.0 (Windows NT 10.0; Win64; x64; rv:57.0) Gecko/20100101 Firefox/57.0"
90.146.3.10 - - [06/Dec/2017:07:33:47 +0100] "GET /img/austria-map-kaernten.png HTTP/1.1" 200 9968 "https://www.easydrivers.at/fahrschulen" "Mozilla/5.0 (Windows NT 10.0; Win64; x64; rv:57.0) Gecko/20100101 Firefox/57.0"
90.146.3.10 - - [06/Dec/2017:07:33:47 +0100] "GET /img/austria-map-ooe.png HTTP/1.1" 200 14597 "https://www.easydrivers.at/fahrschulen" "Mozilla/5.0 (Windows NT 10.0; Win64; x64; rv:57.0) Gecko/20100101 Firefox/57.0"
90.146.3.10 - - [06/Dec/2017:07:33:47 +0100] "GET /img/austria-map-noe.png HTTP/1.1" 200 17166 "https://www.easydrivers.at/fahrschulen" "Mozilla/5.0 (Windows NT 10.0; Win64; x64; rv:57.0) Gecko/20100101 Firefox/57.0"
90.146.3.10 - - [06/Dec/2017:07:33:47 +0100] "GET /img/austria-map.jpg HTTP/1.1" 200 57110 "https://www.easydrivers.at/fahrschulen" "Mozilla/5.0 (Windows NT 10.0; Win64; x64; rv:57.0) Gecko/20100101 Firefox/57.0"
90.146.3.10 - - [06/Dec/2017:07:33:47 +0100] "GET /img/austria-map-salzburg.png HTTP/1.1" 200 13786 "https://www.easydrivers.at/fahrschulen" "Mozilla/5.0 (Windows NT 10.0; Win64; x64; rv:57.0) Gecko/20100101 Firefox/57.0"
90.146.3.10 - - [06/Dec/2017:07:33:47 +0100] "GET /img/austria-map-steiermark.png HTTP/1.1" 200 14192 "https://www.easydrivers.at/fahrschulen" "Mozilla/5.0 (Windows NT 10.0; Win64; x64; rv:57.0) Gecko/20100101 Firefox/57.0"
90.146.3.10 - - [06/Dec/2017:07:33:47 +0100] "GET /img/austria-map-tirol.png HTTP/1.1" 200 13911 "https://www.easydrivers.at/fahrschulen" "Mozilla/5.0 (Windows NT 10.0; Win64; x64; rv:57.0) Gecko/20100101 Firefox/57.0"
90.146.3.10 - - [06/Dec/2017:07:33:47 +0100] "GET /img/austria-map-vorarlberg.png HTTP/1.1" 200 5780 "https://www.easydrivers.at/fahrschulen" "Mozilla/5.0 (Windows NT 10.0; Win64; x64; rv:57.0) Gecko/20100101 Firefox/57.0"
90.146.3.10 - - [06/Dec/2017:07:33:47 +0100] "GET /img/austria-map-wien.png HTTP/1.1" 200 2864 "https://www.easydrivers.at/fahrschulen" "Mozilla/5.0 (Windows NT 10.0; Win64; x64; rv:57.0) Gecko/20100101 Firefox/57.0"
90.146.3.10 - - [06/Dec/2017:07:33:47 +0100] "GET /img/submit-button-small.png HTTP/1.1" 200 1456 "https://www.easydrivers.at/fahrschulen" "Mozilla/5.0 (Windows NT 10.0; Win64; x64; rv:57.0) Gecko/20100101 Firefox/57.0"
87.250.224.32 - - [06/Dec/2017:07:33:46 +0100] "GET /hollabrunn/Grundkurs_Ostern_2018?FS=B-L17 HTTP/1.1" 200 6193 "-" "Mozilla/5.0 (compatible; YandexBot/3.0; +http://yandex.com/bots)"
90.146.3.10 - - [06/Dec/2017:07:33:49 +0100] "GET /img/loading-bars.gif HTTP/1.1" 200 3951 "https://www.easydrivers.at/css/style.css" "Mozilla/5.0 (Windows NT 10.0; Win64; x64; rv:57.0) Gecko/20100101 Firefox/57.0"
90.146.3.10 - - [06/Dec/2017:07:33:49 +0100] "POST /fahrschulen/oberoesterreich HTTP/1.1" 200 3108 "https://www.easydrivers.at/fahrschulen" "Mozilla/5.0 (Windows NT 10.0; Win64; x64; rv:57.0) Gecko/20100101 Firefox/57.0"
90.146.3.10 - - [06/Dec/2017:07:33:50 +0100] "GET /img/smallicon-address.png HTTP/1.1" 200 1211 "https://www.easydrivers.at/fahrschulen/oberoesterreich" "Mozilla/5.0 (Windows NT 10.0; Win64; x64; rv:57.0) Gecko/20100101 Firefox/57.0"
90.146.3.10 - - [06/Dec/2017:07:33:50 +0100] "GET /img/smallicon-mail.png HTTP/1.1" 200 1341 "https://www.easydrivers.at/fahrschulen/oberoesterreich" "Mozilla/5.0 (Windows NT 10.0; Win64; x64; rv:57.0) Gecko/20100101 Firefox/57.0"
90.146.3.10 - - [06/Dec/2017:07:33:50 +0100] "GET /img/smallicon-time.png HTTP/1.1" 200 1262 "https://www.easydrivers.at/fahrschulen/oberoesterreich" "Mozilla/5.0 (Windows NT 10.0; Win64; x64; rv:57.0) Gecko/20100101 Firefox/57.0"
90.146.3.10 - - [06/Dec/2017:07:33:50 +0100] "GET /img/smallicon-phone.png HTTP/1.1" 200 3056 "https://www.easydrivers.at/fahrschulen/oberoesterreich" "Mozilla/5.0 (Windows NT 10.0; Win64; x64; rv:57.0) Gecko/20100101 Firefox/57.0"
90.146.3.10 - - [06/Dec/2017:07:33:50 +0100] "GET /img/arrow-left.png HTTP/1.1" 200 1015 "https://www.easydrivers.at/css/style.css" "Mozilla/5.0 (Windows NT 10.0; Win64; x64; rv:57.0) Gecko/20100101 Firefox/57.0"
90.146.3.10 - - [06/Dec/2017:07:33:50 +0100] "GET /img/bg-yellow.jpg HTTP/1.1" 200 2250 "https://www.easydrivers.at/css/style.css" "Mozilla/5.0 (Windows NT 10.0; Win64; x64; rv:57.0) Gecko/20100101 Firefox/57.0"
213.225.9.3 - - [06/Dec/2017:07:33:48 +0100] "GET /tulln/Weihnachtskurs_Abendkurs_Dezember_2017?FS=B HTTP/1.1" 200 3264 "http://m.facebook.com" "Mozilla/5.0 (iPhone; CPU iPhone OS 9_3_5 like Mac OS X) AppleWebKit/601.1.46 (KHTML, like Gecko) Mobile/13G36 [FBAN/FBIOS;FBAV/151.0.0.61.202;FBBV/82156572;FBDV/iPhone6,2;FBMD/iPhone;FBSN/iPhone OS;FBSV/9.3.5;FBSS/2;FBCR/3Austria;FBID/phone;FBLC/de_DE;FBOP/5;FBRV/83160404]"
213.225.9.3 - - [06/Dec/2017:07:33:52 +0100] "GET /tulln/img/mobile/easydrivers-logo-mobile.png HTTP/1.1" 404 3035 "-" "Mozilla/5.0 (iPhone; CPU iPhone OS 9_3_5 like Mac OS X) AppleWebKit/601.1.46 (KHTML, like Gecko) Mobile/13G36 [FBAN/FBIOS;FBAV/151.0.0.61.202;FBBV/82156572;FBDV/iPhone6,2;FBMD/iPhone;FBSN/iPhone OS;FBSV/9.3.5;FBSS/2;FBCR/3Austria;FBID/phone;FBLC/de_DE;FBOP/5;FBRV/83160404]"
92.62.28.190 - - [06/Dec/2017:07:33:53 +0100] "GET /hollabrunn/Grundkurs_Weihnachten_2017?FS=B HTTP/1.1" 200 3287 "http://m.facebook.com/" "Mozilla/5.0 (Linux; Android 7.0; SM-G935F Build/NRD90M; wv) AppleWebKit/537.36 (KHTML, like Gecko) Version/4.0 Chrome/62.0.3202.84 Mobile Safari/537.36 [FB_IAB/FB4A;FBAV/152.0.0.42.136;]"
213.162.72.155 - - [06/Dec/2017:07:33:55 +0100] "GET /linz/img/mobile/facebook-icon.png HTTP/1.1" 404 3052 "-" "Mozilla/5.0 (iPhone; CPU iPhone OS 11_1_2 like Mac OS X) AppleWebKit/604.3.5 (KHTML, like Gecko) Mobile/15B202 [FBAN/FBIOS;FBAV/151.0.0.61.202;FBBV/82156572;FBDV/iPhone7,1;FBMD/iPhone;FBSN/iOS;FBSV/11.1.2;FBSS/3;FBCR/tele.ring;FBID/phone;FBLC/de_DE;FBOP/5;FBRV/83160404]"
90.146.3.10 - - [06/Dec/2017:07:34:00 +0100] "GET /img/ED_Logo.png HTTP/1.1" 301 305 "-" "Mozilla/5.0 (Windows NT 10.0; Win64; x64; rv:57.0) Gecko/20100101 Firefox/57.0"
90.146.3.10 - - [06/Dec/2017:07:34:00 +0100] "GET /img/ED_Logo.png HTTP/1.1" 200 3385 "-" "Mozilla/5.0 (Windows NT 10.0; Win64; x64; rv:57.0) Gecko/20100101 Firefox/57.0"
216.244.66.249 - - [06/Dec/2017:07:34:08 +0100] "GET /leoben.pankl HTTP/1.1" 301 399 "-" "Mozilla/5.0 (compatible; DotBot/1.1; http://www.opensiteexplorer.org/dotbot, help@moz.com)"
87.250.224.32 - - [06/Dec/2017:07:34:06 +0100] "GET /hollabrunn/Grundkurs_Junil_2018?FS=A1F HTTP/1.1" 200 6707 "-" "Mozilla/5.0 (compatible; YandexBot/3.0; +http://yandex.com/bots)"
216.244.66.202 - - [06/Dec/2017:07:34:12 +0100] "GET /krumbach/Inhaberdaten HTTP/1.1" 301 408 "-" "Mozilla/5.0 (compatible; DotBot/1.1; http://www.opensiteexplorer.org/dotbot, help@moz.com)"
194.242.41.77 - - [06/Dec/2017:07:34:16 +0100] "GET / HTTP/1.1" 200 4436 "http://www.google.at/url?sa=t&rct=j&q=&esrc=s&source=web&cd=1&ved=0ahUKEwiPpsad4vTXAhUSpKQKHXRPBaUQFgg1MAA&url=http%3A%2F%2Fwww.easydrivers.at%2F&usg=AOvVaw3qGQTjaV0Bi5YFnjKsLONT" "Mozilla/5.0 (Windows NT 6.1; WOW64; Trident/7.0; rv:11.0) like Gecko"
194.242.41.77 - - [06/Dec/2017:07:34:21 +0100] "GET /cache/emu/images/easy-drivers-portal10294676/pastedgraphic-3-1png_160_90_0.png HTTP/1.1" 304 - "https://www.easydrivers.at/" "Mozilla/5.0 (Windows NT 6.1; WOW64; Trident/7.0; rv:11.0) like Gecko"
213.225.9.3 - - [06/Dec/2017:07:34:22 +0100] "GET /tulln/img/mobile/menu-button.png HTTP/1.1" 404 3042 "-" "Mozilla/5.0 (iPhone; CPU iPhone OS 9_3_5 like Mac OS X) AppleWebKit/601.1.46 (KHTML, like Gecko) Mobile/13G36 [FBAN/FBIOS;FBAV/151.0.0.61.202;FBBV/82156572;FBDV/iPhone6,2;FBMD/iPhone;FBSN/iPhone OS;FBSV/9.3.5;FBSS/2;FBCR/3Austria;FBID/phone;FBLC/de_DE;FBOP/5;FBRV/83160404]"
213.162.72.155 - - [06/Dec/2017:07:34:26 +0100] "GET /linz/img/mobile/info-button.png HTTP/1.1" 404 3055 "-" "Mozilla/5.0 (iPhone; CPU iPhone OS 11_1_2 like Mac OS X) AppleWebKit/604.3.5 (KHTML, like Gecko) Mobile/15B202 [FBAN/FBIOS;FBAV/151.0.0.61.202;FBBV/82156572;FBDV/iPhone7,1;FBMD/iPhone;FBSN/iOS;FBSV/11.1.2;FBSS/3;FBCR/tele.ring;FBID/phone;FBLC/de_DE;FBOP/5;FBRV/83160404]"
213.162.72.155 - - [06/Dec/2017:07:34:26 +0100] "GET /linz/img/mobile/info-close-button.png HTTP/1.1" 404 3058 "-" "Mozilla/5.0 (iPhone; CPU iPhone OS 11_1_2 like Mac OS X) AppleWebKit/604.3.5 (KHTML, like Gecko) Mobile/15B202 [FBAN/FBIOS;FBAV/151.0.0.61.202;FBBV/82156572;FBDV/iPhone7,1;FBMD/iPhone;FBSN/iOS;FBSV/11.1.2;FBSS/3;FBCR/tele.ring;FBID/phone;FBLC/de_DE;FBOP/5;FBRV/83160404]"
87.250.224.32 - - [06/Dec/2017:07:34:27 +0100] "GET /amstetten/abendkurs-aug18?FS=A2BF HTTP/1.1" 200 6013 "-" "Mozilla/5.0 (compatible; YandexBot/3.0; +http://yandex.com/bots)"
213.225.9.3 - - [06/Dec/2017:07:34:54 +0100] "GET /tulln/img/mobile/facebook-icon.png HTTP/1.1" 404 3040 "-" "Mozilla/5.0 (iPhone; CPU iPhone OS 9_3_5 like Mac OS X) AppleWebKit/601.1.46 (KHTML, like Gecko) Mobile/13G36 [FBAN/FBIOS;FBAV/151.0.0.61.202;FBBV/82156572;FBDV/iPhone6,2;FBMD/iPhone;FBSN/iPhone OS;FBSV/9.3.5;FBSS/2;FBCR/3Austria;FBID/phone;FBLC/de_DE;FBOP/5;FBRV/83160404]"
213.162.72.155 - - [06/Dec/2017:07:34:56 +0100] "GET /linz/img/smallicon-person.png HTTP/1.1" 404 3055 "-" "Mozilla/5.0 (iPhone; CPU iPhone OS 11_1_2 like Mac OS X) AppleWebKit/604.3.5 (KHTML, like Gecko) Mobile/15B202 [FBAN/FBIOS;FBAV/151.0.0.61.202;FBBV/82156572;FBDV/iPhone7,1;FBMD/iPhone;FBSN/iOS;FBSV/11.1.2;FBSS/3;FBCR/tele.ring;FBID/phone;FBLC/de_DE;FBOP/5;FBRV/83160404]"
157.55.39.65 - - [06/Dec/2017:07:35:24 +0100] "GET /bruck.leitha/kursauswahl HTTP/1.1" 200 3621 "-" "Mozilla/5.0 (compatible; bingbot/2.0; +http://www.bing.com/bingbot.htm)"
213.225.9.3 - - [06/Dec/2017:07:35:25 +0100] "GET /tulln/img/mobile/close-button.png HTTP/1.1" 404 3043 "-" "Mozilla/5.0 (iPhone; CPU iPhone OS 9_3_5 like Mac OS X) AppleWebKit/601.1.46 (KHTML, like Gecko) Mobile/13G36 [FBAN/FBIOS;FBAV/151.0.0.61.202;FBBV/82156572;FBDV/iPhone6,2;FBMD/iPhone;FBSN/iPhone OS;FBSV/9.3.5;FBSS/2;FBCR/3Austria;FBID/phone;FBLC/de_DE;FBOP/5;FBRV/83160404]"
207.46.13.43 - - [06/Dec/2017:07:35:47 +0100] "GET /bruck.leitha/10290871?FS=A1F HTTP/1.1" 200 6368 "-" "Mozilla/5.0 (compatible; bingbot/2.0; +http://www.bing.com/bingbot.htm)"
213.225.9.3 - - [06/Dec/2017:07:35:56 +0100] "GET /tulln/img/mobile/info-close-button.png HTTP/1.1" 404 3047 "-" "Mozilla/5.0 (iPhone; CPU iPhone OS 9_3_5 like Mac OS X) AppleWebKit/601.1.46 (KHTML, like Gecko) Mobile/13G36 [FBAN/FBIOS;FBAV/151.0.0.61.202;FBBV/82156572;FBDV/iPhone6,2;FBMD/iPhone;FBSN/iPhone OS;FBSV/9.3.5;FBSS/2;FBCR/3Austria;FBID/phone;FBLC/de_DE;FBOP/5;FBRV/83160404]"
194.166.188.234 - - [06/Dec/2017:07:35:57 +0100] "GET /hollabrunn/Grundkurs_Weihnachten_2017?FS=B HTTP/1.1" 200 3287 "http://m.facebook.com/" "Mozilla/5.0 (Linux; Android 7.0; SM-G920F Build/NRD90M; wv) AppleWebKit/537.36 (KHTML, like Gecko) Version/4.0 Chrome/62.0.3202.84 Mobile Safari/537.36 [FB_IAB/FB4A;FBAV/152.0.0.42.136;]"
207.46.13.43 - - [06/Dec/2017:07:36:07 +0100] "GET /waidhofen.ybbs HTTP/1.1" 200 3516 "-" "Mozilla/5.0 (compatible; bingbot/2.0; +http://www.bing.com/bingbot.htm)"
37.75.138.130 - - [06/Dec/2017:07:36:10 +0100] "GET /voesendorf/10281936?FS=B&gclid=EAIaIQobChMImaWG0-L01wIVSo0bCh0mTwufEAAYASAAEgK3tPD_BwE HTTP/1.1" 200 5600 "https://www.google.at/" "Mozilla/5.0 (Windows NT 10.0; WOW64; rv:52.0) Gecko/20100101 Firefox/52.0"
37.75.138.130 - - [06/Dec/2017:07:36:13 +0100] "GET /javascript/jquery.simplemodal.js HTTP/1.1" 200 3070 "https://www.easydrivers.at/voesendorf/10281936?FS=B&gclid=EAIaIQobChMImaWG0-L01wIVSo0bCh0mTwufEAAYASAAEgK3tPD_BwE" "Mozilla/5.0 (Windows NT 10.0; WOW64; rv:52.0) Gecko/20100101 Firefox/52.0"
37.75.138.130 - - [06/Dec/2017:07:36:13 +0100] "GET /css/print.css HTTP/1.1" 200 967 "https://www.easydrivers.at/voesendorf/10281936?FS=B&gclid=EAIaIQobChMImaWG0-L01wIVSo0bCh0mTwufEAAYASAAEgK3tPD_BwE" "Mozilla/5.0 (Windows NT 10.0; WOW64; rv:52.0) Gecko/20100101 Firefox/52.0"
37.75.138.130 - - [06/Dec/2017:07:36:13 +0100] "GET /css/style.css HTTP/1.1" 200 5004 "https://www.easydrivers.at/voesendorf/10281936?FS=B&gclid=EAIaIQobChMImaWG0-L01wIVSo0bCh0mTwufEAAYASAAEgK3tPD_BwE" "Mozilla/5.0 (Windows NT 10.0; WOW64; rv:52.0) Gecko/20100101 Firefox/52.0"
37.75.138.130 - - [06/Dec/2017:07:36:13 +0100] "GET /javascript/jquery.cookie.js HTTP/1.1" 200 863 "https://www.easydrivers.at/voesendorf/10281936?FS=B&gclid=EAIaIQobChMImaWG0-L01wIVSo0bCh0mTwufEAAYASAAEgK3tPD_BwE" "Mozilla/5.0 (Windows NT 10.0; WOW64; rv:52.0) Gecko/20100101 Firefox/52.0"
37.75.138.130 - - [06/Dec/2017:07:36:13 +0100] "GET /javascript/jquery.customSelect.min.js HTTP/1.1" 200 912 "https://www.easydrivers.at/voesendorf/10281936?FS=B&gclid=EAIaIQobChMImaWG0-L01wIVSo0bCh0mTwufEAAYASAAEgK3tPD_BwE" "Mozilla/5.0 (Windows NT 10.0; WOW64; rv:52.0) Gecko/20100101 Firefox/52.0"
37.75.138.130 - - [06/Dec/2017:07:36:13 +0100] "GET /javascript/portal.js?1221842734 HTTP/1.1" 200 3529 "https://www.easydrivers.at/voesendorf/10281936?FS=B&gclid=EAIaIQobChMImaWG0-L01wIVSo0bCh0mTwufEAAYASAAEgK3tPD_BwE" "Mozilla/5.0 (Windows NT 10.0; WOW64; rv:52.0) Gecko/20100101 Firefox/52.0"
37.75.138.130 - - [06/Dec/2017:07:36:13 +0100] "GET /css/showLoading.css HTTP/1.1" 200 219 "https://www.easydrivers.at/voesendorf/10281936?FS=B&gclid=EAIaIQobChMImaWG0-L01wIVSo0bCh0mTwufEAAYASAAEgK3tPD_BwE" "Mozilla/5.0 (Windows NT 10.0; WOW64; rv:52.0) Gecko/20100101 Firefox/52.0"
37.75.138.130 - - [06/Dec/2017:07:36:13 +0100] "GET /javascript/fahrschule.js HTTP/1.1" 200 462 "https://www.easydrivers.at/voesendorf/10281936?FS=B&gclid=EAIaIQobChMImaWG0-L01wIVSo0bCh0mTwufEAAYASAAEgK3tPD_BwE" "Mozilla/5.0 (Windows NT 10.0; WOW64; rv:52.0) Gecko/20100101 Firefox/52.0"
37.75.138.130 - - [06/Dec/2017:07:36:13 +0100] "GET /javascript/suche.js HTTP/1.1" 200 209 "https://www.easydrivers.at/voesendorf/10281936?FS=B&gclid=EAIaIQobChMImaWG0-L01wIVSo0bCh0mTwufEAAYASAAEgK3tPD_BwE" "Mozilla/5.0 (Windows NT 10.0; WOW64; rv:52.0) Gecko/20100101 Firefox/52.0"
37.75.138.130 - - [06/Dec/2017:07:36:13 +0100] "GET /javascript/jquery.showLoading.min.js HTTP/1.1" 200 1136 "https://www.easydrivers.at/voesendorf/10281936?FS=B&gclid=EAIaIQobChMImaWG0-L01wIVSo0bCh0mTwufEAAYASAAEgK3tPD_BwE" "Mozilla/5.0 (Windows NT 10.0; WOW64; rv:52.0) Gecko/20100101 Firefox/52.0"
37.75.138.130 - - [06/Dec/2017:07:36:13 +0100] "GET /javascript/lazyload.js HTTP/1.1" 200 1170 "https://www.easydrivers.at/voesendorf/10281936?FS=B&gclid=EAIaIQobChMImaWG0-L01wIVSo0bCh0mTwufEAAYASAAEgK3tPD_BwE" "Mozilla/5.0 (Windows NT 10.0; WOW64; rv:52.0) Gecko/20100101 Firefox/52.0"
37.75.138.130 - - [06/Dec/2017:07:36:13 +0100] "GET /javascript/jquery.base64.min.js HTTP/1.1" 200 37135 "https://www.easydrivers.at/voesendorf/10281936?FS=B&gclid=EAIaIQobChMImaWG0-L01wIVSo0bCh0mTwufEAAYASAAEgK3tPD_BwE" "Mozilla/5.0 (Windows NT 10.0; WOW64; rv:52.0) Gecko/20100101 Firefox/52.0"
37.75.138.130 - - [06/Dec/2017:07:36:13 +0100] "GET /img/close-button-small.png HTTP/1.1" 200 1671 "https://www.easydrivers.at/voesendorf/10281936?FS=B&gclid=EAIaIQobChMImaWG0-L01wIVSo0bCh0mTwufEAAYASAAEgK3tPD_BwE" "Mozilla/5.0 (Windows NT 10.0; WOW64; rv:52.0) Gecko/20100101 Firefox/52.0"
37.75.138.130 - - [06/Dec/2017:07:36:13 +0100] "GET /img/info-button.png HTTP/1.1" 200 738 "https://www.easydrivers.at/voesendorf/10281936?FS=B&gclid=EAIaIQobChMImaWG0-L01wIVSo0bCh0mTwufEAAYASAAEgK3tPD_BwE" "Mozilla/5.0 (Windows NT 10.0; WOW64; rv:52.0) Gecko/20100101 Firefox/52.0"
37.75.138.130 - - [06/Dec/2017:07:36:13 +0100] "GET /img/locator-icon.png HTTP/1.1" 200 1377 "https://www.easydrivers.at/voesendorf/10281936?FS=B&gclid=EAIaIQobChMImaWG0-L01wIVSo0bCh0mTwufEAAYASAAEgK3tPD_BwE" "Mozilla/5.0 (Windows NT 10.0; WOW64; rv:52.0) Gecko/20100101 Firefox/52.0"
37.75.138.130 - - [06/Dec/2017:07:36:13 +0100] "GET /img/kursicon-print.png HTTP/1.1" 200 1184 "https://www.easydrivers.at/voesendorf/10281936?FS=B&gclid=EAIaIQobChMImaWG0-L01wIVSo0bCh0mTwufEAAYASAAEgK3tPD_BwE" "Mozilla/5.0 (Windows NT 10.0; WOW64; rv:52.0) Gecko/20100101 Firefox/52.0"
37.75.138.130 - - [06/Dec/2017:07:36:13 +0100] "GET /binaries/easy-drivers-portal/pkw4jpg.jpg HTTP/1.1" 200 125726 "https://www.easydrivers.at/voesendorf/10281936?FS=B&gclid=EAIaIQobChMImaWG0-L01wIVSo0bCh0mTwufEAAYASAAEgK3tPD_BwE" "Mozilla/5.0 (Windows NT 10.0; WOW64; rv:52.0) Gecko/20100101 Firefox/52.0"
37.75.138.130 - - [06/Dec/2017:07:36:13 +0100] "GET /img/schweiz-icon.png HTTP/1.1" 200 1504 "https://www.easydrivers.at/voesendorf/10281936?FS=B&gclid=EAIaIQobChMImaWG0-L01wIVSo0bCh0mTwufEAAYASAAEgK3tPD_BwE" "Mozilla/5.0 (Windows NT 10.0; WOW64; rv:52.0) Gecko/20100101 Firefox/52.0"
37.75.138.130 - - [06/Dec/2017:07:36:13 +0100] "GET /img/ED_Logo.png HTTP/1.1" 200 3385 "https://www.easydrivers.at/css/style.css" "Mozilla/5.0 (Windows NT 10.0; WOW64; rv:52.0) Gecko/20100101 Firefox/52.0"
37.75.138.130 - - [06/Dec/2017:07:36:13 +0100] "GET /img/purple-dots-horizontal.png HTTP/1.1" 200 977 "https://www.easydrivers.at/css/style.css" "Mozilla/5.0 (Windows NT 10.0; WOW64; rv:52.0) Gecko/20100101 Firefox/52.0"
37.75.138.130 - - [06/Dec/2017:07:36:13 +0100] "GET /img/arrow-left.png HTTP/1.1" 200 1015 "https://www.easydrivers.at/css/style.css" "Mozilla/5.0 (Windows NT 10.0; WOW64; rv:52.0) Gecko/20100101 Firefox/52.0"
37.75.138.130 - - [06/Dec/2017:07:36:13 +0100] "GET /img/top-image-overlay.png HTTP/1.1" 200 20650 "https://www.easydrivers.at/css/style.css" "Mozilla/5.0 (Windows NT 10.0; WOW64; rv:52.0) Gecko/20100101 Firefox/52.0"
37.75.138.130 - - [06/Dec/2017:07:36:13 +0100] "GET /img/bg-header.jpg HTTP/1.1" 200 38680 "https://www.easydrivers.at/css/style.css" "Mozilla/5.0 (Windows NT 10.0; WOW64; rv:52.0) Gecko/20100101 Firefox/52.0"
37.75.138.130 - - [06/Dec/2017:07:36:13 +0100] "GET /img/bg-top-section.jpg HTTP/1.1" 200 82172 "https://www.easydrivers.at/css/style.css" "Mozilla/5.0 (Windows NT 10.0; WOW64; rv:52.0) Gecko/20100101 Firefox/52.0"
37.75.138.130 - - [06/Dec/2017:07:36:13 +0100] "GET /img/smallicon-phone.png HTTP/1.1" 200 3056 "https://www.easydrivers.at/css/style.css" "Mozilla/5.0 (Windows NT 10.0; WOW64; rv:52.0) Gecko/20100101 Firefox/52.0"
37.75.138.130 - - [06/Dec/2017:07:36:13 +0100] "GET /img/bg-yellow.jpg HTTP/1.1" 200 2250 "https://www.easydrivers.at/css/style.css" "Mozilla/5.0 (Windows NT 10.0; WOW64; rv:52.0) Gecko/20100101 Firefox/52.0"
37.75.138.130 - - [06/Dec/2017:07:36:13 +0100] "GET /img/arrow-up.png HTTP/1.1" 200 1081 "https://www.easydrivers.at/css/style.css" "Mozilla/5.0 (Windows NT 10.0; WOW64; rv:52.0) Gecko/20100101 Firefox/52.0"
37.75.138.130 - - [06/Dec/2017:07:36:13 +0100] "GET /img/smallicon-mail.png HTTP/1.1" 200 1341 "https://www.easydrivers.at/css/style.css" "Mozilla/5.0 (Windows NT 10.0; WOW64; rv:52.0) Gecko/20100101 Firefox/52.0"
37.75.138.130 - - [06/Dec/2017:07:36:14 +0100] "GET /img/close-button.png HTTP/1.1" 200 2237 "https://www.easydrivers.at/voesendorf/10281936?FS=B&gclid=EAIaIQobChMImaWG0-L01wIVSo0bCh0mTwufEAAYASAAEgK3tPD_BwE" "Mozilla/5.0 (Windows NT 10.0; WOW64; rv:52.0) Gecko/20100101 Firefox/52.0"
37.75.138.130 - - [06/Dec/2017:07:36:14 +0100] "GET /img/submit-button.png HTTP/1.1" 200 1958 "https://www.easydrivers.at/voesendorf/10281936?FS=B&gclid=EAIaIQobChMImaWG0-L01wIVSo0bCh0mTwufEAAYASAAEgK3tPD_BwE" "Mozilla/5.0 (Windows NT 10.0; WOW64; rv:52.0) Gecko/20100101 Firefox/52.0"
37.75.138.130 - - [06/Dec/2017:07:36:14 +0100] "GET /img/facebook-icon.png HTTP/1.1" 200 1506 "https://www.easydrivers.at/voesendorf/10281936?FS=B&gclid=EAIaIQobChMImaWG0-L01wIVSo0bCh0mTwufEAAYASAAEgK3tPD_BwE" "Mozilla/5.0 (Windows NT 10.0; WOW64; rv:52.0) Gecko/20100101 Firefox/52.0"
37.75.138.130 - - [06/Dec/2017:07:36:14 +0100] "GET /img/kursicon-download.png HTTP/1.1" 200 1218 "https://www.easydrivers.at/voesendorf/10281936?FS=B&gclid=EAIaIQobChMImaWG0-L01wIVSo0bCh0mTwufEAAYASAAEgK3tPD_BwE" "Mozilla/5.0 (Windows NT 10.0; WOW64; rv:52.0) Gecko/20100101 Firefox/52.0"
37.75.138.130 - - [06/Dec/2017:07:36:14 +0100] "GET /img/bg-footer.jpg HTTP/1.1" 200 31770 "https://www.easydrivers.at/css/style.css" "Mozilla/5.0 (Windows NT 10.0; WOW64; rv:52.0) Gecko/20100101 Firefox/52.0"
37.75.138.130 - - [06/Dec/2017:07:36:14 +0100] "GET /img/kursicon-print-pink.png HTTP/1.1" 200 1125 "https://www.easydrivers.at/voesendorf/10281936?FS=B&gclid=EAIaIQobChMImaWG0-L01wIVSo0bCh0mTwufEAAYASAAEgK3tPD_BwE" "Mozilla/5.0 (Windows NT 10.0; WOW64; rv:52.0) Gecko/20100101 Firefox/52.0"
37.75.138.130 - - [06/Dec/2017:07:36:14 +0100] "GET /img/kursicon-download-pink.png HTTP/1.1" 200 1213 "https://www.easydrivers.at/voesendorf/10281936?FS=B&gclid=EAIaIQobChMImaWG0-L01wIVSo0bCh0mTwufEAAYASAAEgK3tPD_BwE" "Mozilla/5.0 (Windows NT 10.0; WOW64; rv:52.0) Gecko/20100101 Firefox/52.0"
37.75.138.130 - - [06/Dec/2017:07:36:14 +0100] "GET /img/kursicon-share-pink.png HTTP/1.1" 200 1277 "https://www.easydrivers.at/voesendorf/10281936?FS=B&gclid=EAIaIQobChMImaWG0-L01wIVSo0bCh0mTwufEAAYASAAEgK3tPD_BwE" "Mozilla/5.0 (Windows NT 10.0; WOW64; rv:52.0) Gecko/20100101 Firefox/52.0"
