86.56.163.84 - - [06/Dec/2017:02:39:55 +0100] "GET /steyr/img/mobile/info-close-button.png HTTP/1.1" 404 3096 "-" "Mozilla/5.0 (iPhone; CPU iPhone OS 11_1_2 like Mac OS X) AppleWebKit/604.3.5 (KHTML, like Gecko) Mobile/15B202 [FBAN/FBIOS;FBAV/144.0.0.55.89;FBBV/74129168;FBDV/iPhone9,3;FBMD/iPhone;FBSN/iOS;FBSV/11.1.2;FBSS/2;FBCR/3Austria;FBID/phone;FBLC/de_DE;FBOP/5;FBRV/74129168]"
164.132.161.46 - - [06/Dec/2017:02:40:02 +0100] "GET /waidhofen.thaya/10253235 HTTP/1.1" 301 309 "-" "Mozilla/5.0 (compatible; AhrefsBot/5.2; +http://ahrefs.com/robot/)"
34.228.141.53 - - [06/Dec/2017:02:40:23 +0100] "GET /robots.txt HTTP/1.1" 301 300 "-" "BUbiNG (+http://law.di.unimi.it/BUbiNG.html)"
34.228.141.53 - - [06/Dec/2017:02:40:24 +0100] "GET /robots.txt HTTP/1.1" 200 101 "-" "BUbiNG (+http://law.di.unimi.it/BUbiNG.html)"
86.56.163.84 - - [06/Dec/2017:02:40:25 +0100] "GET /steyr/img/smallicon-address.png HTTP/1.1" 404 3096 "-" "Mozilla/5.0 (iPhone; CPU iPhone OS 11_1_2 like Mac OS X) AppleWebKit/604.3.5 (KHTML, like Gecko) Mobile/15B202 [FBAN/FBIOS;FBAV/144.0.0.55.89;FBBV/74129168;FBDV/iPhone9,3;FBMD/iPhone;FBSN/iOS;FBSV/11.1.2;FBSS/2;FBCR/3Austria;FBID/phone;FBLC/de_DE;FBOP/5;FBRV/74129168]"
34.228.141.53 - - [06/Dec/2017:02:40:40 +0100] "GET /neunkirchen HTTP/1.1" 301 300 "-" "BUbiNG (+http://law.di.unimi.it/BUbiNG.html)"
207.46.13.137 - - [06/Dec/2017:02:40:40 +0100] "GET /dornbirn/aktionen HTTP/1.1" 301 305 "-" "Mozilla/5.0 (compatible; bingbot/2.0; +http://www.bing.com/bingbot.htm)"
157.55.39.65 - - [06/Dec/2017:02:40:42 +0100] "GET /am.spitz/10280859?FS=BE96 HTTP/1.1" 410 3379 "-" "Mozilla/5.0 (compatible; bingbot/2.0; +http://www.bing.com/bingbot.htm)"
84.112.67.172 - - [06/Dec/2017:02:41:56 +0100] "GET / HTTP/1.1" 301 293 "https://www.google.at/" "Mozilla/5.0 (iPhone; CPU iPhone OS 11_0_2 like Mac OS X) AppleWebKit/604.1.38 (KHTML, like Gecko) Version/11.0 Mobile/15A421 Safari/604.1"
84.112.67.172 - - [06/Dec/2017:02:41:56 +0100] "GET / HTTP/1.1" 200 3554 "https://www.google.at/" "Mozilla/5.0 (iPhone; CPU iPhone OS 11_0_2 like Mac OS X) AppleWebKit/604.1.38 (KHTML, like Gecko) Version/11.0 Mobile/15A421 Safari/604.1"
84.112.67.172 - - [06/Dec/2017:02:41:58 +0100] "GET /javascript/jquery.cookie.js HTTP/1.1" 200 863 "https://www.easydrivers.at/" "Mozilla/5.0 (iPhone; CPU iPhone OS 11_0_2 like Mac OS X) AppleWebKit/604.1.38 (KHTML, like Gecko) Version/11.0 Mobile/15A421 Safari/604.1"
84.112.67.172 - - [06/Dec/2017:02:41:58 +0100] "GET /css/mobile.css HTTP/1.1" 200 2852 "https://www.easydrivers.at/" "Mozilla/5.0 (iPhone; CPU iPhone OS 11_0_2 like Mac OS X) AppleWebKit/604.1.38 (KHTML, like Gecko) Version/11.0 Mobile/15A421 Safari/604.1"
84.112.67.172 - - [06/Dec/2017:02:41:58 +0100] "GET /javascript/mobile-menu.js HTTP/1.1" 200 1634 "https://www.easydrivers.at/" "Mozilla/5.0 (iPhone; CPU iPhone OS 11_0_2 like Mac OS X) AppleWebKit/604.1.38 (KHTML, like Gecko) Version/11.0 Mobile/15A421 Safari/604.1"
84.112.67.172 - - [06/Dec/2017:02:41:58 +0100] "GET /javascript/jquery-1.9.1.min.js HTTP/1.1" 200 32731 "https://www.easydrivers.at/" "Mozilla/5.0 (iPhone; CPU iPhone OS 11_0_2 like Mac OS X) AppleWebKit/604.1.38 (KHTML, like Gecko) Version/11.0 Mobile/15A421 Safari/604.1"
84.112.67.172 - - [06/Dec/2017:02:41:58 +0100] "GET /javascript/lazyload.js HTTP/1.1" 200 1170 "https://www.easydrivers.at/" "Mozilla/5.0 (iPhone; CPU iPhone OS 11_0_2 like Mac OS X) AppleWebKit/604.1.38 (KHTML, like Gecko) Version/11.0 Mobile/15A421 Safari/604.1"
84.112.67.172 - - [06/Dec/2017:02:41:58 +0100] "GET /img/mobile/easydrivers-logo-mobile.png HTTP/1.1" 200 10766 "https://www.easydrivers.at/" "Mozilla/5.0 (iPhone; CPU iPhone OS 11_0_2 like Mac OS X) AppleWebKit/604.1.38 (KHTML, like Gecko) Version/11.0 Mobile/15A421 Safari/604.1"
84.112.67.172 - - [06/Dec/2017:02:41:58 +0100] "GET /javascript/mobile-homesearch.js HTTP/1.1" 200 340 "https://www.easydrivers.at/" "Mozilla/5.0 (iPhone; CPU iPhone OS 11_0_2 like Mac OS X) AppleWebKit/604.1.38 (KHTML, like Gecko) Version/11.0 Mobile/15A421 Safari/604.1"
84.112.67.172 - - [06/Dec/2017:02:41:58 +0100] "GET /javascript/jquery.simplemodal.js HTTP/1.1" 200 3070 "https://www.easydrivers.at/" "Mozilla/5.0 (iPhone; CPU iPhone OS 11_0_2 like Mac OS X) AppleWebKit/604.1.38 (KHTML, like Gecko) Version/11.0 Mobile/15A421 Safari/604.1"
84.112.67.172 - - [06/Dec/2017:02:41:58 +0100] "GET /img/mobile/menu-button.png HTTP/1.1" 200 1746 "https://www.easydrivers.at/" "Mozilla/5.0 (iPhone; CPU iPhone OS 11_0_2 like Mac OS X) AppleWebKit/604.1.38 (KHTML, like Gecko) Version/11.0 Mobile/15A421 Safari/604.1"
84.112.67.172 - - [06/Dec/2017:02:41:58 +0100] "GET /img/mobile/close-button.png HTTP/1.1" 200 2411 "https://www.easydrivers.at/" "Mozilla/5.0 (iPhone; CPU iPhone OS 11_0_2 like Mac OS X) AppleWebKit/604.1.38 (KHTML, like Gecko) Version/11.0 Mobile/15A421 Safari/604.1"
84.112.67.172 - - [06/Dec/2017:02:41:58 +0100] "GET /img/mobile/widget-icon-app.png HTTP/1.1" 200 3458 "https://www.easydrivers.at/" "Mozilla/5.0 (iPhone; CPU iPhone OS 11_0_2 like Mac OS X) AppleWebKit/604.1.38 (KHTML, like Gecko) Version/11.0 Mobile/15A421 Safari/604.1"
84.112.67.172 - - [06/Dec/2017:02:41:58 +0100] "GET /img/mobile/facebook-icon.png HTTP/1.1" 200 1902 "https://www.easydrivers.at/" "Mozilla/5.0 (iPhone; CPU iPhone OS 11_0_2 like Mac OS X) AppleWebKit/604.1.38 (KHTML, like Gecko) Version/11.0 Mobile/15A421 Safari/604.1"
84.112.67.172 - - [06/Dec/2017:02:41:58 +0100] "GET /img/mobile/bg-header.jpg HTTP/1.1" 200 19741 "https://www.easydrivers.at/" "Mozilla/5.0 (iPhone; CPU iPhone OS 11_0_2 like Mac OS X) AppleWebKit/604.1.38 (KHTML, like Gecko) Version/11.0 Mobile/15A421 Safari/604.1"
84.112.67.172 - - [06/Dec/2017:02:41:58 +0100] "GET /img/mobile/bg-menu.jpg HTTP/1.1" 200 1698 "https://www.easydrivers.at/" "Mozilla/5.0 (iPhone; CPU iPhone OS 11_0_2 like Mac OS X) AppleWebKit/604.1.38 (KHTML, like Gecko) Version/11.0 Mobile/15A421 Safari/604.1"
84.112.67.172 - - [06/Dec/2017:02:41:58 +0100] "GET /img/mobile/pfeil-rechts.png HTTP/1.1" 200 1228 "https://www.easydrivers.at/" "Mozilla/5.0 (iPhone; CPU iPhone OS 11_0_2 like Mac OS X) AppleWebKit/604.1.38 (KHTML, like Gecko) Version/11.0 Mobile/15A421 Safari/604.1"
84.112.67.172 - - [06/Dec/2017:02:41:58 +0100] "GET /img/mobile/bg-top-section.jpg HTTP/1.1" 200 21711 "https://www.easydrivers.at/" "Mozilla/5.0 (iPhone; CPU iPhone OS 11_0_2 like Mac OS X) AppleWebKit/604.1.38 (KHTML, like Gecko) Version/11.0 Mobile/15A421 Safari/604.1"
84.112.67.172 - - [06/Dec/2017:02:42:12 +0100] "POST /suche HTTP/1.1" 200 4694 "https://www.easydrivers.at/" "Mozilla/5.0 (iPhone; CPU iPhone OS 11_0_2 like Mac OS X) AppleWebKit/604.1.38 (KHTML, like Gecko) Version/11.0 Mobile/15A421 Safari/604.1"
84.112.67.172 - - [06/Dec/2017:02:42:15 +0100] "GET /javascript/mobile-kurs-suchergebnis.js HTTP/1.1" 200 382 "https://www.easydrivers.at/suche" "Mozilla/5.0 (iPhone; CPU iPhone OS 11_0_2 like Mac OS X) AppleWebKit/604.1.38 (KHTML, like Gecko) Version/11.0 Mobile/15A421 Safari/604.1"
84.112.67.172 - - [06/Dec/2017:02:42:15 +0100] "GET /img/mobile/smallicon-address.png HTTP/1.1" 200 1424 "https://www.easydrivers.at/suche" "Mozilla/5.0 (iPhone; CPU iPhone OS 11_0_2 like Mac OS X) AppleWebKit/604.1.38 (KHTML, like Gecko) Version/11.0 Mobile/15A421 Safari/604.1"
84.112.67.172 - - [06/Dec/2017:02:42:15 +0100] "GET /img/mobile/googlemaps-pin.png HTTP/1.1" 200 1597 "https://www.easydrivers.at/suche" "Mozilla/5.0 (iPhone; CPU iPhone OS 11_0_2 like Mac OS X) AppleWebKit/604.1.38 (KHTML, like Gecko) Version/11.0 Mobile/15A421 Safari/604.1"
84.112.67.172 - - [06/Dec/2017:02:42:15 +0100] "GET /img/mobile/smallicon-time.png HTTP/1.1" 200 1328 "https://www.easydrivers.at/suche" "Mozilla/5.0 (iPhone; CPU iPhone OS 11_0_2 like Mac OS X) AppleWebKit/604.1.38 (KHTML, like Gecko) Version/11.0 Mobile/15A421 Safari/604.1"
84.112.67.172 - - [06/Dec/2017:02:42:15 +0100] "GET /img/mobile/smallicon-phone.png HTTP/1.1" 200 1311 "https://www.easydrivers.at/suche" "Mozilla/5.0 (iPhone; CPU iPhone OS 11_0_2 like Mac OS X) AppleWebKit/604.1.38 (KHTML, like Gecko) Version/11.0 Mobile/15A421 Safari/604.1"
84.112.67.172 - - [06/Dec/2017:02:42:15 +0100] "GET /img/mobile/smallicon-mail.png HTTP/1.1" 200 1335 "https://www.easydrivers.at/suche" "Mozilla/5.0 (iPhone; CPU iPhone OS 11_0_2 like Mac OS X) AppleWebKit/604.1.38 (KHTML, like Gecko) Version/11.0 Mobile/15A421 Safari/604.1"
84.112.67.172 - - [06/Dec/2017:02:42:15 +0100] "GET /img/mobile/pfeil-links-small.png HTTP/1.1" 200 1065 "https://www.easydrivers.at/suche" "Mozilla/5.0 (iPhone; CPU iPhone OS 11_0_2 like Mac OS X) AppleWebKit/604.1.38 (KHTML, like Gecko) Version/11.0 Mobile/15A421 Safari/604.1"
84.112.67.172 - - [06/Dec/2017:02:42:15 +0100] "GET /img/mobile/bg-yellow.jpg HTTP/1.1" 200 1569 "https://www.easydrivers.at/suche" "Mozilla/5.0 (iPhone; CPU iPhone OS 11_0_2 like Mac OS X) AppleWebKit/604.1.38 (KHTML, like Gecko) Version/11.0 Mobile/15A421 Safari/604.1"
84.112.67.172 - - [06/Dec/2017:02:42:15 +0100] "GET /img/mobile/weiter-button.png HTTP/1.1" 200 1670 "https://www.easydrivers.at/suche" "Mozilla/5.0 (iPhone; CPU iPhone OS 11_0_2 like Mac OS X) AppleWebKit/604.1.38 (KHTML, like Gecko) Version/11.0 Mobile/15A421 Safari/604.1"
84.112.67.172 - - [06/Dec/2017:02:42:56 +0100] "GET / HTTP/1.1" 200 3554 "https://www.google.at/" "Mozilla/5.0 (iPhone; CPU iPhone OS 11_0_2 like Mac OS X) AppleWebKit/604.1.38 (KHTML, like Gecko) Version/11.0 Mobile/15A421 Safari/604.1"
207.46.13.43 - - [06/Dec/2017:02:43:01 +0100] "GET /amstetten/abendkurs-mai18?FS=B HTTP/1.1" 200 5427 "-" "Mozilla/5.0 (compatible; bingbot/2.0; +http://www.bing.com/bingbot.htm)"
207.46.13.137 - - [06/Dec/2017:02:43:17 +0100] "GET /binaries/easy-drivers-portal/motorrad4jpg.jpg HTTP/1.1" 200 110277 "-" "Mozilla/5.0 (compatible; bingbot/2.0; +http://www.bing.com/bingbot.htm)"
157.55.39.65 - - [06/Dec/2017:02:43:53 +0100] "GET /hollabrunn/C_CE_Kurs_September_2018?FS=BC HTTP/1.1" 200 6570 "-" "Mozilla/5.0 (compatible; bingbot/2.0; +http://www.bing.com/bingbot.htm)"
178.154.171.72 - - [06/Dec/2017:02:44:18 +0100] "GET /hollabrunn/Traktor_Kurs_Mai_2018?FS=F HTTP/1.1" 200 5762 "-" "Mozilla/5.0 (compatible; YandexBot/3.0; +http://yandex.com/bots)"
37.26.139.204 - - [06/Dec/2017:02:45:30 +0100] "GET /BlueDot/Inc/WebEditor/AssetManager/assetmanager.asp HTTP/1.1" 301 434 "-" "Mozilla/5.0 (Windows NT 5.1; rv:22.0) Gecko/20100101 Firefox/22.0 Paros/3.2.13"
40.77.167.72 - - [06/Dec/2017:02:45:41 +0100] "GET /eisenstadt/10290102 HTTP/1.1" 200 2913 "-" "Mozilla/5.0 (compatible; bingbot/2.0; +http://www.bing.com/bingbot.htm)"
207.46.13.137 - - [06/Dec/2017:02:47:06 +0100] "GET /innsbruck/10265685 HTTP/1.1" 301 307 "-" "Mozilla/5.0 (compatible; bingbot/2.0; +http://www.bing.com/bingbot.htm)"
157.55.39.65 - - [06/Dec/2017:02:47:29 +0100] "GET /horn/kursauswahl HTTP/1.1" 200 3568 "-" "Mozilla/5.0 (compatible; bingbot/2.0; +http://www.bing.com/bingbot.htm)"
66.249.76.80 - - [06/Dec/2017:02:48:16 +0100] "GET / HTTP/1.1" 200 3554 "-" "Mozilla/5.0 (Linux; Android 6.0.1; Nexus 5X Build/MMB29P) AppleWebKit/537.36 (KHTML, like Gecko) Chrome/41.0.2272.96 Mobile Safari/537.36 (compatible; Googlebot/2.1; +http://www.google.com/bot.html)"
35.184.189.105 - - [06/Dec/2017:02:49:26 +0100] "GET /robots.txt HTTP/1.1" 301 300 "-" "ltx71 - (http://ltx71.com/)"
207.46.13.43 - - [06/Dec/2017:02:50:23 +0100] "GET /hollabrunn/Grundkurs_Dezember_2017?FS=B-L17 HTTP/1.1" 200 6145 "-" "Mozilla/5.0 (compatible; bingbot/2.0; +http://www.bing.com/bingbot.htm)"
157.55.39.65 - - [06/Dec/2017:02:51:15 +0100] "GET /binaries/easy-drivers-schladming/volvojpg.jpg HTTP/1.1" 301 321 "-" "Mozilla/5.0 (compatible; bingbot/2.0; +http://www.bing.com/bingbot.htm)"
157.55.39.65 - - [06/Dec/2017:02:51:17 +0100] "GET /binaries/easy-drivers-schladming/volvojpg.jpg HTTP/1.1" 200 257064 "-" "Mozilla/5.0 (compatible; bingbot/2.0; +http://www.bing.com/bingbot.htm)"
66.249.76.74 - - [06/Dec/2017:02:52:13 +0100] "GET /scheibbs/10249601scheibbs/10249601?FS=A2BF&print=true HTTP/1.1" 301 329 "-" "Mozilla/5.0 (compatible; Googlebot/2.1; +http://www.google.com/bot.html)"
66.249.76.82 - - [06/Dec/2017:02:52:14 +0100] "GET /scheibbs/10249601scheibbs/10249601?FS=A2BF&print=true HTTP/1.1" 410 3582 "-" "Mozilla/5.0 (compatible; Googlebot/2.1; +http://www.google.com/bot.html)"
188.22.124.88 - - [06/Dec/2017:02:54:41 +0100] "GET /steyr/weihnachtskurs?FS=B HTTP/1.1" 200 6245 "https://www.easydrivers.at/steyr/kurse" "Mozilla/5.0 (Windows NT 10.0; WOW64) AppleWebKit/537.36 (KHTML, like Gecko) Chrome/62.0.3202.94 Safari/537.36"
188.22.124.88 - - [06/Dec/2017:02:54:44 +0100] "GET /css/style.css HTTP/1.1" 200 5004 "https://www.easydrivers.at/steyr/weihnachtskurs?FS=B" "Mozilla/5.0 (Windows NT 10.0; WOW64) AppleWebKit/537.36 (KHTML, like Gecko) Chrome/62.0.3202.94 Safari/537.36"
188.22.124.88 - - [06/Dec/2017:02:54:44 +0100] "GET /javascript/jquery.customSelect.min.js HTTP/1.1" 200 912 "https://www.easydrivers.at/steyr/weihnachtskurs?FS=B" "Mozilla/5.0 (Windows NT 10.0; WOW64) AppleWebKit/537.36 (KHTML, like Gecko) Chrome/62.0.3202.94 Safari/537.36"
188.22.124.88 - - [06/Dec/2017:02:54:44 +0100] "GET /javascript/jquery.simplemodal.js HTTP/1.1" 200 3070 "https://www.easydrivers.at/steyr/weihnachtskurs?FS=B" "Mozilla/5.0 (Windows NT 10.0; WOW64) AppleWebKit/537.36 (KHTML, like Gecko) Chrome/62.0.3202.94 Safari/537.36"
188.22.124.88 - - [06/Dec/2017:02:54:44 +0100] "GET /javascript/jquery.cookie.js HTTP/1.1" 200 863 "https://www.easydrivers.at/steyr/weihnachtskurs?FS=B" "Mozilla/5.0 (Windows NT 10.0; WOW64) AppleWebKit/537.36 (KHTML, like Gecko) Chrome/62.0.3202.94 Safari/537.36"
188.22.124.88 - - [06/Dec/2017:02:54:44 +0100] "GET /javascript/portal.js?1221842734 HTTP/1.1" 200 3529 "https://www.easydrivers.at/steyr/weihnachtskurs?FS=B" "Mozilla/5.0 (Windows NT 10.0; WOW64) AppleWebKit/537.36 (KHTML, like Gecko) Chrome/62.0.3202.94 Safari/537.36"
188.22.124.88 - - [06/Dec/2017:02:54:44 +0100] "GET /css/showLoading.css HTTP/1.1" 200 219 "https://www.easydrivers.at/steyr/weihnachtskurs?FS=B" "Mozilla/5.0 (Windows NT 10.0; WOW64) AppleWebKit/537.36 (KHTML, like Gecko) Chrome/62.0.3202.94 Safari/537.36"
188.22.124.88 - - [06/Dec/2017:02:54:44 +0100] "GET /javascript/fahrschule.js HTTP/1.1" 200 462 "https://www.easydrivers.at/steyr/weihnachtskurs?FS=B" "Mozilla/5.0 (Windows NT 10.0; WOW64) AppleWebKit/537.36 (KHTML, like Gecko) Chrome/62.0.3202.94 Safari/537.36"
188.22.124.88 - - [06/Dec/2017:02:54:44 +0100] "GET /javascript/suche.js HTTP/1.1" 200 209 "https://www.easydrivers.at/steyr/weihnachtskurs?FS=B" "Mozilla/5.0 (Windows NT 10.0; WOW64) AppleWebKit/537.36 (KHTML, like Gecko) Chrome/62.0.3202.94 Safari/537.36"
188.22.124.88 - - [06/Dec/2017:02:54:44 +0100] "GET /javascript/jquery.showLoading.min.js HTTP/1.1" 200 1136 "https://www.easydrivers.at/steyr/weihnachtskurs?FS=B" "Mozilla/5.0 (Windows NT 10.0; WOW64) AppleWebKit/537.36 (KHTML, like Gecko) Chrome/62.0.3202.94 Safari/537.36"
188.22.124.88 - - [06/Dec/2017:02:54:44 +0100] "GET /javascript/jquery.base64.min.js HTTP/1.1" 200 37135 "https://www.easydrivers.at/steyr/weihnachtskurs?FS=B" "Mozilla/5.0 (Windows NT 10.0; WOW64) AppleWebKit/537.36 (KHTML, like Gecko) Chrome/62.0.3202.94 Safari/537.36"
188.22.124.88 - - [06/Dec/2017:02:54:44 +0100] "GET /javascript/lazyload.js HTTP/1.1" 200 1170 "https://www.easydrivers.at/steyr/weihnachtskurs?FS=B" "Mozilla/5.0 (Windows NT 10.0; WOW64) AppleWebKit/537.36 (KHTML, like Gecko) Chrome/62.0.3202.94 Safari/537.36"
188.22.124.88 - - [06/Dec/2017:02:54:44 +0100] "GET /img/close-button.png HTTP/1.1" 200 2237 "https://www.easydrivers.at/steyr/weihnachtskurs?FS=B" "Mozilla/5.0 (Windows NT 10.0; WOW64) AppleWebKit/537.36 (KHTML, like Gecko) Chrome/62.0.3202.94 Safari/537.36"
188.22.124.88 - - [06/Dec/2017:02:54:44 +0100] "GET /img/facebook-icon.png HTTP/1.1" 200 1506 "https://www.easydrivers.at/steyr/weihnachtskurs?FS=B" "Mozilla/5.0 (Windows NT 10.0; WOW64) AppleWebKit/537.36 (KHTML, like Gecko) Chrome/62.0.3202.94 Safari/537.36"
188.22.124.88 - - [06/Dec/2017:02:54:44 +0100] "GET /img/info-button.png HTTP/1.1" 200 738 "https://www.easydrivers.at/steyr/weihnachtskurs?FS=B" "Mozilla/5.0 (Windows NT 10.0; WOW64) AppleWebKit/537.36 (KHTML, like Gecko) Chrome/62.0.3202.94 Safari/537.36"
188.22.124.88 - - [06/Dec/2017:02:54:45 +0100] "GET /img/locator-icon.png HTTP/1.1" 200 1377 "https://www.easydrivers.at/steyr/weihnachtskurs?FS=B" "Mozilla/5.0 (Windows NT 10.0; WOW64) AppleWebKit/537.36 (KHTML, like Gecko) Chrome/62.0.3202.94 Safari/537.36"
188.22.124.88 - - [06/Dec/2017:02:54:45 +0100] "GET /img/close-button-small.png HTTP/1.1" 200 1671 "https://www.easydrivers.at/steyr/weihnachtskurs?FS=B" "Mozilla/5.0 (Windows NT 10.0; WOW64) AppleWebKit/537.36 (KHTML, like Gecko) Chrome/62.0.3202.94 Safari/537.36"
188.22.124.88 - - [06/Dec/2017:02:54:45 +0100] "GET /img/kursicon-print.png HTTP/1.1" 200 1184 "https://www.easydrivers.at/steyr/weihnachtskurs?FS=B" "Mozilla/5.0 (Windows NT 10.0; WOW64) AppleWebKit/537.36 (KHTML, like Gecko) Chrome/62.0.3202.94 Safari/537.36"
188.22.124.88 - - [06/Dec/2017:02:54:45 +0100] "GET /img/kursicon-download.png HTTP/1.1" 200 1218 "https://www.easydrivers.at/steyr/weihnachtskurs?FS=B" "Mozilla/5.0 (Windows NT 10.0; WOW64) AppleWebKit/537.36 (KHTML, like Gecko) Chrome/62.0.3202.94 Safari/537.36"
188.22.124.88 - - [06/Dec/2017:02:54:45 +0100] "GET /img/kursicon-share.png HTTP/1.1" 200 1302 "https://www.easydrivers.at/steyr/weihnachtskurs?FS=B" "Mozilla/5.0 (Windows NT 10.0; WOW64) AppleWebKit/537.36 (KHTML, like Gecko) Chrome/62.0.3202.94 Safari/537.36"
188.22.124.88 - - [06/Dec/2017:02:54:45 +0100] "GET /img/kursicon-phone.png HTTP/1.1" 200 1287 "https://www.easydrivers.at/steyr/weihnachtskurs?FS=B" "Mozilla/5.0 (Windows NT 10.0; WOW64) AppleWebKit/537.36 (KHTML, like Gecko) Chrome/62.0.3202.94 Safari/537.36"
188.22.124.88 - - [06/Dec/2017:02:54:45 +0100] "GET /binaries/easy-drivers-portal/pkw5jpg.jpg HTTP/1.1" 200 96177 "https://www.easydrivers.at/steyr/weihnachtskurs?FS=B" "Mozilla/5.0 (Windows NT 10.0; WOW64) AppleWebKit/537.36 (KHTML, like Gecko) Chrome/62.0.3202.94 Safari/537.36"
188.22.124.88 - - [06/Dec/2017:02:54:45 +0100] "GET /cache/emu/images/10250014/_155_116.jpg HTTP/1.1" 200 4146 "https://www.easydrivers.at/steyr/weihnachtskurs?FS=B" "Mozilla/5.0 (Windows NT 10.0; WOW64) AppleWebKit/537.36 (KHTML, like Gecko) Chrome/62.0.3202.94 Safari/537.36"
188.22.124.88 - - [06/Dec/2017:02:54:45 +0100] "GET /cache/emu/images/10251244/_155_116.jpg HTTP/1.1" 200 5649 "https://www.easydrivers.at/steyr/weihnachtskurs?FS=B" "Mozilla/5.0 (Windows NT 10.0; WOW64) AppleWebKit/537.36 (KHTML, like Gecko) Chrome/62.0.3202.94 Safari/537.36"
188.22.124.88 - - [06/Dec/2017:02:54:45 +0100] "GET /cache/emu/images/10251816/_155_116.jpg HTTP/1.1" 200 3469 "https://www.easydrivers.at/steyr/weihnachtskurs?FS=B" "Mozilla/5.0 (Windows NT 10.0; WOW64) AppleWebKit/537.36 (KHTML, like Gecko) Chrome/62.0.3202.94 Safari/537.36"
188.22.124.88 - - [06/Dec/2017:02:54:45 +0100] "GET /cache/emu/images/10279243/_155_103.jpg HTTP/1.1" 200 2512 "https://www.easydrivers.at/steyr/weihnachtskurs?FS=B" "Mozilla/5.0 (Windows NT 10.0; WOW64) AppleWebKit/537.36 (KHTML, like Gecko) Chrome/62.0.3202.94 Safari/537.36"
188.22.124.88 - - [06/Dec/2017:02:54:45 +0100] "GET /cache/emu/images/10278726/_125_167.jpg HTTP/1.1" 200 4065 "https://www.easydrivers.at/steyr/weihnachtskurs?FS=B" "Mozilla/5.0 (Windows NT 10.0; WOW64) AppleWebKit/537.36 (KHTML, like Gecko) Chrome/62.0.3202.94 Safari/537.36"
188.22.124.88 - - [06/Dec/2017:02:54:45 +0100] "GET /cache/emu/images/10251828/_94_167.jpg HTTP/1.1" 200 5177 "https://www.easydrivers.at/steyr/weihnachtskurs?FS=B" "Mozilla/5.0 (Windows NT 10.0; WOW64) AppleWebKit/537.36 (KHTML, like Gecko) Chrome/62.0.3202.94 Safari/537.36"
188.22.124.88 - - [06/Dec/2017:02:54:45 +0100] "GET /img/submit-button.png HTTP/1.1" 200 1958 "https://www.easydrivers.at/steyr/weihnachtskurs?FS=B" "Mozilla/5.0 (Windows NT 10.0; WOW64) AppleWebKit/537.36 (KHTML, like Gecko) Chrome/62.0.3202.94 Safari/537.36"
188.22.124.88 - - [06/Dec/2017:02:54:45 +0100] "GET /img/schweiz-icon.png HTTP/1.1" 200 1504 "https://www.easydrivers.at/steyr/weihnachtskurs?FS=B" "Mozilla/5.0 (Windows NT 10.0; WOW64) AppleWebKit/537.36 (KHTML, like Gecko) Chrome/62.0.3202.94 Safari/537.36"
188.22.124.88 - - [06/Dec/2017:02:54:45 +0100] "GET /css/print.css HTTP/1.1" 200 967 "https://www.easydrivers.at/steyr/weihnachtskurs?FS=B" "Mozilla/5.0 (Windows NT 10.0; WOW64) AppleWebKit/537.36 (KHTML, like Gecko) Chrome/62.0.3202.94 Safari/537.36"
188.22.124.88 - - [06/Dec/2017:02:54:45 +0100] "GET /img/ED_Logo.png HTTP/1.1" 200 3385 "https://www.easydrivers.at/css/style.css" "Mozilla/5.0 (Windows NT 10.0; WOW64) AppleWebKit/537.36 (KHTML, like Gecko) Chrome/62.0.3202.94 Safari/537.36"
188.22.124.88 - - [06/Dec/2017:02:54:45 +0100] "GET /img/purple-dots-horizontal.png HTTP/1.1" 200 977 "https://www.easydrivers.at/css/style.css" "Mozilla/5.0 (Windows NT 10.0; WOW64) AppleWebKit/537.36 (KHTML, like Gecko) Chrome/62.0.3202.94 Safari/537.36"
188.22.124.88 - - [06/Dec/2017:02:54:45 +0100] "GET /img/top-image-overlay.png HTTP/1.1" 200 20650 "https://www.easydrivers.at/css/style.css" "Mozilla/5.0 (Windows NT 10.0; WOW64) AppleWebKit/537.36 (KHTML, like Gecko) Chrome/62.0.3202.94 Safari/537.36"
188.22.124.88 - - [06/Dec/2017:02:54:45 +0100] "GET /img/bg-header.jpg HTTP/1.1" 200 38680 "https://www.easydrivers.at/css/style.css" "Mozilla/5.0 (Windows NT 10.0; WOW64) AppleWebKit/537.36 (KHTML, like Gecko) Chrome/62.0.3202.94 Safari/537.36"
188.22.124.88 - - [06/Dec/2017:02:54:45 +0100] "GET /img/arrow-left.png HTTP/1.1" 200 1015 "https://www.easydrivers.at/css/style.css" "Mozilla/5.0 (Windows NT 10.0; WOW64) AppleWebKit/537.36 (KHTML, like Gecko) Chrome/62.0.3202.94 Safari/537.36"
188.22.124.88 - - [06/Dec/2017:02:54:45 +0100] "GET /img/bg-top-section.jpg HTTP/1.1" 200 82172 "https://www.easydrivers.at/css/style.css" "Mozilla/5.0 (Windows NT 10.0; WOW64) AppleWebKit/537.36 (KHTML, like Gecko) Chrome/62.0.3202.94 Safari/537.36"
188.22.124.88 - - [06/Dec/2017:02:54:45 +0100] "GET /img/bg-yellow.jpg HTTP/1.1" 200 2250 "https://www.easydrivers.at/css/style.css" "Mozilla/5.0 (Windows NT 10.0; WOW64) AppleWebKit/537.36 (KHTML, like Gecko) Chrome/62.0.3202.94 Safari/537.36"
188.22.124.88 - - [06/Dec/2017:02:54:45 +0100] "GET /img/smallicon-phone.png HTTP/1.1" 200 3056 "https://www.easydrivers.at/css/style.css" "Mozilla/5.0 (Windows NT 10.0; WOW64) AppleWebKit/537.36 (KHTML, like Gecko) Chrome/62.0.3202.94 Safari/537.36"
188.22.124.88 - - [06/Dec/2017:02:54:46 +0100] "GET /img/smallicon-mail.png HTTP/1.1" 200 1341 "https://www.easydrivers.at/css/style.css" "Mozilla/5.0 (Windows NT 10.0; WOW64) AppleWebKit/537.36 (KHTML, like Gecko) Chrome/62.0.3202.94 Safari/537.36"
188.22.124.88 - - [06/Dec/2017:02:54:46 +0100] "GET /img/arrow-up.png HTTP/1.1" 200 1081 "https://www.easydrivers.at/css/style.css" "Mozilla/5.0 (Windows NT 10.0; WOW64) AppleWebKit/537.36 (KHTML, like Gecko) Chrome/62.0.3202.94 Safari/537.36"
188.22.124.88 - - [06/Dec/2017:02:54:46 +0100] "GET /img/bg-footer.jpg HTTP/1.1" 200 31770 "https://www.easydrivers.at/css/style.css" "Mozilla/5.0 (Windows NT 10.0; WOW64) AppleWebKit/537.36 (KHTML, like Gecko) Chrome/62.0.3202.94 Safari/537.36"
188.22.124.88 - - [06/Dec/2017:02:54:46 +0100] "GET /img/kursicon-print-pink.png HTTP/1.1" 200 1125 "https://www.easydrivers.at/steyr/weihnachtskurs?FS=B" "Mozilla/5.0 (Windows NT 10.0; WOW64) AppleWebKit/537.36 (KHTML, like Gecko) Chrome/62.0.3202.94 Safari/537.36"
188.22.124.88 - - [06/Dec/2017:02:54:46 +0100] "GET /img/kursicon-download-pink.png HTTP/1.1" 200 1213 "https://www.easydrivers.at/steyr/weihnachtskurs?FS=B" "Mozilla/5.0 (Windows NT 10.0; WOW64) AppleWebKit/537.36 (KHTML, like Gecko) Chrome/62.0.3202.94 Safari/537.36"
188.22.124.88 - - [06/Dec/2017:02:54:46 +0100] "GET /img/kursicon-share-pink.png HTTP/1.1" 200 1277 "https://www.easydrivers.at/steyr/weihnachtskurs?FS=B" "Mozilla/5.0 (Windows NT 10.0; WOW64) AppleWebKit/537.36 (KHTML, like Gecko) Chrome/62.0.3202.94 Safari/537.36"
188.22.124.88 - - [06/Dec/2017:02:54:46 +0100] "GET /img/kursicon-phone-pink.png HTTP/1.1" 200 1286 "https://www.easydrivers.at/steyr/weihnachtskurs?FS=B" "Mozilla/5.0 (Windows NT 10.0; WOW64) AppleWebKit/537.36 (KHTML, like Gecko) Chrome/62.0.3202.94 Safari/537.36"
188.22.124.88 - - [06/Dec/2017:02:54:47 +0100] "GET /img/new_favicon.ico HTTP/1.1" 301 306 "-" "Mozilla/5.0 (Windows NT 10.0; WOW64) AppleWebKit/537.36 (KHTML, like Gecko) Chrome/62.0.3202.94 Safari/537.36"
188.22.124.88 - - [06/Dec/2017:02:54:48 +0100] "GET /img/new_favicon.ico HTTP/1.1" 200 1150 "-" "Mozilla/5.0 (Windows NT 10.0; WOW64) AppleWebKit/537.36 (KHTML, like Gecko) Chrome/62.0.3202.94 Safari/537.36"
54.37.137.33 - - [06/Dec/2017:02:54:55 +0100] "GET /skarabela.gross-enzersdorf HTTP/1.0" 301 311 "-" "Mozilla/5.0 (Windows NT 10.0; WOW64) AppleWebKit/537.36 (KHTML, like Gecko) Chrome/52.0.2743.116 Safari/537.36"
54.37.137.33 - - [06/Dec/2017:02:54:55 +0100] "GET /skarabela.gross-enzersdorf HTTP/1.0" 200 3619 "-" "Mozilla/5.0 (Windows NT 10.0; WOW64) AppleWebKit/537.36 (KHTML, like Gecko) Chrome/52.0.2743.116 Safari/537.36"
54.183.130.127 - - [06/Dec/2017:02:55:19 +0100] "GET / HTTP/1.1" 301 296 "-" "Mozilla/5.0 (Macintosh; Intel Mac OS X 10_12_6) AppleWebKit/537.36 (KHTML, like Gecko) Chrome/61.0.3163.100 Safari/537.36"
54.183.130.127 - - [06/Dec/2017:02:55:20 +0100] "GET / HTTP/1.1" 400 292 "https://www.easydriver.at/" "Mozilla/5.0 (Macintosh; Intel Mac OS X 10_12_6) AppleWebKit/537.36 (KHTML, like Gecko) Chrome/61.0.3163.100 Safari/537.36"
207.46.13.43 - - [06/Dec/2017:02:55:59 +0100] "GET /woergl/ HTTP/1.1" 200 4442 "-" "Mozilla/5.0 (compatible; bingbot/2.0; +http://www.bing.com/bingbot.htm)"
199.30.25.29 - - [06/Dec/2017:02:56:07 +0100] "GET /javascript/homesearch.js HTTP/1.1" 200 639 "-" "Mozilla/5.0 (Windows NT 6.1; WOW64) AppleWebKit/534+ (KHTML, like Gecko) BingPreview/1.0b"
66.249.76.74 - - [06/Dec/2017:02:56:10 +0100] "GET /voesendorf/Inhaberdaten HTTP/1.1" 301 308 "-" "Mozilla/5.0 (compatible; Googlebot/2.1; +http://www.google.com/bot.html)"
68.180.229.185 - - [06/Dec/2017:02:56:11 +0100] "GET /binaries/easy-drivers-steyr/agb-easy-drivers-steyr.pdf HTTP/1.1" 304 - "-" "Mozilla/5.0 (compatible; Yahoo! Slurp; http://help.yahoo.com/help/us/ysearch/slurp)"
66.249.76.80 - - [06/Dec/2017:02:56:11 +0100] "GET /voesendorf/Inhaberdaten HTTP/1.1" 200 3753 "-" "Mozilla/5.0 (compatible; Googlebot/2.1; +http://www.google.com/bot.html)"
66.249.76.80 - - [06/Dec/2017:02:56:25 +0100] "GET /binaries/10250916.jpg HTTP/1.1" 304 - "-" "Googlebot-Image/1.0"
207.46.13.137 - - [06/Dec/2017:02:57:14 +0100] "GET /spittelau/10280820?FS=B-L17 HTTP/1.1" 410 3396 "-" "Mozilla/5.0 (compatible; bingbot/2.0; +http://www.bing.com/bingbot.htm)"
207.46.13.137 - - [06/Dec/2017:02:57:59 +0100] "GET /poechlarn/10282726?FS=B-L HTTP/1.1" 410 3404 "-" "Mozilla/5.0 (compatible; bingbot/2.0; +http://www.bing.com/bingbot.htm)"
157.55.39.65 - - [06/Dec/2017:02:58:16 +0100] "GET /bruck.leitha/10290885?FS=CC95 HTTP/1.1" 200 5796 "-" "Mozilla/5.0 (compatible; bingbot/2.0; +http://www.bing.com/bingbot.htm)"
207.46.13.137 - - [06/Dec/2017:02:58:42 +0100] "GET /krems/B-Kurs-Weihnachten-2017?FS=BF HTTP/1.1" 200 5758 "-" "Mozilla/5.0 (compatible; bingbot/2.0; +http://www.bing.com/bingbot.htm)"
207.46.13.43 - - [06/Dec/2017:02:59:28 +0100] "GET /leonding/oktoberkurs_2?FS=B HTTP/1.1" 410 3420 "-" "Mozilla/5.0 (compatible; bingbot/2.0; +http://www.bing.com/bingbot.htm)"
157.55.39.65 - - [06/Dec/2017:02:59:32 +0100] "GET /spittelau/10281183?FS=B HTTP/1.1" 301 310 "-" "Mozilla/5.0 (compatible; bingbot/2.0; +http://www.bing.com/bingbot.htm)"
207.46.13.43 - - [06/Dec/2017:02:59:32 +0100] "GET /hollabrunn/Grundkurs_II_Sommer_2017?FS=B HTTP/1.1" 301 323 "-" "Mozilla/5.0 (compatible; bingbot/2.0; +http://www.bing.com/bingbot.htm)"
157.55.39.65 - - [06/Dec/2017:02:59:32 +0100] "GET /wieselburg/10252979 HTTP/1.1" 301 308 "-" "Mozilla/5.0 (compatible; bingbot/2.0; +http://www.bing.com/bingbot.htm)"
178.115.128.196 - - [06/Dec/2017:02:59:46 +0100] "GET /linz/10286170?FS=B HTTP/1.1" 200 3158 "http://m.facebook.com/" "Mozilla/5.0 (Linux; Android 7.0; SM-G950F Build/NRD90M; wv) AppleWebKit/537.36 (KHTML, like Gecko) Version/4.0 Chrome/62.0.3202.84 Mobile Safari/537.36 [FB_IAB/FB4A;FBAV/151.0.0.44.205;]"
66.249.76.78 - - [06/Dec/2017:03:00:08 +0100] "GET /st.poelten/aktionen HTTP/1.1" 301 306 "-" "Mozilla/5.0 (compatible; Googlebot/2.1; +http://www.google.com/bot.html)"
66.249.76.80 - - [06/Dec/2017:03:00:09 +0100] "GET /st.poelten/aktionen HTTP/1.1" 200 2930 "-" "Mozilla/5.0 (compatible; Googlebot/2.1; +http://www.google.com/bot.html)"
164.132.161.77 - - [06/Dec/2017:03:02:13 +0100] "GET /steyr HTTP/1.1" 301 296 "-" "Mozilla/5.0 (compatible; AhrefsBot/5.2; +http://ahrefs.com/robot/)"
88.198.43.207 - - [06/Dec/2017:03:02:21 +0100] "GET /klagenfurt/10248801 HTTP/1.1" 301 406 "-" "Mozilla/5.0 (Windows NT 6.1; WOW64; rv:21.0) Gecko/20130331 Firefox/21.0"
88.198.43.207 - - [06/Dec/2017:03:02:21 +0100] "GET /klagenfurt/10248801 HTTP/1.1" 200 9476 "-" "Mozilla/5.0 (Windows NT 6.1; WOW64; rv:21.0) Gecko/20130331 Firefox/21.0"
207.46.13.43 - - [06/Dec/2017:03:03:59 +0100] "GET /hollabrunn HTTP/1.1" 200 3713 "-" "Mozilla/5.0 (compatible; bingbot/2.0; +http://www.bing.com/bingbot.htm)"
66.249.76.76 - - [06/Dec/2017:03:04:05 +0100] "GET /perg/aktionen HTTP/1.1" 301 303 "-" "Mozilla/5.0 (compatible; Googlebot/2.1; +http://www.google.com/bot.html)"
157.55.39.65 - - [06/Dec/2017:03:04:03 +0100] "GET /linz/10284323?FS=B-L HTTP/1.1" 410 3430 "-" "Mozilla/5.0 (compatible; bingbot/2.0; +http://www.bing.com/bingbot.htm)"
207.46.13.137 - - [06/Dec/2017:03:04:04 +0100] "GET /hollabrunn/kursauswahl HTTP/1.1" 200 3634 "-" "Mozilla/5.0 (compatible; bingbot/2.0; +http://www.bing.com/bingbot.htm)"
207.46.13.137 - - [06/Dec/2017:03:04:08 +0100] "GET /berndorf/aktionen HTTP/1.1" 301 305 "-" "Mozilla/5.0 (compatible; bingbot/2.0; +http://www.bing.com/bingbot.htm)"
66.249.76.82 - - [06/Dec/2017:03:04:06 +0100] "GET /perg/aktionen HTTP/1.1" 200 3154 "-" "Mozilla/5.0 (compatible; Googlebot/2.1; +http://www.google.com/bot.html)"
207.46.13.137 - - [06/Dec/2017:03:04:07 +0100] "GET /fahrschulen/2460 HTTP/1.1" 200 3140 "-" "Mozilla/5.0 (compatible; bingbot/2.0; +http://www.bing.com/bingbot.htm)"
194.118.240.56 - - [06/Dec/2017:03:04:45 +0100] "GET /bruck.leitha/10279432?FS=B HTTP/1.1" 200 3401 "http://m.facebook.com" "Mozilla/5.0 (iPhone; CPU iPhone OS 10_3_3 like Mac OS X) AppleWebKit/603.3.8 (KHTML, like Gecko) Mobile/14G60 [FBAN/FBIOS;FBAV/151.0.0.61.202;FBBV/82156572;FBDV/iPhone5,2;FBMD/iPhone;FBSN/iOS;FBSV/10.3.3;FBSS/2;FBCR/A1;FBID/phone;FBLC/de_DE;FBOP/5;FBRV/83160404]"
207.46.13.137 - - [06/Dec/2017:03:05:05 +0100] "GET /st.valentin/10254775 HTTP/1.1" 301 307 "-" "Mozilla/5.0 (compatible; bingbot/2.0; +http://www.bing.com/bingbot.htm)"
207.46.13.43 - - [06/Dec/2017:03:06:10 +0100] "GET /scheibbs/aktionen HTTP/1.1" 301 304 "-" "Mozilla/5.0 (compatible; bingbot/2.0; +http://www.bing.com/bingbot.htm)"
207.46.13.43 - - [06/Dec/2017:03:06:27 +0100] "GET /skarabela.gross-enzersdorf HTTP/1.1" 200 3619 "-" "Mozilla/5.0 (compatible; bingbot/2.0; +http://www.bing.com/bingbot.htm)"
207.46.13.43 - - [06/Dec/2017:03:07:12 +0100] "GET /amstetten/nachmittagskurs-juli18?FS=BBE HTTP/1.1" 200 5611 "-" "Mozilla/5.0 (compatible; bingbot/2.0; +http://www.bing.com/bingbot.htm)"
207.46.13.43 - - [06/Dec/2017:03:07:28 +0100] "GET /st.valentin/aktionen HTTP/1.1" 301 305 "-" "Mozilla/5.0 (compatible; bingbot/2.0; +http://www.bing.com/bingbot.htm)"
207.46.13.137 - - [06/Dec/2017:03:07:43 +0100] "GET /amstetten/abendkursjuli2?FS=BBE HTTP/1.1" 301 316 "-" "Mozilla/5.0 (compatible; bingbot/2.0; +http://www.bing.com/bingbot.htm)"
216.244.66.202 - - [06/Dec/2017:03:07:47 +0100] "GET /st.poelten/10282951?FS=BE HTTP/1.1" 301 412 "-" "Mozilla/5.0 (compatible; DotBot/1.1; http://www.opensiteexplorer.org/dotbot, help@moz.com)"
40.77.167.72 - - [06/Dec/2017:03:08:03 +0100] "GET /st.valentin/inhaberdaten HTTP/1.1" 301 309 "-" "Mozilla/5.0 (iPhone; CPU iPhone OS 7_0 like Mac OS X) AppleWebKit/537.51.1 (KHTML, like Gecko) Version/7.0 Mobile/11A465 Safari/9537.53 (compatible; bingbot/2.0; +http://www.bing.com/bingbot.htm)"
178.154.171.72 - - [06/Dec/2017:03:08:25 +0100] "GET /bludenz HTTP/1.1" 200 3589 "-" "Mozilla/5.0 (compatible; YandexBot/3.0; +http://yandex.com/bots)"
87.250.224.32 - - [06/Dec/2017:03:09:01 +0100] "GET /amstetten/abendkurs-mai18.1?FS=A2BF HTTP/1.1" 200 6013 "-" "Mozilla/5.0 (compatible; YandexBot/3.0; +http://yandex.com/bots)"
87.250.224.32 - - [06/Dec/2017:03:09:21 +0100] "GET /hollabrunn/C_CE_Kurs_Mai_2018?FS=BC HTTP/1.1" 200 6562 "-" "Mozilla/5.0 (compatible; YandexBot/3.0; +http://yandex.com/bots)"
207.46.13.137 - - [06/Dec/2017:03:09:25 +0100] "GET /st.valentin/kursauswahl HTTP/1.1" 200 3614 "-" "Mozilla/5.0 (compatible; bingbot/2.0; +http://www.bing.com/bingbot.htm)"
87.250.224.32 - - [06/Dec/2017:03:09:25 +0100] "GET /amstetten/abendkurs-juli18.2?FS=A2B HTTP/1.1" 200 5902 "-" "Mozilla/5.0 (compatible; YandexBot/3.0; +http://yandex.com/bots)"
87.250.224.32 - - [06/Dec/2017:03:09:36 +0100] "GET /robots.txt HTTP/1.1" 301 397 "-" "Mozilla/5.0 (compatible; YandexBot/3.0; +http://yandex.com/bots)"
40.77.167.72 - - [06/Dec/2017:03:09:35 +0100] "GET /st.valentin/inhaberdaten HTTP/1.1" 404 3089 "-" "Mozilla/5.0 (iPhone; CPU iPhone OS 7_0 like Mac OS X) AppleWebKit/537.51.1 (KHTML, like Gecko) Version/7.0 Mobile/11A465 Safari/9537.53 (compatible; bingbot/2.0; +http://www.bing.com/bingbot.htm)"
87.250.224.32 - - [06/Dec/2017:03:09:40 +0100] "GET /binaries/radfahrschule/bildwebedanschnittl830x300px7png.png HTTP/1.1" 301 335 "-" "Mozilla/5.0 (compatible; YandexImages/3.0; +http://yandex.com/bots)"
87.250.224.32 - - [06/Dec/2017:03:09:40 +0100] "GET /binaries/radfahrschule/bildwebedanschnittl830x300px7png.png HTTP/1.1" 304 - "-" "Mozilla/5.0 (compatible; YandexImages/3.0; +http://yandex.com/bots)"
207.46.13.43 - - [06/Dec/2017:03:09:46 +0100] "GET /bruck.leitha/10290955?FS=A1 HTTP/1.1" 200 6114 "-" "Mozilla/5.0 (compatible; bingbot/2.0; +http://www.bing.com/bingbot.htm)"
84.112.67.172 - - [06/Dec/2017:03:09:50 +0100] "GET /wr.neustadt HTTP/1.1" 301 300 "https://www.google.at/" "Mozilla/5.0 (iPhone; CPU iPhone OS 11_0_2 like Mac OS X) AppleWebKit/604.1.38 (KHTML, like Gecko) Version/11.0 Mobile/15A421 Safari/604.1"
84.112.67.172 - - [06/Dec/2017:03:09:50 +0100] "GET /wr.neustadt HTTP/1.1" 200 2988 "https://www.google.at/" "Mozilla/5.0 (iPhone; CPU iPhone OS 11_0_2 like Mac OS X) AppleWebKit/604.1.38 (KHTML, like Gecko) Version/11.0 Mobile/15A421 Safari/604.1"
84.112.67.172 - - [06/Dec/2017:03:09:52 +0100] "GET /javascript/jquery.cookie.js HTTP/1.1" 200 863 "https://www.easydrivers.at/wr.neustadt" "Mozilla/5.0 (iPhone; CPU iPhone OS 11_0_2 like Mac OS X) AppleWebKit/604.1.38 (KHTML, like Gecko) Version/11.0 Mobile/15A421 Safari/604.1"
84.112.67.172 - - [06/Dec/2017:03:09:52 +0100] "GET /css/mobile.css HTTP/1.1" 200 2852 "https://www.easydrivers.at/wr.neustadt" "Mozilla/5.0 (iPhone; CPU iPhone OS 11_0_2 like Mac OS X) AppleWebKit/604.1.38 (KHTML, like Gecko) Version/11.0 Mobile/15A421 Safari/604.1"
84.112.67.172 - - [06/Dec/2017:03:09:52 +0100] "GET /javascript/mobile-menu.js HTTP/1.1" 200 1634 "https://www.easydrivers.at/wr.neustadt" "Mozilla/5.0 (iPhone; CPU iPhone OS 11_0_2 like Mac OS X) AppleWebKit/604.1.38 (KHTML, like Gecko) Version/11.0 Mobile/15A421 Safari/604.1"
84.112.67.172 - - [06/Dec/2017:03:09:52 +0100] "GET /javascript/jquery-1.9.1.min.js HTTP/1.1" 200 32731 "https://www.easydrivers.at/wr.neustadt" "Mozilla/5.0 (iPhone; CPU iPhone OS 11_0_2 like Mac OS X) AppleWebKit/604.1.38 (KHTML, like Gecko) Version/11.0 Mobile/15A421 Safari/604.1"
84.112.67.172 - - [06/Dec/2017:03:09:52 +0100] "GET /javascript/jquery.simplemodal.js HTTP/1.1" 200 3070 "https://www.easydrivers.at/wr.neustadt" "Mozilla/5.0 (iPhone; CPU iPhone OS 11_0_2 like Mac OS X) AppleWebKit/604.1.38 (KHTML, like Gecko) Version/11.0 Mobile/15A421 Safari/604.1"
84.112.67.172 - - [06/Dec/2017:03:09:52 +0100] "GET /javascript/mobile-fahrschule.js HTTP/1.1" 200 328 "https://www.easydrivers.at/wr.neustadt" "Mozilla/5.0 (iPhone; CPU iPhone OS 11_0_2 like Mac OS X) AppleWebKit/604.1.38 (KHTML, like Gecko) Version/11.0 Mobile/15A421 Safari/604.1"
84.112.67.172 - - [06/Dec/2017:03:09:52 +0100] "GET /img/mobile/easydrivers-logo-mobile.png HTTP/1.1" 200 10766 "https://www.easydrivers.at/wr.neustadt" "Mozilla/5.0 (iPhone; CPU iPhone OS 11_0_2 like Mac OS X) AppleWebKit/604.1.38 (KHTML, like Gecko) Version/11.0 Mobile/15A421 Safari/604.1"
84.112.67.172 - - [06/Dec/2017:03:09:52 +0100] "GET /javascript/lazyload.js HTTP/1.1" 200 1170 "https://www.easydrivers.at/wr.neustadt" "Mozilla/5.0 (iPhone; CPU iPhone OS 11_0_2 like Mac OS X) AppleWebKit/604.1.38 (KHTML, like Gecko) Version/11.0 Mobile/15A421 Safari/604.1"
84.112.67.172 - - [06/Dec/2017:03:09:53 +0100] "GET /img/mobile/menu-button.png HTTP/1.1" 200 1746 "https://www.easydrivers.at/wr.neustadt" "Mozilla/5.0 (iPhone; CPU iPhone OS 11_0_2 like Mac OS X) AppleWebKit/604.1.38 (KHTML, like Gecko) Version/11.0 Mobile/15A421 Safari/604.1"
84.112.67.172 - - [06/Dec/2017:03:09:53 +0100] "GET /img/mobile/close-button.png HTTP/1.1" 200 2411 "https://www.easydrivers.at/wr.neustadt" "Mozilla/5.0 (iPhone; CPU iPhone OS 11_0_2 like Mac OS X) AppleWebKit/604.1.38 (KHTML, like Gecko) Version/11.0 Mobile/15A421 Safari/604.1"
84.112.67.172 - - [06/Dec/2017:03:09:53 +0100] "GET /img/mobile/facebook-icon.png HTTP/1.1" 200 1902 "https://www.easydrivers.at/wr.neustadt" "Mozilla/5.0 (iPhone; CPU iPhone OS 11_0_2 like Mac OS X) AppleWebKit/604.1.38 (KHTML, like Gecko) Version/11.0 Mobile/15A421 Safari/604.1"
84.112.67.172 - - [06/Dec/2017:03:09:53 +0100] "GET /img/mobile/info-button.png HTTP/1.1" 200 1549 "https://www.easydrivers.at/wr.neustadt" "Mozilla/5.0 (iPhone; CPU iPhone OS 11_0_2 like Mac OS X) AppleWebKit/604.1.38 (KHTML, like Gecko) Version/11.0 Mobile/15A421 Safari/604.1"
84.112.67.172 - - [06/Dec/2017:03:09:53 +0100] "GET /img/mobile/info-close-button.png HTTP/1.1" 200 1721 "https://www.easydrivers.at/wr.neustadt" "Mozilla/5.0 (iPhone; CPU iPhone OS 11_0_2 like Mac OS X) AppleWebKit/604.1.38 (KHTML, like Gecko) Version/11.0 Mobile/15A421 Safari/604.1"
84.112.67.172 - - [06/Dec/2017:03:09:53 +0100] "GET /img/smallicon-person.png HTTP/1.1" 200 1141 "https://www.easydrivers.at/wr.neustadt" "Mozilla/5.0 (iPhone; CPU iPhone OS 11_0_2 like Mac OS X) AppleWebKit/604.1.38 (KHTML, like Gecko) Version/11.0 Mobile/15A421 Safari/604.1"
84.112.67.172 - - [06/Dec/2017:03:09:53 +0100] "GET /img/smallicon-address.png HTTP/1.1" 200 1211 "https://www.easydrivers.at/wr.neustadt" "Mozilla/5.0 (iPhone; CPU iPhone OS 11_0_2 like Mac OS X) AppleWebKit/604.1.38 (KHTML, like Gecko) Version/11.0 Mobile/15A421 Safari/604.1"
84.112.67.172 - - [06/Dec/2017:03:09:53 +0100] "GET /img/mobile/googlemaps-pin.png HTTP/1.1" 200 1597 "https://www.easydrivers.at/wr.neustadt" "Mozilla/5.0 (iPhone; CPU iPhone OS 11_0_2 like Mac OS X) AppleWebKit/604.1.38 (KHTML, like Gecko) Version/11.0 Mobile/15A421 Safari/604.1"
84.112.67.172 - - [06/Dec/2017:03:09:53 +0100] "GET /img/smallicon-mail.png HTTP/1.1" 200 1341 "https://www.easydrivers.at/wr.neustadt" "Mozilla/5.0 (iPhone; CPU iPhone OS 11_0_2 like Mac OS X) AppleWebKit/604.1.38 (KHTML, like Gecko) Version/11.0 Mobile/15A421 Safari/604.1"
84.112.67.172 - - [06/Dec/2017:03:09:53 +0100] "GET /img/smallicon-time.png HTTP/1.1" 200 1262 "https://www.easydrivers.at/wr.neustadt" "Mozilla/5.0 (iPhone; CPU iPhone OS 11_0_2 like Mac OS X) AppleWebKit/604.1.38 (KHTML, like Gecko) Version/11.0 Mobile/15A421 Safari/604.1"
84.112.67.172 - - [06/Dec/2017:03:09:53 +0100] "GET /img/smallicon-phone.png HTTP/1.1" 200 3056 "https://www.easydrivers.at/wr.neustadt" "Mozilla/5.0 (iPhone; CPU iPhone OS 11_0_2 like Mac OS X) AppleWebKit/604.1.38 (KHTML, like Gecko) Version/11.0 Mobile/15A421 Safari/604.1"
84.112.67.172 - - [06/Dec/2017:03:09:53 +0100] "GET /img/mobile/widget-icon-app.png HTTP/1.1" 200 3458 "https://www.easydrivers.at/wr.neustadt" "Mozilla/5.0 (iPhone; CPU iPhone OS 11_0_2 like Mac OS X) AppleWebKit/604.1.38 (KHTML, like Gecko) Version/11.0 Mobile/15A421 Safari/604.1"
84.112.67.172 - - [06/Dec/2017:03:09:53 +0100] "GET /img/mobile/pfeil-rechts.png HTTP/1.1" 200 1228 "https://www.easydrivers.at/wr.neustadt" "Mozilla/5.0 (iPhone; CPU iPhone OS 11_0_2 like Mac OS X) AppleWebKit/604.1.38 (KHTML, like Gecko) Version/11.0 Mobile/15A421 Safari/604.1"
84.112.67.172 - - [06/Dec/2017:03:09:53 +0100] "GET /img/mobile/bg-menu.jpg HTTP/1.1" 200 1698 "https://www.easydrivers.at/wr.neustadt" "Mozilla/5.0 (iPhone; CPU iPhone OS 11_0_2 like Mac OS X) AppleWebKit/604.1.38 (KHTML, like Gecko) Version/11.0 Mobile/15A421 Safari/604.1"
84.112.67.172 - - [06/Dec/2017:03:09:53 +0100] "GET /img/mobile/bg-header.jpg HTTP/1.1" 200 19741 "https://www.easydrivers.at/wr.neustadt" "Mozilla/5.0 (iPhone; CPU iPhone OS 11_0_2 like Mac OS X) AppleWebKit/604.1.38 (KHTML, like Gecko) Version/11.0 Mobile/15A421 Safari/604.1"
84.112.67.172 - - [06/Dec/2017:03:09:53 +0100] "GET /img/mobile/bg-top-section.jpg HTTP/1.1" 200 21711 "https://www.easydrivers.at/wr.neustadt" "Mozilla/5.0 (iPhone; CPU iPhone OS 11_0_2 like Mac OS X) AppleWebKit/604.1.38 (KHTML, like Gecko) Version/11.0 Mobile/15A421 Safari/604.1"
87.250.224.32 - - [06/Dec/2017:03:09:59 +0100] "GET /bruck.leitha/10290924?FS=BBE HTTP/1.1" 200 5938 "-" "Mozilla/5.0 (compatible; YandexBot/3.0; +http://yandex.com/bots)"
84.112.67.172 - - [06/Dec/2017:03:10:02 +0100] "GET /fuehrerscheine/auto HTTP/1.1" 200 5442 "https://www.easydrivers.at/wr.neustadt" "Mozilla/5.0 (iPhone; CPU iPhone OS 11_0_2 like Mac OS X) AppleWebKit/604.1.38 (KHTML, like Gecko) Version/11.0 Mobile/15A421 Safari/604.1"
84.112.67.172 - - [06/Dec/2017:03:10:04 +0100] "GET /javascript/mobile-license.js HTTP/1.1" 200 216 "https://www.easydrivers.at/fuehrerscheine/auto" "Mozilla/5.0 (iPhone; CPU iPhone OS 11_0_2 like Mac OS X) AppleWebKit/604.1.38 (KHTML, like Gecko) Version/11.0 Mobile/15A421 Safari/604.1"
84.112.67.172 - - [06/Dec/2017:03:10:04 +0100] "GET /img/mobile/bg-yellow.jpg HTTP/1.1" 200 1569 "https://www.easydrivers.at/fuehrerscheine/auto" "Mozilla/5.0 (iPhone; CPU iPhone OS 11_0_2 like Mac OS X) AppleWebKit/604.1.38 (KHTML, like Gecko) Version/11.0 Mobile/15A421 Safari/604.1"
84.112.67.172 - - [06/Dec/2017:03:10:04 +0100] "GET /img/mobile/weiter-button.png HTTP/1.1" 200 1670 "https://www.easydrivers.at/fuehrerscheine/auto" "Mozilla/5.0 (iPhone; CPU iPhone OS 11_0_2 like Mac OS X) AppleWebKit/604.1.38 (KHTML, like Gecko) Version/11.0 Mobile/15A421 Safari/604.1"
84.112.67.172 - - [06/Dec/2017:03:10:11 +0100] "GET /img/mobile/pfeil-links-small.png HTTP/1.1" 200 1065 "https://www.easydrivers.at/fuehrerscheine/auto" "Mozilla/5.0 (iPhone; CPU iPhone OS 11_0_2 like Mac OS X) AppleWebKit/604.1.38 (KHTML, like Gecko) Version/11.0 Mobile/15A421 Safari/604.1"
84.112.67.172 - - [06/Dec/2017:03:10:11 +0100] "GET /img/mobile/pfeil-rechts-small.png HTTP/1.1" 200 1056 "https://www.easydrivers.at/fuehrerscheine/auto" "Mozilla/5.0 (iPhone; CPU iPhone OS 11_0_2 like Mac OS X) AppleWebKit/604.1.38 (KHTML, like Gecko) Version/11.0 Mobile/15A421 Safari/604.1"
84.112.67.172 - - [06/Dec/2017:03:10:22 +0100] "GET /fuehrerscheine/auto?channel=fullversion HTTP/1.1" 200 3370 "https://www.easydrivers.at/fuehrerscheine/auto" "Mozilla/5.0 (iPhone; CPU iPhone OS 11_0_2 like Mac OS X) AppleWebKit/604.1.38 (KHTML, like Gecko) Version/11.0 Mobile/15A421 Safari/604.1"
84.112.67.172 - - [06/Dec/2017:03:10:23 +0100] "GET /css/style.css HTTP/1.1" 200 5004 "https://www.easydrivers.at/fuehrerscheine/auto?channel=fullversion" "Mozilla/5.0 (iPhone; CPU iPhone OS 11_0_2 like Mac OS X) AppleWebKit/604.1.38 (KHTML, like Gecko) Version/11.0 Mobile/15A421 Safari/604.1"
84.112.67.172 - - [06/Dec/2017:03:10:23 +0100] "GET /css/print.css HTTP/1.1" 200 967 "https://www.easydrivers.at/fuehrerscheine/auto?channel=fullversion" "Mozilla/5.0 (iPhone; CPU iPhone OS 11_0_2 like Mac OS X) AppleWebKit/604.1.38 (KHTML, like Gecko) Version/11.0 Mobile/15A421 Safari/604.1"
84.112.67.172 - - [06/Dec/2017:03:10:23 +0100] "GET /javascript/jquery.customSelect.min.js HTTP/1.1" 200 912 "https://www.easydrivers.at/fuehrerscheine/auto?channel=fullversion" "Mozilla/5.0 (iPhone; CPU iPhone OS 11_0_2 like Mac OS X) AppleWebKit/604.1.38 (KHTML, like Gecko) Version/11.0 Mobile/15A421 Safari/604.1"
84.112.67.172 - - [06/Dec/2017:03:10:23 +0100] "GET /javascript/portal.js?1221842734 HTTP/1.1" 200 3529 "https://www.easydrivers.at/fuehrerscheine/auto?channel=fullversion" "Mozilla/5.0 (iPhone; CPU iPhone OS 11_0_2 like Mac OS X) AppleWebKit/604.1.38 (KHTML, like Gecko) Version/11.0 Mobile/15A421 Safari/604.1"
84.112.67.172 - - [06/Dec/2017:03:10:24 +0100] "GET /javascript/license.js HTTP/1.1" 200 315 "https://www.easydrivers.at/fuehrerscheine/auto?channel=fullversion" "Mozilla/5.0 (iPhone; CPU iPhone OS 11_0_2 like Mac OS X) AppleWebKit/604.1.38 (KHTML, like Gecko) Version/11.0 Mobile/15A421 Safari/604.1"
84.112.67.172 - - [06/Dec/2017:03:10:24 +0100] "GET /img/close-button.png HTTP/1.1" 200 2237 "https://www.easydrivers.at/fuehrerscheine/auto?channel=fullversion" "Mozilla/5.0 (iPhone; CPU iPhone OS 11_0_2 like Mac OS X) AppleWebKit/604.1.38 (KHTML, like Gecko) Version/11.0 Mobile/15A421 Safari/604.1"
84.112.67.172 - - [06/Dec/2017:03:10:24 +0100] "GET /img/facebook-icon.png HTTP/1.1" 200 1506 "https://www.easydrivers.at/fuehrerscheine/auto?channel=fullversion" "Mozilla/5.0 (iPhone; CPU iPhone OS 11_0_2 like Mac OS X) AppleWebKit/604.1.38 (KHTML, like Gecko) Version/11.0 Mobile/15A421 Safari/604.1"
84.112.67.172 - - [06/Dec/2017:03:10:24 +0100] "GET /img/schweiz-icon.png HTTP/1.1" 200 1504 "https://www.easydrivers.at/fuehrerscheine/auto?channel=fullversion" "Mozilla/5.0 (iPhone; CPU iPhone OS 11_0_2 like Mac OS X) AppleWebKit/604.1.38 (KHTML, like Gecko) Version/11.0 Mobile/15A421 Safari/604.1"
84.112.67.172 - - [06/Dec/2017:03:10:24 +0100] "GET /binaries/easy-drivers-portal/pkw3jpg.jpg HTTP/1.1" 200 90539 "https://www.easydrivers.at/fuehrerscheine/auto?channel=fullversion" "Mozilla/5.0 (iPhone; CPU iPhone OS 11_0_2 like Mac OS X) AppleWebKit/604.1.38 (KHTML, like Gecko) Version/11.0 Mobile/15A421 Safari/604.1"
84.112.67.172 - - [06/Dec/2017:03:10:24 +0100] "GET /img/submit-button-small.png HTTP/1.1" 200 1456 "https://www.easydrivers.at/fuehrerscheine/auto?channel=fullversion" "Mozilla/5.0 (iPhone; CPU iPhone OS 11_0_2 like Mac OS X) AppleWebKit/604.1.38 (KHTML, like Gecko) Version/11.0 Mobile/15A421 Safari/604.1"
84.112.67.172 - - [06/Dec/2017:03:10:24 +0100] "GET /img/bg-yellow.jpg HTTP/1.1" 200 2250 "https://www.easydrivers.at/fuehrerscheine/auto?channel=fullversion" "Mozilla/5.0 (iPhone; CPU iPhone OS 11_0_2 like Mac OS X) AppleWebKit/604.1.38 (KHTML, like Gecko) Version/11.0 Mobile/15A421 Safari/604.1"
84.112.67.172 - - [06/Dec/2017:03:10:24 +0100] "GET /img/ED_Logo.png HTTP/1.1" 200 3385 "https://www.easydrivers.at/fuehrerscheine/auto?channel=fullversion" "Mozilla/5.0 (iPhone; CPU iPhone OS 11_0_2 like Mac OS X) AppleWebKit/604.1.38 (KHTML, like Gecko) Version/11.0 Mobile/15A421 Safari/604.1"
84.112.67.172 - - [06/Dec/2017:03:10:24 +0100] "GET /img/bg-header.jpg HTTP/1.1" 200 38680 "https://www.easydrivers.at/fuehrerscheine/auto?channel=fullversion" "Mozilla/5.0 (iPhone; CPU iPhone OS 11_0_2 like Mac OS X) AppleWebKit/604.1.38 (KHTML, like Gecko) Version/11.0 Mobile/15A421 Safari/604.1"
84.112.67.172 - - [06/Dec/2017:03:10:24 +0100] "GET /img/bg-footer.jpg HTTP/1.1" 200 31770 "https://www.easydrivers.at/fuehrerscheine/auto?channel=fullversion" "Mozilla/5.0 (iPhone; CPU iPhone OS 11_0_2 like Mac OS X) AppleWebKit/604.1.38 (KHTML, like Gecko) Version/11.0 Mobile/15A421 Safari/604.1"
84.112.67.172 - - [06/Dec/2017:03:10:24 +0100] "GET /img/kursicon-print-pink.png HTTP/1.1" 200 1125 "https://www.easydrivers.at/fuehrerscheine/auto?channel=fullversion" "Mozilla/5.0 (iPhone; CPU iPhone OS 11_0_2 like Mac OS X) AppleWebKit/604.1.38 (KHTML, like Gecko) Version/11.0 Mobile/15A421 Safari/604.1"
84.112.67.172 - - [06/Dec/2017:03:10:24 +0100] "GET /img/kursicon-download-pink.png HTTP/1.1" 200 1213 "https://www.easydrivers.at/fuehrerscheine/auto?channel=fullversion" "Mozilla/5.0 (iPhone; CPU iPhone OS 11_0_2 like Mac OS X) AppleWebKit/604.1.38 (KHTML, like Gecko) Version/11.0 Mobile/15A421 Safari/604.1"
84.112.67.172 - - [06/Dec/2017:03:10:24 +0100] "GET /img/kursicon-share-pink.png HTTP/1.1" 200 1277 "https://www.easydrivers.at/fuehrerscheine/auto?channel=fullversion" "Mozilla/5.0 (iPhone; CPU iPhone OS 11_0_2 like Mac OS X) AppleWebKit/604.1.38 (KHTML, like Gecko) Version/11.0 Mobile/15A421 Safari/604.1"
84.112.67.172 - - [06/Dec/2017:03:10:24 +0100] "GET /img/kursicon-phone-pink.png HTTP/1.1" 200 1286 "https://www.easydrivers.at/fuehrerscheine/auto?channel=fullversion" "Mozilla/5.0 (iPhone; CPU iPhone OS 11_0_2 like Mac OS X) AppleWebKit/604.1.38 (KHTML, like Gecko) Version/11.0 Mobile/15A421 Safari/604.1"
216.244.66.202 - - [06/Dec/2017:03:10:25 +0100] "GET /skarabela.gross-enzersdorf HTTP/1.1" 301 413 "-" "Mozilla/5.0 (compatible; DotBot/1.1; http://www.opensiteexplorer.org/dotbot, help@moz.com)"
84.112.67.172 - - [06/Dec/2017:03:10:33 +0100] "GET /fuehrerscheine/auto/B-L17 HTTP/1.1" 200 4100 "https://www.easydrivers.at/fuehrerscheine/auto?channel=fullversion" "Mozilla/5.0 (iPhone; CPU iPhone OS 11_0_2 like Mac OS X) AppleWebKit/604.1.38 (KHTML, like Gecko) Version/11.0 Mobile/15A421 Safari/604.1"
84.112.67.172 - - [06/Dec/2017:03:10:34 +0100] "GET /javascript/product.js HTTP/1.1" 200 139 "https://www.easydrivers.at/fuehrerscheine/auto/B-L17" "Mozilla/5.0 (iPhone; CPU iPhone OS 11_0_2 like Mac OS X) AppleWebKit/604.1.38 (KHTML, like Gecko) Version/11.0 Mobile/15A421 Safari/604.1"
