212.124.153.92 - - [06/Dec/2017:04:44:54 +0100] "GET /fahrschulen HTTP/1.1" 200 3928 "https://www.easydrivers.at/fahrschulen/niederoesterreich" "Mozilla/5.0 (iPhone; CPU iPhone OS 10_3_1 like Mac OS X) AppleWebKit/603.1.30 (KHTML, like Gecko) Version/10.0 Mobile/14E304 Safari/602.1"
212.124.153.92 - - [06/Dec/2017:04:44:56 +0100] "GET /javascript/fahrschulen.js?id=258 HTTP/1.1" 200 511 "https://www.easydrivers.at/fahrschulen" "Mozilla/5.0 (iPhone; CPU iPhone OS 10_3_1 like Mac OS X) AppleWebKit/603.1.30 (KHTML, like Gecko) Version/10.0 Mobile/14E304 Safari/602.1"
212.124.153.92 - - [06/Dec/2017:04:44:56 +0100] "GET /img/austria-map-kaernten.png HTTP/1.1" 200 9968 "https://www.easydrivers.at/fahrschulen" "Mozilla/5.0 (iPhone; CPU iPhone OS 10_3_1 like Mac OS X) AppleWebKit/603.1.30 (KHTML, like Gecko) Version/10.0 Mobile/14E304 Safari/602.1"
212.124.153.92 - - [06/Dec/2017:04:44:56 +0100] "GET /img/austria-map-burgenland.png HTTP/1.1" 200 10146 "https://www.easydrivers.at/fahrschulen" "Mozilla/5.0 (iPhone; CPU iPhone OS 10_3_1 like Mac OS X) AppleWebKit/603.1.30 (KHTML, like Gecko) Version/10.0 Mobile/14E304 Safari/602.1"
212.124.153.92 - - [06/Dec/2017:04:44:56 +0100] "GET /img/austria-map.jpg HTTP/1.1" 200 57110 "https://www.easydrivers.at/fahrschulen" "Mozilla/5.0 (iPhone; CPU iPhone OS 10_3_1 like Mac OS X) AppleWebKit/603.1.30 (KHTML, like Gecko) Version/10.0 Mobile/14E304 Safari/602.1"
212.124.153.92 - - [06/Dec/2017:04:44:56 +0100] "GET /img/austria-map-noe.png HTTP/1.1" 200 17166 "https://www.easydrivers.at/fahrschulen" "Mozilla/5.0 (iPhone; CPU iPhone OS 10_3_1 like Mac OS X) AppleWebKit/603.1.30 (KHTML, like Gecko) Version/10.0 Mobile/14E304 Safari/602.1"
212.124.153.92 - - [06/Dec/2017:04:44:56 +0100] "GET /img/austria-map-ooe.png HTTP/1.1" 200 14597 "https://www.easydrivers.at/fahrschulen" "Mozilla/5.0 (iPhone; CPU iPhone OS 10_3_1 like Mac OS X) AppleWebKit/603.1.30 (KHTML, like Gecko) Version/10.0 Mobile/14E304 Safari/602.1"
212.124.153.92 - - [06/Dec/2017:04:44:56 +0100] "GET /img/austria-map-salzburg.png HTTP/1.1" 200 13786 "https://www.easydrivers.at/fahrschulen" "Mozilla/5.0 (iPhone; CPU iPhone OS 10_3_1 like Mac OS X) AppleWebKit/603.1.30 (KHTML, like Gecko) Version/10.0 Mobile/14E304 Safari/602.1"
212.124.153.92 - - [06/Dec/2017:04:44:56 +0100] "GET /img/austria-map-steiermark.png HTTP/1.1" 200 14192 "https://www.easydrivers.at/fahrschulen" "Mozilla/5.0 (iPhone; CPU iPhone OS 10_3_1 like Mac OS X) AppleWebKit/603.1.30 (KHTML, like Gecko) Version/10.0 Mobile/14E304 Safari/602.1"
212.124.153.92 - - [06/Dec/2017:04:44:56 +0100] "GET /img/austria-map-tirol.png HTTP/1.1" 200 13911 "https://www.easydrivers.at/fahrschulen" "Mozilla/5.0 (iPhone; CPU iPhone OS 10_3_1 like Mac OS X) AppleWebKit/603.1.30 (KHTML, like Gecko) Version/10.0 Mobile/14E304 Safari/602.1"
212.124.153.92 - - [06/Dec/2017:04:44:56 +0100] "GET /img/austria-map-wien.png HTTP/1.1" 200 2864 "https://www.easydrivers.at/fahrschulen" "Mozilla/5.0 (iPhone; CPU iPhone OS 10_3_1 like Mac OS X) AppleWebKit/603.1.30 (KHTML, like Gecko) Version/10.0 Mobile/14E304 Safari/602.1"
212.124.153.92 - - [06/Dec/2017:04:44:56 +0100] "GET /img/austria-map-vorarlberg.png HTTP/1.1" 200 5780 "https://www.easydrivers.at/fahrschulen" "Mozilla/5.0 (iPhone; CPU iPhone OS 10_3_1 like Mac OS X) AppleWebKit/603.1.30 (KHTML, like Gecko) Version/10.0 Mobile/14E304 Safari/602.1"
212.124.153.92 - - [06/Dec/2017:04:45:13 +0100] "GET /fahrschulen/wien HTTP/1.1" 200 3030 "https://www.easydrivers.at/fahrschulen" "Mozilla/5.0 (iPhone; CPU iPhone OS 10_3_1 like Mac OS X) AppleWebKit/603.1.30 (KHTML, like Gecko) Version/10.0 Mobile/14E304 Safari/602.1"
88.173.207.14 - - [06/Dec/2017:04:45:15 +0100] "GET /wp-login.php HTTP/1.1" 301 399 "-" "Mozilla/5.0 (Windows NT 6.1; WOW64; rv:40.0) Gecko/20100101 Firefox/40.1"
207.46.13.43 - - [06/Dec/2017:04:45:20 +0100] "GET /binaries/easy-drivers-portal/pkw8jpg-1.jpg HTTP/1.1" 200 77231 "-" "Mozilla/5.0 (compatible; bingbot/2.0; +http://www.bing.com/bingbot.htm)"
88.173.207.14 - - [06/Dec/2017:04:45:21 +0100] "GET /wp-login.php HTTP/1.1" 301 399 "-" "Mozilla/5.0 (Windows NT 6.1; WOW64; rv:40.0) Gecko/20100101 Firefox/40.1"
88.173.207.14 - - [06/Dec/2017:04:45:26 +0100] "GET / HTTP/1.1" 301 387 "-" "Mozilla/5.0 (Windows NT 6.1; WOW64; rv:40.0) Gecko/20100101 Firefox/40.1"
87.250.224.32 - - [06/Dec/2017:04:45:33 +0100] "GET /hollabrunn/BE_Kurs_April_2018?FS=BE HTTP/1.1" 200 5353 "-" "Mozilla/5.0 (compatible; YandexBot/3.0; +http://yandex.com/bots)"
216.244.66.243 - - [06/Dec/2017:04:45:42 +0100] "GET /fahrschulen/burgenland HTTP/1.1" 301 409 "-" "Mozilla/5.0 (compatible; DotBot/1.1; http://www.opensiteexplorer.org/dotbot, help@moz.com)"
212.124.153.92 - - [06/Dec/2017:04:45:42 +0100] "GET /reumannplatz HTTP/1.1" 200 3343 "https://www.easydrivers.at/fahrschulen/wien" "Mozilla/5.0 (iPhone; CPU iPhone OS 10_3_1 like Mac OS X) AppleWebKit/603.1.30 (KHTML, like Gecko) Version/10.0 Mobile/14E304 Safari/602.1"
212.124.153.92 - - [06/Dec/2017:04:45:48 +0100] "POST /reumannplatz/kursauswahl HTTP/1.1" 200 4102 "https://www.easydrivers.at/reumannplatz" "Mozilla/5.0 (iPhone; CPU iPhone OS 10_3_1 like Mac OS X) AppleWebKit/603.1.30 (KHTML, like Gecko) Version/10.0 Mobile/14E304 Safari/602.1"
212.124.153.92 - - [06/Dec/2017:04:45:51 +0100] "GET /binaries/easy-drivers-portal/pkw1jpg.jpg HTTP/1.1" 200 88975 "https://www.easydrivers.at/reumannplatz/kursauswahl" "Mozilla/5.0 (iPhone; CPU iPhone OS 10_3_1 like Mac OS X) AppleWebKit/603.1.30 (KHTML, like Gecko) Version/10.0 Mobile/14E304 Safari/602.1"
46.125.249.97 - - [06/Dec/2017:04:45:48 +0100] "GET /amstetten/weihnachtskurs?FS=B HTTP/1.1" 200 3162 "http://m.facebook.com" "Mozilla/5.0 (iPhone; CPU iPhone OS 11_1_2 like Mac OS X) AppleWebKit/604.3.5 (KHTML, like Gecko) Mobile/15B202 [FBAN/FBIOS;FBAV/151.0.0.61.202;FBBV/82156572;FBDV/iPhone9,3;FBMD/iPhone;FBSN/iOS;FBSV/11.1.2;FBSS/2;FBCR/T-MobileA;FBID/phone;FBLC/de_DE;FBOP/5;FBRV/83160404]"
212.124.153.92 - - [06/Dec/2017:04:46:02 +0100] "POST /loadkursliste HTTP/1.1" 200 560 "https://www.easydrivers.at/reumannplatz/kursauswahl" "Mozilla/5.0 (iPhone; CPU iPhone OS 10_3_1 like Mac OS X) AppleWebKit/603.1.30 (KHTML, like Gecko) Version/10.0 Mobile/14E304 Safari/602.1"
212.124.153.92 - - [06/Dec/2017:04:46:10 +0100] "GET /reumannplatz/10290427?FS=B HTTP/1.1" 200 5343 "https://www.easydrivers.at/reumannplatz/kursauswahl" "Mozilla/5.0 (iPhone; CPU iPhone OS 10_3_1 like Mac OS X) AppleWebKit/603.1.30 (KHTML, like Gecko) Version/10.0 Mobile/14E304 Safari/602.1"
212.124.153.92 - - [06/Dec/2017:04:46:12 +0100] "GET /binaries/easy-drivers-portal/pkw5jpg.jpg HTTP/1.1" 200 96177 "https://www.easydrivers.at/reumannplatz/10290427?FS=B" "Mozilla/5.0 (iPhone; CPU iPhone OS 10_3_1 like Mac OS X) AppleWebKit/603.1.30 (KHTML, like Gecko) Version/10.0 Mobile/14E304 Safari/602.1"
212.124.153.92 - - [06/Dec/2017:04:46:44 +0100] "POST /reumannplatz/kursauswahl HTTP/1.1" 200 4102 "https://www.easydrivers.at/reumannplatz" "Mozilla/5.0 (iPhone; CPU iPhone OS 10_3_1 like Mac OS X) AppleWebKit/603.1.30 (KHTML, like Gecko) Version/10.0 Mobile/14E304 Safari/602.1"
212.124.153.92 - - [06/Dec/2017:04:46:46 +0100] "GET /binaries/easy-drivers-portal/pkw6jpg.jpg HTTP/1.1" 200 75742 "https://www.easydrivers.at/reumannplatz/kursauswahl" "Mozilla/5.0 (iPhone; CPU iPhone OS 10_3_1 like Mac OS X) AppleWebKit/603.1.30 (KHTML, like Gecko) Version/10.0 Mobile/14E304 Safari/602.1"
212.124.153.92 - - [06/Dec/2017:04:46:46 +0100] "POST /loadkursliste HTTP/1.1" 200 560 "https://www.easydrivers.at/reumannplatz/kursauswahl" "Mozilla/5.0 (iPhone; CPU iPhone OS 10_3_1 like Mac OS X) AppleWebKit/603.1.30 (KHTML, like Gecko) Version/10.0 Mobile/14E304 Safari/602.1"
212.124.153.92 - - [06/Dec/2017:04:46:51 +0100] "GET /reumannplatz HTTP/1.1" 200 3343 "https://www.easydrivers.at/fahrschulen/wien" "Mozilla/5.0 (iPhone; CPU iPhone OS 10_3_1 like Mac OS X) AppleWebKit/603.1.30 (KHTML, like Gecko) Version/10.0 Mobile/14E304 Safari/602.1"
212.124.153.92 - - [06/Dec/2017:04:46:54 +0100] "GET /fahrschulen/wien HTTP/1.1" 200 3030 "https://www.easydrivers.at/fahrschulen" "Mozilla/5.0 (iPhone; CPU iPhone OS 10_3_1 like Mac OS X) AppleWebKit/603.1.30 (KHTML, like Gecko) Version/10.0 Mobile/14E304 Safari/602.1"
66.249.76.74 - - [06/Dec/2017:04:46:57 +0100] "GET /uploads/pdfs/perg/10277522_BE96.pdf HTTP/1.1" 301 318 "-" "Mozilla/5.0 (compatible; Googlebot/2.1; +http://www.google.com/bot.html)"
66.249.76.82 - - [06/Dec/2017:04:46:58 +0100] "GET /uploads/pdfs/perg/10277522_BE96.pdf HTTP/1.1" 200 28805 "-" "Mozilla/5.0 (compatible; Googlebot/2.1; +http://www.google.com/bot.html)"
207.46.13.137 - - [06/Dec/2017:04:46:58 +0100] "GET /amstetten/mopedkurs-april-18?FS=AM-M HTTP/1.1" 200 5146 "-" "Mozilla/5.0 (compatible; bingbot/2.0; +http://www.bing.com/bingbot.htm)"
178.154.171.72 - - [06/Dec/2017:04:47:02 +0100] "GET /hollabrunn/Motorradkurs_I_Sommer_2018?FS=A1F HTTP/1.1" 301 327 "-" "Mozilla/5.0 (compatible; YandexBot/3.0; +http://yandex.com/bots)"
212.124.153.92 - - [06/Dec/2017:04:47:01 +0100] "GET /brigittenau HTTP/1.1" 200 3722 "https://www.easydrivers.at/fahrschulen/wien" "Mozilla/5.0 (iPhone; CPU iPhone OS 10_3_1 like Mac OS X) AppleWebKit/603.1.30 (KHTML, like Gecko) Version/10.0 Mobile/14E304 Safari/602.1"
212.124.153.92 - - [06/Dec/2017:04:47:03 +0100] "GET /cache/emu/images/easy-drivers-portal10244077/aktionjpg_160_90_0.jpg HTTP/1.1" 200 3346 "https://www.easydrivers.at/brigittenau" "Mozilla/5.0 (iPhone; CPU iPhone OS 10_3_1 like Mac OS X) AppleWebKit/603.1.30 (KHTML, like Gecko) Version/10.0 Mobile/14E304 Safari/602.1"
212.124.153.92 - - [06/Dec/2017:04:47:03 +0100] "GET /cache/emu/images/easy-drivers-portal10264045/weihnachtsbaumjpg_90_90_0.jpg HTTP/1.1" 200 2344 "https://www.easydrivers.at/brigittenau" "Mozilla/5.0 (iPhone; CPU iPhone OS 10_3_1 like Mac OS X) AppleWebKit/603.1.30 (KHTML, like Gecko) Version/10.0 Mobile/14E304 Safari/602.1"
212.124.153.92 - - [06/Dec/2017:04:47:03 +0100] "GET /cache/emu/images/easy-drivers-portal10290385/truckjpg_76_90_0.jpg HTTP/1.1" 200 3097 "https://www.easydrivers.at/brigittenau" "Mozilla/5.0 (iPhone; CPU iPhone OS 10_3_1 like Mac OS X) AppleWebKit/603.1.30 (KHTML, like Gecko) Version/10.0 Mobile/14E304 Safari/602.1"
212.124.153.92 - - [06/Dec/2017:04:47:08 +0100] "POST /brigittenau/kursauswahl HTTP/1.1" 200 4332 "https://www.easydrivers.at/brigittenau" "Mozilla/5.0 (iPhone; CPU iPhone OS 10_3_1 like Mac OS X) AppleWebKit/603.1.30 (KHTML, like Gecko) Version/10.0 Mobile/14E304 Safari/602.1"
207.46.13.137 - - [06/Dec/2017:04:47:25 +0100] "GET /ybbs/office HTTP/1.1" 301 301 "-" "Mozilla/5.0 (compatible; bingbot/2.0; +http://www.bing.com/bingbot.htm)"
212.124.153.92 - - [06/Dec/2017:04:47:27 +0100] "GET /brigittenau HTTP/1.1" 200 3722 "https://www.easydrivers.at/fahrschulen/wien" "Mozilla/5.0 (iPhone; CPU iPhone OS 10_3_1 like Mac OS X) AppleWebKit/603.1.30 (KHTML, like Gecko) Version/10.0 Mobile/14E304 Safari/602.1"
212.124.153.92 - - [06/Dec/2017:04:47:28 +0100] "GET /fahrschulen/wien HTTP/1.1" 200 3030 "https://www.easydrivers.at/fahrschulen" "Mozilla/5.0 (iPhone; CPU iPhone OS 10_3_1 like Mac OS X) AppleWebKit/603.1.30 (KHTML, like Gecko) Version/10.0 Mobile/14E304 Safari/602.1"
212.124.153.92 - - [06/Dec/2017:04:47:29 +0100] "GET /fahrschulen HTTP/1.1" 200 3928 "https://www.easydrivers.at/fahrschulen/niederoesterreich" "Mozilla/5.0 (iPhone; CPU iPhone OS 10_3_1 like Mac OS X) AppleWebKit/603.1.30 (KHTML, like Gecko) Version/10.0 Mobile/14E304 Safari/602.1"
212.124.153.92 - - [06/Dec/2017:04:47:34 +0100] "GET /fahrschulen/wien HTTP/1.1" 200 3030 "https://www.easydrivers.at/fahrschulen" "Mozilla/5.0 (iPhone; CPU iPhone OS 10_3_1 like Mac OS X) AppleWebKit/603.1.30 (KHTML, like Gecko) Version/10.0 Mobile/14E304 Safari/602.1"
212.124.153.92 - - [06/Dec/2017:04:47:38 +0100] "GET /spittelau HTTP/1.1" 200 3696 "https://www.easydrivers.at/fahrschulen/wien" "Mozilla/5.0 (iPhone; CPU iPhone OS 10_3_1 like Mac OS X) AppleWebKit/603.1.30 (KHTML, like Gecko) Version/10.0 Mobile/14E304 Safari/602.1"
212.124.153.92 - - [06/Dec/2017:04:47:44 +0100] "POST /spittelau/kursauswahl HTTP/1.1" 200 4407 "https://www.easydrivers.at/spittelau" "Mozilla/5.0 (iPhone; CPU iPhone OS 10_3_1 like Mac OS X) AppleWebKit/603.1.30 (KHTML, like Gecko) Version/10.0 Mobile/14E304 Safari/602.1"
212.124.153.92 - - [06/Dec/2017:04:47:46 +0100] "GET /binaries/easy-drivers-portal/pkw2jpg.jpg HTTP/1.1" 200 93020 "https://www.easydrivers.at/spittelau/kursauswahl" "Mozilla/5.0 (iPhone; CPU iPhone OS 10_3_1 like Mac OS X) AppleWebKit/603.1.30 (KHTML, like Gecko) Version/10.0 Mobile/14E304 Safari/602.1"
207.46.13.137 - - [06/Dec/2017:04:47:45 +0100] "GET /hollabrunn/Traktor_Kurs_Februar_2018?FS=F-Plus HTTP/1.1" 200 5750 "-" "Mozilla/5.0 (compatible; bingbot/2.0; +http://www.bing.com/bingbot.htm)"
212.124.153.92 - - [06/Dec/2017:04:47:50 +0100] "GET /spittelau HTTP/1.1" 200 3696 "https://www.easydrivers.at/fahrschulen/wien" "Mozilla/5.0 (iPhone; CPU iPhone OS 10_3_1 like Mac OS X) AppleWebKit/603.1.30 (KHTML, like Gecko) Version/10.0 Mobile/14E304 Safari/602.1"
212.124.153.92 - - [06/Dec/2017:04:47:53 +0100] "GET /fahrschulen/wien HTTP/1.1" 200 3030 "https://www.easydrivers.at/fahrschulen" "Mozilla/5.0 (iPhone; CPU iPhone OS 10_3_1 like Mac OS X) AppleWebKit/603.1.30 (KHTML, like Gecko) Version/10.0 Mobile/14E304 Safari/602.1"
212.124.153.92 - - [06/Dec/2017:04:47:59 +0100] "GET /fahrschulen HTTP/1.1" 200 3928 "https://www.easydrivers.at/fahrschulen/niederoesterreich" "Mozilla/5.0 (iPhone; CPU iPhone OS 10_3_1 like Mac OS X) AppleWebKit/603.1.30 (KHTML, like Gecko) Version/10.0 Mobile/14E304 Safari/602.1"
46.229.164.99 - - [06/Dec/2017:04:48:01 +0100] "GET /skarabela.gross-enzersdorf/robots.txt HTTP/1.1" 404 318 "-" "Mozilla/5.0 (compatible; SemrushBot/1.2~bl; +http://www.semrush.com/bot.html)"
212.124.153.92 - - [06/Dec/2017:04:48:04 +0100] "GET /fahrschulen/burgenland HTTP/1.1" 200 3027 "https://www.easydrivers.at/fahrschulen" "Mozilla/5.0 (iPhone; CPU iPhone OS 10_3_1 like Mac OS X) AppleWebKit/603.1.30 (KHTML, like Gecko) Version/10.0 Mobile/14E304 Safari/602.1"
212.124.153.92 - - [06/Dec/2017:04:48:09 +0100] "GET /eisenstadt HTTP/1.1" 200 3413 "https://www.easydrivers.at/fahrschulen/burgenland" "Mozilla/5.0 (iPhone; CPU iPhone OS 10_3_1 like Mac OS X) AppleWebKit/603.1.30 (KHTML, like Gecko) Version/10.0 Mobile/14E304 Safari/602.1"
212.124.153.92 - - [06/Dec/2017:04:48:14 +0100] "POST /eisenstadt/kursauswahl HTTP/1.1" 200 4633 "https://www.easydrivers.at/eisenstadt" "Mozilla/5.0 (iPhone; CPU iPhone OS 10_3_1 like Mac OS X) AppleWebKit/603.1.30 (KHTML, like Gecko) Version/10.0 Mobile/14E304 Safari/602.1"
40.77.167.72 - - [06/Dec/2017:04:48:24 +0100] "GET /krems/Fotos_EasyDriversKrems HTTP/1.1" 301 308 "-" "Mozilla/5.0 (compatible; bingbot/2.0; +http://www.bing.com/bingbot.htm)"
212.124.153.92 - - [06/Dec/2017:04:48:26 +0100] "POST /loadkursliste HTTP/1.1" 200 480 "https://www.easydrivers.at/eisenstadt/kursauswahl" "Mozilla/5.0 (iPhone; CPU iPhone OS 10_3_1 like Mac OS X) AppleWebKit/603.1.30 (KHTML, like Gecko) Version/10.0 Mobile/14E304 Safari/602.1"
183.129.242.122 - - [06/Dec/2017:04:48:31 +0100] "GET /wp-login.php HTTP/1.1" 301 399 "-" "Mozilla/5.0 (Windows NT 6.1; WOW64; rv:40.0) Gecko/20100101 Firefox/40.1"
212.124.153.92 - - [06/Dec/2017:04:48:32 +0100] "GET /eisenstadt/10292407?FS=B HTTP/1.1" 200 7390 "https://www.easydrivers.at/eisenstadt/kursauswahl" "Mozilla/5.0 (iPhone; CPU iPhone OS 10_3_1 like Mac OS X) AppleWebKit/603.1.30 (KHTML, like Gecko) Version/10.0 Mobile/14E304 Safari/602.1"
212.124.153.92 - - [06/Dec/2017:04:48:34 +0100] "GET /cache/emu/images/10290179/_125_167.jpg HTTP/1.1" 200 3499 "https://www.easydrivers.at/eisenstadt/10292407?FS=B" "Mozilla/5.0 (iPhone; CPU iPhone OS 10_3_1 like Mac OS X) AppleWebKit/603.1.30 (KHTML, like Gecko) Version/10.0 Mobile/14E304 Safari/602.1"
183.129.242.122 - - [06/Dec/2017:04:49:01 +0100] "-" 408 - "-" "-"
46.125.249.92 - - [06/Dec/2017:04:49:16 +0100] "GET /linz/10286170?FS=B HTTP/1.1" 200 3158 "http://m.facebook.com/" "Mozilla/5.0 (Linux; Android 6.0.1; SM-G900F Build/MMB29M; wv) AppleWebKit/537.36 (KHTML, like Gecko) Version/4.0 Chrome/59.0.3071.125 Mobile Safari/537.36 [FB_IAB/FB4A;FBAV/151.0.0.44.205;]"
183.129.242.122 - - [06/Dec/2017:04:49:37 +0100] "GET /wp-login.php HTTP/1.1" 301 399 "-" "Mozilla/5.0 (Windows NT 6.1; WOW64; rv:40.0) Gecko/20100101 Firefox/40.1"
183.129.242.122 - - [06/Dec/2017:04:50:01 +0100] "-" 408 - "-" "-"
183.129.242.122 - - [06/Dec/2017:04:50:15 +0100] "GET / HTTP/1.1" 301 387 "-" "Mozilla/5.0 (Windows NT 6.1; WOW64; rv:40.0) Gecko/20100101 Firefox/40.1"
183.129.242.122 - - [06/Dec/2017:04:50:43 +0100] "-" 408 - "-" "-"
40.77.167.72 - - [06/Dec/2017:04:50:45 +0100] "GET /retz/10284865?FS=AM HTTP/1.1" 200 5450 "-" "Mozilla/5.0 (compatible; bingbot/2.0; +http://www.bing.com/bingbot.htm)"
66.249.76.74 - - [06/Dec/2017:04:50:54 +0100] "GET /uploads/pdfs/skarabela.gross-enzersdorf/Februarkurs_B-L.pdf HTTP/1.1" 301 336 "-" "Mozilla/5.0 (compatible; Googlebot/2.1; +http://www.google.com/bot.html)"
66.249.76.80 - - [06/Dec/2017:04:50:55 +0100] "GET /uploads/pdfs/skarabela.gross-enzersdorf/Februarkurs_B-L.pdf HTTP/1.1" 200 31358 "-" "Mozilla/5.0 (compatible; Googlebot/2.1; +http://www.google.com/bot.html)"
68.180.229.185 - - [06/Dec/2017:04:50:57 +0100] "GET /innsbruck/Inhaberdaten HTTP/1.1" 200 3748 "-" "Mozilla/5.0 (compatible; Yahoo! Slurp; http://help.yahoo.com/help/us/ysearch/slurp)"
157.55.39.65 - - [06/Dec/2017:04:50:59 +0100] "GET /tulln/Intensivkurs_8Kurstage_Abendkurs_Oktober_2017?FS=A1 HTTP/1.1" 301 336 "-" "Mozilla/5.0 (compatible; bingbot/2.0; +http://www.bing.com/bingbot.htm)"
164.132.161.11 - - [06/Dec/2017:04:51:01 +0100] "GET /steyr/ HTTP/1.1" 301 138 "-" "Mozilla/5.0 (compatible; AhrefsBot/5.2; +http://ahrefs.com/robot/)"
178.189.58.249 - - [06/Dec/2017:04:52:58 +0100] "GET /ennstal.bad.aussee/wfk-22-12-2017?FS=B HTTP/1.1" 200 3219 "http://m.facebook.com" "Mozilla/5.0 (iPhone; CPU iPhone OS 11_0_3 like Mac OS X) AppleWebKit/604.1.38 (KHTML, like Gecko) Mobile/15A432 [FBAN/FBIOS;FBAV/151.0.0.61.202;FBBV/82156572;FBDV/iPhone8,2;FBMD/iPhone;FBSN/iOS;FBSV/11.0.3;FBSS/3;FBCR/A1;FBID/phone;FBLC/pl_PL;FBOP/5;FBRV/83160404]"
178.189.58.249 - - [06/Dec/2017:04:53:02 +0100] "GET /ennstal.bad.aussee/img/mobile/easydrivers-logo-mobile.png HTTP/1.1" 404 3061 "-" "Mozilla/5.0 (iPhone; CPU iPhone OS 11_0_3 like Mac OS X) AppleWebKit/604.1.38 (KHTML, like Gecko) Mobile/15A432 [FBAN/FBIOS;FBAV/151.0.0.61.202;FBBV/82156572;FBDV/iPhone8,2;FBMD/iPhone;FBSN/iOS;FBSV/11.0.3;FBSS/3;FBCR/A1;FBID/phone;FBLC/pl_PL;FBOP/5;FBRV/83160404]"
68.180.229.185 - - [06/Dec/2017:04:53:21 +0100] "GET /dornbirn/10266948 HTTP/1.1" 301 306 "-" "Mozilla/5.0 (compatible; Yahoo! Slurp; http://help.yahoo.com/help/us/ysearch/slurp)"
178.189.58.249 - - [06/Dec/2017:04:53:32 +0100] "GET /ennstal.bad.aussee/img/mobile/close-button.png HTTP/1.1" 404 3068 "-" "Mozilla/5.0 (iPhone; CPU iPhone OS 11_0_3 like Mac OS X) AppleWebKit/604.1.38 (KHTML, like Gecko) Mobile/15A432 [FBAN/FBIOS;FBAV/151.0.0.61.202;FBBV/82156572;FBDV/iPhone8,2;FBMD/iPhone;FBSN/iOS;FBSV/11.0.3;FBSS/3;FBCR/A1;FBID/phone;FBLC/pl_PL;FBOP/5;FBRV/83160404]"
68.180.229.185 - - [06/Dec/2017:04:53:53 +0100] "GET /dornbirn/10266948 HTTP/1.1" 200 3278 "-" "Mozilla/5.0 (compatible; Yahoo! Slurp; http://help.yahoo.com/help/us/ysearch/slurp)"
207.46.13.43 - - [06/Dec/2017:04:54:00 +0100] "GET /skarabela.gross-enzersdorf/templates/news.php HTTP/1.1" 404 3504 "-" "Mozilla/5.0 (compatible; bingbot/2.0; +http://www.bing.com/bingbot.htm)"
178.189.58.249 - - [06/Dec/2017:04:54:02 +0100] "GET /ennstal.bad.aussee/img/mobile/facebook-icon.png HTTP/1.1" 404 3066 "-" "Mozilla/5.0 (iPhone; CPU iPhone OS 11_0_3 like Mac OS X) AppleWebKit/604.1.38 (KHTML, like Gecko) Mobile/15A432 [FBAN/FBIOS;FBAV/151.0.0.61.202;FBBV/82156572;FBDV/iPhone8,2;FBMD/iPhone;FBSN/iOS;FBSV/11.0.3;FBSS/3;FBCR/A1;FBID/phone;FBLC/pl_PL;FBOP/5;FBRV/83160404]"
178.189.58.249 - - [06/Dec/2017:04:54:04 +0100] "GET /ennstal.bad.aussee/img/mobile/info-button.png HTTP/1.1" 404 3069 "-" "Mozilla/5.0 (iPhone; CPU iPhone OS 11_0_3 like Mac OS X) AppleWebKit/604.1.38 (KHTML, like Gecko) Mobile/15A432 [FBAN/FBIOS;FBAV/151.0.0.61.202;FBBV/82156572;FBDV/iPhone8,2;FBMD/iPhone;FBSN/iOS;FBSV/11.0.3;FBSS/3;FBCR/A1;FBID/phone;FBLC/pl_PL;FBOP/5;FBRV/83160404]"
178.189.58.249 - - [06/Dec/2017:04:54:34 +0100] "GET /ennstal.bad.aussee/img/smallicon-person.png HTTP/1.1" 404 3069 "-" "Mozilla/5.0 (iPhone; CPU iPhone OS 11_0_3 like Mac OS X) AppleWebKit/604.1.38 (KHTML, like Gecko) Mobile/15A432 [FBAN/FBIOS;FBAV/151.0.0.61.202;FBBV/82156572;FBDV/iPhone8,2;FBMD/iPhone;FBSN/iOS;FBSV/11.0.3;FBSS/3;FBCR/A1;FBID/phone;FBLC/pl_PL;FBOP/5;FBRV/83160404]"
66.249.76.112 - - [06/Dec/2017:04:54:51 +0100] "GET /perg/10254706 HTTP/1.1" 301 306 "-" "Mozilla/5.0 (compatible; Googlebot/2.1; +http://www.google.com/bot.html)"
68.180.229.185 - - [06/Dec/2017:04:54:57 +0100] "GET /leonding/prakt_pruefg HTTP/1.1" 200 2988 "-" "Mozilla/5.0 (compatible; Yahoo! Slurp; http://help.yahoo.com/help/us/ysearch/slurp)"
178.189.58.249 - - [06/Dec/2017:04:55:06 +0100] "GET /ennstal.bad.aussee/img/mobile/googlemaps-pin.png HTTP/1.1" 404 3069 "-" "Mozilla/5.0 (iPhone; CPU iPhone OS 11_0_3 like Mac OS X) AppleWebKit/604.1.38 (KHTML, like Gecko) Mobile/15A432 [FBAN/FBIOS;FBAV/151.0.0.61.202;FBBV/82156572;FBDV/iPhone8,2;FBMD/iPhone;FBSN/iOS;FBSV/11.0.3;FBSS/3;FBCR/A1;FBID/phone;FBLC/pl_PL;FBOP/5;FBRV/83160404]"
40.77.167.72 - - [06/Dec/2017:04:55:17 +0100] "GET /img/ED_Logo.png HTTP/1.1" 301 305 "-" "Mozilla/5.0 (compatible; bingbot/2.0; +http://www.bing.com/bingbot.htm)"
40.77.167.72 - - [06/Dec/2017:04:55:22 +0100] "GET /img/ED_Logo.png HTTP/1.1" 200 3385 "-" "Mozilla/5.0 (compatible; bingbot/2.0; +http://www.bing.com/bingbot.htm)"
40.77.167.72 - - [06/Dec/2017:04:55:23 +0100] "GET /fuehrerscheine/motorrad HTTP/1.1" 301 306 "-" "Mozilla/5.0 (compatible; bingbot/2.0; +http://www.bing.com/bingbot.htm)"
212.95.7.229 - - [06/Dec/2017:04:55:23 +0100] "GET /linz/10286170?FS=B HTTP/1.1" 200 3158 "http://m.facebook.com" "Mozilla/5.0 (iPhone; CPU iPhone OS 11_1_2 like Mac OS X) AppleWebKit/604.3.5 (KHTML, like Gecko) Mobile/15B202 [FBAN/FBIOS;FBAV/151.0.0.61.202;FBBV/82156572;FBDV/iPhone8,2;FBMD/iPhone;FBSN/iOS;FBSV/11.1.2;FBSS/3;FBCR/tele.ring;FBID/phone;FBLC/de_DE;FBOP/5;FBRV/82892895]"
178.189.58.249 - - [06/Dec/2017:04:55:36 +0100] "GET /ennstal.bad.aussee/img/smallicon-address.png HTTP/1.1" 404 3071 "-" "Mozilla/5.0 (iPhone; CPU iPhone OS 11_0_3 like Mac OS X) AppleWebKit/604.1.38 (KHTML, like Gecko) Mobile/15A432 [FBAN/FBIOS;FBAV/151.0.0.61.202;FBBV/82156572;FBDV/iPhone8,2;FBMD/iPhone;FBSN/iOS;FBSV/11.0.3;FBSS/3;FBCR/A1;FBID/phone;FBLC/pl_PL;FBOP/5;FBRV/83160404]"
178.189.58.249 - - [06/Dec/2017:04:56:06 +0100] "GET /ennstal.bad.aussee/img/smallicon-time.png HTTP/1.1" 404 3072 "-" "Mozilla/5.0 (iPhone; CPU iPhone OS 11_0_3 like Mac OS X) AppleWebKit/604.1.38 (KHTML, like Gecko) Mobile/15A432 [FBAN/FBIOS;FBAV/151.0.0.61.202;FBBV/82156572;FBDV/iPhone8,2;FBMD/iPhone;FBSN/iOS;FBSV/11.0.3;FBSS/3;FBCR/A1;FBID/phone;FBLC/pl_PL;FBOP/5;FBRV/83160404]"
178.189.58.249 - - [06/Dec/2017:04:56:11 +0100] "GET /ennstal.bad.aussee/img/smallicon-phone.png HTTP/1.1" 404 3070 "-" "Mozilla/5.0 (iPhone; CPU iPhone OS 11_0_3 like Mac OS X) AppleWebKit/604.1.38 (KHTML, like Gecko) Mobile/15A432 [FBAN/FBIOS;FBAV/151.0.0.61.202;FBBV/82156572;FBDV/iPhone8,2;FBMD/iPhone;FBSN/iOS;FBSV/11.0.3;FBSS/3;FBCR/A1;FBID/phone;FBLC/pl_PL;FBOP/5;FBRV/83160404]"
199.203.92.234 - - [06/Dec/2017:04:56:19 +0100] "GET / HTTP/1.1" 301 294 "-" "Mozilla/4.0 (compatible; MSIE 8.0; Windows NT 6.1; Trident/4.0)"
178.189.58.249 - - [06/Dec/2017:04:56:41 +0100] "GET /ennstal.bad.aussee/img/mobile/kursicon-share.png HTTP/1.1" 404 3074 "-" "Mozilla/5.0 (iPhone; CPU iPhone OS 11_0_3 like Mac OS X) AppleWebKit/604.1.38 (KHTML, like Gecko) Mobile/15A432 [FBAN/FBIOS;FBAV/151.0.0.61.202;FBBV/82156572;FBDV/iPhone8,2;FBMD/iPhone;FBSN/iOS;FBSV/11.0.3;FBSS/3;FBCR/A1;FBID/phone;FBLC/pl_PL;FBOP/5;FBRV/83160404]"
207.46.13.43 - - [06/Dec/2017:04:57:06 +0100] "GET /schwechat/10280401?FS=BZ HTTP/1.1" 301 311 "-" "Mozilla/5.0 (compatible; bingbot/2.0; +http://www.bing.com/bingbot.htm)"
66.249.76.82 - - [06/Dec/2017:04:57:48 +0100] "GET /perg/kurse HTTP/1.1" 200 4729 "-" "Mozilla/5.0 (compatible; Googlebot/2.1; +http://www.google.com/bot.html)"
66.249.76.78 - - [06/Dec/2017:04:58:49 +0100] "GET /fahrschulen/oberoesterreich HTTP/1.1" 301 310 "-" "Mozilla/5.0 (compatible; Googlebot/2.1; +http://www.google.com/bot.html)"
66.249.76.84 - - [06/Dec/2017:04:58:49 +0100] "GET /fahrschulen/oberoesterreich HTTP/1.1" 200 3108 "-" "Mozilla/5.0 (compatible; Googlebot/2.1; +http://www.google.com/bot.html)"
213.162.68.232 - - [06/Dec/2017:05:00:59 +0100] "GET /bruck.leitha/10279432?FS=B HTTP/1.1" 200 3401 "http://m.facebook.com" "Mozilla/5.0 (iPhone; CPU iPhone OS 11_1_2 like Mac OS X) AppleWebKit/604.3.5 (KHTML, like Gecko) Mobile/15B202 [FBAN/FBIOS;FBAV/151.0.0.61.202;FBBV/82156572;FBDV/iPhone8,1;FBMD/iPhone;FBSN/iOS;FBSV/11.1.2;FBSS/2;FBCR/T-MobileA;FBID/phone;FBLC/de_DE;FBOP/5;FBRV/83160404]"
157.55.39.65 - - [06/Dec/2017:05:01:16 +0100] "GET /skarabela.gross-enzersdorf/kursauswahl HTTP/1.1" 301 319 "-" "Mozilla/5.0 (compatible; bingbot/2.0; +http://www.bing.com/bingbot.htm)"
66.249.76.78 - - [06/Dec/2017:05:02:46 +0100] "GET /innsbruck HTTP/1.1" 301 300 "-" "Mozilla/5.0 (compatible; Googlebot/2.1; +http://www.google.com/bot.html)"
66.249.76.82 - - [06/Dec/2017:05:02:47 +0100] "GET /innsbruck HTTP/1.1" 200 3772 "-" "Mozilla/5.0 (compatible; Googlebot/2.1; +http://www.google.com/bot.html)"
216.244.66.243 - - [06/Dec/2017:05:04:00 +0100] "GET /robots.txt HTTP/1.1" 301 397 "-" "Mozilla/5.0 (compatible; DotBot/1.1; http://www.opensiteexplorer.org/dotbot, help@moz.com)"
216.244.66.243 - - [06/Dec/2017:05:04:02 +0100] "GET /robots.txt HTTP/1.1" 200 178 "-" "Mozilla/5.0 (compatible; DotBot/1.1; http://www.opensiteexplorer.org/dotbot, help@moz.com)"
77.119.129.14 - - [06/Dec/2017:05:04:14 +0100] "GET /eisenstadt HTTP/1.1" 301 299 "https://www.google.at/" "Mozilla/5.0 (iPhone; CPU iPhone OS 11_1_2 like Mac OS X) AppleWebKit/604.3.5 (KHTML, like Gecko) Version/11.0 Mobile/15B202 Safari/604.1"
77.119.129.14 - - [06/Dec/2017:05:04:14 +0100] "GET /eisenstadt HTTP/1.1" 200 2948 "https://www.google.at/" "Mozilla/5.0 (iPhone; CPU iPhone OS 11_1_2 like Mac OS X) AppleWebKit/604.3.5 (KHTML, like Gecko) Version/11.0 Mobile/15B202 Safari/604.1"
77.119.129.14 - - [06/Dec/2017:05:04:17 +0100] "GET /javascript/mobile-menu.js HTTP/1.1" 200 1634 "https://www.easydrivers.at/eisenstadt" "Mozilla/5.0 (iPhone; CPU iPhone OS 11_1_2 like Mac OS X) AppleWebKit/604.3.5 (KHTML, like Gecko) Version/11.0 Mobile/15B202 Safari/604.1"
77.119.129.14 - - [06/Dec/2017:05:04:17 +0100] "GET /css/mobile.css HTTP/1.1" 200 2852 "https://www.easydrivers.at/eisenstadt" "Mozilla/5.0 (iPhone; CPU iPhone OS 11_1_2 like Mac OS X) AppleWebKit/604.3.5 (KHTML, like Gecko) Version/11.0 Mobile/15B202 Safari/604.1"
77.119.129.14 - - [06/Dec/2017:05:04:17 +0100] "GET /javascript/jquery-1.9.1.min.js HTTP/1.1" 200 32731 "https://www.easydrivers.at/eisenstadt" "Mozilla/5.0 (iPhone; CPU iPhone OS 11_1_2 like Mac OS X) AppleWebKit/604.3.5 (KHTML, like Gecko) Version/11.0 Mobile/15B202 Safari/604.1"
77.119.129.14 - - [06/Dec/2017:05:04:17 +0100] "GET /javascript/jquery.cookie.js HTTP/1.1" 200 863 "https://www.easydrivers.at/eisenstadt" "Mozilla/5.0 (iPhone; CPU iPhone OS 11_1_2 like Mac OS X) AppleWebKit/604.3.5 (KHTML, like Gecko) Version/11.0 Mobile/15B202 Safari/604.1"
77.119.129.14 - - [06/Dec/2017:05:04:17 +0100] "GET /javascript/lazyload.js HTTP/1.1" 200 1170 "https://www.easydrivers.at/eisenstadt" "Mozilla/5.0 (iPhone; CPU iPhone OS 11_1_2 like Mac OS X) AppleWebKit/604.3.5 (KHTML, like Gecko) Version/11.0 Mobile/15B202 Safari/604.1"
77.119.129.14 - - [06/Dec/2017:05:04:17 +0100] "GET /javascript/mobile-fahrschule.js HTTP/1.1" 200 328 "https://www.easydrivers.at/eisenstadt" "Mozilla/5.0 (iPhone; CPU iPhone OS 11_1_2 like Mac OS X) AppleWebKit/604.3.5 (KHTML, like Gecko) Version/11.0 Mobile/15B202 Safari/604.1"
77.119.129.14 - - [06/Dec/2017:05:04:17 +0100] "GET /javascript/jquery.simplemodal.js HTTP/1.1" 200 3070 "https://www.easydrivers.at/eisenstadt" "Mozilla/5.0 (iPhone; CPU iPhone OS 11_1_2 like Mac OS X) AppleWebKit/604.3.5 (KHTML, like Gecko) Version/11.0 Mobile/15B202 Safari/604.1"
77.119.129.14 - - [06/Dec/2017:05:04:17 +0100] "GET /img/mobile/menu-button.png HTTP/1.1" 200 1746 "https://www.easydrivers.at/eisenstadt" "Mozilla/5.0 (iPhone; CPU iPhone OS 11_1_2 like Mac OS X) AppleWebKit/604.3.5 (KHTML, like Gecko) Version/11.0 Mobile/15B202 Safari/604.1"
77.119.129.14 - - [06/Dec/2017:05:04:17 +0100] "GET /img/mobile/close-button.png HTTP/1.1" 200 2411 "https://www.easydrivers.at/eisenstadt" "Mozilla/5.0 (iPhone; CPU iPhone OS 11_1_2 like Mac OS X) AppleWebKit/604.3.5 (KHTML, like Gecko) Version/11.0 Mobile/15B202 Safari/604.1"
77.119.129.14 - - [06/Dec/2017:05:04:17 +0100] "GET /img/mobile/easydrivers-logo-mobile.png HTTP/1.1" 200 10766 "https://www.easydrivers.at/eisenstadt" "Mozilla/5.0 (iPhone; CPU iPhone OS 11_1_2 like Mac OS X) AppleWebKit/604.3.5 (KHTML, like Gecko) Version/11.0 Mobile/15B202 Safari/604.1"
77.119.129.14 - - [06/Dec/2017:05:04:18 +0100] "GET /img/mobile/facebook-icon.png HTTP/1.1" 200 1902 "https://www.easydrivers.at/eisenstadt" "Mozilla/5.0 (iPhone; CPU iPhone OS 11_1_2 like Mac OS X) AppleWebKit/604.3.5 (KHTML, like Gecko) Version/11.0 Mobile/15B202 Safari/604.1"
77.119.129.14 - - [06/Dec/2017:05:04:18 +0100] "GET /img/mobile/info-close-button.png HTTP/1.1" 200 1721 "https://www.easydrivers.at/eisenstadt" "Mozilla/5.0 (iPhone; CPU iPhone OS 11_1_2 like Mac OS X) AppleWebKit/604.3.5 (KHTML, like Gecko) Version/11.0 Mobile/15B202 Safari/604.1"
77.119.129.14 - - [06/Dec/2017:05:04:18 +0100] "GET /img/mobile/info-button.png HTTP/1.1" 200 1549 "https://www.easydrivers.at/eisenstadt" "Mozilla/5.0 (iPhone; CPU iPhone OS 11_1_2 like Mac OS X) AppleWebKit/604.3.5 (KHTML, like Gecko) Version/11.0 Mobile/15B202 Safari/604.1"
77.119.129.14 - - [06/Dec/2017:05:04:18 +0100] "GET /img/smallicon-person.png HTTP/1.1" 200 1141 "https://www.easydrivers.at/eisenstadt" "Mozilla/5.0 (iPhone; CPU iPhone OS 11_1_2 like Mac OS X) AppleWebKit/604.3.5 (KHTML, like Gecko) Version/11.0 Mobile/15B202 Safari/604.1"
77.119.129.14 - - [06/Dec/2017:05:04:18 +0100] "GET /img/smallicon-address.png HTTP/1.1" 200 1211 "https://www.easydrivers.at/eisenstadt" "Mozilla/5.0 (iPhone; CPU iPhone OS 11_1_2 like Mac OS X) AppleWebKit/604.3.5 (KHTML, like Gecko) Version/11.0 Mobile/15B202 Safari/604.1"
77.119.129.14 - - [06/Dec/2017:05:04:18 +0100] "GET /img/mobile/googlemaps-pin.png HTTP/1.1" 200 1597 "https://www.easydrivers.at/eisenstadt" "Mozilla/5.0 (iPhone; CPU iPhone OS 11_1_2 like Mac OS X) AppleWebKit/604.3.5 (KHTML, like Gecko) Version/11.0 Mobile/15B202 Safari/604.1"
77.119.129.14 - - [06/Dec/2017:05:04:18 +0100] "GET /img/smallicon-time.png HTTP/1.1" 200 1262 "https://www.easydrivers.at/eisenstadt" "Mozilla/5.0 (iPhone; CPU iPhone OS 11_1_2 like Mac OS X) AppleWebKit/604.3.5 (KHTML, like Gecko) Version/11.0 Mobile/15B202 Safari/604.1"
77.119.129.14 - - [06/Dec/2017:05:04:18 +0100] "GET /img/smallicon-phone.png HTTP/1.1" 200 3056 "https://www.easydrivers.at/eisenstadt" "Mozilla/5.0 (iPhone; CPU iPhone OS 11_1_2 like Mac OS X) AppleWebKit/604.3.5 (KHTML, like Gecko) Version/11.0 Mobile/15B202 Safari/604.1"
77.119.129.14 - - [06/Dec/2017:05:04:18 +0100] "GET /img/smallicon-mail.png HTTP/1.1" 200 1341 "https://www.easydrivers.at/eisenstadt" "Mozilla/5.0 (iPhone; CPU iPhone OS 11_1_2 like Mac OS X) AppleWebKit/604.3.5 (KHTML, like Gecko) Version/11.0 Mobile/15B202 Safari/604.1"
77.119.129.14 - - [06/Dec/2017:05:04:18 +0100] "GET /img/mobile/widget-icon-app.png HTTP/1.1" 200 3458 "https://www.easydrivers.at/eisenstadt" "Mozilla/5.0 (iPhone; CPU iPhone OS 11_1_2 like Mac OS X) AppleWebKit/604.3.5 (KHTML, like Gecko) Version/11.0 Mobile/15B202 Safari/604.1"
77.119.129.14 - - [06/Dec/2017:05:04:18 +0100] "GET /img/mobile/bg-header.jpg HTTP/1.1" 200 19741 "https://www.easydrivers.at/eisenstadt" "Mozilla/5.0 (iPhone; CPU iPhone OS 11_1_2 like Mac OS X) AppleWebKit/604.3.5 (KHTML, like Gecko) Version/11.0 Mobile/15B202 Safari/604.1"
77.119.129.14 - - [06/Dec/2017:05:04:18 +0100] "GET /img/mobile/bg-menu.jpg HTTP/1.1" 200 1698 "https://www.easydrivers.at/eisenstadt" "Mozilla/5.0 (iPhone; CPU iPhone OS 11_1_2 like Mac OS X) AppleWebKit/604.3.5 (KHTML, like Gecko) Version/11.0 Mobile/15B202 Safari/604.1"
77.119.129.14 - - [06/Dec/2017:05:04:18 +0100] "GET /img/mobile/pfeil-rechts.png HTTP/1.1" 200 1228 "https://www.easydrivers.at/eisenstadt" "Mozilla/5.0 (iPhone; CPU iPhone OS 11_1_2 like Mac OS X) AppleWebKit/604.3.5 (KHTML, like Gecko) Version/11.0 Mobile/15B202 Safari/604.1"
77.119.129.14 - - [06/Dec/2017:05:04:18 +0100] "GET /img/mobile/bg-top-section.jpg HTTP/1.1" 200 21711 "https://www.easydrivers.at/eisenstadt" "Mozilla/5.0 (iPhone; CPU iPhone OS 11_1_2 like Mac OS X) AppleWebKit/604.3.5 (KHTML, like Gecko) Version/11.0 Mobile/15B202 Safari/604.1"
77.119.129.14 - - [06/Dec/2017:05:04:25 +0100] "POST /eisenstadt/kursauswahl HTTP/1.1" 200 2947 "https://www.easydrivers.at/eisenstadt" "Mozilla/5.0 (iPhone; CPU iPhone OS 11_1_2 like Mac OS X) AppleWebKit/604.3.5 (KHTML, like Gecko) Version/11.0 Mobile/15B202 Safari/604.1"
77.119.129.14 - - [06/Dec/2017:05:04:28 +0100] "GET /img/mobile/pfeil-links-small.png HTTP/1.1" 200 1065 "https://www.easydrivers.at/eisenstadt/kursauswahl" "Mozilla/5.0 (iPhone; CPU iPhone OS 11_1_2 like Mac OS X) AppleWebKit/604.3.5 (KHTML, like Gecko) Version/11.0 Mobile/15B202 Safari/604.1"
77.119.129.14 - - [06/Dec/2017:05:04:28 +0100] "GET /img/mobile/bg-yellow.jpg HTTP/1.1" 200 1569 "https://www.easydrivers.at/eisenstadt/kursauswahl" "Mozilla/5.0 (iPhone; CPU iPhone OS 11_1_2 like Mac OS X) AppleWebKit/604.3.5 (KHTML, like Gecko) Version/11.0 Mobile/15B202 Safari/604.1"
77.119.129.14 - - [06/Dec/2017:05:04:28 +0100] "GET /javascript/mobile-fahrschule-kurs-suchergebnis.js HTTP/1.1" 200 274 "https://www.easydrivers.at/eisenstadt/kursauswahl" "Mozilla/5.0 (iPhone; CPU iPhone OS 11_1_2 like Mac OS X) AppleWebKit/604.3.5 (KHTML, like Gecko) Version/11.0 Mobile/15B202 Safari/604.1"
77.119.129.14 - - [06/Dec/2017:05:04:28 +0100] "GET /img/loading-bars.gif HTTP/1.1" 200 3951 "https://www.easydrivers.at/eisenstadt/kursauswahl" "Mozilla/5.0 (iPhone; CPU iPhone OS 11_1_2 like Mac OS X) AppleWebKit/604.3.5 (KHTML, like Gecko) Version/11.0 Mobile/15B202 Safari/604.1"
77.119.129.14 - - [06/Dec/2017:05:04:39 +0100] "POST /loadkursliste HTTP/1.1" 200 394 "https://www.easydrivers.at/eisenstadt/kursauswahl" "Mozilla/5.0 (iPhone; CPU iPhone OS 11_1_2 like Mac OS X) AppleWebKit/604.3.5 (KHTML, like Gecko) Version/11.0 Mobile/15B202 Safari/604.1"
91.112.2.202 - - [06/Dec/2017:05:04:42 +0100] "GET /tulln/Weihnachtskurs_Abendkurs_Dezember_2017?FS=B HTTP/1.1" 200 3264 "http://m.facebook.com" "Mozilla/5.0 (iPhone; CPU iPhone OS 11_1_2 like Mac OS X) AppleWebKit/604.3.5 (KHTML, like Gecko) Mobile/15B202 [FBAN/FBIOS;FBAV/149.0.0.39.64;FBBV/79173879;FBDV/iPhone10,4;FBMD/iPhone;FBSN/iOS;FBSV/11.1.2;FBSS/2;FBCR/T-MobileA;FBID/phone;FBLC/de_DE;FBOP/5;FBRV/79173879]"
77.119.129.14 - - [06/Dec/2017:05:05:06 +0100] "GET /eisenstadt/10292407?FS=B-L17 HTTP/1.1" 200 3240 "https://www.easydrivers.at/eisenstadt/kursauswahl" "Mozilla/5.0 (iPhone; CPU iPhone OS 11_1_2 like Mac OS X) AppleWebKit/604.3.5 (KHTML, like Gecko) Version/11.0 Mobile/15B202 Safari/604.1"
77.119.129.14 - - [06/Dec/2017:05:05:09 +0100] "GET /img/mobile/kursicon-share.png HTTP/1.1" 200 2065 "https://www.easydrivers.at/eisenstadt/10292407?FS=B-L17" "Mozilla/5.0 (iPhone; CPU iPhone OS 11_1_2 like Mac OS X) AppleWebKit/604.3.5 (KHTML, like Gecko) Version/11.0 Mobile/15B202 Safari/604.1"
77.119.129.14 - - [06/Dec/2017:05:05:09 +0100] "GET /img/mobile/smallicon-phone.png HTTP/1.1" 200 1311 "https://www.easydrivers.at/eisenstadt/10292407?FS=B-L17" "Mozilla/5.0 (iPhone; CPU iPhone OS 11_1_2 like Mac OS X) AppleWebKit/604.3.5 (KHTML, like Gecko) Version/11.0 Mobile/15B202 Safari/604.1"
77.119.129.14 - - [06/Dec/2017:05:05:09 +0100] "GET /img/mobile/kursicon-phone.png HTTP/1.1" 200 1932 "https://www.easydrivers.at/eisenstadt/10292407?FS=B-L17" "Mozilla/5.0 (iPhone; CPU iPhone OS 11_1_2 like Mac OS X) AppleWebKit/604.3.5 (KHTML, like Gecko) Version/11.0 Mobile/15B202 Safari/604.1"
77.119.129.14 - - [06/Dec/2017:05:05:09 +0100] "GET /img/mobile/smallicon-mail.png HTTP/1.1" 200 1335 "https://www.easydrivers.at/eisenstadt/10292407?FS=B-L17" "Mozilla/5.0 (iPhone; CPU iPhone OS 11_1_2 like Mac OS X) AppleWebKit/604.3.5 (KHTML, like Gecko) Version/11.0 Mobile/15B202 Safari/604.1"
77.119.129.14 - - [06/Dec/2017:05:05:09 +0100] "GET /img/mobile/pfeil-rechts-small.png HTTP/1.1" 200 1056 "https://www.easydrivers.at/eisenstadt/10292407?FS=B-L17" "Mozilla/5.0 (iPhone; CPU iPhone OS 11_1_2 like Mac OS X) AppleWebKit/604.3.5 (KHTML, like Gecko) Version/11.0 Mobile/15B202 Safari/604.1"
207.46.13.137 - - [06/Dec/2017:05:05:08 +0100] "GET /jennersdorf/kursauswahl HTTP/1.1" 200 3574 "-" "Mozilla/5.0 (compatible; bingbot/2.0; +http://www.bing.com/bingbot.htm)"
157.55.39.65 - - [06/Dec/2017:05:05:42 +0100] "GET /scheibbs/10249623?FS=AM-M HTTP/1.1" 301 312 "-" "Mozilla/5.0 (compatible; bingbot/2.0; +http://www.bing.com/bingbot.htm)"
40.77.167.72 - - [06/Dec/2017:05:05:52 +0100] "GET /fahrschule-fuehrerschein-portal/fuehrerschein-mofa.php?navanchor=2210000 HTTP/1.1" 404 2654 "-" "Mozilla/5.0 (compatible; bingbot/2.0; +http://www.bing.com/bingbot.htm)"
77.119.129.14 - - [06/Dec/2017:05:06:26 +0100] "GET /eisenstadt/10292407 HTTP/1.1" 301 306 "-" "WhatsApp/2.17.82 i"
77.119.129.14 - - [06/Dec/2017:05:06:26 +0100] "GET /eisenstadt/10292407 HTTP/1.1" 200 4082 "-" "WhatsApp/2.17.82 i"
77.119.129.14 - - [06/Dec/2017:05:06:29 +0100] "GET /img/ED_Logo.png HTTP/1.1" 301 305 "-" "WhatsApp/2.17.82 i"
77.119.129.14 - - [06/Dec/2017:05:06:29 +0100] "GET /img/ED_Logo.png HTTP/1.1" 206 3385 "-" "WhatsApp/2.17.82 i"
157.55.39.65 - - [06/Dec/2017:05:06:27 +0100] "GET /eisenstadt/aktionen HTTP/1.1" 200 3096 "-" "Mozilla/5.0 (compatible; bingbot/2.0; +http://www.bing.com/bingbot.htm)"
66.249.76.78 - - [06/Dec/2017:05:06:43 +0100] "GET /steyr HTTP/1.1" 301 296 "-" "Mozilla/5.0 (compatible; Googlebot/2.1; +http://www.google.com/bot.html)"
87.118.122.50 - - [06/Dec/2017:05:06:46 +0100] "GET /bludenz/ HTTP/1.1" 301 299 "http://burger-imperia.com/" "Mozilla/5.0 (X11; Linux x86_64) AppleWebKit/537.36 (KHTML, like Gecko) Chrome/37.0.2062.120 Safari/537.36"
66.249.76.84 - - [06/Dec/2017:05:06:44 +0100] "GET /steyr HTTP/1.1" 200 3710 "-" "Mozilla/5.0 (compatible; Googlebot/2.1; +http://www.google.com/bot.html)"
207.46.13.137 - - [06/Dec/2017:05:06:47 +0100] "GET /binaries/easy-drivers-bad-v/fahrpruefung-technisches-wissenpdf-1.pdf HTTP/1.1" 301 334 "-" "Mozilla/5.0 (compatible; bingbot/2.0; +http://www.bing.com/bingbot.htm)"
185.117.118.234 - - [06/Dec/2017:05:06:48 +0100] "GET /bludenz/ HTTP/1.1" 301 141 "http://burger-imperia.com/" "Mozilla/5.0 (X11; Linux x86_64) AppleWebKit/537.36 (KHTML, like Gecko) Chrome/37.0.2062.120 Safari/537.36"
185.117.118.234 - - [06/Dec/2017:05:06:49 +0100] "GET /bludenz HTTP/1.1" 200 3589 "http://burger-imperia.com/" "Mozilla/5.0 (X11; Linux x86_64) AppleWebKit/537.36 (KHTML, like Gecko) Chrome/37.0.2062.120 Safari/537.36"
157.55.39.65 - - [06/Dec/2017:05:07:14 +0100] "GET /binaries/easy-drivers-gro/merc1jpg.jpg HTTP/1.1" 301 314 "-" "Mozilla/5.0 (compatible; bingbot/2.0; +http://www.bing.com/bingbot.htm)"
157.55.39.65 - - [06/Dec/2017:05:07:15 +0100] "GET /binaries/easy-drivers-gro/merc1jpg.jpg HTTP/1.1" 200 212554 "-" "Mozilla/5.0 (compatible; bingbot/2.0; +http://www.bing.com/bingbot.htm)"
207.46.13.137 - - [06/Dec/2017:05:08:31 +0100] "GET /gmuend/10285093?FS=B-L17 HTTP/1.1" 301 313 "-" "Mozilla/5.0 (compatible; bingbot/2.0; +http://www.bing.com/bingbot.htm)"
40.77.167.72 - - [06/Dec/2017:05:08:33 +0100] "GET /horn/Downloads/ HTTP/1.1" 200 4449 "-" "Mozilla/5.0 (compatible; bingbot/2.0; +http://www.bing.com/bingbot.htm)"
66.249.76.82 - - [06/Dec/2017:05:09:55 +0100] "GET /binaries/easy-drivers-portal/bus6jpg.jpg HTTP/1.1" 304 - "-" "Googlebot-Image/1.0"
77.119.128.168 - - [06/Dec/2017:05:10:07 +0100] "GET /brigittenau/10268964 HTTP/1.1" 200 2887 "http://m.facebook.com" "Mozilla/5.0 (iPhone; CPU iPhone OS 11_0_3 like Mac OS X) AppleWebKit/604.1.38 (KHTML, like Gecko) Mobile/15A432 [FBAN/FBIOS;FBAV/151.0.0.61.202;FBBV/82156572;FBDV/iPhone10,5;FBMD/iPhone;FBSN/iOS;FBSV/11.0.3;FBSS/3;FBCR/3Austria;FBID/phone;FBLC/tr_TR;FBOP/5;FBRV/83160404]"
216.244.66.243 - - [06/Dec/2017:05:11:06 +0100] "GET /schwechat/10279815 HTTP/1.1" 301 405 "-" "Mozilla/5.0 (compatible; DotBot/1.1; http://www.opensiteexplorer.org/dotbot, help@moz.com)"
40.77.167.72 - - [06/Dec/2017:05:12:24 +0100] "GET /uploads/pdfs/hollabrunn/Grundkurs_Maerz_2018_BBE.pdf HTTP/1.1" 200 36439 "-" "Mozilla/5.0 (compatible; bingbot/2.0; +http://www.bing.com/bingbot.htm)"
212.60.166.236 - - [06/Dec/2017:05:12:27 +0100] "GET /easy_drivers_st._peterau/Weihnachtskurs-2017?FS=B HTTP/1.1" 200 3113 "http://m.facebook.com" "Mozilla/5.0 (iPhone; CPU iPhone OS 10_3_3 like Mac OS X) AppleWebKit/603.3.8 (KHTML, like Gecko) Mobile/14G60 [FBAN/FBIOS;FBAV/151.0.0.61.202;FBBV/82156572;FBDV/iPhone8,4;FBMD/iPhone;FBSN/iOS;FBSV/10.3.3;FBSS/2;FBCR/T-MobileA;FBID/phone;FBLC/de_DE;FBOP/5;FBRV/82156572]"
66.249.76.80 - - [06/Dec/2017:05:12:37 +0100] "GET /steyr/aktionen HTTP/1.1" 200 3236 "-" "Mozilla/5.0 (compatible; Googlebot/2.1; +http://www.google.com/bot.html)"
207.46.13.43 - - [06/Dec/2017:05:14:11 +0100] "GET /reumannplatz/10282288?FS=B-L HTTP/1.1" 410 3372 "-" "Mozilla/5.0 (compatible; bingbot/2.0; +http://www.bing.com/bingbot.htm)"
216.244.66.202 - - [06/Dec/2017:05:14:15 +0100] "GET /skarabela.gross-enzersdorf HTTP/1.1" 301 413 "-" "Mozilla/5.0 (compatible; DotBot/1.1; http://www.opensiteexplorer.org/dotbot, help@moz.com)"
62.46.31.106 - - [06/Dec/2017:05:16:24 +0100] "GET /hollabrunn/Grundkurs_Weihnachten_2017?FS=B HTTP/1.1" 200 3287 "http://m.facebook.com" "Mozilla/5.0 (iPhone; CPU iPhone OS 10_3_3 like Mac OS X) AppleWebKit/603.3.8 (KHTML, like Gecko) Mobile/14G60 [FBAN/FBIOS;FBAV/151.0.0.61.202;FBBV/82156572;FBDV/iPhone8,1;FBMD/iPhone;FBSN/iOS;FBSV/10.3.3;FBSS/2;FBCR/T-MobileA;FBID/phone;FBLC/de_DE;FBOP/5;FBRV/82892895]"
169.54.233.123 - - [06/Dec/2017:05:16:30 +0100] "GET / HTTP/1.1" 400 379 "-" "-"
54.159.167.42 - - [06/Dec/2017:05:17:04 +0100] "GET /robots.txt HTTP/1.1" 301 397 "-" "Mozilla/5.0 (compatible; proximic; +http://www.proximic.com/info/spider.php)"
54.159.167.42 - - [06/Dec/2017:05:17:05 +0100] "GET /robots.txt HTTP/1.1" 200 178 "-" "Mozilla/5.0 (compatible; proximic; +http://www.proximic.com/info/spider.php)"
52.87.197.175 - - [06/Dec/2017:05:17:05 +0100] "GET /wr.neustadt HTTP/1.1" 200 3523 "-" "Mozilla/5.0 (compatible; proximic; +http://www.proximic.com/info/spider.php)"
207.46.13.137 - - [06/Dec/2017:05:17:22 +0100] "GET /langenlois/Inhaberdaten HTTP/1.1" 301 308 "-" "Mozilla/5.0 (compatible; bingbot/2.0; +http://www.bing.com/bingbot.htm)"
40.77.167.72 - - [06/Dec/2017:05:17:41 +0100] "GET /brigittenau/10280889?FS=B HTTP/1.1" 410 3422 "-" "Mozilla/5.0 (compatible; bingbot/2.0; +http://www.bing.com/bingbot.htm)"
207.46.13.137 - - [06/Dec/2017:05:18:03 +0100] "GET /neunkirchen/10278857 HTTP/1.1" 200 3519 "-" "Mozilla/5.0 (compatible; bingbot/2.0; +http://www.bing.com/bingbot.htm)"
46.125.249.9 - - [06/Dec/2017:05:18:15 +0100] "GET /brigittenau/10268964 HTTP/1.1" 200 2887 "http://m.facebook.com" "Mozilla/5.0 (iPhone; CPU iPhone OS 11_1 like Mac OS X) AppleWebKit/604.3.5 (KHTML, like Gecko) Mobile/15B93 [FBAN/FBIOS;FBAV/151.0.0.61.202;FBBV/82156572;FBDV/iPhone7,2;FBMD/iPhone;FBSN/iOS;FBSV/11.1;FBSS/2;FBCR/T-MobileA;FBID/phone;FBLC/de_DE;FBOP/5;FBRV/83160404]"
91.141.1.210 - - [06/Dec/2017:05:18:32 +0100] "GET /linz/10286170?FS=B HTTP/1.1" 200 3158 "http://m.facebook.com/" "Mozilla/5.0 (Linux; Android 7.0; VTR-L29 Build/HUAWEIVTR-L29; wv) AppleWebKit/537.36 (KHTML, like Gecko) Version/4.0 Chrome/62.0.3202.84 Mobile Safari/537.36 [FB_IAB/FB4A;FBAV/152.0.0.42.136;]"
207.46.13.43 - - [06/Dec/2017:05:18:59 +0100] "GET /wallensteinplatz HTTP/1.1" 301 304 "-" "Mozilla/5.0 (compatible; bingbot/2.0; +http://www.bing.com/bingbot.htm)"
86.56.189.2 - - [06/Dec/2017:05:19:12 +0100] "GET /st.valentin/10293790?FS=B HTTP/1.1" 200 3077 "http://m.facebook.com" "Mozilla/5.0 (iPhone; CPU iPhone OS 11_1_2 like Mac OS X) AppleWebKit/604.3.5 (KHTML, like Gecko) Mobile/15B202 [FBAN/FBIOS;FBAV/151.0.0.61.202;FBBV/82156572;FBDV/iPhone10,4;FBMD/iPhone;FBSN/iOS;FBSV/11.1.2;FBSS/2;FBCR/tele.ring;FBID/phone;FBLC/de_DE;FBOP/5;FBRV/82156572]"
40.77.167.72 - - [06/Dec/2017:05:19:22 +0100] "GET /mofaday/ HTTP/1.1" 200 4443 "-" "Mozilla/5.0 (compatible; bingbot/2.0; +http://www.bing.com/bingbot.htm)"
185.85.32.231 - - [06/Dec/2017:05:19:47 +0100] "GET /img/ED_Logo.png HTTP/1.1" 301 305 "-" "Mozilla/5.0 (Windows NT 6.1; Win64; x64; rv:57.0) Gecko/20100101 Firefox/57.0"
185.85.32.231 - - [06/Dec/2017:05:19:48 +0100] "GET /img/ED_Logo.png HTTP/1.1" 200 3385 "-" "Mozilla/5.0 (Windows NT 6.1; Win64; x64; rv:57.0) Gecko/20100101 Firefox/57.0"
77.117.148.185 - - [06/Dec/2017:05:20:27 +0100] "GET /bruck.leitha/10279432?FS=B HTTP/1.1" 200 3401 "http://m.facebook.com" "Mozilla/5.0 (iPhone; CPU iPhone OS 11_1_2 like Mac OS X) AppleWebKit/604.3.5 (KHTML, like Gecko) Mobile/15B202 [FBAN/FBIOS;FBAV/151.0.0.61.202;FBBV/82156572;FBDV/iPhone9,3;FBMD/iPhone;FBSN/iOS;FBSV/11.1.2;FBSS/2;FBCR/3Austria;FBID/phone;FBLC/de_DE;FBOP/5;FBRV/82892895]"
86.56.242.35 - - [06/Dec/2017:05:20:40 +0100] "GET /perg/10293777?FS=B HTTP/1.1" 200 3030 "http://m.facebook.com/" "Mozilla/5.0 (Linux; Android 7.0; WAS-LX1 Build/HUAWEIWAS-LX1; wv) AppleWebKit/537.36 (KHTML, like Gecko) Version/4.0 Chrome/62.0.3202.84 Mobile Safari/537.36 [FB_IAB/FB4A;FBAV/151.0.0.44.205;]"
207.46.13.137 - - [06/Dec/2017:05:20:49 +0100] "GET /amstetten/abendkurs-maerz18?FS=BBE HTTP/1.1" 200 5613 "-" "Mozilla/5.0 (compatible; bingbot/2.0; +http://www.bing.com/bingbot.htm)"
180.76.15.140 - - [06/Dec/2017:05:21:21 +0100] "GET / HTTP/1.1" 301 296 "-" "Mozilla/5.0 (compatible; Baiduspider/2.0; +http://www.baidu.com/search/spider.html)"
180.76.15.161 - - [06/Dec/2017:05:21:22 +0100] "GET / HTTP/1.1" 200 15887 "-" "Mozilla/5.0 (compatible; Baiduspider/2.0; +http://www.baidu.com/search/spider.html)"
90.146.60.7 - - [06/Dec/2017:05:21:22 +0100] "GET /enns/Abendkurs-22Dez2016?FS=B HTTP/1.1" 404 3065 "http://m.facebook.com" "Mozilla/5.0 (iPhone; CPU iPhone OS 11_1_2 like Mac OS X) AppleWebKit/604.3.5 (KHTML, like Gecko) Mobile/15B202 [FBAN/FBIOS;FBAV/151.0.0.61.202;FBBV/82156572;FBDV/iPhone8,1;FBMD/iPhone;FBSN/iOS;FBSV/11.1.2;FBSS/2;FBCR/3Austria;FBID/phone;FBLC/de_DE;FBOP/5;FBRV/83160404]"
151.80.39.172 - - [06/Dec/2017:05:21:26 +0100] "GET /robots.txt HTTP/1.1" 301 300 "-" "Mozilla/5.0 (compatible; AhrefsBot/5.2; +http://ahrefs.com/robot/)"
151.80.39.172 - - [06/Dec/2017:05:21:27 +0100] "GET /robots.txt HTTP/1.1" 200 101 "-" "Mozilla/5.0 (compatible; AhrefsBot/5.2; +http://ahrefs.com/robot/)"
217.182.132.176 - - [06/Dec/2017:05:21:27 +0100] "GET /am.spitz HTTP/1.1" 301 299 "-" "Mozilla/5.0 (compatible; AhrefsBot/5.2; +http://ahrefs.com/robot/)"
151.80.39.126 - - [06/Dec/2017:05:21:29 +0100] "GET /robots.txt HTTP/1.1" 301 303 "-" "Mozilla/5.0 (compatible; AhrefsBot/5.2; +http://ahrefs.com/robot/)"
151.80.39.126 - - [06/Dec/2017:05:21:30 +0100] "GET /robots.txt HTTP/1.1" 200 101 "-" "Mozilla/5.0 (compatible; AhrefsBot/5.2; +http://ahrefs.com/robot/)"
51.255.65.44 - - [06/Dec/2017:05:21:30 +0100] "GET / HTTP/1.1" 301 296 "-" "Mozilla/5.0 (compatible; AhrefsBot/5.2; +http://ahrefs.com/robot/)"
188.22.219.231 - - [06/Dec/2017:05:22:50 +0100] "GET /krems/10276251 HTTP/1.1" 200 3274 "http://m.facebook.com" "Mozilla/5.0 (iPhone; CPU iPhone OS 11_0_3 like Mac OS X) AppleWebKit/604.1.38 (KHTML, like Gecko) Mobile/15A432 [FBAN/FBIOS;FBAV/151.0.0.61.202;FBBV/82156572;FBDV/iPhone9,3;FBMD/iPhone;FBSN/iOS;FBSV/11.0.3;FBSS/2;FBCR/A1;FBID/phone;FBLC/de_DE;FBOP/5;FBRV/82892895]"
207.46.13.43 - - [06/Dec/2017:05:23:07 +0100] "GET /retz/kurse HTTP/1.1" 301 301 "-" "Mozilla/5.0 (compatible; bingbot/2.0; +http://www.bing.com/bingbot.htm)"
81.217.201.157 - - [06/Dec/2017:05:23:19 +0100] "GET /schwechat/10280404?FS=B HTTP/1.1" 200 3330 "http://m.facebook.com/" "Mozilla/5.0 (Linux; Android 6.0; HUAWEI VNS-L21 Build/HUAWEIVNS-L21; wv) AppleWebKit/537.36 (KHTML, like Gecko) Version/4.0 Chrome/55.0.2883.91 Mobile Safari/537.36 [FB_IAB/FB4A;FBAV/151.0.0.44.205;]"
212.197.136.219 - - [06/Dec/2017:05:23:23 +0100] "GET /linz HTTP/1.1" 301 297 "https://www.google.at/" "Mozilla/5.0 (Windows NT 10.0; Win64; x64) AppleWebKit/537.36 (KHTML, like Gecko) Chrome/61.0.3163.100 Safari/537.36"
212.197.136.219 - - [06/Dec/2017:05:23:23 +0100] "GET /linz HTTP/1.1" 200 3530 "https://www.google.at/" "Mozilla/5.0 (Windows NT 10.0; Win64; x64) AppleWebKit/537.36 (KHTML, like Gecko) Chrome/61.0.3163.100 Safari/537.36"
212.197.136.219 - - [06/Dec/2017:05:23:25 +0100] "GET /css/style.css HTTP/1.1" 200 5004 "https://www.easydrivers.at/linz" "Mozilla/5.0 (Windows NT 10.0; Win64; x64) AppleWebKit/537.36 (KHTML, like Gecko) Chrome/61.0.3163.100 Safari/537.36"
212.197.136.219 - - [06/Dec/2017:05:23:25 +0100] "GET /javascript/jquery.customSelect.min.js HTTP/1.1" 200 912 "https://www.easydrivers.at/linz" "Mozilla/5.0 (Windows NT 10.0; Win64; x64) AppleWebKit/537.36 (KHTML, like Gecko) Chrome/61.0.3163.100 Safari/537.36"
