85.255.151.208 - - [06/Dec/2017:08:35:36 +0100] "GET /javascript/mobile-fahrschule.js HTTP/1.1" 200 328 "https://www.easydrivers.at/ybbs" "Mozilla/5.0 (iPhone; CPU iPhone OS 11_2 like Mac OS X) AppleWebKit/604.4.7 (KHTML, like Gecko) Version/11.0 Mobile/15C114 Safari/604.1"
85.255.151.208 - - [06/Dec/2017:08:35:36 +0100] "GET /img/mobile/menu-button.png HTTP/1.1" 200 1746 "https://www.easydrivers.at/ybbs" "Mozilla/5.0 (iPhone; CPU iPhone OS 11_2 like Mac OS X) AppleWebKit/604.4.7 (KHTML, like Gecko) Version/11.0 Mobile/15C114 Safari/604.1"
85.255.151.208 - - [06/Dec/2017:08:35:37 +0100] "GET /img/mobile/close-button.png HTTP/1.1" 200 2411 "https://www.easydrivers.at/ybbs" "Mozilla/5.0 (iPhone; CPU iPhone OS 11_2 like Mac OS X) AppleWebKit/604.4.7 (KHTML, like Gecko) Version/11.0 Mobile/15C114 Safari/604.1"
85.255.151.208 - - [06/Dec/2017:08:35:37 +0100] "GET /img/mobile/facebook-icon.png HTTP/1.1" 200 1902 "https://www.easydrivers.at/ybbs" "Mozilla/5.0 (iPhone; CPU iPhone OS 11_2 like Mac OS X) AppleWebKit/604.4.7 (KHTML, like Gecko) Version/11.0 Mobile/15C114 Safari/604.1"
85.255.151.208 - - [06/Dec/2017:08:35:37 +0100] "GET /img/mobile/info-button.png HTTP/1.1" 200 1549 "https://www.easydrivers.at/ybbs" "Mozilla/5.0 (iPhone; CPU iPhone OS 11_2 like Mac OS X) AppleWebKit/604.4.7 (KHTML, like Gecko) Version/11.0 Mobile/15C114 Safari/604.1"
85.255.151.208 - - [06/Dec/2017:08:35:37 +0100] "GET /img/mobile/info-close-button.png HTTP/1.1" 200 1721 "https://www.easydrivers.at/ybbs" "Mozilla/5.0 (iPhone; CPU iPhone OS 11_2 like Mac OS X) AppleWebKit/604.4.7 (KHTML, like Gecko) Version/11.0 Mobile/15C114 Safari/604.1"
85.255.151.208 - - [06/Dec/2017:08:35:37 +0100] "GET /img/smallicon-person.png HTTP/1.1" 200 1141 "https://www.easydrivers.at/ybbs" "Mozilla/5.0 (iPhone; CPU iPhone OS 11_2 like Mac OS X) AppleWebKit/604.4.7 (KHTML, like Gecko) Version/11.0 Mobile/15C114 Safari/604.1"
85.255.151.208 - - [06/Dec/2017:08:35:37 +0100] "GET /img/smallicon-address.png HTTP/1.1" 200 1211 "https://www.easydrivers.at/ybbs" "Mozilla/5.0 (iPhone; CPU iPhone OS 11_2 like Mac OS X) AppleWebKit/604.4.7 (KHTML, like Gecko) Version/11.0 Mobile/15C114 Safari/604.1"
85.255.151.208 - - [06/Dec/2017:08:35:37 +0100] "GET /img/mobile/googlemaps-pin.png HTTP/1.1" 200 1597 "https://www.easydrivers.at/ybbs" "Mozilla/5.0 (iPhone; CPU iPhone OS 11_2 like Mac OS X) AppleWebKit/604.4.7 (KHTML, like Gecko) Version/11.0 Mobile/15C114 Safari/604.1"
85.255.151.208 - - [06/Dec/2017:08:35:37 +0100] "GET /img/smallicon-time.png HTTP/1.1" 200 1262 "https://www.easydrivers.at/ybbs" "Mozilla/5.0 (iPhone; CPU iPhone OS 11_2 like Mac OS X) AppleWebKit/604.4.7 (KHTML, like Gecko) Version/11.0 Mobile/15C114 Safari/604.1"
85.255.151.208 - - [06/Dec/2017:08:35:37 +0100] "GET /img/smallicon-mail.png HTTP/1.1" 200 1341 "https://www.easydrivers.at/ybbs" "Mozilla/5.0 (iPhone; CPU iPhone OS 11_2 like Mac OS X) AppleWebKit/604.4.7 (KHTML, like Gecko) Version/11.0 Mobile/15C114 Safari/604.1"
85.255.151.208 - - [06/Dec/2017:08:35:37 +0100] "GET /img/smallicon-phone.png HTTP/1.1" 200 3056 "https://www.easydrivers.at/ybbs" "Mozilla/5.0 (iPhone; CPU iPhone OS 11_2 like Mac OS X) AppleWebKit/604.4.7 (KHTML, like Gecko) Version/11.0 Mobile/15C114 Safari/604.1"
85.255.151.208 - - [06/Dec/2017:08:35:37 +0100] "GET /img/mobile/widget-icon-app.png HTTP/1.1" 200 3458 "https://www.easydrivers.at/ybbs" "Mozilla/5.0 (iPhone; CPU iPhone OS 11_2 like Mac OS X) AppleWebKit/604.4.7 (KHTML, like Gecko) Version/11.0 Mobile/15C114 Safari/604.1"
85.255.151.208 - - [06/Dec/2017:08:35:37 +0100] "GET /img/mobile/bg-header.jpg HTTP/1.1" 200 19741 "https://www.easydrivers.at/ybbs" "Mozilla/5.0 (iPhone; CPU iPhone OS 11_2 like Mac OS X) AppleWebKit/604.4.7 (KHTML, like Gecko) Version/11.0 Mobile/15C114 Safari/604.1"
85.255.151.208 - - [06/Dec/2017:08:35:37 +0100] "GET /img/mobile/bg-menu.jpg HTTP/1.1" 200 1698 "https://www.easydrivers.at/ybbs" "Mozilla/5.0 (iPhone; CPU iPhone OS 11_2 like Mac OS X) AppleWebKit/604.4.7 (KHTML, like Gecko) Version/11.0 Mobile/15C114 Safari/604.1"
85.255.151.208 - - [06/Dec/2017:08:35:37 +0100] "GET /img/mobile/bg-top-section.jpg HTTP/1.1" 200 21711 "https://www.easydrivers.at/ybbs" "Mozilla/5.0 (iPhone; CPU iPhone OS 11_2 like Mac OS X) AppleWebKit/604.4.7 (KHTML, like Gecko) Version/11.0 Mobile/15C114 Safari/604.1"
85.255.151.208 - - [06/Dec/2017:08:35:37 +0100] "GET /img/mobile/pfeil-rechts.png HTTP/1.1" 200 1228 "https://www.easydrivers.at/ybbs" "Mozilla/5.0 (iPhone; CPU iPhone OS 11_2 like Mac OS X) AppleWebKit/604.4.7 (KHTML, like Gecko) Version/11.0 Mobile/15C114 Safari/604.1"
85.255.151.208 - - [06/Dec/2017:08:35:40 +0100] "POST /ybbs/kursauswahl HTTP/1.1" 200 3018 "https://www.easydrivers.at/ybbs" "Mozilla/5.0 (iPhone; CPU iPhone OS 11_2 like Mac OS X) AppleWebKit/604.4.7 (KHTML, like Gecko) Version/11.0 Mobile/15C114 Safari/604.1"
85.255.151.208 - - [06/Dec/2017:08:35:43 +0100] "GET /ybbs HTTP/1.1" 200 2919 "https://www.easydrivers.at/ybbs" "Mozilla/5.0 (iPhone; CPU iPhone OS 11_2 like Mac OS X) AppleWebKit/604.4.7 (KHTML, like Gecko) Version/11.0 Mobile/15C114 Safari/604.1"
85.255.151.208 - - [06/Dec/2017:08:35:51 +0100] "GET /fuehrerscheine/auto HTTP/1.1" 200 5442 "https://www.easydrivers.at/ybbs" "Mozilla/5.0 (iPhone; CPU iPhone OS 11_2 like Mac OS X) AppleWebKit/604.4.7 (KHTML, like Gecko) Version/11.0 Mobile/15C114 Safari/604.1"
85.255.151.208 - - [06/Dec/2017:08:35:52 +0100] "GET /javascript/mobile-license.js HTTP/1.1" 200 216 "https://www.easydrivers.at/fuehrerscheine/auto" "Mozilla/5.0 (iPhone; CPU iPhone OS 11_2 like Mac OS X) AppleWebKit/604.4.7 (KHTML, like Gecko) Version/11.0 Mobile/15C114 Safari/604.1"
85.255.151.208 - - [06/Dec/2017:08:35:53 +0100] "GET /img/mobile/bg-yellow.jpg HTTP/1.1" 200 1569 "https://www.easydrivers.at/fuehrerscheine/auto" "Mozilla/5.0 (iPhone; CPU iPhone OS 11_2 like Mac OS X) AppleWebKit/604.4.7 (KHTML, like Gecko) Version/11.0 Mobile/15C114 Safari/604.1"
85.255.151.208 - - [06/Dec/2017:08:35:53 +0100] "GET /img/mobile/weiter-button.png HTTP/1.1" 200 1670 "https://www.easydrivers.at/fuehrerscheine/auto" "Mozilla/5.0 (iPhone; CPU iPhone OS 11_2 like Mac OS X) AppleWebKit/604.4.7 (KHTML, like Gecko) Version/11.0 Mobile/15C114 Safari/604.1"
85.255.151.208 - - [06/Dec/2017:08:35:55 +0100] "GET /img/mobile/pfeil-links-small.png HTTP/1.1" 200 1065 "https://www.easydrivers.at/fuehrerscheine/auto" "Mozilla/5.0 (iPhone; CPU iPhone OS 11_2 like Mac OS X) AppleWebKit/604.4.7 (KHTML, like Gecko) Version/11.0 Mobile/15C114 Safari/604.1"
85.255.151.208 - - [06/Dec/2017:08:35:55 +0100] "GET /img/mobile/pfeil-rechts-small.png HTTP/1.1" 200 1056 "https://www.easydrivers.at/fuehrerscheine/auto" "Mozilla/5.0 (iPhone; CPU iPhone OS 11_2 like Mac OS X) AppleWebKit/604.4.7 (KHTML, like Gecko) Version/11.0 Mobile/15C114 Safari/604.1"
217.182.132.14 - - [06/Dec/2017:08:35:57 +0100] "GET /EASYDRIVERS_Radfahrschule/Inhaberdaten HTTP/1.1" 301 321 "-" "Mozilla/5.0 (compatible; AhrefsBot/5.2; +http://ahrefs.com/robot/)"
85.255.151.208 - - [06/Dec/2017:08:36:04 +0100] "GET /fuehrerscheine/auto?channel=fullversion HTTP/1.1" 200 3370 "https://www.easydrivers.at/fuehrerscheine/auto" "Mozilla/5.0 (iPhone; CPU iPhone OS 11_2 like Mac OS X) AppleWebKit/604.4.7 (KHTML, like Gecko) Version/11.0 Mobile/15C114 Safari/604.1"
85.255.151.208 - - [06/Dec/2017:08:36:06 +0100] "GET /css/print.css HTTP/1.1" 200 967 "https://www.easydrivers.at/fuehrerscheine/auto?channel=fullversion" "Mozilla/5.0 (iPhone; CPU iPhone OS 11_2 like Mac OS X) AppleWebKit/604.4.7 (KHTML, like Gecko) Version/11.0 Mobile/15C114 Safari/604.1"
85.255.151.208 - - [06/Dec/2017:08:36:06 +0100] "GET /javascript/jquery.customSelect.min.js HTTP/1.1" 200 912 "https://www.easydrivers.at/fuehrerscheine/auto?channel=fullversion" "Mozilla/5.0 (iPhone; CPU iPhone OS 11_2 like Mac OS X) AppleWebKit/604.4.7 (KHTML, like Gecko) Version/11.0 Mobile/15C114 Safari/604.1"
85.255.151.208 - - [06/Dec/2017:08:36:06 +0100] "GET /css/style.css HTTP/1.1" 200 5004 "https://www.easydrivers.at/fuehrerscheine/auto?channel=fullversion" "Mozilla/5.0 (iPhone; CPU iPhone OS 11_2 like Mac OS X) AppleWebKit/604.4.7 (KHTML, like Gecko) Version/11.0 Mobile/15C114 Safari/604.1"
85.255.151.208 - - [06/Dec/2017:08:36:06 +0100] "GET /javascript/portal.js?1221842734 HTTP/1.1" 200 3529 "https://www.easydrivers.at/fuehrerscheine/auto?channel=fullversion" "Mozilla/5.0 (iPhone; CPU iPhone OS 11_2 like Mac OS X) AppleWebKit/604.4.7 (KHTML, like Gecko) Version/11.0 Mobile/15C114 Safari/604.1"
85.255.151.208 - - [06/Dec/2017:08:36:06 +0100] "GET /img/close-button.png HTTP/1.1" 200 2237 "https://www.easydrivers.at/fuehrerscheine/auto?channel=fullversion" "Mozilla/5.0 (iPhone; CPU iPhone OS 11_2 like Mac OS X) AppleWebKit/604.4.7 (KHTML, like Gecko) Version/11.0 Mobile/15C114 Safari/604.1"
85.255.151.208 - - [06/Dec/2017:08:36:06 +0100] "GET /img/facebook-icon.png HTTP/1.1" 200 1506 "https://www.easydrivers.at/fuehrerscheine/auto?channel=fullversion" "Mozilla/5.0 (iPhone; CPU iPhone OS 11_2 like Mac OS X) AppleWebKit/604.4.7 (KHTML, like Gecko) Version/11.0 Mobile/15C114 Safari/604.1"
85.255.151.208 - - [06/Dec/2017:08:36:06 +0100] "GET /img/schweiz-icon.png HTTP/1.1" 200 1504 "https://www.easydrivers.at/fuehrerscheine/auto?channel=fullversion" "Mozilla/5.0 (iPhone; CPU iPhone OS 11_2 like Mac OS X) AppleWebKit/604.4.7 (KHTML, like Gecko) Version/11.0 Mobile/15C114 Safari/604.1"
85.255.151.208 - - [06/Dec/2017:08:36:06 +0100] "GET /img/bg-header.jpg HTTP/1.1" 200 38680 "https://www.easydrivers.at/fuehrerscheine/auto?channel=fullversion" "Mozilla/5.0 (iPhone; CPU iPhone OS 11_2 like Mac OS X) AppleWebKit/604.4.7 (KHTML, like Gecko) Version/11.0 Mobile/15C114 Safari/604.1"
85.255.151.208 - - [06/Dec/2017:08:36:06 +0100] "GET /img/ED_Logo.png HTTP/1.1" 200 3385 "https://www.easydrivers.at/fuehrerscheine/auto?channel=fullversion" "Mozilla/5.0 (iPhone; CPU iPhone OS 11_2 like Mac OS X) AppleWebKit/604.4.7 (KHTML, like Gecko) Version/11.0 Mobile/15C114 Safari/604.1"
85.255.151.208 - - [06/Dec/2017:08:36:06 +0100] "GET /binaries/easy-drivers-portal/pkw4jpg.jpg HTTP/1.1" 200 125726 "https://www.easydrivers.at/fuehrerscheine/auto?channel=fullversion" "Mozilla/5.0 (iPhone; CPU iPhone OS 11_2 like Mac OS X) AppleWebKit/604.4.7 (KHTML, like Gecko) Version/11.0 Mobile/15C114 Safari/604.1"
213.225.10.92 - - [06/Dec/2017:08:36:07 +0100] "GET /javascript/license.js HTTP/1.1" 200 315 "https://www.easydrivers.at/fuehrerscheine/auto?channel=fullversion" "Mozilla/5.0 (iPhone; CPU iPhone OS 11_2 like Mac OS X) AppleWebKit/604.4.7 (KHTML, like Gecko) Version/11.0 Mobile/15C114 Safari/604.1"
85.255.151.208 - - [06/Dec/2017:08:36:07 +0100] "GET /img/submit-button-small.png HTTP/1.1" 200 1456 "https://www.easydrivers.at/fuehrerscheine/auto?channel=fullversion" "Mozilla/5.0 (iPhone; CPU iPhone OS 11_2 like Mac OS X) AppleWebKit/604.4.7 (KHTML, like Gecko) Version/11.0 Mobile/15C114 Safari/604.1"
85.255.151.208 - - [06/Dec/2017:08:36:07 +0100] "GET /img/bg-footer.jpg HTTP/1.1" 200 31770 "https://www.easydrivers.at/fuehrerscheine/auto?channel=fullversion" "Mozilla/5.0 (iPhone; CPU iPhone OS 11_2 like Mac OS X) AppleWebKit/604.4.7 (KHTML, like Gecko) Version/11.0 Mobile/15C114 Safari/604.1"
85.255.151.208 - - [06/Dec/2017:08:36:07 +0100] "GET /img/kursicon-print-pink.png HTTP/1.1" 200 1125 "https://www.easydrivers.at/fuehrerscheine/auto?channel=fullversion" "Mozilla/5.0 (iPhone; CPU iPhone OS 11_2 like Mac OS X) AppleWebKit/604.4.7 (KHTML, like Gecko) Version/11.0 Mobile/15C114 Safari/604.1"
85.255.151.208 - - [06/Dec/2017:08:36:07 +0100] "GET /img/kursicon-download-pink.png HTTP/1.1" 200 1213 "https://www.easydrivers.at/fuehrerscheine/auto?channel=fullversion" "Mozilla/5.0 (iPhone; CPU iPhone OS 11_2 like Mac OS X) AppleWebKit/604.4.7 (KHTML, like Gecko) Version/11.0 Mobile/15C114 Safari/604.1"
85.255.151.208 - - [06/Dec/2017:08:36:07 +0100] "GET /img/kursicon-share-pink.png HTTP/1.1" 200 1277 "https://www.easydrivers.at/fuehrerscheine/auto?channel=fullversion" "Mozilla/5.0 (iPhone; CPU iPhone OS 11_2 like Mac OS X) AppleWebKit/604.4.7 (KHTML, like Gecko) Version/11.0 Mobile/15C114 Safari/604.1"
85.255.151.208 - - [06/Dec/2017:08:36:07 +0100] "GET /img/kursicon-phone-pink.png HTTP/1.1" 200 1286 "https://www.easydrivers.at/fuehrerscheine/auto?channel=fullversion" "Mozilla/5.0 (iPhone; CPU iPhone OS 11_2 like Mac OS X) AppleWebKit/604.4.7 (KHTML, like Gecko) Version/11.0 Mobile/15C114 Safari/604.1"
85.255.151.208 - - [06/Dec/2017:08:36:07 +0100] "GET /img/bg-yellow.jpg HTTP/1.1" 200 2250 "https://www.easydrivers.at/fuehrerscheine/auto?channel=fullversion" "Mozilla/5.0 (iPhone; CPU iPhone OS 11_2 like Mac OS X) AppleWebKit/604.4.7 (KHTML, like Gecko) Version/11.0 Mobile/15C114 Safari/604.1"
77.119.130.249 - - [06/Dec/2017:08:36:08 +0100] "GET /kapfenberg.pankl/Kurs-Dezember-2017?FS=B HTTP/1.1" 200 3133 "http://m.facebook.com" "Mozilla/5.0 (iPhone; CPU iPhone OS 11_2 like Mac OS X) AppleWebKit/604.4.7 (KHTML, like Gecko) Mobile/15C114 [FBAN/FBIOS;FBAV/151.0.0.61.202;FBBV/82156572;FBDV/iPhone10,6;FBMD/iPhone;FBSN/iOS;FBSV/11.2;FBSS/3;FBCR/3Austria;FBID/phone;FBLC/de_DE;FBOP/5;FBRV/82892895]"
207.46.13.137 - - [06/Dec/2017:08:36:12 +0100] "GET /uploads/pdfs/skarabela.gross-enzersdorf/10286292_B.pdf HTTP/1.1" 200 32354 "-" "Mozilla/5.0 (compatible; bingbot/2.0; +http://www.bing.com/bingbot.htm)"
207.46.13.137 - - [06/Dec/2017:08:36:31 +0100] "GET /amstetten/semesterkurs_noe18?FS=B HTTP/1.1" 200 5484 "-" "Mozilla/5.0 (compatible; bingbot/2.0; +http://www.bing.com/bingbot.htm)"
13.56.236.129 - - [06/Dec/2017:08:36:31 +0100] "GET /hollabrunn/grundkurs_weihnachten_2017 HTTP/1.1" 404 3466 "-" "Mozilla/5.0 (X11; Ubuntu; Linux x86_64; rv:55.0) Gecko/20100101 Firefox/55.0"
217.116.178.218 - - [06/Dec/2017:08:36:34 +0100] "GET / HTTP/1.1" 301 293 "-" "Mozilla/5.0 (Macintosh; Intel Mac OS X 10_13_1) AppleWebKit/604.3.5 (KHTML, like Gecko)"
13.56.236.129 - - [06/Dec/2017:08:36:34 +0100] "GET /hollabrunn/grundkurs_weihnachten_2017 HTTP/1.1" 301 318 "-" "Mozilla/5.0 (X11; Ubuntu; Linux x86_64; rv:55.0) Gecko/20100101 Firefox/55.0"
217.116.178.218 - - [06/Dec/2017:08:36:34 +0100] "GET / HTTP/1.1" 200 4436 "-" "Mozilla/5.0 (Macintosh; Intel Mac OS X 10_13_1) AppleWebKit/604.3.5 (KHTML, like Gecko)"
217.116.178.218 - - [06/Dec/2017:08:36:35 +0100] "GET /apple-touch-icon-precomposed.png HTTP/1.1" 404 2654 "-" "Safari/13604.3.5 CFNetwork/889.9 Darwin/17.2.0 (x86_64)"
13.56.236.129 - - [06/Dec/2017:08:36:35 +0100] "GET /hollabrunn/grundkurs_weihnachten_2017 HTTP/1.1" 404 3466 "http://www.easydrivers.at/hollabrunn/grundkurs_weihnachten_2017" "Mozilla/5.0 (X11; Ubuntu; Linux x86_64; rv:55.0) Gecko/20100101 Firefox/55.0"
217.116.178.218 - - [06/Dec/2017:08:36:36 +0100] "GET /apple-touch-icon.png HTTP/1.1" 404 2654 "-" "Safari/13604.3.5 CFNetwork/889.9 Darwin/17.2.0 (x86_64)"
217.116.178.218 - - [06/Dec/2017:08:36:38 +0100] "GET /img/new_favicon.ico HTTP/1.1" 301 306 "-" "Safari/13604.3.5 CFNetwork/889.9 Darwin/17.2.0 (x86_64)"
217.116.178.218 - - [06/Dec/2017:08:36:38 +0100] "GET /img/new_favicon.ico HTTP/1.1" 200 1150 "-" "Safari/13604.3.5 CFNetwork/889.9 Darwin/17.2.0 (x86_64)"
217.116.178.218 - - [06/Dec/2017:08:36:38 +0100] "GET / HTTP/1.1" 301 293 "-" "Mozilla/5.0 (iPhone; CPU iPhone OS 10_3 like Mac OS X) AppleWebKit/603.1.30 (KHTML, like Gecko) Version/10.3 Mobile/14E277 Safari/603.1.30"
217.116.178.218 - - [06/Dec/2017:08:36:38 +0100] "GET / HTTP/1.1" 200 3554 "-" "Mozilla/5.0 (iPhone; CPU iPhone OS 10_3 like Mac OS X) AppleWebKit/603.1.30 (KHTML, like Gecko) Version/10.3 Mobile/14E277 Safari/603.1.30"
217.116.178.218 - - [06/Dec/2017:08:36:39 +0100] "GET /apple-touch-icon-precomposed.png HTTP/1.1" 404 2654 "-" "Safari/13604.3.5 CFNetwork/889.9 Darwin/17.2.0 (x86_64)"
217.116.178.218 - - [06/Dec/2017:08:36:40 +0100] "GET /apple-touch-icon.png HTTP/1.1" 404 2654 "-" "Safari/13604.3.5 CFNetwork/889.9 Darwin/17.2.0 (x86_64)"
217.116.178.218 - - [06/Dec/2017:08:36:42 +0100] "GET /img/favicon.ico HTTP/1.1" 301 303 "-" "Safari/13604.3.5 CFNetwork/889.9 Darwin/17.2.0 (x86_64)"
217.116.178.218 - - [06/Dec/2017:08:36:42 +0100] "GET /img/favicon.ico HTTP/1.1" 404 301 "-" "Safari/13604.3.5 CFNetwork/889.9 Darwin/17.2.0 (x86_64)"
213.147.163.68 - - [06/Dec/2017:08:36:42 +0100] "GET / HTTP/1.1" 301 293 "-" "Mozilla/5.0 (Linux; Android 5.1.1; HUAWEI SCL-L21 Build/HuaweiSCL-L21) AppleWebKit/537.36 (KHTML, like Gecko) Chrome/43.0.2357.93 Mobile Safari/537.36"
217.116.178.218 - - [06/Dec/2017:08:36:42 +0100] "GET /favicon.ico HTTP/1.1" 200 1150 "-" "Safari/13604.3.5 CFNetwork/889.9 Darwin/17.2.0 (x86_64)"
66.249.76.117 - - [06/Dec/2017:08:36:43 +0100] "GET /st.valentin/kurse/plan1/02_feb/17_2.php HTTP/1.1" 301 322 "-" "Mozilla/5.0 (compatible; Googlebot/2.1; +http://www.google.com/bot.html)"
213.147.163.68 - - [06/Dec/2017:08:36:44 +0100] "GET / HTTP/1.1" 200 3554 "-" "Mozilla/5.0 (Linux; Android 5.1.1; HUAWEI SCL-L21 Build/HuaweiSCL-L21) AppleWebKit/537.36 (KHTML, like Gecko) Chrome/43.0.2357.93 Mobile Safari/537.36"
213.147.163.68 - - [06/Dec/2017:08:36:45 +0100] "GET /css/mobile.css HTTP/1.1" 200 2852 "https://www.easydrivers.at/" "Mozilla/5.0 (Linux; Android 5.1.1; HUAWEI SCL-L21 Build/HuaweiSCL-L21) AppleWebKit/537.36 (KHTML, like Gecko) Chrome/43.0.2357.93 Mobile Safari/537.36"
213.147.163.68 - - [06/Dec/2017:08:36:45 +0100] "GET /javascript/jquery-1.9.1.min.js HTTP/1.1" 200 32731 "https://www.easydrivers.at/" "Mozilla/5.0 (Linux; Android 5.1.1; HUAWEI SCL-L21 Build/HuaweiSCL-L21) AppleWebKit/537.36 (KHTML, like Gecko) Chrome/43.0.2357.93 Mobile Safari/537.36"
213.147.163.68 - - [06/Dec/2017:08:36:45 +0100] "GET /javascript/jquery.cookie.js HTTP/1.1" 200 863 "https://www.easydrivers.at/" "Mozilla/5.0 (Linux; Android 5.1.1; HUAWEI SCL-L21 Build/HuaweiSCL-L21) AppleWebKit/537.36 (KHTML, like Gecko) Chrome/43.0.2357.93 Mobile Safari/537.36"
213.147.163.68 - - [06/Dec/2017:08:36:45 +0100] "GET /javascript/mobile-menu.js HTTP/1.1" 200 1634 "https://www.easydrivers.at/" "Mozilla/5.0 (Linux; Android 5.1.1; HUAWEI SCL-L21 Build/HuaweiSCL-L21) AppleWebKit/537.36 (KHTML, like Gecko) Chrome/43.0.2357.93 Mobile Safari/537.36"
213.147.163.68 - - [06/Dec/2017:08:36:45 +0100] "GET /javascript/jquery.simplemodal.js HTTP/1.1" 200 3070 "https://www.easydrivers.at/" "Mozilla/5.0 (Linux; Android 5.1.1; HUAWEI SCL-L21 Build/HuaweiSCL-L21) AppleWebKit/537.36 (KHTML, like Gecko) Chrome/43.0.2357.93 Mobile Safari/537.36"
213.147.163.68 - - [06/Dec/2017:08:36:45 +0100] "GET /javascript/mobile-homesearch.js HTTP/1.1" 200 340 "https://www.easydrivers.at/" "Mozilla/5.0 (Linux; Android 5.1.1; HUAWEI SCL-L21 Build/HuaweiSCL-L21) AppleWebKit/537.36 (KHTML, like Gecko) Chrome/43.0.2357.93 Mobile Safari/537.36"
213.147.163.68 - - [06/Dec/2017:08:36:45 +0100] "GET /javascript/lazyload.js HTTP/1.1" 200 1170 "https://www.easydrivers.at/" "Mozilla/5.0 (Linux; Android 5.1.1; HUAWEI SCL-L21 Build/HuaweiSCL-L21) AppleWebKit/537.36 (KHTML, like Gecko) Chrome/43.0.2357.93 Mobile Safari/537.36"
213.147.163.68 - - [06/Dec/2017:08:36:46 +0100] "GET /img/mobile/easydrivers-logo-mobile.png HTTP/1.1" 200 10766 "https://www.easydrivers.at/" "Mozilla/5.0 (Linux; Android 5.1.1; HUAWEI SCL-L21 Build/HuaweiSCL-L21) AppleWebKit/537.36 (KHTML, like Gecko) Chrome/43.0.2357.93 Mobile Safari/537.36"
213.147.163.68 - - [06/Dec/2017:08:36:46 +0100] "GET /img/mobile/menu-button.png HTTP/1.1" 200 1746 "https://www.easydrivers.at/" "Mozilla/5.0 (Linux; Android 5.1.1; HUAWEI SCL-L21 Build/HuaweiSCL-L21) AppleWebKit/537.36 (KHTML, like Gecko) Chrome/43.0.2357.93 Mobile Safari/537.36"
213.147.163.68 - - [06/Dec/2017:08:36:46 +0100] "GET /img/mobile/close-button.png HTTP/1.1" 200 2411 "https://www.easydrivers.at/" "Mozilla/5.0 (Linux; Android 5.1.1; HUAWEI SCL-L21 Build/HuaweiSCL-L21) AppleWebKit/537.36 (KHTML, like Gecko) Chrome/43.0.2357.93 Mobile Safari/537.36"
213.147.163.68 - - [06/Dec/2017:08:36:46 +0100] "GET /img/mobile/facebook-icon.png HTTP/1.1" 200 1902 "https://www.easydrivers.at/" "Mozilla/5.0 (Linux; Android 5.1.1; HUAWEI SCL-L21 Build/HuaweiSCL-L21) AppleWebKit/537.36 (KHTML, like Gecko) Chrome/43.0.2357.93 Mobile Safari/537.36"
213.147.163.68 - - [06/Dec/2017:08:36:46 +0100] "GET /img/mobile/widget-icon-app.png HTTP/1.1" 200 3458 "https://www.easydrivers.at/" "Mozilla/5.0 (Linux; Android 5.1.1; HUAWEI SCL-L21 Build/HuaweiSCL-L21) AppleWebKit/537.36 (KHTML, like Gecko) Chrome/43.0.2357.93 Mobile Safari/537.36"
213.147.163.68 - - [06/Dec/2017:08:36:46 +0100] "GET /img/mobile/bg-header.jpg HTTP/1.1" 200 19741 "https://www.easydrivers.at/css/mobile.css" "Mozilla/5.0 (Linux; Android 5.1.1; HUAWEI SCL-L21 Build/HuaweiSCL-L21) AppleWebKit/537.36 (KHTML, like Gecko) Chrome/43.0.2357.93 Mobile Safari/537.36"
213.147.163.68 - - [06/Dec/2017:08:36:46 +0100] "GET /img/mobile/bg-menu.jpg HTTP/1.1" 200 1698 "https://www.easydrivers.at/css/mobile.css" "Mozilla/5.0 (Linux; Android 5.1.1; HUAWEI SCL-L21 Build/HuaweiSCL-L21) AppleWebKit/537.36 (KHTML, like Gecko) Chrome/43.0.2357.93 Mobile Safari/537.36"
213.147.163.68 - - [06/Dec/2017:08:36:46 +0100] "GET /img/mobile/bg-top-section.jpg HTTP/1.1" 200 21711 "https://www.easydrivers.at/css/mobile.css" "Mozilla/5.0 (Linux; Android 5.1.1; HUAWEI SCL-L21 Build/HuaweiSCL-L21) AppleWebKit/537.36 (KHTML, like Gecko) Chrome/43.0.2357.93 Mobile Safari/537.36"
213.147.163.68 - - [06/Dec/2017:08:36:46 +0100] "GET /img/mobile/pfeil-rechts.png HTTP/1.1" 200 1228 "https://www.easydrivers.at/css/mobile.css" "Mozilla/5.0 (Linux; Android 5.1.1; HUAWEI SCL-L21 Build/HuaweiSCL-L21) AppleWebKit/537.36 (KHTML, like Gecko) Chrome/43.0.2357.93 Mobile Safari/537.36"
66.249.76.82 - - [06/Dec/2017:08:36:45 +0100] "GET /st.valentin/kurse/plan1/02_feb/17_2.php HTTP/1.1" 404 3456 "-" "Mozilla/5.0 (compatible; Googlebot/2.1; +http://www.google.com/bot.html)"
213.147.163.68 - - [06/Dec/2017:08:36:47 +0100] "GET /img/favicon.ico HTTP/1.1" 301 303 "-" "Mozilla/5.0 (Linux; Android 5.1.1; HUAWEI SCL-L21 Build/HuaweiSCL-L21) AppleWebKit/537.36 (KHTML, like Gecko) Chrome/43.0.2357.93 Mobile Safari/537.36"
213.147.163.68 - - [06/Dec/2017:08:36:47 +0100] "GET /img/favicon.ico HTTP/1.1" 404 301 "-" "Mozilla/5.0 (Linux; Android 5.1.1; HUAWEI SCL-L21 Build/HuaweiSCL-L21) AppleWebKit/537.36 (KHTML, like Gecko) Chrome/43.0.2357.93 Mobile Safari/537.36"
213.147.163.68 - - [06/Dec/2017:08:36:54 +0100] "GET /app HTTP/1.1" 200 2408 "https://www.easydrivers.at/" "Mozilla/5.0 (Linux; Android 5.1.1; HUAWEI SCL-L21 Build/HuaweiSCL-L21) AppleWebKit/537.36 (KHTML, like Gecko) Chrome/43.0.2357.93 Mobile Safari/537.36"
213.147.163.68 - - [06/Dec/2017:08:36:56 +0100] "GET /binaries/10227599.png HTTP/1.1" 200 4420 "https://www.easydrivers.at/app" "Mozilla/5.0 (Linux; Android 5.1.1; HUAWEI SCL-L21 Build/HuaweiSCL-L21) AppleWebKit/537.36 (KHTML, like Gecko) Chrome/43.0.2357.93 Mobile Safari/537.36"
213.147.163.68 - - [06/Dec/2017:08:36:56 +0100] "GET /binaries/10227600.png HTTP/1.1" 200 4765 "https://www.easydrivers.at/app" "Mozilla/5.0 (Linux; Android 5.1.1; HUAWEI SCL-L21 Build/HuaweiSCL-L21) AppleWebKit/537.36 (KHTML, like Gecko) Chrome/43.0.2357.93 Mobile Safari/537.36"
213.147.163.68 - - [06/Dec/2017:08:36:56 +0100] "GET /binaries/10244141_1.jpg HTTP/1.1" 200 7585 "https://www.easydrivers.at/app" "Mozilla/5.0 (Linux; Android 5.1.1; HUAWEI SCL-L21 Build/HuaweiSCL-L21) AppleWebKit/537.36 (KHTML, like Gecko) Chrome/43.0.2357.93 Mobile Safari/537.36"
213.147.163.68 - - [06/Dec/2017:08:36:56 +0100] "GET /binaries/10244142_1.jpg HTTP/1.1" 200 7031 "https://www.easydrivers.at/app" "Mozilla/5.0 (Linux; Android 5.1.1; HUAWEI SCL-L21 Build/HuaweiSCL-L21) AppleWebKit/537.36 (KHTML, like Gecko) Chrome/43.0.2357.93 Mobile Safari/537.36"
207.46.13.43 - - [06/Dec/2017:08:37:25 +0100] "GET /hartberg HTTP/1.1" 200 3560 "-" "Mozilla/5.0 (compatible; bingbot/2.0; +http://www.bing.com/bingbot.htm)"
13.56.188.200 - - [06/Dec/2017:08:37:28 +0100] "GET /hollabrunn/grundkurs_weihnachten_2017 HTTP/1.1" 404 3466 "-" "Mozilla/5.0 (X11; Ubuntu; Linux x86_64; rv:55.0) Gecko/20100101 Firefox/55.0"
13.56.188.200 - - [06/Dec/2017:08:37:32 +0100] "GET /hollabrunn/grundkurs_weihnachten_2017 HTTP/1.1" 301 318 "-" "Mozilla/5.0 (X11; Ubuntu; Linux x86_64; rv:55.0) Gecko/20100101 Firefox/55.0"
13.56.188.200 - - [06/Dec/2017:08:37:32 +0100] "GET /hollabrunn/grundkurs_weihnachten_2017 HTTP/1.1" 404 3466 "http://www.easydrivers.at/hollabrunn/grundkurs_weihnachten_2017" "Mozilla/5.0 (X11; Ubuntu; Linux x86_64; rv:55.0) Gecko/20100101 Firefox/55.0"
207.46.13.137 - - [06/Dec/2017:08:37:35 +0100] "GET /amstetten/abendkursmai2?FS=A2B HTTP/1.1" 301 315 "-" "Mozilla/5.0 (compatible; bingbot/2.0; +http://www.bing.com/bingbot.htm)"
91.141.0.19 - - [06/Dec/2017:08:37:37 +0100] "GET /krems/10276251 HTTP/1.1" 200 3274 "http://m.facebook.com/" "Mozilla/5.0 (Linux; Android 7.0; SM-G920F Build/NRD90M; wv) AppleWebKit/537.36 (KHTML, like Gecko) Version/4.0 Chrome/62.0.3202.84 Mobile Safari/537.36 [FB_IAB/FB4A;FBAV/151.0.0.44.205;]"
91.141.0.162 - - [06/Dec/2017:08:37:38 +0100] "GET /tulln/Weihnachtskurs_Abendkurs_Dezember_2017?FS=B HTTP/1.1" 200 3264 "http://m.facebook.com/" "Mozilla/5.0 (Linux; Android 7.0; VTR-L09 Build/HUAWEIVTR-L09; wv) AppleWebKit/537.36 (KHTML, like Gecko) Version/4.0 Chrome/62.0.3202.84 Mobile Safari/537.36 [FB_IAB/FB4A;FBAV/152.0.0.42.136;]"
178.115.130.70 - - [06/Dec/2017:08:37:49 +0100] "GET /perg/10293777?FS=B HTTP/1.1" 200 3030 "http://m.facebook.com" "Mozilla/5.0 (iPhone; CPU iPhone OS 11_0_3 like Mac OS X) AppleWebKit/604.1.38 (KHTML, like Gecko) Mobile/15A432 [FBAN/FBIOS;FBAV/151.0.0.61.202;FBBV/82156572;FBDV/iPhone8,2;FBMD/iPhone;FBSN/iOS;FBSV/11.0.3;FBSS/3;FBCR/3Austria;FBID/phone;FBLC/de_DE;FBOP/5;FBRV/83160404]"
62.218.66.41 - - [06/Dec/2017:08:37:57 +0100] "GET / HTTP/1.1" 200 4436 "-" "Mozilla/5.0 (Windows NT 10.0; Win64; x64) AppleWebKit/537.36 (KHTML, like Gecko) Chrome/62.0.3202.94 Safari/537.36"
62.218.66.41 - - [06/Dec/2017:08:37:58 +0100] "GET /cache/emu/images/easy-drivers-portal10294676/pastedgraphic-3-1png_160_90_0.png HTTP/1.1" 304 - "https://www.easydrivers.at/" "Mozilla/5.0 (Windows NT 10.0; Win64; x64) AppleWebKit/537.36 (KHTML, like Gecko) Chrome/62.0.3202.94 Safari/537.36"
213.162.72.193 - - [06/Dec/2017:08:37:58 +0100] "GET /amstetten/weihnachtskurs?FS=B HTTP/1.1" 200 3162 "http://m.facebook.com/" "Mozilla/5.0 (Linux; Android 7.0; HUAWEI VNS-L21 Build/HUAWEIVNS-L21; wv) AppleWebKit/537.36 (KHTML, like Gecko) Version/4.0 Chrome/62.0.3202.84 Mobile Safari/537.36 [FB_IAB/FB4A;FBAV/150.0.0.38.138;]"
207.46.13.43 - - [06/Dec/2017:08:38:08 +0100] "GET /spittelau/Inhaberdaten HTTP/1.1" 301 307 "-" "Mozilla/5.0 (compatible; bingbot/2.0; +http://www.bing.com/bingbot.htm)"
62.218.66.41 - - [06/Dec/2017:08:38:10 +0100] "POST /fahrschulen/kaernten HTTP/1.1" 301 307 "-" "Mozilla/5.0 (Windows NT 10.0; Win64; x64) AppleWebKit/537.36 (KHTML, like Gecko) Chrome/62.0.3202.94 Safari/537.36"
62.218.66.41 - - [06/Dec/2017:08:38:10 +0100] "GET /img/loading-bars.gif HTTP/1.1" 200 3951 "https://www.easydrivers.at/css/style.css" "Mozilla/5.0 (Windows NT 10.0; Win64; x64) AppleWebKit/537.36 (KHTML, like Gecko) Chrome/62.0.3202.94 Safari/537.36"
62.218.66.41 - - [06/Dec/2017:08:38:10 +0100] "GET /fahrschulen/kaernten HTTP/1.1" 200 2590 "-" "Mozilla/5.0 (Windows NT 10.0; Win64; x64) AppleWebKit/537.36 (KHTML, like Gecko) Chrome/62.0.3202.94 Safari/537.36"
62.218.66.41 - - [06/Dec/2017:08:38:11 +0100] "GET /img/submit-button-small.png HTTP/1.1" 200 1456 "https://www.easydrivers.at/fahrschulen/kaernten" "Mozilla/5.0 (Windows NT 10.0; Win64; x64) AppleWebKit/537.36 (KHTML, like Gecko) Chrome/62.0.3202.94 Safari/537.36"
62.218.66.41 - - [06/Dec/2017:08:38:11 +0100] "GET /img/smallicon-address.png HTTP/1.1" 200 1211 "https://www.easydrivers.at/fahrschulen/kaernten" "Mozilla/5.0 (Windows NT 10.0; Win64; x64) AppleWebKit/537.36 (KHTML, like Gecko) Chrome/62.0.3202.94 Safari/537.36"
62.218.66.41 - - [06/Dec/2017:08:38:11 +0100] "GET /img/locator-icon.png HTTP/1.1" 200 1377 "https://www.easydrivers.at/fahrschulen/kaernten" "Mozilla/5.0 (Windows NT 10.0; Win64; x64) AppleWebKit/537.36 (KHTML, like Gecko) Chrome/62.0.3202.94 Safari/537.36"
62.218.66.41 - - [06/Dec/2017:08:38:11 +0100] "GET /img/smallicon-phone.png HTTP/1.1" 200 3056 "https://www.easydrivers.at/fahrschulen/kaernten" "Mozilla/5.0 (Windows NT 10.0; Win64; x64) AppleWebKit/537.36 (KHTML, like Gecko) Chrome/62.0.3202.94 Safari/537.36"
62.218.66.41 - - [06/Dec/2017:08:38:11 +0100] "GET /img/bg-yellow.jpg HTTP/1.1" 200 2250 "https://www.easydrivers.at/css/style.css" "Mozilla/5.0 (Windows NT 10.0; Win64; x64) AppleWebKit/537.36 (KHTML, like Gecko) Chrome/62.0.3202.94 Safari/537.36"
62.218.66.41 - - [06/Dec/2017:08:38:12 +0100] "GET /img/smallicon-time.png HTTP/1.1" 200 1262 "https://www.easydrivers.at/fahrschulen/kaernten" "Mozilla/5.0 (Windows NT 10.0; Win64; x64) AppleWebKit/537.36 (KHTML, like Gecko) Chrome/62.0.3202.94 Safari/537.36"
62.218.66.41 - - [06/Dec/2017:08:38:12 +0100] "GET /img/smallicon-mail.png HTTP/1.1" 200 1341 "https://www.easydrivers.at/fahrschulen/kaernten" "Mozilla/5.0 (Windows NT 10.0; Win64; x64) AppleWebKit/537.36 (KHTML, like Gecko) Chrome/62.0.3202.94 Safari/537.36"
62.218.66.41 - - [06/Dec/2017:08:38:12 +0100] "GET /img/arrow-left.png HTTP/1.1" 200 1015 "https://www.easydrivers.at/css/style.css" "Mozilla/5.0 (Windows NT 10.0; Win64; x64) AppleWebKit/537.36 (KHTML, like Gecko) Chrome/62.0.3202.94 Safari/537.36"
62.218.66.41 - - [06/Dec/2017:08:38:20 +0100] "GET /klagenfurt HTTP/1.1" 200 3665 "https://www.easydrivers.at/fahrschulen/kaernten" "Mozilla/5.0 (Windows NT 10.0; Win64; x64) AppleWebKit/537.36 (KHTML, like Gecko) Chrome/62.0.3202.94 Safari/537.36"
62.218.66.41 - - [06/Dec/2017:08:38:22 +0100] "GET /javascript/fahrschule.js HTTP/1.1" 200 462 "https://www.easydrivers.at/klagenfurt" "Mozilla/5.0 (Windows NT 10.0; Win64; x64) AppleWebKit/537.36 (KHTML, like Gecko) Chrome/62.0.3202.94 Safari/537.36"
62.218.66.41 - - [06/Dec/2017:08:38:22 +0100] "GET /img/info-button.png HTTP/1.1" 200 738 "https://www.easydrivers.at/klagenfurt" "Mozilla/5.0 (Windows NT 10.0; Win64; x64) AppleWebKit/537.36 (KHTML, like Gecko) Chrome/62.0.3202.94 Safari/537.36"
62.218.66.41 - - [06/Dec/2017:08:38:22 +0100] "GET /img/close-button-small.png HTTP/1.1" 200 1671 "https://www.easydrivers.at/klagenfurt" "Mozilla/5.0 (Windows NT 10.0; Win64; x64) AppleWebKit/537.36 (KHTML, like Gecko) Chrome/62.0.3202.94 Safari/537.36"
62.218.66.41 - - [06/Dec/2017:08:38:22 +0100] "GET /cache/emu/images/easy-drivers-portal10248737/img8567jpg_135_90_0.jpg HTTP/1.1" 200 4923 "https://www.easydrivers.at/klagenfurt" "Mozilla/5.0 (Windows NT 10.0; Win64; x64) AppleWebKit/537.36 (KHTML, like Gecko) Chrome/62.0.3202.94 Safari/537.36"
62.218.66.41 - - [06/Dec/2017:08:38:25 +0100] "GET /klagenfurt/aktionen HTTP/1.1" 200 3068 "https://www.easydrivers.at/klagenfurt" "Mozilla/5.0 (Windows NT 10.0; Win64; x64) AppleWebKit/537.36 (KHTML, like Gecko) Chrome/62.0.3202.94 Safari/537.36"
62.218.66.41 - - [06/Dec/2017:08:38:27 +0100] "GET /img/top-image-overlay.png HTTP/1.1" 200 20650 "https://www.easydrivers.at/css/style.css" "Mozilla/5.0 (Windows NT 10.0; Win64; x64) AppleWebKit/537.36 (KHTML, like Gecko) Chrome/62.0.3202.94 Safari/537.36"
62.218.66.41 - - [06/Dec/2017:08:38:27 +0100] "GET /binaries/easy-drivers-portal/motorrad4jpg.jpg HTTP/1.1" 200 110277 "https://www.easydrivers.at/klagenfurt/aktionen" "Mozilla/5.0 (Windows NT 10.0; Win64; x64) AppleWebKit/537.36 (KHTML, like Gecko) Chrome/62.0.3202.94 Safari/537.36"
193.81.167.77 - - [06/Dec/2017:08:38:36 +0100] "GET /hartberg HTTP/1.1" 301 299 "https://www.google.at/" "Mozilla/5.0 (Windows NT 10.0; Win64; x64) AppleWebKit/537.36 (KHTML, like Gecko) Chrome/52.0.2743.116 Safari/537.36 Edge/15.15063"
193.81.167.77 - - [06/Dec/2017:08:38:36 +0100] "GET /hartberg HTTP/1.1" 200 3560 "https://www.google.at/" "Mozilla/5.0 (Windows NT 10.0; Win64; x64) AppleWebKit/537.36 (KHTML, like Gecko) Chrome/52.0.2743.116 Safari/537.36 Edge/15.15063"
62.218.66.41 - - [06/Dec/2017:08:38:40 +0100] "GET /klagenfurt/aktionen HTTP/1.1" 200 3069 "https://www.easydrivers.at/klagenfurt/aktionen" "Mozilla/5.0 (Windows NT 10.0; Win64; x64) AppleWebKit/537.36 (KHTML, like Gecko) Chrome/62.0.3202.94 Safari/537.36"
49.144.193.159 - - [06/Dec/2017:08:38:42 +0100] "GET /wp-login.php HTTP/1.1" 301 399 "-" "Mozilla/5.0 (Windows NT 6.1; WOW64; rv:40.0) Gecko/20100101 Firefox/40.1"
62.218.66.41 - - [06/Dec/2017:08:38:42 +0100] "GET /binaries/easy-drivers-portal/motorrad3jpg.jpg HTTP/1.1" 200 111280 "https://www.easydrivers.at/klagenfurt/aktionen" "Mozilla/5.0 (Windows NT 10.0; Win64; x64) AppleWebKit/537.36 (KHTML, like Gecko) Chrome/62.0.3202.94 Safari/537.36"
49.144.193.159 - - [06/Dec/2017:08:38:44 +0100] "GET /wp-login.php HTTP/1.1" 404 8398 "-" "Mozilla/5.0 (Windows NT 6.1; WOW64; rv:40.0) Gecko/20100101 Firefox/40.1"
49.144.193.159 - - [06/Dec/2017:08:38:46 +0100] "GET / HTTP/1.1" 301 387 "-" "Mozilla/5.0 (Windows NT 6.1; WOW64; rv:40.0) Gecko/20100101 Firefox/40.1"
49.144.193.159 - - [06/Dec/2017:08:38:47 +0100] "GET / HTTP/1.1" 200 15887 "-" "Mozilla/5.0 (Windows NT 6.1; WOW64; rv:40.0) Gecko/20100101 Firefox/40.1"
213.147.163.68 - - [06/Dec/2017:08:39:04 +0100] "GET / HTTP/1.1" 301 293 "-" "Mozilla/5.0 (Linux; Android 5.1.1; HUAWEI SCL-L21 Build/HuaweiSCL-L21) AppleWebKit/537.36 (KHTML, like Gecko) Chrome/43.0.2357.93 Mobile Safari/537.36"
213.147.163.68 - - [06/Dec/2017:08:39:04 +0100] "GET / HTTP/1.1" 200 3554 "-" "Mozilla/5.0 (Linux; Android 5.1.1; HUAWEI SCL-L21 Build/HuaweiSCL-L21) AppleWebKit/537.36 (KHTML, like Gecko) Chrome/43.0.2357.93 Mobile Safari/537.36"
46.125.249.105 - - [06/Dec/2017:08:39:03 +0100] "GET /ennstal.bad.aussee/wfk-22-12-2017?FS=B HTTP/1.1" 200 3219 "http://m.facebook.com" "Mozilla/5.0 (iPhone; CPU iPhone OS 11_1_2 like Mac OS X) AppleWebKit/604.3.5 (KHTML, like Gecko) Mobile/15B202 [FBAN/FBIOS;FBAV/151.0.0.61.202;FBBV/82156572;FBDV/iPhone8,1;FBMD/iPhone;FBSN/iOS;FBSV/11.1.2;FBSS/2;FBCR/Carrier;FBID/phone;FBLC/de_DE;FBOP/5;FBRV/82156572]"
194.166.32.34 - - [06/Dec/2017:08:39:06 +0100] "GET /hollabrunn/Grundkurs_Weihnachten_2017?FS=B HTTP/1.1" 200 3287 "http://m.facebook.com/" "Mozilla/5.0 (Linux; Android 7.0; VKY-L09 Build/HUAWEIVKY-L09; wv) AppleWebKit/537.36 (KHTML, like Gecko) Version/4.0 Chrome/62.0.3202.84 Mobile Safari/537.36 [FB_IAB/FB4A;FBAV/152.0.0.42.136;]"
46.125.250.94 - - [06/Dec/2017:08:39:11 +0100] "GET /binaries/easy-drivers-pankl-leoben/fahrpr.pdf HTTP/1.1" 200 193072 "https://www.google.at/" "Mozilla/5.0 (Linux; Android 6.0; Infinix Zero 3 Build/MRA58K) AppleWebKit/537.36 (KHTML, like Gecko) Chrome/62.0.3202.84 Mobile Safari/537.36"
213.225.10.100 - - [06/Dec/2017:08:39:12 +0100] "GET /fuehrerscheine/traktor HTTP/1.1" 301 306 "-" "Mozilla/5.0 (Linux; U; Android 4.1.2; de-at; GT-S7710 Build/JZO54K) AppleWebKit/534.30 (KHTML, like Gecko) Version/4.0 Mobile Safari/534.30"
85.193.129.74 - - [06/Dec/2017:08:39:12 +0100] "GET /st.valentin/10293790?FS=B HTTP/1.1" 200 3077 "http://m.facebook.com/" "Mozilla/5.0 (Linux; Android 7.1.1; ONEPLUS A5010 Build/NMF26X; wv) AppleWebKit/537.36 (KHTML, like Gecko) Version/4.0 Chrome/62.0.3202.84 Mobile Safari/537.36 [FB_IAB/FB4A;FBAV/152.0.0.42.136;]"
213.225.36.191 - - [06/Dec/2017:08:39:32 +0100] "GET /brigittenau/10268964 HTTP/1.1" 200 2887 "http://m.facebook.com/" "Mozilla/5.0 (Linux; Android 7.1.1; SM-N950F Build/NMF26X; wv) AppleWebKit/537.36 (KHTML, like Gecko) Version/4.0 Chrome/59.0.3071.125 Mobile Safari/537.36 [FB_IAB/FB4A;FBAV/151.0.0.44.205;]"
207.46.13.43 - - [06/Dec/2017:08:39:34 +0100] "GET /fuehrerscheine/traktor HTTP/1.1" 200 2601 "-" "Mozilla/5.0 (compatible; bingbot/2.0; +http://www.bing.com/bingbot.htm)"
199.30.25.79 - - [06/Dec/2017:08:39:37 +0100] "GET /javascript/license.js HTTP/1.1" 200 315 "https://www.easydrivers.at/fuehrerscheine/traktor" "Mozilla/5.0 (Windows NT 6.1; WOW64) AppleWebKit/534+ (KHTML, like Gecko) BingPreview/1.0b"
157.55.39.65 - - [06/Dec/2017:08:39:43 +0100] "GET /fahrschulen HTTP/1.1" 200 3928 "-" "Mozilla/5.0 (compatible; bingbot/2.0; +http://www.bing.com/bingbot.htm)"
178.115.129.66 - - [06/Dec/2017:08:39:46 +0100] "GET /bruck.leitha HTTP/1.1" 301 302 "https://www.google.at/" "Mozilla/5.0 (iPhone; CPU iPhone OS 11_1_2 like Mac OS X) AppleWebKit/604.3.5 (KHTML, like Gecko) Version/11.0 Mobile/15B202 Safari/604.1"
178.115.129.66 - - [06/Dec/2017:08:39:47 +0100] "GET /bruck.leitha HTTP/1.1" 200 2938 "https://www.google.at/" "Mozilla/5.0 (iPhone; CPU iPhone OS 11_1_2 like Mac OS X) AppleWebKit/604.3.5 (KHTML, like Gecko) Version/11.0 Mobile/15B202 Safari/604.1"
82.208.140.52 - - [06/Dec/2017:08:39:49 +0100] "GET /wp-login.php HTTP/1.1" 301 399 "-" "Mozilla/5.0 (Windows NT 6.1; WOW64; rv:40.0) Gecko/20100101 Firefox/40.1"
178.115.129.66 - - [06/Dec/2017:08:39:49 +0100] "GET /javascript/mobile-menu.js HTTP/1.1" 200 1634 "https://www.easydrivers.at/bruck.leitha" "Mozilla/5.0 (iPhone; CPU iPhone OS 11_1_2 like Mac OS X) AppleWebKit/604.3.5 (KHTML, like Gecko) Version/11.0 Mobile/15B202 Safari/604.1"
178.115.129.66 - - [06/Dec/2017:08:39:49 +0100] "GET /css/mobile.css HTTP/1.1" 200 2852 "https://www.easydrivers.at/bruck.leitha" "Mozilla/5.0 (iPhone; CPU iPhone OS 11_1_2 like Mac OS X) AppleWebKit/604.3.5 (KHTML, like Gecko) Version/11.0 Mobile/15B202 Safari/604.1"
178.115.129.66 - - [06/Dec/2017:08:39:49 +0100] "GET /javascript/jquery.cookie.js HTTP/1.1" 200 863 "https://www.easydrivers.at/bruck.leitha" "Mozilla/5.0 (iPhone; CPU iPhone OS 11_1_2 like Mac OS X) AppleWebKit/604.3.5 (KHTML, like Gecko) Version/11.0 Mobile/15B202 Safari/604.1"
178.115.129.66 - - [06/Dec/2017:08:39:49 +0100] "GET /javascript/jquery-1.9.1.min.js HTTP/1.1" 200 32731 "https://www.easydrivers.at/bruck.leitha" "Mozilla/5.0 (iPhone; CPU iPhone OS 11_1_2 like Mac OS X) AppleWebKit/604.3.5 (KHTML, like Gecko) Version/11.0 Mobile/15B202 Safari/604.1"
178.115.129.66 - - [06/Dec/2017:08:39:49 +0100] "GET /javascript/lazyload.js HTTP/1.1" 200 1170 "https://www.easydrivers.at/bruck.leitha" "Mozilla/5.0 (iPhone; CPU iPhone OS 11_1_2 like Mac OS X) AppleWebKit/604.3.5 (KHTML, like Gecko) Version/11.0 Mobile/15B202 Safari/604.1"
178.115.129.66 - - [06/Dec/2017:08:39:49 +0100] "GET /javascript/jquery.simplemodal.js HTTP/1.1" 200 3070 "https://www.easydrivers.at/bruck.leitha" "Mozilla/5.0 (iPhone; CPU iPhone OS 11_1_2 like Mac OS X) AppleWebKit/604.3.5 (KHTML, like Gecko) Version/11.0 Mobile/15B202 Safari/604.1"
178.115.129.66 - - [06/Dec/2017:08:39:49 +0100] "GET /javascript/mobile-fahrschule.js HTTP/1.1" 200 328 "https://www.easydrivers.at/bruck.leitha" "Mozilla/5.0 (iPhone; CPU iPhone OS 11_1_2 like Mac OS X) AppleWebKit/604.3.5 (KHTML, like Gecko) Version/11.0 Mobile/15B202 Safari/604.1"
178.115.129.66 - - [06/Dec/2017:08:39:49 +0100] "GET /img/mobile/easydrivers-logo-mobile.png HTTP/1.1" 200 10766 "https://www.easydrivers.at/bruck.leitha" "Mozilla/5.0 (iPhone; CPU iPhone OS 11_1_2 like Mac OS X) AppleWebKit/604.3.5 (KHTML, like Gecko) Version/11.0 Mobile/15B202 Safari/604.1"
178.115.129.66 - - [06/Dec/2017:08:39:49 +0100] "GET /img/mobile/menu-button.png HTTP/1.1" 200 1746 "https://www.easydrivers.at/bruck.leitha" "Mozilla/5.0 (iPhone; CPU iPhone OS 11_1_2 like Mac OS X) AppleWebKit/604.3.5 (KHTML, like Gecko) Version/11.0 Mobile/15B202 Safari/604.1"
178.115.129.66 - - [06/Dec/2017:08:39:50 +0100] "GET /img/mobile/close-button.png HTTP/1.1" 200 2411 "https://www.easydrivers.at/bruck.leitha" "Mozilla/5.0 (iPhone; CPU iPhone OS 11_1_2 like Mac OS X) AppleWebKit/604.3.5 (KHTML, like Gecko) Version/11.0 Mobile/15B202 Safari/604.1"
82.208.140.52 - - [06/Dec/2017:08:39:49 +0100] "GET /wp-login.php HTTP/1.1" 404 8398 "-" "Mozilla/5.0 (Windows NT 6.1; WOW64; rv:40.0) Gecko/20100101 Firefox/40.1"
178.115.129.66 - - [06/Dec/2017:08:39:51 +0100] "GET /img/mobile/facebook-icon.png HTTP/1.1" 200 1902 "https://www.easydrivers.at/bruck.leitha" "Mozilla/5.0 (iPhone; CPU iPhone OS 11_1_2 like Mac OS X) AppleWebKit/604.3.5 (KHTML, like Gecko) Version/11.0 Mobile/15B202 Safari/604.1"
82.208.140.52 - - [06/Dec/2017:08:39:51 +0100] "GET / HTTP/1.1" 301 387 "-" "Mozilla/5.0 (Windows NT 6.1; WOW64; rv:40.0) Gecko/20100101 Firefox/40.1"
178.115.129.66 - - [06/Dec/2017:08:39:51 +0100] "GET /img/mobile/info-close-button.png HTTP/1.1" 200 1721 "https://www.easydrivers.at/bruck.leitha" "Mozilla/5.0 (iPhone; CPU iPhone OS 11_1_2 like Mac OS X) AppleWebKit/604.3.5 (KHTML, like Gecko) Version/11.0 Mobile/15B202 Safari/604.1"
178.115.129.66 - - [06/Dec/2017:08:39:51 +0100] "GET /img/smallicon-person.png HTTP/1.1" 200 1141 "https://www.easydrivers.at/bruck.leitha" "Mozilla/5.0 (iPhone; CPU iPhone OS 11_1_2 like Mac OS X) AppleWebKit/604.3.5 (KHTML, like Gecko) Version/11.0 Mobile/15B202 Safari/604.1"
178.115.129.66 - - [06/Dec/2017:08:39:51 +0100] "GET /img/smallicon-address.png HTTP/1.1" 200 1211 "https://www.easydrivers.at/bruck.leitha" "Mozilla/5.0 (iPhone; CPU iPhone OS 11_1_2 like Mac OS X) AppleWebKit/604.3.5 (KHTML, like Gecko) Version/11.0 Mobile/15B202 Safari/604.1"
178.115.129.66 - - [06/Dec/2017:08:39:51 +0100] "GET /img/mobile/googlemaps-pin.png HTTP/1.1" 200 1597 "https://www.easydrivers.at/bruck.leitha" "Mozilla/5.0 (iPhone; CPU iPhone OS 11_1_2 like Mac OS X) AppleWebKit/604.3.5 (KHTML, like Gecko) Version/11.0 Mobile/15B202 Safari/604.1"
178.115.129.66 - - [06/Dec/2017:08:39:52 +0100] "GET /img/mobile/info-button.png HTTP/1.1" 200 1549 "https://www.easydrivers.at/bruck.leitha" "Mozilla/5.0 (iPhone; CPU iPhone OS 11_1_2 like Mac OS X) AppleWebKit/604.3.5 (KHTML, like Gecko) Version/11.0 Mobile/15B202 Safari/604.1"
82.208.140.52 - - [06/Dec/2017:08:39:51 +0100] "GET / HTTP/1.1" 200 15887 "-" "Mozilla/5.0 (Windows NT 6.1; WOW64; rv:40.0) Gecko/20100101 Firefox/40.1"
178.115.129.66 - - [06/Dec/2017:08:39:52 +0100] "GET /img/smallicon-phone.png HTTP/1.1" 200 3056 "https://www.easydrivers.at/bruck.leitha" "Mozilla/5.0 (iPhone; CPU iPhone OS 11_1_2 like Mac OS X) AppleWebKit/604.3.5 (KHTML, like Gecko) Version/11.0 Mobile/15B202 Safari/604.1"
178.115.129.66 - - [06/Dec/2017:08:39:53 +0100] "GET /img/smallicon-mail.png HTTP/1.1" 200 1341 "https://www.easydrivers.at/bruck.leitha" "Mozilla/5.0 (iPhone; CPU iPhone OS 11_1_2 like Mac OS X) AppleWebKit/604.3.5 (KHTML, like Gecko) Version/11.0 Mobile/15B202 Safari/604.1"
178.115.129.66 - - [06/Dec/2017:08:39:53 +0100] "GET /img/smallicon-time.png HTTP/1.1" 200 1262 "https://www.easydrivers.at/bruck.leitha" "Mozilla/5.0 (iPhone; CPU iPhone OS 11_1_2 like Mac OS X) AppleWebKit/604.3.5 (KHTML, like Gecko) Version/11.0 Mobile/15B202 Safari/604.1"
83.215.16.183 - - [06/Dec/2017:08:39:54 +0100] "GET /img/ED_Logo.png HTTP/1.1" 301 305 "-" "Mozilla/5.0 (Macintosh; Intel Mac OS X 10.10; rv:57.0) Gecko/20100101 Firefox/57.0"
178.115.129.66 - - [06/Dec/2017:08:39:55 +0100] "GET /img/mobile/widget-icon-app.png HTTP/1.1" 200 3458 "https://www.easydrivers.at/bruck.leitha" "Mozilla/5.0 (iPhone; CPU iPhone OS 11_1_2 like Mac OS X) AppleWebKit/604.3.5 (KHTML, like Gecko) Version/11.0 Mobile/15B202 Safari/604.1"
178.115.129.66 - - [06/Dec/2017:08:39:55 +0100] "GET /img/mobile/pfeil-rechts.png HTTP/1.1" 200 1228 "https://www.easydrivers.at/bruck.leitha" "Mozilla/5.0 (iPhone; CPU iPhone OS 11_1_2 like Mac OS X) AppleWebKit/604.3.5 (KHTML, like Gecko) Version/11.0 Mobile/15B202 Safari/604.1"
178.115.129.66 - - [06/Dec/2017:08:39:55 +0100] "GET /img/mobile/bg-menu.jpg HTTP/1.1" 200 1698 "https://www.easydrivers.at/bruck.leitha" "Mozilla/5.0 (iPhone; CPU iPhone OS 11_1_2 like Mac OS X) AppleWebKit/604.3.5 (KHTML, like Gecko) Version/11.0 Mobile/15B202 Safari/604.1"
178.115.129.66 - - [06/Dec/2017:08:39:55 +0100] "GET /img/mobile/bg-top-section.jpg HTTP/1.1" 200 21711 "https://www.easydrivers.at/bruck.leitha" "Mozilla/5.0 (iPhone; CPU iPhone OS 11_1_2 like Mac OS X) AppleWebKit/604.3.5 (KHTML, like Gecko) Version/11.0 Mobile/15B202 Safari/604.1"
178.115.129.66 - - [06/Dec/2017:08:39:55 +0100] "GET /img/mobile/bg-header.jpg HTTP/1.1" 200 19741 "https://www.easydrivers.at/bruck.leitha" "Mozilla/5.0 (iPhone; CPU iPhone OS 11_1_2 like Mac OS X) AppleWebKit/604.3.5 (KHTML, like Gecko) Version/11.0 Mobile/15B202 Safari/604.1"
83.215.16.183 - - [06/Dec/2017:08:39:55 +0100] "GET /img/ED_Logo.png HTTP/1.1" 200 3385 "-" "Mozilla/5.0 (Macintosh; Intel Mac OS X 10.10; rv:57.0) Gecko/20100101 Firefox/57.0"
178.115.129.66 - - [06/Dec/2017:08:40:10 +0100] "GET /impressum HTTP/1.1" 200 6255 "https://www.easydrivers.at/bruck.leitha" "Mozilla/5.0 (iPhone; CPU iPhone OS 11_1_2 like Mac OS X) AppleWebKit/604.3.5 (KHTML, like Gecko) Version/11.0 Mobile/15B202 Safari/604.1"
46.125.250.94 - - [06/Dec/2017:08:40:23 +0100] "GET /binaries/easy-drivers-pankl-leoben/fahrpr.pdf HTTP/1.1" 200 193072 "https://www.google.at/" "Mozilla/5.0 (Linux; Android 6.0; Infinix Zero 3 Build/MRA58K) AppleWebKit/537.36 (KHTML, like Gecko) Chrome/62.0.3202.84 Mobile Safari/537.36"
193.171.69.65 - - [06/Dec/2017:08:40:27 +0100] "GET /innsbruck HTTP/1.1" 200 3772 "-" "Mozilla/5.0 (Windows NT 10.0; WOW64; Trident/7.0; rv:11.0) like Gecko"
193.171.69.65 - - [06/Dec/2017:08:40:29 +0100] "GET /css/print.css HTTP/1.1" 200 967 "https://www.easydrivers.at/innsbruck" "Mozilla/5.0 (Windows NT 10.0; WOW64; Trident/7.0; rv:11.0) like Gecko"
193.171.69.65 - - [06/Dec/2017:08:40:29 +0100] "GET /javascript/jquery.simplemodal.js HTTP/1.1" 200 3070 "https://www.easydrivers.at/innsbruck" "Mozilla/5.0 (Windows NT 10.0; WOW64; Trident/7.0; rv:11.0) like Gecko"
193.171.69.65 - - [06/Dec/2017:08:40:29 +0100] "GET /javascript/lazyload.js HTTP/1.1" 200 1170 "https://www.easydrivers.at/innsbruck" "Mozilla/5.0 (Windows NT 10.0; WOW64; Trident/7.0; rv:11.0) like Gecko"
193.171.69.65 - - [06/Dec/2017:08:40:29 +0100] "GET /javascript/jquery.customSelect.min.js HTTP/1.1" 200 912 "https://www.easydrivers.at/innsbruck" "Mozilla/5.0 (Windows NT 10.0; WOW64; Trident/7.0; rv:11.0) like Gecko"
193.171.69.65 - - [06/Dec/2017:08:40:29 +0100] "GET /javascript/portal.js?1221842734 HTTP/1.1" 200 3529 "https://www.easydrivers.at/innsbruck" "Mozilla/5.0 (Windows NT 10.0; WOW64; Trident/7.0; rv:11.0) like Gecko"
193.171.69.65 - - [06/Dec/2017:08:40:29 +0100] "GET /css/style.css HTTP/1.1" 200 5004 "https://www.easydrivers.at/innsbruck" "Mozilla/5.0 (Windows NT 10.0; WOW64; Trident/7.0; rv:11.0) like Gecko"
193.171.69.65 - - [06/Dec/2017:08:40:29 +0100] "GET /javascript/jquery.cookie.js HTTP/1.1" 200 863 "https://www.easydrivers.at/innsbruck" "Mozilla/5.0 (Windows NT 10.0; WOW64; Trident/7.0; rv:11.0) like Gecko"
193.171.69.65 - - [06/Dec/2017:08:40:29 +0100] "GET /img/close-button.png HTTP/1.1" 200 2237 "https://www.easydrivers.at/innsbruck" "Mozilla/5.0 (Windows NT 10.0; WOW64; Trident/7.0; rv:11.0) like Gecko"
193.171.69.65 - - [06/Dec/2017:08:40:29 +0100] "GET /img/facebook-icon.png HTTP/1.1" 200 1506 "https://www.easydrivers.at/innsbruck" "Mozilla/5.0 (Windows NT 10.0; WOW64; Trident/7.0; rv:11.0) like Gecko"
193.171.69.65 - - [06/Dec/2017:08:40:29 +0100] "GET /img/info-button.png HTTP/1.1" 200 738 "https://www.easydrivers.at/innsbruck" "Mozilla/5.0 (Windows NT 10.0; WOW64; Trident/7.0; rv:11.0) like Gecko"
193.171.69.65 - - [06/Dec/2017:08:40:29 +0100] "GET /javascript/fahrschule.js HTTP/1.1" 200 462 "https://www.easydrivers.at/innsbruck" "Mozilla/5.0 (Windows NT 10.0; WOW64; Trident/7.0; rv:11.0) like Gecko"
193.171.69.65 - - [06/Dec/2017:08:40:29 +0100] "GET /img/close-button-small.png HTTP/1.1" 200 1671 "https://www.easydrivers.at/innsbruck" "Mozilla/5.0 (Windows NT 10.0; WOW64; Trident/7.0; rv:11.0) like Gecko"
193.171.69.65 - - [06/Dec/2017:08:40:29 +0100] "GET /img/empty.gif HTTP/1.1" 200 43 "https://www.easydrivers.at/innsbruck" "Mozilla/5.0 (Windows NT 10.0; WOW64; Trident/7.0; rv:11.0) like Gecko"
193.171.69.65 - - [06/Dec/2017:08:40:29 +0100] "GET /img/submit-button.png HTTP/1.1" 200 1958 "https://www.easydrivers.at/innsbruck" "Mozilla/5.0 (Windows NT 10.0; WOW64; Trident/7.0; rv:11.0) like Gecko"
193.171.69.65 - - [06/Dec/2017:08:40:29 +0100] "GET /img/locator-icon.png HTTP/1.1" 200 1377 "https://www.easydrivers.at/innsbruck" "Mozilla/5.0 (Windows NT 10.0; WOW64; Trident/7.0; rv:11.0) like Gecko"
193.171.69.65 - - [06/Dec/2017:08:40:29 +0100] "GET /cache/emu/images/easy-drivers-portal10244080/fuehrerscheinbjpg_160_90_0.jpg HTTP/1.1" 200 4032 "https://www.easydrivers.at/innsbruck" "Mozilla/5.0 (Windows NT 10.0; WOW64; Trident/7.0; rv:11.0) like Gecko"
193.171.69.65 - - [06/Dec/2017:08:40:29 +0100] "GET /img/ed_pfeil_down.png HTTP/1.1" 200 3634 "https://www.easydrivers.at/innsbruck" "Mozilla/5.0 (Windows NT 10.0; WOW64; Trident/7.0; rv:11.0) like Gecko"
193.171.69.65 - - [06/Dec/2017:08:40:29 +0100] "GET /img/schweiz-icon.png HTTP/1.1" 200 1504 "https://www.easydrivers.at/innsbruck" "Mozilla/5.0 (Windows NT 10.0; WOW64; Trident/7.0; rv:11.0) like Gecko"
193.171.69.65 - - [06/Dec/2017:08:40:29 +0100] "GET /cache/emu/images/easy-drivers-portal10294676/pastedgraphic-3-1png_160_90_0.png HTTP/1.1" 200 9745 "https://www.easydrivers.at/innsbruck" "Mozilla/5.0 (Windows NT 10.0; WOW64; Trident/7.0; rv:11.0) like Gecko"
193.171.69.65 - - [06/Dec/2017:08:40:29 +0100] "GET /cache/emu/images/easy-drivers-portal10264046/weihnachtsbaumjpg_90_90_0.jpg HTTP/1.1" 200 2344 "https://www.easydrivers.at/innsbruck" "Mozilla/5.0 (Windows NT 10.0; WOW64; Trident/7.0; rv:11.0) like Gecko"
193.171.69.65 - - [06/Dec/2017:08:40:29 +0100] "GET /cache/emu/images/easy-drivers-portal10244083/schnellkursjpg_160_90_0.jpg HTTP/1.1" 200 4214 "https://www.easydrivers.at/innsbruck" "Mozilla/5.0 (Windows NT 10.0; WOW64; Trident/7.0; rv:11.0) like Gecko"
193.171.69.65 - - [06/Dec/2017:08:40:29 +0100] "GET /binaries/easy-drivers-harm-innsbruck/standort-innsbruck1png.png HTTP/1.1" 200 307676 "https://www.easydrivers.at/innsbruck" "Mozilla/5.0 (Windows NT 10.0; WOW64; Trident/7.0; rv:11.0) like Gecko"
