213.225.13.214 - - [06/Dec/2017:08:55:42 +0100] "GET /javascript/jquery.cookie.js HTTP/1.1" 200 863 "https://www.easydrivers.at/bludenz" "Mozilla/5.0 (iPhone; CPU iPhone OS 11_1_2 like Mac OS X) AppleWebKit/604.3.5 (KHTML, like Gecko) Version/11.0 Mobile/15B202 Safari/604.1"
213.225.13.214 - - [06/Dec/2017:08:55:42 +0100] "GET /css/mobile.css HTTP/1.1" 200 2852 "https://www.easydrivers.at/bludenz" "Mozilla/5.0 (iPhone; CPU iPhone OS 11_1_2 like Mac OS X) AppleWebKit/604.3.5 (KHTML, like Gecko) Version/11.0 Mobile/15B202 Safari/604.1"
213.225.13.214 - - [06/Dec/2017:08:55:42 +0100] "GET /javascript/mobile-menu.js HTTP/1.1" 200 1634 "https://www.easydrivers.at/bludenz" "Mozilla/5.0 (iPhone; CPU iPhone OS 11_1_2 like Mac OS X) AppleWebKit/604.3.5 (KHTML, like Gecko) Version/11.0 Mobile/15B202 Safari/604.1"
213.225.13.214 - - [06/Dec/2017:08:55:42 +0100] "GET /javascript/jquery-1.9.1.min.js HTTP/1.1" 200 32731 "https://www.easydrivers.at/bludenz" "Mozilla/5.0 (iPhone; CPU iPhone OS 11_1_2 like Mac OS X) AppleWebKit/604.3.5 (KHTML, like Gecko) Version/11.0 Mobile/15B202 Safari/604.1"
213.225.13.214 - - [06/Dec/2017:08:55:43 +0100] "GET /javascript/lazyload.js HTTP/1.1" 200 1170 "https://www.easydrivers.at/bludenz" "Mozilla/5.0 (iPhone; CPU iPhone OS 11_1_2 like Mac OS X) AppleWebKit/604.3.5 (KHTML, like Gecko) Version/11.0 Mobile/15B202 Safari/604.1"
213.225.13.214 - - [06/Dec/2017:08:55:43 +0100] "GET /javascript/jquery.simplemodal.js HTTP/1.1" 200 3070 "https://www.easydrivers.at/bludenz" "Mozilla/5.0 (iPhone; CPU iPhone OS 11_1_2 like Mac OS X) AppleWebKit/604.3.5 (KHTML, like Gecko) Version/11.0 Mobile/15B202 Safari/604.1"
213.225.13.214 - - [06/Dec/2017:08:55:43 +0100] "GET /img/mobile/easydrivers-logo-mobile.png HTTP/1.1" 200 10766 "https://www.easydrivers.at/bludenz" "Mozilla/5.0 (iPhone; CPU iPhone OS 11_1_2 like Mac OS X) AppleWebKit/604.3.5 (KHTML, like Gecko) Version/11.0 Mobile/15B202 Safari/604.1"
213.225.13.214 - - [06/Dec/2017:08:55:43 +0100] "GET /javascript/mobile-fahrschule.js HTTP/1.1" 200 328 "https://www.easydrivers.at/bludenz" "Mozilla/5.0 (iPhone; CPU iPhone OS 11_1_2 like Mac OS X) AppleWebKit/604.3.5 (KHTML, like Gecko) Version/11.0 Mobile/15B202 Safari/604.1"
213.225.13.214 - - [06/Dec/2017:08:55:43 +0100] "GET /img/mobile/menu-button.png HTTP/1.1" 200 1746 "https://www.easydrivers.at/bludenz" "Mozilla/5.0 (iPhone; CPU iPhone OS 11_1_2 like Mac OS X) AppleWebKit/604.3.5 (KHTML, like Gecko) Version/11.0 Mobile/15B202 Safari/604.1"
213.225.13.214 - - [06/Dec/2017:08:55:43 +0100] "GET /img/mobile/close-button.png HTTP/1.1" 200 2411 "https://www.easydrivers.at/bludenz" "Mozilla/5.0 (iPhone; CPU iPhone OS 11_1_2 like Mac OS X) AppleWebKit/604.3.5 (KHTML, like Gecko) Version/11.0 Mobile/15B202 Safari/604.1"
213.225.13.214 - - [06/Dec/2017:08:55:43 +0100] "GET /img/mobile/info-button.png HTTP/1.1" 200 1549 "https://www.easydrivers.at/bludenz" "Mozilla/5.0 (iPhone; CPU iPhone OS 11_1_2 like Mac OS X) AppleWebKit/604.3.5 (KHTML, like Gecko) Version/11.0 Mobile/15B202 Safari/604.1"
213.225.13.214 - - [06/Dec/2017:08:55:43 +0100] "GET /img/mobile/facebook-icon.png HTTP/1.1" 200 1902 "https://www.easydrivers.at/bludenz" "Mozilla/5.0 (iPhone; CPU iPhone OS 11_1_2 like Mac OS X) AppleWebKit/604.3.5 (KHTML, like Gecko) Version/11.0 Mobile/15B202 Safari/604.1"
213.225.13.214 - - [06/Dec/2017:08:55:43 +0100] "GET /img/mobile/info-close-button.png HTTP/1.1" 200 1721 "https://www.easydrivers.at/bludenz" "Mozilla/5.0 (iPhone; CPU iPhone OS 11_1_2 like Mac OS X) AppleWebKit/604.3.5 (KHTML, like Gecko) Version/11.0 Mobile/15B202 Safari/604.1"
213.225.13.214 - - [06/Dec/2017:08:55:43 +0100] "GET /img/smallicon-person.png HTTP/1.1" 200 1141 "https://www.easydrivers.at/bludenz" "Mozilla/5.0 (iPhone; CPU iPhone OS 11_1_2 like Mac OS X) AppleWebKit/604.3.5 (KHTML, like Gecko) Version/11.0 Mobile/15B202 Safari/604.1"
213.225.13.214 - - [06/Dec/2017:08:55:43 +0100] "GET /img/smallicon-address.png HTTP/1.1" 200 1211 "https://www.easydrivers.at/bludenz" "Mozilla/5.0 (iPhone; CPU iPhone OS 11_1_2 like Mac OS X) AppleWebKit/604.3.5 (KHTML, like Gecko) Version/11.0 Mobile/15B202 Safari/604.1"
213.225.13.214 - - [06/Dec/2017:08:55:43 +0100] "GET /img/mobile/googlemaps-pin.png HTTP/1.1" 200 1597 "https://www.easydrivers.at/bludenz" "Mozilla/5.0 (iPhone; CPU iPhone OS 11_1_2 like Mac OS X) AppleWebKit/604.3.5 (KHTML, like Gecko) Version/11.0 Mobile/15B202 Safari/604.1"
213.225.13.214 - - [06/Dec/2017:08:55:43 +0100] "GET /img/smallicon-time.png HTTP/1.1" 200 1262 "https://www.easydrivers.at/bludenz" "Mozilla/5.0 (iPhone; CPU iPhone OS 11_1_2 like Mac OS X) AppleWebKit/604.3.5 (KHTML, like Gecko) Version/11.0 Mobile/15B202 Safari/604.1"
213.225.13.214 - - [06/Dec/2017:08:55:43 +0100] "GET /img/smallicon-phone.png HTTP/1.1" 200 3056 "https://www.easydrivers.at/bludenz" "Mozilla/5.0 (iPhone; CPU iPhone OS 11_1_2 like Mac OS X) AppleWebKit/604.3.5 (KHTML, like Gecko) Version/11.0 Mobile/15B202 Safari/604.1"
213.225.13.214 - - [06/Dec/2017:08:55:43 +0100] "GET /img/smallicon-mail.png HTTP/1.1" 200 1341 "https://www.easydrivers.at/bludenz" "Mozilla/5.0 (iPhone; CPU iPhone OS 11_1_2 like Mac OS X) AppleWebKit/604.3.5 (KHTML, like Gecko) Version/11.0 Mobile/15B202 Safari/604.1"
213.225.13.214 - - [06/Dec/2017:08:55:43 +0100] "GET /img/mobile/widget-icon-app.png HTTP/1.1" 200 3458 "https://www.easydrivers.at/bludenz" "Mozilla/5.0 (iPhone; CPU iPhone OS 11_1_2 like Mac OS X) AppleWebKit/604.3.5 (KHTML, like Gecko) Version/11.0 Mobile/15B202 Safari/604.1"
213.225.13.214 - - [06/Dec/2017:08:55:43 +0100] "GET /img/mobile/bg-header.jpg HTTP/1.1" 200 19741 "https://www.easydrivers.at/bludenz" "Mozilla/5.0 (iPhone; CPU iPhone OS 11_1_2 like Mac OS X) AppleWebKit/604.3.5 (KHTML, like Gecko) Version/11.0 Mobile/15B202 Safari/604.1"
213.225.13.214 - - [06/Dec/2017:08:55:43 +0100] "GET /img/mobile/bg-menu.jpg HTTP/1.1" 200 1698 "https://www.easydrivers.at/bludenz" "Mozilla/5.0 (iPhone; CPU iPhone OS 11_1_2 like Mac OS X) AppleWebKit/604.3.5 (KHTML, like Gecko) Version/11.0 Mobile/15B202 Safari/604.1"
213.225.13.214 - - [06/Dec/2017:08:55:43 +0100] "GET /img/mobile/pfeil-rechts.png HTTP/1.1" 200 1228 "https://www.easydrivers.at/bludenz" "Mozilla/5.0 (iPhone; CPU iPhone OS 11_1_2 like Mac OS X) AppleWebKit/604.3.5 (KHTML, like Gecko) Version/11.0 Mobile/15B202 Safari/604.1"
213.225.13.214 - - [06/Dec/2017:08:55:43 +0100] "GET /img/mobile/bg-top-section.jpg HTTP/1.1" 200 21711 "https://www.easydrivers.at/bludenz" "Mozilla/5.0 (iPhone; CPU iPhone OS 11_1_2 like Mac OS X) AppleWebKit/604.3.5 (KHTML, like Gecko) Version/11.0 Mobile/15B202 Safari/604.1"
157.55.39.65 - - [06/Dec/2017:08:55:44 +0100] "GET /voesendorf HTTP/1.1" 200 3810 "-" "Mozilla/5.0 (compatible; bingbot/2.0; +http://www.bing.com/bingbot.htm)"
188.23.221.184 - - [06/Dec/2017:08:55:57 +0100] "POST /loadkursliste HTTP/1.1" 200 826 "https://www.easydrivers.at/st.valentin/kursauswahl" "Mozilla/5.0 (iPhone; CPU iPhone OS 11_1_2 like Mac OS X) AppleWebKit/604.3.5 (KHTML, like Gecko) Version/11.0 Mobile/15B202 Safari/604.1"
62.47.239.156 - - [06/Dec/2017:08:55:57 +0100] "GET /st.valentin/10293843?FS=BBE HTTP/1.1" 200 5622 "https://www.easydrivers.at/st.valentin/kursauswahl" "Mozilla/5.0 (Windows NT 6.2) AppleWebKit/537.36 (KHTML, like Gecko) Chrome/62.0.3202.94 Safari/537.36"
62.47.239.156 - - [06/Dec/2017:08:56:00 +0100] "GET /javascript/suche.js HTTP/1.1" 200 209 "https://www.easydrivers.at/st.valentin/10293843?FS=BBE" "Mozilla/5.0 (Windows NT 6.2) AppleWebKit/537.36 (KHTML, like Gecko) Chrome/62.0.3202.94 Safari/537.36"
62.47.239.156 - - [06/Dec/2017:08:56:00 +0100] "GET /img/smallicon-phone.png HTTP/1.1" 200 3056 "https://www.easydrivers.at/css/style.css" "Mozilla/5.0 (Windows NT 6.2) AppleWebKit/537.36 (KHTML, like Gecko) Chrome/62.0.3202.94 Safari/537.36"
62.47.239.156 - - [06/Dec/2017:08:56:00 +0100] "GET /img/smallicon-mail.png HTTP/1.1" 200 1341 "https://www.easydrivers.at/css/style.css" "Mozilla/5.0 (Windows NT 6.2) AppleWebKit/537.36 (KHTML, like Gecko) Chrome/62.0.3202.94 Safari/537.36"
62.47.239.156 - - [06/Dec/2017:08:56:00 +0100] "GET /img/arrow-up.png HTTP/1.1" 200 1081 "https://www.easydrivers.at/css/style.css" "Mozilla/5.0 (Windows NT 6.2) AppleWebKit/537.36 (KHTML, like Gecko) Chrome/62.0.3202.94 Safari/537.36"
62.47.239.156 - - [06/Dec/2017:08:56:00 +0100] "GET /binaries/easy-drivers-portal/pkw1jpg.jpg HTTP/1.1" 200 88975 "https://www.easydrivers.at/st.valentin/10293843?FS=BBE" "Mozilla/5.0 (Windows NT 6.2) AppleWebKit/537.36 (KHTML, like Gecko) Chrome/62.0.3202.94 Safari/537.36"
216.244.66.249 - - [06/Dec/2017:08:56:10 +0100] "GET /linz/10254768 HTTP/1.1" 301 400 "-" "Mozilla/5.0 (compatible; DotBot/1.1; http://www.opensiteexplorer.org/dotbot, help@moz.com)"
92.62.17.186 - - [06/Dec/2017:08:56:12 +0100] "GET /bruck.leitha/img/mobile/facebook-icon.png HTTP/1.1" 404 3080 "-" "Mozilla/5.0 (iPhone; CPU iPhone OS 11_1_1 like Mac OS X) AppleWebKit/604.3.5 (KHTML, like Gecko) Mobile/15B150 [FBAN/FBIOS;FBAV/151.0.0.61.202;FBBV/82156572;FBDV/iPhone9,3;FBMD/iPhone;FBSN/iOS;FBSV/11.1.1;FBSS/2;FBCR/A1;FBID/phone;FBLC/de_DE;FBOP/5;FBRV/82156572]"
188.23.221.184 - - [06/Dec/2017:08:56:16 +0100] "GET /st.valentin/10293831?FS=B-L HTTP/1.1" 200 3124 "https://www.easydrivers.at/st.valentin/kursauswahl" "Mozilla/5.0 (iPhone; CPU iPhone OS 11_1_2 like Mac OS X) AppleWebKit/604.3.5 (KHTML, like Gecko) Version/11.0 Mobile/15B202 Safari/604.1"
188.23.221.184 - - [06/Dec/2017:08:56:19 +0100] "GET /img/mobile/kursicon-share.png HTTP/1.1" 200 2065 "https://www.easydrivers.at/st.valentin/10293831?FS=B-L" "Mozilla/5.0 (iPhone; CPU iPhone OS 11_1_2 like Mac OS X) AppleWebKit/604.3.5 (KHTML, like Gecko) Version/11.0 Mobile/15B202 Safari/604.1"
188.23.221.184 - - [06/Dec/2017:08:56:19 +0100] "GET /img/mobile/kursicon-phone.png HTTP/1.1" 200 1932 "https://www.easydrivers.at/st.valentin/10293831?FS=B-L" "Mozilla/5.0 (iPhone; CPU iPhone OS 11_1_2 like Mac OS X) AppleWebKit/604.3.5 (KHTML, like Gecko) Version/11.0 Mobile/15B202 Safari/604.1"
188.23.221.184 - - [06/Dec/2017:08:56:19 +0100] "GET /img/mobile/smallicon-phone.png HTTP/1.1" 200 1311 "https://www.easydrivers.at/st.valentin/10293831?FS=B-L" "Mozilla/5.0 (iPhone; CPU iPhone OS 11_1_2 like Mac OS X) AppleWebKit/604.3.5 (KHTML, like Gecko) Version/11.0 Mobile/15B202 Safari/604.1"
188.23.221.184 - - [06/Dec/2017:08:56:19 +0100] "GET /img/mobile/smallicon-mail.png HTTP/1.1" 200 1335 "https://www.easydrivers.at/st.valentin/10293831?FS=B-L" "Mozilla/5.0 (iPhone; CPU iPhone OS 11_1_2 like Mac OS X) AppleWebKit/604.3.5 (KHTML, like Gecko) Version/11.0 Mobile/15B202 Safari/604.1"
188.23.221.184 - - [06/Dec/2017:08:56:19 +0100] "GET /img/mobile/pfeil-rechts-small.png HTTP/1.1" 200 1056 "https://www.easydrivers.at/st.valentin/10293831?FS=B-L" "Mozilla/5.0 (iPhone; CPU iPhone OS 11_1_2 like Mac OS X) AppleWebKit/604.3.5 (KHTML, like Gecko) Version/11.0 Mobile/15B202 Safari/604.1"
213.225.13.196 - - [06/Dec/2017:08:56:25 +0100] "GET /hollabrunn/Grundkurs_Weihnachten_2017?FS=B HTTP/1.1" 200 3287 "http://m.facebook.com/" "Mozilla/5.0 (Linux; Android 7.0; WAS-LX1 Build/HUAWEIWAS-LX1; wv) AppleWebKit/537.36 (KHTML, like Gecko) Version/4.0 Chrome/62.0.3202.84 Mobile Safari/537.36 [FB_IAB/FB4A;FBAV/152.0.0.42.136;]"
17.142.148.193 - - [06/Dec/2017:08:56:28 +0100] "GET /fuehrerscheine/fuehrerscheine/auto/A2BF HTTP/1.1" 301 310 "-" "Mozilla/5.0 (Macintosh; Intel Mac OS X 10_10_1) AppleWebKit/600.2.5 (KHTML, like Gecko) Version/8.0.2 Safari/600.2.5 (Applebot/0.1; +http://www.apple.com/go/applebot)"
17.142.148.193 - - [06/Dec/2017:08:56:29 +0100] "GET /fuehrerscheine/fuehrerscheine/auto/A2BF HTTP/1.1" 200 4313 "-" "Mozilla/5.0 (Macintosh; Intel Mac OS X 10_10_1) AppleWebKit/600.2.5 (KHTML, like Gecko) Version/8.0.2 Safari/600.2.5 (Applebot/0.1; +http://www.apple.com/go/applebot)"
46.125.250.68 - - [06/Dec/2017:08:56:29 +0100] "GET / HTTP/1.1" 200 3554 "https://www.easydrivers.at/hollabrunn/kursauswahl" "Mozilla/5.0 (Linux; Android 6.0; ALE-L21 Build/HuaweiALE-L21) AppleWebKit/537.36 (KHTML, like Gecko) Chrome/62.0.3202.84 Mobile Safari/537.36"
46.125.250.68 - - [06/Dec/2017:08:56:37 +0100] "GET /hollabrunn HTTP/1.1" 200 2924 "https://www.easydrivers.at/" "Mozilla/5.0 (Linux; Android 6.0; ALE-L21 Build/HuaweiALE-L21) AppleWebKit/537.36 (KHTML, like Gecko) Chrome/62.0.3202.84 Mobile Safari/537.36"
92.62.17.186 - - [06/Dec/2017:08:56:38 +0100] "GET /bruck.leitha/img/smallicon-time.png HTTP/1.1" 404 3086 "-" "Mozilla/5.0 (iPhone; CPU iPhone OS 11_1_1 like Mac OS X) AppleWebKit/604.3.5 (KHTML, like Gecko) Mobile/15B150 [FBAN/FBIOS;FBAV/151.0.0.61.202;FBBV/82156572;FBDV/iPhone9,3;FBMD/iPhone;FBSN/iOS;FBSV/11.1.1;FBSS/2;FBCR/A1;FBID/phone;FBLC/de_DE;FBOP/5;FBRV/82156572]"
46.125.250.68 - - [06/Dec/2017:08:56:40 +0100] "GET / HTTP/1.1" 200 3554 "https://www.google.at/" "Mozilla/5.0 (Linux; Android 6.0; ALE-L21 Build/HuaweiALE-L21) AppleWebKit/537.36 (KHTML, like Gecko) Chrome/62.0.3202.84 Mobile Safari/537.36"
80.110.34.165 - - [06/Dec/2017:08:56:52 +0100] "GET /neunkirchen HTTP/1.1" 301 300 "https://www.google.at" "Mozilla/5.0 (Windows NT 6.1; rv:47.0) Gecko/20100101 Firefox/47.0"
80.110.34.165 - - [06/Dec/2017:08:56:53 +0100] "GET /neunkirchen HTTP/1.1" 200 3891 "https://www.google.at" "Mozilla/5.0 (Windows NT 6.1; rv:47.0) Gecko/20100101 Firefox/47.0"
213.208.144.137 - - [06/Dec/2017:08:56:56 +0100] "GET /hollabrunn/10249815 HTTP/1.1" 301 307 "http://www.google.at/url?sa=t&rct=j&q=&esrc=s&source=web&cd=2&ved=0ahUKEwjSl9rT9PTXAhWSCewKHdcbBuMQjBAILzAB&url=http%3A%2F%2Fwww.easydrivers.at%2Fhollabrunn%2F10249815&usg=AOvVaw0TJyg8MCIBWi1ekf0mbTrj" "Mozilla/5.0 (Windows NT 6.1; Win64; x64; Trident/7.0; rv:11.0) like Gecko"
80.110.34.165 - - [06/Dec/2017:08:56:57 +0100] "GET /img/new_favicon.ico HTTP/1.1" 301 306 "-" "Mozilla/5.0 (Windows NT 6.1; rv:47.0) Gecko/20100101 Firefox/47.0"
80.110.34.165 - - [06/Dec/2017:08:56:57 +0100] "GET /javascript/portal.js?1221842734 HTTP/1.1" 200 3529 "https://www.easydrivers.at/neunkirchen" "Mozilla/5.0 (Windows NT 6.1; rv:47.0) Gecko/20100101 Firefox/47.0"
80.110.34.165 - - [06/Dec/2017:08:56:57 +0100] "GET /css/print.css HTTP/1.1" 200 967 "https://www.easydrivers.at/neunkirchen" "Mozilla/5.0 (Windows NT 6.1; rv:47.0) Gecko/20100101 Firefox/47.0"
80.110.34.165 - - [06/Dec/2017:08:56:57 +0100] "GET /javascript/jquery.simplemodal.js HTTP/1.1" 200 3070 "https://www.easydrivers.at/neunkirchen" "Mozilla/5.0 (Windows NT 6.1; rv:47.0) Gecko/20100101 Firefox/47.0"
80.110.34.165 - - [06/Dec/2017:08:56:57 +0100] "GET /javascript/jquery.cookie.js HTTP/1.1" 200 863 "https://www.easydrivers.at/neunkirchen" "Mozilla/5.0 (Windows NT 6.1; rv:47.0) Gecko/20100101 Firefox/47.0"
80.110.34.165 - - [06/Dec/2017:08:56:57 +0100] "GET /css/style.css HTTP/1.1" 200 5004 "https://www.easydrivers.at/neunkirchen" "Mozilla/5.0 (Windows NT 6.1; rv:47.0) Gecko/20100101 Firefox/47.0"
80.110.34.165 - - [06/Dec/2017:08:56:58 +0100] "GET /javascript/jquery.customSelect.min.js HTTP/1.1" 200 912 "https://www.easydrivers.at/neunkirchen" "Mozilla/5.0 (Windows NT 6.1; rv:47.0) Gecko/20100101 Firefox/47.0"
80.110.34.165 - - [06/Dec/2017:08:56:58 +0100] "GET /javascript/fahrschule.js HTTP/1.1" 200 462 "https://www.easydrivers.at/neunkirchen" "Mozilla/5.0 (Windows NT 6.1; rv:47.0) Gecko/20100101 Firefox/47.0"
80.110.34.165 - - [06/Dec/2017:08:56:58 +0100] "GET /javascript/lazyload.js HTTP/1.1" 200 1170 "https://www.easydrivers.at/neunkirchen" "Mozilla/5.0 (Windows NT 6.1; rv:47.0) Gecko/20100101 Firefox/47.0"
80.110.34.165 - - [06/Dec/2017:08:56:58 +0100] "GET /img/new_favicon.ico HTTP/1.1" 200 1150 "-" "Mozilla/5.0 (Windows NT 6.1; rv:47.0) Gecko/20100101 Firefox/47.0"
213.208.144.137 - - [06/Dec/2017:08:56:57 +0100] "GET /hollabrunn/10249815 HTTP/1.1" 200 2917 "http://www.google.at/url?sa=t&rct=j&q=&esrc=s&source=web&cd=2&ved=0ahUKEwjSl9rT9PTXAhWSCewKHdcbBuMQjBAILzAB&url=http%3A%2F%2Fwww.easydrivers.at%2Fhollabrunn%2F10249815&usg=AOvVaw0TJyg8MCIBWi1ekf0mbTrj" "Mozilla/5.0 (Windows NT 6.1; Win64; x64; Trident/7.0; rv:11.0) like Gecko"
213.208.144.137 - - [06/Dec/2017:08:56:59 +0100] "GET /javascript/jquery.cookie.js HTTP/1.1" 200 863 "https://www.easydrivers.at/hollabrunn/10249815" "Mozilla/5.0 (Windows NT 6.1; Win64; x64; Trident/7.0; rv:11.0) like Gecko"
213.208.144.137 - - [06/Dec/2017:08:56:59 +0100] "GET /css/mobile.css HTTP/1.1" 200 2852 "https://www.easydrivers.at/hollabrunn/10249815" "Mozilla/5.0 (Windows NT 6.1; Win64; x64; Trident/7.0; rv:11.0) like Gecko"
213.208.144.137 - - [06/Dec/2017:08:56:59 +0100] "GET /javascript/mobile-menu.js HTTP/1.1" 200 1634 "https://www.easydrivers.at/hollabrunn/10249815" "Mozilla/5.0 (Windows NT 6.1; Win64; x64; Trident/7.0; rv:11.0) like Gecko"
213.208.144.137 - - [06/Dec/2017:08:56:59 +0100] "GET /javascript/lazyload.js HTTP/1.1" 200 1170 "https://www.easydrivers.at/hollabrunn/10249815" "Mozilla/5.0 (Windows NT 6.1; Win64; x64; Trident/7.0; rv:11.0) like Gecko"
213.208.144.137 - - [06/Dec/2017:08:56:59 +0100] "GET /javascript/jquery-1.9.1.min.js HTTP/1.1" 200 32731 "https://www.easydrivers.at/hollabrunn/10249815" "Mozilla/5.0 (Windows NT 6.1; Win64; x64; Trident/7.0; rv:11.0) like Gecko"
213.208.144.137 - - [06/Dec/2017:08:56:59 +0100] "GET /img/mobile/facebook-icon.png HTTP/1.1" 200 1902 "https://www.easydrivers.at/hollabrunn/10249815" "Mozilla/5.0 (Windows NT 6.1; Win64; x64; Trident/7.0; rv:11.0) like Gecko"
213.208.144.137 - - [06/Dec/2017:08:56:59 +0100] "GET /javascript/jquery.simplemodal.js HTTP/1.1" 200 3070 "https://www.easydrivers.at/hollabrunn/10249815" "Mozilla/5.0 (Windows NT 6.1; Win64; x64; Trident/7.0; rv:11.0) like Gecko"
213.208.144.137 - - [06/Dec/2017:08:56:59 +0100] "GET /img/mobile/close-button.png HTTP/1.1" 200 2411 "https://www.easydrivers.at/hollabrunn/10249815" "Mozilla/5.0 (Windows NT 6.1; Win64; x64; Trident/7.0; rv:11.0) like Gecko"
213.208.144.137 - - [06/Dec/2017:08:56:59 +0100] "GET /img/mobile/menu-button.png HTTP/1.1" 200 1746 "https://www.easydrivers.at/hollabrunn/10249815" "Mozilla/5.0 (Windows NT 6.1; Win64; x64; Trident/7.0; rv:11.0) like Gecko"
213.208.144.137 - - [06/Dec/2017:08:56:59 +0100] "GET /img/mobile/info-button.png HTTP/1.1" 200 1549 "https://www.easydrivers.at/hollabrunn/10249815" "Mozilla/5.0 (Windows NT 6.1; Win64; x64; Trident/7.0; rv:11.0) like Gecko"
213.208.144.137 - - [06/Dec/2017:08:56:59 +0100] "GET /img/smallicon-person.png HTTP/1.1" 200 1141 "https://www.easydrivers.at/hollabrunn/10249815" "Mozilla/5.0 (Windows NT 6.1; Win64; x64; Trident/7.0; rv:11.0) like Gecko"
213.208.144.137 - - [06/Dec/2017:08:56:59 +0100] "GET /img/mobile/easydrivers-logo-mobile.png HTTP/1.1" 200 10766 "https://www.easydrivers.at/hollabrunn/10249815" "Mozilla/5.0 (Windows NT 6.1; Win64; x64; Trident/7.0; rv:11.0) like Gecko"
213.208.144.137 - - [06/Dec/2017:08:56:59 +0100] "GET /img/mobile/info-close-button.png HTTP/1.1" 200 1721 "https://www.easydrivers.at/hollabrunn/10249815" "Mozilla/5.0 (Windows NT 6.1; Win64; x64; Trident/7.0; rv:11.0) like Gecko"
213.208.144.137 - - [06/Dec/2017:08:56:59 +0100] "GET /img/smallicon-mail.png HTTP/1.1" 200 1341 "https://www.easydrivers.at/hollabrunn/10249815" "Mozilla/5.0 (Windows NT 6.1; Win64; x64; Trident/7.0; rv:11.0) like Gecko"
213.208.144.137 - - [06/Dec/2017:08:56:59 +0100] "GET /javascript/mobile-fahrschule.js HTTP/1.1" 200 328 "https://www.easydrivers.at/hollabrunn/10249815" "Mozilla/5.0 (Windows NT 6.1; Win64; x64; Trident/7.0; rv:11.0) like Gecko"
213.208.144.137 - - [06/Dec/2017:08:56:59 +0100] "GET /img/smallicon-address.png HTTP/1.1" 200 1211 "https://www.easydrivers.at/hollabrunn/10249815" "Mozilla/5.0 (Windows NT 6.1; Win64; x64; Trident/7.0; rv:11.0) like Gecko"
213.208.144.137 - - [06/Dec/2017:08:56:59 +0100] "GET /img/mobile/googlemaps-pin.png HTTP/1.1" 200 1597 "https://www.easydrivers.at/hollabrunn/10249815" "Mozilla/5.0 (Windows NT 6.1; Win64; x64; Trident/7.0; rv:11.0) like Gecko"
213.208.144.137 - - [06/Dec/2017:08:56:59 +0100] "GET /img/smallicon-phone.png HTTP/1.1" 200 3056 "https://www.easydrivers.at/hollabrunn/10249815" "Mozilla/5.0 (Windows NT 6.1; Win64; x64; Trident/7.0; rv:11.0) like Gecko"
213.208.144.137 - - [06/Dec/2017:08:56:59 +0100] "GET /img/smallicon-time.png HTTP/1.1" 200 1262 "https://www.easydrivers.at/hollabrunn/10249815" "Mozilla/5.0 (Windows NT 6.1; Win64; x64; Trident/7.0; rv:11.0) like Gecko"
213.208.144.137 - - [06/Dec/2017:08:56:59 +0100] "GET /binaries/10249782.jpg HTTP/1.1" 200 162152 "https://www.easydrivers.at/hollabrunn/10249815" "Mozilla/5.0 (Windows NT 6.1; Win64; x64; Trident/7.0; rv:11.0) like Gecko"
213.208.144.137 - - [06/Dec/2017:08:56:59 +0100] "GET /img/mobile/bg-header.jpg HTTP/1.1" 200 19741 "https://www.easydrivers.at/hollabrunn/10249815" "Mozilla/5.0 (Windows NT 6.1; Win64; x64; Trident/7.0; rv:11.0) like Gecko"
188.23.221.184 - - [06/Dec/2017:08:56:57 +0100] "POST /st.valentin/kursauswahl HTTP/1.1" 200 3134 "https://www.easydrivers.at/st.valentin" "Mozilla/5.0 (iPhone; CPU iPhone OS 11_1_2 like Mac OS X) AppleWebKit/604.3.5 (KHTML, like Gecko) Version/11.0 Mobile/15B202 Safari/604.1"
213.208.144.137 - - [06/Dec/2017:08:56:59 +0100] "GET /img/mobile/bg-menu.jpg HTTP/1.1" 200 1698 "https://www.easydrivers.at/hollabrunn/10249815" "Mozilla/5.0 (Windows NT 6.1; Win64; x64; Trident/7.0; rv:11.0) like Gecko"
213.208.144.137 - - [06/Dec/2017:08:56:59 +0100] "GET /img/mobile/bg-top-section.jpg HTTP/1.1" 200 21711 "https://www.easydrivers.at/hollabrunn/10249815" "Mozilla/5.0 (Windows NT 6.1; Win64; x64; Trident/7.0; rv:11.0) like Gecko"
80.110.34.165 - - [06/Dec/2017:08:57:00 +0100] "GET /img/locator-icon.png HTTP/1.1" 200 1377 "https://www.easydrivers.at/neunkirchen" "Mozilla/5.0 (Windows NT 6.1; rv:47.0) Gecko/20100101 Firefox/47.0"
80.110.34.165 - - [06/Dec/2017:08:57:00 +0100] "GET /img/close-button.png HTTP/1.1" 200 2237 "https://www.easydrivers.at/neunkirchen" "Mozilla/5.0 (Windows NT 6.1; rv:47.0) Gecko/20100101 Firefox/47.0"
80.110.34.165 - - [06/Dec/2017:08:57:00 +0100] "GET /img/facebook-icon.png HTTP/1.1" 200 1506 "https://www.easydrivers.at/neunkirchen" "Mozilla/5.0 (Windows NT 6.1; rv:47.0) Gecko/20100101 Firefox/47.0"
80.110.34.165 - - [06/Dec/2017:08:57:00 +0100] "GET /img/close-button-small.png HTTP/1.1" 200 1671 "https://www.easydrivers.at/neunkirchen" "Mozilla/5.0 (Windows NT 6.1; rv:47.0) Gecko/20100101 Firefox/47.0"
80.110.34.165 - - [06/Dec/2017:08:57:00 +0100] "GET /img/info-button.png HTTP/1.1" 200 738 "https://www.easydrivers.at/neunkirchen" "Mozilla/5.0 (Windows NT 6.1; rv:47.0) Gecko/20100101 Firefox/47.0"
80.110.34.165 - - [06/Dec/2017:08:57:00 +0100] "GET /img/purple-dots-horizontal.png HTTP/1.1" 200 977 "https://www.easydrivers.at/css/style.css" "Mozilla/5.0 (Windows NT 6.1; rv:47.0) Gecko/20100101 Firefox/47.0"
80.110.34.165 - - [06/Dec/2017:08:57:00 +0100] "GET /img/ED_Logo.png HTTP/1.1" 200 3385 "https://www.easydrivers.at/css/style.css" "Mozilla/5.0 (Windows NT 6.1; rv:47.0) Gecko/20100101 Firefox/47.0"
80.110.34.165 - - [06/Dec/2017:08:57:00 +0100] "GET /img/submit-button.png HTTP/1.1" 200 1958 "https://www.easydrivers.at/neunkirchen" "Mozilla/5.0 (Windows NT 6.1; rv:47.0) Gecko/20100101 Firefox/47.0"
213.208.144.137 - - [06/Dec/2017:08:57:00 +0100] "GET /img/favicon.ico HTTP/1.1" 301 303 "-" "Mozilla/5.0 (Windows NT 6.1; Win64; x64; Trident/7.0; rv:11.0) like Gecko"
80.110.34.165 - - [06/Dec/2017:08:57:00 +0100] "GET /img/bg-top-section.jpg HTTP/1.1" 200 82172 "https://www.easydrivers.at/css/style.css" "Mozilla/5.0 (Windows NT 6.1; rv:47.0) Gecko/20100101 Firefox/47.0"
80.110.34.165 - - [06/Dec/2017:08:57:00 +0100] "GET /img/kursicon-print-pink.png HTTP/1.1" 200 1125 "https://www.easydrivers.at/neunkirchen" "Mozilla/5.0 (Windows NT 6.1; rv:47.0) Gecko/20100101 Firefox/47.0"
80.110.34.165 - - [06/Dec/2017:08:57:00 +0100] "GET /img/bg-header.jpg HTTP/1.1" 200 38680 "https://www.easydrivers.at/css/style.css" "Mozilla/5.0 (Windows NT 6.1; rv:47.0) Gecko/20100101 Firefox/47.0"
213.208.144.137 - - [06/Dec/2017:08:57:00 +0100] "GET /img/favicon.ico HTTP/1.1" 404 301 "-" "Mozilla/5.0 (Windows NT 6.1; Win64; x64; Trident/7.0; rv:11.0) like Gecko"
213.208.144.137 - - [06/Dec/2017:08:57:00 +0100] "GET /favicon.ico HTTP/1.1" 200 1150 "-" "Mozilla/5.0 (Windows NT 6.1; Win64; x64; Trident/7.0; rv:11.0) like Gecko"
80.110.34.165 - - [06/Dec/2017:08:57:00 +0100] "GET /img/bg-footer.jpg HTTP/1.1" 200 31770 "https://www.easydrivers.at/css/style.css" "Mozilla/5.0 (Windows NT 6.1; rv:47.0) Gecko/20100101 Firefox/47.0"
80.110.34.165 - - [06/Dec/2017:08:57:00 +0100] "GET /img/kursicon-share-pink.png HTTP/1.1" 200 1277 "https://www.easydrivers.at/neunkirchen" "Mozilla/5.0 (Windows NT 6.1; rv:47.0) Gecko/20100101 Firefox/47.0"
80.110.34.165 - - [06/Dec/2017:08:57:00 +0100] "GET /img/kursicon-download-pink.png HTTP/1.1" 200 1213 "https://www.easydrivers.at/neunkirchen" "Mozilla/5.0 (Windows NT 6.1; rv:47.0) Gecko/20100101 Firefox/47.0"
80.110.34.165 - - [06/Dec/2017:08:57:00 +0100] "GET /img/kursicon-phone-pink.png HTTP/1.1" 200 1286 "https://www.easydrivers.at/neunkirchen" "Mozilla/5.0 (Windows NT 6.1; rv:47.0) Gecko/20100101 Firefox/47.0"
80.110.34.165 - - [06/Dec/2017:08:57:01 +0100] "GET /cache/emu/images/easy-drivers-portal10264045/weihnachtsbaumjpg_90_90_0.jpg HTTP/1.1" 200 2344 "https://www.easydrivers.at/neunkirchen" "Mozilla/5.0 (Windows NT 6.1; rv:47.0) Gecko/20100101 Firefox/47.0"
80.110.34.165 - - [06/Dec/2017:08:57:01 +0100] "GET /img/ed_pfeil_down.png HTTP/1.1" 200 3634 "https://www.easydrivers.at/neunkirchen" "Mozilla/5.0 (Windows NT 6.1; rv:47.0) Gecko/20100101 Firefox/47.0"
80.110.34.165 - - [06/Dec/2017:08:57:01 +0100] "GET /img/empty.gif HTTP/1.1" 200 43 "https://www.easydrivers.at/neunkirchen" "Mozilla/5.0 (Windows NT 6.1; rv:47.0) Gecko/20100101 Firefox/47.0"
80.110.34.165 - - [06/Dec/2017:08:57:01 +0100] "GET /cache/emu/images/easy-drivers-portal10294676/pastedgraphic-3-1png_160_90_0.png HTTP/1.1" 200 9745 "https://www.easydrivers.at/neunkirchen" "Mozilla/5.0 (Windows NT 6.1; rv:47.0) Gecko/20100101 Firefox/47.0"
80.110.34.165 - - [06/Dec/2017:08:57:01 +0100] "GET /binaries/easy-drivers-portal/widget-icon-expertspng.png HTTP/1.1" 200 2159 "https://www.easydrivers.at/neunkirchen" "Mozilla/5.0 (Windows NT 6.1; rv:47.0) Gecko/20100101 Firefox/47.0"
80.110.34.165 - - [06/Dec/2017:08:57:01 +0100] "GET /binaries/easy-drivers-portal/widget-icon-trainingpng.png HTTP/1.1" 200 2662 "https://www.easydrivers.at/neunkirchen" "Mozilla/5.0 (Windows NT 6.1; rv:47.0) Gecko/20100101 Firefox/47.0"
80.110.34.165 - - [06/Dec/2017:08:57:01 +0100] "GET /img/schweiz-icon.png HTTP/1.1" 200 1504 "https://www.easydrivers.at/neunkirchen" "Mozilla/5.0 (Windows NT 6.1; rv:47.0) Gecko/20100101 Firefox/47.0"
80.110.34.165 - - [06/Dec/2017:08:57:01 +0100] "GET /binaries/easy-drivers-neunkirchen--au/afuhrpark.jpg HTTP/1.1" 200 178147 "https://www.easydrivers.at/neunkirchen" "Mozilla/5.0 (Windows NT 6.1; rv:47.0) Gecko/20100101 Firefox/47.0"
188.23.221.184 - - [06/Dec/2017:08:57:00 +0100] "POST /loadkursliste HTTP/1.1" 200 826 "https://www.easydrivers.at/st.valentin/kursauswahl" "Mozilla/5.0 (iPhone; CPU iPhone OS 11_1_2 like Mac OS X) AppleWebKit/604.3.5 (KHTML, like Gecko) Version/11.0 Mobile/15B202 Safari/604.1"
80.110.34.165 - - [06/Dec/2017:08:57:03 +0100] "GET /img/yellow-dots-vertical.png HTTP/1.1" 200 981 "https://www.easydrivers.at/css/style.css" "Mozilla/5.0 (Windows NT 6.1; rv:47.0) Gecko/20100101 Firefox/47.0"
213.208.144.137 - - [06/Dec/2017:08:57:04 +0100] "GET /hollabrunn/kurse HTTP/1.1" 200 3478 "https://www.easydrivers.at/hollabrunn/10249815" "Mozilla/5.0 (Windows NT 6.1; Win64; x64; Trident/7.0; rv:11.0) like Gecko"
213.208.144.137 - - [06/Dec/2017:08:57:07 +0100] "GET /javascript/mobile-fahrschule-kurs-suchergebnis.js HTTP/1.1" 200 274 "https://www.easydrivers.at/hollabrunn/kurse" "Mozilla/5.0 (Windows NT 6.1; Win64; x64; Trident/7.0; rv:11.0) like Gecko"
213.208.144.137 - - [06/Dec/2017:08:57:07 +0100] "GET /img/loading-bars.gif HTTP/1.1" 200 3951 "https://www.easydrivers.at/hollabrunn/kurse" "Mozilla/5.0 (Windows NT 6.1; Win64; x64; Trident/7.0; rv:11.0) like Gecko"
213.208.144.137 - - [06/Dec/2017:08:57:07 +0100] "GET /img/mobile/bg-yellow.jpg HTTP/1.1" 200 1569 "https://www.easydrivers.at/hollabrunn/kurse" "Mozilla/5.0 (Windows NT 6.1; Win64; x64; Trident/7.0; rv:11.0) like Gecko"
92.62.17.186 - - [06/Dec/2017:08:57:09 +0100] "GET /bruck.leitha/img/mobile/kursicon-phone.png HTTP/1.1" 404 3086 "-" "Mozilla/5.0 (iPhone; CPU iPhone OS 11_1_1 like Mac OS X) AppleWebKit/604.3.5 (KHTML, like Gecko) Mobile/15B150 [FBAN/FBIOS;FBAV/151.0.0.61.202;FBBV/82156572;FBDV/iPhone9,3;FBMD/iPhone;FBSN/iOS;FBSV/11.1.1;FBSS/2;FBCR/A1;FBID/phone;FBLC/de_DE;FBOP/5;FBRV/82156572]"
62.47.239.156 - - [06/Dec/2017:08:57:11 +0100] "GET /st.valentin/kursauswahl HTTP/1.1" 200 4436 "-" "Mozilla/5.0 (Windows NT 6.2) AppleWebKit/537.36 (KHTML, like Gecko) Chrome/62.0.3202.94 Safari/537.36"
62.47.239.156 - - [06/Dec/2017:08:57:13 +0100] "GET /binaries/easy-drivers-portal/pkw3jpg.jpg HTTP/1.1" 200 90539 "https://www.easydrivers.at/st.valentin/kursauswahl" "Mozilla/5.0 (Windows NT 6.2) AppleWebKit/537.36 (KHTML, like Gecko) Chrome/62.0.3202.94 Safari/537.36"
62.47.239.156 - - [06/Dec/2017:08:57:14 +0100] "GET /img/new_favicon.ico HTTP/1.1" 301 306 "-" "Mozilla/5.0 (Windows NT 6.2) AppleWebKit/537.36 (KHTML, like Gecko) Chrome/62.0.3202.94 Safari/537.36"
213.208.144.137 - - [06/Dec/2017:08:57:11 +0100] "GET /hollabrunn/10249815 HTTP/1.1" 200 2917 "http://www.google.at/url?sa=t&rct=j&q=&esrc=s&source=web&cd=2&ved=0ahUKEwjSl9rT9PTXAhWSCewKHdcbBuMQjBAILzAB&url=http%3A%2F%2Fwww.easydrivers.at%2Fhollabrunn%2F10249815&usg=AOvVaw0TJyg8MCIBWi1ekf0mbTrj" "Mozilla/5.0 (Windows NT 6.1; Win64; x64; Trident/7.0; rv:11.0) like Gecko"
62.47.239.156 - - [06/Dec/2017:08:57:14 +0100] "GET /img/new_favicon.ico HTTP/1.1" 200 1150 "-" "Mozilla/5.0 (Windows NT 6.2) AppleWebKit/537.36 (KHTML, like Gecko) Chrome/62.0.3202.94 Safari/537.36"
62.47.239.156 - - [06/Dec/2017:08:57:13 +0100] "POST /loadkursliste HTTP/1.1" 200 1256 "https://www.easydrivers.at/st.valentin/kursauswahl" "Mozilla/5.0 (Windows NT 6.2) AppleWebKit/537.36 (KHTML, like Gecko) Chrome/62.0.3202.94 Safari/537.36"
188.23.221.184 - - [06/Dec/2017:08:57:14 +0100] "GET /st.valentin/10293849?FS=B-L HTTP/1.1" 200 3124 "https://www.easydrivers.at/st.valentin/kursauswahl" "Mozilla/5.0 (iPhone; CPU iPhone OS 11_1_2 like Mac OS X) AppleWebKit/604.3.5 (KHTML, like Gecko) Version/11.0 Mobile/15B202 Safari/604.1"
194.208.36.162 - - [06/Dec/2017:08:57:25 +0100] "GET /bludenz/service HTTP/1.1" 301 303 "https://www.google.at/" "Mozilla/5.0 (Windows NT 6.3; WOW64) AppleWebKit/537.36 (KHTML, like Gecko) Chrome/62.0.3202.94 Safari/537.36"
46.74.82.143 - - [06/Dec/2017:08:57:22 +0100] "GET /krems/10276251 HTTP/1.1" 200 3274 "http://m.facebook.com" "Mozilla/5.0 (iPhone; CPU iPhone OS 10_3_3 like Mac OS X) AppleWebKit/603.3.8 (KHTML, like Gecko) Mobile/14G60 [FBAN/FBIOS;FBAV/151.0.0.61.202;FBBV/82156572;FBDV/iPhone8,1;FBMD/iPhone;FBSN/iOS;FBSV/10.3.3;FBSS/2;FBCR/A1;FBID/phone;FBLC/de_DE;FBOP/5;FBRV/83160404]"
17.142.148.193 - - [06/Dec/2017:08:57:24 +0100] "GET /neunkirchen/10248889 HTTP/1.1" 200 3448 "-" "Mozilla/5.0 (Macintosh; Intel Mac OS X 10_10_1) AppleWebKit/600.2.5 (KHTML, like Gecko) Version/8.0.2 Safari/600.2.5 (Applebot/0.1; +http://www.apple.com/go/applebot)"
194.208.36.162 - - [06/Dec/2017:08:57:26 +0100] "GET /bludenz/service HTTP/1.1" 200 4302 "https://www.google.at/" "Mozilla/5.0 (Windows NT 6.3; WOW64) AppleWebKit/537.36 (KHTML, like Gecko) Chrome/62.0.3202.94 Safari/537.36"
194.208.36.162 - - [06/Dec/2017:08:57:29 +0100] "GET /css/style.css HTTP/1.1" 200 5004 "https://www.easydrivers.at/bludenz/service" "Mozilla/5.0 (Windows NT 6.3; WOW64) AppleWebKit/537.36 (KHTML, like Gecko) Chrome/62.0.3202.94 Safari/537.36"
194.208.36.162 - - [06/Dec/2017:08:57:29 +0100] "GET /javascript/jquery.customSelect.min.js HTTP/1.1" 200 912 "https://www.easydrivers.at/bludenz/service" "Mozilla/5.0 (Windows NT 6.3; WOW64) AppleWebKit/537.36 (KHTML, like Gecko) Chrome/62.0.3202.94 Safari/537.36"
194.208.36.162 - - [06/Dec/2017:08:57:29 +0100] "GET /javascript/jquery.simplemodal.js HTTP/1.1" 200 3070 "https://www.easydrivers.at/bludenz/service" "Mozilla/5.0 (Windows NT 6.3; WOW64) AppleWebKit/537.36 (KHTML, like Gecko) Chrome/62.0.3202.94 Safari/537.36"
194.208.36.162 - - [06/Dec/2017:08:57:29 +0100] "GET /javascript/jquery.cookie.js HTTP/1.1" 200 863 "https://www.easydrivers.at/bludenz/service" "Mozilla/5.0 (Windows NT 6.3; WOW64) AppleWebKit/537.36 (KHTML, like Gecko) Chrome/62.0.3202.94 Safari/537.36"
193.171.22.46 - - [06/Dec/2017:08:57:27 +0100] "GET /enns/Abendkurs-22Dez2016?FS=B HTTP/1.1" 404 3065 "http://m.facebook.com" "Mozilla/5.0 (iPhone; CPU iPhone OS 11_1_1 like Mac OS X) AppleWebKit/604.3.5 (KHTML, like Gecko) Mobile/15B150 [FBAN/FBIOS;FBAV/150.0.0.32.132;FBBV/80278251;FBDV/iPhone8,1;FBMD/iPhone;FBSN/iOS;FBSV/11.1.1;FBSS/2;FBCR/T-MobileA;FBID/phone;FBLC/de_DE;FBOP/5;FBRV/82362498]"
62.47.239.156 - - [06/Dec/2017:08:57:32 +0100] "-" 408 - "-" "-"
62.47.239.156 - - [06/Dec/2017:08:57:32 +0100] "-" 408 - "-" "-"
194.208.36.162 - - [06/Dec/2017:08:57:32 +0100] "GET /javascript/portal.js?1221842734 HTTP/1.1" 200 3529 "https://www.easydrivers.at/bludenz/service" "Mozilla/5.0 (Windows NT 6.3; WOW64) AppleWebKit/537.36 (KHTML, like Gecko) Chrome/62.0.3202.94 Safari/537.36"
188.23.221.184 - - [06/Dec/2017:08:57:30 +0100] "POST /st.valentin/kursauswahl HTTP/1.1" 200 3134 "https://www.easydrivers.at/st.valentin" "Mozilla/5.0 (iPhone; CPU iPhone OS 11_1_2 like Mac OS X) AppleWebKit/604.3.5 (KHTML, like Gecko) Version/11.0 Mobile/15B202 Safari/604.1"
194.208.36.162 - - [06/Dec/2017:08:57:34 +0100] "GET /img/ED_Logo.png HTTP/1.1" 200 3385 "https://www.easydrivers.at/css/style.css" "Mozilla/5.0 (Windows NT 6.3; WOW64) AppleWebKit/537.36 (KHTML, like Gecko) Chrome/62.0.3202.94 Safari/537.36"
194.208.36.162 - - [06/Dec/2017:08:57:34 +0100] "GET /javascript/fahrschule.js HTTP/1.1" 200 462 "https://www.easydrivers.at/bludenz/service" "Mozilla/5.0 (Windows NT 6.3; WOW64) AppleWebKit/537.36 (KHTML, like Gecko) Chrome/62.0.3202.94 Safari/537.36"
194.208.36.162 - - [06/Dec/2017:08:57:34 +0100] "GET /javascript/lazyload.js HTTP/1.1" 200 1170 "https://www.easydrivers.at/bludenz/service" "Mozilla/5.0 (Windows NT 6.3; WOW64) AppleWebKit/537.36 (KHTML, like Gecko) Chrome/62.0.3202.94 Safari/537.36"
188.23.221.184 - - [06/Dec/2017:08:57:33 +0100] "POST /loadkursliste HTTP/1.1" 200 826 "https://www.easydrivers.at/st.valentin/kursauswahl" "Mozilla/5.0 (iPhone; CPU iPhone OS 11_1_2 like Mac OS X) AppleWebKit/604.3.5 (KHTML, like Gecko) Version/11.0 Mobile/15B202 Safari/604.1"
194.208.36.162 - - [06/Dec/2017:08:57:37 +0100] "GET /img/top-image-overlay.png HTTP/1.1" 200 20650 "https://www.easydrivers.at/css/style.css" "Mozilla/5.0 (Windows NT 6.3; WOW64) AppleWebKit/537.36 (KHTML, like Gecko) Chrome/62.0.3202.94 Safari/537.36"
194.208.36.162 - - [06/Dec/2017:08:57:37 +0100] "GET /img/purple-dots-horizontal.png HTTP/1.1" 200 977 "https://www.easydrivers.at/css/style.css" "Mozilla/5.0 (Windows NT 6.3; WOW64) AppleWebKit/537.36 (KHTML, like Gecko) Chrome/62.0.3202.94 Safari/537.36"
194.208.36.162 - - [06/Dec/2017:08:57:37 +0100] "GET /img/close-button.png HTTP/1.1" 200 2237 "https://www.easydrivers.at/bludenz/service" "Mozilla/5.0 (Windows NT 6.3; WOW64) AppleWebKit/537.36 (KHTML, like Gecko) Chrome/62.0.3202.94 Safari/537.36"
194.208.36.162 - - [06/Dec/2017:08:57:38 +0100] "GET /img/facebook-icon.png HTTP/1.1" 200 1506 "https://www.easydrivers.at/bludenz/service" "Mozilla/5.0 (Windows NT 6.3; WOW64) AppleWebKit/537.36 (KHTML, like Gecko) Chrome/62.0.3202.94 Safari/537.36"
194.208.36.162 - - [06/Dec/2017:08:57:38 +0100] "GET /img/info-button.png HTTP/1.1" 200 738 "https://www.easydrivers.at/bludenz/service" "Mozilla/5.0 (Windows NT 6.3; WOW64) AppleWebKit/537.36 (KHTML, like Gecko) Chrome/62.0.3202.94 Safari/537.36"
194.208.36.162 - - [06/Dec/2017:08:57:38 +0100] "GET /img/locator-icon.png HTTP/1.1" 200 1377 "https://www.easydrivers.at/bludenz/service" "Mozilla/5.0 (Windows NT 6.3; WOW64) AppleWebKit/537.36 (KHTML, like Gecko) Chrome/62.0.3202.94 Safari/537.36"
194.208.36.162 - - [06/Dec/2017:08:57:39 +0100] "GET /img/close-button-small.png HTTP/1.1" 200 1671 "https://www.easydrivers.at/bludenz/service" "Mozilla/5.0 (Windows NT 6.3; WOW64) AppleWebKit/537.36 (KHTML, like Gecko) Chrome/62.0.3202.94 Safari/537.36"
194.208.36.162 - - [06/Dec/2017:08:57:40 +0100] "GET /img/schweiz-icon.png HTTP/1.1" 200 1504 "https://www.easydrivers.at/bludenz/service" "Mozilla/5.0 (Windows NT 6.3; WOW64) AppleWebKit/537.36 (KHTML, like Gecko) Chrome/62.0.3202.94 Safari/537.36"
194.208.36.162 - - [06/Dec/2017:08:57:40 +0100] "GET /img/bg-footer.jpg HTTP/1.1" 200 31770 "https://www.easydrivers.at/css/style.css" "Mozilla/5.0 (Windows NT 6.3; WOW64) AppleWebKit/537.36 (KHTML, like Gecko) Chrome/62.0.3202.94 Safari/537.36"
194.208.36.162 - - [06/Dec/2017:08:57:34 +0100] "GET /img/bg-header.jpg HTTP/1.1" 200 38680 "https://www.easydrivers.at/css/style.css" "Mozilla/5.0 (Windows NT 6.3; WOW64) AppleWebKit/537.36 (KHTML, like Gecko) Chrome/62.0.3202.94 Safari/537.36"
92.62.17.186 - - [06/Dec/2017:08:57:40 +0100] "GET /bruck.leitha/img/smallicon-person.png HTTP/1.1" 404 3084 "-" "Mozilla/5.0 (iPhone; CPU iPhone OS 11_1_1 like Mac OS X) AppleWebKit/604.3.5 (KHTML, like Gecko) Mobile/15B150 [FBAN/FBIOS;FBAV/151.0.0.61.202;FBBV/82156572;FBDV/iPhone9,3;FBMD/iPhone;FBSN/iOS;FBSV/11.1.1;FBSS/2;FBCR/A1;FBID/phone;FBLC/de_DE;FBOP/5;FBRV/82156572]"
194.208.36.162 - - [06/Dec/2017:08:57:43 +0100] "GET /img/kursicon-print-pink.png HTTP/1.1" 200 1125 "https://www.easydrivers.at/bludenz/service" "Mozilla/5.0 (Windows NT 6.3; WOW64) AppleWebKit/537.36 (KHTML, like Gecko) Chrome/62.0.3202.94 Safari/537.36"
194.208.36.162 - - [06/Dec/2017:08:57:43 +0100] "GET /img/kursicon-download-pink.png HTTP/1.1" 200 1213 "https://www.easydrivers.at/bludenz/service" "Mozilla/5.0 (Windows NT 6.3; WOW64) AppleWebKit/537.36 (KHTML, like Gecko) Chrome/62.0.3202.94 Safari/537.36"
194.208.36.162 - - [06/Dec/2017:08:57:43 +0100] "GET /img/kursicon-share-pink.png HTTP/1.1" 200 1277 "https://www.easydrivers.at/bludenz/service" "Mozilla/5.0 (Windows NT 6.3; WOW64) AppleWebKit/537.36 (KHTML, like Gecko) Chrome/62.0.3202.94 Safari/537.36"
194.208.36.162 - - [06/Dec/2017:08:57:43 +0100] "GET /img/kursicon-phone-pink.png HTTP/1.1" 200 1286 "https://www.easydrivers.at/bludenz/service" "Mozilla/5.0 (Windows NT 6.3; WOW64) AppleWebKit/537.36 (KHTML, like Gecko) Chrome/62.0.3202.94 Safari/537.36"
194.208.36.162 - - [06/Dec/2017:08:57:47 +0100] "GET /ueberuns HTTP/1.1" 200 3260 "https://www.easydrivers.at/bludenz/service" "Mozilla/5.0 (Windows NT 6.3; WOW64) AppleWebKit/537.36 (KHTML, like Gecko) Chrome/62.0.3202.94 Safari/537.36"
194.208.36.162 - - [06/Dec/2017:08:57:49 +0100] "GET /css/print.css HTTP/1.1" 200 967 "https://www.easydrivers.at/bludenz/service" "Mozilla/5.0 (Windows NT 6.3; WOW64) AppleWebKit/537.36 (KHTML, like Gecko) Chrome/62.0.3202.94 Safari/537.36"
207.46.13.137 - - [06/Dec/2017:08:57:49 +0100] "GET /leonding/prakt_pruefg HTTP/1.1" 301 309 "-" "Mozilla/5.0 (compatible; bingbot/2.0; +http://www.bing.com/bingbot.htm)"
194.208.36.162 - - [06/Dec/2017:08:57:37 +0100] "GET /binaries/easy-drivers-portal/motorrad2jpg.jpg HTTP/1.1" 200 45802 "https://www.easydrivers.at/bludenz/service" "Mozilla/5.0 (Windows NT 6.3; WOW64) AppleWebKit/537.36 (KHTML, like Gecko) Chrome/62.0.3202.94 Safari/537.36"
213.225.37.112 - - [06/Dec/2017:08:57:48 +0100] "GET /steyr/img/mobile/info-close-button.png HTTP/1.1" 404 3096 "-" "Mozilla/5.0 (iPhone; CPU iPhone OS 11_0_3 like Mac OS X) AppleWebKit/604.1.38 (KHTML, like Gecko) Mobile/15A432 [FBAN/FBIOS;FBAV/151.0.0.61.202;FBBV/82156572;FBDV/iPhone9,3;FBMD/iPhone;FBSN/iOS;FBSV/11.0.3;FBSS/2;FBCR/A1;FBID/phone;FBLC/de_DE;FBOP/5;FBRV/83160404]"
157.55.39.65 - - [06/Dec/2017:08:57:54 +0100] "GET /binaries/easy-drivers-portal/traktor3jpg.jpg HTTP/1.1" 301 318 "-" "Mozilla/5.0 (compatible; bingbot/2.0; +http://www.bing.com/bingbot.htm)"
194.208.36.162 - - [06/Dec/2017:08:57:55 +0100] "GET /css/history.css HTTP/1.1" 200 609 "https://www.easydrivers.at/ueberuns" "Mozilla/5.0 (Windows NT 6.3; WOW64) AppleWebKit/537.36 (KHTML, like Gecko) Chrome/62.0.3202.94 Safari/537.36"
194.208.36.162 - - [06/Dec/2017:08:57:55 +0100] "GET /javascript/history.js HTTP/1.1" 200 967 "https://www.easydrivers.at/ueberuns" "Mozilla/5.0 (Windows NT 6.3; WOW64) AppleWebKit/537.36 (KHTML, like Gecko) Chrome/62.0.3202.94 Safari/537.36"
188.23.221.184 - - [06/Dec/2017:08:57:52 +0100] "GET /st.valentin/10293855?FS=B-L HTTP/1.1" 200 3124 "https://www.easydrivers.at/st.valentin/kursauswahl" "Mozilla/5.0 (iPhone; CPU iPhone OS 11_1_2 like Mac OS X) AppleWebKit/604.3.5 (KHTML, like Gecko) Version/11.0 Mobile/15B202 Safari/604.1"
194.208.36.162 - - [06/Dec/2017:08:57:55 +0100] "GET /img/bg-header.jpg HTTP/1.1" 206 1 "https://www.easydrivers.at/css/style.css" "Mozilla/5.0 (Windows NT 6.3; WOW64) AppleWebKit/537.36 (KHTML, like Gecko) Chrome/62.0.3202.94 Safari/537.36"
194.208.36.162 - - [06/Dec/2017:08:57:55 +0100] "GET /binaries/easy-drivers-portal/edwebhistoryillu392x3922jpg.jpg HTTP/1.1" 200 32209 "https://www.easydrivers.at/ueberuns" "Mozilla/5.0 (Windows NT 6.3; WOW64) AppleWebKit/537.36 (KHTML, like Gecko) Chrome/62.0.3202.94 Safari/537.36"
194.208.36.162 - - [06/Dec/2017:08:57:55 +0100] "GET /binaries/easy-drivers-portal/edwebhistoryillu392x3924jpg.jpg HTTP/1.1" 200 35765 "https://www.easydrivers.at/ueberuns" "Mozilla/5.0 (Windows NT 6.3; WOW64) AppleWebKit/537.36 (KHTML, like Gecko) Chrome/62.0.3202.94 Safari/537.36"
194.208.36.162 - - [06/Dec/2017:08:57:55 +0100] "GET /img/bg-header.jpg HTTP/1.1" 206 5912 "https://www.easydrivers.at/css/style.css" "Mozilla/5.0 (Windows NT 6.3; WOW64) AppleWebKit/537.36 (KHTML, like Gecko) Chrome/62.0.3202.94 Safari/537.36"
157.55.39.65 - - [06/Dec/2017:08:57:56 +0100] "GET /binaries/easy-drivers-portal/traktor3jpg.jpg HTTP/1.1" 200 131201 "-" "Mozilla/5.0 (compatible; bingbot/2.0; +http://www.bing.com/bingbot.htm)"
194.208.36.162 - - [06/Dec/2017:08:57:58 +0100] "GET /binaries/easy-drivers-portal/edwebhistoryillu392x3925jpg.jpg HTTP/1.1" 200 31708 "https://www.easydrivers.at/ueberuns" "Mozilla/5.0 (Windows NT 6.3; WOW64) AppleWebKit/537.36 (KHTML, like Gecko) Chrome/62.0.3202.94 Safari/537.36"
194.208.36.162 - - [06/Dec/2017:08:57:35 +0100] "GET /img/bg-top-section.jpg HTTP/1.1" 200 82172 "https://www.easydrivers.at/css/style.css" "Mozilla/5.0 (Windows NT 6.3; WOW64) AppleWebKit/537.36 (KHTML, like Gecko) Chrome/62.0.3202.94 Safari/537.36"
194.208.36.162 - - [06/Dec/2017:08:57:55 +0100] "GET /binaries/easy-drivers-portal/edwebhistoryillu392x3923jpg.jpg HTTP/1.1" 200 54656 "https://www.easydrivers.at/ueberuns" "Mozilla/5.0 (Windows NT 6.3; WOW64) AppleWebKit/537.36 (KHTML, like Gecko) Chrome/62.0.3202.94 Safari/537.36"
194.208.36.162 - - [06/Dec/2017:08:57:59 +0100] "GET /binaries/easy-drivers-portal/edwebhistoryillu392x3926jpg.jpg HTTP/1.1" 200 41118 "https://www.easydrivers.at/ueberuns" "Mozilla/5.0 (Windows NT 6.3; WOW64) AppleWebKit/537.36 (KHTML, like Gecko) Chrome/62.0.3202.94 Safari/537.36"
207.46.13.43 - - [06/Dec/2017:08:58:07 +0100] "GET /krems/AM-Kurs-Oktober-2017?FS=AM-M HTTP/1.1" 301 318 "-" "Mozilla/5.0 (compatible; bingbot/2.0; +http://www.bing.com/bingbot.htm)"
188.23.221.184 - - [06/Dec/2017:08:58:06 +0100] "POST /st.valentin/kursauswahl HTTP/1.1" 200 3134 "https://www.easydrivers.at/st.valentin" "Mozilla/5.0 (iPhone; CPU iPhone OS 11_1_2 like Mac OS X) AppleWebKit/604.3.5 (KHTML, like Gecko) Version/11.0 Mobile/15B202 Safari/604.1"
62.47.239.156 - - [06/Dec/2017:08:58:08 +0100] "GET /st.valentin/aktionen HTTP/1.1" 200 2944 "https://www.easydrivers.at/st.valentin/kursauswahl" "Mozilla/5.0 (Windows NT 6.2) AppleWebKit/537.36 (KHTML, like Gecko) Chrome/62.0.3202.94 Safari/537.36"
194.208.36.162 - - [06/Dec/2017:08:58:10 +0100] "GET /binaries/easy-drivers-portal/edwebhistoryillu392x3929jpg.jpg HTTP/1.1" 200 31823 "https://www.easydrivers.at/ueberuns" "Mozilla/5.0 (Windows NT 6.3; WOW64) AppleWebKit/537.36 (KHTML, like Gecko) Chrome/62.0.3202.94 Safari/537.36"
188.23.221.184 - - [06/Dec/2017:08:58:09 +0100] "POST /loadkursliste HTTP/1.1" 200 826 "https://www.easydrivers.at/st.valentin/kursauswahl" "Mozilla/5.0 (iPhone; CPU iPhone OS 11_1_2 like Mac OS X) AppleWebKit/604.3.5 (KHTML, like Gecko) Version/11.0 Mobile/15B202 Safari/604.1"
62.47.239.156 - - [06/Dec/2017:08:58:10 +0100] "GET /binaries/easy-drivers-portal/pkw5jpg.jpg HTTP/1.1" 200 96177 "https://www.easydrivers.at/st.valentin/aktionen" "Mozilla/5.0 (Windows NT 6.2) AppleWebKit/537.36 (KHTML, like Gecko) Chrome/62.0.3202.94 Safari/537.36"
194.208.36.162 - - [06/Dec/2017:08:58:15 +0100] "GET /binaries/easy-drivers-portal/edwebhistoryillu392x39211jpg.jpg HTTP/1.1" 200 36282 "https://www.easydrivers.at/ueberuns" "Mozilla/5.0 (Windows NT 6.3; WOW64) AppleWebKit/537.36 (KHTML, like Gecko) Chrome/62.0.3202.94 Safari/537.36"
194.208.36.162 - - [06/Dec/2017:08:58:07 +0100] "GET /binaries/easy-drivers-portal/edwebhistoryillu392x3928jpg.jpg HTTP/1.1" 200 38907 "https://www.easydrivers.at/ueberuns" "Mozilla/5.0 (Windows NT 6.3; WOW64) AppleWebKit/537.36 (KHTML, like Gecko) Chrome/62.0.3202.94 Safari/537.36"
62.47.239.156 - - [06/Dec/2017:08:58:14 +0100] "GET /st.valentin HTTP/1.1" 200 3676 "https://www.easydrivers.at/st.valentin/aktionen" "Mozilla/5.0 (Windows NT 6.2) AppleWebKit/537.36 (KHTML, like Gecko) Chrome/62.0.3202.94 Safari/537.36"
62.47.239.156 - - [06/Dec/2017:08:58:17 +0100] "GET /ueberuns HTTP/1.1" 200 3260 "https://www.easydrivers.at/st.valentin/aktionen" "Mozilla/5.0 (Windows NT 6.2) AppleWebKit/537.36 (KHTML, like Gecko) Chrome/62.0.3202.94 Safari/537.36"
62.47.239.156 - - [06/Dec/2017:08:58:19 +0100] "GET /css/history.css HTTP/1.1" 200 609 "https://www.easydrivers.at/ueberuns" "Mozilla/5.0 (Windows NT 6.2) AppleWebKit/537.36 (KHTML, like Gecko) Chrome/62.0.3202.94 Safari/537.36"
62.47.239.156 - - [06/Dec/2017:08:58:19 +0100] "GET /javascript/history.js HTTP/1.1" 200 967 "https://www.easydrivers.at/ueberuns" "Mozilla/5.0 (Windows NT 6.2) AppleWebKit/537.36 (KHTML, like Gecko) Chrome/62.0.3202.94 Safari/537.36"
62.47.239.156 - - [06/Dec/2017:08:58:19 +0100] "GET /binaries/easy-drivers-portal/edwebhistoryillu392x3922jpg.jpg HTTP/1.1" 200 32209 "https://www.easydrivers.at/ueberuns" "Mozilla/5.0 (Windows NT 6.2) AppleWebKit/537.36 (KHTML, like Gecko) Chrome/62.0.3202.94 Safari/537.36"
62.47.239.156 - - [06/Dec/2017:08:58:19 +0100] "GET /binaries/easy-drivers-portal/edwebhistoryillu392x3924jpg.jpg HTTP/1.1" 200 35765 "https://www.easydrivers.at/ueberuns" "Mozilla/5.0 (Windows NT 6.2) AppleWebKit/537.36 (KHTML, like Gecko) Chrome/62.0.3202.94 Safari/537.36"
62.47.239.156 - - [06/Dec/2017:08:58:19 +0100] "GET /binaries/easy-drivers-portal/edwebhistoryillu392x3925jpg.jpg HTTP/1.1" 200 31708 "https://www.easydrivers.at/ueberuns" "Mozilla/5.0 (Windows NT 6.2) AppleWebKit/537.36 (KHTML, like Gecko) Chrome/62.0.3202.94 Safari/537.36"
62.47.239.156 - - [06/Dec/2017:08:58:19 +0100] "GET /binaries/easy-drivers-portal/edwebhistoryillu392x3923jpg.jpg HTTP/1.1" 200 54656 "https://www.easydrivers.at/ueberuns" "Mozilla/5.0 (Windows NT 6.2) AppleWebKit/537.36 (KHTML, like Gecko) Chrome/62.0.3202.94 Safari/537.36"
62.47.239.156 - - [06/Dec/2017:08:58:19 +0100] "GET /binaries/easy-drivers-portal/edwebhistoryillu392x3926jpg.jpg HTTP/1.1" 200 41118 "https://www.easydrivers.at/ueberuns" "Mozilla/5.0 (Windows NT 6.2) AppleWebKit/537.36 (KHTML, like Gecko) Chrome/62.0.3202.94 Safari/537.36"
194.208.36.162 - - [06/Dec/2017:08:58:00 +0100] "GET /binaries/easy-drivers-portal/edwebhistoryillu392x3927jpg.jpg HTTP/1.1" 200 71377 "https://www.easydrivers.at/ueberuns" "Mozilla/5.0 (Windows NT 6.3; WOW64) AppleWebKit/537.36 (KHTML, like Gecko) Chrome/62.0.3202.94 Safari/537.36"
213.225.37.112 - - [06/Dec/2017:08:58:17 +0100] "GET /steyr/img/smallicon-person.png HTTP/1.1" 404 3093 "-" "Mozilla/5.0 (iPhone; CPU iPhone OS 11_0_3 like Mac OS X) AppleWebKit/604.1.38 (KHTML, like Gecko) Mobile/15A432 [FBAN/FBIOS;FBAV/151.0.0.61.202;FBBV/82156572;FBDV/iPhone9,3;FBMD/iPhone;FBSN/iOS;FBSV/11.0.3;FBSS/2;FBCR/A1;FBID/phone;FBLC/de_DE;FBOP/5;FBRV/83160404]"
62.47.239.156 - - [06/Dec/2017:08:58:20 +0100] "GET /binaries/easy-drivers-portal/edwebhistoryillu392x3929jpg.jpg HTTP/1.1" 200 31823 "https://www.easydrivers.at/ueberuns" "Mozilla/5.0 (Windows NT 6.2) AppleWebKit/537.36 (KHTML, like Gecko) Chrome/62.0.3202.94 Safari/537.36"
62.47.239.156 - - [06/Dec/2017:08:58:20 +0100] "GET /binaries/easy-drivers-portal/edwebhistoryillu392x39211jpg.jpg HTTP/1.1" 200 36282 "https://www.easydrivers.at/ueberuns" "Mozilla/5.0 (Windows NT 6.2) AppleWebKit/537.36 (KHTML, like Gecko) Chrome/62.0.3202.94 Safari/537.36"
62.47.239.156 - - [06/Dec/2017:08:58:20 +0100] "GET /binaries/easy-drivers-portal/edwebhistoryillu392x39210jpg.jpg HTTP/1.1" 200 19475 "https://www.easydrivers.at/ueberuns" "Mozilla/5.0 (Windows NT 6.2) AppleWebKit/537.36 (KHTML, like Gecko) Chrome/62.0.3202.94 Safari/537.36"
62.47.239.156 - - [06/Dec/2017:08:58:19 +0100] "GET /binaries/easy-drivers-portal/edwebhistoryillu392x392radjpg.jpg HTTP/1.1" 200 124939 "https://www.easydrivers.at/ueberuns" "Mozilla/5.0 (Windows NT 6.2) AppleWebKit/537.36 (KHTML, like Gecko) Chrome/62.0.3202.94 Safari/537.36"
62.47.239.156 - - [06/Dec/2017:08:58:19 +0100] "GET /binaries/easy-drivers-portal/edwebhistoryillu392x3928jpg.jpg HTTP/1.1" 200 38907 "https://www.easydrivers.at/ueberuns" "Mozilla/5.0 (Windows NT 6.2) AppleWebKit/537.36 (KHTML, like Gecko) Chrome/62.0.3202.94 Safari/537.36"
