92.62.17.186 - - [06/Dec/2017:08:58:17 +0100] "GET /bruck.leitha/img/mobile/googlemaps-pin.png HTTP/1.1" 404 3082 "-" "Mozilla/5.0 (iPhone; CPU iPhone OS 11_1_1 like Mac OS X) AppleWebKit/604.3.5 (KHTML, like Gecko) Mobile/15B150 [FBAN/FBIOS;FBAV/151.0.0.61.202;FBBV/82156572;FBDV/iPhone9,3;FBMD/iPhone;FBSN/iOS;FBSV/11.1.1;FBSS/2;FBCR/A1;FBID/phone;FBLC/de_DE;FBOP/5;FBRV/82156572]"
62.47.239.156 - - [06/Dec/2017:08:58:19 +0100] "GET /binaries/easy-drivers-portal/edwebhistoryillu392x3927jpg.jpg HTTP/1.1" 200 71377 "https://www.easydrivers.at/ueberuns" "Mozilla/5.0 (Windows NT 6.2) AppleWebKit/537.36 (KHTML, like Gecko) Chrome/62.0.3202.94 Safari/537.36"
62.47.239.156 - - [06/Dec/2017:08:58:20 +0100] "GET /binaries/easy-drivers-portal/edwebhistoryillu392x39220kpng.png HTTP/1.1" 200 49333 "https://www.easydrivers.at/ueberuns" "Mozilla/5.0 (Windows NT 6.2) AppleWebKit/537.36 (KHTML, like Gecko) Chrome/62.0.3202.94 Safari/537.36"
62.47.239.156 - - [06/Dec/2017:08:58:20 +0100] "GET /fahrschulen HTTP/1.1" 200 3928 "https://www.easydrivers.at/ueberuns" "Mozilla/5.0 (Windows NT 6.2) AppleWebKit/537.36 (KHTML, like Gecko) Chrome/62.0.3202.94 Safari/537.36"
194.208.36.162 - - [06/Dec/2017:08:58:22 +0100] "GET /binaries/easy-drivers-portal/edwebhistoryillu392x39210jpg.jpg HTTP/1.1" 200 19475 "https://www.easydrivers.at/ueberuns" "Mozilla/5.0 (Windows NT 6.3; WOW64) AppleWebKit/537.36 (KHTML, like Gecko) Chrome/62.0.3202.94 Safari/537.36"
62.47.239.156 - - [06/Dec/2017:08:58:22 +0100] "GET /javascript/fahrschulen.js?id=258 HTTP/1.1" 200 511 "https://www.easydrivers.at/fahrschulen" "Mozilla/5.0 (Windows NT 6.2) AppleWebKit/537.36 (KHTML, like Gecko) Chrome/62.0.3202.94 Safari/537.36"
62.47.239.156 - - [06/Dec/2017:08:58:22 +0100] "GET /img/austria-map-burgenland.png HTTP/1.1" 200 10146 "https://www.easydrivers.at/fahrschulen" "Mozilla/5.0 (Windows NT 6.2) AppleWebKit/537.36 (KHTML, like Gecko) Chrome/62.0.3202.94 Safari/537.36"
62.47.239.156 - - [06/Dec/2017:08:58:22 +0100] "GET /img/austria-map-kaernten.png HTTP/1.1" 200 9968 "https://www.easydrivers.at/fahrschulen" "Mozilla/5.0 (Windows NT 6.2) AppleWebKit/537.36 (KHTML, like Gecko) Chrome/62.0.3202.94 Safari/537.36"
62.47.239.156 - - [06/Dec/2017:08:58:22 +0100] "GET /img/austria-map-noe.png HTTP/1.1" 200 17166 "https://www.easydrivers.at/fahrschulen" "Mozilla/5.0 (Windows NT 6.2) AppleWebKit/537.36 (KHTML, like Gecko) Chrome/62.0.3202.94 Safari/537.36"
62.47.239.156 - - [06/Dec/2017:08:58:22 +0100] "GET /img/austria-map-ooe.png HTTP/1.1" 200 14597 "https://www.easydrivers.at/fahrschulen" "Mozilla/5.0 (Windows NT 6.2) AppleWebKit/537.36 (KHTML, like Gecko) Chrome/62.0.3202.94 Safari/537.36"
62.47.239.156 - - [06/Dec/2017:08:58:22 +0100] "GET /img/submit-button-small.png HTTP/1.1" 200 1456 "https://www.easydrivers.at/fahrschulen" "Mozilla/5.0 (Windows NT 6.2) AppleWebKit/537.36 (KHTML, like Gecko) Chrome/62.0.3202.94 Safari/537.36"
62.47.239.156 - - [06/Dec/2017:08:58:22 +0100] "GET /img/austria-map-salzburg.png HTTP/1.1" 200 13786 "https://www.easydrivers.at/fahrschulen" "Mozilla/5.0 (Windows NT 6.2) AppleWebKit/537.36 (KHTML, like Gecko) Chrome/62.0.3202.94 Safari/537.36"
62.47.239.156 - - [06/Dec/2017:08:58:22 +0100] "GET /img/austria-map-steiermark.png HTTP/1.1" 200 14192 "https://www.easydrivers.at/fahrschulen" "Mozilla/5.0 (Windows NT 6.2) AppleWebKit/537.36 (KHTML, like Gecko) Chrome/62.0.3202.94 Safari/537.36"
62.47.239.156 - - [06/Dec/2017:08:58:22 +0100] "GET /img/austria-map.jpg HTTP/1.1" 200 57110 "https://www.easydrivers.at/fahrschulen" "Mozilla/5.0 (Windows NT 6.2) AppleWebKit/537.36 (KHTML, like Gecko) Chrome/62.0.3202.94 Safari/537.36"
62.47.239.156 - - [06/Dec/2017:08:58:22 +0100] "GET /img/austria-map-tirol.png HTTP/1.1" 200 13911 "https://www.easydrivers.at/fahrschulen" "Mozilla/5.0 (Windows NT 6.2) AppleWebKit/537.36 (KHTML, like Gecko) Chrome/62.0.3202.94 Safari/537.36"
62.47.239.156 - - [06/Dec/2017:08:58:22 +0100] "GET /img/austria-map-vorarlberg.png HTTP/1.1" 200 5780 "https://www.easydrivers.at/fahrschulen" "Mozilla/5.0 (Windows NT 6.2) AppleWebKit/537.36 (KHTML, like Gecko) Chrome/62.0.3202.94 Safari/537.36"
62.47.239.156 - - [06/Dec/2017:08:58:22 +0100] "GET /img/austria-map-wien.png HTTP/1.1" 200 2864 "https://www.easydrivers.at/fahrschulen" "Mozilla/5.0 (Windows NT 6.2) AppleWebKit/537.36 (KHTML, like Gecko) Chrome/62.0.3202.94 Safari/537.36"
194.208.36.162 - - [06/Dec/2017:08:58:25 +0100] "GET /img/bg-footer.jpg HTTP/1.1" 206 1 "https://www.easydrivers.at/css/style.css" "Mozilla/5.0 (Windows NT 6.3; WOW64) AppleWebKit/537.36 (KHTML, like Gecko) Chrome/62.0.3202.94 Safari/537.36"
62.47.239.156 - - [06/Dec/2017:08:58:25 +0100] "POST /fahrschulen/3314 HTTP/1.1" 200 3690 "https://www.easydrivers.at/fahrschulen" "Mozilla/5.0 (Windows NT 6.2) AppleWebKit/537.36 (KHTML, like Gecko) Chrome/62.0.3202.94 Safari/537.36"
188.23.221.184 - - [06/Dec/2017:08:58:25 +0100] "GET /st.valentin/10293858?FS=B-L HTTP/1.1" 200 3128 "https://www.easydrivers.at/st.valentin/kursauswahl" "Mozilla/5.0 (iPhone; CPU iPhone OS 11_1_2 like Mac OS X) AppleWebKit/604.3.5 (KHTML, like Gecko) Version/11.0 Mobile/15B202 Safari/604.1"
62.47.239.156 - - [06/Dec/2017:08:58:27 +0100] "GET /img/smallicon-address.png HTTP/1.1" 200 1211 "https://www.easydrivers.at/fahrschulen/3314" "Mozilla/5.0 (Windows NT 6.2) AppleWebKit/537.36 (KHTML, like Gecko) Chrome/62.0.3202.94 Safari/537.36"
62.47.239.156 - - [06/Dec/2017:08:58:27 +0100] "GET /img/smallicon-time.png HTTP/1.1" 200 1262 "https://www.easydrivers.at/fahrschulen/3314" "Mozilla/5.0 (Windows NT 6.2) AppleWebKit/537.36 (KHTML, like Gecko) Chrome/62.0.3202.94 Safari/537.36"
194.208.36.162 - - [06/Dec/2017:08:58:28 +0100] "GET /img/bg-footer.jpg HTTP/1.1" 206 15386 "https://www.easydrivers.at/css/style.css" "Mozilla/5.0 (Windows NT 6.3; WOW64) AppleWebKit/537.36 (KHTML, like Gecko) Chrome/62.0.3202.94 Safari/537.36"
188.23.221.184 - - [06/Dec/2017:08:58:30 +0100] "POST /st.valentin/kursauswahl HTTP/1.1" 200 3134 "https://www.easydrivers.at/st.valentin" "Mozilla/5.0 (iPhone; CPU iPhone OS 11_1_2 like Mac OS X) AppleWebKit/604.3.5 (KHTML, like Gecko) Version/11.0 Mobile/15B202 Safari/604.1"
194.208.36.162 - - [06/Dec/2017:08:58:24 +0100] "GET /binaries/easy-drivers-portal/edwebhistoryillu392x39220kpng.png HTTP/1.1" 200 49333 "https://www.easydrivers.at/ueberuns" "Mozilla/5.0 (Windows NT 6.3; WOW64) AppleWebKit/537.36 (KHTML, like Gecko) Chrome/62.0.3202.94 Safari/537.36"
188.23.221.184 - - [06/Dec/2017:08:58:33 +0100] "POST /loadkursliste HTTP/1.1" 200 826 "https://www.easydrivers.at/st.valentin/kursauswahl" "Mozilla/5.0 (iPhone; CPU iPhone OS 11_1_2 like Mac OS X) AppleWebKit/604.3.5 (KHTML, like Gecko) Version/11.0 Mobile/15B202 Safari/604.1"
188.23.221.184 - - [06/Dec/2017:08:58:44 +0100] "GET /st.valentin/10293849?FS=B-L HTTP/1.1" 200 3124 "https://www.easydrivers.at/st.valentin/kursauswahl" "Mozilla/5.0 (iPhone; CPU iPhone OS 11_1_2 like Mac OS X) AppleWebKit/604.3.5 (KHTML, like Gecko) Version/11.0 Mobile/15B202 Safari/604.1"
213.225.37.112 - - [06/Dec/2017:08:58:51 +0100] "GET /steyr/img/smallicon-address.png HTTP/1.1" 404 3096 "-" "Mozilla/5.0 (iPhone; CPU iPhone OS 11_0_3 like Mac OS X) AppleWebKit/604.1.38 (KHTML, like Gecko) Mobile/15A432 [FBAN/FBIOS;FBAV/151.0.0.61.202;FBBV/82156572;FBDV/iPhone9,3;FBMD/iPhone;FBSN/iOS;FBSV/11.0.3;FBSS/2;FBCR/A1;FBID/phone;FBLC/de_DE;FBOP/5;FBRV/83160404]"
207.46.13.137 - - [06/Dec/2017:08:58:59 +0100] "GET /waidhofen.ybbs/kurse HTTP/1.1" 301 307 "-" "Mozilla/5.0 (compatible; bingbot/2.0; +http://www.bing.com/bingbot.htm)"
194.37.230.40 - - [06/Dec/2017:08:59:03 +0100] "GET /linz HTTP/1.1" 301 297 "http://www.google.at/url?sa=t&rct=j&q=&esrc=s&source=web&cd=1&ved=0ahUKEwie6eCW9fTXAhUEzaQKHcq3BH0QFggpMAA&url=http%3A%2F%2Fwww.easydrivers.at%2Flinz&usg=AOvVaw18PQGjOop4eRMeYJT1xsoB" "Mozilla/5.0 (Windows NT 6.1; Trident/7.0; rv:11.0) like Gecko"
194.37.230.40 - - [06/Dec/2017:08:59:03 +0100] "GET /linz HTTP/1.1" 200 11238 "-" "Mozilla/4.0 (compatible;)"
194.37.230.40 - - [06/Dec/2017:08:59:04 +0100] "GET /linz HTTP/1.1" 200 3530 "http://www.google.at/url?sa=t&rct=j&q=&esrc=s&source=web&cd=1&ved=0ahUKEwie6eCW9fTXAhUEzaQKHcq3BH0QFggpMAA&url=http%3A%2F%2Fwww.easydrivers.at%2Flinz&usg=AOvVaw18PQGjOop4eRMeYJT1xsoB" "Mozilla/5.0 (Windows NT 6.1; Trident/7.0; rv:11.0) like Gecko"
194.37.230.40 - - [06/Dec/2017:08:59:06 +0100] "GET /javascript/jquery.simplemodal.js HTTP/1.1" 200 3070 "https://www.easydrivers.at/linz" "Mozilla/5.0 (Windows NT 6.1; Trident/7.0; rv:11.0) like Gecko"
194.37.230.40 - - [06/Dec/2017:08:59:06 +0100] "GET /javascript/jquery.customSelect.min.js HTTP/1.1" 200 912 "https://www.easydrivers.at/linz" "Mozilla/5.0 (Windows NT 6.1; Trident/7.0; rv:11.0) like Gecko"
194.37.230.40 - - [06/Dec/2017:08:59:07 +0100] "GET /javascript/lazyload.js HTTP/1.1" 200 1170 "https://www.easydrivers.at/linz" "Mozilla/5.0 (Windows NT 6.1; Trident/7.0; rv:11.0) like Gecko"
194.37.230.40 - - [06/Dec/2017:08:59:07 +0100] "GET /img/facebook-icon.png HTTP/1.1" 200 1506 "https://www.easydrivers.at/linz" "Mozilla/5.0 (Windows NT 6.1; Trident/7.0; rv:11.0) like Gecko"
194.37.230.40 - - [06/Dec/2017:08:59:07 +0100] "GET /img/close-button.png HTTP/1.1" 200 2237 "https://www.easydrivers.at/linz" "Mozilla/5.0 (Windows NT 6.1; Trident/7.0; rv:11.0) like Gecko"
194.37.230.40 - - [06/Dec/2017:08:59:07 +0100] "GET /css/style.css HTTP/1.1" 200 5004 "https://www.easydrivers.at/linz" "Mozilla/5.0 (Windows NT 6.1; Trident/7.0; rv:11.0) like Gecko"
194.37.230.40 - - [06/Dec/2017:08:59:07 +0100] "GET /javascript/jquery.cookie.js HTTP/1.1" 200 863 "https://www.easydrivers.at/linz" "Mozilla/5.0 (Windows NT 6.1; Trident/7.0; rv:11.0) like Gecko"
194.37.230.40 - - [06/Dec/2017:08:59:07 +0100] "GET /img/submit-button.png HTTP/1.1" 200 1958 "https://www.easydrivers.at/linz" "Mozilla/5.0 (Windows NT 6.1; Trident/7.0; rv:11.0) like Gecko"
194.37.230.40 - - [06/Dec/2017:08:59:07 +0100] "GET /img/empty.gif HTTP/1.1" 200 43 "https://www.easydrivers.at/linz" "Mozilla/5.0 (Windows NT 6.1; Trident/7.0; rv:11.0) like Gecko"
194.37.230.40 - - [06/Dec/2017:08:59:07 +0100] "GET /img/info-button.png HTTP/1.1" 200 738 "https://www.easydrivers.at/linz" "Mozilla/5.0 (Windows NT 6.1; Trident/7.0; rv:11.0) like Gecko"
194.37.230.40 - - [06/Dec/2017:08:59:07 +0100] "GET /cache/emu/images/easy-drivers-portal10293349/fb-aktion2jpg_160_84_0.jpg HTTP/1.1" 200 5082 "https://www.easydrivers.at/linz" "Mozilla/5.0 (Windows NT 6.1; Trident/7.0; rv:11.0) like Gecko"
194.37.230.40 - - [06/Dec/2017:08:59:07 +0100] "GET /cache/emu/images/easy-drivers-portal10280670/fahrsicherheitstraining-foto-playpng_160_90_0.png HTTP/1.1" 200 28455 "https://www.easydrivers.at/linz" "Mozilla/5.0 (Windows NT 6.1; Trident/7.0; rv:11.0) like Gecko"
194.37.230.40 - - [06/Dec/2017:08:59:07 +0100] "GET /img/close-button-small.png HTTP/1.1" 200 1671 "https://www.easydrivers.at/linz" "Mozilla/5.0 (Windows NT 6.1; Trident/7.0; rv:11.0) like Gecko"
194.37.230.40 - - [06/Dec/2017:08:59:07 +0100] "GET /img/locator-icon.png HTTP/1.1" 200 1377 "https://www.easydrivers.at/linz" "Mozilla/5.0 (Windows NT 6.1; Trident/7.0; rv:11.0) like Gecko"
194.37.230.40 - - [06/Dec/2017:08:59:07 +0100] "GET /javascript/portal.js?1221842734 HTTP/1.1" 200 3529 "https://www.easydrivers.at/linz" "Mozilla/5.0 (Windows NT 6.1; Trident/7.0; rv:11.0) like Gecko"
194.37.230.40 - - [06/Dec/2017:08:59:07 +0100] "GET /img/schweiz-icon.png HTTP/1.1" 200 1504 "https://www.easydrivers.at/linz" "Mozilla/5.0 (Windows NT 6.1; Trident/7.0; rv:11.0) like Gecko"
194.37.230.40 - - [06/Dec/2017:08:59:07 +0100] "GET /javascript/fahrschule.js HTTP/1.1" 200 462 "https://www.easydrivers.at/linz" "Mozilla/5.0 (Windows NT 6.1; Trident/7.0; rv:11.0) like Gecko"
194.37.230.40 - - [06/Dec/2017:08:59:08 +0100] "GET /css/print.css HTTP/1.1" 200 967 "https://www.easydrivers.at/linz" "Mozilla/5.0 (Windows NT 6.1; Trident/7.0; rv:11.0) like Gecko"
194.37.230.40 - - [06/Dec/2017:08:59:08 +0100] "GET /img/kursicon-download-pink.png HTTP/1.1" 200 1213 "https://www.easydrivers.at/linz" "Mozilla/5.0 (Windows NT 6.1; Trident/7.0; rv:11.0) like Gecko"
194.37.230.40 - - [06/Dec/2017:08:59:08 +0100] "GET /img/kursicon-phone-pink.png HTTP/1.1" 200 1286 "https://www.easydrivers.at/linz" "Mozilla/5.0 (Windows NT 6.1; Trident/7.0; rv:11.0) like Gecko"
194.37.230.40 - - [06/Dec/2017:08:59:08 +0100] "GET /img/kursicon-print-pink.png HTTP/1.1" 200 1125 "https://www.easydrivers.at/linz" "Mozilla/5.0 (Windows NT 6.1; Trident/7.0; rv:11.0) like Gecko"
194.37.230.40 - - [06/Dec/2017:08:59:08 +0100] "GET /img/ED_Logo.png HTTP/1.1" 200 3385 "https://www.easydrivers.at/linz" "Mozilla/5.0 (Windows NT 6.1; Trident/7.0; rv:11.0) like Gecko"
194.37.230.40 - - [06/Dec/2017:08:59:08 +0100] "GET /img/bg-header.jpg HTTP/1.1" 200 38680 "https://www.easydrivers.at/linz" "Mozilla/5.0 (Windows NT 6.1; Trident/7.0; rv:11.0) like Gecko"
194.37.230.40 - - [06/Dec/2017:08:59:09 +0100] "GET /img/kursicon-share-pink.png HTTP/1.1" 200 1277 "https://www.easydrivers.at/linz" "Mozilla/5.0 (Windows NT 6.1; Trident/7.0; rv:11.0) like Gecko"
194.37.230.40 - - [06/Dec/2017:08:59:09 +0100] "GET /img/purple-dots-horizontal.png HTTP/1.1" 200 977 "https://www.easydrivers.at/linz" "Mozilla/5.0 (Windows NT 6.1; Trident/7.0; rv:11.0) like Gecko"
194.37.230.40 - - [06/Dec/2017:08:59:09 +0100] "GET /img/bg-footer.jpg HTTP/1.1" 200 31770 "https://www.easydrivers.at/linz" "Mozilla/5.0 (Windows NT 6.1; Trident/7.0; rv:11.0) like Gecko"
194.37.230.40 - - [06/Dec/2017:08:59:09 +0100] "GET /img/yellow-dots-vertical.png HTTP/1.1" 200 981 "https://www.easydrivers.at/linz" "Mozilla/5.0 (Windows NT 6.1; Trident/7.0; rv:11.0) like Gecko"
194.37.230.40 - - [06/Dec/2017:08:59:09 +0100] "GET /img/bg-top-section.jpg HTTP/1.1" 200 82172 "https://www.easydrivers.at/linz" "Mozilla/5.0 (Windows NT 6.1; Trident/7.0; rv:11.0) like Gecko"
92.62.17.186 - - [06/Dec/2017:08:59:12 +0100] "-" 408 - "-" "-"
66.249.76.74 - - [06/Dec/2017:08:59:13 +0100] "GET /steyr HTTP/1.1" 301 296 "-" "Mozilla/5.0 (compatible; Googlebot/2.1; +http://www.google.com/bot.html)"
188.23.221.184 - - [06/Dec/2017:08:59:11 +0100] "POST /st.valentin/kursauswahl HTTP/1.1" 200 3134 "https://www.easydrivers.at/st.valentin" "Mozilla/5.0 (iPhone; CPU iPhone OS 11_1_2 like Mac OS X) AppleWebKit/604.3.5 (KHTML, like Gecko) Version/11.0 Mobile/15B202 Safari/604.1"
194.37.230.40 - - [06/Dec/2017:08:59:13 +0100] "GET /linz/10292434 HTTP/1.1" 200 3517 "https://www.easydrivers.at/linz" "Mozilla/5.0 (Windows NT 6.1; Trident/7.0; rv:11.0) like Gecko"
194.37.230.40 - - [06/Dec/2017:08:59:16 +0100] "GET /css/print.css HTTP/1.1" 304 - "https://www.easydrivers.at/linz/10292434" "Mozilla/5.0 (Windows NT 6.1; Trident/7.0; rv:11.0) like Gecko"
194.37.230.40 - - [06/Dec/2017:08:59:16 +0100] "GET /javascript/jquery.customSelect.min.js HTTP/1.1" 304 - "https://www.easydrivers.at/linz/10292434" "Mozilla/5.0 (Windows NT 6.1; Trident/7.0; rv:11.0) like Gecko"
194.37.230.40 - - [06/Dec/2017:08:59:16 +0100] "GET /img/close-button.png HTTP/1.1" 304 - "https://www.easydrivers.at/linz/10292434" "Mozilla/5.0 (Windows NT 6.1; Trident/7.0; rv:11.0) like Gecko"
194.37.230.40 - - [06/Dec/2017:08:59:16 +0100] "GET /javascript/fahrschule.js HTTP/1.1" 304 - "https://www.easydrivers.at/linz/10292434" "Mozilla/5.0 (Windows NT 6.1; Trident/7.0; rv:11.0) like Gecko"
194.37.230.40 - - [06/Dec/2017:08:59:16 +0100] "GET /img/facebook-icon.png HTTP/1.1" 304 - "https://www.easydrivers.at/linz/10292434" "Mozilla/5.0 (Windows NT 6.1; Trident/7.0; rv:11.0) like Gecko"
194.37.230.40 - - [06/Dec/2017:08:59:16 +0100] "GET /css/style.css HTTP/1.1" 304 - "https://www.easydrivers.at/linz/10292434" "Mozilla/5.0 (Windows NT 6.1; Trident/7.0; rv:11.0) like Gecko"
194.37.230.40 - - [06/Dec/2017:08:59:16 +0100] "GET /javascript/jquery.cookie.js HTTP/1.1" 304 - "https://www.easydrivers.at/linz/10292434" "Mozilla/5.0 (Windows NT 6.1; Trident/7.0; rv:11.0) like Gecko"
194.37.230.40 - - [06/Dec/2017:08:59:16 +0100] "GET /javascript/portal.js?1221842734 HTTP/1.1" 304 - "https://www.easydrivers.at/linz/10292434" "Mozilla/5.0 (Windows NT 6.1; Trident/7.0; rv:11.0) like Gecko"
194.37.230.40 - - [06/Dec/2017:08:59:16 +0100] "GET /img/schweiz-icon.png HTTP/1.1" 304 - "https://www.easydrivers.at/linz/10292434" "Mozilla/5.0 (Windows NT 6.1; Trident/7.0; rv:11.0) like Gecko"
194.37.230.40 - - [06/Dec/2017:08:59:16 +0100] "GET /img/locator-icon.png HTTP/1.1" 304 - "https://www.easydrivers.at/linz/10292434" "Mozilla/5.0 (Windows NT 6.1; Trident/7.0; rv:11.0) like Gecko"
194.37.230.40 - - [06/Dec/2017:08:59:16 +0100] "GET /javascript/jquery.simplemodal.js HTTP/1.1" 304 - "https://www.easydrivers.at/linz/10292434" "Mozilla/5.0 (Windows NT 6.1; Trident/7.0; rv:11.0) like Gecko"
194.37.230.40 - - [06/Dec/2017:08:59:16 +0100] "GET /javascript/lazyload.js HTTP/1.1" 304 - "https://www.easydrivers.at/linz/10292434" "Mozilla/5.0 (Windows NT 6.1; Trident/7.0; rv:11.0) like Gecko"
194.37.230.40 - - [06/Dec/2017:08:59:16 +0100] "GET /img/close-button-small.png HTTP/1.1" 304 - "https://www.easydrivers.at/linz/10292434" "Mozilla/5.0 (Windows NT 6.1; Trident/7.0; rv:11.0) like Gecko"
194.37.230.40 - - [06/Dec/2017:08:59:16 +0100] "GET /binaries/easy-drivers-portal/moped4jpg.jpg HTTP/1.1" 200 74241 "https://www.easydrivers.at/linz/10292434" "Mozilla/5.0 (Windows NT 6.1; Trident/7.0; rv:11.0) like Gecko"
194.37.230.40 - - [06/Dec/2017:08:59:16 +0100] "GET /img/kursicon-print-pink.png HTTP/1.1" 304 - "https://www.easydrivers.at/linz/10292434" "Mozilla/5.0 (Windows NT 6.1; Trident/7.0; rv:11.0) like Gecko"
194.37.230.40 - - [06/Dec/2017:08:59:16 +0100] "GET /img/kursicon-download-pink.png HTTP/1.1" 304 - "https://www.easydrivers.at/linz/10292434" "Mozilla/5.0 (Windows NT 6.1; Trident/7.0; rv:11.0) like Gecko"
194.37.230.40 - - [06/Dec/2017:08:59:16 +0100] "GET /img/kursicon-share-pink.png HTTP/1.1" 304 - "https://www.easydrivers.at/linz/10292434" "Mozilla/5.0 (Windows NT 6.1; Trident/7.0; rv:11.0) like Gecko"
194.37.230.40 - - [06/Dec/2017:08:59:16 +0100] "GET /img/kursicon-phone-pink.png HTTP/1.1" 304 - "https://www.easydrivers.at/linz/10292434" "Mozilla/5.0 (Windows NT 6.1; Trident/7.0; rv:11.0) like Gecko"
194.37.230.40 - - [06/Dec/2017:08:59:16 +0100] "GET /img/ED_Logo.png HTTP/1.1" 304 - "https://www.easydrivers.at/linz/10292434" "Mozilla/5.0 (Windows NT 6.1; Trident/7.0; rv:11.0) like Gecko"
194.37.230.40 - - [06/Dec/2017:08:59:16 +0100] "GET /img/bg-top-section.jpg HTTP/1.1" 304 - "https://www.easydrivers.at/linz/10292434" "Mozilla/5.0 (Windows NT 6.1; Trident/7.0; rv:11.0) like Gecko"
194.37.230.40 - - [06/Dec/2017:08:59:16 +0100] "GET /img/bg-footer.jpg HTTP/1.1" 304 - "https://www.easydrivers.at/linz/10292434" "Mozilla/5.0 (Windows NT 6.1; Trident/7.0; rv:11.0) like Gecko"
194.37.230.40 - - [06/Dec/2017:08:59:16 +0100] "GET /img/top-image-overlay.png HTTP/1.1" 200 20650 "https://www.easydrivers.at/linz/10292434" "Mozilla/5.0 (Windows NT 6.1; Trident/7.0; rv:11.0) like Gecko"
194.37.230.40 - - [06/Dec/2017:08:59:16 +0100] "GET /img/bg-header.jpg HTTP/1.1" 304 - "https://www.easydrivers.at/linz/10292434" "Mozilla/5.0 (Windows NT 6.1; Trident/7.0; rv:11.0) like Gecko"
194.37.230.40 - - [06/Dec/2017:08:59:16 +0100] "GET /img/purple-dots-horizontal.png HTTP/1.1" 304 - "https://www.easydrivers.at/linz/10292434" "Mozilla/5.0 (Windows NT 6.1; Trident/7.0; rv:11.0) like Gecko"
66.249.76.84 - - [06/Dec/2017:08:59:14 +0100] "GET /steyr HTTP/1.1" 200 3710 "-" "Mozilla/5.0 (compatible; Googlebot/2.1; +http://www.google.com/bot.html)"
188.23.221.184 - - [06/Dec/2017:08:59:14 +0100] "POST /loadkursliste HTTP/1.1" 200 826 "https://www.easydrivers.at/st.valentin/kursauswahl" "Mozilla/5.0 (iPhone; CPU iPhone OS 11_1_2 like Mac OS X) AppleWebKit/604.3.5 (KHTML, like Gecko) Version/11.0 Mobile/15B202 Safari/604.1"
194.37.230.40 - - [06/Dec/2017:08:59:17 +0100] "GET /img/info-button.png HTTP/1.1" 304 - "https://www.easydrivers.at/linz/10292434" "Mozilla/5.0 (Windows NT 6.1; Trident/7.0; rv:11.0) like Gecko"
194.37.230.40 - - [06/Dec/2017:08:59:18 +0100] "GET /img/new_favicon.ico HTTP/1.1" 301 306 "-" "Mozilla/5.0 (Windows NT 6.1; Trident/7.0; rv:11.0) like Gecko"
194.37.230.40 - - [06/Dec/2017:08:59:18 +0100] "GET /img/new_favicon.ico HTTP/1.1" 200 1150 "-" "Mozilla/5.0 (Windows NT 6.1; Trident/7.0; rv:11.0) like Gecko"
213.225.37.112 - - [06/Dec/2017:08:59:21 +0100] "GET /steyr/img/smallicon-phone.png HTTP/1.1" 404 3095 "-" "Mozilla/5.0 (iPhone; CPU iPhone OS 11_0_3 like Mac OS X) AppleWebKit/604.1.38 (KHTML, like Gecko) Mobile/15A432 [FBAN/FBIOS;FBAV/151.0.0.61.202;FBBV/82156572;FBDV/iPhone9,3;FBMD/iPhone;FBSN/iOS;FBSV/11.0.3;FBSS/2;FBCR/A1;FBID/phone;FBLC/de_DE;FBOP/5;FBRV/83160404]"
62.46.217.117 - - [06/Dec/2017:08:59:30 +0100] "GET / HTTP/1.1" 301 293 "https://www.google.at/" "Mozilla/5.0 (Windows NT 6.1; Win64; x64; rv:57.0) Gecko/20100101 Firefox/57.0"
62.46.217.117 - - [06/Dec/2017:08:59:30 +0100] "GET / HTTP/1.1" 200 4436 "https://www.google.at/" "Mozilla/5.0 (Windows NT 6.1; Win64; x64; rv:57.0) Gecko/20100101 Firefox/57.0"
62.46.217.117 - - [06/Dec/2017:08:59:32 +0100] "GET /javascript/jquery.customSelect.min.js HTTP/1.1" 200 912 "https://www.easydrivers.at/" "Mozilla/5.0 (Windows NT 6.1; Win64; x64; rv:57.0) Gecko/20100101 Firefox/57.0"
62.46.217.117 - - [06/Dec/2017:08:59:32 +0100] "GET /javascript/jquery.simplemodal.js HTTP/1.1" 200 3070 "https://www.easydrivers.at/" "Mozilla/5.0 (Windows NT 6.1; Win64; x64; rv:57.0) Gecko/20100101 Firefox/57.0"
62.46.217.117 - - [06/Dec/2017:08:59:32 +0100] "GET /javascript/jquery.cookie.js HTTP/1.1" 200 863 "https://www.easydrivers.at/" "Mozilla/5.0 (Windows NT 6.1; Win64; x64; rv:57.0) Gecko/20100101 Firefox/57.0"
62.46.217.117 - - [06/Dec/2017:08:59:32 +0100] "GET /javascript/portal.js?1221842734 HTTP/1.1" 200 3529 "https://www.easydrivers.at/" "Mozilla/5.0 (Windows NT 6.1; Win64; x64; rv:57.0) Gecko/20100101 Firefox/57.0"
62.46.217.117 - - [06/Dec/2017:08:59:32 +0100] "GET /css/style.css HTTP/1.1" 200 5004 "https://www.easydrivers.at/" "Mozilla/5.0 (Windows NT 6.1; Win64; x64; rv:57.0) Gecko/20100101 Firefox/57.0"
62.46.217.117 - - [06/Dec/2017:08:59:32 +0100] "GET /css/print.css HTTP/1.1" 200 967 "https://www.easydrivers.at/" "Mozilla/5.0 (Windows NT 6.1; Win64; x64; rv:57.0) Gecko/20100101 Firefox/57.0"
62.46.217.117 - - [06/Dec/2017:08:59:32 +0100] "GET /javascript/lazyload.js HTTP/1.1" 200 1170 "https://www.easydrivers.at/" "Mozilla/5.0 (Windows NT 6.1; Win64; x64; rv:57.0) Gecko/20100101 Firefox/57.0"
62.46.217.117 - - [06/Dec/2017:08:59:32 +0100] "GET /javascript/homesearch.js HTTP/1.1" 200 393 "https://www.easydrivers.at/" "Mozilla/5.0 (Windows NT 6.1; Win64; x64; rv:57.0) Gecko/20100101 Firefox/57.0"
62.46.217.117 - - [06/Dec/2017:08:59:32 +0100] "GET /img/facebook-icon.png HTTP/1.1" 200 1506 "https://www.easydrivers.at/" "Mozilla/5.0 (Windows NT 6.1; Win64; x64; rv:57.0) Gecko/20100101 Firefox/57.0"
62.46.217.117 - - [06/Dec/2017:08:59:32 +0100] "GET /img/close-button.png HTTP/1.1" 200 2237 "https://www.easydrivers.at/" "Mozilla/5.0 (Windows NT 6.1; Win64; x64; rv:57.0) Gecko/20100101 Firefox/57.0"
62.46.217.117 - - [06/Dec/2017:08:59:32 +0100] "GET /img/empty.gif HTTP/1.1" 200 43 "https://www.easydrivers.at/" "Mozilla/5.0 (Windows NT 6.1; Win64; x64; rv:57.0) Gecko/20100101 Firefox/57.0"
62.46.217.117 - - [06/Dec/2017:08:59:32 +0100] "GET /binaries/easy-drivers-portal/widget-icon-trainingpng.png HTTP/1.1" 200 2662 "https://www.easydrivers.at/" "Mozilla/5.0 (Windows NT 6.1; Win64; x64; rv:57.0) Gecko/20100101 Firefox/57.0"
62.46.217.117 - - [06/Dec/2017:08:59:33 +0100] "GET /img/schweiz-icon.png HTTP/1.1" 200 1504 "https://www.easydrivers.at/" "Mozilla/5.0 (Windows NT 6.1; Win64; x64; rv:57.0) Gecko/20100101 Firefox/57.0"
62.46.217.117 - - [06/Dec/2017:08:59:33 +0100] "GET /binaries/easy-drivers-portal/widget-icon-expertspng.png HTTP/1.1" 200 2159 "https://www.easydrivers.at/" "Mozilla/5.0 (Windows NT 6.1; Win64; x64; rv:57.0) Gecko/20100101 Firefox/57.0"
62.46.217.117 - - [06/Dec/2017:08:59:33 +0100] "GET /cache/emu/images/easy-drivers-portal10294676/pastedgraphic-3-1png_160_90_0.png HTTP/1.1" 200 9745 "https://www.easydrivers.at/" "Mozilla/5.0 (Windows NT 6.1; Win64; x64; rv:57.0) Gecko/20100101 Firefox/57.0"
62.46.217.117 - - [06/Dec/2017:08:59:33 +0100] "GET /img/submit-button.png HTTP/1.1" 200 1958 "https://www.easydrivers.at/" "Mozilla/5.0 (Windows NT 6.1; Win64; x64; rv:57.0) Gecko/20100101 Firefox/57.0"
62.46.217.117 - - [06/Dec/2017:08:59:33 +0100] "GET /binaries/easy-drivers-portal/widget-icon-apppng.png HTTP/1.1" 200 2432 "https://www.easydrivers.at/" "Mozilla/5.0 (Windows NT 6.1; Win64; x64; rv:57.0) Gecko/20100101 Firefox/57.0"
62.46.217.117 - - [06/Dec/2017:08:59:33 +0100] "GET /img/ED_Logo.png HTTP/1.1" 200 3385 "https://www.easydrivers.at/css/style.css" "Mozilla/5.0 (Windows NT 6.1; Win64; x64; rv:57.0) Gecko/20100101 Firefox/57.0"
62.46.217.117 - - [06/Dec/2017:08:59:33 +0100] "GET /img/purple-dots-horizontal.png HTTP/1.1" 200 977 "https://www.easydrivers.at/css/style.css" "Mozilla/5.0 (Windows NT 6.1; Win64; x64; rv:57.0) Gecko/20100101 Firefox/57.0"
62.46.217.117 - - [06/Dec/2017:08:59:33 +0100] "GET /img/bg-header.jpg HTTP/1.1" 200 38680 "https://www.easydrivers.at/css/style.css" "Mozilla/5.0 (Windows NT 6.1; Win64; x64; rv:57.0) Gecko/20100101 Firefox/57.0"
62.46.217.117 - - [06/Dec/2017:08:59:34 +0100] "GET /img/yellow-dots-vertical.png HTTP/1.1" 200 981 "https://www.easydrivers.at/css/style.css" "Mozilla/5.0 (Windows NT 6.1; Win64; x64; rv:57.0) Gecko/20100101 Firefox/57.0"
62.46.217.117 - - [06/Dec/2017:08:59:33 +0100] "GET /img/bg-top-section.jpg HTTP/1.1" 200 82172 "https://www.easydrivers.at/css/style.css" "Mozilla/5.0 (Windows NT 6.1; Win64; x64; rv:57.0) Gecko/20100101 Firefox/57.0"
62.46.217.117 - - [06/Dec/2017:08:59:34 +0100] "GET /img/black-dots-vertical.png HTTP/1.1" 200 1165 "https://www.easydrivers.at/css/style.css" "Mozilla/5.0 (Windows NT 6.1; Win64; x64; rv:57.0) Gecko/20100101 Firefox/57.0"
62.46.217.117 - - [06/Dec/2017:08:59:34 +0100] "GET /img/bg-footer.jpg HTTP/1.1" 200 31770 "https://www.easydrivers.at/css/style.css" "Mozilla/5.0 (Windows NT 6.1; Win64; x64; rv:57.0) Gecko/20100101 Firefox/57.0"
62.46.217.117 - - [06/Dec/2017:08:59:35 +0100] "GET /img/kursicon-print-pink.png HTTP/1.1" 200 1125 "https://www.easydrivers.at/" "Mozilla/5.0 (Windows NT 6.1; Win64; x64; rv:57.0) Gecko/20100101 Firefox/57.0"
62.46.217.117 - - [06/Dec/2017:08:59:35 +0100] "GET /img/kursicon-download-pink.png HTTP/1.1" 200 1213 "https://www.easydrivers.at/" "Mozilla/5.0 (Windows NT 6.1; Win64; x64; rv:57.0) Gecko/20100101 Firefox/57.0"
62.46.217.117 - - [06/Dec/2017:08:59:35 +0100] "GET /img/kursicon-share-pink.png HTTP/1.1" 200 1277 "https://www.easydrivers.at/" "Mozilla/5.0 (Windows NT 6.1; Win64; x64; rv:57.0) Gecko/20100101 Firefox/57.0"
62.46.217.117 - - [06/Dec/2017:08:59:35 +0100] "GET /img/kursicon-phone-pink.png HTTP/1.1" 200 1286 "https://www.easydrivers.at/" "Mozilla/5.0 (Windows NT 6.1; Win64; x64; rv:57.0) Gecko/20100101 Firefox/57.0"
62.46.217.117 - - [06/Dec/2017:08:59:35 +0100] "GET /img/selection-box-button.png HTTP/1.1" 200 1079 "https://www.easydrivers.at/css/style.css" "Mozilla/5.0 (Windows NT 6.1; Win64; x64; rv:57.0) Gecko/20100101 Firefox/57.0"
62.46.217.117 - - [06/Dec/2017:08:59:35 +0100] "GET /img/new_favicon.ico HTTP/1.1" 301 306 "-" "Mozilla/5.0 (Windows NT 6.1; Win64; x64; rv:57.0) Gecko/20100101 Firefox/57.0"
62.46.217.117 - - [06/Dec/2017:08:59:36 +0100] "GET /img/new_favicon.ico HTTP/1.1" 200 1150 "-" "Mozilla/5.0 (Windows NT 6.1; Win64; x64; rv:57.0) Gecko/20100101 Firefox/57.0"
92.62.17.186 - - [06/Dec/2017:08:59:39 +0100] "-" 408 - "-" "-"
66.249.76.80 - - [06/Dec/2017:08:59:39 +0100] "GET /css/style.css HTTP/1.1" 200 5004 "https://www.easydrivers.at/steyr" "Mozilla/5.0 (compatible; Googlebot/2.1; +http://www.google.com/bot.html)"
188.23.221.184 - - [06/Dec/2017:08:59:47 +0100] "GET /st.valentin/10293849?FS=B-L HTTP/1.1" 200 3124 "https://www.easydrivers.at/st.valentin/kursauswahl" "Mozilla/5.0 (iPhone; CPU iPhone OS 11_1_2 like Mac OS X) AppleWebKit/604.3.5 (KHTML, like Gecko) Version/11.0 Mobile/15B202 Safari/604.1"
62.46.217.117 - - [06/Dec/2017:08:59:49 +0100] "GET /img/loading-bars.gif HTTP/1.1" 200 3951 "https://www.easydrivers.at/css/style.css" "Mozilla/5.0 (Windows NT 6.1; Win64; x64; rv:57.0) Gecko/20100101 Firefox/57.0"
62.46.217.117 - - [06/Dec/2017:08:59:49 +0100] "POST /suche HTTP/1.1" 200 5082 "https://www.easydrivers.at/" "Mozilla/5.0 (Windows NT 6.1; Win64; x64; rv:57.0) Gecko/20100101 Firefox/57.0"
62.46.217.117 - - [06/Dec/2017:08:59:51 +0100] "GET /css/showLoading.css HTTP/1.1" 200 219 "https://www.easydrivers.at/suche" "Mozilla/5.0 (Windows NT 6.1; Win64; x64; rv:57.0) Gecko/20100101 Firefox/57.0"
62.46.217.117 - - [06/Dec/2017:08:59:52 +0100] "GET /javascript/suche.js HTTP/1.1" 200 209 "https://www.easydrivers.at/suche" "Mozilla/5.0 (Windows NT 6.1; Win64; x64; rv:57.0) Gecko/20100101 Firefox/57.0"
62.46.217.117 - - [06/Dec/2017:08:59:52 +0100] "GET /javascript/jquery.showLoading.min.js HTTP/1.1" 200 1136 "https://www.easydrivers.at/suche" "Mozilla/5.0 (Windows NT 6.1; Win64; x64; rv:57.0) Gecko/20100101 Firefox/57.0"
62.46.217.117 - - [06/Dec/2017:08:59:52 +0100] "GET /javascript/jquery.base64.min.js HTTP/1.1" 200 37135 "https://www.easydrivers.at/suche" "Mozilla/5.0 (Windows NT 6.1; Win64; x64; rv:57.0) Gecko/20100101 Firefox/57.0"
62.46.217.117 - - [06/Dec/2017:08:59:52 +0100] "GET /img/submit-button-small.png HTTP/1.1" 200 1456 "https://www.easydrivers.at/suche" "Mozilla/5.0 (Windows NT 6.1; Win64; x64; rv:57.0) Gecko/20100101 Firefox/57.0"
62.46.217.117 - - [06/Dec/2017:08:59:52 +0100] "GET /img/smallicon-address.png HTTP/1.1" 200 1211 "https://www.easydrivers.at/suche" "Mozilla/5.0 (Windows NT 6.1; Win64; x64; rv:57.0) Gecko/20100101 Firefox/57.0"
62.46.217.117 - - [06/Dec/2017:08:59:52 +0100] "GET /img/locator-icon.png HTTP/1.1" 200 1377 "https://www.easydrivers.at/suche" "Mozilla/5.0 (Windows NT 6.1; Win64; x64; rv:57.0) Gecko/20100101 Firefox/57.0"
62.46.217.117 - - [06/Dec/2017:08:59:52 +0100] "GET /binaries/easy-drivers-portal/moped1jpg.jpg HTTP/1.1" 200 60962 "https://www.easydrivers.at/suche" "Mozilla/5.0 (Windows NT 6.1; Win64; x64; rv:57.0) Gecko/20100101 Firefox/57.0"
62.46.217.117 - - [06/Dec/2017:08:59:52 +0100] "GET /img/smallicon-phone.png HTTP/1.1" 200 3056 "https://www.easydrivers.at/suche" "Mozilla/5.0 (Windows NT 6.1; Win64; x64; rv:57.0) Gecko/20100101 Firefox/57.0"
62.46.217.117 - - [06/Dec/2017:08:59:52 +0100] "GET /img/smallicon-time.png HTTP/1.1" 200 1262 "https://www.easydrivers.at/suche" "Mozilla/5.0 (Windows NT 6.1; Win64; x64; rv:57.0) Gecko/20100101 Firefox/57.0"
62.46.217.117 - - [06/Dec/2017:08:59:53 +0100] "GET /img/arrow-left.png HTTP/1.1" 200 1015 "https://www.easydrivers.at/css/style.css" "Mozilla/5.0 (Windows NT 6.1; Win64; x64; rv:57.0) Gecko/20100101 Firefox/57.0"
62.46.217.117 - - [06/Dec/2017:08:59:53 +0100] "GET /img/smallicon-mail.png HTTP/1.1" 200 1341 "https://www.easydrivers.at/suche" "Mozilla/5.0 (Windows NT 6.1; Win64; x64; rv:57.0) Gecko/20100101 Firefox/57.0"
62.46.217.117 - - [06/Dec/2017:08:59:53 +0100] "GET /img/bg-yellow.jpg HTTP/1.1" 200 2250 "https://www.easydrivers.at/css/style.css" "Mozilla/5.0 (Windows NT 6.1; Win64; x64; rv:57.0) Gecko/20100101 Firefox/57.0"
194.208.36.162 - - [06/Dec/2017:08:57:55 +0100] "GET /binaries/easy-drivers-portal/edwebhistoryillu392x392radjpg.jpg HTTP/1.1" 200 124939 "https://www.easydrivers.at/ueberuns" "Mozilla/5.0 (Windows NT 6.3; WOW64) AppleWebKit/537.36 (KHTML, like Gecko) Chrome/62.0.3202.94 Safari/537.36"
194.208.36.162 - - [06/Dec/2017:08:59:56 +0100] "GET /img/new_favicon.ico HTTP/1.1" 301 306 "-" "Mozilla/5.0 (Windows NT 6.3; WOW64) AppleWebKit/537.36 (KHTML, like Gecko) Chrome/62.0.3202.94 Safari/537.36"
194.208.36.162 - - [06/Dec/2017:08:59:56 +0100] "GET /img/new_favicon.ico HTTP/1.1" 200 1150 "-" "Mozilla/5.0 (Windows NT 6.3; WOW64) AppleWebKit/537.36 (KHTML, like Gecko) Chrome/62.0.3202.94 Safari/537.36"
188.23.221.184 - - [06/Dec/2017:09:00:04 +0100] "POST /st.valentin/kursauswahl HTTP/1.1" 200 3134 "https://www.easydrivers.at/st.valentin" "Mozilla/5.0 (iPhone; CPU iPhone OS 11_1_2 like Mac OS X) AppleWebKit/604.3.5 (KHTML, like Gecko) Version/11.0 Mobile/15B202 Safari/604.1"
188.23.221.184 - - [06/Dec/2017:09:00:06 +0100] "POST /loadkursliste HTTP/1.1" 200 826 "https://www.easydrivers.at/st.valentin/kursauswahl" "Mozilla/5.0 (iPhone; CPU iPhone OS 11_1_2 like Mac OS X) AppleWebKit/604.3.5 (KHTML, like Gecko) Version/11.0 Mobile/15B202 Safari/604.1"
62.46.217.117 - - [06/Dec/2017:09:00:12 +0100] "POST /loadkursliste HTTP/1.1" 200 903 "https://www.easydrivers.at/suche" "Mozilla/5.0 (Windows NT 6.1; Win64; x64; rv:57.0) Gecko/20100101 Firefox/57.0"
62.46.217.117 - - [06/Dec/2017:09:00:13 +0100] "GET /img/kursicon-download.png HTTP/1.1" 200 1218 "https://www.easydrivers.at/suche" "Mozilla/5.0 (Windows NT 6.1; Win64; x64; rv:57.0) Gecko/20100101 Firefox/57.0"
62.46.217.117 - - [06/Dec/2017:09:00:13 +0100] "GET /img/kursicon-print.png HTTP/1.1" 200 1184 "https://www.easydrivers.at/suche" "Mozilla/5.0 (Windows NT 6.1; Win64; x64; rv:57.0) Gecko/20100101 Firefox/57.0"
62.46.217.117 - - [06/Dec/2017:09:00:13 +0100] "GET /img/kursicon-share.png HTTP/1.1" 200 1302 "https://www.easydrivers.at/suche" "Mozilla/5.0 (Windows NT 6.1; Win64; x64; rv:57.0) Gecko/20100101 Firefox/57.0"
62.46.217.117 - - [06/Dec/2017:09:00:13 +0100] "GET /img/kursicon-phone.png HTTP/1.1" 200 1287 "https://www.easydrivers.at/suche" "Mozilla/5.0 (Windows NT 6.1; Win64; x64; rv:57.0) Gecko/20100101 Firefox/57.0"
217.149.172.80 - - [06/Dec/2017:09:00:17 +0100] "GET /krems HTTP/1.1" 200 3581 "-" "Mozilla/5.0 (Windows NT 6.1; Win64; x64; rv:57.0) Gecko/20100101 Firefox/57.0"
217.149.172.80 - - [06/Dec/2017:09:00:21 +0100] "GET /img/ED_Logo.png HTTP/1.1" 301 305 "-" "Mozilla/5.0 (Windows NT 6.1; Win64; x64; rv:57.0) Gecko/20100101 Firefox/57.0"
217.149.172.80 - - [06/Dec/2017:09:00:21 +0100] "GET /img/ED_Logo.png HTTP/1.1" 200 3385 "-" "Mozilla/5.0 (Windows NT 6.1; Win64; x64; rv:57.0) Gecko/20100101 Firefox/57.0"
62.46.217.117 - - [06/Dec/2017:09:00:28 +0100] "GET /neunkirchen/10282495?FS=AM-M HTTP/1.1" 200 5653 "https://www.easydrivers.at/suche" "Mozilla/5.0 (Windows NT 6.1; Win64; x64; rv:57.0) Gecko/20100101 Firefox/57.0"
62.46.217.117 - - [06/Dec/2017:09:00:30 +0100] "GET /javascript/fahrschule.js HTTP/1.1" 200 462 "https://www.easydrivers.at/neunkirchen/10282495?FS=AM-M" "Mozilla/5.0 (Windows NT 6.1; Win64; x64; rv:57.0) Gecko/20100101 Firefox/57.0"
62.46.217.117 - - [06/Dec/2017:09:00:30 +0100] "GET /img/info-button.png HTTP/1.1" 200 738 "https://www.easydrivers.at/neunkirchen/10282495?FS=AM-M" "Mozilla/5.0 (Windows NT 6.1; Win64; x64; rv:57.0) Gecko/20100101 Firefox/57.0"
62.46.217.117 - - [06/Dec/2017:09:00:30 +0100] "GET /cache/emu/images/10258996/_155_155.jpg HTTP/1.1" 200 4469 "https://www.easydrivers.at/neunkirchen/10282495?FS=AM-M" "Mozilla/5.0 (Windows NT 6.1; Win64; x64; rv:57.0) Gecko/20100101 Firefox/57.0"
62.46.217.117 - - [06/Dec/2017:09:00:30 +0100] "GET /img/close-button-small.png HTTP/1.1" 200 1671 "https://www.easydrivers.at/neunkirchen/10282495?FS=AM-M" "Mozilla/5.0 (Windows NT 6.1; Win64; x64; rv:57.0) Gecko/20100101 Firefox/57.0"
62.46.217.117 - - [06/Dec/2017:09:00:30 +0100] "GET /cache/emu/images/10258991/_155_155.jpg HTTP/1.1" 200 3145 "https://www.easydrivers.at/neunkirchen/10282495?FS=AM-M" "Mozilla/5.0 (Windows NT 6.1; Win64; x64; rv:57.0) Gecko/20100101 Firefox/57.0"
62.46.217.117 - - [06/Dec/2017:09:00:31 +0100] "GET /cache/emu/images/10258995/_155_155.jpg HTTP/1.1" 200 3209 "https://www.easydrivers.at/neunkirchen/10282495?FS=AM-M" "Mozilla/5.0 (Windows NT 6.1; Win64; x64; rv:57.0) Gecko/20100101 Firefox/57.0"
213.47.241.106 - - [06/Dec/2017:09:00:29 +0100] "GET / HTTP/1.1" 200 4436 "https://www.google.at/" "Mozilla/5.0 (Windows NT 6.1; Win64; x64; rv:57.0) Gecko/20100101 Firefox/57.0"
62.46.217.117 - - [06/Dec/2017:09:00:31 +0100] "GET /cache/emu/images/10249388/_155_155.jpg HTTP/1.1" 200 4282 "https://www.easydrivers.at/neunkirchen/10282495?FS=AM-M" "Mozilla/5.0 (Windows NT 6.1; Win64; x64; rv:57.0) Gecko/20100101 Firefox/57.0"
213.47.241.106 - - [06/Dec/2017:09:00:31 +0100] "GET /cache/emu/images/easy-drivers-portal10294676/pastedgraphic-3-1png_160_90_0.png HTTP/1.1" 200 9745 "https://www.easydrivers.at/" "Mozilla/5.0 (Windows NT 6.1; Win64; x64; rv:57.0) Gecko/20100101 Firefox/57.0"
62.46.217.117 - - [06/Dec/2017:09:00:31 +0100] "GET /cache/emu/images/10248626/_125_167.jpg HTTP/1.1" 200 4374 "https://www.easydrivers.at/neunkirchen/10282495?FS=AM-M" "Mozilla/5.0 (Windows NT 6.1; Win64; x64; rv:57.0) Gecko/20100101 Firefox/57.0"
62.46.217.117 - - [06/Dec/2017:09:00:31 +0100] "GET /cache/emu/images/10249384/_155_155.jpg HTTP/1.1" 200 4767 "https://www.easydrivers.at/neunkirchen/10282495?FS=AM-M" "Mozilla/5.0 (Windows NT 6.1; Win64; x64; rv:57.0) Gecko/20100101 Firefox/57.0"
62.46.217.117 - - [06/Dec/2017:09:00:31 +0100] "GET /cache/emu/images/10258994/_155_155.jpg HTTP/1.1" 200 2992 "https://www.easydrivers.at/neunkirchen/10282495?FS=AM-M" "Mozilla/5.0 (Windows NT 6.1; Win64; x64; rv:57.0) Gecko/20100101 Firefox/57.0"
62.46.217.117 - - [06/Dec/2017:09:00:31 +0100] "GET /binaries/easy-drivers-neunkirchen--au/harald-schwarz.jpg HTTP/1.1" 200 16505 "https://www.easydrivers.at/neunkirchen/10282495?FS=AM-M" "Mozilla/5.0 (Windows NT 6.1; Win64; x64; rv:57.0) Gecko/20100101 Firefox/57.0"
62.46.217.117 - - [06/Dec/2017:09:00:31 +0100] "GET /binaries/easy-drivers-neunkirchen--au/thomas-geldner.bmp HTTP/1.1" 200 67854 "https://www.easydrivers.at/neunkirchen/10282495?FS=AM-M" "Mozilla/5.0 (Windows NT 6.1; Win64; x64; rv:57.0) Gecko/20100101 Firefox/57.0"
62.46.217.117 - - [06/Dec/2017:09:00:31 +0100] "GET /img/top-image-overlay.png HTTP/1.1" 200 20650 "https://www.easydrivers.at/css/style.css" "Mozilla/5.0 (Windows NT 6.1; Win64; x64; rv:57.0) Gecko/20100101 Firefox/57.0"
62.46.217.117 - - [06/Dec/2017:09:00:32 +0100] "GET /img/arrow-up.png HTTP/1.1" 200 1081 "https://www.easydrivers.at/css/style.css" "Mozilla/5.0 (Windows NT 6.1; Win64; x64; rv:57.0) Gecko/20100101 Firefox/57.0"
62.46.217.117 - - [06/Dec/2017:09:00:31 +0100] "GET /binaries/easy-drivers-neunkirchen--au/martin-zarazik.bmp HTTP/1.1" 200 67854 "https://www.easydrivers.at/neunkirchen/10282495?FS=AM-M" "Mozilla/5.0 (Windows NT 6.1; Win64; x64; rv:57.0) Gecko/20100101 Firefox/57.0"
17.142.148.193 - - [06/Dec/2017:09:00:34 +0100] "GET /leonding/kurse HTTP/1.1" 200 4822 "-" "Mozilla/5.0 (Macintosh; Intel Mac OS X 10_10_1) AppleWebKit/600.2.5 (KHTML, like Gecko) Version/8.0.2 Safari/600.2.5 (Applebot/0.1; +http://www.apple.com/go/applebot)"
66.249.93.81 - - [06/Dec/2017:09:00:36 +0100] "GET /steyr HTTP/1.1" 200 3710 "-" "Mozilla/5.0 (X11; Linux x86_64) AppleWebKit/537.36 (KHTML, like Gecko) Chrome/49.0.2623.75 Safari/537.36 Google Favicon"
66.249.93.83 - - [06/Dec/2017:09:00:36 +0100] "GET /steyr/kurse HTTP/1.1" 200 4416 "-" "Mozilla/5.0 (X11; Linux x86_64) AppleWebKit/537.36 (KHTML, like Gecko) Chrome/49.0.2623.75 Safari/537.36 Google Favicon"
178.115.128.63 - - [06/Dec/2017:09:00:52 +0100] "GET /perg/10293777?FS=B HTTP/1.1" 200 3030 "http://m.facebook.com/" "Mozilla/5.0 (Linux; Android 7.0; SM-A510F Build/NRD90M; wv) AppleWebKit/537.36 (KHTML, like Gecko) Version/4.0 Chrome/62.0.3202.84 Mobile Safari/537.36 [FB_IAB/FB4A;FBAV/152.0.0.42.136;]"
217.182.132.50 - - [06/Dec/2017:09:00:59 +0100] "GET /jennersdorf/Inhaberdaten HTTP/1.1" 301 309 "-" "Mozilla/5.0 (compatible; AhrefsBot/5.2; +http://ahrefs.com/robot/)"
40.77.167.76 - - [06/Dec/2017:09:01:22 +0100] "GET /amstetten/mopedkurs-november-18?FS=AM HTTP/1.1" 200 5269 "-" "Mozilla/5.0 (compatible; bingbot/2.0; +http://www.bing.com/bingbot.htm)"
77.119.129.252 - - [06/Dec/2017:09:01:25 +0100] "GET /schwechat/10280404?FS=B HTTP/1.1" 200 3330 "http://m.facebook.com/" "Mozilla/5.0 (Linux; Android 6.0.1; SM-A500FU Build/MMB29M; wv) AppleWebKit/537.36 (KHTML, like Gecko) Version/4.0 Chrome/62.0.3202.84 Mobile Safari/537.36 [FB_IAB/FB4A;FBAV/151.0.0.44.205;]"
194.166.79.134 - - [06/Dec/2017:09:01:28 +0100] "GET /img/ED_Logo.png HTTP/1.1" 301 305 "-" "Mozilla/5.0 (Windows NT 6.1; Win64; x64; rv:57.0) Gecko/20100101 Firefox/57.0"
194.166.79.134 - - [06/Dec/2017:09:01:29 +0100] "GET /img/ED_Logo.png HTTP/1.1" 200 3385 "-" "Mozilla/5.0 (Windows NT 6.1; Win64; x64; rv:57.0) Gecko/20100101 Firefox/57.0"
80.110.34.165 - - [06/Dec/2017:09:01:30 +0100] "GET /neunkirchen HTTP/1.1" 301 300 "https://www.google.at/" "Mozilla/5.0 (iPhone; CPU iPhone OS 10_2_1 like Mac OS X) AppleWebKit/602.4.6 (KHTML, like Gecko) Version/10.0 Mobile/14D27 Safari/602.1"
131.253.25.247 - - [06/Dec/2017:09:01:30 +0100] "GET /javascript/jquery.cookie.js HTTP/1.1" 200 1876 "-" "Mozilla/5.0 (Windows NT 6.1; WOW64) AppleWebKit/534+ (KHTML, like Gecko) BingPreview/1.0b"
80.110.34.165 - - [06/Dec/2017:09:01:30 +0100] "GET /neunkirchen HTTP/1.1" 200 2966 "https://www.google.at/" "Mozilla/5.0 (iPhone; CPU iPhone OS 10_2_1 like Mac OS X) AppleWebKit/602.4.6 (KHTML, like Gecko) Version/10.0 Mobile/14D27 Safari/602.1"
80.110.34.165 - - [06/Dec/2017:09:01:33 +0100] "GET /javascript/jquery.cookie.js HTTP/1.1" 200 863 "https://www.easydrivers.at/neunkirchen" "Mozilla/5.0 (iPhone; CPU iPhone OS 10_2_1 like Mac OS X) AppleWebKit/602.4.6 (KHTML, like Gecko) Version/10.0 Mobile/14D27 Safari/602.1"
80.110.34.165 - - [06/Dec/2017:09:01:33 +0100] "GET /css/mobile.css HTTP/1.1" 200 2852 "https://www.easydrivers.at/neunkirchen" "Mozilla/5.0 (iPhone; CPU iPhone OS 10_2_1 like Mac OS X) AppleWebKit/602.4.6 (KHTML, like Gecko) Version/10.0 Mobile/14D27 Safari/602.1"
80.110.34.165 - - [06/Dec/2017:09:01:33 +0100] "GET /javascript/mobile-menu.js HTTP/1.1" 200 1634 "https://www.easydrivers.at/neunkirchen" "Mozilla/5.0 (iPhone; CPU iPhone OS 10_2_1 like Mac OS X) AppleWebKit/602.4.6 (KHTML, like Gecko) Version/10.0 Mobile/14D27 Safari/602.1"
80.110.34.165 - - [06/Dec/2017:09:01:33 +0100] "GET /javascript/jquery-1.9.1.min.js HTTP/1.1" 200 32731 "https://www.easydrivers.at/neunkirchen" "Mozilla/5.0 (iPhone; CPU iPhone OS 10_2_1 like Mac OS X) AppleWebKit/602.4.6 (KHTML, like Gecko) Version/10.0 Mobile/14D27 Safari/602.1"
80.110.34.165 - - [06/Dec/2017:09:01:34 +0100] "GET /javascript/lazyload.js HTTP/1.1" 200 1170 "https://www.easydrivers.at/neunkirchen" "Mozilla/5.0 (iPhone; CPU iPhone OS 10_2_1 like Mac OS X) AppleWebKit/602.4.6 (KHTML, like Gecko) Version/10.0 Mobile/14D27 Safari/602.1"
80.110.34.165 - - [06/Dec/2017:09:01:34 +0100] "GET /javascript/mobile-fahrschule.js HTTP/1.1" 200 328 "https://www.easydrivers.at/neunkirchen" "Mozilla/5.0 (iPhone; CPU iPhone OS 10_2_1 like Mac OS X) AppleWebKit/602.4.6 (KHTML, like Gecko) Version/10.0 Mobile/14D27 Safari/602.1"
80.110.34.165 - - [06/Dec/2017:09:01:34 +0100] "GET /img/mobile/easydrivers-logo-mobile.png HTTP/1.1" 200 10766 "https://www.easydrivers.at/neunkirchen" "Mozilla/5.0 (iPhone; CPU iPhone OS 10_2_1 like Mac OS X) AppleWebKit/602.4.6 (KHTML, like Gecko) Version/10.0 Mobile/14D27 Safari/602.1"
80.110.34.165 - - [06/Dec/2017:09:01:34 +0100] "GET /javascript/jquery.simplemodal.js HTTP/1.1" 200 3070 "https://www.easydrivers.at/neunkirchen" "Mozilla/5.0 (iPhone; CPU iPhone OS 10_2_1 like Mac OS X) AppleWebKit/602.4.6 (KHTML, like Gecko) Version/10.0 Mobile/14D27 Safari/602.1"
80.110.34.165 - - [06/Dec/2017:09:01:34 +0100] "GET /img/mobile/menu-button.png HTTP/1.1" 200 1746 "https://www.easydrivers.at/neunkirchen" "Mozilla/5.0 (iPhone; CPU iPhone OS 10_2_1 like Mac OS X) AppleWebKit/602.4.6 (KHTML, like Gecko) Version/10.0 Mobile/14D27 Safari/602.1"
80.110.34.165 - - [06/Dec/2017:09:01:34 +0100] "GET /img/mobile/close-button.png HTTP/1.1" 200 2411 "https://www.easydrivers.at/neunkirchen" "Mozilla/5.0 (iPhone; CPU iPhone OS 10_2_1 like Mac OS X) AppleWebKit/602.4.6 (KHTML, like Gecko) Version/10.0 Mobile/14D27 Safari/602.1"
80.110.34.165 - - [06/Dec/2017:09:01:34 +0100] "GET /img/mobile/facebook-icon.png HTTP/1.1" 200 1902 "https://www.easydrivers.at/neunkirchen" "Mozilla/5.0 (iPhone; CPU iPhone OS 10_2_1 like Mac OS X) AppleWebKit/602.4.6 (KHTML, like Gecko) Version/10.0 Mobile/14D27 Safari/602.1"
80.110.34.165 - - [06/Dec/2017:09:01:34 +0100] "GET /img/mobile/info-button.png HTTP/1.1" 200 1549 "https://www.easydrivers.at/neunkirchen" "Mozilla/5.0 (iPhone; CPU iPhone OS 10_2_1 like Mac OS X) AppleWebKit/602.4.6 (KHTML, like Gecko) Version/10.0 Mobile/14D27 Safari/602.1"
80.110.34.165 - - [06/Dec/2017:09:01:34 +0100] "GET /img/smallicon-person.png HTTP/1.1" 200 1141 "https://www.easydrivers.at/neunkirchen" "Mozilla/5.0 (iPhone; CPU iPhone OS 10_2_1 like Mac OS X) AppleWebKit/602.4.6 (KHTML, like Gecko) Version/10.0 Mobile/14D27 Safari/602.1"
80.110.34.165 - - [06/Dec/2017:09:01:34 +0100] "GET /img/mobile/info-close-button.png HTTP/1.1" 200 1721 "https://www.easydrivers.at/neunkirchen" "Mozilla/5.0 (iPhone; CPU iPhone OS 10_2_1 like Mac OS X) AppleWebKit/602.4.6 (KHTML, like Gecko) Version/10.0 Mobile/14D27 Safari/602.1"
80.110.34.165 - - [06/Dec/2017:09:01:34 +0100] "GET /img/mobile/googlemaps-pin.png HTTP/1.1" 200 1597 "https://www.easydrivers.at/neunkirchen" "Mozilla/5.0 (iPhone; CPU iPhone OS 10_2_1 like Mac OS X) AppleWebKit/602.4.6 (KHTML, like Gecko) Version/10.0 Mobile/14D27 Safari/602.1"
80.110.34.165 - - [06/Dec/2017:09:01:34 +0100] "GET /img/smallicon-address.png HTTP/1.1" 200 1211 "https://www.easydrivers.at/neunkirchen" "Mozilla/5.0 (iPhone; CPU iPhone OS 10_2_1 like Mac OS X) AppleWebKit/602.4.6 (KHTML, like Gecko) Version/10.0 Mobile/14D27 Safari/602.1"
80.110.34.165 - - [06/Dec/2017:09:01:35 +0100] "GET /img/smallicon-time.png HTTP/1.1" 200 1262 "https://www.easydrivers.at/neunkirchen" "Mozilla/5.0 (iPhone; CPU iPhone OS 10_2_1 like Mac OS X) AppleWebKit/602.4.6 (KHTML, like Gecko) Version/10.0 Mobile/14D27 Safari/602.1"
80.110.34.165 - - [06/Dec/2017:09:01:35 +0100] "GET /img/smallicon-phone.png HTTP/1.1" 200 3056 "https://www.easydrivers.at/neunkirchen" "Mozilla/5.0 (iPhone; CPU iPhone OS 10_2_1 like Mac OS X) AppleWebKit/602.4.6 (KHTML, like Gecko) Version/10.0 Mobile/14D27 Safari/602.1"
80.110.34.165 - - [06/Dec/2017:09:01:35 +0100] "GET /img/smallicon-mail.png HTTP/1.1" 200 1341 "https://www.easydrivers.at/neunkirchen" "Mozilla/5.0 (iPhone; CPU iPhone OS 10_2_1 like Mac OS X) AppleWebKit/602.4.6 (KHTML, like Gecko) Version/10.0 Mobile/14D27 Safari/602.1"
80.110.34.165 - - [06/Dec/2017:09:01:35 +0100] "GET /img/mobile/widget-icon-app.png HTTP/1.1" 200 3458 "https://www.easydrivers.at/neunkirchen" "Mozilla/5.0 (iPhone; CPU iPhone OS 10_2_1 like Mac OS X) AppleWebKit/602.4.6 (KHTML, like Gecko) Version/10.0 Mobile/14D27 Safari/602.1"
80.110.34.165 - - [06/Dec/2017:09:01:35 +0100] "GET /img/mobile/pfeil-rechts.png HTTP/1.1" 200 1228 "https://www.easydrivers.at/neunkirchen" "Mozilla/5.0 (iPhone; CPU iPhone OS 10_2_1 like Mac OS X) AppleWebKit/602.4.6 (KHTML, like Gecko) Version/10.0 Mobile/14D27 Safari/602.1"
80.110.34.165 - - [06/Dec/2017:09:01:35 +0100] "GET /img/mobile/bg-menu.jpg HTTP/1.1" 200 1698 "https://www.easydrivers.at/neunkirchen" "Mozilla/5.0 (iPhone; CPU iPhone OS 10_2_1 like Mac OS X) AppleWebKit/602.4.6 (KHTML, like Gecko) Version/10.0 Mobile/14D27 Safari/602.1"
80.110.34.165 - - [06/Dec/2017:09:01:35 +0100] "GET /img/mobile/bg-top-section.jpg HTTP/1.1" 200 21711 "https://www.easydrivers.at/neunkirchen" "Mozilla/5.0 (iPhone; CPU iPhone OS 10_2_1 like Mac OS X) AppleWebKit/602.4.6 (KHTML, like Gecko) Version/10.0 Mobile/14D27 Safari/602.1"
80.110.34.165 - - [06/Dec/2017:09:01:35 +0100] "GET /img/mobile/bg-header.jpg HTTP/1.1" 200 19741 "https://www.easydrivers.at/neunkirchen" "Mozilla/5.0 (iPhone; CPU iPhone OS 10_2_1 like Mac OS X) AppleWebKit/602.4.6 (KHTML, like Gecko) Version/10.0 Mobile/14D27 Safari/602.1"
178.115.129.213 - - [06/Dec/2017:09:01:36 +0100] "GET /easy_drivers_st._peterau/Weihnachtskurs-2017?FS=B HTTP/1.1" 200 3113 "http://m.facebook.com" "Mozilla/5.0 (iPhone; CPU iPhone OS 11_0_3 like Mac OS X) AppleWebKit/604.1.38 (KHTML, like Gecko) Mobile/15A432 [FBAN/FBIOS;FBAV/151.0.0.61.202;FBBV/82156572;FBDV/iPhone9,4;FBMD/iPhone;FBSN/iOS;FBSV/11.0.3;FBSS/3;FBCR/3Austria;FBID/phone;FBLC/de_DE;FBOP/5;FBRV/83160404]"
194.166.156.217 - - [06/Dec/2017:09:01:39 +0100] "GET / HTTP/1.1" 301 293 "-" "Mozilla/5.0 (iPad; CPU OS 11_0_3 like Mac OS X) AppleWebKit/604.1.34 (KHTML, like Gecko) CriOS/62.0.3202.70 Mobile/15A432 Safari/604.1"
194.166.156.217 - - [06/Dec/2017:09:01:39 +0100] "GET / HTTP/1.1" 200 4435 "-" "Mozilla/5.0 (iPad; CPU OS 11_0_3 like Mac OS X) AppleWebKit/604.1.34 (KHTML, like Gecko) CriOS/62.0.3202.70 Mobile/15A432 Safari/604.1"
194.166.156.217 - - [06/Dec/2017:09:01:40 +0100] "GET / HTTP/1.1" 200 4435 "-" "Mozilla/5.0 (iPad; CPU OS 11_0_3 like Mac OS X) AppleWebKit/604.1.34 (KHTML, like Gecko) CriOS/62.0.3202.70 Mobile/15A432 Safari/604.1"
194.166.156.217 - - [06/Dec/2017:09:01:42 +0100] "GET /javascript/jquery.customSelect.min.js HTTP/1.1" 200 912 "https://www.easydrivers.at/" "Mozilla/5.0 (iPad; CPU OS 11_0_3 like Mac OS X) AppleWebKit/604.1.34 (KHTML, like Gecko) CriOS/62.0.3202.70 Mobile/15A432 Safari/604.1"
194.166.156.217 - - [06/Dec/2017:09:01:42 +0100] "GET /javascript/jquery.cookie.js HTTP/1.1" 200 863 "https://www.easydrivers.at/" "Mozilla/5.0 (iPad; CPU OS 11_0_3 like Mac OS X) AppleWebKit/604.1.34 (KHTML, like Gecko) CriOS/62.0.3202.70 Mobile/15A432 Safari/604.1"
194.166.156.217 - - [06/Dec/2017:09:01:42 +0100] "GET /img/close-button.png HTTP/1.1" 200 2237 "https://www.easydrivers.at/" "Mozilla/5.0 (iPad; CPU OS 11_0_3 like Mac OS X) AppleWebKit/604.1.34 (KHTML, like Gecko) CriOS/62.0.3202.70 Mobile/15A432 Safari/604.1"
