207.46.13.137 - - [06/Dec/2017:04:27:41 +0100] "GET /amstetten/abendkurs-sept18?FS=BF HTTP/1.1" 200 5619 "-" "Mozilla/5.0 (compatible; bingbot/2.0; +http://www.bing.com/bingbot.htm)"
40.77.167.72 - - [06/Dec/2017:04:27:54 +0100] "GET /binaries/easy-drivers-pankl-kapfenberg/fahrzeugkundeminionedpdf.pdf HTTP/1.1" 301 338 "-" "Mozilla/5.0 (iPhone; CPU iPhone OS 7_0 like Mac OS X) AppleWebKit/537.51.1 (KHTML, like Gecko) Version/7.0 Mobile/11A465 Safari/9537.53 (compatible; bingbot/2.0; +http://www.bing.com/bingbot.htm)"
40.77.167.72 - - [06/Dec/2017:04:28:30 +0100] "GET /amstetten/osterkurs?FS=B-L17 HTTP/1.1" 301 313 "-" "Mozilla/5.0 (compatible; bingbot/2.0; +http://www.bing.com/bingbot.htm)"
40.77.167.72 - - [06/Dec/2017:04:28:31 +0100] "GET /binaries/easy-drivers-pankl-kapfenberg/fahrzeugkundeminionedpdf.pdf HTTP/1.1" 200 343956 "-" "Mozilla/5.0 (iPhone; CPU iPhone OS 7_0 like Mac OS X) AppleWebKit/537.51.1 (KHTML, like Gecko) Version/7.0 Mobile/11A465 Safari/9537.53 (compatible; bingbot/2.0; +http://www.bing.com/bingbot.htm)"
194.118.242.215 - - [06/Dec/2017:04:28:44 +0100] "GET /tulln/Weihnachtskurs_Abendkurs_Dezember_2017?FS=B HTTP/1.1" 200 3264 "http://m.facebook.com" "Mozilla/5.0 (iPhone; CPU iPhone OS 10_3_3 like Mac OS X) AppleWebKit/603.3.8 (KHTML, like Gecko) Mobile/14G60 [FBAN/FBIOS;FBAV/151.0.0.61.202;FBBV/82156572;FBDV/iPhone5,2;FBMD/iPhone;FBSN/iOS;FBSV/10.3.3;FBSS/2;FBCR/3Austria;FBID/phone;FBLC/de_DE;FBOP/5;FBRV/83160404]"
207.46.13.137 - - [06/Dec/2017:04:29:05 +0100] "GET /innsbruck/10266788 HTTP/1.1" 200 3441 "-" "Mozilla/5.0 (compatible; bingbot/2.0; +http://www.bing.com/bingbot.htm)"
40.77.167.72 - - [06/Dec/2017:04:29:39 +0100] "GET /ennstal.schladming/kk-24-07-2017?FS=BE HTTP/1.1" 410 3461 "-" "Mozilla/5.0 (compatible; bingbot/2.0; +http://www.bing.com/bingbot.htm)"
207.46.13.137 - - [06/Dec/2017:04:30:15 +0100] "GET /schwechat/10280401?FS=A1L17 HTTP/1.1" 301 313 "-" "Mozilla/5.0 (compatible; bingbot/2.0; +http://www.bing.com/bingbot.htm)"
54.37.137.61 - - [06/Dec/2017:04:30:32 +0100] "GET / HTTP/1.1" 301 295 "-" "Mozilla/5.0 (Windows NT 10.0; WOW64) AppleWebKit/537.36 (KHTML, like Gecko) Chrome/52.0.2743.116 Safari/537.36"
54.37.137.61 - - [06/Dec/2017:04:30:32 +0100] "GET / HTTP/1.1" 200 4436 "-" "Mozilla/5.0 (Windows NT 10.0; WOW64) AppleWebKit/537.36 (KHTML, like Gecko) Chrome/52.0.2743.116 Safari/537.36"
157.55.39.65 - - [06/Dec/2017:04:30:55 +0100] "GET /schwechat/10279815 HTTP/1.1" 301 306 "-" "Mozilla/5.0 (compatible; bingbot/2.0; +http://www.bing.com/bingbot.htm)"
66.249.76.78 - - [06/Dec/2017:04:31:07 +0100] "GET /uploads/pdfs/waidhofen.thaya/10259902_B-L17.pdf HTTP/1.1" 301 327 "-" "Mozilla/5.0 (compatible; Googlebot/2.1; +http://www.google.com/bot.html)"
66.249.76.82 - - [06/Dec/2017:04:31:08 +0100] "GET /uploads/pdfs/waidhofen.thaya/10259902_B-L17.pdf HTTP/1.1" 200 34477 "-" "Mozilla/5.0 (compatible; Googlebot/2.1; +http://www.google.com/bot.html)"
193.83.46.252 - - [06/Dec/2017:04:31:26 +0100] "GET /moedling/10289359?FS=B HTTP/1.1" 200 3317 "http://m.facebook.com/" "Mozilla/5.0 (Linux; Android 6.0; CAM-L21 Build/HUAWEICAM-L21; wv) AppleWebKit/537.36 (KHTML, like Gecko) Version/4.0 Chrome/62.0.3202.84 Mobile Safari/537.36 [FB_IAB/FB4A;FBAV/151.0.0.44.205;]"
89.26.48.138 - - [06/Dec/2017:04:31:35 +0100] "GET /ennstal.schladming/wfk-22-12-2017?FS=B HTTP/1.1" 200 3217 "http://m.facebook.com" "Mozilla/5.0 (iPhone; CPU iPhone OS 11_1_1 like Mac OS X) AppleWebKit/604.3.5 (KHTML, like Gecko) Mobile/15B150 [FBAN/FBIOS;FBAV/151.0.0.61.202;FBBV/82156572;FBDV/iPhone8,2;FBMD/iPhone;FBSN/iOS;FBSV/11.1.1;FBSS/3;FBCR/A1;FBID/phone;FBLC/de_DE;FBOP/5;FBRV/82892895]"
193.83.46.252 - - [06/Dec/2017:04:31:45 +0100] "GET /moedling/10289359?FS=B HTTP/1.1" 200 3317 "http://m.facebook.com/" "Mozilla/5.0 (Linux; Android 6.0; CAM-L21 Build/HUAWEICAM-L21; wv) AppleWebKit/537.36 (KHTML, like Gecko) Version/4.0 Chrome/62.0.3202.84 Mobile Safari/537.36 [FB_IAB/FB4A;FBAV/151.0.0.44.205;]"
193.83.46.252 - - [06/Dec/2017:04:31:47 +0100] "GET /css/mobile.css HTTP/1.1" 200 2852 "https://www.easydrivers.at/moedling/10289359?FS=B" "Mozilla/5.0 (Linux; Android 6.0; CAM-L21 Build/HUAWEICAM-L21; wv) AppleWebKit/537.36 (KHTML, like Gecko) Version/4.0 Chrome/62.0.3202.84 Mobile Safari/537.36 [FB_IAB/FB4A;FBAV/151.0.0.44.205;]"
193.83.46.252 - - [06/Dec/2017:04:31:47 +0100] "GET /javascript/jquery-1.9.1.min.js HTTP/1.1" 200 32731 "https://www.easydrivers.at/moedling/10289359?FS=B" "Mozilla/5.0 (Linux; Android 6.0; CAM-L21 Build/HUAWEICAM-L21; wv) AppleWebKit/537.36 (KHTML, like Gecko) Version/4.0 Chrome/62.0.3202.84 Mobile Safari/537.36 [FB_IAB/FB4A;FBAV/151.0.0.44.205;]"
193.83.46.252 - - [06/Dec/2017:04:31:47 +0100] "GET /javascript/jquery.cookie.js HTTP/1.1" 200 863 "https://www.easydrivers.at/moedling/10289359?FS=B" "Mozilla/5.0 (Linux; Android 6.0; CAM-L21 Build/HUAWEICAM-L21; wv) AppleWebKit/537.36 (KHTML, like Gecko) Version/4.0 Chrome/62.0.3202.84 Mobile Safari/537.36 [FB_IAB/FB4A;FBAV/151.0.0.44.205;]"
193.83.46.252 - - [06/Dec/2017:04:31:47 +0100] "GET /javascript/jquery.simplemodal.js HTTP/1.1" 200 3070 "https://www.easydrivers.at/moedling/10289359?FS=B" "Mozilla/5.0 (Linux; Android 6.0; CAM-L21 Build/HUAWEICAM-L21; wv) AppleWebKit/537.36 (KHTML, like Gecko) Version/4.0 Chrome/62.0.3202.84 Mobile Safari/537.36 [FB_IAB/FB4A;FBAV/151.0.0.44.205;]"
193.83.46.252 - - [06/Dec/2017:04:31:47 +0100] "GET /javascript/mobile-menu.js HTTP/1.1" 200 1634 "https://www.easydrivers.at/moedling/10289359?FS=B" "Mozilla/5.0 (Linux; Android 6.0; CAM-L21 Build/HUAWEICAM-L21; wv) AppleWebKit/537.36 (KHTML, like Gecko) Version/4.0 Chrome/62.0.3202.84 Mobile Safari/537.36 [FB_IAB/FB4A;FBAV/151.0.0.44.205;]"
193.83.46.252 - - [06/Dec/2017:04:31:47 +0100] "GET /javascript/mobile-fahrschule.js HTTP/1.1" 200 328 "https://www.easydrivers.at/moedling/10289359?FS=B" "Mozilla/5.0 (Linux; Android 6.0; CAM-L21 Build/HUAWEICAM-L21; wv) AppleWebKit/537.36 (KHTML, like Gecko) Version/4.0 Chrome/62.0.3202.84 Mobile Safari/537.36 [FB_IAB/FB4A;FBAV/151.0.0.44.205;]"
193.83.46.252 - - [06/Dec/2017:04:31:47 +0100] "GET /javascript/lazyload.js HTTP/1.1" 200 1170 "https://www.easydrivers.at/moedling/10289359?FS=B" "Mozilla/5.0 (Linux; Android 6.0; CAM-L21 Build/HUAWEICAM-L21; wv) AppleWebKit/537.36 (KHTML, like Gecko) Version/4.0 Chrome/62.0.3202.84 Mobile Safari/537.36 [FB_IAB/FB4A;FBAV/151.0.0.44.205;]"
193.83.46.252 - - [06/Dec/2017:04:31:47 +0100] "GET /img/mobile/easydrivers-logo-mobile.png HTTP/1.1" 200 10766 "https://www.easydrivers.at/moedling/10289359?FS=B" "Mozilla/5.0 (Linux; Android 6.0; CAM-L21 Build/HUAWEICAM-L21; wv) AppleWebKit/537.36 (KHTML, like Gecko) Version/4.0 Chrome/62.0.3202.84 Mobile Safari/537.36 [FB_IAB/FB4A;FBAV/151.0.0.44.205;]"
193.83.46.252 - - [06/Dec/2017:04:31:48 +0100] "GET /img/mobile/menu-button.png HTTP/1.1" 200 1746 "https://www.easydrivers.at/moedling/10289359?FS=B" "Mozilla/5.0 (Linux; Android 6.0; CAM-L21 Build/HUAWEICAM-L21; wv) AppleWebKit/537.36 (KHTML, like Gecko) Version/4.0 Chrome/62.0.3202.84 Mobile Safari/537.36 [FB_IAB/FB4A;FBAV/151.0.0.44.205;]"
193.83.46.252 - - [06/Dec/2017:04:31:48 +0100] "GET /img/mobile/info-button.png HTTP/1.1" 200 1549 "https://www.easydrivers.at/moedling/10289359?FS=B" "Mozilla/5.0 (Linux; Android 6.0; CAM-L21 Build/HUAWEICAM-L21; wv) AppleWebKit/537.36 (KHTML, like Gecko) Version/4.0 Chrome/62.0.3202.84 Mobile Safari/537.36 [FB_IAB/FB4A;FBAV/151.0.0.44.205;]"
193.83.46.252 - - [06/Dec/2017:04:31:48 +0100] "GET /img/mobile/close-button.png HTTP/1.1" 200 2411 "https://www.easydrivers.at/moedling/10289359?FS=B" "Mozilla/5.0 (Linux; Android 6.0; CAM-L21 Build/HUAWEICAM-L21; wv) AppleWebKit/537.36 (KHTML, like Gecko) Version/4.0 Chrome/62.0.3202.84 Mobile Safari/537.36 [FB_IAB/FB4A;FBAV/151.0.0.44.205;]"
193.83.46.252 - - [06/Dec/2017:04:31:48 +0100] "GET /img/smallicon-person.png HTTP/1.1" 200 1141 "https://www.easydrivers.at/moedling/10289359?FS=B" "Mozilla/5.0 (Linux; Android 6.0; CAM-L21 Build/HUAWEICAM-L21; wv) AppleWebKit/537.36 (KHTML, like Gecko) Version/4.0 Chrome/62.0.3202.84 Mobile Safari/537.36 [FB_IAB/FB4A;FBAV/151.0.0.44.205;]"
193.83.46.252 - - [06/Dec/2017:04:31:48 +0100] "GET /img/mobile/info-close-button.png HTTP/1.1" 200 1721 "https://www.easydrivers.at/moedling/10289359?FS=B" "Mozilla/5.0 (Linux; Android 6.0; CAM-L21 Build/HUAWEICAM-L21; wv) AppleWebKit/537.36 (KHTML, like Gecko) Version/4.0 Chrome/62.0.3202.84 Mobile Safari/537.36 [FB_IAB/FB4A;FBAV/151.0.0.44.205;]"
193.83.46.252 - - [06/Dec/2017:04:31:48 +0100] "GET /img/mobile/facebook-icon.png HTTP/1.1" 200 1902 "https://www.easydrivers.at/moedling/10289359?FS=B" "Mozilla/5.0 (Linux; Android 6.0; CAM-L21 Build/HUAWEICAM-L21; wv) AppleWebKit/537.36 (KHTML, like Gecko) Version/4.0 Chrome/62.0.3202.84 Mobile Safari/537.36 [FB_IAB/FB4A;FBAV/151.0.0.44.205;]"
193.83.46.252 - - [06/Dec/2017:04:31:48 +0100] "GET /img/smallicon-address.png HTTP/1.1" 200 1211 "https://www.easydrivers.at/moedling/10289359?FS=B" "Mozilla/5.0 (Linux; Android 6.0; CAM-L21 Build/HUAWEICAM-L21; wv) AppleWebKit/537.36 (KHTML, like Gecko) Version/4.0 Chrome/62.0.3202.84 Mobile Safari/537.36 [FB_IAB/FB4A;FBAV/151.0.0.44.205;]"
193.83.46.252 - - [06/Dec/2017:04:31:48 +0100] "GET /img/mobile/googlemaps-pin.png HTTP/1.1" 200 1597 "https://www.easydrivers.at/moedling/10289359?FS=B" "Mozilla/5.0 (Linux; Android 6.0; CAM-L21 Build/HUAWEICAM-L21; wv) AppleWebKit/537.36 (KHTML, like Gecko) Version/4.0 Chrome/62.0.3202.84 Mobile Safari/537.36 [FB_IAB/FB4A;FBAV/151.0.0.44.205;]"
193.83.46.252 - - [06/Dec/2017:04:31:48 +0100] "GET /img/smallicon-phone.png HTTP/1.1" 200 3056 "https://www.easydrivers.at/moedling/10289359?FS=B" "Mozilla/5.0 (Linux; Android 6.0; CAM-L21 Build/HUAWEICAM-L21; wv) AppleWebKit/537.36 (KHTML, like Gecko) Version/4.0 Chrome/62.0.3202.84 Mobile Safari/537.36 [FB_IAB/FB4A;FBAV/151.0.0.44.205;]"
193.83.46.252 - - [06/Dec/2017:04:31:48 +0100] "GET /img/smallicon-time.png HTTP/1.1" 200 1262 "https://www.easydrivers.at/moedling/10289359?FS=B" "Mozilla/5.0 (Linux; Android 6.0; CAM-L21 Build/HUAWEICAM-L21; wv) AppleWebKit/537.36 (KHTML, like Gecko) Version/4.0 Chrome/62.0.3202.84 Mobile Safari/537.36 [FB_IAB/FB4A;FBAV/151.0.0.44.205;]"
193.83.46.252 - - [06/Dec/2017:04:31:48 +0100] "GET /img/smallicon-mail.png HTTP/1.1" 200 1341 "https://www.easydrivers.at/moedling/10289359?FS=B" "Mozilla/5.0 (Linux; Android 6.0; CAM-L21 Build/HUAWEICAM-L21; wv) AppleWebKit/537.36 (KHTML, like Gecko) Version/4.0 Chrome/62.0.3202.84 Mobile Safari/537.36 [FB_IAB/FB4A;FBAV/151.0.0.44.205;]"
193.83.46.252 - - [06/Dec/2017:04:31:48 +0100] "GET /img/mobile/kursicon-share.png HTTP/1.1" 200 2065 "https://www.easydrivers.at/moedling/10289359?FS=B" "Mozilla/5.0 (Linux; Android 6.0; CAM-L21 Build/HUAWEICAM-L21; wv) AppleWebKit/537.36 (KHTML, like Gecko) Version/4.0 Chrome/62.0.3202.84 Mobile Safari/537.36 [FB_IAB/FB4A;FBAV/151.0.0.44.205;]"
193.83.46.252 - - [06/Dec/2017:04:31:48 +0100] "GET /img/mobile/kursicon-phone.png HTTP/1.1" 200 1932 "https://www.easydrivers.at/moedling/10289359?FS=B" "Mozilla/5.0 (Linux; Android 6.0; CAM-L21 Build/HUAWEICAM-L21; wv) AppleWebKit/537.36 (KHTML, like Gecko) Version/4.0 Chrome/62.0.3202.84 Mobile Safari/537.36 [FB_IAB/FB4A;FBAV/151.0.0.44.205;]"
193.83.46.252 - - [06/Dec/2017:04:31:48 +0100] "GET /img/mobile/smallicon-phone.png HTTP/1.1" 200 1311 "https://www.easydrivers.at/moedling/10289359?FS=B" "Mozilla/5.0 (Linux; Android 6.0; CAM-L21 Build/HUAWEICAM-L21; wv) AppleWebKit/537.36 (KHTML, like Gecko) Version/4.0 Chrome/62.0.3202.84 Mobile Safari/537.36 [FB_IAB/FB4A;FBAV/151.0.0.44.205;]"
193.83.46.252 - - [06/Dec/2017:04:31:48 +0100] "GET /img/mobile/smallicon-mail.png HTTP/1.1" 200 1335 "https://www.easydrivers.at/moedling/10289359?FS=B" "Mozilla/5.0 (Linux; Android 6.0; CAM-L21 Build/HUAWEICAM-L21; wv) AppleWebKit/537.36 (KHTML, like Gecko) Version/4.0 Chrome/62.0.3202.84 Mobile Safari/537.36 [FB_IAB/FB4A;FBAV/151.0.0.44.205;]"
193.83.46.252 - - [06/Dec/2017:04:31:48 +0100] "GET /img/mobile/bg-menu.jpg HTTP/1.1" 200 1698 "https://www.easydrivers.at/css/mobile.css" "Mozilla/5.0 (Linux; Android 6.0; CAM-L21 Build/HUAWEICAM-L21; wv) AppleWebKit/537.36 (KHTML, like Gecko) Version/4.0 Chrome/62.0.3202.84 Mobile Safari/537.36 [FB_IAB/FB4A;FBAV/151.0.0.44.205;]"
193.83.46.252 - - [06/Dec/2017:04:31:48 +0100] "GET /img/mobile/bg-header.jpg HTTP/1.1" 200 19741 "https://www.easydrivers.at/css/mobile.css" "Mozilla/5.0 (Linux; Android 6.0; CAM-L21 Build/HUAWEICAM-L21; wv) AppleWebKit/537.36 (KHTML, like Gecko) Version/4.0 Chrome/62.0.3202.84 Mobile Safari/537.36 [FB_IAB/FB4A;FBAV/151.0.0.44.205;]"
193.83.46.252 - - [06/Dec/2017:04:31:48 +0100] "GET /img/mobile/bg-top-section.jpg HTTP/1.1" 200 21711 "https://www.easydrivers.at/css/mobile.css" "Mozilla/5.0 (Linux; Android 6.0; CAM-L21 Build/HUAWEICAM-L21; wv) AppleWebKit/537.36 (KHTML, like Gecko) Version/4.0 Chrome/62.0.3202.84 Mobile Safari/537.36 [FB_IAB/FB4A;FBAV/151.0.0.44.205;]"
193.83.46.252 - - [06/Dec/2017:04:31:48 +0100] "GET /img/mobile/pfeil-links-small.png HTTP/1.1" 200 1065 "https://www.easydrivers.at/css/mobile.css" "Mozilla/5.0 (Linux; Android 6.0; CAM-L21 Build/HUAWEICAM-L21; wv) AppleWebKit/537.36 (KHTML, like Gecko) Version/4.0 Chrome/62.0.3202.84 Mobile Safari/537.36 [FB_IAB/FB4A;FBAV/151.0.0.44.205;]"
193.83.46.252 - - [06/Dec/2017:04:31:48 +0100] "GET /img/mobile/pfeil-rechts-small.png HTTP/1.1" 200 1056 "https://www.easydrivers.at/css/mobile.css" "Mozilla/5.0 (Linux; Android 6.0; CAM-L21 Build/HUAWEICAM-L21; wv) AppleWebKit/537.36 (KHTML, like Gecko) Version/4.0 Chrome/62.0.3202.84 Mobile Safari/537.36 [FB_IAB/FB4A;FBAV/151.0.0.44.205;]"
193.83.46.252 - - [06/Dec/2017:04:31:48 +0100] "GET /img/mobile/bg-yellow.jpg HTTP/1.1" 200 1569 "https://www.easydrivers.at/css/mobile.css" "Mozilla/5.0 (Linux; Android 6.0; CAM-L21 Build/HUAWEICAM-L21; wv) AppleWebKit/537.36 (KHTML, like Gecko) Version/4.0 Chrome/62.0.3202.84 Mobile Safari/537.36 [FB_IAB/FB4A;FBAV/151.0.0.44.205;]"
207.46.13.137 - - [06/Dec/2017:04:33:35 +0100] "GET /dornbirn/10247101?FS=A HTTP/1.1" 410 3541 "-" "Mozilla/5.0 (compatible; bingbot/2.0; +http://www.bing.com/bingbot.htm)"
87.250.224.32 - - [06/Dec/2017:04:34:21 +0100] "GET /hollabrunn/Grundkurs_Oktober_2018?FS=A1 HTTP/1.1" 200 6340 "-" "Mozilla/5.0 (compatible; YandexBot/3.0; +http://yandex.com/bots)"
68.180.229.185 - - [06/Dec/2017:04:34:35 +0100] "GET /brigittenau HTTP/1.1" 301 301 "-" "Mozilla/5.0 (compatible; Yahoo! Slurp; http://help.yahoo.com/help/us/ysearch/slurp)"
213.180.203.11 - - [06/Dec/2017:04:34:44 +0100] "GET /hollabrunn/Motorradkurs_Oktober_2018?FS=A1L17 HTTP/1.1" 301 328 "-" "Mozilla/5.0 (compatible; YandexBot/3.0; +http://yandex.com/bots)"
178.154.171.72 - - [06/Dec/2017:04:34:45 +0100] "GET /hollabrunn/Motorradkurs_Oktober_2018?FS=A1L17 HTTP/1.1" 200 6483 "-" "Mozilla/5.0 (compatible; YandexBot/3.0; +http://yandex.com/bots)"
68.180.229.185 - - [06/Dec/2017:04:34:45 +0100] "GET /brigittenau HTTP/1.1" 200 3722 "-" "Mozilla/5.0 (compatible; Yahoo! Slurp; http://help.yahoo.com/help/us/ysearch/slurp)"
66.249.76.74 - - [06/Dec/2017:04:35:04 +0100] "GET /uploads/pdfs/wr.neustadt/10262976_B-L.pdf HTTP/1.1" 301 322 "-" "Mozilla/5.0 (compatible; Googlebot/2.1; +http://www.google.com/bot.html)"
66.249.76.82 - - [06/Dec/2017:04:35:05 +0100] "GET /uploads/pdfs/wr.neustadt/10262976_B-L.pdf HTTP/1.1" 200 29847 "-" "Mozilla/5.0 (compatible; Googlebot/2.1; +http://www.google.com/bot.html)"
107.170.213.98 - - [06/Dec/2017:04:35:59 +0100] "GET / HTTP/1.1" 301 383 "-" "Mozilla/5.0 (Windows NT 10.0; WOW64) AppleWebKit/537.36 (KHTML, like Gecko) Chrome/54.0.2840.99 Safari/537.36"
40.77.167.72 - - [06/Dec/2017:04:35:58 +0100] "GET /bruck.leitha/10290951?FS=F HTTP/1.1" 200 5674 "-" "Mozilla/5.0 (compatible; bingbot/2.0; +http://www.bing.com/bingbot.htm)"
107.170.213.98 - - [06/Dec/2017:04:36:11 +0100] "GET / HTTP/1.1" 301 383 "-" "Mozilla/5.0 (Windows NT 10.0; WOW64) AppleWebKit/537.36 (KHTML, like Gecko) Chrome/54.0.2840.99 Safari/537.36"
107.170.213.98 - - [06/Dec/2017:04:36:12 +0100] "GET / HTTP/1.1" 200 15887 "-" "Mozilla/5.0 (Windows NT 10.0; WOW64) AppleWebKit/537.36 (KHTML, like Gecko) Chrome/54.0.2840.99 Safari/537.36"
207.46.13.137 - - [06/Dec/2017:04:36:17 +0100] "GET /hollabrunn/10249815 HTTP/1.1" 301 307 "-" "Mozilla/5.0 (compatible; bingbot/2.0; +http://www.bing.com/bingbot.htm)"
171.49.217.234 - - [06/Dec/2017:04:36:38 +0100] "GET /wp-login.php HTTP/1.1" 301 399 "-" "Mozilla/5.0 (Windows NT 6.1; WOW64; rv:40.0) Gecko/20100101 Firefox/40.1"
171.49.217.234 - - [06/Dec/2017:04:36:38 +0100] "GET /wp-login.php HTTP/1.1" 404 8398 "-" "Mozilla/5.0 (Windows NT 6.1; WOW64; rv:40.0) Gecko/20100101 Firefox/40.1"
171.49.217.234 - - [06/Dec/2017:04:36:40 +0100] "GET / HTTP/1.1" 301 387 "-" "Mozilla/5.0 (Windows NT 6.1; WOW64; rv:40.0) Gecko/20100101 Firefox/40.1"
171.49.217.234 - - [06/Dec/2017:04:36:41 +0100] "GET / HTTP/1.1" 200 15887 "-" "Mozilla/5.0 (Windows NT 6.1; WOW64; rv:40.0) Gecko/20100101 Firefox/40.1"
207.46.13.43 - - [06/Dec/2017:04:37:20 +0100] "GET /bruck.leitha/10290881?FS=CCE HTTP/1.1" 200 6057 "-" "Mozilla/5.0 (compatible; bingbot/2.0; +http://www.bing.com/bingbot.htm)"
216.244.66.243 - - [06/Dec/2017:04:37:55 +0100] "GET /robots.txt HTTP/1.1" 301 397 "-" "Mozilla/5.0 (compatible; DotBot/1.1; http://www.opensiteexplorer.org/dotbot, help@moz.com)"
216.244.66.243 - - [06/Dec/2017:04:37:56 +0100] "GET /robots.txt HTTP/1.1" 200 178 "-" "Mozilla/5.0 (compatible; DotBot/1.1; http://www.opensiteexplorer.org/dotbot, help@moz.com)"
87.250.224.32 - - [06/Dec/2017:04:38:00 +0100] "GET /amstetten/abendkurs-mai18?FS=A2B HTTP/1.1" 200 5898 "-" "Mozilla/5.0 (compatible; YandexBot/3.0; +http://yandex.com/bots)"
212.124.153.92 - - [06/Dec/2017:04:38:29 +0100] "POST /fahrschulen/niederoesterreich HTTP/1.1" 200 5630 "https://www.easydrivers.at/fahrschulen" "Mozilla/5.0 (iPhone; CPU iPhone OS 10_3_1 like Mac OS X) AppleWebKit/603.1.30 (KHTML, like Gecko) Version/10.0 Mobile/14E304 Safari/602.1"
212.124.153.92 - - [06/Dec/2017:04:38:31 +0100] "GET /javascript/jquery.cookie.js HTTP/1.1" 200 863 "https://www.easydrivers.at/fahrschulen/niederoesterreich" "Mozilla/5.0 (iPhone; CPU iPhone OS 10_3_1 like Mac OS X) AppleWebKit/603.1.30 (KHTML, like Gecko) Version/10.0 Mobile/14E304 Safari/602.1"
212.124.153.92 - - [06/Dec/2017:04:38:31 +0100] "GET /img/mobile/easydrivers-logo-mobile.png HTTP/1.1" 200 10766 "https://www.easydrivers.at/fahrschulen/niederoesterreich" "Mozilla/5.0 (iPhone; CPU iPhone OS 10_3_1 like Mac OS X) AppleWebKit/603.1.30 (KHTML, like Gecko) Version/10.0 Mobile/14E304 Safari/602.1"
212.124.153.92 - - [06/Dec/2017:04:38:31 +0100] "GET /javascript/mobile-menu.js HTTP/1.1" 200 1634 "https://www.easydrivers.at/fahrschulen/niederoesterreich" "Mozilla/5.0 (iPhone; CPU iPhone OS 10_3_1 like Mac OS X) AppleWebKit/603.1.30 (KHTML, like Gecko) Version/10.0 Mobile/14E304 Safari/602.1"
212.124.153.92 - - [06/Dec/2017:04:38:31 +0100] "GET /javascript/jquery-1.9.1.min.js HTTP/1.1" 200 32731 "https://www.easydrivers.at/fahrschulen/niederoesterreich" "Mozilla/5.0 (iPhone; CPU iPhone OS 10_3_1 like Mac OS X) AppleWebKit/603.1.30 (KHTML, like Gecko) Version/10.0 Mobile/14E304 Safari/602.1"
212.124.153.92 - - [06/Dec/2017:04:38:31 +0100] "GET /img/mobile/menu-button.png HTTP/1.1" 200 1746 "https://www.easydrivers.at/fahrschulen/niederoesterreich" "Mozilla/5.0 (iPhone; CPU iPhone OS 10_3_1 like Mac OS X) AppleWebKit/603.1.30 (KHTML, like Gecko) Version/10.0 Mobile/14E304 Safari/602.1"
212.124.153.92 - - [06/Dec/2017:04:38:31 +0100] "GET /img/mobile/facebook-icon.png HTTP/1.1" 200 1902 "https://www.easydrivers.at/fahrschulen/niederoesterreich" "Mozilla/5.0 (iPhone; CPU iPhone OS 10_3_1 like Mac OS X) AppleWebKit/603.1.30 (KHTML, like Gecko) Version/10.0 Mobile/14E304 Safari/602.1"
212.124.153.92 - - [06/Dec/2017:04:38:31 +0100] "GET /img/mobile/smallicon-time.png HTTP/1.1" 200 1328 "https://www.easydrivers.at/fahrschulen/niederoesterreich" "Mozilla/5.0 (iPhone; CPU iPhone OS 10_3_1 like Mac OS X) AppleWebKit/603.1.30 (KHTML, like Gecko) Version/10.0 Mobile/14E304 Safari/602.1"
212.124.153.92 - - [06/Dec/2017:04:38:31 +0100] "GET /img/mobile/smallicon-mail.png HTTP/1.1" 200 1335 "https://www.easydrivers.at/fahrschulen/niederoesterreich" "Mozilla/5.0 (iPhone; CPU iPhone OS 10_3_1 like Mac OS X) AppleWebKit/603.1.30 (KHTML, like Gecko) Version/10.0 Mobile/14E304 Safari/602.1"
212.124.153.92 - - [06/Dec/2017:04:38:31 +0100] "GET /img/mobile/bg-header.jpg HTTP/1.1" 200 19741 "https://www.easydrivers.at/fahrschulen/niederoesterreich" "Mozilla/5.0 (iPhone; CPU iPhone OS 10_3_1 like Mac OS X) AppleWebKit/603.1.30 (KHTML, like Gecko) Version/10.0 Mobile/14E304 Safari/602.1"
212.124.153.92 - - [06/Dec/2017:04:38:31 +0100] "GET /img/mobile/pfeil-links-small.png HTTP/1.1" 200 1065 "https://www.easydrivers.at/fahrschulen/niederoesterreich" "Mozilla/5.0 (iPhone; CPU iPhone OS 10_3_1 like Mac OS X) AppleWebKit/603.1.30 (KHTML, like Gecko) Version/10.0 Mobile/14E304 Safari/602.1"
212.124.153.92 - - [06/Dec/2017:04:38:31 +0100] "GET /img/mobile/bg-menu.jpg HTTP/1.1" 200 1698 "https://www.easydrivers.at/fahrschulen/niederoesterreich" "Mozilla/5.0 (iPhone; CPU iPhone OS 10_3_1 like Mac OS X) AppleWebKit/603.1.30 (KHTML, like Gecko) Version/10.0 Mobile/14E304 Safari/602.1"
212.124.153.92 - - [06/Dec/2017:04:38:31 +0100] "GET /img/mobile/bg-yellow.jpg HTTP/1.1" 200 1569 "https://www.easydrivers.at/fahrschulen/niederoesterreich" "Mozilla/5.0 (iPhone; CPU iPhone OS 10_3_1 like Mac OS X) AppleWebKit/603.1.30 (KHTML, like Gecko) Version/10.0 Mobile/14E304 Safari/602.1"
66.249.76.78 - - [06/Dec/2017:04:39:02 +0100] "GET /uploads/pdfs/hartberg/A-Seminar-03-07-2015_A2BF.pdf HTTP/1.1" 301 331 "-" "Mozilla/5.0 (compatible; Googlebot/2.1; +http://www.google.com/bot.html)"
66.249.76.84 - - [06/Dec/2017:04:39:03 +0100] "GET /uploads/pdfs/hartberg/A-Seminar-03-07-2015_A2BF.pdf HTTP/1.1" 200 31303 "-" "Mozilla/5.0 (compatible; Googlebot/2.1; +http://www.google.com/bot.html)"
207.46.13.137 - - [06/Dec/2017:04:39:08 +0100] "GET /binaries/easy-drivers-rudi-dornbirn/gohm-helga-1jpg.jpg HTTP/1.1" 301 327 "-" "Mozilla/5.0 (compatible; bingbot/2.0; +http://www.bing.com/bingbot.htm)"
207.46.13.137 - - [06/Dec/2017:04:39:10 +0100] "GET /binaries/easy-drivers-rudi-dornbirn/gohm-helga-1jpg.jpg HTTP/1.1" 200 459281 "-" "Mozilla/5.0 (compatible; bingbot/2.0; +http://www.bing.com/bingbot.htm)"
68.180.229.185 - - [06/Dec/2017:04:39:41 +0100] "GET /leonding/Inhaberdaten HTTP/1.1" 200 3721 "-" "Mozilla/5.0 (compatible; Yahoo! Slurp; http://help.yahoo.com/help/us/ysearch/slurp)"
212.124.153.92 - - [06/Dec/2017:04:39:56 +0100] "GET /wr.neustadt HTTP/1.1" 200 2988 "https://www.easydrivers.at/fahrschulen/niederoesterreich" "Mozilla/5.0 (iPhone; CPU iPhone OS 10_3_1 like Mac OS X) AppleWebKit/603.1.30 (KHTML, like Gecko) Version/10.0 Mobile/14E304 Safari/602.1"
212.124.153.92 - - [06/Dec/2017:04:39:59 +0100] "GET /img/smallicon-person.png HTTP/1.1" 200 1141 "https://www.easydrivers.at/wr.neustadt" "Mozilla/5.0 (iPhone; CPU iPhone OS 10_3_1 like Mac OS X) AppleWebKit/603.1.30 (KHTML, like Gecko) Version/10.0 Mobile/14E304 Safari/602.1"
212.124.153.92 - - [06/Dec/2017:04:39:59 +0100] "GET /img/mobile/info-close-button.png HTTP/1.1" 200 1721 "https://www.easydrivers.at/wr.neustadt" "Mozilla/5.0 (iPhone; CPU iPhone OS 10_3_1 like Mac OS X) AppleWebKit/603.1.30 (KHTML, like Gecko) Version/10.0 Mobile/14E304 Safari/602.1"
212.124.153.92 - - [06/Dec/2017:04:39:59 +0100] "GET /img/smallicon-mail.png HTTP/1.1" 200 1341 "https://www.easydrivers.at/wr.neustadt" "Mozilla/5.0 (iPhone; CPU iPhone OS 10_3_1 like Mac OS X) AppleWebKit/603.1.30 (KHTML, like Gecko) Version/10.0 Mobile/14E304 Safari/602.1"
212.124.153.92 - - [06/Dec/2017:04:39:59 +0100] "GET /img/smallicon-phone.png HTTP/1.1" 200 3056 "https://www.easydrivers.at/wr.neustadt" "Mozilla/5.0 (iPhone; CPU iPhone OS 10_3_1 like Mac OS X) AppleWebKit/603.1.30 (KHTML, like Gecko) Version/10.0 Mobile/14E304 Safari/602.1"
212.124.153.92 - - [06/Dec/2017:04:39:59 +0100] "GET /img/mobile/bg-top-section.jpg HTTP/1.1" 200 21711 "https://www.easydrivers.at/wr.neustadt" "Mozilla/5.0 (iPhone; CPU iPhone OS 10_3_1 like Mac OS X) AppleWebKit/603.1.30 (KHTML, like Gecko) Version/10.0 Mobile/14E304 Safari/602.1"
212.124.153.92 - - [06/Dec/2017:04:39:59 +0100] "GET /img/mobile/pfeil-rechts.png HTTP/1.1" 200 1228 "https://www.easydrivers.at/wr.neustadt" "Mozilla/5.0 (iPhone; CPU iPhone OS 10_3_1 like Mac OS X) AppleWebKit/603.1.30 (KHTML, like Gecko) Version/10.0 Mobile/14E304 Safari/602.1"
87.250.224.32 - - [06/Dec/2017:04:39:58 +0100] "GET /hollabrunn/Grundkurs_September_2018?FS=BBE HTTP/1.1" 200 6235 "-" "Mozilla/5.0 (compatible; YandexBot/3.0; +http://yandex.com/bots)"
212.124.153.92 - - [06/Dec/2017:04:40:03 +0100] "POST /wr.neustadt/kursauswahl HTTP/1.1" 200 3116 "https://www.easydrivers.at/wr.neustadt" "Mozilla/5.0 (iPhone; CPU iPhone OS 10_3_1 like Mac OS X) AppleWebKit/603.1.30 (KHTML, like Gecko) Version/10.0 Mobile/14E304 Safari/602.1"
212.124.153.92 - - [06/Dec/2017:04:40:06 +0100] "GET /img/loading-bars.gif HTTP/1.1" 200 3951 "https://www.easydrivers.at/wr.neustadt/kursauswahl" "Mozilla/5.0 (iPhone; CPU iPhone OS 10_3_1 like Mac OS X) AppleWebKit/603.1.30 (KHTML, like Gecko) Version/10.0 Mobile/14E304 Safari/602.1"
213.225.9.154 - - [06/Dec/2017:04:40:34 +0100] "GET /hollabrunn/Grundkurs_Weihnachten_2017?FS=B HTTP/1.1" 200 3287 "http://m.facebook.com/" "Mozilla/5.0 (Linux; Android 7.0; SM-G955F Build/NRD90M; wv) AppleWebKit/537.36 (KHTML, like Gecko) Version/4.0 Chrome/62.0.3202.84 Mobile Safari/537.36 [FB_IAB/FB4A;FBAV/152.0.0.42.136;]"
212.124.153.92 - - [06/Dec/2017:04:40:41 +0100] "POST /loadkursliste HTTP/1.1" 200 701 "https://www.easydrivers.at/wr.neustadt/kursauswahl" "Mozilla/5.0 (iPhone; CPU iPhone OS 10_3_1 like Mac OS X) AppleWebKit/603.1.30 (KHTML, like Gecko) Version/10.0 Mobile/14E304 Safari/602.1"
212.124.153.92 - - [06/Dec/2017:04:41:04 +0100] "GET /wr.neustadt/10290343?FS=B HTTP/1.1" 200 3111 "https://www.easydrivers.at/wr.neustadt/kursauswahl" "Mozilla/5.0 (iPhone; CPU iPhone OS 10_3_1 like Mac OS X) AppleWebKit/603.1.30 (KHTML, like Gecko) Version/10.0 Mobile/14E304 Safari/602.1"
212.124.153.92 - - [06/Dec/2017:04:41:07 +0100] "GET /img/mobile/kursicon-share.png HTTP/1.1" 200 2065 "https://www.easydrivers.at/wr.neustadt/10290343?FS=B" "Mozilla/5.0 (iPhone; CPU iPhone OS 10_3_1 like Mac OS X) AppleWebKit/603.1.30 (KHTML, like Gecko) Version/10.0 Mobile/14E304 Safari/602.1"
212.124.153.92 - - [06/Dec/2017:04:41:07 +0100] "GET /img/mobile/kursicon-phone.png HTTP/1.1" 200 1932 "https://www.easydrivers.at/wr.neustadt/10290343?FS=B" "Mozilla/5.0 (iPhone; CPU iPhone OS 10_3_1 like Mac OS X) AppleWebKit/603.1.30 (KHTML, like Gecko) Version/10.0 Mobile/14E304 Safari/602.1"
212.124.153.92 - - [06/Dec/2017:04:41:07 +0100] "GET /img/mobile/pfeil-rechts-small.png HTTP/1.1" 200 1056 "https://www.easydrivers.at/wr.neustadt/10290343?FS=B" "Mozilla/5.0 (iPhone; CPU iPhone OS 10_3_1 like Mac OS X) AppleWebKit/603.1.30 (KHTML, like Gecko) Version/10.0 Mobile/14E304 Safari/602.1"
85.127.94.10 - - [06/Dec/2017:04:41:11 +0100] "GET /hollabrunn/Grundkurs_Weihnachten_2017?FS=B HTTP/1.1" 200 3287 "http://m.facebook.com" "Mozilla/5.0 (iPhone; CPU iPhone OS 11_1_2 like Mac OS X) AppleWebKit/604.3.5 (KHTML, like Gecko) Mobile/15B202 [FBAN/FBIOS;FBAV/144.0.0.55.89;FBBV/74129168;FBDV/iPhone9,3;FBMD/iPhone;FBSN/iOS;FBSV/11.1.2;FBSS/2;FBCR/A1;FBID/phone;FBLC/de_DE;FBOP/5;FBRV/74129168]"
157.55.39.65 - - [06/Dec/2017:04:41:17 +0100] "GET /spittelau/10280964?FS=B-L HTTP/1.1" 301 312 "-" "Mozilla/5.0 (compatible; bingbot/2.0; +http://www.bing.com/bingbot.htm)"
212.124.153.92 - - [06/Dec/2017:04:41:19 +0100] "GET /wr.neustadt/10290343?FS=B&channel=fullversion HTTP/1.1" 200 5391 "https://www.easydrivers.at/wr.neustadt/10290343?FS=B" "Mozilla/5.0 (iPhone; CPU iPhone OS 10_3_1 like Mac OS X) AppleWebKit/603.1.30 (KHTML, like Gecko) Version/10.0 Mobile/14E304 Safari/602.1"
212.124.153.92 - - [06/Dec/2017:04:41:22 +0100] "GET /css/print.css HTTP/1.1" 200 967 "https://www.easydrivers.at/wr.neustadt/10290343?FS=B&channel=fullversion" "Mozilla/5.0 (iPhone; CPU iPhone OS 10_3_1 like Mac OS X) AppleWebKit/603.1.30 (KHTML, like Gecko) Version/10.0 Mobile/14E304 Safari/602.1"
212.124.153.92 - - [06/Dec/2017:04:41:22 +0100] "GET /javascript/jquery.customSelect.min.js HTTP/1.1" 200 912 "https://www.easydrivers.at/wr.neustadt/10290343?FS=B&channel=fullversion" "Mozilla/5.0 (iPhone; CPU iPhone OS 10_3_1 like Mac OS X) AppleWebKit/603.1.30 (KHTML, like Gecko) Version/10.0 Mobile/14E304 Safari/602.1"
212.124.153.92 - - [06/Dec/2017:04:41:22 +0100] "GET /javascript/portal.js?1221842734 HTTP/1.1" 200 3529 "https://www.easydrivers.at/wr.neustadt/10290343?FS=B&channel=fullversion" "Mozilla/5.0 (iPhone; CPU iPhone OS 10_3_1 like Mac OS X) AppleWebKit/603.1.30 (KHTML, like Gecko) Version/10.0 Mobile/14E304 Safari/602.1"
212.124.153.92 - - [06/Dec/2017:04:41:22 +0100] "GET /css/style.css HTTP/1.1" 200 5004 "https://www.easydrivers.at/wr.neustadt/10290343?FS=B&channel=fullversion" "Mozilla/5.0 (iPhone; CPU iPhone OS 10_3_1 like Mac OS X) AppleWebKit/603.1.30 (KHTML, like Gecko) Version/10.0 Mobile/14E304 Safari/602.1"
212.124.153.92 - - [06/Dec/2017:04:41:22 +0100] "GET /css/showLoading.css HTTP/1.1" 200 219 "https://www.easydrivers.at/wr.neustadt/10290343?FS=B&channel=fullversion" "Mozilla/5.0 (iPhone; CPU iPhone OS 10_3_1 like Mac OS X) AppleWebKit/603.1.30 (KHTML, like Gecko) Version/10.0 Mobile/14E304 Safari/602.1"
212.124.153.92 - - [06/Dec/2017:04:41:22 +0100] "GET /javascript/fahrschule.js HTTP/1.1" 200 462 "https://www.easydrivers.at/wr.neustadt/10290343?FS=B&channel=fullversion" "Mozilla/5.0 (iPhone; CPU iPhone OS 10_3_1 like Mac OS X) AppleWebKit/603.1.30 (KHTML, like Gecko) Version/10.0 Mobile/14E304 Safari/602.1"
212.124.153.92 - - [06/Dec/2017:04:41:22 +0100] "GET /javascript/suche.js HTTP/1.1" 200 209 "https://www.easydrivers.at/wr.neustadt/10290343?FS=B&channel=fullversion" "Mozilla/5.0 (iPhone; CPU iPhone OS 10_3_1 like Mac OS X) AppleWebKit/603.1.30 (KHTML, like Gecko) Version/10.0 Mobile/14E304 Safari/602.1"
212.124.153.92 - - [06/Dec/2017:04:41:22 +0100] "GET /javascript/jquery.showLoading.min.js HTTP/1.1" 200 1136 "https://www.easydrivers.at/wr.neustadt/10290343?FS=B&channel=fullversion" "Mozilla/5.0 (iPhone; CPU iPhone OS 10_3_1 like Mac OS X) AppleWebKit/603.1.30 (KHTML, like Gecko) Version/10.0 Mobile/14E304 Safari/602.1"
212.124.153.92 - - [06/Dec/2017:04:41:22 +0100] "GET /javascript/jquery.base64.min.js HTTP/1.1" 200 37135 "https://www.easydrivers.at/wr.neustadt/10290343?FS=B&channel=fullversion" "Mozilla/5.0 (iPhone; CPU iPhone OS 10_3_1 like Mac OS X) AppleWebKit/603.1.30 (KHTML, like Gecko) Version/10.0 Mobile/14E304 Safari/602.1"
212.124.153.92 - - [06/Dec/2017:04:41:22 +0100] "GET /img/close-button.png HTTP/1.1" 200 2237 "https://www.easydrivers.at/wr.neustadt/10290343?FS=B&channel=fullversion" "Mozilla/5.0 (iPhone; CPU iPhone OS 10_3_1 like Mac OS X) AppleWebKit/603.1.30 (KHTML, like Gecko) Version/10.0 Mobile/14E304 Safari/602.1"
212.124.153.92 - - [06/Dec/2017:04:41:22 +0100] "GET /img/facebook-icon.png HTTP/1.1" 200 1506 "https://www.easydrivers.at/wr.neustadt/10290343?FS=B&channel=fullversion" "Mozilla/5.0 (iPhone; CPU iPhone OS 10_3_1 like Mac OS X) AppleWebKit/603.1.30 (KHTML, like Gecko) Version/10.0 Mobile/14E304 Safari/602.1"
212.124.153.92 - - [06/Dec/2017:04:41:22 +0100] "GET /img/info-button.png HTTP/1.1" 200 738 "https://www.easydrivers.at/wr.neustadt/10290343?FS=B&channel=fullversion" "Mozilla/5.0 (iPhone; CPU iPhone OS 10_3_1 like Mac OS X) AppleWebKit/603.1.30 (KHTML, like Gecko) Version/10.0 Mobile/14E304 Safari/602.1"
212.124.153.92 - - [06/Dec/2017:04:41:22 +0100] "GET /img/locator-icon.png HTTP/1.1" 200 1377 "https://www.easydrivers.at/wr.neustadt/10290343?FS=B&channel=fullversion" "Mozilla/5.0 (iPhone; CPU iPhone OS 10_3_1 like Mac OS X) AppleWebKit/603.1.30 (KHTML, like Gecko) Version/10.0 Mobile/14E304 Safari/602.1"
212.124.153.92 - - [06/Dec/2017:04:41:22 +0100] "GET /img/close-button-small.png HTTP/1.1" 200 1671 "https://www.easydrivers.at/wr.neustadt/10290343?FS=B&channel=fullversion" "Mozilla/5.0 (iPhone; CPU iPhone OS 10_3_1 like Mac OS X) AppleWebKit/603.1.30 (KHTML, like Gecko) Version/10.0 Mobile/14E304 Safari/602.1"
212.124.153.92 - - [06/Dec/2017:04:41:22 +0100] "GET /img/kursicon-print.png HTTP/1.1" 200 1184 "https://www.easydrivers.at/wr.neustadt/10290343?FS=B&channel=fullversion" "Mozilla/5.0 (iPhone; CPU iPhone OS 10_3_1 like Mac OS X) AppleWebKit/603.1.30 (KHTML, like Gecko) Version/10.0 Mobile/14E304 Safari/602.1"
212.124.153.92 - - [06/Dec/2017:04:41:22 +0100] "GET /img/kursicon-download.png HTTP/1.1" 200 1218 "https://www.easydrivers.at/wr.neustadt/10290343?FS=B&channel=fullversion" "Mozilla/5.0 (iPhone; CPU iPhone OS 10_3_1 like Mac OS X) AppleWebKit/603.1.30 (KHTML, like Gecko) Version/10.0 Mobile/14E304 Safari/602.1"
212.124.153.92 - - [06/Dec/2017:04:41:22 +0100] "GET /img/kursicon-share.png HTTP/1.1" 200 1302 "https://www.easydrivers.at/wr.neustadt/10290343?FS=B&channel=fullversion" "Mozilla/5.0 (iPhone; CPU iPhone OS 10_3_1 like Mac OS X) AppleWebKit/603.1.30 (KHTML, like Gecko) Version/10.0 Mobile/14E304 Safari/602.1"
212.124.153.92 - - [06/Dec/2017:04:41:22 +0100] "GET /img/kursicon-phone.png HTTP/1.1" 200 1287 "https://www.easydrivers.at/wr.neustadt/10290343?FS=B&channel=fullversion" "Mozilla/5.0 (iPhone; CPU iPhone OS 10_3_1 like Mac OS X) AppleWebKit/603.1.30 (KHTML, like Gecko) Version/10.0 Mobile/14E304 Safari/602.1"
212.124.153.92 - - [06/Dec/2017:04:41:22 +0100] "GET /img/submit-button.png HTTP/1.1" 200 1958 "https://www.easydrivers.at/wr.neustadt/10290343?FS=B&channel=fullversion" "Mozilla/5.0 (iPhone; CPU iPhone OS 10_3_1 like Mac OS X) AppleWebKit/603.1.30 (KHTML, like Gecko) Version/10.0 Mobile/14E304 Safari/602.1"
212.124.153.92 - - [06/Dec/2017:04:41:22 +0100] "GET /binaries/easy-drivers-portal/pkw4jpg.jpg HTTP/1.1" 200 125726 "https://www.easydrivers.at/wr.neustadt/10290343?FS=B&channel=fullversion" "Mozilla/5.0 (iPhone; CPU iPhone OS 10_3_1 like Mac OS X) AppleWebKit/603.1.30 (KHTML, like Gecko) Version/10.0 Mobile/14E304 Safari/602.1"
212.124.153.92 - - [06/Dec/2017:04:41:22 +0100] "GET /img/schweiz-icon.png HTTP/1.1" 200 1504 "https://www.easydrivers.at/wr.neustadt/10290343?FS=B&channel=fullversion" "Mozilla/5.0 (iPhone; CPU iPhone OS 10_3_1 like Mac OS X) AppleWebKit/603.1.30 (KHTML, like Gecko) Version/10.0 Mobile/14E304 Safari/602.1"
212.124.153.92 - - [06/Dec/2017:04:41:22 +0100] "GET /img/ED_Logo.png HTTP/1.1" 200 3385 "https://www.easydrivers.at/wr.neustadt/10290343?FS=B&channel=fullversion" "Mozilla/5.0 (iPhone; CPU iPhone OS 10_3_1 like Mac OS X) AppleWebKit/603.1.30 (KHTML, like Gecko) Version/10.0 Mobile/14E304 Safari/602.1"
212.124.153.92 - - [06/Dec/2017:04:41:22 +0100] "GET /img/bg-header.jpg HTTP/1.1" 200 38680 "https://www.easydrivers.at/wr.neustadt/10290343?FS=B&channel=fullversion" "Mozilla/5.0 (iPhone; CPU iPhone OS 10_3_1 like Mac OS X) AppleWebKit/603.1.30 (KHTML, like Gecko) Version/10.0 Mobile/14E304 Safari/602.1"
212.124.153.92 - - [06/Dec/2017:04:41:22 +0100] "GET /img/purple-dots-horizontal.png HTTP/1.1" 200 977 "https://www.easydrivers.at/wr.neustadt/10290343?FS=B&channel=fullversion" "Mozilla/5.0 (iPhone; CPU iPhone OS 10_3_1 like Mac OS X) AppleWebKit/603.1.30 (KHTML, like Gecko) Version/10.0 Mobile/14E304 Safari/602.1"
212.124.153.92 - - [06/Dec/2017:04:41:22 +0100] "GET /img/top-image-overlay.png HTTP/1.1" 200 20650 "https://www.easydrivers.at/wr.neustadt/10290343?FS=B&channel=fullversion" "Mozilla/5.0 (iPhone; CPU iPhone OS 10_3_1 like Mac OS X) AppleWebKit/603.1.30 (KHTML, like Gecko) Version/10.0 Mobile/14E304 Safari/602.1"
212.124.153.92 - - [06/Dec/2017:04:41:22 +0100] "GET /img/arrow-left.png HTTP/1.1" 200 1015 "https://www.easydrivers.at/wr.neustadt/10290343?FS=B&channel=fullversion" "Mozilla/5.0 (iPhone; CPU iPhone OS 10_3_1 like Mac OS X) AppleWebKit/603.1.30 (KHTML, like Gecko) Version/10.0 Mobile/14E304 Safari/602.1"
212.124.153.92 - - [06/Dec/2017:04:41:22 +0100] "GET /img/arrow-up.png HTTP/1.1" 200 1081 "https://www.easydrivers.at/wr.neustadt/10290343?FS=B&channel=fullversion" "Mozilla/5.0 (iPhone; CPU iPhone OS 10_3_1 like Mac OS X) AppleWebKit/603.1.30 (KHTML, like Gecko) Version/10.0 Mobile/14E304 Safari/602.1"
212.124.153.92 - - [06/Dec/2017:04:41:22 +0100] "GET /img/bg-yellow.jpg HTTP/1.1" 200 2250 "https://www.easydrivers.at/wr.neustadt/10290343?FS=B&channel=fullversion" "Mozilla/5.0 (iPhone; CPU iPhone OS 10_3_1 like Mac OS X) AppleWebKit/603.1.30 (KHTML, like Gecko) Version/10.0 Mobile/14E304 Safari/602.1"
212.124.153.92 - - [06/Dec/2017:04:41:22 +0100] "GET /img/bg-footer.jpg HTTP/1.1" 200 31770 "https://www.easydrivers.at/wr.neustadt/10290343?FS=B&channel=fullversion" "Mozilla/5.0 (iPhone; CPU iPhone OS 10_3_1 like Mac OS X) AppleWebKit/603.1.30 (KHTML, like Gecko) Version/10.0 Mobile/14E304 Safari/602.1"
212.124.153.92 - - [06/Dec/2017:04:41:22 +0100] "GET /img/bg-top-section.jpg HTTP/1.1" 200 82172 "https://www.easydrivers.at/wr.neustadt/10290343?FS=B&channel=fullversion" "Mozilla/5.0 (iPhone; CPU iPhone OS 10_3_1 like Mac OS X) AppleWebKit/603.1.30 (KHTML, like Gecko) Version/10.0 Mobile/14E304 Safari/602.1"
212.124.153.92 - - [06/Dec/2017:04:41:22 +0100] "GET /img/kursicon-print-pink.png HTTP/1.1" 200 1125 "https://www.easydrivers.at/wr.neustadt/10290343?FS=B&channel=fullversion" "Mozilla/5.0 (iPhone; CPU iPhone OS 10_3_1 like Mac OS X) AppleWebKit/603.1.30 (KHTML, like Gecko) Version/10.0 Mobile/14E304 Safari/602.1"
212.124.153.92 - - [06/Dec/2017:04:41:22 +0100] "GET /img/kursicon-download-pink.png HTTP/1.1" 200 1213 "https://www.easydrivers.at/wr.neustadt/10290343?FS=B&channel=fullversion" "Mozilla/5.0 (iPhone; CPU iPhone OS 10_3_1 like Mac OS X) AppleWebKit/603.1.30 (KHTML, like Gecko) Version/10.0 Mobile/14E304 Safari/602.1"
212.124.153.92 - - [06/Dec/2017:04:41:22 +0100] "GET /img/kursicon-share-pink.png HTTP/1.1" 200 1277 "https://www.easydrivers.at/wr.neustadt/10290343?FS=B&channel=fullversion" "Mozilla/5.0 (iPhone; CPU iPhone OS 10_3_1 like Mac OS X) AppleWebKit/603.1.30 (KHTML, like Gecko) Version/10.0 Mobile/14E304 Safari/602.1"
212.124.153.92 - - [06/Dec/2017:04:41:22 +0100] "GET /img/kursicon-phone-pink.png HTTP/1.1" 200 1286 "https://www.easydrivers.at/wr.neustadt/10290343?FS=B&channel=fullversion" "Mozilla/5.0 (iPhone; CPU iPhone OS 10_3_1 like Mac OS X) AppleWebKit/603.1.30 (KHTML, like Gecko) Version/10.0 Mobile/14E304 Safari/602.1"
207.46.13.137 - - [06/Dec/2017:04:41:25 +0100] "GET /fahrschulen/1200 HTTP/1.1" 301 304 "-" "Mozilla/5.0 (compatible; bingbot/2.0; +http://www.bing.com/bingbot.htm)"
87.250.224.32 - - [06/Dec/2017:04:41:46 +0100] "GET /robots.txt HTTP/1.1" 301 397 "-" "Mozilla/5.0 (compatible; YandexBot/3.0; +http://yandex.com/bots)"
68.180.229.185 - - [06/Dec/2017:04:41:49 +0100] "GET /leonding/Inhaberdaten HTTP/1.1" 301 307 "-" "Mozilla/5.0 (compatible; Yahoo! Slurp; http://help.yahoo.com/help/us/ysearch/slurp)"
87.250.224.32 - - [06/Dec/2017:04:41:50 +0100] "GET /binaries/easy-drivers-portal/projektpartnerunterzeichnenjpg.jpg HTTP/1.1" 301 333 "-" "Mozilla/5.0 (compatible; YandexImages/3.0; +http://yandex.com/bots)"
87.250.224.32 - - [06/Dec/2017:04:41:51 +0100] "GET /binaries/easy-drivers-portal/projektpartnerunterzeichnenjpg.jpg HTTP/1.1" 304 - "-" "Mozilla/5.0 (compatible; YandexImages/3.0; +http://yandex.com/bots)"
68.180.229.185 - - [06/Dec/2017:04:42:20 +0100] "GET /binaries/easy-drivers-leonding/agb-easy-drivers-leonding.pdf HTTP/1.1" 304 - "-" "Mozilla/5.0 (compatible; Yahoo! Slurp; http://help.yahoo.com/help/us/ysearch/slurp)"
213.225.9.229 - - [06/Dec/2017:04:42:19 +0100] "GET /enns/Abendkurs-22Dez2016?FS=B HTTP/1.1" 404 3065 "http://m.facebook.com" "Mozilla/5.0 (iPhone; CPU iPhone OS 10_3_2 like Mac OS X) AppleWebKit/603.2.4 (KHTML, like Gecko) Mobile/14F89 [FBAN/FBIOS;FBAV/151.0.0.61.202;FBBV/82156572;FBDV/iPhone9,4;FBMD/iPhone;FBSN/iOS;FBSV/10.3.2;FBSS/3;FBCR/T-MobileA;FBID/phone;FBLC/de_DE;FBOP/5;FBRV/83160404]"
212.124.153.92 - - [06/Dec/2017:04:42:26 +0100] "GET /wr.neustadt/10290343?FS=B HTTP/1.1" 200 5391 "https://www.easydrivers.at/wr.neustadt/kursauswahl" "Mozilla/5.0 (iPhone; CPU iPhone OS 10_3_1 like Mac OS X) AppleWebKit/603.1.30 (KHTML, like Gecko) Version/10.0 Mobile/14E304 Safari/602.1"
212.124.153.92 - - [06/Dec/2017:04:42:32 +0100] "GET /wr.neustadt/kursauswahl HTTP/1.1" 200 4378 "https://www.easydrivers.at/wr.neustadt/10290343?FS=B" "Mozilla/5.0 (iPhone; CPU iPhone OS 10_3_1 like Mac OS X) AppleWebKit/603.1.30 (KHTML, like Gecko) Version/10.0 Mobile/14E304 Safari/602.1"
212.124.153.92 - - [06/Dec/2017:04:42:35 +0100] "POST /wr.neustadt/kursauswahl HTTP/1.1" 200 4377 "https://www.easydrivers.at/wr.neustadt" "Mozilla/5.0 (iPhone; CPU iPhone OS 10_3_1 like Mac OS X) AppleWebKit/603.1.30 (KHTML, like Gecko) Version/10.0 Mobile/14E304 Safari/602.1"
212.124.153.92 - - [06/Dec/2017:04:42:37 +0100] "GET /binaries/easy-drivers-portal/motorrad4jpg.jpg HTTP/1.1" 200 110277 "https://www.easydrivers.at/wr.neustadt/kursauswahl" "Mozilla/5.0 (iPhone; CPU iPhone OS 10_3_1 like Mac OS X) AppleWebKit/603.1.30 (KHTML, like Gecko) Version/10.0 Mobile/14E304 Safari/602.1"
212.124.153.92 - - [06/Dec/2017:04:42:37 +0100] "POST /loadkursliste HTTP/1.1" 200 864 "https://www.easydrivers.at/wr.neustadt/kursauswahl" "Mozilla/5.0 (iPhone; CPU iPhone OS 10_3_1 like Mac OS X) AppleWebKit/603.1.30 (KHTML, like Gecko) Version/10.0 Mobile/14E304 Safari/602.1"
66.249.76.76 - - [06/Dec/2017:04:42:59 +0100] "GET /uploads/pdfs/waidhofen.thaya/10259893_BCE.pdf HTTP/1.1" 301 325 "-" "Mozilla/5.0 (compatible; Googlebot/2.1; +http://www.google.com/bot.html)"
213.225.10.67 - - [06/Dec/2017:04:42:57 +0100] "GET /amstetten/weihnachtskurs?FS=B HTTP/1.1" 200 3162 "http://m.facebook.com" "Mozilla/5.0 (iPhone; CPU iPhone OS 11_1 like Mac OS X) AppleWebKit/604.3.5 (KHTML, like Gecko) Mobile/15B93 [FBAN/FBIOS;FBAV/151.0.0.61.202;FBBV/82156572;FBDV/iPhone9,3;FBMD/iPhone;FBSN/iOS;FBSV/11.1;FBSS/2;FBCR/A1;FBID/phone;FBLC/de_DE;FBOP/5;FBRV/83160404]"
66.249.76.82 - - [06/Dec/2017:04:43:00 +0100] "GET /uploads/pdfs/waidhofen.thaya/10259893_BCE.pdf HTTP/1.1" 200 29271 "-" "Mozilla/5.0 (compatible; Googlebot/2.1; +http://www.google.com/bot.html)"
212.124.153.92 - - [06/Dec/2017:04:43:12 +0100] "GET /wr.neustadt HTTP/1.1" 200 3523 "https://www.easydrivers.at/fahrschulen/niederoesterreich" "Mozilla/5.0 (iPhone; CPU iPhone OS 10_3_1 like Mac OS X) AppleWebKit/603.1.30 (KHTML, like Gecko) Version/10.0 Mobile/14E304 Safari/602.1"
212.124.153.92 - - [06/Dec/2017:04:43:15 +0100] "GET /binaries/easy-drivers-portal/widget-icon-trainingpng.png HTTP/1.1" 200 2662 "https://www.easydrivers.at/wr.neustadt" "Mozilla/5.0 (iPhone; CPU iPhone OS 10_3_1 like Mac OS X) AppleWebKit/603.1.30 (KHTML, like Gecko) Version/10.0 Mobile/14E304 Safari/602.1"
212.124.153.92 - - [06/Dec/2017:04:43:15 +0100] "GET /binaries/easy-drivers-portal/widget-icon-apppng.png HTTP/1.1" 200 2432 "https://www.easydrivers.at/wr.neustadt" "Mozilla/5.0 (iPhone; CPU iPhone OS 10_3_1 like Mac OS X) AppleWebKit/603.1.30 (KHTML, like Gecko) Version/10.0 Mobile/14E304 Safari/602.1"
212.124.153.92 - - [06/Dec/2017:04:43:15 +0100] "GET /binaries/easy-drivers-portal/widget-icon-expertspng.png HTTP/1.1" 200 2159 "https://www.easydrivers.at/wr.neustadt" "Mozilla/5.0 (iPhone; CPU iPhone OS 10_3_1 like Mac OS X) AppleWebKit/603.1.30 (KHTML, like Gecko) Version/10.0 Mobile/14E304 Safari/602.1"
212.124.153.92 - - [06/Dec/2017:04:43:15 +0100] "GET /img/empty.gif HTTP/1.1" 200 43 "https://www.easydrivers.at/wr.neustadt" "Mozilla/5.0 (iPhone; CPU iPhone OS 10_3_1 like Mac OS X) AppleWebKit/603.1.30 (KHTML, like Gecko) Version/10.0 Mobile/14E304 Safari/602.1"
212.124.153.92 - - [06/Dec/2017:04:43:15 +0100] "GET /img/yellow-dots-vertical.png HTTP/1.1" 200 981 "https://www.easydrivers.at/wr.neustadt" "Mozilla/5.0 (iPhone; CPU iPhone OS 10_3_1 like Mac OS X) AppleWebKit/603.1.30 (KHTML, like Gecko) Version/10.0 Mobile/14E304 Safari/602.1"
87.250.224.32 - - [06/Dec/2017:04:43:16 +0100] "GET /amstetten/abendkurs-juli18?FS=BE96 HTTP/1.1" 200 5731 "-" "Mozilla/5.0 (compatible; YandexBot/3.0; +http://yandex.com/bots)"
212.124.153.92 - - [06/Dec/2017:04:43:17 +0100] "POST /fahrschulen/niederoesterreich HTTP/1.1" 200 5950 "https://www.easydrivers.at/fahrschulen" "Mozilla/5.0 (iPhone; CPU iPhone OS 10_3_1 like Mac OS X) AppleWebKit/603.1.30 (KHTML, like Gecko) Version/10.0 Mobile/14E304 Safari/602.1"
212.124.153.92 - - [06/Dec/2017:04:43:19 +0100] "GET /img/submit-button-small.png HTTP/1.1" 200 1456 "https://www.easydrivers.at/fahrschulen/niederoesterreich" "Mozilla/5.0 (iPhone; CPU iPhone OS 10_3_1 like Mac OS X) AppleWebKit/603.1.30 (KHTML, like Gecko) Version/10.0 Mobile/14E304 Safari/602.1"
212.124.153.92 - - [06/Dec/2017:04:43:21 +0100] "GET /wr.neustadt HTTP/1.1" 200 3523 "https://www.easydrivers.at/fahrschulen/niederoesterreich" "Mozilla/5.0 (iPhone; CPU iPhone OS 10_3_1 like Mac OS X) AppleWebKit/603.1.30 (KHTML, like Gecko) Version/10.0 Mobile/14E304 Safari/602.1"
212.124.153.92 - - [06/Dec/2017:04:43:23 +0100] "POST /fahrschulen/niederoesterreich HTTP/1.1" 200 5950 "https://www.easydrivers.at/fahrschulen" "Mozilla/5.0 (iPhone; CPU iPhone OS 10_3_1 like Mac OS X) AppleWebKit/603.1.30 (KHTML, like Gecko) Version/10.0 Mobile/14E304 Safari/602.1"
87.250.224.32 - - [06/Dec/2017:04:43:32 +0100] "GET /amstetten/abendkurs-aug18?FS=B HTTP/1.1" 200 5430 "-" "Mozilla/5.0 (compatible; YandexBot/3.0; +http://yandex.com/bots)"
212.124.153.92 - - [06/Dec/2017:04:43:38 +0100] "GET /st.poelten HTTP/1.1" 200 3501 "https://www.easydrivers.at/fahrschulen/niederoesterreich" "Mozilla/5.0 (iPhone; CPU iPhone OS 10_3_1 like Mac OS X) AppleWebKit/603.1.30 (KHTML, like Gecko) Version/10.0 Mobile/14E304 Safari/602.1"
212.124.153.92 - - [06/Dec/2017:04:43:41 +0100] "GET /binaries/easy-drivers-st-p/whatsappgrafikpng.png HTTP/1.1" 200 8909 "https://www.easydrivers.at/st.poelten" "Mozilla/5.0 (iPhone; CPU iPhone OS 10_3_1 like Mac OS X) AppleWebKit/603.1.30 (KHTML, like Gecko) Version/10.0 Mobile/14E304 Safari/602.1"
212.124.153.92 - - [06/Dec/2017:04:43:46 +0100] "POST /st.poelten/kursauswahl HTTP/1.1" 200 4400 "https://www.easydrivers.at/st.poelten" "Mozilla/5.0 (iPhone; CPU iPhone OS 10_3_1 like Mac OS X) AppleWebKit/603.1.30 (KHTML, like Gecko) Version/10.0 Mobile/14E304 Safari/602.1"
212.124.153.92 - - [06/Dec/2017:04:43:48 +0100] "GET /binaries/easy-drivers-portal/motorrad5jpg.jpg HTTP/1.1" 200 84164 "https://www.easydrivers.at/st.poelten/kursauswahl" "Mozilla/5.0 (iPhone; CPU iPhone OS 10_3_1 like Mac OS X) AppleWebKit/603.1.30 (KHTML, like Gecko) Version/10.0 Mobile/14E304 Safari/602.1"
212.124.153.92 - - [06/Dec/2017:04:43:55 +0100] "POST /loadkursliste HTTP/1.1" 200 556 "https://www.easydrivers.at/st.poelten/kursauswahl" "Mozilla/5.0 (iPhone; CPU iPhone OS 10_3_1 like Mac OS X) AppleWebKit/603.1.30 (KHTML, like Gecko) Version/10.0 Mobile/14E304 Safari/602.1"
212.124.153.92 - - [06/Dec/2017:04:44:09 +0100] "GET /st.poelten HTTP/1.1" 200 3501 "https://www.easydrivers.at/fahrschulen/niederoesterreich" "Mozilla/5.0 (iPhone; CPU iPhone OS 10_3_1 like Mac OS X) AppleWebKit/603.1.30 (KHTML, like Gecko) Version/10.0 Mobile/14E304 Safari/602.1"
212.124.153.92 - - [06/Dec/2017:04:44:13 +0100] "POST /fahrschulen/niederoesterreich HTTP/1.1" 200 5950 "https://www.easydrivers.at/fahrschulen" "Mozilla/5.0 (iPhone; CPU iPhone OS 10_3_1 like Mac OS X) AppleWebKit/603.1.30 (KHTML, like Gecko) Version/10.0 Mobile/14E304 Safari/602.1"
212.124.153.92 - - [06/Dec/2017:04:44:20 +0100] "GET /wr.neustadt HTTP/1.1" 200 3523 "https://www.easydrivers.at/fahrschulen/niederoesterreich" "Mozilla/5.0 (iPhone; CPU iPhone OS 10_3_1 like Mac OS X) AppleWebKit/603.1.30 (KHTML, like Gecko) Version/10.0 Mobile/14E304 Safari/602.1"
212.124.153.92 - - [06/Dec/2017:04:44:25 +0100] "POST /wr.neustadt/kursauswahl HTTP/1.1" 200 4377 "https://www.easydrivers.at/wr.neustadt" "Mozilla/5.0 (iPhone; CPU iPhone OS 10_3_1 like Mac OS X) AppleWebKit/603.1.30 (KHTML, like Gecko) Version/10.0 Mobile/14E304 Safari/602.1"
212.124.153.92 - - [06/Dec/2017:04:44:28 +0100] "POST /loadkursliste HTTP/1.1" 200 864 "https://www.easydrivers.at/wr.neustadt/kursauswahl" "Mozilla/5.0 (iPhone; CPU iPhone OS 10_3_1 like Mac OS X) AppleWebKit/603.1.30 (KHTML, like Gecko) Version/10.0 Mobile/14E304 Safari/602.1"
89.246.162.91 - - [06/Dec/2017:04:44:37 +0100] "GET /wp-login.php HTTP/1.1" 301 400 "-" "Mozilla/5.0 (Windows NT 6.1; WOW64; rv:40.0) Gecko/20100101 Firefox/40.1"
89.246.162.91 - - [06/Dec/2017:04:44:37 +0100] "GET /wp-login.php HTTP/1.1" 404 8398 "-" "Mozilla/5.0 (Windows NT 6.1; WOW64; rv:40.0) Gecko/20100101 Firefox/40.1"
89.246.162.91 - - [06/Dec/2017:04:44:39 +0100] "GET / HTTP/1.1" 301 388 "-" "Mozilla/5.0 (Windows NT 6.1; WOW64; rv:40.0) Gecko/20100101 Firefox/40.1"
212.124.153.92 - - [06/Dec/2017:04:44:37 +0100] "GET /wr.neustadt HTTP/1.1" 200 3523 "https://www.easydrivers.at/fahrschulen/niederoesterreich" "Mozilla/5.0 (iPhone; CPU iPhone OS 10_3_1 like Mac OS X) AppleWebKit/603.1.30 (KHTML, like Gecko) Version/10.0 Mobile/14E304 Safari/602.1"
89.246.162.91 - - [06/Dec/2017:04:44:39 +0100] "GET / HTTP/1.1" 200 15887 "-" "Mozilla/5.0 (Windows NT 6.1; WOW64; rv:40.0) Gecko/20100101 Firefox/40.1"
212.124.153.92 - - [06/Dec/2017:04:44:40 +0100] "POST /fahrschulen/niederoesterreich HTTP/1.1" 200 5950 "https://www.easydrivers.at/fahrschulen" "Mozilla/5.0 (iPhone; CPU iPhone OS 10_3_1 like Mac OS X) AppleWebKit/603.1.30 (KHTML, like Gecko) Version/10.0 Mobile/14E304 Safari/602.1"
207.46.13.43 - - [06/Dec/2017:04:44:40 +0100] "GET /klagenfurt/10248817 HTTP/1.1" 200 2894 "-" "Mozilla/5.0 (compatible; bingbot/2.0; +http://www.bing.com/bingbot.htm)"
