216.244.66.249 - - [06/Dec/2017:01:31:15 +0100] "GET /tulln/Inhaberdaten HTTP/1.1" 301 405 "-" "Mozilla/5.0 (compatible; DotBot/1.1; http://www.opensiteexplorer.org/dotbot, help@moz.com)"
80.121.5.143 - - [06/Dec/2017:01:31:53 +0100] "GET /enns/Abendkurs-22Dez2016?FS=B HTTP/1.1" 404 3065 "http://m.facebook.com/" "Mozilla/5.0 (Linux; Android 7.0; SM-G930F Build/NRD90M; wv) AppleWebKit/537.36 (KHTML, like Gecko) Version/4.0 Chrome/62.0.3202.84 Mobile Safari/537.36 [FB_IAB/FB4A;FBAV/151.0.0.44.205;]"
212.241.80.70 - - [06/Dec/2017:01:32:12 +0100] "GET /linz/10286170?FS=B HTTP/1.1" 200 3158 "http://m.facebook.com/" "Mozilla/5.0 (Linux; Android 7.0; SM-G920F Build/NRD90M; wv) AppleWebKit/537.36 (KHTML, like Gecko) Version/4.0 Chrome/62.0.3202.84 Mobile Safari/537.36 [FB_IAB/FB4A;FBAV/151.0.0.44.205;]"
178.154.171.72 - - [06/Dec/2017:01:34:08 +0100] "GET /hollabrunn/Traktor_Kurs_April_2018?FS=A2BF HTTP/1.1" 301 326 "-" "Mozilla/5.0 (compatible; YandexBot/3.0; +http://yandex.com/bots)"
157.55.39.65 - - [06/Dec/2017:01:34:17 +0100] "GET /hollabrunn/aktionen HTTP/1.1" 301 306 "-" "Mozilla/5.0 (compatible; bingbot/2.0; +http://www.bing.com/bingbot.htm)"
216.244.66.243 - - [06/Dec/2017:01:34:39 +0100] "GET /robots.txt HTTP/1.1" 301 397 "-" "Mozilla/5.0 (compatible; DotBot/1.1; http://www.opensiteexplorer.org/dotbot, help@moz.com)"
216.244.66.243 - - [06/Dec/2017:01:34:40 +0100] "GET /robots.txt HTTP/1.1" 200 178 "-" "Mozilla/5.0 (compatible; DotBot/1.1; http://www.opensiteexplorer.org/dotbot, help@moz.com)"
66.249.76.74 - - [06/Dec/2017:01:35:25 +0100] "GET /css/print.css HTTP/1.1" 301 301 "http://www.easydrivers.at/scheibbs/10249601scheibbs/10249601?FS=A2BF&print=true" "Mozilla/5.0 (compatible; Googlebot/2.1; +http://www.google.com/bot.html)"
66.249.76.78 - - [06/Dec/2017:01:35:26 +0100] "GET /css/style.css HTTP/1.1" 301 301 "http://www.easydrivers.at/scheibbs/10249601scheibbs/10249601?FS=A2BF&print=true" "Mozilla/5.0 (compatible; Googlebot/2.1; +http://www.google.com/bot.html)"
66.249.76.80 - - [06/Dec/2017:01:35:26 +0100] "GET /css/style.css HTTP/1.1" 200 5004 "http://www.easydrivers.at/scheibbs/10249601scheibbs/10249601?FS=A2BF&print=true" "Mozilla/5.0 (compatible; Googlebot/2.1; +http://www.google.com/bot.html)"
87.250.224.32 - - [06/Dec/2017:01:35:49 +0100] "GET /hollabrunn/Grundkurs_Junil_2018?FS=A2B HTTP/1.1" 200 6462 "-" "Mozilla/5.0 (compatible; YandexBot/3.0; +http://yandex.com/bots)"
18.231.80.11 - - [06/Dec/2017:01:35:54 +0100] "GET /kapfenberg.pankl HTTP/1.1" 301 305 "-" "Mozilla/5.0 (Windows NT 10.0; Win64; x64) AppleWebKit/537.36 (KHTML, like Gecko) Chrome/61.0.3163.100 Safari/537.36"
87.250.224.32 - - [06/Dec/2017:01:35:55 +0100] "GET /hollabrunn/Mopedkurs_Juni_2018?FS=AM-M HTTP/1.1" 200 5659 "-" "Mozilla/5.0 (compatible; YandexBot/3.0; +http://yandex.com/bots)"
13.114.198.66 - - [06/Dec/2017:01:36:23 +0100] "GET / HTTP/1.1" 301 299 "-" "Mozilla/5.0 (Windows NT 10.0; Win64; x64) AppleWebKit/537.36 (KHTML, like Gecko) Chrome/61.0.3163.100 Safari/537.36"
212.95.7.239 - - [06/Dec/2017:01:38:42 +0100] "GET /bruck.leitha/10279432?FS=B HTTP/1.1" 200 3401 "http://m.facebook.com" "Mozilla/5.0 (iPhone; CPU iPhone OS 11_1_2 like Mac OS X) AppleWebKit/604.3.5 (KHTML, like Gecko) Mobile/15B202 [FBAN/FBIOS;FBAV/151.0.0.61.202;FBBV/82156572;FBDV/iPhone9,4;FBMD/iPhone;FBSN/iOS;FBSV/11.1.2;FBSS/3;FBCR/A1;FBID/phone;FBLC/de_DE;FBOP/5;FBRV/83160404]"
1.47.43.219 - - [06/Dec/2017:01:39:00 +0100] "GET /steyr/kurse HTTP/1.1" 200 3143 "http://m.facebook.com/" "Mozilla/5.0 (Linux; Android 5.1.1; SM-G531F Build/LMY48B; wv) AppleWebKit/537.36 (KHTML, like Gecko) Version/4.0 Chrome/61.0.3163.98 Mobile Safari/537.36 [FB_IAB/FB4A;FBAV/146.0.0.53.92;]"
80.110.103.169 - - [06/Dec/2017:01:41:54 +0100] "GET /brigittenau/img/smallicon-mail.png HTTP/1.1" 404 3101 "-" "Mozilla/5.0 (iPhone; CPU iPhone OS 11_2 like Mac OS X) AppleWebKit/604.4.7 (KHTML, like Gecko) Mobile/15C114 [FBAN/FBIOS;FBAV/151.0.0.61.202;FBBV/82156572;FBDV/iPhone8,4;FBMD/iPhone;FBSN/iOS;FBSV/11.2;FBSS/2;FBCR/3Austria;FBID/phone;FBLC/en_US;FBOP/5;FBRV/82156572]"
207.46.13.137 - - [06/Dec/2017:01:41:56 +0100] "GET /hartberg/schnellkurs_11.09.2017?FS=B-L17 HTTP/1.1" 404 3400 "-" "Mozilla/5.0 (compatible; bingbot/2.0; +http://www.bing.com/bingbot.htm)"
216.244.66.243 - - [06/Dec/2017:01:42:04 +0100] "GET /easy_drivers_spittelau HTTP/1.1" 301 409 "-" "Mozilla/5.0 (compatible; DotBot/1.1; http://www.opensiteexplorer.org/dotbot, help@moz.com)"
217.250.180.1 - - [06/Dec/2017:01:42:10 +0100] "GET / HTTP/1.1" 301 296 "-" "Mozilla/5.0 (Windows; U; Windows NT 6.0; de; rv:1.9.2.3) Gecko/20100401 Firefox/3.6.3 ( .NET CLR 3.5.30729)"
207.46.13.43 - - [06/Dec/2017:01:42:19 +0100] "GET /bruck.leitha/10290905?FS=BL1796 HTTP/1.1" 200 6445 "-" "Mozilla/5.0 (compatible; bingbot/2.0; +http://www.bing.com/bingbot.htm)"
207.46.13.137 - - [06/Dec/2017:01:42:39 +0100] "GET /scheibbs/10249601?FS=A1L17 HTTP/1.1" 410 3396 "-" "Mozilla/5.0 (compatible; bingbot/2.0; +http://www.bing.com/bingbot.htm)"
207.46.13.43 - - [06/Dec/2017:01:43:48 +0100] "GET /fuehrerscheine/bus/DD195-B HTTP/1.1" 301 310 "-" "Mozilla/5.0 (compatible; bingbot/2.0; +http://www.bing.com/bingbot.htm)"
207.46.13.137 - - [06/Dec/2017:01:43:54 +0100] "GET /hollabrunn/aktionen HTTP/1.1" 200 3132 "-" "Mozilla/5.0 (compatible; bingbot/2.0; +http://www.bing.com/bingbot.htm)"
216.244.66.249 - - [06/Dec/2017:01:44:22 +0100] "GET /gmuend/ HTTP/1.1" 301 394 "-" "Mozilla/5.0 (compatible; DotBot/1.1; http://www.opensiteexplorer.org/dotbot, help@moz.com)"
46.125.249.118 - - [06/Dec/2017:01:44:31 +0100] "GET /schwechat/10280404?FS=B HTTP/1.1" 200 3330 "http://m.facebook.com/" "Mozilla/5.0 (Linux; Android 6.0.1; SM-N910F Build/MMB29M; wv) AppleWebKit/537.36 (KHTML, like Gecko) Version/4.0 Chrome/62.0.3202.84 Mobile Safari/537.36 [FB_IAB/FB4A;FBAV/151.0.0.44.205;]"
216.244.66.249 - - [06/Dec/2017:01:44:47 +0100] "GET /radfahrschule HTTP/1.1" 301 400 "-" "Mozilla/5.0 (compatible; DotBot/1.1; http://www.opensiteexplorer.org/dotbot, help@moz.com)"
42.236.54.62 - - [06/Dec/2017:01:44:57 +0100] "GET /waidhofen.ybbs/ HTTP/1.1" 301 303 "http://www.easydrivers.at/waidhofen.ybbs/" "Mozilla/5.0 (Windows NT 6.1; WOW64) AppleWebKit/537.36 (KHTML, like Gecko) Chrome/50.0.2661.102 Safari/537.36; 360Spider"
42.236.54.62 - - [06/Dec/2017:01:45:00 +0100] "GET /waidhofen.ybbs/ HTTP/1.1" 301 145 "https://www.easydrivers.at/waidhofen.ybbs/" "Mozilla/5.0 (Windows NT 6.1; WOW64) AppleWebKit/537.36 (KHTML, like Gecko) Chrome/50.0.2661.102 Safari/537.36; 360Spider"
42.236.54.62 - - [06/Dec/2017:01:45:01 +0100] "GET /waidhofen.ybbs HTTP/1.1" 200 3516 "https://www.easydrivers.at/waidhofen.ybbs" "Mozilla/5.0 (Windows NT 6.1; WOW64) AppleWebKit/537.36 (KHTML, like Gecko) Chrome/50.0.2661.102 Safari/537.36; 360Spider"
5.9.110.164 - - [06/Dec/2017:01:45:55 +0100] "GET /krumbach/ HTTP/1.1" 200 4443 "-" "Mozilla/5.0 (compatible; MetaJobBot; http://www.metajob.at/crawler)"
66.249.76.82 - - [06/Dec/2017:01:46:02 +0100] "GET /cache/emu/images/easy-drivers-portal10241568/schnellkursjpg_160_90_0.jpg HTTP/1.1" 200 4159 "-" "Googlebot-Image/1.0"
157.55.39.65 - - [06/Dec/2017:01:46:30 +0100] "GET /am.spitz/10286885 HTTP/1.1" 301 306 "-" "Mozilla/5.0 (compatible; bingbot/2.0; +http://www.bing.com/bingbot.htm)"
51.255.65.42 - - [06/Dec/2017:01:47:35 +0100] "GET /fuehrerscheine/mofa HTTP/1.1" 200 2789 "-" "Mozilla/5.0 (compatible; AhrefsBot/5.2; +http://ahrefs.com/robot/)"
46.125.250.77 - - [06/Dec/2017:01:47:37 +0100] "GET /img/ED_Logo.png HTTP/1.1" 301 305 "-" "Mozilla/5.0 (X11; Linux x86_64; rv:57.0) Gecko/20100101 Firefox/57.0"
46.125.250.77 - - [06/Dec/2017:01:47:38 +0100] "GET /img/ED_Logo.png HTTP/1.1" 200 3385 "-" "Mozilla/5.0 (X11; Linux x86_64; rv:57.0) Gecko/20100101 Firefox/57.0"
66.249.76.78 - - [06/Dec/2017:01:48:55 +0100] "GET /zwettl HTTP/1.1" 301 298 "-" "Mozilla/5.0 (compatible; Googlebot/2.1; +http://www.google.com/bot.html)"
66.249.76.82 - - [06/Dec/2017:01:48:56 +0100] "GET /zwettl HTTP/1.1" 200 3467 "-" "Mozilla/5.0 (compatible; Googlebot/2.1; +http://www.google.com/bot.html)"
157.55.39.65 - - [06/Dec/2017:01:50:21 +0100] "GET /horn/10284769?FS=BE HTTP/1.1" 200 5244 "-" "Mozilla/5.0 (compatible; bingbot/2.0; +http://www.bing.com/bingbot.htm)"
157.55.39.65 - - [06/Dec/2017:01:50:24 +0100] "GET /horn/kursauswahl HTTP/1.1" 301 304 "-" "Mozilla/5.0 (compatible; bingbot/2.0; +http://www.bing.com/bingbot.htm)"
192.164.96.218 - - [06/Dec/2017:01:50:34 +0100] "GET /brigittenau/10268964 HTTP/1.1" 200 2887 "http://m.facebook.com" "Mozilla/5.0 (iPhone; CPU iPhone OS 11_1_2 like Mac OS X) AppleWebKit/604.3.5 (KHTML, like Gecko) Mobile/15B202 [FBAN/FBIOS;FBAV/151.0.0.61.202;FBBV/82156572;FBDV/iPhone8,2;FBMD/iPhone;FBSN/iOS;FBSV/11.1.2;FBSS/3;FBCR/A1;FBID/phone;FBLC/de_DE;FBOP/5;FBRV/0]"
192.164.96.218 - - [06/Dec/2017:01:50:37 +0100] "GET /css/mobile.css HTTP/1.1" 200 2852 "https://www.easydrivers.at/brigittenau/10268964" "Mozilla/5.0 (iPhone; CPU iPhone OS 11_1_2 like Mac OS X) AppleWebKit/604.3.5 (KHTML, like Gecko) Mobile/15B202 [FBAN/FBIOS;FBAV/151.0.0.61.202;FBBV/82156572;FBDV/iPhone8,2;FBMD/iPhone;FBSN/iOS;FBSV/11.1.2;FBSS/3;FBCR/A1;FBID/phone;FBLC/de_DE;FBOP/5;FBRV/0]"
192.164.96.218 - - [06/Dec/2017:01:50:37 +0100] "GET /javascript/jquery.cookie.js HTTP/1.1" 200 863 "https://www.easydrivers.at/brigittenau/10268964" "Mozilla/5.0 (iPhone; CPU iPhone OS 11_1_2 like Mac OS X) AppleWebKit/604.3.5 (KHTML, like Gecko) Mobile/15B202 [FBAN/FBIOS;FBAV/151.0.0.61.202;FBBV/82156572;FBDV/iPhone8,2;FBMD/iPhone;FBSN/iOS;FBSV/11.1.2;FBSS/3;FBCR/A1;FBID/phone;FBLC/de_DE;FBOP/5;FBRV/0]"
192.164.96.218 - - [06/Dec/2017:01:50:37 +0100] "GET /javascript/mobile-menu.js HTTP/1.1" 200 1634 "https://www.easydrivers.at/brigittenau/10268964" "Mozilla/5.0 (iPhone; CPU iPhone OS 11_1_2 like Mac OS X) AppleWebKit/604.3.5 (KHTML, like Gecko) Mobile/15B202 [FBAN/FBIOS;FBAV/151.0.0.61.202;FBBV/82156572;FBDV/iPhone8,2;FBMD/iPhone;FBSN/iOS;FBSV/11.1.2;FBSS/3;FBCR/A1;FBID/phone;FBLC/de_DE;FBOP/5;FBRV/0]"
192.164.96.218 - - [06/Dec/2017:01:50:37 +0100] "GET /javascript/jquery-1.9.1.min.js HTTP/1.1" 200 32731 "https://www.easydrivers.at/brigittenau/10268964" "Mozilla/5.0 (iPhone; CPU iPhone OS 11_1_2 like Mac OS X) AppleWebKit/604.3.5 (KHTML, like Gecko) Mobile/15B202 [FBAN/FBIOS;FBAV/151.0.0.61.202;FBBV/82156572;FBDV/iPhone8,2;FBMD/iPhone;FBSN/iOS;FBSV/11.1.2;FBSS/3;FBCR/A1;FBID/phone;FBLC/de_DE;FBOP/5;FBRV/0]"
192.164.96.218 - - [06/Dec/2017:01:50:37 +0100] "GET /javascript/jquery.simplemodal.js HTTP/1.1" 200 3070 "https://www.easydrivers.at/brigittenau/10268964" "Mozilla/5.0 (iPhone; CPU iPhone OS 11_1_2 like Mac OS X) AppleWebKit/604.3.5 (KHTML, like Gecko) Mobile/15B202 [FBAN/FBIOS;FBAV/151.0.0.61.202;FBBV/82156572;FBDV/iPhone8,2;FBMD/iPhone;FBSN/iOS;FBSV/11.1.2;FBSS/3;FBCR/A1;FBID/phone;FBLC/de_DE;FBOP/5;FBRV/0]"
192.164.96.218 - - [06/Dec/2017:01:50:37 +0100] "GET /javascript/lazyload.js HTTP/1.1" 200 1170 "https://www.easydrivers.at/brigittenau/10268964" "Mozilla/5.0 (iPhone; CPU iPhone OS 11_1_2 like Mac OS X) AppleWebKit/604.3.5 (KHTML, like Gecko) Mobile/15B202 [FBAN/FBIOS;FBAV/151.0.0.61.202;FBBV/82156572;FBDV/iPhone8,2;FBMD/iPhone;FBSN/iOS;FBSV/11.1.2;FBSS/3;FBCR/A1;FBID/phone;FBLC/de_DE;FBOP/5;FBRV/0]"
192.164.96.218 - - [06/Dec/2017:01:50:37 +0100] "GET /javascript/mobile-fahrschule.js HTTP/1.1" 200 328 "https://www.easydrivers.at/brigittenau/10268964" "Mozilla/5.0 (iPhone; CPU iPhone OS 11_1_2 like Mac OS X) AppleWebKit/604.3.5 (KHTML, like Gecko) Mobile/15B202 [FBAN/FBIOS;FBAV/151.0.0.61.202;FBBV/82156572;FBDV/iPhone8,2;FBMD/iPhone;FBSN/iOS;FBSV/11.1.2;FBSS/3;FBCR/A1;FBID/phone;FBLC/de_DE;FBOP/5;FBRV/0]"
192.164.96.218 - - [06/Dec/2017:01:50:37 +0100] "GET /img/mobile/easydrivers-logo-mobile.png HTTP/1.1" 200 10766 "https://www.easydrivers.at/brigittenau/10268964" "Mozilla/5.0 (iPhone; CPU iPhone OS 11_1_2 like Mac OS X) AppleWebKit/604.3.5 (KHTML, like Gecko) Mobile/15B202 [FBAN/FBIOS;FBAV/151.0.0.61.202;FBBV/82156572;FBDV/iPhone8,2;FBMD/iPhone;FBSN/iOS;FBSV/11.1.2;FBSS/3;FBCR/A1;FBID/phone;FBLC/de_DE;FBOP/5;FBRV/0]"
192.164.96.218 - - [06/Dec/2017:01:50:37 +0100] "GET /img/mobile/menu-button.png HTTP/1.1" 200 1746 "https://www.easydrivers.at/brigittenau/10268964" "Mozilla/5.0 (iPhone; CPU iPhone OS 11_1_2 like Mac OS X) AppleWebKit/604.3.5 (KHTML, like Gecko) Mobile/15B202 [FBAN/FBIOS;FBAV/151.0.0.61.202;FBBV/82156572;FBDV/iPhone8,2;FBMD/iPhone;FBSN/iOS;FBSV/11.1.2;FBSS/3;FBCR/A1;FBID/phone;FBLC/de_DE;FBOP/5;FBRV/0]"
192.164.96.218 - - [06/Dec/2017:01:50:37 +0100] "GET /img/mobile/close-button.png HTTP/1.1" 200 2411 "https://www.easydrivers.at/brigittenau/10268964" "Mozilla/5.0 (iPhone; CPU iPhone OS 11_1_2 like Mac OS X) AppleWebKit/604.3.5 (KHTML, like Gecko) Mobile/15B202 [FBAN/FBIOS;FBAV/151.0.0.61.202;FBBV/82156572;FBDV/iPhone8,2;FBMD/iPhone;FBSN/iOS;FBSV/11.1.2;FBSS/3;FBCR/A1;FBID/phone;FBLC/de_DE;FBOP/5;FBRV/0]"
192.164.96.218 - - [06/Dec/2017:01:50:38 +0100] "GET /img/mobile/info-button.png HTTP/1.1" 200 1549 "https://www.easydrivers.at/brigittenau/10268964" "Mozilla/5.0 (iPhone; CPU iPhone OS 11_1_2 like Mac OS X) AppleWebKit/604.3.5 (KHTML, like Gecko) Mobile/15B202 [FBAN/FBIOS;FBAV/151.0.0.61.202;FBBV/82156572;FBDV/iPhone8,2;FBMD/iPhone;FBSN/iOS;FBSV/11.1.2;FBSS/3;FBCR/A1;FBID/phone;FBLC/de_DE;FBOP/5;FBRV/0]"
192.164.96.218 - - [06/Dec/2017:01:50:38 +0100] "GET /img/mobile/facebook-icon.png HTTP/1.1" 200 1902 "https://www.easydrivers.at/brigittenau/10268964" "Mozilla/5.0 (iPhone; CPU iPhone OS 11_1_2 like Mac OS X) AppleWebKit/604.3.5 (KHTML, like Gecko) Mobile/15B202 [FBAN/FBIOS;FBAV/151.0.0.61.202;FBBV/82156572;FBDV/iPhone8,2;FBMD/iPhone;FBSN/iOS;FBSV/11.1.2;FBSS/3;FBCR/A1;FBID/phone;FBLC/de_DE;FBOP/5;FBRV/0]"
192.164.96.218 - - [06/Dec/2017:01:50:38 +0100] "GET /img/mobile/info-close-button.png HTTP/1.1" 200 1721 "https://www.easydrivers.at/brigittenau/10268964" "Mozilla/5.0 (iPhone; CPU iPhone OS 11_1_2 like Mac OS X) AppleWebKit/604.3.5 (KHTML, like Gecko) Mobile/15B202 [FBAN/FBIOS;FBAV/151.0.0.61.202;FBBV/82156572;FBDV/iPhone8,2;FBMD/iPhone;FBSN/iOS;FBSV/11.1.2;FBSS/3;FBCR/A1;FBID/phone;FBLC/de_DE;FBOP/5;FBRV/0]"
192.164.96.218 - - [06/Dec/2017:01:50:38 +0100] "GET /img/smallicon-person.png HTTP/1.1" 200 1141 "https://www.easydrivers.at/brigittenau/10268964" "Mozilla/5.0 (iPhone; CPU iPhone OS 11_1_2 like Mac OS X) AppleWebKit/604.3.5 (KHTML, like Gecko) Mobile/15B202 [FBAN/FBIOS;FBAV/151.0.0.61.202;FBBV/82156572;FBDV/iPhone8,2;FBMD/iPhone;FBSN/iOS;FBSV/11.1.2;FBSS/3;FBCR/A1;FBID/phone;FBLC/de_DE;FBOP/5;FBRV/0]"
192.164.96.218 - - [06/Dec/2017:01:50:38 +0100] "GET /img/smallicon-address.png HTTP/1.1" 200 1211 "https://www.easydrivers.at/brigittenau/10268964" "Mozilla/5.0 (iPhone; CPU iPhone OS 11_1_2 like Mac OS X) AppleWebKit/604.3.5 (KHTML, like Gecko) Mobile/15B202 [FBAN/FBIOS;FBAV/151.0.0.61.202;FBBV/82156572;FBDV/iPhone8,2;FBMD/iPhone;FBSN/iOS;FBSV/11.1.2;FBSS/3;FBCR/A1;FBID/phone;FBLC/de_DE;FBOP/5;FBRV/0]"
192.164.96.218 - - [06/Dec/2017:01:50:38 +0100] "GET /img/mobile/googlemaps-pin.png HTTP/1.1" 200 1597 "https://www.easydrivers.at/brigittenau/10268964" "Mozilla/5.0 (iPhone; CPU iPhone OS 11_1_2 like Mac OS X) AppleWebKit/604.3.5 (KHTML, like Gecko) Mobile/15B202 [FBAN/FBIOS;FBAV/151.0.0.61.202;FBBV/82156572;FBDV/iPhone8,2;FBMD/iPhone;FBSN/iOS;FBSV/11.1.2;FBSS/3;FBCR/A1;FBID/phone;FBLC/de_DE;FBOP/5;FBRV/0]"
192.164.96.218 - - [06/Dec/2017:01:50:38 +0100] "GET /img/smallicon-time.png HTTP/1.1" 200 1262 "https://www.easydrivers.at/brigittenau/10268964" "Mozilla/5.0 (iPhone; CPU iPhone OS 11_1_2 like Mac OS X) AppleWebKit/604.3.5 (KHTML, like Gecko) Mobile/15B202 [FBAN/FBIOS;FBAV/151.0.0.61.202;FBBV/82156572;FBDV/iPhone8,2;FBMD/iPhone;FBSN/iOS;FBSV/11.1.2;FBSS/3;FBCR/A1;FBID/phone;FBLC/de_DE;FBOP/5;FBRV/0]"
192.164.96.218 - - [06/Dec/2017:01:50:38 +0100] "GET /img/smallicon-phone.png HTTP/1.1" 200 3056 "https://www.easydrivers.at/brigittenau/10268964" "Mozilla/5.0 (iPhone; CPU iPhone OS 11_1_2 like Mac OS X) AppleWebKit/604.3.5 (KHTML, like Gecko) Mobile/15B202 [FBAN/FBIOS;FBAV/151.0.0.61.202;FBBV/82156572;FBDV/iPhone8,2;FBMD/iPhone;FBSN/iOS;FBSV/11.1.2;FBSS/3;FBCR/A1;FBID/phone;FBLC/de_DE;FBOP/5;FBRV/0]"
192.164.96.218 - - [06/Dec/2017:01:50:38 +0100] "GET /img/smallicon-mail.png HTTP/1.1" 200 1341 "https://www.easydrivers.at/brigittenau/10268964" "Mozilla/5.0 (iPhone; CPU iPhone OS 11_1_2 like Mac OS X) AppleWebKit/604.3.5 (KHTML, like Gecko) Mobile/15B202 [FBAN/FBIOS;FBAV/151.0.0.61.202;FBBV/82156572;FBDV/iPhone8,2;FBMD/iPhone;FBSN/iOS;FBSV/11.1.2;FBSS/3;FBCR/A1;FBID/phone;FBLC/de_DE;FBOP/5;FBRV/0]"
192.164.96.218 - - [06/Dec/2017:01:50:38 +0100] "GET /img/mobile/bg-header.jpg HTTP/1.1" 200 19741 "https://www.easydrivers.at/brigittenau/10268964" "Mozilla/5.0 (iPhone; CPU iPhone OS 11_1_2 like Mac OS X) AppleWebKit/604.3.5 (KHTML, like Gecko) Mobile/15B202 [FBAN/FBIOS;FBAV/151.0.0.61.202;FBBV/82156572;FBDV/iPhone8,2;FBMD/iPhone;FBSN/iOS;FBSV/11.1.2;FBSS/3;FBCR/A1;FBID/phone;FBLC/de_DE;FBOP/5;FBRV/0]"
192.164.96.218 - - [06/Dec/2017:01:50:38 +0100] "GET /img/mobile/bg-menu.jpg HTTP/1.1" 200 1698 "https://www.easydrivers.at/brigittenau/10268964" "Mozilla/5.0 (iPhone; CPU iPhone OS 11_1_2 like Mac OS X) AppleWebKit/604.3.5 (KHTML, like Gecko) Mobile/15B202 [FBAN/FBIOS;FBAV/151.0.0.61.202;FBBV/82156572;FBDV/iPhone8,2;FBMD/iPhone;FBSN/iOS;FBSV/11.1.2;FBSS/3;FBCR/A1;FBID/phone;FBLC/de_DE;FBOP/5;FBRV/0]"
192.164.96.218 - - [06/Dec/2017:01:50:38 +0100] "GET /img/mobile/bg-top-section.jpg HTTP/1.1" 200 21711 "https://www.easydrivers.at/brigittenau/10268964" "Mozilla/5.0 (iPhone; CPU iPhone OS 11_1_2 like Mac OS X) AppleWebKit/604.3.5 (KHTML, like Gecko) Mobile/15B202 [FBAN/FBIOS;FBAV/151.0.0.61.202;FBBV/82156572;FBDV/iPhone8,2;FBMD/iPhone;FBSN/iOS;FBSV/11.1.2;FBSS/3;FBCR/A1;FBID/phone;FBLC/de_DE;FBOP/5;FBRV/0]"
207.46.13.137 - - [06/Dec/2017:01:50:50 +0100] "GET /steyr/lkw_kurs?FS=C HTTP/1.1" 301 308 "-" "Mozilla/5.0 (compatible; bingbot/2.0; +http://www.bing.com/bingbot.htm)"
207.46.13.137 - - [06/Dec/2017:01:51:01 +0100] "GET /amstetten/abendkurs-juli18?FS=A1F HTTP/1.1" 200 6193 "-" "Mozilla/5.0 (compatible; bingbot/2.0; +http://www.bing.com/bingbot.htm)"
194.166.62.26 - - [06/Dec/2017:01:51:20 +0100] "GET /perg/10293777?FS=B HTTP/1.1" 200 3030 "http://m.facebook.com" "Mozilla/5.0 (iPhone; CPU iPhone OS 11_0_2 like Mac OS X) AppleWebKit/604.1.38 (KHTML, like Gecko) Mobile/15A421 [FBAN/FBIOS;FBAV/151.0.0.61.202;FBBV/82156572;FBDV/iPhone8,1;FBMD/iPhone;FBSN/iOS;FBSV/11.0.2;FBSS/2;FBCR/3Austria;FBID/phone;FBLC/de_DE;FBOP/5;FBRV/83160404]"
194.166.62.26 - - [06/Dec/2017:01:51:23 +0100] "GET /perg/img/mobile/easydrivers-logo-mobile.png HTTP/1.1" 404 3044 "-" "Mozilla/5.0 (iPhone; CPU iPhone OS 11_0_2 like Mac OS X) AppleWebKit/604.1.38 (KHTML, like Gecko) Mobile/15A421 [FBAN/FBIOS;FBAV/151.0.0.61.202;FBBV/82156572;FBDV/iPhone8,1;FBMD/iPhone;FBSN/iOS;FBSV/11.0.2;FBSS/2;FBCR/3Austria;FBID/phone;FBLC/de_DE;FBOP/5;FBRV/83160404]"
192.164.96.218 - - [06/Dec/2017:01:51:29 +0100] "GET /brigittenau/kurse HTTP/1.1" 200 3114 "https://www.easydrivers.at/brigittenau/10268964" "Mozilla/5.0 (iPhone; CPU iPhone OS 11_1_2 like Mac OS X) AppleWebKit/604.3.5 (KHTML, like Gecko) Mobile/15B202 [FBAN/FBIOS;FBAV/151.0.0.61.202;FBBV/82156572;FBDV/iPhone8,2;FBMD/iPhone;FBSN/iOS;FBSV/11.1.2;FBSS/3;FBCR/A1;FBID/phone;FBLC/de_DE;FBOP/5;FBRV/0]"
192.164.96.218 - - [06/Dec/2017:01:51:32 +0100] "GET /javascript/mobile-fahrschule-kurs-suchergebnis.js HTTP/1.1" 200 274 "https://www.easydrivers.at/brigittenau/kurse" "Mozilla/5.0 (iPhone; CPU iPhone OS 11_1_2 like Mac OS X) AppleWebKit/604.3.5 (KHTML, like Gecko) Mobile/15B202 [FBAN/FBIOS;FBAV/151.0.0.61.202;FBBV/82156572;FBDV/iPhone8,2;FBMD/iPhone;FBSN/iOS;FBSV/11.1.2;FBSS/3;FBCR/A1;FBID/phone;FBLC/de_DE;FBOP/5;FBRV/0]"
192.164.96.218 - - [06/Dec/2017:01:51:32 +0100] "GET /img/mobile/bg-yellow.jpg HTTP/1.1" 200 1569 "https://www.easydrivers.at/brigittenau/kurse" "Mozilla/5.0 (iPhone; CPU iPhone OS 11_1_2 like Mac OS X) AppleWebKit/604.3.5 (KHTML, like Gecko) Mobile/15B202 [FBAN/FBIOS;FBAV/151.0.0.61.202;FBBV/82156572;FBDV/iPhone8,2;FBMD/iPhone;FBSN/iOS;FBSV/11.1.2;FBSS/3;FBCR/A1;FBID/phone;FBLC/de_DE;FBOP/5;FBRV/0]"
192.164.96.218 - - [06/Dec/2017:01:51:32 +0100] "GET /img/loading-bars.gif HTTP/1.1" 200 3951 "https://www.easydrivers.at/brigittenau/kurse" "Mozilla/5.0 (iPhone; CPU iPhone OS 11_1_2 like Mac OS X) AppleWebKit/604.3.5 (KHTML, like Gecko) Mobile/15B202 [FBAN/FBIOS;FBAV/151.0.0.61.202;FBBV/82156572;FBDV/iPhone8,2;FBMD/iPhone;FBSN/iOS;FBSV/11.1.2;FBSS/3;FBCR/A1;FBID/phone;FBLC/de_DE;FBOP/5;FBRV/0]"
192.164.96.218 - - [06/Dec/2017:01:51:45 +0100] "POST /loadkursliste HTTP/1.1" 200 718 "https://www.easydrivers.at/brigittenau/kurse" "Mozilla/5.0 (iPhone; CPU iPhone OS 11_1_2 like Mac OS X) AppleWebKit/604.3.5 (KHTML, like Gecko) Mobile/15B202 [FBAN/FBIOS;FBAV/151.0.0.61.202;FBBV/82156572;FBDV/iPhone8,2;FBMD/iPhone;FBSN/iOS;FBSV/11.1.2;FBSS/3;FBCR/A1;FBID/phone;FBLC/de_DE;FBOP/5;FBRV/0]"
194.166.62.26 - - [06/Dec/2017:01:51:53 +0100] "GET /perg/img/mobile/menu-button.png HTTP/1.1" 404 3050 "-" "Mozilla/5.0 (iPhone; CPU iPhone OS 11_0_2 like Mac OS X) AppleWebKit/604.1.38 (KHTML, like Gecko) Mobile/15A421 [FBAN/FBIOS;FBAV/151.0.0.61.202;FBBV/82156572;FBDV/iPhone8,1;FBMD/iPhone;FBSN/iOS;FBSV/11.0.2;FBSS/2;FBCR/3Austria;FBID/phone;FBLC/de_DE;FBOP/5;FBRV/83160404]"
216.244.66.249 - - [06/Dec/2017:01:52:00 +0100] "GET /perg/10255207 HTTP/1.1" 301 400 "-" "Mozilla/5.0 (compatible; DotBot/1.1; http://www.opensiteexplorer.org/dotbot, help@moz.com)"
192.164.96.218 - - [06/Dec/2017:01:52:06 +0100] "GET /brigittenau/10268964 HTTP/1.1" 200 2887 "http://m.facebook.com" "Mozilla/5.0 (iPhone; CPU iPhone OS 11_1_2 like Mac OS X) AppleWebKit/604.3.5 (KHTML, like Gecko) Mobile/15B202 [FBAN/FBIOS;FBAV/151.0.0.61.202;FBBV/82156572;FBDV/iPhone8,2;FBMD/iPhone;FBSN/iOS;FBSV/11.1.2;FBSS/3;FBCR/A1;FBID/phone;FBLC/de_DE;FBOP/5;FBRV/0]"
192.164.96.218 - - [06/Dec/2017:01:52:11 +0100] "GET /brigittenau/kurse HTTP/1.1" 200 3114 "https://www.easydrivers.at/brigittenau/10268964" "Mozilla/5.0 (iPhone; CPU iPhone OS 11_1_2 like Mac OS X) AppleWebKit/604.3.5 (KHTML, like Gecko) Mobile/15B202 [FBAN/FBIOS;FBAV/151.0.0.61.202;FBBV/82156572;FBDV/iPhone8,2;FBMD/iPhone;FBSN/iOS;FBSV/11.1.2;FBSS/3;FBCR/A1;FBID/phone;FBLC/de_DE;FBOP/5;FBRV/0]"
192.164.96.218 - - [06/Dec/2017:01:52:14 +0100] "POST /loadkursliste HTTP/1.1" 200 718 "https://www.easydrivers.at/brigittenau/kurse" "Mozilla/5.0 (iPhone; CPU iPhone OS 11_1_2 like Mac OS X) AppleWebKit/604.3.5 (KHTML, like Gecko) Mobile/15B202 [FBAN/FBIOS;FBAV/151.0.0.61.202;FBBV/82156572;FBDV/iPhone8,2;FBMD/iPhone;FBSN/iOS;FBSV/11.1.2;FBSS/3;FBCR/A1;FBID/phone;FBLC/de_DE;FBOP/5;FBRV/0]"
194.166.62.26 - - [06/Dec/2017:01:52:25 +0100] "GET /perg/img/mobile/facebook-icon.png HTTP/1.1" 404 3049 "-" "Mozilla/5.0 (iPhone; CPU iPhone OS 11_0_2 like Mac OS X) AppleWebKit/604.1.38 (KHTML, like Gecko) Mobile/15A421 [FBAN/FBIOS;FBAV/151.0.0.61.202;FBBV/82156572;FBDV/iPhone8,1;FBMD/iPhone;FBSN/iOS;FBSV/11.0.2;FBSS/2;FBCR/3Austria;FBID/phone;FBLC/de_DE;FBOP/5;FBRV/83160404]"
5.9.110.164 - - [06/Dec/2017:01:52:39 +0100] "GET /villach HTTP/1.1" 301 298 "-" "Mozilla/5.0 (compatible; MetaJobBot; http://www.metajob.at/crawler)"
137.226.113.26 - - [06/Dec/2017:01:52:39 +0100] "GET / HTTP/1.1" 200 4436 "-" "Mozilla/5.0 zgrab/0.x"
66.249.76.74 - - [06/Dec/2017:01:52:52 +0100] "GET /ennstal.schladming/team HTTP/1.1" 301 309 "-" "Mozilla/5.0 (compatible; Googlebot/2.1; +http://www.google.com/bot.html)"
5.9.110.164 - - [06/Dec/2017:01:52:53 +0100] "GET /villach HTTP/1.1" 404 2654 "-" "Mozilla/5.0 (compatible; MetaJobBot; http://www.metajob.at/crawler)"
66.249.76.84 - - [06/Dec/2017:01:52:54 +0100] "GET /ennstal.schladming/team HTTP/1.1" 200 3238 "-" "Mozilla/5.0 (compatible; Googlebot/2.1; +http://www.google.com/bot.html)"
194.166.62.26 - - [06/Dec/2017:01:52:55 +0100] "GET /perg/img/mobile/close-button.png HTTP/1.1" 404 3052 "-" "Mozilla/5.0 (iPhone; CPU iPhone OS 11_0_2 like Mac OS X) AppleWebKit/604.1.38 (KHTML, like Gecko) Mobile/15A421 [FBAN/FBIOS;FBAV/151.0.0.61.202;FBBV/82156572;FBDV/iPhone8,1;FBMD/iPhone;FBSN/iOS;FBSV/11.0.2;FBSS/2;FBCR/3Austria;FBID/phone;FBLC/de_DE;FBOP/5;FBRV/83160404]"
207.46.13.43 - - [06/Dec/2017:01:53:01 +0100] "GET /amstetten/osterkurs-18?FS=F HTTP/1.1" 200 5444 "-" "Mozilla/5.0 (compatible; bingbot/2.0; +http://www.bing.com/bingbot.htm)"
66.249.76.82 - - [06/Dec/2017:01:53:19 +0100] "GET /binaries/10250991.jpg HTTP/1.1" 304 - "-" "Googlebot-Image/1.0"
194.166.62.26 - - [06/Dec/2017:01:53:25 +0100] "GET /perg/img/mobile/info-button.png HTTP/1.1" 404 3052 "-" "Mozilla/5.0 (iPhone; CPU iPhone OS 11_0_2 like Mac OS X) AppleWebKit/604.1.38 (KHTML, like Gecko) Mobile/15A421 [FBAN/FBIOS;FBAV/151.0.0.61.202;FBBV/82156572;FBDV/iPhone8,1;FBMD/iPhone;FBSN/iOS;FBSV/11.0.2;FBSS/2;FBCR/3Austria;FBID/phone;FBLC/de_DE;FBOP/5;FBRV/83160404]"
194.166.62.26 - - [06/Dec/2017:01:53:27 +0100] "GET /perg/img/mobile/info-close-button.png HTTP/1.1" 404 3056 "-" "Mozilla/5.0 (iPhone; CPU iPhone OS 11_0_2 like Mac OS X) AppleWebKit/604.1.38 (KHTML, like Gecko) Mobile/15A421 [FBAN/FBIOS;FBAV/151.0.0.61.202;FBBV/82156572;FBDV/iPhone8,1;FBMD/iPhone;FBSN/iOS;FBSV/11.0.2;FBSS/2;FBCR/3Austria;FBID/phone;FBLC/de_DE;FBOP/5;FBRV/83160404]"
194.166.62.26 - - [06/Dec/2017:01:53:57 +0100] "GET /perg/img/smallicon-address.png HTTP/1.1" 404 3055 "-" "Mozilla/5.0 (iPhone; CPU iPhone OS 11_0_2 like Mac OS X) AppleWebKit/604.1.38 (KHTML, like Gecko) Mobile/15A421 [FBAN/FBIOS;FBAV/151.0.0.61.202;FBBV/82156572;FBDV/iPhone8,1;FBMD/iPhone;FBSN/iOS;FBSV/11.0.2;FBSS/2;FBCR/3Austria;FBID/phone;FBLC/de_DE;FBOP/5;FBRV/83160404]"
46.125.250.12 - - [06/Dec/2017:01:54:18 +0100] "GET /moedling/10289359?FS=B HTTP/1.1" 200 3317 "http://m.facebook.com/" "Mozilla/5.0 (Linux; Android 7.0; SM-G935F Build/NRD90M; wv) AppleWebKit/537.36 (KHTML, like Gecko) Version/4.0 Chrome/62.0.3202.84 Mobile Safari/537.36 [FB_IAB/FB4A;FBAV/152.0.0.42.136;]"
194.166.62.26 - - [06/Dec/2017:01:54:32 +0100] "GET /perg/img/mobile/googlemaps-pin.png HTTP/1.1" 404 3052 "-" "Mozilla/5.0 (iPhone; CPU iPhone OS 11_0_2 like Mac OS X) AppleWebKit/604.1.38 (KHTML, like Gecko) Mobile/15A421 [FBAN/FBIOS;FBAV/151.0.0.61.202;FBBV/82156572;FBDV/iPhone8,1;FBMD/iPhone;FBSN/iOS;FBSV/11.0.2;FBSS/2;FBCR/3Austria;FBID/phone;FBLC/de_DE;FBOP/5;FBRV/83160404]"
194.166.62.26 - - [06/Dec/2017:01:55:02 +0100] "GET /perg/img/smallicon-time.png HTTP/1.1" 404 3055 "-" "Mozilla/5.0 (iPhone; CPU iPhone OS 11_0_2 like Mac OS X) AppleWebKit/604.1.38 (KHTML, like Gecko) Mobile/15A421 [FBAN/FBIOS;FBAV/151.0.0.61.202;FBBV/82156572;FBDV/iPhone8,1;FBMD/iPhone;FBSN/iOS;FBSV/11.0.2;FBSS/2;FBCR/3Austria;FBID/phone;FBLC/de_DE;FBOP/5;FBRV/83160404]"
194.166.62.26 - - [06/Dec/2017:01:55:53 +0100] "-" 408 - "-" "-"
216.244.66.249 - - [06/Dec/2017:01:56:06 +0100] "GET /scheibbs/kurse HTTP/1.1" 301 401 "-" "Mozilla/5.0 (compatible; DotBot/1.1; http://www.opensiteexplorer.org/dotbot, help@moz.com)"
66.249.76.118 - - [06/Dec/2017:01:56:50 +0100] "GET / HTTP/1.1" 301 295 "-" "Mozilla/5.0 (compatible; Googlebot/2.1; +http://www.google.com/bot.html)"
207.46.13.137 - - [06/Dec/2017:01:57:12 +0100] "GET /amstetten/abendkurs-aug18?FS=A1L17 HTTP/1.1" 200 6261 "-" "Mozilla/5.0 (compatible; bingbot/2.0; +http://www.bing.com/bingbot.htm)"
207.46.13.43 - - [06/Dec/2017:01:57:59 +0100] "GET /spittelau/10281189?FS=B HTTP/1.1" 410 3396 "-" "Mozilla/5.0 (compatible; bingbot/2.0; +http://www.bing.com/bingbot.htm)"
216.244.66.249 - - [06/Dec/2017:01:58:07 +0100] "GET /neunkirchen/Fotos HTTP/1.1" 301 404 "-" "Mozilla/5.0 (compatible; DotBot/1.1; http://www.opensiteexplorer.org/dotbot, help@moz.com)"
216.244.66.243 - - [06/Dec/2017:02:00:50 +0100] "GET /robots.txt HTTP/1.1" 301 397 "-" "Mozilla/5.0 (compatible; DotBot/1.1; http://www.opensiteexplorer.org/dotbot, help@moz.com)"
216.244.66.243 - - [06/Dec/2017:02:00:53 +0100] "GET /robots.txt HTTP/1.1" 200 178 "-" "Mozilla/5.0 (compatible; DotBot/1.1; http://www.opensiteexplorer.org/dotbot, help@moz.com)"
207.46.13.137 - - [06/Dec/2017:02:02:28 +0100] "GET /hollabrunn/Grundkurs_Jaenner_2018?FS=BL1796 HTTP/1.1" 200 6634 "-" "Mozilla/5.0 (compatible; bingbot/2.0; +http://www.bing.com/bingbot.htm)"
199.30.24.249 - - [06/Dec/2017:02:02:39 +0100] "GET /javascript/portal.js?1221842734 HTTP/1.1" 200 11173 "-" "Mozilla/5.0 (Windows NT 6.1; WOW64) AppleWebKit/534+ (KHTML, like Gecko) BingPreview/1.0b"
5.9.110.164 - - [06/Dec/2017:02:02:58 +0100] "GET /krumbach HTTP/1.1" 301 299 "-" "Mozilla/5.0 (compatible; MetaJobBot; http://www.metajob.at/crawler)"
207.46.13.43 - - [06/Dec/2017:02:03:27 +0100] "GET /amstetten/abendkurs-aug18?FS=A1 HTTP/1.1" 200 5806 "-" "Mozilla/5.0 (compatible; bingbot/2.0; +http://www.bing.com/bingbot.htm)"
165.227.100.219 - - [06/Dec/2017:02:05:27 +0100] "GET /ads.txt HTTP/1.1" 301 390 "-" "lua-resty-http/0.11 (Lua) ngx_lua/10010"
165.227.100.219 - - [06/Dec/2017:02:05:27 +0100] "GET /ads.txt HTTP/1.1" 404 8398 "-" "lua-resty-http/0.11 (Lua) ngx_lua/10010"
87.250.224.32 - - [06/Dec/2017:02:06:15 +0100] "GET /amstetten/abendkurs-apr18?FS=A2BF HTTP/1.1" 200 6011 "-" "Mozilla/5.0 (compatible; YandexBot/3.0; +http://yandex.com/bots)"
74.91.23.194 - - [06/Dec/2017:02:06:20 +0100] "GET /wp-login.php HTTP/1.1" 301 395 "http://fairschule.com/wp-login.php" "Mozilla/4.0 (compatible; MSIE 9.0; Windows NT 6.1; 125LA; .NET CLR 2.0.50727; .NET CLR 3.0.04506.648; .NET CLR 3.5.21022)"
74.91.23.194 - - [06/Dec/2017:02:06:20 +0100] "GET /wp-login.php HTTP/1.1" 301 395 "http://fairschule.com/wp-login.php" "Mozilla/4.0 (compatible; MSIE 9.0; Windows NT 6.1; 125LA; .NET CLR 2.0.50727; .NET CLR 3.0.04506.648; .NET CLR 3.5.21022)"
87.250.224.32 - - [06/Dec/2017:02:07:51 +0100] "GET /amstetten/nachmittagskurs-juli18?FS=BPlus HTTP/1.1" 200 5446 "-" "Mozilla/5.0 (compatible; YandexBot/3.0; +http://yandex.com/bots)"
40.77.167.72 - - [06/Dec/2017:02:07:58 +0100] "GET /?navid=1 HTTP/1.1" 200 4436 "-" "Mozilla/5.0 (compatible; bingbot/2.0; +http://www.bing.com/bingbot.htm)"
77.119.129.249 - - [06/Dec/2017:02:08:02 +0100] "GET /steyr/kurse HTTP/1.1" 200 3143 "http://m.facebook.com/" "Mozilla/5.0 (Linux; Android 5.0.2; HTC One Build/LRX22G; wv) AppleWebKit/537.36 (KHTML, like Gecko) Version/4.0 Chrome/62.0.3202.84 Mobile Safari/537.36 [FB_IAB/FB4A;FBAV/152.0.0.42.136;]"
87.250.224.32 - - [06/Dec/2017:02:08:12 +0100] "GET /hollabrunn/Grundkurs_Junil_2018?FS=BE96 HTTP/1.1" 200 6288 "-" "Mozilla/5.0 (compatible; YandexBot/3.0; +http://yandex.com/bots)"
66.249.76.93 - - [06/Dec/2017:02:08:20 +0100] "GET /robots.txt HTTP/1.1" 301 302 "-" "Mozilla/5.0 (compatible; Googlebot/2.1; +http://www.google.com/bot.html)"
66.249.76.80 - - [06/Dec/2017:02:08:21 +0100] "GET /robots.txt HTTP/1.1" 200 101 "-" "Mozilla/5.0 (compatible; Googlebot/2.1; +http://www.google.com/bot.html)"
66.249.76.74 - - [06/Dec/2017:02:08:42 +0100] "GET / HTTP/1.1" 301 293 "-" "Mozilla/5.0 (Linux; Android 6.0.1; Nexus 5X Build/MMB29P) AppleWebKit/537.36 (KHTML, like Gecko) Chrome/41.0.2272.96 Mobile Safari/537.36 (compatible; Googlebot/2.1; +http://www.google.com/bot.html)"
87.250.224.32 - - [06/Dec/2017:02:09:01 +0100] "GET /hollabrunn/Mopedkurs_Semesterferien_2018?FS=AM-M1 HTTP/1.1" 200 5718 "-" "Mozilla/5.0 (compatible; YandexBot/3.0; +http://yandex.com/bots)"
216.244.66.243 - - [06/Dec/2017:02:09:09 +0100] "GET /leoben.pankl/unterlagen HTTP/1.1" 301 410 "-" "Mozilla/5.0 (compatible; DotBot/1.1; http://www.opensiteexplorer.org/dotbot, help@moz.com)"
42.236.99.30 - - [06/Dec/2017:02:09:25 +0100] "GET / HTTP/1.1" 301 294 "http://easydrivers.at/" "Mozilla/5.0 (Windows NT 6.1; WOW64) AppleWebKit/537.36 (KHTML, like Gecko) Chrome/50.0.2661.102 Safari/537.36; 360Spider"
42.236.12.190 - - [06/Dec/2017:02:09:25 +0100] "GET / HTTP/1.1" 301 293 "http://www.easydrivers.at/" "Mozilla/5.0 (Windows NT 6.1; WOW64) AppleWebKit/537.36 (KHTML, like Gecko) Chrome/50.0.2661.102 Safari/537.36; 360Spider"
42.236.99.30 - - [06/Dec/2017:02:09:26 +0100] "GET / HTTP/1.1" 200 4436 "https://www.easydrivers.at/" "Mozilla/5.0 (Windows NT 6.1; WOW64) AppleWebKit/537.36 (KHTML, like Gecko) Chrome/50.0.2661.102 Safari/537.36; 360Spider"
42.236.12.190 - - [06/Dec/2017:02:09:27 +0100] "GET / HTTP/1.1" 200 4436 "https://www.easydrivers.at/" "Mozilla/5.0 (Windows NT 6.1; WOW64) AppleWebKit/537.36 (KHTML, like Gecko) Chrome/50.0.2661.102 Safari/537.36; 360Spider"
42.236.99.30 - - [06/Dec/2017:02:09:27 +0100] "GET / HTTP/1.1" 200 4436 "https://www.easydrivers.at/" "Mozilla/5.0 (Windows NT 6.1; WOW64) AppleWebKit/537.36 (KHTML, like Gecko) Chrome/50.0.2661.102 Safari/537.36; 360Spider"
87.250.224.32 - - [06/Dec/2017:02:09:37 +0100] "GET /amstetten/abendkurs-mai18.1?FS=BCE HTTP/1.1" 200 6105 "-" "Mozilla/5.0 (compatible; YandexBot/3.0; +http://yandex.com/bots)"
207.46.13.43 - - [06/Dec/2017:02:09:44 +0100] "GET /woergl/ HTTP/1.1" 301 298 "-" "Mozilla/5.0 (compatible; bingbot/2.0; +http://www.bing.com/bingbot.htm)"
35.184.189.105 - - [06/Dec/2017:02:10:19 +0100] "GET /robots.txt HTTP/1.1" 301 300 "-" "ltx71 - (http://ltx71.com/)"
157.55.39.68 - - [06/Dec/2017:02:10:28 +0100] "GET /robots.txt HTTP/1.1" 301 311 "-" "Mozilla/5.0 (compatible; bingbot/2.0; +http://www.bing.com/bingbot.htm)"
77.119.129.1 - - [06/Dec/2017:02:10:26 +0100] "GET /hollabrunn/Grundkurs_Weihnachten_2017?FS=B HTTP/1.1" 200 3287 "http://m.facebook.com" "Mozilla/5.0 (iPhone; CPU iPhone OS 11_1 like Mac OS X) AppleWebKit/604.3.5 (KHTML, like Gecko) Mobile/15B93 [FBAN/FBIOS;FBAV/151.0.0.61.202;FBBV/82156572;FBDV/iPhone8,1;FBMD/iPhone;FBSN/iOS;FBSV/11.1;FBSS/2;FBCR/3Austria;FBID/phone;FBLC/de_DE;FBOP/5;FBRV/82892895]"
157.55.39.68 - - [06/Dec/2017:02:10:29 +0100] "GET /robots.txt HTTP/1.1" 200 101 "-" "Mozilla/5.0 (compatible; bingbot/2.0; +http://www.bing.com/bingbot.htm)"
157.55.39.68 - - [06/Dec/2017:02:10:30 +0100] "GET /robots.txt HTTP/1.1" 301 311 "-" "Mozilla/5.0 (compatible; bingbot/2.0; +http://www.bing.com/bingbot.htm)"
157.55.39.68 - - [06/Dec/2017:02:10:31 +0100] "GET /robots.txt HTTP/1.1" 200 101 "-" "Mozilla/5.0 (compatible; bingbot/2.0; +http://www.bing.com/bingbot.htm)"
157.55.39.233 - - [06/Dec/2017:02:10:33 +0100] "GET / HTTP/1.1" 301 304 "-" "Mozilla/5.0 (compatible; bingbot/2.0; +http://www.bing.com/bingbot.htm)"
87.250.224.32 - - [06/Dec/2017:02:10:35 +0100] "GET /amstetten/abendkurs-aug18?FS=F HTTP/1.1" 200 5408 "-" "Mozilla/5.0 (compatible; YandexBot/3.0; +http://yandex.com/bots)"
87.250.224.32 - - [06/Dec/2017:02:10:49 +0100] "GET /amstetten/abendkurs-maerz18?FS=A2B HTTP/1.1" 200 5899 "-" "Mozilla/5.0 (compatible; YandexBot/3.0; +http://yandex.com/bots)"
87.250.224.32 - - [06/Dec/2017:02:10:52 +0100] "GET /hollabrunn/Traktor_Kurs_Sommer_1_2018?FS=A1F HTTP/1.1" 200 6550 "-" "Mozilla/5.0 (compatible; YandexBot/3.0; +http://yandex.com/bots)"
66.249.76.78 - - [06/Dec/2017:02:11:24 +0100] "GET /binaries/10253072.png HTTP/1.1" 301 309 "-" "Googlebot-Image/1.0"
66.249.76.80 - - [06/Dec/2017:02:11:24 +0100] "GET /binaries/10253072.png HTTP/1.1" 200 452701 "-" "Googlebot-Image/1.0"
87.250.224.32 - - [06/Dec/2017:02:11:29 +0100] "GET /binaries/easy-drivers-harm-innsbruck/marion-blaasjpg-2.jpg HTTP/1.1" 200 1024883 "-" "Mozilla/5.0 (compatible; YandexImages/3.0; +http://yandex.com/bots)"
87.250.224.32 - - [06/Dec/2017:02:11:55 +0100] "GET /hollabrunn/Motorradkurs_I_Sommer_2018?FS=A1 HTTP/1.1" 200 6144 "-" "Mozilla/5.0 (compatible; YandexBot/3.0; +http://yandex.com/bots)"
66.249.76.80 - - [06/Dec/2017:02:12:08 +0100] "GET /img/new_favicon.ico HTTP/1.1" 200 1150 "-" "Googlebot-Image/1.0"
87.250.224.32 - - [06/Dec/2017:02:12:06 +0100] "GET /amstetten/nachmittagskurs-juli18?FS=A2B HTTP/1.1" 200 5896 "-" "Mozilla/5.0 (compatible; YandexBot/3.0; +http://yandex.com/bots)"
87.250.224.32 - - [06/Dec/2017:02:12:23 +0100] "GET /hollabrunn/Motorradkurs_I_Sommer_2018?FS=A1F HTTP/1.1" 200 6558 "-" "Mozilla/5.0 (compatible; YandexBot/3.0; +http://yandex.com/bots)"
87.250.224.32 - - [06/Dec/2017:02:12:37 +0100] "GET /hollabrunn/Grundkurs_III_Sommer_2018?FS=BE96 HTTP/1.1" 200 6309 "-" "Mozilla/5.0 (compatible; YandexBot/3.0; +http://yandex.com/bots)"
66.249.76.74 - - [06/Dec/2017:02:12:39 +0100] "GET /fuehrerscheine/auto/B-L17 HTTP/1.1" 301 309 "-" "Mozilla/5.0 (Linux; Android 6.0.1; Nexus 5X Build/MMB29P) AppleWebKit/537.36 (KHTML, like Gecko) Chrome/41.0.2272.96 Mobile Safari/537.36 (compatible; Googlebot/2.1; +http://www.google.com/bot.html)"
66.249.76.80 - - [06/Dec/2017:02:12:40 +0100] "GET /fuehrerscheine/auto/B-L17 HTTP/1.1" 200 2388 "-" "Mozilla/5.0 (Linux; Android 6.0.1; Nexus 5X Build/MMB29P) AppleWebKit/537.36 (KHTML, like Gecko) Chrome/41.0.2272.96 Mobile Safari/537.36 (compatible; Googlebot/2.1; +http://www.google.com/bot.html)"
87.250.224.32 - - [06/Dec/2017:02:12:43 +0100] "GET /hollabrunn/Motorradkurs_III_Sommer_2018?FS=A2BF HTTP/1.1" 200 6425 "-" "Mozilla/5.0 (compatible; YandexBot/3.0; +http://yandex.com/bots)"
87.250.224.32 - - [06/Dec/2017:02:13:13 +0100] "GET /hollabrunn/Grundkurs_Oktober_2018?FS=A1L17 HTTP/1.1" 200 6677 "-" "Mozilla/5.0 (compatible; YandexBot/3.0; +http://yandex.com/bots)"
216.244.66.202 - - [06/Dec/2017:02:14:17 +0100] "GET /neufeld/Inhaberdaten HTTP/1.1" 301 407 "-" "Mozilla/5.0 (compatible; DotBot/1.1; http://www.opensiteexplorer.org/dotbot, help@moz.com)"
157.55.39.65 - - [06/Dec/2017:02:14:39 +0100] "GET /bruck.leitha/10290867?FS=BF HTTP/1.1" 200 5773 "-" "Mozilla/5.0 (compatible; bingbot/2.0; +http://www.bing.com/bingbot.htm)"
207.46.13.137 - - [06/Dec/2017:02:15:05 +0100] "GET /zwettl/10235900 HTTP/1.1" 410 3407 "-" "Mozilla/5.0 (compatible; bingbot/2.0; +http://www.bing.com/bingbot.htm)"
66.249.76.84 - - [06/Dec/2017:02:16:37 +0100] "GET /binaries/easy-drivers---skarabela-gro/b-1.pdf HTTP/1.1" 304 - "-" "Mozilla/5.0 (compatible; Googlebot/2.1; +http://www.google.com/bot.html)"
217.182.132.86 - - [06/Dec/2017:02:18:20 +0100] "GET /neunkirchen/10248889 HTTP/1.1" 200 3446 "-" "Mozilla/5.0 (compatible; AhrefsBot/5.2; +http://ahrefs.com/robot/)"
157.55.39.65 - - [06/Dec/2017:02:18:41 +0100] "GET /Radfahrschule/Inhaberdaten HTTP/1.1" 200 2421 "-" "Mozilla/5.0 (compatible; bingbot/2.0; +http://www.bing.com/bingbot.htm)"
66.249.76.76 - - [06/Dec/2017:02:20:34 +0100] "GET /wieselburg HTTP/1.1" 301 301 "-" "Mozilla/5.0 (Linux; Android 6.0.1; Nexus 5X Build/MMB29P) AppleWebKit/537.36 (KHTML, like Gecko) Chrome/41.0.2272.96 Mobile Safari/537.36 (compatible; Googlebot/2.1; +http://www.google.com/bot.html)"
66.249.76.84 - - [06/Dec/2017:02:20:35 +0100] "GET /wieselburg HTTP/1.1" 200 2905 "-" "Mozilla/5.0 (Linux; Android 6.0.1; Nexus 5X Build/MMB29P) AppleWebKit/537.36 (KHTML, like Gecko) Chrome/41.0.2272.96 Mobile Safari/537.36 (compatible; Googlebot/2.1; +http://www.google.com/bot.html)"
157.55.39.65 - - [06/Dec/2017:02:22:32 +0100] "GET /hollabrunn/Traktor_Kurs_Mai_2018?FS=A2BF HTTP/1.1" 200 6409 "-" "Mozilla/5.0 (compatible; bingbot/2.0; +http://www.bing.com/bingbot.htm)"
213.147.167.56 - - [06/Dec/2017:02:23:35 +0100] "GET /linz/10286170?FS=B HTTP/1.1" 200 3158 "http://m.facebook.com" "Mozilla/5.0 (iPhone; CPU iPhone OS 10_2 like Mac OS X) AppleWebKit/602.3.12 (KHTML, like Gecko) Mobile/14C92 [FBAN/FBIOS;FBAV/150.0.0.32.132;FBBV/80278251;FBDV/iPhone9,3;FBMD/iPhone;FBSN/iOS;FBSV/10.2;FBSS/2;FBCR/Carrier;FBID/phone;FBLC/tr_TR;FBOP/5;FBRV/82362498]"
66.249.76.67 - - [06/Dec/2017:02:23:38 +0100] "GET /css/style.css HTTP/1.1" 301 302 "https://easydrivers.at/enns" "Mozilla/5.0 (compatible; Googlebot/2.1; +http://www.google.com/bot.html)"
66.249.76.64 - - [06/Dec/2017:02:23:39 +0100] "GET /css/print.css HTTP/1.1" 301 302 "https://easydrivers.at/enns" "Mozilla/5.0 (compatible; Googlebot/2.1; +http://www.google.com/bot.html)"
66.249.76.84 - - [06/Dec/2017:02:23:40 +0100] "GET /css/style.css HTTP/1.1" 200 5004 "https://easydrivers.at/enns" "Mozilla/5.0 (compatible; Googlebot/2.1; +http://www.google.com/bot.html)"
66.249.76.80 - - [06/Dec/2017:02:23:40 +0100] "GET /css/print.css HTTP/1.1" 200 967 "https://easydrivers.at/enns" "Mozilla/5.0 (compatible; Googlebot/2.1; +http://www.google.com/bot.html)"
40.77.167.72 - - [06/Dec/2017:02:23:50 +0100] "GET /hollabrunn/Motorradkurs_II_Sommer_2018?FS=A HTTP/1.1" 200 6281 "-" "Mozilla/5.0 (compatible; bingbot/2.0; +http://www.bing.com/bingbot.htm)"
77.119.130.106 - - [06/Dec/2017:02:24:02 +0100] "GET /ennstal.bad.aussee/wfk-22-12-2017?FS=B HTTP/1.1" 200 3219 "http://m.facebook.com" "Mozilla/5.0 (iPhone; CPU iPhone OS 11_0_3 like Mac OS X) AppleWebKit/604.1.38 (KHTML, like Gecko) Mobile/15A432 [FBAN/FBIOS;FBAV/151.0.0.61.202;FBBV/82156572;FBDV/iPhone8,1;FBMD/iPhone;FBSN/iOS;FBSV/11.0.3;FBSS/2;FBCR/3Austria;FBID/phone;FBLC/de_DE;FBOP/5;FBRV/82892895]"
216.244.66.202 - - [06/Dec/2017:02:24:24 +0100] "GET /robots.txt HTTP/1.1" 301 397 "-" "Mozilla/5.0 (compatible; DotBot/1.1; http://www.opensiteexplorer.org/dotbot, help@moz.com)"
216.244.66.202 - - [06/Dec/2017:02:24:26 +0100] "GET /robots.txt HTTP/1.1" 200 178 "-" "Mozilla/5.0 (compatible; DotBot/1.1; http://www.opensiteexplorer.org/dotbot, help@moz.com)"
66.249.76.82 - - [06/Dec/2017:02:24:31 +0100] "GET /binaries/easy-drivers-hollabrunn/zustimmungserkl.pdf HTTP/1.1" 304 - "-" "Mozilla/5.0 (compatible; Googlebot/2.1; +http://www.google.com/bot.html)"
40.77.167.72 - - [06/Dec/2017:02:24:39 +0100] "GET /hartberg/Inhaberdaten HTTP/1.1" 301 306 "-" "Mozilla/5.0 (compatible; bingbot/2.0; +http://www.bing.com/bingbot.htm)"
137.226.113.27 - - [06/Dec/2017:02:24:44 +0100] "GET / HTTP/1.1" 200 4436 "-" "Mozilla/5.0 zgrab/0.x"
137.226.113.27 - - [06/Dec/2017:02:24:45 +0100] "GET / HTTP/1.1" 200 4436 "-" "Mozilla/5.0 zgrab/0.x"
207.46.13.43 - - [06/Dec/2017:02:25:16 +0100] "GET /steyr/downloads HTTP/1.1" 301 303 "-" "Mozilla/5.0 (compatible; bingbot/2.0; +http://www.bing.com/bingbot.htm)"
188.23.195.194 - - [06/Dec/2017:02:26:02 +0100] "GET /hollabrunn/Grundkurs_Weihnachten_2017?FS=B HTTP/1.1" 200 3287 "http://m.facebook.com" "Mozilla/5.0 (iPhone; CPU iPhone OS 11_1_2 like Mac OS X) AppleWebKit/604.3.5 (KHTML, like Gecko) Mobile/15B202 [FBAN/FBIOS;FBAV/151.0.0.61.202;FBBV/82156572;FBDV/iPhone7,2;FBMD/iPhone;FBSN/iOS;FBSV/11.1.2;FBSS/2;FBCR/A1;FBID/phone;FBLC/de_DE;FBOP/5;FBRV/83160404]"
188.23.195.194 - - [06/Dec/2017:02:26:10 +0100] "GET /hollabrunn/img/mobile/easydrivers-logo-mobile.png HTTP/1.1" 404 3057 "-" "Mozilla/5.0 (iPhone; CPU iPhone OS 11_1_2 like Mac OS X) AppleWebKit/604.3.5 (KHTML, like Gecko) Mobile/15B202 [FBAN/FBIOS;FBAV/151.0.0.61.202;FBBV/82156572;FBDV/iPhone7,2;FBMD/iPhone;FBSN/iOS;FBSV/11.1.2;FBSS/2;FBCR/A1;FBID/phone;FBLC/de_DE;FBOP/5;FBRV/83160404]"
207.46.13.43 - - [06/Dec/2017:02:26:22 +0100] "GET /bruck.leitha/10290907?FS=BL1796 HTTP/1.1" 200 6482 "-" "Mozilla/5.0 (compatible; bingbot/2.0; +http://www.bing.com/bingbot.htm)"
188.23.195.194 - - [06/Dec/2017:02:26:42 +0100] "GET /hollabrunn/img/mobile/menu-button.png HTTP/1.1" 404 3063 "-" "Mozilla/5.0 (iPhone; CPU iPhone OS 11_1_2 like Mac OS X) AppleWebKit/604.3.5 (KHTML, like Gecko) Mobile/15B202 [FBAN/FBIOS;FBAV/151.0.0.61.202;FBBV/82156572;FBDV/iPhone7,2;FBMD/iPhone;FBSN/iOS;FBSV/11.1.2;FBSS/2;FBCR/A1;FBID/phone;FBLC/de_DE;FBOP/5;FBRV/83160404]"
188.23.195.194 - - [06/Dec/2017:02:27:12 +0100] "GET /hollabrunn/img/mobile/facebook-icon.png HTTP/1.1" 404 3063 "-" "Mozilla/5.0 (iPhone; CPU iPhone OS 11_1_2 like Mac OS X) AppleWebKit/604.3.5 (KHTML, like Gecko) Mobile/15B202 [FBAN/FBIOS;FBAV/151.0.0.61.202;FBBV/82156572;FBDV/iPhone7,2;FBMD/iPhone;FBSN/iOS;FBSV/11.1.2;FBSS/2;FBCR/A1;FBID/phone;FBLC/de_DE;FBOP/5;FBRV/83160404]"
180.76.15.8 - - [06/Dec/2017:02:29:38 +0100] "GET / HTTP/1.1" 301 299 "-" "Mozilla/5.0 (compatible; Baiduspider/2.0; +http://www.baidu.com/search/spider.html)"
180.76.15.135 - - [06/Dec/2017:02:29:39 +0100] "GET / HTTP/1.1" 200 15887 "-" "Mozilla/5.0 (compatible; Baiduspider/2.0; +http://www.baidu.com/search/spider.html)"
157.55.39.65 - - [06/Dec/2017:02:30:24 +0100] "GET /hollabrunn/Grundkurs_II_Sommer_2018?FS=A1L17 HTTP/1.1" 200 6714 "-" "Mozilla/5.0 (compatible; bingbot/2.0; +http://www.bing.com/bingbot.htm)"
94.23.171.176 - - [06/Dec/2017:02:31:20 +0100] "GET /dornbirn HTTP/1.1" 301 299 "https://google.com/" "Mozilla/5.0 (X11; Ubuntu; Linux x86_64; rv:26.0) Gecko/20100101 Firefox/26.0"
94.23.171.176 - - [06/Dec/2017:02:31:26 +0100] "GET /dornbirn HTTP/1.1" 200 3631 "https://google.com/" "Mozilla/5.0 (X11; Ubuntu; Linux x86_64; rv:26.0) Gecko/20100101 Firefox/26.0"
207.46.13.43 - - [06/Dec/2017:02:31:37 +0100] "GET /fuehrerscheine/motorrad/C111 HTTP/1.1" 301 310 "-" "Mozilla/5.0 (compatible; bingbot/2.0; +http://www.bing.com/bingbot.htm)"
40.77.167.72 - - [06/Dec/2017:02:33:04 +0100] "GET /bruck.leitha/10290893?FS=CCE HTTP/1.1" 200 6045 "-" "Mozilla/5.0 (compatible; bingbot/2.0; +http://www.bing.com/bingbot.htm)"
40.77.167.72 - - [06/Dec/2017:02:33:09 +0100] "GET /bruck.leitha/10290857?FS=BZ HTTP/1.1" 200 5404 "-" "Mozilla/5.0 (compatible; bingbot/2.0; +http://www.bing.com/bingbot.htm)"
207.46.13.137 - - [06/Dec/2017:02:33:39 +0100] "GET /horn/10284751?FS=B-L17 HTTP/1.1" 301 311 "-" "Mozilla/5.0 (compatible; bingbot/2.0; +http://www.bing.com/bingbot.htm)"
207.46.13.137 - - [06/Dec/2017:02:34:09 +0100] "GET /bruck.leitha/10290851?FS=A1F HTTP/1.1" 200 6366 "-" "Mozilla/5.0 (compatible; bingbot/2.0; +http://www.bing.com/bingbot.htm)"
77.119.130.110 - - [06/Dec/2017:02:34:11 +0100] "GET /ennstal.bad.aussee/wfk-22-12-2017?FS=B HTTP/1.1" 200 3219 "http://m.facebook.com" "Mozilla/5.0 (iPhone; CPU iPhone OS 11_1_2 like Mac OS X) AppleWebKit/604.3.5 (KHTML, like Gecko) Mobile/15B202 [FBAN/FBIOS;FBAV/151.0.0.61.202;FBBV/82156572;FBDV/iPhone8,4;FBMD/iPhone;FBSN/iOS;FBSV/11.1.2;FBSS/2;FBCR/3Austria;FBID/phone;FBLC/de_DE;FBOP/5;FBRV/83160404]"
87.250.224.32 - - [06/Dec/2017:02:34:52 +0100] "GET /robots.txt HTTP/1.1" 200 178 "-" "Mozilla/5.0 (compatible; YandexBot/3.0; +http://yandex.com/bots)"
87.250.224.32 - - [06/Dec/2017:02:34:56 +0100] "GET /amstetten/abendkurs-juli18?FS=A1F HTTP/1.1" 200 6193 "-" "Mozilla/5.0 (compatible; YandexBot/3.0; +http://yandex.com/bots)"
35.184.189.105 - - [06/Dec/2017:02:34:59 +0100] "GET /robots.txt HTTP/1.1" 301 300 "-" "ltx71 - (http://ltx71.com/)"
40.77.167.72 - - [06/Dec/2017:02:36:20 +0100] "GET /easy_drivers_st._peterau/10262571?FS=AM-M HTTP/1.1" 200 5188 "-" "Mozilla/5.0 (compatible; bingbot/2.0; +http://www.bing.com/bingbot.htm)"
66.249.76.80 - - [06/Dec/2017:02:36:24 +0100] "GET / HTTP/1.1" 200 4436 "-" "Mozilla/5.0 (compatible; Googlebot/2.1; +http://www.google.com/bot.html)"
157.55.39.65 - - [06/Dec/2017:02:36:41 +0100] "GET /amstetten/abendkurs-apr18?FS=BF HTTP/1.1" 200 5618 "-" "Mozilla/5.0 (compatible; bingbot/2.0; +http://www.bing.com/bingbot.htm)"
87.250.224.32 - - [06/Dec/2017:02:36:43 +0100] "GET /guessing/10284380?FS=A1L17 HTTP/1.1" 410 3406 "-" "Mozilla/5.0 (compatible; YandexBot/3.0; +http://yandex.com/bots)"
86.32.108.61 - - [06/Dec/2017:02:37:16 +0100] "GET /img/ED_Logo.png HTTP/1.1" 301 305 "-" "Mozilla/5.0 (Windows NT 10.0; Win64; x64; rv:57.0) Gecko/20100101 Firefox/57.0"
86.32.108.61 - - [06/Dec/2017:02:37:17 +0100] "GET /img/ED_Logo.png HTTP/1.1" 200 3385 "-" "Mozilla/5.0 (Windows NT 10.0; Win64; x64; rv:57.0) Gecko/20100101 Firefox/57.0"
86.56.163.84 - - [06/Dec/2017:02:37:47 +0100] "GET /steyr/kurse HTTP/1.1" 200 3143 "http://m.facebook.com" "Mozilla/5.0 (iPhone; CPU iPhone OS 11_1_2 like Mac OS X) AppleWebKit/604.3.5 (KHTML, like Gecko) Mobile/15B202 [FBAN/FBIOS;FBAV/144.0.0.55.89;FBBV/74129168;FBDV/iPhone9,3;FBMD/iPhone;FBSN/iOS;FBSV/11.1.2;FBSS/2;FBCR/3Austria;FBID/phone;FBLC/de_DE;FBOP/5;FBRV/74129168]"
86.56.163.84 - - [06/Dec/2017:02:37:50 +0100] "GET /steyr/img/mobile/easydrivers-logo-mobile.png HTTP/1.1" 404 3084 "-" "Mozilla/5.0 (iPhone; CPU iPhone OS 11_1_2 like Mac OS X) AppleWebKit/604.3.5 (KHTML, like Gecko) Mobile/15B202 [FBAN/FBIOS;FBAV/144.0.0.55.89;FBBV/74129168;FBDV/iPhone9,3;FBMD/iPhone;FBSN/iOS;FBSV/11.1.2;FBSS/2;FBCR/3Austria;FBID/phone;FBLC/de_DE;FBOP/5;FBRV/74129168]"
86.56.163.84 - - [06/Dec/2017:02:38:20 +0100] "GET /steyr/img/mobile/menu-button.png HTTP/1.1" 404 3091 "-" "Mozilla/5.0 (iPhone; CPU iPhone OS 11_1_2 like Mac OS X) AppleWebKit/604.3.5 (KHTML, like Gecko) Mobile/15B202 [FBAN/FBIOS;FBAV/144.0.0.55.89;FBBV/74129168;FBDV/iPhone9,3;FBMD/iPhone;FBSN/iOS;FBSV/11.1.2;FBSS/2;FBCR/3Austria;FBID/phone;FBLC/de_DE;FBOP/5;FBRV/74129168]"
207.46.13.43 - - [06/Dec/2017:02:38:25 +0100] "GET /amstetten/nachmittagskurs-juli18?FS=A2B HTTP/1.1" 200 5898 "-" "Mozilla/5.0 (compatible; bingbot/2.0; +http://www.bing.com/bingbot.htm)"
86.56.163.84 - - [06/Dec/2017:02:38:50 +0100] "GET /steyr/img/mobile/close-button.png HTTP/1.1" 404 3092 "-" "Mozilla/5.0 (iPhone; CPU iPhone OS 11_1_2 like Mac OS X) AppleWebKit/604.3.5 (KHTML, like Gecko) Mobile/15B202 [FBAN/FBIOS;FBAV/144.0.0.55.89;FBBV/74129168;FBDV/iPhone9,3;FBMD/iPhone;FBSN/iOS;FBSV/11.1.2;FBSS/2;FBCR/3Austria;FBID/phone;FBLC/de_DE;FBOP/5;FBRV/74129168]"
86.56.163.84 - - [06/Dec/2017:02:38:52 +0100] "GET /steyr/img/mobile/facebook-icon.png HTTP/1.1" 404 3090 "-" "Mozilla/5.0 (iPhone; CPU iPhone OS 11_1_2 like Mac OS X) AppleWebKit/604.3.5 (KHTML, like Gecko) Mobile/15B202 [FBAN/FBIOS;FBAV/144.0.0.55.89;FBBV/74129168;FBDV/iPhone9,3;FBMD/iPhone;FBSN/iOS;FBSV/11.1.2;FBSS/2;FBCR/3Austria;FBID/phone;FBLC/de_DE;FBOP/5;FBRV/74129168]"
86.56.163.84 - - [06/Dec/2017:02:39:22 +0100] "GET /steyr/img/mobile/info-button.png HTTP/1.1" 404 3093 "-" "Mozilla/5.0 (iPhone; CPU iPhone OS 11_1_2 like Mac OS X) AppleWebKit/604.3.5 (KHTML, like Gecko) Mobile/15B202 [FBAN/FBIOS;FBAV/144.0.0.55.89;FBBV/74129168;FBDV/iPhone9,3;FBMD/iPhone;FBSN/iOS;FBSV/11.1.2;FBSS/2;FBCR/3Austria;FBID/phone;FBLC/de_DE;FBOP/5;FBRV/74129168]"
213.225.9.175 - - [06/Dec/2017:02:39:42 +0100] "GET /brigittenau/10268964 HTTP/1.1" 200 2887 "http://m.facebook.com/" "Mozilla/5.0 (Linux; Android 7.0; HUAWEI VNS-L21 Build/HUAWEIVNS-L21; wv) AppleWebKit/537.36 (KHTML, like Gecko) Version/4.0 Chrome/62.0.3202.84 Mobile Safari/537.36 [FB_IAB/FB4A;FBAV/151.0.0.44.205;]"
