207.46.13.137 - - [06/Dec/2017:07:58:16 +0100] "GET /img/bg-footer.jpg HTTP/1.1" 200 31770 "-" "Mozilla/5.0 (compatible; bingbot/2.0; +http://www.bing.com/bingbot.htm)"
178.165.128.41 - - [06/Dec/2017:07:58:16 +0100] "GET /img/favicon.ico HTTP/1.1" 301 303 "-" "Mozilla/5.0 (Linux; Android 5.1.1; SM-J320FN Build/LMY47V) AppleWebKit/537.36 (KHTML, like Gecko) Chrome/62.0.3202.84 Mobile Safari/537.36"
178.165.128.41 - - [06/Dec/2017:07:58:16 +0100] "GET /img/favicon.ico HTTP/1.1" 404 301 "-" "Mozilla/5.0 (Linux; Android 5.1.1; SM-J320FN Build/LMY47V) AppleWebKit/537.36 (KHTML, like Gecko) Chrome/62.0.3202.84 Mobile Safari/537.36"
207.46.13.43 - - [06/Dec/2017:07:58:16 +0100] "GET /img/kursicon-share-pink.png HTTP/1.1" 200 1277 "-" "Mozilla/5.0 (compatible; bingbot/2.0; +http://www.bing.com/bingbot.htm)"
207.46.13.137 - - [06/Dec/2017:07:58:17 +0100] "GET /img/bg-header.jpg HTTP/1.1" 200 38680 "-" "Mozilla/5.0 (compatible; bingbot/2.0; +http://www.bing.com/bingbot.htm)"
157.55.39.65 - - [06/Dec/2017:07:58:19 +0100] "GET /img/kursicon-download-pink.png HTTP/1.1" 200 1213 "-" "Mozilla/5.0 (compatible; bingbot/2.0; +http://www.bing.com/bingbot.htm)"
157.55.39.65 - - [06/Dec/2017:07:58:20 +0100] "GET /img/kursicon-print-pink.png HTTP/1.1" 200 1125 "-" "Mozilla/5.0 (compatible; bingbot/2.0; +http://www.bing.com/bingbot.htm)"
207.46.13.137 - - [06/Dec/2017:07:58:26 +0100] "GET /img/kursicon-phone-pink.png HTTP/1.1" 200 1286 "-" "Mozilla/5.0 (compatible; bingbot/2.0; +http://www.bing.com/bingbot.htm)"
207.46.13.43 - - [06/Dec/2017:07:58:26 +0100] "GET /uploads/pdfs/horn/10289998_F-Plus.pdf HTTP/1.1" 200 29702 "-" "Mozilla/5.0 (compatible; bingbot/2.0; +http://www.bing.com/bingbot.htm)"
91.141.2.78 - - [06/Dec/2017:07:58:25 +0100] "GET /tulln HTTP/1.1" 200 2879 "https://www.google.at/" "Mozilla/5.0 (Linux; Android 7.0; SAMSUNG SM-A310F Build/NRD90M) AppleWebKit/537.36 (KHTML, like Gecko) SamsungBrowser/6.2 Chrome/56.0.2924.87 Mobile Safari/537.36"
91.141.2.78 - - [06/Dec/2017:07:58:29 +0100] "GET /img/favicon.ico HTTP/1.1" 404 301 "-" "Mozilla/5.0 (Linux; Android 7.0; SAMSUNG SM-A310F Build/NRD90M) AppleWebKit/537.36 (KHTML, like Gecko) SamsungBrowser/6.2 Chrome/56.0.2924.87 Mobile Safari/537.36"
188.20.126.106 - - [06/Dec/2017:07:58:30 +0100] "GET /st.poelten HTTP/1.1" 200 3501 "https://www.google.at/" "Mozilla/5.0 (Windows NT 6.1; Win64; x64; rv:57.0) Gecko/20100101 Firefox/57.0"
40.77.167.76 - - [06/Dec/2017:07:58:32 +0100] "GET /binaries/easy-drivers-portal/pkw6jpg.jpg HTTP/1.1" 200 75742 "-" "Mozilla/5.0 (compatible; bingbot/2.0; +http://www.bing.com/bingbot.htm)"
78.104.49.100 - - [06/Dec/2017:07:58:38 +0100] "GET /img/mobile/bg-menu.jpg HTTP/1.1" 200 1698 "https://www.easydrivers.at/css/mobile.css" "Mozilla/5.0 (Linux; Android 7.0; Moto G (4) Build/NPJS25.93-14-10) AppleWebKit/537.36 (KHTML, like Gecko) Chrome/56.0.2924.87 Mobile Safari/537.36"
78.104.49.100 - - [06/Dec/2017:07:58:38 +0100] "GET /img/mobile/pfeil-rechts.png HTTP/1.1" 200 1228 "https://www.easydrivers.at/css/mobile.css" "Mozilla/5.0 (Linux; Android 7.0; Moto G (4) Build/NPJS25.93-14-10) AppleWebKit/537.36 (KHTML, like Gecko) Chrome/56.0.2924.87 Mobile Safari/537.36"
78.104.49.100 - - [06/Dec/2017:07:58:38 +0100] "GET /img/mobile/widget-icon-app.png HTTP/1.1" 200 3458 "https://www.easydrivers.at/perg" "Mozilla/5.0 (Linux; Android 7.0; Moto G (4) Build/NPJS25.93-14-10) AppleWebKit/537.36 (KHTML, like Gecko) Chrome/56.0.2924.87 Mobile Safari/537.36"
78.104.49.100 - - [06/Dec/2017:07:58:38 +0100] "GET /img/mobile/easydrivers-logo-mobile.png HTTP/1.1" 200 10766 "https://www.easydrivers.at/perg" "Mozilla/5.0 (Linux; Android 7.0; Moto G (4) Build/NPJS25.93-14-10) AppleWebKit/537.36 (KHTML, like Gecko) Chrome/56.0.2924.87 Mobile Safari/537.36"
91.141.2.78 - - [06/Dec/2017:07:58:37 +0100] "GET /ueberuns HTTP/1.1" 200 3288 "https://www.easydrivers.at/tulln" "Mozilla/5.0 (Linux; Android 7.0; SAMSUNG SM-A310F Build/NRD90M) AppleWebKit/537.36 (KHTML, like Gecko) SamsungBrowser/6.2 Chrome/56.0.2924.87 Mobile Safari/537.36"
78.104.49.100 - - [06/Dec/2017:07:58:39 +0100] "GET /img/mobile/menu-button.png HTTP/1.1" 200 1746 "https://www.easydrivers.at/perg" "Mozilla/5.0 (Linux; Android 7.0; Moto G (4) Build/NPJS25.93-14-10) AppleWebKit/537.36 (KHTML, like Gecko) Chrome/56.0.2924.87 Mobile Safari/537.36"
78.104.49.100 - - [06/Dec/2017:07:58:39 +0100] "GET /img/mobile/close-button.png HTTP/1.1" 200 2411 "https://www.easydrivers.at/perg" "Mozilla/5.0 (Linux; Android 7.0; Moto G (4) Build/NPJS25.93-14-10) AppleWebKit/537.36 (KHTML, like Gecko) Chrome/56.0.2924.87 Mobile Safari/537.36"
78.104.49.100 - - [06/Dec/2017:07:58:39 +0100] "GET /img/mobile/facebook-icon.png HTTP/1.1" 200 1902 "https://www.easydrivers.at/perg" "Mozilla/5.0 (Linux; Android 7.0; Moto G (4) Build/NPJS25.93-14-10) AppleWebKit/537.36 (KHTML, like Gecko) Chrome/56.0.2924.87 Mobile Safari/537.36"
78.104.49.100 - - [06/Dec/2017:07:58:40 +0100] "GET /img/mobile/info-button.png HTTP/1.1" 200 1549 "https://www.easydrivers.at/perg" "Mozilla/5.0 (Linux; Android 7.0; Moto G (4) Build/NPJS25.93-14-10) AppleWebKit/537.36 (KHTML, like Gecko) Chrome/56.0.2924.87 Mobile Safari/537.36"
40.77.167.76 - - [06/Dec/2017:07:58:40 +0100] "GET /img/top-image-overlay.png HTTP/1.1" 200 20650 "-" "Mozilla/5.0 (compatible; bingbot/2.0; +http://www.bing.com/bingbot.htm)"
91.141.2.78 - - [06/Dec/2017:07:58:40 +0100] "GET /tulln HTTP/1.1" 301 297 "-" "Mozilla/5.0 (Linux; Android 7.0; SAMSUNG SM-A310F Build/NRD90M) AppleWebKit/537.36 (KHTML, like Gecko) SamsungBrowser/6.2 Chrome/56.0.2924.87 Mobile Safari/537.36"
188.20.126.106 - - [06/Dec/2017:07:58:38 +0100] "GET /st.poelten/10253240 HTTP/1.1" 200 3198 "https://www.easydrivers.at/st.poelten" "Mozilla/5.0 (Windows NT 6.1; Win64; x64; rv:57.0) Gecko/20100101 Firefox/57.0"
78.104.49.100 - - [06/Dec/2017:07:58:40 +0100] "GET /img/mobile/info-close-button.png HTTP/1.1" 200 1721 "https://www.easydrivers.at/perg" "Mozilla/5.0 (Linux; Android 7.0; Moto G (4) Build/NPJS25.93-14-10) AppleWebKit/537.36 (KHTML, like Gecko) Chrome/56.0.2924.87 Mobile Safari/537.36"
91.141.2.78 - - [06/Dec/2017:07:58:40 +0100] "GET /binaries/easy-drivers-portal/edwebhistoryillu392x3922jpg.jpg HTTP/1.1" 200 32209 "https://www.easydrivers.at/ueberuns" "Mozilla/5.0 (Linux; Android 7.0; SAMSUNG SM-A310F Build/NRD90M) AppleWebKit/537.36 (KHTML, like Gecko) SamsungBrowser/6.2 Chrome/56.0.2924.87 Mobile Safari/537.36"
91.141.2.78 - - [06/Dec/2017:07:58:40 +0100] "GET /binaries/easy-drivers-portal/edwebhistoryillu392x3923jpg.jpg HTTP/1.1" 200 54656 "https://www.easydrivers.at/ueberuns" "Mozilla/5.0 (Linux; Android 7.0; SAMSUNG SM-A310F Build/NRD90M) AppleWebKit/537.36 (KHTML, like Gecko) SamsungBrowser/6.2 Chrome/56.0.2924.87 Mobile Safari/537.36"
91.141.2.78 - - [06/Dec/2017:07:58:40 +0100] "GET /binaries/easy-drivers-portal/edwebhistoryillu392x3924jpg.jpg HTTP/1.1" 200 35765 "https://www.easydrivers.at/ueberuns" "Mozilla/5.0 (Linux; Android 7.0; SAMSUNG SM-A310F Build/NRD90M) AppleWebKit/537.36 (KHTML, like Gecko) SamsungBrowser/6.2 Chrome/56.0.2924.87 Mobile Safari/537.36"
91.141.2.78 - - [06/Dec/2017:07:58:40 +0100] "GET /binaries/easy-drivers-portal/edwebhistoryillu392x3925jpg.jpg HTTP/1.1" 200 31708 "https://www.easydrivers.at/ueberuns" "Mozilla/5.0 (Linux; Android 7.0; SAMSUNG SM-A310F Build/NRD90M) AppleWebKit/537.36 (KHTML, like Gecko) SamsungBrowser/6.2 Chrome/56.0.2924.87 Mobile Safari/537.36"
188.20.126.106 - - [06/Dec/2017:07:58:40 +0100] "GET /img/top-image-overlay.png HTTP/1.1" 200 20650 "https://www.easydrivers.at/css/style.css" "Mozilla/5.0 (Windows NT 6.1; Win64; x64; rv:57.0) Gecko/20100101 Firefox/57.0"
91.141.2.78 - - [06/Dec/2017:07:58:40 +0100] "GET /binaries/easy-drivers-portal/edwebhistoryillu392x3926jpg.jpg HTTP/1.1" 200 41118 "https://www.easydrivers.at/ueberuns" "Mozilla/5.0 (Linux; Android 7.0; SAMSUNG SM-A310F Build/NRD90M) AppleWebKit/537.36 (KHTML, like Gecko) SamsungBrowser/6.2 Chrome/56.0.2924.87 Mobile Safari/537.36"
188.20.126.106 - - [06/Dec/2017:07:58:40 +0100] "GET /binaries/easy-drivers-st-p/skarpil-liane-bearbeitetjpg.jpg HTTP/1.1" 200 46946 "https://www.easydrivers.at/st.poelten/10253240" "Mozilla/5.0 (Windows NT 6.1; Win64; x64; rv:57.0) Gecko/20100101 Firefox/57.0"
188.20.126.106 - - [06/Dec/2017:07:58:40 +0100] "GET /binaries/easy-drivers-portal/motorrad4jpg.jpg HTTP/1.1" 200 110277 "https://www.easydrivers.at/st.poelten/10253240" "Mozilla/5.0 (Windows NT 6.1; Win64; x64; rv:57.0) Gecko/20100101 Firefox/57.0"
188.20.126.106 - - [06/Dec/2017:07:58:40 +0100] "GET /binaries/10253243.jpg HTTP/1.1" 200 204890 "https://www.easydrivers.at/st.poelten/10253240" "Mozilla/5.0 (Windows NT 6.1; Win64; x64; rv:57.0) Gecko/20100101 Firefox/57.0"
91.141.2.78 - - [06/Dec/2017:07:58:40 +0100] "GET /binaries/easy-drivers-portal/edwebhistoryillu392x392radjpg.jpg HTTP/1.1" 200 124939 "https://www.easydrivers.at/ueberuns" "Mozilla/5.0 (Linux; Android 7.0; SAMSUNG SM-A310F Build/NRD90M) AppleWebKit/537.36 (KHTML, like Gecko) SamsungBrowser/6.2 Chrome/56.0.2924.87 Mobile Safari/537.36"
91.141.2.78 - - [06/Dec/2017:07:58:41 +0100] "GET /binaries/easy-drivers-portal/edwebhistoryillu392x39210jpg.jpg HTTP/1.1" 200 19475 "https://www.easydrivers.at/ueberuns" "Mozilla/5.0 (Linux; Android 7.0; SAMSUNG SM-A310F Build/NRD90M) AppleWebKit/537.36 (KHTML, like Gecko) SamsungBrowser/6.2 Chrome/56.0.2924.87 Mobile Safari/537.36"
91.141.2.78 - - [06/Dec/2017:07:58:41 +0100] "GET /binaries/easy-drivers-portal/edwebhistoryillu392x3929jpg.jpg HTTP/1.1" 200 31823 "https://www.easydrivers.at/ueberuns" "Mozilla/5.0 (Linux; Android 7.0; SAMSUNG SM-A310F Build/NRD90M) AppleWebKit/537.36 (KHTML, like Gecko) SamsungBrowser/6.2 Chrome/56.0.2924.87 Mobile Safari/537.36"
91.141.2.78 - - [06/Dec/2017:07:58:41 +0100] "GET /binaries/easy-drivers-portal/edwebhistoryillu392x3928jpg.jpg HTTP/1.1" 200 38907 "https://www.easydrivers.at/ueberuns" "Mozilla/5.0 (Linux; Android 7.0; SAMSUNG SM-A310F Build/NRD90M) AppleWebKit/537.36 (KHTML, like Gecko) SamsungBrowser/6.2 Chrome/56.0.2924.87 Mobile Safari/537.36"
91.141.2.78 - - [06/Dec/2017:07:58:41 +0100] "GET /binaries/easy-drivers-portal/edwebhistoryillu392x3927jpg.jpg HTTP/1.1" 200 71377 "https://www.easydrivers.at/ueberuns" "Mozilla/5.0 (Linux; Android 7.0; SAMSUNG SM-A310F Build/NRD90M) AppleWebKit/537.36 (KHTML, like Gecko) SamsungBrowser/6.2 Chrome/56.0.2924.87 Mobile Safari/537.36"
91.141.2.78 - - [06/Dec/2017:07:58:41 +0100] "GET /binaries/easy-drivers-portal/edwebhistoryillu392x39211jpg.jpg HTTP/1.1" 200 36282 "https://www.easydrivers.at/ueberuns" "Mozilla/5.0 (Linux; Android 7.0; SAMSUNG SM-A310F Build/NRD90M) AppleWebKit/537.36 (KHTML, like Gecko) SamsungBrowser/6.2 Chrome/56.0.2924.87 Mobile Safari/537.36"
91.141.2.78 - - [06/Dec/2017:07:58:41 +0100] "GET /binaries/easy-drivers-portal/edwebhistoryillu392x39220kpng.png HTTP/1.1" 200 49333 "https://www.easydrivers.at/ueberuns" "Mozilla/5.0 (Linux; Android 7.0; SAMSUNG SM-A310F Build/NRD90M) AppleWebKit/537.36 (KHTML, like Gecko) SamsungBrowser/6.2 Chrome/56.0.2924.87 Mobile Safari/537.36"
91.141.2.78 - - [06/Dec/2017:07:58:41 +0100] "GET /tulln HTTP/1.1" 200 2879 "-" "Mozilla/5.0 (Linux; Android 7.0; SAMSUNG SM-A310F Build/NRD90M) AppleWebKit/537.36 (KHTML, like Gecko) SamsungBrowser/6.2 Chrome/56.0.2924.87 Mobile Safari/537.36"
91.141.2.78 - - [06/Dec/2017:07:58:43 +0100] "GET /img/favicon.ico HTTP/1.1" 301 303 "-" "Dalvik/2.1.0 (Linux; U; Android 7.0; SM-A310F Build/NRD90M)"
91.141.2.78 - - [06/Dec/2017:07:58:43 +0100] "GET /img/favicon.ico HTTP/1.1" 404 301 "-" "Dalvik/2.1.0 (Linux; U; Android 7.0; SM-A310F Build/NRD90M)"
91.141.1.59 - - [06/Dec/2017:07:58:45 +0100] "GET /brigittenau/10268964 HTTP/1.1" 200 2887 "http://m.facebook.com/" "Mozilla/5.0 (Linux; Android 7.0; SM-G950F Build/NRD90M; wv) AppleWebKit/537.36 (KHTML, like Gecko) Version/4.0 Chrome/62.0.3202.84 Mobile Safari/537.36 [FB_IAB/FB4A;FBAV/152.0.0.42.136;]"
78.104.49.100 - - [06/Dec/2017:07:58:48 +0100] "GET /img/smallicon-person.png HTTP/1.1" 200 1141 "https://www.easydrivers.at/perg" "Mozilla/5.0 (Linux; Android 7.0; Moto G (4) Build/NPJS25.93-14-10) AppleWebKit/537.36 (KHTML, like Gecko) Chrome/56.0.2924.87 Mobile Safari/537.36"
188.20.126.106 - - [06/Dec/2017:07:58:46 +0100] "GET /st.poelten/10253240 HTTP/1.1" 200 3197 "https://www.easydrivers.at/st.poelten/10253240" "Mozilla/5.0 (Windows NT 6.1; Win64; x64; rv:57.0) Gecko/20100101 Firefox/57.0"
188.20.126.106 - - [06/Dec/2017:07:58:49 +0100] "GET /binaries/easy-drivers-portal/pkw4jpg.jpg HTTP/1.1" 200 125726 "https://www.easydrivers.at/st.poelten/10253240" "Mozilla/5.0 (Windows NT 6.1; Win64; x64; rv:57.0) Gecko/20100101 Firefox/57.0"
78.104.49.100 - - [06/Dec/2017:07:58:06 +0100] "GET /img/mobile/bg-header.jpg HTTP/1.1" 200 19741 "https://www.easydrivers.at/css/mobile.css" "Mozilla/5.0 (Linux; Android 7.0; Moto G (4) Build/NPJS25.93-14-10) AppleWebKit/537.36 (KHTML, like Gecko) Chrome/56.0.2924.87 Mobile Safari/537.36"
78.104.49.100 - - [06/Dec/2017:07:58:38 +0100] "GET /img/mobile/bg-top-section.jpg HTTP/1.1" 200 21711 "https://www.easydrivers.at/css/mobile.css" "Mozilla/5.0 (Linux; Android 7.0; Moto G (4) Build/NPJS25.93-14-10) AppleWebKit/537.36 (KHTML, like Gecko) Chrome/56.0.2924.87 Mobile Safari/537.36"
91.141.2.78 - - [06/Dec/2017:07:58:52 +0100] "GET / HTTP/1.1" 200 3554 "https://www.easydrivers.at/ueberuns" "Mozilla/5.0 (Linux; Android 7.0; SAMSUNG SM-A310F Build/NRD90M) AppleWebKit/537.36 (KHTML, like Gecko) SamsungBrowser/6.2 Chrome/56.0.2924.87 Mobile Safari/537.36"
78.104.49.100 - - [06/Dec/2017:07:58:54 +0100] "GET /img/smallicon-address.png HTTP/1.1" 200 1211 "https://www.easydrivers.at/perg" "Mozilla/5.0 (Linux; Android 7.0; Moto G (4) Build/NPJS25.93-14-10) AppleWebKit/537.36 (KHTML, like Gecko) Chrome/56.0.2924.87 Mobile Safari/537.36"
78.104.49.100 - - [06/Dec/2017:07:58:56 +0100] "GET /img/smallicon-time.png HTTP/1.1" 200 1262 "https://www.easydrivers.at/perg" "Mozilla/5.0 (Linux; Android 7.0; Moto G (4) Build/NPJS25.93-14-10) AppleWebKit/537.36 (KHTML, like Gecko) Chrome/56.0.2924.87 Mobile Safari/537.36"
78.104.49.100 - - [06/Dec/2017:07:58:58 +0100] "GET /img/mobile/googlemaps-pin.png HTTP/1.1" 200 1597 "https://www.easydrivers.at/perg" "Mozilla/5.0 (Linux; Android 7.0; Moto G (4) Build/NPJS25.93-14-10) AppleWebKit/537.36 (KHTML, like Gecko) Chrome/56.0.2924.87 Mobile Safari/537.36"
78.104.49.100 - - [06/Dec/2017:07:58:59 +0100] "GET /img/smallicon-phone.png HTTP/1.1" 200 3056 "https://www.easydrivers.at/perg" "Mozilla/5.0 (Linux; Android 7.0; Moto G (4) Build/NPJS25.93-14-10) AppleWebKit/537.36 (KHTML, like Gecko) Chrome/56.0.2924.87 Mobile Safari/537.36"
207.46.13.43 - - [06/Dec/2017:07:58:57 +0100] "GET /jennersdorf HTTP/1.1" 200 3476 "-" "Mozilla/5.0 (compatible; bingbot/2.0; +http://www.bing.com/bingbot.htm)"
91.141.2.78 - - [06/Dec/2017:07:59:01 +0100] "GET /tulln HTTP/1.1" 200 2879 "https://www.easydrivers.at/" "Mozilla/5.0 (Linux; Android 7.0; SAMSUNG SM-A310F Build/NRD90M) AppleWebKit/537.36 (KHTML, like Gecko) SamsungBrowser/6.2 Chrome/56.0.2924.87 Mobile Safari/537.36"
91.141.2.78 - - [06/Dec/2017:07:59:08 +0100] "POST /tulln/kursauswahl HTTP/1.1" 200 2783 "https://www.easydrivers.at/tulln" "Mozilla/5.0 (Linux; Android 7.0; SAMSUNG SM-A310F Build/NRD90M) AppleWebKit/537.36 (KHTML, like Gecko) SamsungBrowser/6.2 Chrome/56.0.2924.87 Mobile Safari/537.36"
46.125.249.20 - - [06/Dec/2017:07:59:08 +0100] "GET /st.valentin/10293790?FS=B HTTP/1.1" 200 3077 "http://m.facebook.com" "Mozilla/5.0 (iPhone; CPU iPhone OS 11_1_2 like Mac OS X) AppleWebKit/604.3.5 (KHTML, like Gecko) Mobile/15B202 [FBAN/FBIOS;FBAV/151.0.0.61.202;FBBV/82156572;FBDV/iPhone9,3;FBMD/iPhone;FBSN/iOS;FBSV/11.1.2;FBSS/2;FBCR/T-MobileA;FBID/phone;FBLC/de_DE;FBOP/5;FBRV/83160404]"
87.250.224.32 - - [06/Dec/2017:07:59:11 +0100] "GET /dornbirn/10247038?FS=BCE HTTP/1.1" 200 6397 "-" "Mozilla/5.0 (compatible; YandexBot/3.0; +http://yandex.com/bots)"
91.141.2.78 - - [06/Dec/2017:07:59:12 +0100] "POST /loadkursliste HTTP/1.1" 200 395 "https://www.easydrivers.at/tulln/kursauswahl" "Mozilla/5.0 (Linux; Android 7.0; SAMSUNG SM-A310F Build/NRD90M) AppleWebKit/537.36 (KHTML, like Gecko) SamsungBrowser/6.2 Chrome/56.0.2924.87 Mobile Safari/537.36"
91.141.2.78 - - [06/Dec/2017:07:59:16 +0100] "GET /tulln/Traktorkurs_1Kurstag_Dezember_2017?FS=F-Plus HTTP/1.1" 200 3172 "https://www.easydrivers.at/tulln/kursauswahl" "Mozilla/5.0 (Linux; Android 7.0; SAMSUNG SM-A310F Build/NRD90M) AppleWebKit/537.36 (KHTML, like Gecko) SamsungBrowser/6.2 Chrome/56.0.2924.87 Mobile Safari/537.36"
78.104.49.100 - - [06/Dec/2017:07:59:24 +0100] "GET /img/smallicon-mail.png HTTP/1.1" 200 1341 "https://www.easydrivers.at/perg" "Mozilla/5.0 (Linux; Android 7.0; Moto G (4) Build/NPJS25.93-14-10) AppleWebKit/537.36 (KHTML, like Gecko) Chrome/56.0.2924.87 Mobile Safari/537.36"
188.20.126.106 - - [06/Dec/2017:07:59:24 +0100] "GET /st.poelten HTTP/1.1" 200 3501 "https://www.google.at/" "Mozilla/5.0 (Windows NT 6.1; Win64; x64; rv:57.0) Gecko/20100101 Firefox/57.0"
46.125.250.33 - - [06/Dec/2017:07:59:39 +0100] "GET /berndorf/aktionen HTTP/1.1" 200 2580 "https://www.easydrivers.at/berndorf" "Mozilla/5.0 (Linux; Android 6.0.1; SAMSUNG SM-G900F Build/MMB29M) AppleWebKit/537.36 (KHTML, like Gecko) SamsungBrowser/6.2 Chrome/56.0.2924.87 Mobile Safari/537.36"
91.141.2.78 - - [06/Dec/2017:07:59:40 +0100] "GET /tulln/Traktorkurs_1Kurstag_Dezember_2017?FS=F-Plus HTTP/1.1" 200 3172 "https://www.easydrivers.at/tulln/kursauswahl" "Mozilla/5.0 (Linux; Android 7.0; SAMSUNG SM-A310F Build/NRD90M) AppleWebKit/537.36 (KHTML, like Gecko) SamsungBrowser/6.2 Chrome/56.0.2924.87 Mobile Safari/537.36"
91.141.2.78 - - [06/Dec/2017:07:59:46 +0100] "GET /tulln/kursauswahl HTTP/1.1" 200 2783 "-" "Mozilla/5.0 (Linux; Android 7.0; SAMSUNG SM-A310F Build/NRD90M) AppleWebKit/537.36 (KHTML, like Gecko) SamsungBrowser/6.2 Chrome/56.0.2924.87 Mobile Safari/537.36"
91.141.2.78 - - [06/Dec/2017:07:59:49 +0100] "POST /loadkursliste HTTP/1.1" 200 395 "https://www.easydrivers.at/tulln/kursauswahl" "Mozilla/5.0 (Linux; Android 7.0; SAMSUNG SM-A310F Build/NRD90M) AppleWebKit/537.36 (KHTML, like Gecko) SamsungBrowser/6.2 Chrome/56.0.2924.87 Mobile Safari/537.36"
91.141.2.78 - - [06/Dec/2017:07:59:56 +0100] "GET /tulln HTTP/1.1" 200 2879 "https://www.easydrivers.at/" "Mozilla/5.0 (Linux; Android 7.0; SAMSUNG SM-A310F Build/NRD90M) AppleWebKit/537.36 (KHTML, like Gecko) SamsungBrowser/6.2 Chrome/56.0.2924.87 Mobile Safari/537.36"
87.250.224.32 - - [06/Dec/2017:08:00:01 +0100] "GET /hollabrunn/Grundkurs_Maerz_2018?FS=BF HTTP/1.1" 200 6169 "-" "Mozilla/5.0 (compatible; YandexBot/3.0; +http://yandex.com/bots)"
91.141.2.78 - - [06/Dec/2017:08:00:10 +0100] "GET / HTTP/1.1" 200 3554 "https://www.easydrivers.at/ueberuns" "Mozilla/5.0 (Linux; Android 7.0; SAMSUNG SM-A310F Build/NRD90M) AppleWebKit/537.36 (KHTML, like Gecko) SamsungBrowser/6.2 Chrome/56.0.2924.87 Mobile Safari/537.36"
91.141.2.78 - - [06/Dec/2017:08:00:16 +0100] "GET /ueberuns HTTP/1.1" 200 3288 "https://www.easydrivers.at/tulln" "Mozilla/5.0 (Linux; Android 7.0; SAMSUNG SM-A310F Build/NRD90M) AppleWebKit/537.36 (KHTML, like Gecko) SamsungBrowser/6.2 Chrome/56.0.2924.87 Mobile Safari/537.36"
17.142.148.193 - - [06/Dec/2017:08:00:18 +0100] "GET /ennstal.schladming/fuhrpark HTTP/1.1" 200 3528 "-" "Mozilla/5.0 (Macintosh; Intel Mac OS X 10_10_1) AppleWebKit/600.2.5 (KHTML, like Gecko) Version/8.0.2 Safari/600.2.5 (Applebot/0.1; +http://www.apple.com/go/applebot)"
91.141.2.78 - - [06/Dec/2017:08:00:20 +0100] "GET /tulln HTTP/1.1" 200 2879 "https://www.google.at/" "Mozilla/5.0 (Linux; Android 7.0; SAMSUNG SM-A310F Build/NRD90M) AppleWebKit/537.36 (KHTML, like Gecko) SamsungBrowser/6.2 Chrome/56.0.2924.87 Mobile Safari/537.36"
87.250.224.32 - - [06/Dec/2017:08:00:34 +0100] "GET /guessing/10284413?FS=BBE HTTP/1.1" 200 5568 "-" "Mozilla/5.0 (compatible; YandexBot/3.0; +http://yandex.com/bots)"
87.250.224.32 - - [06/Dec/2017:08:00:37 +0100] "GET /guessing/10284404?FS=BE HTTP/1.1" 410 3405 "-" "Mozilla/5.0 (compatible; YandexBot/3.0; +http://yandex.com/bots)"
87.250.224.32 - - [06/Dec/2017:08:00:40 +0100] "GET /guessing/10284413?FS=BCE HTTP/1.1" 200 6050 "-" "Mozilla/5.0 (compatible; YandexBot/3.0; +http://yandex.com/bots)"
87.250.224.32 - - [06/Dec/2017:08:00:42 +0100] "GET /guessing/10284413?FS=E HTTP/1.1" 200 4974 "-" "Mozilla/5.0 (compatible; YandexBot/3.0; +http://yandex.com/bots)"
87.250.224.32 - - [06/Dec/2017:08:00:45 +0100] "GET /guessing/10284404?FS=C HTTP/1.1" 410 3405 "-" "Mozilla/5.0 (compatible; YandexBot/3.0; +http://yandex.com/bots)"
87.250.224.32 - - [06/Dec/2017:08:00:48 +0100] "GET /guessing/10284404?FS=E HTTP/1.1" 410 3405 "-" "Mozilla/5.0 (compatible; YandexBot/3.0; +http://yandex.com/bots)"
87.250.224.32 - - [06/Dec/2017:08:00:51 +0100] "GET /guessing/10284404?FS=A HTTP/1.1" 410 3405 "-" "Mozilla/5.0 (compatible; YandexBot/3.0; +http://yandex.com/bots)"
87.250.224.32 - - [06/Dec/2017:08:00:54 +0100] "GET /krems/b-Kurs?FS=A1 HTTP/1.1" 410 3555 "-" "Mozilla/5.0 (compatible; YandexBot/3.0; +http://yandex.com/bots)"
80.109.151.178 - - [06/Dec/2017:08:00:58 +0100] "GET /innsbruck HTTP/1.1" 200 3772 "-" "Mozilla/5.0 (Windows NT 6.1; Win64; x64) AppleWebKit/537.36 (KHTML, like Gecko) Chrome/62.0.3202.94 Safari/537.36"
87.250.224.32 - - [06/Dec/2017:08:00:57 +0100] "GET /krems/b-Kurs?FS=A2B HTTP/1.1" 410 3555 "-" "Mozilla/5.0 (compatible; YandexBot/3.0; +http://yandex.com/bots)"
80.109.151.178 - - [06/Dec/2017:08:01:01 +0100] "GET /cache/emu/images/easy-drivers-portal10294676/pastedgraphic-3-1png_160_90_0.png HTTP/1.1" 200 9745 "https://www.easydrivers.at/innsbruck" "Mozilla/5.0 (Windows NT 6.1; Win64; x64) AppleWebKit/537.36 (KHTML, like Gecko) Chrome/62.0.3202.94 Safari/537.36"
80.109.151.178 - - [06/Dec/2017:08:01:02 +0100] "GET /img/new_favicon.ico HTTP/1.1" 301 306 "-" "Mozilla/5.0 (Windows NT 6.1; Win64; x64) AppleWebKit/537.36 (KHTML, like Gecko) Chrome/62.0.3202.94 Safari/537.36"
80.109.151.178 - - [06/Dec/2017:08:01:02 +0100] "GET /img/new_favicon.ico HTTP/1.1" 200 1150 "-" "Mozilla/5.0 (Windows NT 6.1; Win64; x64) AppleWebKit/537.36 (KHTML, like Gecko) Chrome/62.0.3202.94 Safari/537.36"
87.250.224.32 - - [06/Dec/2017:08:01:02 +0100] "GET /dornbirn/10278879?FS=DD195-B HTTP/1.1" 410 3540 "-" "Mozilla/5.0 (compatible; YandexBot/3.0; +http://yandex.com/bots)"
87.250.224.32 - - [06/Dec/2017:08:01:05 +0100] "GET /dornbirn/10278882?FS=B-L17 HTTP/1.1" 410 3540 "-" "Mozilla/5.0 (compatible; YandexBot/3.0; +http://yandex.com/bots)"
87.250.224.32 - - [06/Dec/2017:08:01:08 +0100] "GET /dornbirn/10248240?FS=B-L17 HTTP/1.1" 200 6249 "-" "Mozilla/5.0 (compatible; YandexBot/3.0; +http://yandex.com/bots)"
87.250.224.32 - - [06/Dec/2017:08:01:11 +0100] "GET /dornbirn/10276883?FS=A1L17 HTTP/1.1" 410 3540 "-" "Mozilla/5.0 (compatible; YandexBot/3.0; +http://yandex.com/bots)"
185.69.244.1 - - [06/Dec/2017:08:01:13 +0100] "GET /hollabrunn/Grundkurs_Weihnachten_2017?FS=B HTTP/1.1" 200 3287 "http://m.facebook.com/" "Mozilla/5.0 (Linux; Android 5.0.1; GT-I9515 Build/LRX22C; wv) AppleWebKit/537.36 (KHTML, like Gecko) Version/4.0 Chrome/62.0.3202.84 Mobile Safari/537.36 [FB_IAB/FB4A;FBAV/151.0.0.44.205;]"
87.250.224.32 - - [06/Dec/2017:08:01:14 +0100] "GET /dornbirn/10248240?FS=BL1796 HTTP/1.1" 200 6429 "-" "Mozilla/5.0 (compatible; YandexBot/3.0; +http://yandex.com/bots)"
87.250.224.32 - - [06/Dec/2017:08:01:16 +0100] "GET /dornbirn/10247038?FS=B-L17 HTTP/1.1" 200 6236 "-" "Mozilla/5.0 (compatible; YandexBot/3.0; +http://yandex.com/bots)"
93.82.59.164 - - [06/Dec/2017:08:01:19 +0100] "GET /perg/10293777?FS=B HTTP/1.1" 200 3030 "http://m.facebook.com" "Mozilla/5.0 (iPhone; CPU iPhone OS 11_1_2 like Mac OS X) AppleWebKit/604.3.5 (KHTML, like Gecko) Mobile/15B202 [FBAN/FBIOS;FBAV/151.0.0.61.202;FBBV/82156572;FBDV/iPhone8,4;FBMD/iPhone;FBSN/iOS;FBSV/11.1.2;FBSS/2;FBCR/tele.ring;FBID/phone;FBLC/de_DE;FBOP/5;FBRV/83160404]"
87.250.224.32 - - [06/Dec/2017:08:01:19 +0100] "GET /bludenz/SchnellkursB20171009?FS=A1F HTTP/1.1" 410 3437 "-" "Mozilla/5.0 (compatible; YandexBot/3.0; +http://yandex.com/bots)"
178.115.128.81 - - [06/Dec/2017:08:01:21 +0100] "GET /brigittenau/10268964 HTTP/1.1" 200 2887 "http://m.facebook.com/" "Mozilla/5.0 (Linux; Android 7.0; SM-G950F Build/NRD90M; wv) AppleWebKit/537.36 (KHTML, like Gecko) Version/4.0 Chrome/62.0.3202.84 Mobile Safari/537.36 [FB_IAB/FB4A;FBAV/152.0.0.42.136;]"
87.250.224.32 - - [06/Dec/2017:08:01:22 +0100] "GET /bludenz/SchnellkursB20171009?FS=BL1796 HTTP/1.1" 410 3437 "-" "Mozilla/5.0 (compatible; YandexBot/3.0; +http://yandex.com/bots)"
87.250.224.32 - - [06/Dec/2017:08:01:25 +0100] "GET /bludenz/MopedkursM20171017?FS=AM-M1 HTTP/1.1" 410 3434 "-" "Mozilla/5.0 (compatible; YandexBot/3.0; +http://yandex.com/bots)"
87.250.224.32 - - [06/Dec/2017:08:01:28 +0100] "GET /bludenz/SchnellkursB20171120?FS=A1F HTTP/1.1" 410 3437 "-" "Mozilla/5.0 (compatible; YandexBot/3.0; +http://yandex.com/bots)"
78.104.49.100 - - [06/Dec/2017:08:01:33 +0100] "GET /img/favicon.ico HTTP/1.1" 301 303 "-" "Mozilla/5.0 (Linux; Android 7.0; Moto G (4) Build/NPJS25.93-14-10) AppleWebKit/537.36 (KHTML, like Gecko) Chrome/56.0.2924.87 Mobile Safari/537.36"
87.250.224.32 - - [06/Dec/2017:08:01:31 +0100] "GET /bludenz/SchnellkursB20171120?FS=BE96 HTTP/1.1" 410 3437 "-" "Mozilla/5.0 (compatible; YandexBot/3.0; +http://yandex.com/bots)"
87.250.224.32 - - [06/Dec/2017:08:01:34 +0100] "GET /bludenz/TraktorkursF20171006?FS=F-Plus HTTP/1.1" 410 3436 "-" "Mozilla/5.0 (compatible; YandexBot/3.0; +http://yandex.com/bots)"
207.46.13.43 - - [06/Dec/2017:08:01:37 +0100] "GET /dornbirn/10278882?FS=BBE HTTP/1.1" 410 3540 "-" "Mozilla/5.0 (compatible; bingbot/2.0; +http://www.bing.com/bingbot.htm)"
87.250.224.32 - - [06/Dec/2017:08:01:37 +0100] "GET /bludenz/SchnellkursB20171120?FS=B-L HTTP/1.1" 410 3437 "-" "Mozilla/5.0 (compatible; YandexBot/3.0; +http://yandex.com/bots)"
195.202.151.121 - - [06/Dec/2017:08:01:37 +0100] "GET /krems/10276251 HTTP/1.1" 200 3274 "http://m.facebook.com" "Mozilla/5.0 (iPhone; CPU iPhone OS 11_1_2 like Mac OS X) AppleWebKit/604.3.5 (KHTML, like Gecko) Mobile/15B202 [FBAN/FBIOS;FBAV/151.0.0.61.202;FBBV/82156572;FBDV/iPhone7,2;FBMD/iPhone;FBSN/iOS;FBSV/11.1.2;FBSS/2;FBCR/Carrier;FBID/phone;FBLC/de_DE;FBOP/5;FBRV/83160404]"
87.250.224.32 - - [06/Dec/2017:08:01:40 +0100] "GET /bludenz/SchnellkursB20171009?FS=BE96 HTTP/1.1" 410 3437 "-" "Mozilla/5.0 (compatible; YandexBot/3.0; +http://yandex.com/bots)"
195.202.151.121 - - [06/Dec/2017:08:01:41 +0100] "GET /krems/img/mobile/easydrivers-logo-mobile.png HTTP/1.1" 404 3160 "-" "Mozilla/5.0 (iPhone; CPU iPhone OS 11_1_2 like Mac OS X) AppleWebKit/604.3.5 (KHTML, like Gecko) Mobile/15B202 [FBAN/FBIOS;FBAV/151.0.0.61.202;FBBV/82156572;FBDV/iPhone7,2;FBMD/iPhone;FBSN/iOS;FBSV/11.1.2;FBSS/2;FBCR/Carrier;FBID/phone;FBLC/de_DE;FBOP/5;FBRV/83160404]"
87.250.224.32 - - [06/Dec/2017:08:01:44 +0100] "GET /bludenz/MopedkursM20171212?FS=AM-M HTTP/1.1" 200 5454 "-" "Mozilla/5.0 (compatible; YandexBot/3.0; +http://yandex.com/bots)"
87.250.224.32 - - [06/Dec/2017:08:01:46 +0100] "GET /bludenz/GrundkursB20171114?FS=BE96 HTTP/1.1" 200 5768 "-" "Mozilla/5.0 (compatible; YandexBot/3.0; +http://yandex.com/bots)"
188.20.126.106 - - [06/Dec/2017:08:01:50 +0100] "GET /img/ED_Logo.png HTTP/1.1" 301 305 "-" "Mozilla/5.0 (Windows NT 6.1; Win64; x64; rv:57.0) Gecko/20100101 Firefox/57.0"
188.20.126.106 - - [06/Dec/2017:08:01:50 +0100] "GET /img/ED_Logo.png HTTP/1.1" 200 3385 "-" "Mozilla/5.0 (Windows NT 6.1; Win64; x64; rv:57.0) Gecko/20100101 Firefox/57.0"
87.250.224.32 - - [06/Dec/2017:08:01:49 +0100] "GET /bludenz/MopedkursM20171114?FS=AM-M HTTP/1.1" 410 3435 "-" "Mozilla/5.0 (compatible; YandexBot/3.0; +http://yandex.com/bots)"
78.104.49.100 - - [06/Dec/2017:08:01:52 +0100] "GET /img/favicon.ico HTTP/1.1" 404 301 "-" "Mozilla/5.0 (Linux; Android 7.0; Moto G (4) Build/NPJS25.93-14-10) AppleWebKit/537.36 (KHTML, like Gecko) Chrome/56.0.2924.87 Mobile Safari/537.36"
87.250.224.32 - - [06/Dec/2017:08:01:52 +0100] "GET /bludenz/MopedkursM20171212?FS=AM-M1 HTTP/1.1" 200 5322 "-" "Mozilla/5.0 (compatible; YandexBot/3.0; +http://yandex.com/bots)"
87.250.224.32 - - [06/Dec/2017:08:01:55 +0100] "GET /bludenz/MotorradkursA1A2A20171023?FS=A HTTP/1.1" 410 3440 "-" "Mozilla/5.0 (compatible; YandexBot/3.0; +http://yandex.com/bots)"
87.250.224.32 - - [06/Dec/2017:08:01:58 +0100] "GET /bludenz/GrundkursB20170919?FS=BPlus HTTP/1.1" 410 3435 "-" "Mozilla/5.0 (compatible; YandexBot/3.0; +http://yandex.com/bots)"
87.250.224.32 - - [06/Dec/2017:08:02:01 +0100] "GET /bludenz/GrundkursB20170919?FS=BL1796 HTTP/1.1" 410 3435 "-" "Mozilla/5.0 (compatible; YandexBot/3.0; +http://yandex.com/bots)"
178.154.171.67 - - [06/Dec/2017:08:02:04 +0100] "GET /bludenz/GrundkursB20171114?FS=A2BF HTTP/1.1" 200 6043 "-" "Mozilla/5.0 (compatible; YandexBot/3.0; +http://yandex.com/bots)"
141.8.183.35 - - [06/Dec/2017:08:02:07 +0100] "GET /bludenz/LKWKursCD20171106?FS=DD195-B HTTP/1.1" 410 3436 "-" "Mozilla/5.0 (compatible; YandexBot/3.0; +http://yandex.com/bots)"
213.180.203.11 - - [06/Dec/2017:08:02:10 +0100] "GET /bludenz/GrundkursB20171212?FS=BPlus HTTP/1.1" 200 5481 "-" "Mozilla/5.0 (compatible; YandexBot/3.0; +http://yandex.com/bots)"
195.202.151.121 - - [06/Dec/2017:08:02:11 +0100] "GET /krems/img/mobile/menu-button.png HTTP/1.1" 404 3160 "-" "Mozilla/5.0 (iPhone; CPU iPhone OS 11_1_2 like Mac OS X) AppleWebKit/604.3.5 (KHTML, like Gecko) Mobile/15B202 [FBAN/FBIOS;FBAV/151.0.0.61.202;FBBV/82156572;FBDV/iPhone7,2;FBMD/iPhone;FBSN/iOS;FBSV/11.1.2;FBSS/2;FBCR/Carrier;FBID/phone;FBLC/de_DE;FBOP/5;FBRV/83160404]"
87.250.224.32 - - [06/Dec/2017:08:02:13 +0100] "GET /bludenz/GrundkursB20171017?FS=BPlus HTTP/1.1" 410 3435 "-" "Mozilla/5.0 (compatible; YandexBot/3.0; +http://yandex.com/bots)"
87.250.224.32 - - [06/Dec/2017:08:02:16 +0100] "GET /bludenz/TraktorkursF20171110?FS=F-Plus HTTP/1.1" 410 3436 "-" "Mozilla/5.0 (compatible; YandexBot/3.0; +http://yandex.com/bots)"
87.250.224.32 - - [06/Dec/2017:08:02:19 +0100] "GET /bludenz/GrundkursB20171114?FS=BPlus HTTP/1.1" 200 5479 "-" "Mozilla/5.0 (compatible; YandexBot/3.0; +http://yandex.com/bots)"
78.104.49.100 - - [06/Dec/2017:08:02:23 +0100] "-" 408 - "-" "-"
87.250.224.32 - - [06/Dec/2017:08:02:22 +0100] "GET /bludenz/SchnellkursB20171120?FS=A1L17 HTTP/1.1" 410 3437 "-" "Mozilla/5.0 (compatible; YandexBot/3.0; +http://yandex.com/bots)"
87.250.224.32 - - [06/Dec/2017:08:02:25 +0100] "GET /bludenz/SchnellkursB20171120?FS=BL1796 HTTP/1.1" 410 3437 "-" "Mozilla/5.0 (compatible; YandexBot/3.0; +http://yandex.com/bots)"
212.95.8.211 - - [06/Dec/2017:08:02:29 +0100] "GET /zwettl HTTP/1.1" 301 298 "http://www.google.at/" "Mozilla/5.0 (Linux; Android 6.0; ALE-L21 Build/HuaweiALE-L21) AppleWebKit/537.36 (KHTML, like Gecko) Chrome/62.0.3202.84 Mobile Safari/537.36"
87.250.224.32 - - [06/Dec/2017:08:02:28 +0100] "GET /bludenz/GrundkursB20170919?FS=B-L17 HTTP/1.1" 410 3435 "-" "Mozilla/5.0 (compatible; YandexBot/3.0; +http://yandex.com/bots)"
212.95.8.211 - - [06/Dec/2017:08:02:29 +0100] "GET /zwettl HTTP/1.1" 200 2912 "http://www.google.at/" "Mozilla/5.0 (Linux; Android 6.0; ALE-L21 Build/HuaweiALE-L21) AppleWebKit/537.36 (KHTML, like Gecko) Chrome/62.0.3202.84 Mobile Safari/537.36"
212.95.8.211 - - [06/Dec/2017:08:02:32 +0100] "GET /css/mobile.css HTTP/1.1" 200 2852 "https://www.easydrivers.at/zwettl" "Mozilla/5.0 (Linux; Android 6.0; ALE-L21 Build/HuaweiALE-L21) AppleWebKit/537.36 (KHTML, like Gecko) Chrome/62.0.3202.84 Mobile Safari/537.36"
212.95.8.211 - - [06/Dec/2017:08:02:32 +0100] "GET /javascript/jquery-1.9.1.min.js HTTP/1.1" 200 32731 "https://www.easydrivers.at/zwettl" "Mozilla/5.0 (Linux; Android 6.0; ALE-L21 Build/HuaweiALE-L21) AppleWebKit/537.36 (KHTML, like Gecko) Chrome/62.0.3202.84 Mobile Safari/537.36"
212.95.8.211 - - [06/Dec/2017:08:02:32 +0100] "GET /javascript/jquery.cookie.js HTTP/1.1" 200 863 "https://www.easydrivers.at/zwettl" "Mozilla/5.0 (Linux; Android 6.0; ALE-L21 Build/HuaweiALE-L21) AppleWebKit/537.36 (KHTML, like Gecko) Chrome/62.0.3202.84 Mobile Safari/537.36"
212.95.8.211 - - [06/Dec/2017:08:02:32 +0100] "GET /javascript/mobile-menu.js HTTP/1.1" 200 1634 "https://www.easydrivers.at/zwettl" "Mozilla/5.0 (Linux; Android 6.0; ALE-L21 Build/HuaweiALE-L21) AppleWebKit/537.36 (KHTML, like Gecko) Chrome/62.0.3202.84 Mobile Safari/537.36"
212.95.8.211 - - [06/Dec/2017:08:02:32 +0100] "GET /javascript/jquery.simplemodal.js HTTP/1.1" 200 3070 "https://www.easydrivers.at/zwettl" "Mozilla/5.0 (Linux; Android 6.0; ALE-L21 Build/HuaweiALE-L21) AppleWebKit/537.36 (KHTML, like Gecko) Chrome/62.0.3202.84 Mobile Safari/537.36"
212.95.8.211 - - [06/Dec/2017:08:02:32 +0100] "GET /javascript/mobile-fahrschule.js HTTP/1.1" 200 328 "https://www.easydrivers.at/zwettl" "Mozilla/5.0 (Linux; Android 6.0; ALE-L21 Build/HuaweiALE-L21) AppleWebKit/537.36 (KHTML, like Gecko) Chrome/62.0.3202.84 Mobile Safari/537.36"
212.95.8.211 - - [06/Dec/2017:08:02:32 +0100] "GET /javascript/lazyload.js HTTP/1.1" 200 1170 "https://www.easydrivers.at/zwettl" "Mozilla/5.0 (Linux; Android 6.0; ALE-L21 Build/HuaweiALE-L21) AppleWebKit/537.36 (KHTML, like Gecko) Chrome/62.0.3202.84 Mobile Safari/537.36"
212.95.8.211 - - [06/Dec/2017:08:02:32 +0100] "GET /img/mobile/easydrivers-logo-mobile.png HTTP/1.1" 200 10766 "https://www.easydrivers.at/zwettl" "Mozilla/5.0 (Linux; Android 6.0; ALE-L21 Build/HuaweiALE-L21) AppleWebKit/537.36 (KHTML, like Gecko) Chrome/62.0.3202.84 Mobile Safari/537.36"
212.95.8.211 - - [06/Dec/2017:08:02:32 +0100] "GET /img/mobile/menu-button.png HTTP/1.1" 200 1746 "https://www.easydrivers.at/zwettl" "Mozilla/5.0 (Linux; Android 6.0; ALE-L21 Build/HuaweiALE-L21) AppleWebKit/537.36 (KHTML, like Gecko) Chrome/62.0.3202.84 Mobile Safari/537.36"
212.95.8.211 - - [06/Dec/2017:08:02:32 +0100] "GET /img/mobile/close-button.png HTTP/1.1" 200 2411 "https://www.easydrivers.at/zwettl" "Mozilla/5.0 (Linux; Android 6.0; ALE-L21 Build/HuaweiALE-L21) AppleWebKit/537.36 (KHTML, like Gecko) Chrome/62.0.3202.84 Mobile Safari/537.36"
212.95.8.211 - - [06/Dec/2017:08:02:32 +0100] "GET /img/mobile/facebook-icon.png HTTP/1.1" 200 1902 "https://www.easydrivers.at/zwettl" "Mozilla/5.0 (Linux; Android 6.0; ALE-L21 Build/HuaweiALE-L21) AppleWebKit/537.36 (KHTML, like Gecko) Chrome/62.0.3202.84 Mobile Safari/537.36"
212.95.8.211 - - [06/Dec/2017:08:02:32 +0100] "GET /img/mobile/info-button.png HTTP/1.1" 200 1549 "https://www.easydrivers.at/zwettl" "Mozilla/5.0 (Linux; Android 6.0; ALE-L21 Build/HuaweiALE-L21) AppleWebKit/537.36 (KHTML, like Gecko) Chrome/62.0.3202.84 Mobile Safari/537.36"
212.95.8.211 - - [06/Dec/2017:08:02:32 +0100] "GET /img/mobile/info-close-button.png HTTP/1.1" 200 1721 "https://www.easydrivers.at/zwettl" "Mozilla/5.0 (Linux; Android 6.0; ALE-L21 Build/HuaweiALE-L21) AppleWebKit/537.36 (KHTML, like Gecko) Chrome/62.0.3202.84 Mobile Safari/537.36"
212.95.8.211 - - [06/Dec/2017:08:02:32 +0100] "GET /img/smallicon-person.png HTTP/1.1" 200 1141 "https://www.easydrivers.at/zwettl" "Mozilla/5.0 (Linux; Android 6.0; ALE-L21 Build/HuaweiALE-L21) AppleWebKit/537.36 (KHTML, like Gecko) Chrome/62.0.3202.84 Mobile Safari/537.36"
212.95.8.211 - - [06/Dec/2017:08:02:32 +0100] "GET /img/smallicon-address.png HTTP/1.1" 200 1211 "https://www.easydrivers.at/zwettl" "Mozilla/5.0 (Linux; Android 6.0; ALE-L21 Build/HuaweiALE-L21) AppleWebKit/537.36 (KHTML, like Gecko) Chrome/62.0.3202.84 Mobile Safari/537.36"
212.95.8.211 - - [06/Dec/2017:08:02:32 +0100] "GET /img/mobile/googlemaps-pin.png HTTP/1.1" 200 1597 "https://www.easydrivers.at/zwettl" "Mozilla/5.0 (Linux; Android 6.0; ALE-L21 Build/HuaweiALE-L21) AppleWebKit/537.36 (KHTML, like Gecko) Chrome/62.0.3202.84 Mobile Safari/537.36"
212.95.8.211 - - [06/Dec/2017:08:02:32 +0100] "GET /img/smallicon-time.png HTTP/1.1" 200 1262 "https://www.easydrivers.at/zwettl" "Mozilla/5.0 (Linux; Android 6.0; ALE-L21 Build/HuaweiALE-L21) AppleWebKit/537.36 (KHTML, like Gecko) Chrome/62.0.3202.84 Mobile Safari/537.36"
212.95.8.211 - - [06/Dec/2017:08:02:32 +0100] "GET /img/smallicon-phone.png HTTP/1.1" 200 3056 "https://www.easydrivers.at/zwettl" "Mozilla/5.0 (Linux; Android 6.0; ALE-L21 Build/HuaweiALE-L21) AppleWebKit/537.36 (KHTML, like Gecko) Chrome/62.0.3202.84 Mobile Safari/537.36"
212.95.8.211 - - [06/Dec/2017:08:02:32 +0100] "GET /img/smallicon-mail.png HTTP/1.1" 200 1341 "https://www.easydrivers.at/zwettl" "Mozilla/5.0 (Linux; Android 6.0; ALE-L21 Build/HuaweiALE-L21) AppleWebKit/537.36 (KHTML, like Gecko) Chrome/62.0.3202.84 Mobile Safari/537.36"
212.95.8.211 - - [06/Dec/2017:08:02:33 +0100] "GET /img/mobile/widget-icon-app.png HTTP/1.1" 200 3458 "https://www.easydrivers.at/zwettl" "Mozilla/5.0 (Linux; Android 6.0; ALE-L21 Build/HuaweiALE-L21) AppleWebKit/537.36 (KHTML, like Gecko) Chrome/62.0.3202.84 Mobile Safari/537.36"
212.95.8.211 - - [06/Dec/2017:08:02:33 +0100] "GET /img/mobile/bg-header.jpg HTTP/1.1" 200 19741 "https://www.easydrivers.at/css/mobile.css" "Mozilla/5.0 (Linux; Android 6.0; ALE-L21 Build/HuaweiALE-L21) AppleWebKit/537.36 (KHTML, like Gecko) Chrome/62.0.3202.84 Mobile Safari/537.36"
212.95.8.211 - - [06/Dec/2017:08:02:33 +0100] "GET /img/mobile/bg-menu.jpg HTTP/1.1" 200 1698 "https://www.easydrivers.at/css/mobile.css" "Mozilla/5.0 (Linux; Android 6.0; ALE-L21 Build/HuaweiALE-L21) AppleWebKit/537.36 (KHTML, like Gecko) Chrome/62.0.3202.84 Mobile Safari/537.36"
212.95.8.211 - - [06/Dec/2017:08:02:33 +0100] "GET /img/mobile/bg-top-section.jpg HTTP/1.1" 200 21711 "https://www.easydrivers.at/css/mobile.css" "Mozilla/5.0 (Linux; Android 6.0; ALE-L21 Build/HuaweiALE-L21) AppleWebKit/537.36 (KHTML, like Gecko) Chrome/62.0.3202.84 Mobile Safari/537.36"
212.95.8.211 - - [06/Dec/2017:08:02:33 +0100] "GET /img/mobile/pfeil-rechts.png HTTP/1.1" 200 1228 "https://www.easydrivers.at/css/mobile.css" "Mozilla/5.0 (Linux; Android 6.0; ALE-L21 Build/HuaweiALE-L21) AppleWebKit/537.36 (KHTML, like Gecko) Chrome/62.0.3202.84 Mobile Safari/537.36"
87.250.224.32 - - [06/Dec/2017:08:02:31 +0100] "GET /bludenz/MopedkursM20171114?FS=AM-M1 HTTP/1.1" 410 3435 "-" "Mozilla/5.0 (compatible; YandexBot/3.0; +http://yandex.com/bots)"
212.95.8.211 - - [06/Dec/2017:08:02:34 +0100] "GET /img/favicon.ico HTTP/1.1" 301 303 "-" "Mozilla/5.0 (Linux; Android 6.0; ALE-L21 Build/HuaweiALE-L21) AppleWebKit/537.36 (KHTML, like Gecko) Chrome/62.0.3202.84 Mobile Safari/537.36"
212.95.8.211 - - [06/Dec/2017:08:02:34 +0100] "GET /img/favicon.ico HTTP/1.1" 404 301 "-" "Mozilla/5.0 (Linux; Android 6.0; ALE-L21 Build/HuaweiALE-L21) AppleWebKit/537.36 (KHTML, like Gecko) Chrome/62.0.3202.84 Mobile Safari/537.36"
87.250.224.32 - - [06/Dec/2017:08:02:34 +0100] "GET /bludenz/MopedkursM20171120?FS=AM-M1 HTTP/1.1" 410 3435 "-" "Mozilla/5.0 (compatible; YandexBot/3.0; +http://yandex.com/bots)"
87.250.224.32 - - [06/Dec/2017:08:02:37 +0100] "GET /am.spitz/10291241?FS=A1 HTTP/1.1" 200 6245 "-" "Mozilla/5.0 (compatible; YandexBot/3.0; +http://yandex.com/bots)"
87.250.224.32 - - [06/Dec/2017:08:02:40 +0100] "GET /am.spitz/10291244?FS=B-L HTTP/1.1" 200 6163 "-" "Mozilla/5.0 (compatible; YandexBot/3.0; +http://yandex.com/bots)"
195.202.151.121 - - [06/Dec/2017:08:02:41 +0100] "GET /krems/img/mobile/close-button.png HTTP/1.1" 404 3160 "-" "Mozilla/5.0 (iPhone; CPU iPhone OS 11_1_2 like Mac OS X) AppleWebKit/604.3.5 (KHTML, like Gecko) Mobile/15B202 [FBAN/FBIOS;FBAV/151.0.0.61.202;FBBV/82156572;FBDV/iPhone7,2;FBMD/iPhone;FBSN/iOS;FBSV/11.1.2;FBSS/2;FBCR/Carrier;FBID/phone;FBLC/de_DE;FBOP/5;FBRV/83160404]"
46.125.249.40 - - [06/Dec/2017:08:02:44 +0100] "GET /hartberg HTTP/1.1" 301 299 "https://www.google.at/" "Mozilla/5.0 (Windows NT 10.0; Win64; x64; rv:56.0) Gecko/20100101 Firefox/56.0"
87.250.224.32 - - [06/Dec/2017:08:02:43 +0100] "GET /am.spitz/10291241?FS=AM-M HTTP/1.1" 200 5638 "-" "Mozilla/5.0 (compatible; YandexBot/3.0; +http://yandex.com/bots)"
195.202.151.121 - - [06/Dec/2017:08:02:44 +0100] "GET /krems/img/smallicon-person.png HTTP/1.1" 404 3160 "-" "Mozilla/5.0 (iPhone; CPU iPhone OS 11_1_2 like Mac OS X) AppleWebKit/604.3.5 (KHTML, like Gecko) Mobile/15B202 [FBAN/FBIOS;FBAV/151.0.0.61.202;FBBV/82156572;FBDV/iPhone7,2;FBMD/iPhone;FBSN/iOS;FBSV/11.1.2;FBSS/2;FBCR/Carrier;FBID/phone;FBLC/de_DE;FBOP/5;FBRV/83160404]"
46.125.249.40 - - [06/Dec/2017:08:02:45 +0100] "GET /hartberg HTTP/1.1" 200 3560 "https://www.google.at/" "Mozilla/5.0 (Windows NT 10.0; Win64; x64; rv:56.0) Gecko/20100101 Firefox/56.0"
46.125.249.40 - - [06/Dec/2017:08:02:47 +0100] "GET /javascript/jquery.customSelect.min.js HTTP/1.1" 200 912 "https://www.easydrivers.at/hartberg" "Mozilla/5.0 (Windows NT 10.0; Win64; x64; rv:56.0) Gecko/20100101 Firefox/56.0"
46.125.249.40 - - [06/Dec/2017:08:02:47 +0100] "GET /css/print.css HTTP/1.1" 200 967 "https://www.easydrivers.at/hartberg" "Mozilla/5.0 (Windows NT 10.0; Win64; x64; rv:56.0) Gecko/20100101 Firefox/56.0"
46.125.249.40 - - [06/Dec/2017:08:02:47 +0100] "GET /javascript/jquery.simplemodal.js HTTP/1.1" 200 3070 "https://www.easydrivers.at/hartberg" "Mozilla/5.0 (Windows NT 10.0; Win64; x64; rv:56.0) Gecko/20100101 Firefox/56.0"
46.125.249.40 - - [06/Dec/2017:08:02:47 +0100] "GET /css/style.css HTTP/1.1" 200 5004 "https://www.easydrivers.at/hartberg" "Mozilla/5.0 (Windows NT 10.0; Win64; x64; rv:56.0) Gecko/20100101 Firefox/56.0"
46.125.249.40 - - [06/Dec/2017:08:02:47 +0100] "GET /javascript/fahrschule.js HTTP/1.1" 200 462 "https://www.easydrivers.at/hartberg" "Mozilla/5.0 (Windows NT 10.0; Win64; x64; rv:56.0) Gecko/20100101 Firefox/56.0"
46.125.249.40 - - [06/Dec/2017:08:02:48 +0100] "GET /javascript/portal.js?1221842734 HTTP/1.1" 200 3529 "https://www.easydrivers.at/hartberg" "Mozilla/5.0 (Windows NT 10.0; Win64; x64; rv:56.0) Gecko/20100101 Firefox/56.0"
46.125.249.40 - - [06/Dec/2017:08:02:48 +0100] "GET /javascript/jquery.cookie.js HTTP/1.1" 200 863 "https://www.easydrivers.at/hartberg" "Mozilla/5.0 (Windows NT 10.0; Win64; x64; rv:56.0) Gecko/20100101 Firefox/56.0"
46.125.249.40 - - [06/Dec/2017:08:02:48 +0100] "GET /img/locator-icon.png HTTP/1.1" 200 1377 "https://www.easydrivers.at/hartberg" "Mozilla/5.0 (Windows NT 10.0; Win64; x64; rv:56.0) Gecko/20100101 Firefox/56.0"
46.125.249.40 - - [06/Dec/2017:08:02:48 +0100] "GET /img/close-button-small.png HTTP/1.1" 200 1671 "https://www.easydrivers.at/hartberg" "Mozilla/5.0 (Windows NT 10.0; Win64; x64; rv:56.0) Gecko/20100101 Firefox/56.0"
46.125.249.40 - - [06/Dec/2017:08:02:48 +0100] "GET /javascript/lazyload.js HTTP/1.1" 200 1170 "https://www.easydrivers.at/hartberg" "Mozilla/5.0 (Windows NT 10.0; Win64; x64; rv:56.0) Gecko/20100101 Firefox/56.0"
46.125.249.40 - - [06/Dec/2017:08:02:48 +0100] "GET /img/info-button.png HTTP/1.1" 200 738 "https://www.easydrivers.at/hartberg" "Mozilla/5.0 (Windows NT 10.0; Win64; x64; rv:56.0) Gecko/20100101 Firefox/56.0"
46.125.249.40 - - [06/Dec/2017:08:02:48 +0100] "GET /img/facebook-icon.png HTTP/1.1" 200 1506 "https://www.easydrivers.at/hartberg" "Mozilla/5.0 (Windows NT 10.0; Win64; x64; rv:56.0) Gecko/20100101 Firefox/56.0"
46.125.249.40 - - [06/Dec/2017:08:02:48 +0100] "GET /img/empty.gif HTTP/1.1" 200 43 "https://www.easydrivers.at/hartberg" "Mozilla/5.0 (Windows NT 10.0; Win64; x64; rv:56.0) Gecko/20100101 Firefox/56.0"
46.125.249.40 - - [06/Dec/2017:08:02:48 +0100] "GET /img/schweiz-icon.png HTTP/1.1" 200 1504 "https://www.easydrivers.at/hartberg" "Mozilla/5.0 (Windows NT 10.0; Win64; x64; rv:56.0) Gecko/20100101 Firefox/56.0"
87.250.224.32 - - [06/Dec/2017:08:02:45 +0100] "GET /am.spitz/10281090?FS=BE96 HTTP/1.1" 410 3379 "-" "Mozilla/5.0 (compatible; YandexBot/3.0; +http://yandex.com/bots)"
46.125.249.40 - - [06/Dec/2017:08:02:48 +0100] "GET /cache/emu/images/easy-drivers-portal10282312/winter-2016_160_51_0.jpg HTTP/1.1" 200 3582 "https://www.easydrivers.at/hartberg" "Mozilla/5.0 (Windows NT 10.0; Win64; x64; rv:56.0) Gecko/20100101 Firefox/56.0"
46.125.249.40 - - [06/Dec/2017:08:02:48 +0100] "GET /cache/emu/images/easy-drivers-portal10250909/berufskraftfahrer_135_90_0.jpg HTTP/1.1" 200 3566 "https://www.easydrivers.at/hartberg" "Mozilla/5.0 (Windows NT 10.0; Win64; x64; rv:56.0) Gecko/20100101 Firefox/56.0"
46.125.249.40 - - [06/Dec/2017:08:02:48 +0100] "GET /img/submit-button.png HTTP/1.1" 200 1958 "https://www.easydrivers.at/hartberg" "Mozilla/5.0 (Windows NT 10.0; Win64; x64; rv:56.0) Gecko/20100101 Firefox/56.0"
46.125.249.40 - - [06/Dec/2017:08:02:48 +0100] "GET /img/close-button.png HTTP/1.1" 200 2237 "https://www.easydrivers.at/hartberg" "Mozilla/5.0 (Windows NT 10.0; Win64; x64; rv:56.0) Gecko/20100101 Firefox/56.0"
46.125.249.40 - - [06/Dec/2017:08:02:48 +0100] "GET /binaries/easy-drivers-portal/widget-icon-trainingpng.png HTTP/1.1" 200 2662 "https://www.easydrivers.at/hartberg" "Mozilla/5.0 (Windows NT 10.0; Win64; x64; rv:56.0) Gecko/20100101 Firefox/56.0"
46.125.249.40 - - [06/Dec/2017:08:02:48 +0100] "GET /img/ED_Logo.png HTTP/1.1" 200 3385 "https://www.easydrivers.at/css/style.css" "Mozilla/5.0 (Windows NT 10.0; Win64; x64; rv:56.0) Gecko/20100101 Firefox/56.0"
46.125.249.40 - - [06/Dec/2017:08:02:48 +0100] "GET /img/bg-header.jpg HTTP/1.1" 200 38680 "https://www.easydrivers.at/css/style.css" "Mozilla/5.0 (Windows NT 10.0; Win64; x64; rv:56.0) Gecko/20100101 Firefox/56.0"
46.125.249.40 - - [06/Dec/2017:08:02:48 +0100] "GET /img/purple-dots-horizontal.png HTTP/1.1" 200 977 "https://www.easydrivers.at/css/style.css" "Mozilla/5.0 (Windows NT 10.0; Win64; x64; rv:56.0) Gecko/20100101 Firefox/56.0"
46.125.249.40 - - [06/Dec/2017:08:02:48 +0100] "GET /img/bg-top-section.jpg HTTP/1.1" 200 82172 "https://www.easydrivers.at/css/style.css" "Mozilla/5.0 (Windows NT 10.0; Win64; x64; rv:56.0) Gecko/20100101 Firefox/56.0"
46.125.249.40 - - [06/Dec/2017:08:02:48 +0100] "GET /img/yellow-dots-vertical.png HTTP/1.1" 200 981 "https://www.easydrivers.at/css/style.css" "Mozilla/5.0 (Windows NT 10.0; Win64; x64; rv:56.0) Gecko/20100101 Firefox/56.0"
46.125.249.40 - - [06/Dec/2017:08:02:48 +0100] "GET /img/kursicon-print-pink.png HTTP/1.1" 200 1125 "https://www.easydrivers.at/hartberg" "Mozilla/5.0 (Windows NT 10.0; Win64; x64; rv:56.0) Gecko/20100101 Firefox/56.0"
46.125.249.40 - - [06/Dec/2017:08:02:48 +0100] "GET /img/bg-footer.jpg HTTP/1.1" 200 31770 "https://www.easydrivers.at/css/style.css" "Mozilla/5.0 (Windows NT 10.0; Win64; x64; rv:56.0) Gecko/20100101 Firefox/56.0"
46.125.249.40 - - [06/Dec/2017:08:02:48 +0100] "GET /img/kursicon-share-pink.png HTTP/1.1" 200 1277 "https://www.easydrivers.at/hartberg" "Mozilla/5.0 (Windows NT 10.0; Win64; x64; rv:56.0) Gecko/20100101 Firefox/56.0"
46.125.249.40 - - [06/Dec/2017:08:02:48 +0100] "GET /img/kursicon-download-pink.png HTTP/1.1" 200 1213 "https://www.easydrivers.at/hartberg" "Mozilla/5.0 (Windows NT 10.0; Win64; x64; rv:56.0) Gecko/20100101 Firefox/56.0"
46.125.249.40 - - [06/Dec/2017:08:02:48 +0100] "GET /img/kursicon-phone-pink.png HTTP/1.1" 200 1286 "https://www.easydrivers.at/hartberg" "Mozilla/5.0 (Windows NT 10.0; Win64; x64; rv:56.0) Gecko/20100101 Firefox/56.0"
46.125.249.40 - - [06/Dec/2017:08:02:49 +0100] "GET /img/new_favicon.ico HTTP/1.1" 301 306 "-" "Mozilla/5.0 (Windows NT 10.0; Win64; x64; rv:56.0) Gecko/20100101 Firefox/56.0"
46.125.249.40 - - [06/Dec/2017:08:02:49 +0100] "GET /img/new_favicon.ico HTTP/1.1" 200 1150 "-" "Mozilla/5.0 (Windows NT 10.0; Win64; x64; rv:56.0) Gecko/20100101 Firefox/56.0"
213.147.161.217 - - [06/Dec/2017:08:02:47 +0100] "GET /amstetten/weihnachtskurs?FS=B HTTP/1.1" 200 3162 "http://m.facebook.com/" "Mozilla/5.0 (Linux; Android 7.0; EVA-L19 Build/HUAWEIEVA-L19; wv) AppleWebKit/537.36 (KHTML, like Gecko) Version/4.0 Chrome/62.0.3202.84 Mobile Safari/537.36 [FB_IAB/FB4A;FBAV/152.0.0.42.136;]"
87.250.224.32 - - [06/Dec/2017:08:02:48 +0100] "GET /am.spitz/10291244?FS=B HTTP/1.1" 200 5803 "-" "Mozilla/5.0 (compatible; YandexBot/3.0; +http://yandex.com/bots)"
212.95.8.211 - - [06/Dec/2017:08:02:49 +0100] "GET /links HTTP/1.1" 200 2067 "https://www.easydrivers.at/zwettl" "Mozilla/5.0 (Linux; Android 6.0; ALE-L21 Build/HuaweiALE-L21) AppleWebKit/537.36 (KHTML, like Gecko) Chrome/62.0.3202.84 Mobile Safari/537.36"
87.250.224.32 - - [06/Dec/2017:08:02:51 +0100] "GET /am.spitz/10280859?FS=B HTTP/1.1" 410 3379 "-" "Mozilla/5.0 (compatible; YandexBot/3.0; +http://yandex.com/bots)"
87.250.224.32 - - [06/Dec/2017:08:02:54 +0100] "GET /am.spitz/10291244?FS=A2B HTTP/1.1" 200 6269 "-" "Mozilla/5.0 (compatible; YandexBot/3.0; +http://yandex.com/bots)"
87.250.224.32 - - [06/Dec/2017:08:02:57 +0100] "GET /am.spitz/10291241?FS=A2B HTTP/1.1" 200 6335 "-" "Mozilla/5.0 (compatible; YandexBot/3.0; +http://yandex.com/bots)"
87.250.224.32 - - [06/Dec/2017:08:02:59 +0100] "GET /am.spitz/10291244?FS=BE96 HTTP/1.1" 200 6107 "-" "Mozilla/5.0 (compatible; YandexBot/3.0; +http://yandex.com/bots)"
87.250.224.32 - - [06/Dec/2017:08:03:02 +0100] "GET /am.spitz/10280862?FS=A2B HTTP/1.1" 410 3379 "-" "Mozilla/5.0 (compatible; YandexBot/3.0; +http://yandex.com/bots)"
87.250.224.32 - - [06/Dec/2017:08:03:05 +0100] "GET /am.spitz/10291241?FS=AM HTTP/1.1" 200 5757 "-" "Mozilla/5.0 (compatible; YandexBot/3.0; +http://yandex.com/bots)"
212.95.8.211 - - [06/Dec/2017:08:03:07 +0100] "GET /zwettl HTTP/1.1" 200 2912 "http://www.google.at/" "Mozilla/5.0 (Linux; Android 6.0; ALE-L21 Build/HuaweiALE-L21) AppleWebKit/537.36 (KHTML, like Gecko) Chrome/62.0.3202.84 Mobile Safari/537.36"
87.250.224.32 - - [06/Dec/2017:08:03:08 +0100] "GET /am.spitz/10281096?FS=A2B HTTP/1.1" 200 5967 "-" "Mozilla/5.0 (compatible; YandexBot/3.0; +http://yandex.com/bots)"
46.125.249.40 - - [06/Dec/2017:08:03:10 +0100] "GET /hartberg HTTP/1.1" 200 3560 "https://www.easydrivers.at/hartberg" "Mozilla/5.0 (Windows NT 10.0; Win64; x64; rv:56.0) Gecko/20100101 Firefox/56.0"
87.250.224.32 - - [06/Dec/2017:08:03:10 +0100] "GET /am.spitz/10281318?FS=A2B HTTP/1.1" 410 3379 "-" "Mozilla/5.0 (compatible; YandexBot/3.0; +http://yandex.com/bots)"
