91.113.37.175 - - [06/Dec/2017:05:36:36 +0100] "GET /img/loading-bars.gif HTTP/1.1" 200 3951 "https://www.easydrivers.at/css/mobile.css" "Mozilla/5.0 (Linux; Android 6.0.1; SM-N910F Build/MMB29M; wv) AppleWebKit/537.36 (KHTML, like Gecko) Version/4.0 Chrome/55.0.2883.91 Mobile Safari/537.36 [FB_IAB/FB4A;FBAV/151.0.0.44.205;]"
66.249.76.76 - - [06/Dec/2017:05:36:43 +0100] "GET /neunkirchen/10254364 HTTP/1.1" 301 308 "-" "Mozilla/5.0 (compatible; Googlebot/2.1; +http://www.google.com/bot.html)"
66.249.76.82 - - [06/Dec/2017:05:36:44 +0100] "GET /neunkirchen/10254364 HTTP/1.1" 200 3338 "-" "Mozilla/5.0 (compatible; Googlebot/2.1; +http://www.google.com/bot.html)"
87.250.224.32 - - [06/Dec/2017:05:36:55 +0100] "GET /amstetten/abendkurs-jan18?FS=B-L17 HTTP/1.1" 200 5803 "-" "Mozilla/5.0 (compatible; YandexBot/3.0; +http://yandex.com/bots)"
194.96.30.204 - - [06/Dec/2017:05:36:58 +0100] "GET /krems/10276251 HTTP/1.1" 200 3274 "http://m.facebook.com/" "Mozilla/5.0 (Linux; Android 7.0; VTR-L09 Build/HUAWEIVTR-L09; wv) AppleWebKit/537.36 (KHTML, like Gecko) Version/4.0 Chrome/62.0.3202.84 Mobile Safari/537.36 [FB_IAB/FB4A;FBAV/151.0.0.44.205;]"
87.250.224.32 - - [06/Dec/2017:05:37:17 +0100] "GET /hollabrunn/Grundkurs_III_Sommer_2018?FS=A1 HTTP/1.1" 200 6318 "-" "Mozilla/5.0 (compatible; YandexBot/3.0; +http://yandex.com/bots)"
91.113.37.175 - - [06/Dec/2017:05:37:22 +0100] "POST /loadkursliste HTTP/1.1" 200 392 "https://www.easydrivers.at/tulln/kurse" "Mozilla/5.0 (Linux; Android 6.0.1; SM-N910F Build/MMB29M; wv) AppleWebKit/537.36 (KHTML, like Gecko) Version/4.0 Chrome/55.0.2883.91 Mobile Safari/537.36 [FB_IAB/FB4A;FBAV/151.0.0.44.205;]"
91.113.37.175 - - [06/Dec/2017:05:37:32 +0100] "GET /tulln/Motorradkurs_1Kurstag_Weihnachtskurs_2017?FS=A HTTP/1.1" 200 3140 "https://www.easydrivers.at/tulln/kurse" "Mozilla/5.0 (Linux; Android 6.0.1; SM-N910F Build/MMB29M; wv) AppleWebKit/537.36 (KHTML, like Gecko) Version/4.0 Chrome/55.0.2883.91 Mobile Safari/537.36 [FB_IAB/FB4A;FBAV/151.0.0.44.205;]"
87.250.224.32 - - [06/Dec/2017:05:37:45 +0100] "GET /amstetten/abendkurs-mai18.1?FS=BL1796 HTTP/1.1" 200 6104 "-" "Mozilla/5.0 (compatible; YandexBot/3.0; +http://yandex.com/bots)"
87.250.224.32 - - [06/Dec/2017:05:37:54 +0100] "GET /hollabrunn/Motorradkurs_III_Sommer_2018?FS=A1L17 HTTP/1.1" 200 6489 "-" "Mozilla/5.0 (compatible; YandexBot/3.0; +http://yandex.com/bots)"
91.113.37.175 - - [06/Dec/2017:05:38:02 +0100] "GET /tulln/kurse HTTP/1.1" 200 3204 "https://www.easydrivers.at/tulln/Weihnachtskurs_Abendkurs_Dezember_2017?FS=B" "Mozilla/5.0 (Linux; Android 6.0.1; SM-N910F Build/MMB29M; wv) AppleWebKit/537.36 (KHTML, like Gecko) Version/4.0 Chrome/55.0.2883.91 Mobile Safari/537.36 [FB_IAB/FB4A;FBAV/151.0.0.44.205;]"
91.113.37.175 - - [06/Dec/2017:05:38:05 +0100] "POST /loadkursliste HTTP/1.1" 200 392 "https://www.easydrivers.at/tulln/kurse" "Mozilla/5.0 (Linux; Android 6.0.1; SM-N910F Build/MMB29M; wv) AppleWebKit/537.36 (KHTML, like Gecko) Version/4.0 Chrome/55.0.2883.91 Mobile Safari/537.36 [FB_IAB/FB4A;FBAV/151.0.0.44.205;]"
91.113.37.175 - - [06/Dec/2017:05:38:06 +0100] "GET /tulln/Weihnachtskurs_Abendkurs_Dezember_2017?FS=B HTTP/1.1" 200 3265 "http://m.facebook.com/" "Mozilla/5.0 (Linux; Android 6.0.1; SM-N910F Build/MMB29M; wv) AppleWebKit/537.36 (KHTML, like Gecko) Version/4.0 Chrome/55.0.2883.91 Mobile Safari/537.36 [FB_IAB/FB4A;FBAV/151.0.0.44.205;]"
87.250.224.32 - - [06/Dec/2017:05:38:15 +0100] "GET /hollabrunn/Grundkurs_I_Sommer_2018?FS=BL1796 HTTP/1.1" 200 6733 "-" "Mozilla/5.0 (compatible; YandexBot/3.0; +http://yandex.com/bots)"
5.255.253.14 - - [06/Dec/2017:05:38:38 +0100] "GET /binaries/easy-drivers-portal/e-bike-lehrpersonaljpg.jpg HTTP/1.1" 301 326 "-" "Mozilla/5.0 (compatible; YandexImages/3.0; +http://yandex.com/bots)"
178.154.171.72 - - [06/Dec/2017:05:38:38 +0100] "GET /binaries/easy-drivers-portal/e-bike-lehrpersonaljpg.jpg HTTP/1.1" 304 - "-" "Mozilla/5.0 (compatible; YandexImages/3.0; +http://yandex.com/bots)"
207.46.13.43 - - [06/Dec/2017:05:39:11 +0100] "GET /binaries/10254372.jpg HTTP/1.1" 301 309 "-" "Mozilla/5.0 (compatible; bingbot/2.0; +http://www.bing.com/bingbot.htm)"
207.46.13.43 - - [06/Dec/2017:05:39:13 +0100] "GET /binaries/10254372.jpg HTTP/1.1" 200 93166 "-" "Mozilla/5.0 (compatible; bingbot/2.0; +http://www.bing.com/bingbot.htm)"
207.46.13.43 - - [06/Dec/2017:05:39:20 +0100] "GET /krems/AM-Kurs-August_2017?FS=AM-M HTTP/1.1" 410 3555 "-" "Mozilla/5.0 (compatible; bingbot/2.0; +http://www.bing.com/bingbot.htm)"
87.250.224.32 - - [06/Dec/2017:05:39:51 +0100] "GET /hollabrunn/Grundkurs_III_Sommer_2018?FS=A2B HTTP/1.1" 200 6483 "-" "Mozilla/5.0 (compatible; YandexBot/3.0; +http://yandex.com/bots)"
188.163.73.8 - - [06/Dec/2017:05:41:20 +0100] "GET /skarabela.gross-enzersdorf HTTP/1.1" 301 413 "http://www.krimoved.crimea.ua/" "Opera/9.0 (Windows NT 5.1; U; en)"
188.163.73.8 - - [06/Dec/2017:05:41:21 +0100] "GET /skarabela.gross-enzersdorf HTTP/1.1" 301 413 "http://www.krimoved.crimea.ua/" "Opera/9.0 (Windows NT 5.1; U; en)"
207.46.13.137 - - [06/Dec/2017:05:41:22 +0100] "GET /schwechat/kursauswahl HTTP/1.1" 200 3668 "-" "Mozilla/5.0 (compatible; bingbot/2.0; +http://www.bing.com/bingbot.htm)"
137.74.207.170 - - [06/Dec/2017:05:41:35 +0100] "GET /ennstal.schladming/kurse HTTP/1.1" 301 309 "-" "Mozilla/5.0 (compatible; AhrefsBot/5.2; +http://ahrefs.com/robot/)"
68.180.229.185 - - [06/Dec/2017:05:42:19 +0100] "GET /wallensteinplatz/aktionen HTTP/1.1" 200 3867 "-" "Mozilla/5.0 (compatible; Yahoo! Slurp; http://help.yahoo.com/help/us/ysearch/slurp)"
40.77.167.72 - - [06/Dec/2017:05:42:49 +0100] "GET /bruck.leitha/10290861?FS=BZ HTTP/1.1" 200 5401 "-" "Mozilla/5.0 (compatible; bingbot/2.0; +http://www.bing.com/bingbot.htm)"
194.166.150.143 - - [06/Dec/2017:05:43:12 +0100] "GET /hollabrunn/Grundkurs_Weihnachten_2017?FS=B HTTP/1.1" 200 3287 "http://m.facebook.com" "Mozilla/5.0 (iPhone; CPU iPhone OS 11_2 like Mac OS X) AppleWebKit/604.4.7 (KHTML, like Gecko) Mobile/15C114 [FBAN/FBIOS;FBAV/151.0.0.61.202;FBBV/82156572;FBDV/iPhone10,6;FBMD/iPhone;FBSN/iOS;FBSV/11.2;FBSS/3;FBCR/Carrier;FBID/phone;FBLC/de_DE;FBOP/5;FBRV/82892895]"
46.124.92.138 - - [06/Dec/2017:05:43:49 +0100] "GET /st.valentin/10293790?FS=B HTTP/1.1" 200 3077 "http://m.facebook.com" "Mozilla/5.0 (iPhone; CPU iPhone OS 10_2_1 like Mac OS X) AppleWebKit/602.4.6 (KHTML, like Gecko) Mobile/14D27 [FBAN/FBIOS;FBAV/151.0.0.61.202;FBBV/82156572;FBDV/iPhone7,2;FBMD/iPhone;FBSN/iOS;FBSV/10.2.1;FBSS/2;FBCR/3Austria;FBID/phone;FBLC/de_DE;FBOP/5;FBRV/82892895]"
207.46.13.137 - - [06/Dec/2017:05:43:52 +0100] "GET /hollabrunn/Grundkurs_Semesterferien_2018?FS=A1 HTTP/1.1" 200 6305 "-" "Mozilla/5.0 (compatible; bingbot/2.0; +http://www.bing.com/bingbot.htm)"
66.249.76.80 - - [06/Dec/2017:05:44:13 +0100] "GET /download.php?id=10265875 HTTP/1.1" 200 30654 "-" "Mozilla/5.0 (compatible; Googlebot/2.1; +http://www.google.com/bot.html)"
90.146.150.81 - - [06/Dec/2017:05:44:36 +0100] "GET /enns/Abendkurs-22Dez2016?FS=B HTTP/1.1" 404 3065 "http://m.facebook.com" "Mozilla/5.0 (iPhone; CPU iPhone OS 10_0_1 like Mac OS X) AppleWebKit/602.1.50 (KHTML, like Gecko) Mobile/14A403 [FBAN/FBIOS;FBAV/148.0.0.45.64;FBBV/78032376;FBDV/iPhone7,2;FBMD/iPhone;FBSN/iOS;FBSV/10.0.1;FBSS/2;FBCR/tele.ring;FBID/phone;FBLC/de_DE;FBOP/5;FBRV/79865963]"
212.95.7.119 - - [06/Dec/2017:05:44:54 +0100] "GET /fuehrerscheine/motorrad HTTP/1.1" 301 306 "https://www.google.at/" "Mozilla/5.0 (iPhone; CPU iPhone OS 10_3_3 like Mac OS X) AppleWebKit/603.3.8 (KHTML, like Gecko) Version/10.0 Mobile/14G60 Safari/602.1"
46.125.249.31 - - [06/Dec/2017:05:44:54 +0100] "GET /fuehrerscheine/motorrad HTTP/1.1" 200 4595 "https://www.google.at/" "Mozilla/5.0 (iPhone; CPU iPhone OS 10_3_3 like Mac OS X) AppleWebKit/603.3.8 (KHTML, like Gecko) Version/10.0 Mobile/14G60 Safari/602.1"
46.125.249.31 - - [06/Dec/2017:05:44:56 +0100] "GET /css/mobile.css HTTP/1.1" 200 2852 "https://www.easydrivers.at/fuehrerscheine/motorrad" "Mozilla/5.0 (iPhone; CPU iPhone OS 10_3_3 like Mac OS X) AppleWebKit/603.3.8 (KHTML, like Gecko) Version/10.0 Mobile/14G60 Safari/602.1"
46.125.249.31 - - [06/Dec/2017:05:44:56 +0100] "GET /javascript/mobile-menu.js HTTP/1.1" 200 1634 "https://www.easydrivers.at/fuehrerscheine/motorrad" "Mozilla/5.0 (iPhone; CPU iPhone OS 10_3_3 like Mac OS X) AppleWebKit/603.3.8 (KHTML, like Gecko) Version/10.0 Mobile/14G60 Safari/602.1"
46.125.249.31 - - [06/Dec/2017:05:44:56 +0100] "GET /javascript/jquery-1.9.1.min.js HTTP/1.1" 200 32731 "https://www.easydrivers.at/fuehrerscheine/motorrad" "Mozilla/5.0 (iPhone; CPU iPhone OS 10_3_3 like Mac OS X) AppleWebKit/603.3.8 (KHTML, like Gecko) Version/10.0 Mobile/14G60 Safari/602.1"
46.125.249.31 - - [06/Dec/2017:05:44:56 +0100] "GET /javascript/jquery.cookie.js HTTP/1.1" 200 863 "https://www.easydrivers.at/fuehrerscheine/motorrad" "Mozilla/5.0 (iPhone; CPU iPhone OS 10_3_3 like Mac OS X) AppleWebKit/603.3.8 (KHTML, like Gecko) Version/10.0 Mobile/14G60 Safari/602.1"
46.125.249.31 - - [06/Dec/2017:05:44:56 +0100] "GET /javascript/jquery.simplemodal.js HTTP/1.1" 200 3070 "https://www.easydrivers.at/fuehrerscheine/motorrad" "Mozilla/5.0 (iPhone; CPU iPhone OS 10_3_3 like Mac OS X) AppleWebKit/603.3.8 (KHTML, like Gecko) Version/10.0 Mobile/14G60 Safari/602.1"
46.125.249.31 - - [06/Dec/2017:05:44:56 +0100] "GET /img/mobile/easydrivers-logo-mobile.png HTTP/1.1" 200 10766 "https://www.easydrivers.at/fuehrerscheine/motorrad" "Mozilla/5.0 (iPhone; CPU iPhone OS 10_3_3 like Mac OS X) AppleWebKit/603.3.8 (KHTML, like Gecko) Version/10.0 Mobile/14G60 Safari/602.1"
46.125.249.31 - - [06/Dec/2017:05:44:56 +0100] "GET /javascript/mobile-license.js HTTP/1.1" 200 216 "https://www.easydrivers.at/fuehrerscheine/motorrad" "Mozilla/5.0 (iPhone; CPU iPhone OS 10_3_3 like Mac OS X) AppleWebKit/603.3.8 (KHTML, like Gecko) Version/10.0 Mobile/14G60 Safari/602.1"
46.125.249.31 - - [06/Dec/2017:05:44:56 +0100] "GET /javascript/lazyload.js HTTP/1.1" 200 1170 "https://www.easydrivers.at/fuehrerscheine/motorrad" "Mozilla/5.0 (iPhone; CPU iPhone OS 10_3_3 like Mac OS X) AppleWebKit/603.3.8 (KHTML, like Gecko) Version/10.0 Mobile/14G60 Safari/602.1"
46.125.249.31 - - [06/Dec/2017:05:44:56 +0100] "GET /img/mobile/menu-button.png HTTP/1.1" 200 1746 "https://www.easydrivers.at/fuehrerscheine/motorrad" "Mozilla/5.0 (iPhone; CPU iPhone OS 10_3_3 like Mac OS X) AppleWebKit/603.3.8 (KHTML, like Gecko) Version/10.0 Mobile/14G60 Safari/602.1"
46.125.249.31 - - [06/Dec/2017:05:44:56 +0100] "GET /img/mobile/close-button.png HTTP/1.1" 200 2411 "https://www.easydrivers.at/fuehrerscheine/motorrad" "Mozilla/5.0 (iPhone; CPU iPhone OS 10_3_3 like Mac OS X) AppleWebKit/603.3.8 (KHTML, like Gecko) Version/10.0 Mobile/14G60 Safari/602.1"
46.125.249.31 - - [06/Dec/2017:05:44:56 +0100] "GET /img/mobile/facebook-icon.png HTTP/1.1" 200 1902 "https://www.easydrivers.at/fuehrerscheine/motorrad" "Mozilla/5.0 (iPhone; CPU iPhone OS 10_3_3 like Mac OS X) AppleWebKit/603.3.8 (KHTML, like Gecko) Version/10.0 Mobile/14G60 Safari/602.1"
46.125.249.31 - - [06/Dec/2017:05:44:56 +0100] "GET /img/mobile/bg-header.jpg HTTP/1.1" 200 19741 "https://www.easydrivers.at/fuehrerscheine/motorrad" "Mozilla/5.0 (iPhone; CPU iPhone OS 10_3_3 like Mac OS X) AppleWebKit/603.3.8 (KHTML, like Gecko) Version/10.0 Mobile/14G60 Safari/602.1"
46.125.249.31 - - [06/Dec/2017:05:44:56 +0100] "GET /img/mobile/bg-menu.jpg HTTP/1.1" 200 1698 "https://www.easydrivers.at/fuehrerscheine/motorrad" "Mozilla/5.0 (iPhone; CPU iPhone OS 10_3_3 like Mac OS X) AppleWebKit/603.3.8 (KHTML, like Gecko) Version/10.0 Mobile/14G60 Safari/602.1"
46.125.249.31 - - [06/Dec/2017:05:44:56 +0100] "GET /img/mobile/weiter-button.png HTTP/1.1" 200 1670 "https://www.easydrivers.at/fuehrerscheine/motorrad" "Mozilla/5.0 (iPhone; CPU iPhone OS 10_3_3 like Mac OS X) AppleWebKit/603.3.8 (KHTML, like Gecko) Version/10.0 Mobile/14G60 Safari/602.1"
46.125.249.31 - - [06/Dec/2017:05:44:56 +0100] "GET /img/mobile/bg-yellow.jpg HTTP/1.1" 200 1569 "https://www.easydrivers.at/fuehrerscheine/motorrad" "Mozilla/5.0 (iPhone; CPU iPhone OS 10_3_3 like Mac OS X) AppleWebKit/603.3.8 (KHTML, like Gecko) Version/10.0 Mobile/14G60 Safari/602.1"
62.178.215.108 - - [06/Dec/2017:05:44:58 +0100] "GET /brigittenau/10268964 HTTP/1.1" 200 2887 "http://m.facebook.com/" "Mozilla/5.0 (Linux; Android 7.0; SM-G950F Build/NRD90M; wv) AppleWebKit/537.36 (KHTML, like Gecko) Version/4.0 Chrome/62.0.3202.84 Mobile Safari/537.36 [FB_IAB/FB4A;FBAV/152.0.0.42.136;]"
80.108.226.245 - - [06/Dec/2017:05:45:09 +0100] "GET / HTTP/1.1" 200 3554 "android-app://com.google.android.googlequicksearchbox" "Mozilla/5.0 (Linux; Android 7.0; SM-G955F Build/NRD90M) AppleWebKit/537.36 (KHTML, like Gecko) Chrome/62.0.3202.84 Mobile Safari/537.36"
80.108.226.245 - - [06/Dec/2017:05:45:29 +0100] "POST /suche HTTP/1.1" 200 5819 "https://www.easydrivers.at/" "Mozilla/5.0 (Linux; Android 7.0; SM-G955F Build/NRD90M) AppleWebKit/537.36 (KHTML, like Gecko) Chrome/62.0.3202.84 Mobile Safari/537.36"
46.125.249.31 - - [06/Dec/2017:05:45:53 +0100] "GET /img/mobile/pfeil-links-small.png HTTP/1.1" 200 1065 "https://www.easydrivers.at/fuehrerscheine/motorrad" "Mozilla/5.0 (iPhone; CPU iPhone OS 10_3_3 like Mac OS X) AppleWebKit/603.3.8 (KHTML, like Gecko) Version/10.0 Mobile/14G60 Safari/602.1"
46.125.249.31 - - [06/Dec/2017:05:45:53 +0100] "GET /img/mobile/pfeil-rechts-small.png HTTP/1.1" 200 1056 "https://www.easydrivers.at/fuehrerscheine/motorrad" "Mozilla/5.0 (iPhone; CPU iPhone OS 10_3_3 like Mac OS X) AppleWebKit/603.3.8 (KHTML, like Gecko) Version/10.0 Mobile/14G60 Safari/602.1"
80.108.226.245 - - [06/Dec/2017:05:45:53 +0100] "GET / HTTP/1.1" 200 3554 "android-app://com.google.android.googlequicksearchbox" "Mozilla/5.0 (Linux; Android 7.0; SM-G955F Build/NRD90M) AppleWebKit/537.36 (KHTML, like Gecko) Chrome/62.0.3202.84 Mobile Safari/537.36"
40.77.167.72 - - [06/Dec/2017:05:45:55 +0100] "GET /bruck.leitha/10290883?FS=C HTTP/1.1" 200 5678 "-" "Mozilla/5.0 (compatible; bingbot/2.0; +http://www.bing.com/bingbot.htm)"
213.147.167.232 - - [06/Dec/2017:05:45:59 +0100] "GET /linz/10286170?FS=B HTTP/1.1" 200 3158 "http://m.facebook.com" "Mozilla/5.0 (iPhone; CPU iPhone OS 11_1_2 like Mac OS X) AppleWebKit/604.3.5 (KHTML, like Gecko) Mobile/15B202 [FBAN/FBIOS;FBAV/151.0.0.61.202;FBBV/82156572;FBDV/iPhone9,4;FBMD/iPhone;FBSN/iOS;FBSV/11.1.2;FBSS/3;FBCR/Carrier;FBID/phone;FBLC/ro_RO;FBOP/5;FBRV/83160404]"
213.147.167.232 - - [06/Dec/2017:05:46:02 +0100] "GET /linz/img/mobile/easydrivers-logo-mobile.png HTTP/1.1" 404 3046 "-" "Mozilla/5.0 (iPhone; CPU iPhone OS 11_1_2 like Mac OS X) AppleWebKit/604.3.5 (KHTML, like Gecko) Mobile/15B202 [FBAN/FBIOS;FBAV/151.0.0.61.202;FBBV/82156572;FBDV/iPhone9,4;FBMD/iPhone;FBSN/iOS;FBSV/11.1.2;FBSS/3;FBCR/Carrier;FBID/phone;FBLC/ro_RO;FBOP/5;FBRV/83160404]"
80.108.226.245 - - [06/Dec/2017:05:46:22 +0100] "GET / HTTP/1.1" 301 293 "https://www.google.at/" "Mozilla/5.0 (Linux; Android 7.0; SM-G955F Build/NRD90M) AppleWebKit/537.36 (KHTML, like Gecko) Chrome/62.0.3202.84 Mobile Safari/537.36"
80.108.226.245 - - [06/Dec/2017:05:46:22 +0100] "GET / HTTP/1.1" 200 3554 "https://www.google.at/" "Mozilla/5.0 (Linux; Android 7.0; SM-G955F Build/NRD90M) AppleWebKit/537.36 (KHTML, like Gecko) Chrome/62.0.3202.84 Mobile Safari/537.36"
80.108.226.245 - - [06/Dec/2017:05:46:32 +0100] "GET / HTTP/1.1" 200 3554 "-" "Mozilla/5.0 (Linux; Android 7.0; SM-G955F Build/NRD90M) AppleWebKit/537.36 (KHTML, like Gecko) Chrome/62.0.3202.84 Mobile Safari/537.36"
213.147.167.232 - - [06/Dec/2017:05:46:32 +0100] "GET /linz/img/mobile/menu-button.png HTTP/1.1" 404 3052 "-" "Mozilla/5.0 (iPhone; CPU iPhone OS 11_1_2 like Mac OS X) AppleWebKit/604.3.5 (KHTML, like Gecko) Mobile/15B202 [FBAN/FBIOS;FBAV/151.0.0.61.202;FBBV/82156572;FBDV/iPhone9,4;FBMD/iPhone;FBSN/iOS;FBSV/11.1.2;FBSS/3;FBCR/Carrier;FBID/phone;FBLC/ro_RO;FBOP/5;FBRV/83160404]"
68.180.229.185 - - [06/Dec/2017:05:46:39 +0100] "GET /st.valentin/aktionen HTTP/1.1" 200 2944 "-" "Mozilla/5.0 (compatible; Yahoo! Slurp; http://help.yahoo.com/help/us/ysearch/slurp)"
46.125.249.31 - - [06/Dec/2017:05:46:44 +0100] "POST / HTTP/1.1" 200 3559 "https://www.easydrivers.at/fuehrerscheine/motorrad" "Mozilla/5.0 (iPhone; CPU iPhone OS 10_3_3 like Mac OS X) AppleWebKit/603.3.8 (KHTML, like Gecko) Version/10.0 Mobile/14G60 Safari/602.1"
46.125.249.31 - - [06/Dec/2017:05:46:45 +0100] "GET /img/mobile/widget-icon-app.png HTTP/1.1" 200 3458 "https://www.easydrivers.at/" "Mozilla/5.0 (iPhone; CPU iPhone OS 10_3_3 like Mac OS X) AppleWebKit/603.3.8 (KHTML, like Gecko) Version/10.0 Mobile/14G60 Safari/602.1"
46.125.249.31 - - [06/Dec/2017:05:46:45 +0100] "GET /javascript/mobile-homesearch.js HTTP/1.1" 200 340 "https://www.easydrivers.at/" "Mozilla/5.0 (iPhone; CPU iPhone OS 10_3_3 like Mac OS X) AppleWebKit/603.3.8 (KHTML, like Gecko) Version/10.0 Mobile/14G60 Safari/602.1"
46.125.249.31 - - [06/Dec/2017:05:46:46 +0100] "GET /img/mobile/pfeil-rechts.png HTTP/1.1" 200 1228 "https://www.easydrivers.at/" "Mozilla/5.0 (iPhone; CPU iPhone OS 10_3_3 like Mac OS X) AppleWebKit/603.3.8 (KHTML, like Gecko) Version/10.0 Mobile/14G60 Safari/602.1"
46.125.249.31 - - [06/Dec/2017:05:46:46 +0100] "GET /img/mobile/bg-top-section.jpg HTTP/1.1" 200 21711 "https://www.easydrivers.at/" "Mozilla/5.0 (iPhone; CPU iPhone OS 10_3_3 like Mac OS X) AppleWebKit/603.3.8 (KHTML, like Gecko) Version/10.0 Mobile/14G60 Safari/602.1"
40.77.167.72 - - [06/Dec/2017:05:46:45 +0100] "GET /portal/ HTTP/1.1" 200 4440 "-" "Mozilla/5.0 (compatible; bingbot/2.0; +http://www.bing.com/bingbot.htm)"
46.125.249.31 - - [06/Dec/2017:05:46:50 +0100] "GET /fuehrerscheine/motorrad HTTP/1.1" 200 4595 "https://www.google.at/" "Mozilla/5.0 (iPhone; CPU iPhone OS 10_3_3 like Mac OS X) AppleWebKit/603.3.8 (KHTML, like Gecko) Version/10.0 Mobile/14G60 Safari/602.1"
80.108.226.245 - - [06/Dec/2017:05:46:53 +0100] "-" 408 - "-" "-"
80.108.226.245 - - [06/Dec/2017:05:46:53 +0100] "-" 408 - "-" "-"
80.108.226.245 - - [06/Dec/2017:05:46:53 +0100] "-" 408 - "-" "-"
80.108.226.245 - - [06/Dec/2017:05:46:53 +0100] "-" 408 - "-" "-"
80.108.226.245 - - [06/Dec/2017:05:46:53 +0100] "-" 408 - "-" "-"
212.95.7.119 - - [06/Dec/2017:05:46:59 +0100] "GET / HTTP/1.1" 301 293 "https://www.google.at/" "Mozilla/5.0 (iPhone; CPU iPhone OS 10_3_3 like Mac OS X) AppleWebKit/603.3.8 (KHTML, like Gecko) Version/10.0 Mobile/14G60 Safari/602.1"
46.125.249.31 - - [06/Dec/2017:05:46:59 +0100] "GET / HTTP/1.1" 200 3554 "https://www.google.at/" "Mozilla/5.0 (iPhone; CPU iPhone OS 10_3_3 like Mac OS X) AppleWebKit/603.3.8 (KHTML, like Gecko) Version/10.0 Mobile/14G60 Safari/602.1"
213.147.167.232 - - [06/Dec/2017:05:47:04 +0100] "GET /linz/img/mobile/close-button.png HTTP/1.1" 404 3054 "-" "Mozilla/5.0 (iPhone; CPU iPhone OS 11_1_2 like Mac OS X) AppleWebKit/604.3.5 (KHTML, like Gecko) Mobile/15B202 [FBAN/FBIOS;FBAV/151.0.0.61.202;FBBV/82156572;FBDV/iPhone9,4;FBMD/iPhone;FBSN/iOS;FBSV/11.1.2;FBSS/3;FBCR/Carrier;FBID/phone;FBLC/ro_RO;FBOP/5;FBRV/83160404]"
213.147.167.232 - - [06/Dec/2017:05:47:34 +0100] "GET /linz/img/mobile/facebook-icon.png HTTP/1.1" 404 3052 "-" "Mozilla/5.0 (iPhone; CPU iPhone OS 11_1_2 like Mac OS X) AppleWebKit/604.3.5 (KHTML, like Gecko) Mobile/15B202 [FBAN/FBIOS;FBAV/151.0.0.61.202;FBBV/82156572;FBDV/iPhone9,4;FBMD/iPhone;FBSN/iOS;FBSV/11.1.2;FBSS/3;FBCR/Carrier;FBID/phone;FBLC/ro_RO;FBOP/5;FBRV/83160404]"
62.46.155.69 - - [06/Dec/2017:05:47:51 +0100] "GET /perg/10293777?FS=B HTTP/1.1" 200 3030 "http://m.facebook.com" "Mozilla/5.0 (iPhone; CPU iPhone OS 11_1_2 like Mac OS X) AppleWebKit/604.3.5 (KHTML, like Gecko) Mobile/15B202 [FBAN/FBIOS;FBAV/151.0.0.61.202;FBBV/82156572;FBDV/iPhone8,4;FBMD/iPhone;FBSN/iOS;FBSV/11.1.2;FBSS/2;FBCR/T-MobileA;FBID/phone;FBLC/de_DE;FBOP/5;FBRV/83160404]"
212.95.7.119 - - [06/Dec/2017:05:47:54 +0100] "GET /fuehrerscheine/auto HTTP/1.1" 301 304 "https://www.google.at/" "Mozilla/5.0 (iPhone; CPU iPhone OS 10_3_3 like Mac OS X) AppleWebKit/603.3.8 (KHTML, like Gecko) Version/10.0 Mobile/14G60 Safari/602.1"
46.125.249.31 - - [06/Dec/2017:05:47:54 +0100] "GET /fuehrerscheine/auto HTTP/1.1" 200 5442 "https://www.google.at/" "Mozilla/5.0 (iPhone; CPU iPhone OS 10_3_3 like Mac OS X) AppleWebKit/603.3.8 (KHTML, like Gecko) Version/10.0 Mobile/14G60 Safari/602.1"
207.46.13.137 - - [06/Dec/2017:05:48:02 +0100] "GET /binaries/10250947.jpg HTTP/1.1" 301 309 "-" "Mozilla/5.0 (compatible; bingbot/2.0; +http://www.bing.com/bingbot.htm)"
207.46.13.137 - - [06/Dec/2017:05:48:04 +0100] "GET /binaries/10250947.jpg HTTP/1.1" 200 73604 "-" "Mozilla/5.0 (compatible; bingbot/2.0; +http://www.bing.com/bingbot.htm)"
213.147.167.232 - - [06/Dec/2017:05:48:06 +0100] "GET /linz/img/mobile/info-button.png HTTP/1.1" 404 3055 "-" "Mozilla/5.0 (iPhone; CPU iPhone OS 11_1_2 like Mac OS X) AppleWebKit/604.3.5 (KHTML, like Gecko) Mobile/15B202 [FBAN/FBIOS;FBAV/151.0.0.61.202;FBBV/82156572;FBDV/iPhone9,4;FBMD/iPhone;FBSN/iOS;FBSV/11.1.2;FBSS/3;FBCR/Carrier;FBID/phone;FBLC/ro_RO;FBOP/5;FBRV/83160404]"
157.55.39.65 - - [06/Dec/2017:05:48:30 +0100] "GET /binaries/easy-drivers-portal/moped4jpg.jpg HTTP/1.1" 200 74241 "-" "Mozilla/5.0 (compatible; bingbot/2.0; +http://www.bing.com/bingbot.htm)"
213.147.167.232 - - [06/Dec/2017:05:48:36 +0100] "GET /linz/img/mobile/info-close-button.png HTTP/1.1" 404 3058 "-" "Mozilla/5.0 (iPhone; CPU iPhone OS 11_1_2 like Mac OS X) AppleWebKit/604.3.5 (KHTML, like Gecko) Mobile/15B202 [FBAN/FBIOS;FBAV/151.0.0.61.202;FBBV/82156572;FBDV/iPhone9,4;FBMD/iPhone;FBSN/iOS;FBSV/11.1.2;FBSS/3;FBCR/Carrier;FBID/phone;FBLC/ro_RO;FBOP/5;FBRV/83160404]"
213.147.167.232 - - [06/Dec/2017:05:49:11 +0100] "GET /linz/img/smallicon-address.png HTTP/1.1" 404 3057 "-" "Mozilla/5.0 (iPhone; CPU iPhone OS 11_1_2 like Mac OS X) AppleWebKit/604.3.5 (KHTML, like Gecko) Mobile/15B202 [FBAN/FBIOS;FBAV/151.0.0.61.202;FBBV/82156572;FBDV/iPhone9,4;FBMD/iPhone;FBSN/iOS;FBSV/11.1.2;FBSS/3;FBCR/Carrier;FBID/phone;FBLC/ro_RO;FBOP/5;FBRV/83160404]"
62.46.101.55 - - [06/Dec/2017:05:49:34 +0100] "GET /hollabrunn/Grundkurs_Weihnachten_2017?FS=B HTTP/1.1" 200 3287 "http://m.facebook.com/" "Mozilla/5.0 (Linux; Android 5.1.1; SM-J120FN Build/LMY47X; wv) AppleWebKit/537.36 (KHTML, like Gecko) Version/4.0 Chrome/62.0.3202.84 Mobile Safari/537.36 [FB_IAB/FB4A;FBAV/151.0.0.44.205;]"
62.46.101.55 - - [06/Dec/2017:05:49:36 +0100] "GET /css/mobile.css HTTP/1.1" 200 2852 "https://www.easydrivers.at/hollabrunn/Grundkurs_Weihnachten_2017?FS=B" "Mozilla/5.0 (Linux; Android 5.1.1; SM-J120FN Build/LMY47X; wv) AppleWebKit/537.36 (KHTML, like Gecko) Version/4.0 Chrome/62.0.3202.84 Mobile Safari/537.36 [FB_IAB/FB4A;FBAV/151.0.0.44.205;]"
62.46.101.55 - - [06/Dec/2017:05:49:36 +0100] "GET /javascript/jquery-1.9.1.min.js HTTP/1.1" 200 32731 "https://www.easydrivers.at/hollabrunn/Grundkurs_Weihnachten_2017?FS=B" "Mozilla/5.0 (Linux; Android 5.1.1; SM-J120FN Build/LMY47X; wv) AppleWebKit/537.36 (KHTML, like Gecko) Version/4.0 Chrome/62.0.3202.84 Mobile Safari/537.36 [FB_IAB/FB4A;FBAV/151.0.0.44.205;]"
62.46.101.55 - - [06/Dec/2017:05:49:36 +0100] "GET /javascript/jquery.cookie.js HTTP/1.1" 200 863 "https://www.easydrivers.at/hollabrunn/Grundkurs_Weihnachten_2017?FS=B" "Mozilla/5.0 (Linux; Android 5.1.1; SM-J120FN Build/LMY47X; wv) AppleWebKit/537.36 (KHTML, like Gecko) Version/4.0 Chrome/62.0.3202.84 Mobile Safari/537.36 [FB_IAB/FB4A;FBAV/151.0.0.44.205;]"
62.46.101.55 - - [06/Dec/2017:05:49:36 +0100] "GET /javascript/mobile-menu.js HTTP/1.1" 200 1634 "https://www.easydrivers.at/hollabrunn/Grundkurs_Weihnachten_2017?FS=B" "Mozilla/5.0 (Linux; Android 5.1.1; SM-J120FN Build/LMY47X; wv) AppleWebKit/537.36 (KHTML, like Gecko) Version/4.0 Chrome/62.0.3202.84 Mobile Safari/537.36 [FB_IAB/FB4A;FBAV/151.0.0.44.205;]"
62.46.101.55 - - [06/Dec/2017:05:49:36 +0100] "GET /javascript/jquery.simplemodal.js HTTP/1.1" 200 3070 "https://www.easydrivers.at/hollabrunn/Grundkurs_Weihnachten_2017?FS=B" "Mozilla/5.0 (Linux; Android 5.1.1; SM-J120FN Build/LMY47X; wv) AppleWebKit/537.36 (KHTML, like Gecko) Version/4.0 Chrome/62.0.3202.84 Mobile Safari/537.36 [FB_IAB/FB4A;FBAV/151.0.0.44.205;]"
62.46.101.55 - - [06/Dec/2017:05:49:37 +0100] "GET /javascript/mobile-fahrschule.js HTTP/1.1" 200 328 "https://www.easydrivers.at/hollabrunn/Grundkurs_Weihnachten_2017?FS=B" "Mozilla/5.0 (Linux; Android 5.1.1; SM-J120FN Build/LMY47X; wv) AppleWebKit/537.36 (KHTML, like Gecko) Version/4.0 Chrome/62.0.3202.84 Mobile Safari/537.36 [FB_IAB/FB4A;FBAV/151.0.0.44.205;]"
62.46.101.55 - - [06/Dec/2017:05:49:37 +0100] "GET /javascript/lazyload.js HTTP/1.1" 200 1170 "https://www.easydrivers.at/hollabrunn/Grundkurs_Weihnachten_2017?FS=B" "Mozilla/5.0 (Linux; Android 5.1.1; SM-J120FN Build/LMY47X; wv) AppleWebKit/537.36 (KHTML, like Gecko) Version/4.0 Chrome/62.0.3202.84 Mobile Safari/537.36 [FB_IAB/FB4A;FBAV/151.0.0.44.205;]"
62.46.101.55 - - [06/Dec/2017:05:49:37 +0100] "GET /img/mobile/easydrivers-logo-mobile.png HTTP/1.1" 200 10766 "https://www.easydrivers.at/hollabrunn/Grundkurs_Weihnachten_2017?FS=B" "Mozilla/5.0 (Linux; Android 5.1.1; SM-J120FN Build/LMY47X; wv) AppleWebKit/537.36 (KHTML, like Gecko) Version/4.0 Chrome/62.0.3202.84 Mobile Safari/537.36 [FB_IAB/FB4A;FBAV/151.0.0.44.205;]"
62.46.101.55 - - [06/Dec/2017:05:49:37 +0100] "GET /img/mobile/menu-button.png HTTP/1.1" 200 1746 "https://www.easydrivers.at/hollabrunn/Grundkurs_Weihnachten_2017?FS=B" "Mozilla/5.0 (Linux; Android 5.1.1; SM-J120FN Build/LMY47X; wv) AppleWebKit/537.36 (KHTML, like Gecko) Version/4.0 Chrome/62.0.3202.84 Mobile Safari/537.36 [FB_IAB/FB4A;FBAV/151.0.0.44.205;]"
62.46.101.55 - - [06/Dec/2017:05:49:37 +0100] "GET /img/mobile/facebook-icon.png HTTP/1.1" 200 1902 "https://www.easydrivers.at/hollabrunn/Grundkurs_Weihnachten_2017?FS=B" "Mozilla/5.0 (Linux; Android 5.1.1; SM-J120FN Build/LMY47X; wv) AppleWebKit/537.36 (KHTML, like Gecko) Version/4.0 Chrome/62.0.3202.84 Mobile Safari/537.36 [FB_IAB/FB4A;FBAV/151.0.0.44.205;]"
62.46.101.55 - - [06/Dec/2017:05:49:37 +0100] "GET /img/mobile/info-button.png HTTP/1.1" 200 1549 "https://www.easydrivers.at/hollabrunn/Grundkurs_Weihnachten_2017?FS=B" "Mozilla/5.0 (Linux; Android 5.1.1; SM-J120FN Build/LMY47X; wv) AppleWebKit/537.36 (KHTML, like Gecko) Version/4.0 Chrome/62.0.3202.84 Mobile Safari/537.36 [FB_IAB/FB4A;FBAV/151.0.0.44.205;]"
62.46.101.55 - - [06/Dec/2017:05:49:37 +0100] "GET /img/mobile/info-close-button.png HTTP/1.1" 200 1721 "https://www.easydrivers.at/hollabrunn/Grundkurs_Weihnachten_2017?FS=B" "Mozilla/5.0 (Linux; Android 5.1.1; SM-J120FN Build/LMY47X; wv) AppleWebKit/537.36 (KHTML, like Gecko) Version/4.0 Chrome/62.0.3202.84 Mobile Safari/537.36 [FB_IAB/FB4A;FBAV/151.0.0.44.205;]"
62.46.101.55 - - [06/Dec/2017:05:49:37 +0100] "GET /img/smallicon-person.png HTTP/1.1" 200 1141 "https://www.easydrivers.at/hollabrunn/Grundkurs_Weihnachten_2017?FS=B" "Mozilla/5.0 (Linux; Android 5.1.1; SM-J120FN Build/LMY47X; wv) AppleWebKit/537.36 (KHTML, like Gecko) Version/4.0 Chrome/62.0.3202.84 Mobile Safari/537.36 [FB_IAB/FB4A;FBAV/151.0.0.44.205;]"
62.46.101.55 - - [06/Dec/2017:05:49:37 +0100] "GET /img/mobile/close-button.png HTTP/1.1" 200 2411 "https://www.easydrivers.at/hollabrunn/Grundkurs_Weihnachten_2017?FS=B" "Mozilla/5.0 (Linux; Android 5.1.1; SM-J120FN Build/LMY47X; wv) AppleWebKit/537.36 (KHTML, like Gecko) Version/4.0 Chrome/62.0.3202.84 Mobile Safari/537.36 [FB_IAB/FB4A;FBAV/151.0.0.44.205;]"
62.46.101.55 - - [06/Dec/2017:05:49:37 +0100] "GET /img/smallicon-address.png HTTP/1.1" 200 1211 "https://www.easydrivers.at/hollabrunn/Grundkurs_Weihnachten_2017?FS=B" "Mozilla/5.0 (Linux; Android 5.1.1; SM-J120FN Build/LMY47X; wv) AppleWebKit/537.36 (KHTML, like Gecko) Version/4.0 Chrome/62.0.3202.84 Mobile Safari/537.36 [FB_IAB/FB4A;FBAV/151.0.0.44.205;]"
62.46.101.55 - - [06/Dec/2017:05:49:37 +0100] "GET /img/mobile/googlemaps-pin.png HTTP/1.1" 200 1597 "https://www.easydrivers.at/hollabrunn/Grundkurs_Weihnachten_2017?FS=B" "Mozilla/5.0 (Linux; Android 5.1.1; SM-J120FN Build/LMY47X; wv) AppleWebKit/537.36 (KHTML, like Gecko) Version/4.0 Chrome/62.0.3202.84 Mobile Safari/537.36 [FB_IAB/FB4A;FBAV/151.0.0.44.205;]"
62.46.101.55 - - [06/Dec/2017:05:49:37 +0100] "GET /img/smallicon-time.png HTTP/1.1" 200 1262 "https://www.easydrivers.at/hollabrunn/Grundkurs_Weihnachten_2017?FS=B" "Mozilla/5.0 (Linux; Android 5.1.1; SM-J120FN Build/LMY47X; wv) AppleWebKit/537.36 (KHTML, like Gecko) Version/4.0 Chrome/62.0.3202.84 Mobile Safari/537.36 [FB_IAB/FB4A;FBAV/151.0.0.44.205;]"
62.46.101.55 - - [06/Dec/2017:05:49:37 +0100] "GET /img/smallicon-phone.png HTTP/1.1" 200 3056 "https://www.easydrivers.at/hollabrunn/Grundkurs_Weihnachten_2017?FS=B" "Mozilla/5.0 (Linux; Android 5.1.1; SM-J120FN Build/LMY47X; wv) AppleWebKit/537.36 (KHTML, like Gecko) Version/4.0 Chrome/62.0.3202.84 Mobile Safari/537.36 [FB_IAB/FB4A;FBAV/151.0.0.44.205;]"
62.46.101.55 - - [06/Dec/2017:05:49:37 +0100] "GET /img/smallicon-mail.png HTTP/1.1" 200 1341 "https://www.easydrivers.at/hollabrunn/Grundkurs_Weihnachten_2017?FS=B" "Mozilla/5.0 (Linux; Android 5.1.1; SM-J120FN Build/LMY47X; wv) AppleWebKit/537.36 (KHTML, like Gecko) Version/4.0 Chrome/62.0.3202.84 Mobile Safari/537.36 [FB_IAB/FB4A;FBAV/151.0.0.44.205;]"
62.46.101.55 - - [06/Dec/2017:05:49:37 +0100] "GET /img/mobile/kursicon-share.png HTTP/1.1" 200 2065 "https://www.easydrivers.at/hollabrunn/Grundkurs_Weihnachten_2017?FS=B" "Mozilla/5.0 (Linux; Android 5.1.1; SM-J120FN Build/LMY47X; wv) AppleWebKit/537.36 (KHTML, like Gecko) Version/4.0 Chrome/62.0.3202.84 Mobile Safari/537.36 [FB_IAB/FB4A;FBAV/151.0.0.44.205;]"
62.46.101.55 - - [06/Dec/2017:05:49:37 +0100] "GET /img/mobile/bg-header.jpg HTTP/1.1" 200 19741 "https://www.easydrivers.at/css/mobile.css" "Mozilla/5.0 (Linux; Android 5.1.1; SM-J120FN Build/LMY47X; wv) AppleWebKit/537.36 (KHTML, like Gecko) Version/4.0 Chrome/62.0.3202.84 Mobile Safari/537.36 [FB_IAB/FB4A;FBAV/151.0.0.44.205;]"
62.46.101.55 - - [06/Dec/2017:05:49:37 +0100] "GET /img/mobile/kursicon-phone.png HTTP/1.1" 200 1932 "https://www.easydrivers.at/hollabrunn/Grundkurs_Weihnachten_2017?FS=B" "Mozilla/5.0 (Linux; Android 5.1.1; SM-J120FN Build/LMY47X; wv) AppleWebKit/537.36 (KHTML, like Gecko) Version/4.0 Chrome/62.0.3202.84 Mobile Safari/537.36 [FB_IAB/FB4A;FBAV/151.0.0.44.205;]"
62.46.101.55 - - [06/Dec/2017:05:49:37 +0100] "GET /img/mobile/smallicon-phone.png HTTP/1.1" 200 1311 "https://www.easydrivers.at/hollabrunn/Grundkurs_Weihnachten_2017?FS=B" "Mozilla/5.0 (Linux; Android 5.1.1; SM-J120FN Build/LMY47X; wv) AppleWebKit/537.36 (KHTML, like Gecko) Version/4.0 Chrome/62.0.3202.84 Mobile Safari/537.36 [FB_IAB/FB4A;FBAV/151.0.0.44.205;]"
62.46.101.55 - - [06/Dec/2017:05:49:37 +0100] "GET /img/mobile/smallicon-mail.png HTTP/1.1" 200 1335 "https://www.easydrivers.at/hollabrunn/Grundkurs_Weihnachten_2017?FS=B" "Mozilla/5.0 (Linux; Android 5.1.1; SM-J120FN Build/LMY47X; wv) AppleWebKit/537.36 (KHTML, like Gecko) Version/4.0 Chrome/62.0.3202.84 Mobile Safari/537.36 [FB_IAB/FB4A;FBAV/151.0.0.44.205;]"
62.46.101.55 - - [06/Dec/2017:05:49:37 +0100] "GET /img/mobile/bg-menu.jpg HTTP/1.1" 200 1698 "https://www.easydrivers.at/css/mobile.css" "Mozilla/5.0 (Linux; Android 5.1.1; SM-J120FN Build/LMY47X; wv) AppleWebKit/537.36 (KHTML, like Gecko) Version/4.0 Chrome/62.0.3202.84 Mobile Safari/537.36 [FB_IAB/FB4A;FBAV/151.0.0.44.205;]"
62.46.101.55 - - [06/Dec/2017:05:49:37 +0100] "GET /img/mobile/bg-top-section.jpg HTTP/1.1" 200 21711 "https://www.easydrivers.at/css/mobile.css" "Mozilla/5.0 (Linux; Android 5.1.1; SM-J120FN Build/LMY47X; wv) AppleWebKit/537.36 (KHTML, like Gecko) Version/4.0 Chrome/62.0.3202.84 Mobile Safari/537.36 [FB_IAB/FB4A;FBAV/151.0.0.44.205;]"
62.46.101.55 - - [06/Dec/2017:05:49:37 +0100] "GET /img/mobile/pfeil-links-small.png HTTP/1.1" 200 1065 "https://www.easydrivers.at/css/mobile.css" "Mozilla/5.0 (Linux; Android 5.1.1; SM-J120FN Build/LMY47X; wv) AppleWebKit/537.36 (KHTML, like Gecko) Version/4.0 Chrome/62.0.3202.84 Mobile Safari/537.36 [FB_IAB/FB4A;FBAV/151.0.0.44.205;]"
62.46.101.55 - - [06/Dec/2017:05:49:37 +0100] "GET /img/mobile/bg-yellow.jpg HTTP/1.1" 200 1569 "https://www.easydrivers.at/css/mobile.css" "Mozilla/5.0 (Linux; Android 5.1.1; SM-J120FN Build/LMY47X; wv) AppleWebKit/537.36 (KHTML, like Gecko) Version/4.0 Chrome/62.0.3202.84 Mobile Safari/537.36 [FB_IAB/FB4A;FBAV/151.0.0.44.205;]"
62.46.101.55 - - [06/Dec/2017:05:49:37 +0100] "GET /img/mobile/pfeil-rechts-small.png HTTP/1.1" 200 1056 "https://www.easydrivers.at/css/mobile.css" "Mozilla/5.0 (Linux; Android 5.1.1; SM-J120FN Build/LMY47X; wv) AppleWebKit/537.36 (KHTML, like Gecko) Version/4.0 Chrome/62.0.3202.84 Mobile Safari/537.36 [FB_IAB/FB4A;FBAV/151.0.0.44.205;]"
157.55.39.65 - - [06/Dec/2017:05:50:37 +0100] "GET /guessing/Inhaberdaten HTTP/1.1" 200 3700 "-" "Mozilla/5.0 (compatible; bingbot/2.0; +http://www.bing.com/bingbot.htm)"
91.141.3.32 - - [06/Dec/2017:05:50:39 +0100] "GET /ennstal.bad.aussee/wfk-22-12-2017?FS=B HTTP/1.1" 200 3219 "http://m.facebook.com" "Mozilla/5.0 (iPhone; CPU iPhone OS 11_1_1 like Mac OS X) AppleWebKit/604.3.5 (KHTML, like Gecko) Mobile/15B150 [FBAN/FBIOS;FBAV/150.0.0.32.132;FBBV/80278251;FBDV/iPhone7,2;FBMD/iPhone;FBSN/iOS;FBSV/11.1.1;FBSS/2;FBCR/3Austria;FBID/phone;FBLC/de_DE;FBOP/5;FBRV/80278251]"
91.141.3.32 - - [06/Dec/2017:05:50:42 +0100] "GET /ennstal.bad.aussee/img/mobile/easydrivers-logo-mobile.png HTTP/1.1" 404 3061 "-" "Mozilla/5.0 (iPhone; CPU iPhone OS 11_1_1 like Mac OS X) AppleWebKit/604.3.5 (KHTML, like Gecko) Mobile/15B150 [FBAN/FBIOS;FBAV/150.0.0.32.132;FBBV/80278251;FBDV/iPhone7,2;FBMD/iPhone;FBSN/iOS;FBSV/11.1.1;FBSS/2;FBCR/3Austria;FBID/phone;FBLC/de_DE;FBOP/5;FBRV/80278251]"
91.113.36.162 - - [06/Dec/2017:05:50:53 +0100] "GET /img/ED_Logo.png HTTP/1.1" 301 305 "-" "Mozilla/5.0 (Windows NT 6.1; Win64; x64; rv:57.0) Gecko/20100101 Firefox/57.0"
91.113.36.162 - - [06/Dec/2017:05:50:54 +0100] "GET /img/ED_Logo.png HTTP/1.1" 200 3385 "-" "Mozilla/5.0 (Windows NT 6.1; Win64; x64; rv:57.0) Gecko/20100101 Firefox/57.0"
207.46.13.43 - - [06/Dec/2017:05:51:12 +0100] "GET /binaries/easy-drivers-harm-innsbruck/800x450hansjoergjpg.jpg HTTP/1.1" 301 333 "-" "Mozilla/5.0 (compatible; bingbot/2.0; +http://www.bing.com/bingbot.htm)"
91.141.3.32 - - [06/Dec/2017:05:51:13 +0100] "GET /ennstal.bad.aussee/img/mobile/menu-button.png HTTP/1.1" 404 3067 "-" "Mozilla/5.0 (iPhone; CPU iPhone OS 11_1_1 like Mac OS X) AppleWebKit/604.3.5 (KHTML, like Gecko) Mobile/15B150 [FBAN/FBIOS;FBAV/150.0.0.32.132;FBBV/80278251;FBDV/iPhone7,2;FBMD/iPhone;FBSN/iOS;FBSV/11.1.1;FBSS/2;FBCR/3Austria;FBID/phone;FBLC/de_DE;FBOP/5;FBRV/80278251]"
207.46.13.43 - - [06/Dec/2017:05:51:14 +0100] "GET /binaries/easy-drivers-harm-innsbruck/800x450hansjoergjpg.jpg HTTP/1.1" 200 224791 "-" "Mozilla/5.0 (compatible; bingbot/2.0; +http://www.bing.com/bingbot.htm)"
91.141.3.32 - - [06/Dec/2017:05:51:33 +0100] "GET /ennstal.bad.aussee/img/mobile/close-button.png HTTP/1.1" 404 3068 "-" "Mozilla/5.0 (iPhone; CPU iPhone OS 11_1_1 like Mac OS X) AppleWebKit/604.3.5 (KHTML, like Gecko) Mobile/15B150 [FBAN/FBIOS;FBAV/150.0.0.32.132;FBBV/80278251;FBDV/iPhone7,2;FBMD/iPhone;FBSN/iOS;FBSV/11.1.1;FBSS/2;FBCR/3Austria;FBID/phone;FBLC/de_DE;FBOP/5;FBRV/80278251]"
66.249.76.80 - - [06/Dec/2017:05:51:43 +0100] "GET / HTTP/1.1" 200 4436 "-" "Mozilla/5.0 (compatible; Googlebot/2.1; +http://www.google.com/bot.html)"
91.141.3.32 - - [06/Dec/2017:05:52:03 +0100] "GET /ennstal.bad.aussee/img/mobile/facebook-icon.png HTTP/1.1" 404 3066 "-" "Mozilla/5.0 (iPhone; CPU iPhone OS 11_1_1 like Mac OS X) AppleWebKit/604.3.5 (KHTML, like Gecko) Mobile/15B150 [FBAN/FBIOS;FBAV/150.0.0.32.132;FBBV/80278251;FBDV/iPhone7,2;FBMD/iPhone;FBSN/iOS;FBSV/11.1.1;FBSS/2;FBCR/3Austria;FBID/phone;FBLC/de_DE;FBOP/5;FBRV/80278251]"
62.46.211.155 - - [06/Dec/2017:05:52:16 +0100] "GET /ennstal.bad.aussee/wfk-22-12-2017?FS=B HTTP/1.1" 200 3219 "http://m.facebook.com" "Mozilla/5.0 (iPhone; CPU iPhone OS 11_1_2 like Mac OS X) AppleWebKit/604.3.5 (KHTML, like Gecko) Mobile/15B202 [FBAN/FBIOS;FBAV/151.0.0.61.202;FBBV/82156572;FBDV/iPhone9,3;FBMD/iPhone;FBSN/iOS;FBSV/11.1.2;FBSS/2;FBCR/T-MobileA;FBID/phone;FBLC/de_DE;FBOP/5;FBRV/82892895]"
62.46.211.155 - - [06/Dec/2017:05:52:18 +0100] "GET /ennstal.bad.aussee/img/mobile/easydrivers-logo-mobile.png HTTP/1.1" 404 3061 "-" "Mozilla/5.0 (iPhone; CPU iPhone OS 11_1_2 like Mac OS X) AppleWebKit/604.3.5 (KHTML, like Gecko) Mobile/15B202 [FBAN/FBIOS;FBAV/151.0.0.61.202;FBBV/82156572;FBDV/iPhone9,3;FBMD/iPhone;FBSN/iOS;FBSV/11.1.2;FBSS/2;FBCR/T-MobileA;FBID/phone;FBLC/de_DE;FBOP/5;FBRV/82892895]"
91.141.3.32 - - [06/Dec/2017:05:52:35 +0100] "GET /ennstal.bad.aussee/img/mobile/info-close-button.png HTTP/1.1" 404 3071 "-" "Mozilla/5.0 (iPhone; CPU iPhone OS 11_1_1 like Mac OS X) AppleWebKit/604.3.5 (KHTML, like Gecko) Mobile/15B150 [FBAN/FBIOS;FBAV/150.0.0.32.132;FBBV/80278251;FBDV/iPhone7,2;FBMD/iPhone;FBSN/iOS;FBSV/11.1.1;FBSS/2;FBCR/3Austria;FBID/phone;FBLC/de_DE;FBOP/5;FBRV/80278251]"
46.125.249.99 - - [06/Dec/2017:05:52:42 +0100] "GET /tulln/Weihnachtskurs_Abendkurs_Dezember_2017?FS=B HTTP/1.1" 200 3264 "http://m.facebook.com" "Mozilla/5.0 (iPhone; CPU iPhone OS 11_0_1 like Mac OS X) AppleWebKit/604.1.38 (KHTML, like Gecko) Mobile/15A402 [FBAN/FBIOS;FBAV/151.0.0.61.202;FBBV/82156572;FBDV/iPhone6,2;FBMD/iPhone;FBSN/iOS;FBSV/11.0.1;FBSS/2;FBCR/Carrier;FBID/phone;FBLC/de_DE;FBOP/5;FBRV/82156572]"
46.125.249.99 - - [06/Dec/2017:05:52:45 +0100] "GET /tulln/img/mobile/easydrivers-logo-mobile.png HTTP/1.1" 404 3035 "-" "Mozilla/5.0 (iPhone; CPU iPhone OS 11_0_1 like Mac OS X) AppleWebKit/604.1.38 (KHTML, like Gecko) Mobile/15A402 [FBAN/FBIOS;FBAV/151.0.0.61.202;FBBV/82156572;FBDV/iPhone6,2;FBMD/iPhone;FBSN/iOS;FBSV/11.0.1;FBSS/2;FBCR/Carrier;FBID/phone;FBLC/de_DE;FBOP/5;FBRV/82156572]"
62.46.211.155 - - [06/Dec/2017:05:52:48 +0100] "GET /ennstal.bad.aussee/img/mobile/menu-button.png HTTP/1.1" 404 3067 "-" "Mozilla/5.0 (iPhone; CPU iPhone OS 11_1_2 like Mac OS X) AppleWebKit/604.3.5 (KHTML, like Gecko) Mobile/15B202 [FBAN/FBIOS;FBAV/151.0.0.61.202;FBBV/82156572;FBDV/iPhone9,3;FBMD/iPhone;FBSN/iOS;FBSV/11.1.2;FBSS/2;FBCR/T-MobileA;FBID/phone;FBLC/de_DE;FBOP/5;FBRV/82892895]"
91.141.3.32 - - [06/Dec/2017:05:53:05 +0100] "GET /ennstal.bad.aussee/img/smallicon-person.png HTTP/1.1" 404 3069 "-" "Mozilla/5.0 (iPhone; CPU iPhone OS 11_1_1 like Mac OS X) AppleWebKit/604.3.5 (KHTML, like Gecko) Mobile/15B150 [FBAN/FBIOS;FBAV/150.0.0.32.132;FBBV/80278251;FBDV/iPhone7,2;FBMD/iPhone;FBSN/iOS;FBSV/11.1.1;FBSS/2;FBCR/3Austria;FBID/phone;FBLC/de_DE;FBOP/5;FBRV/80278251]"
46.29.161.21 - - [06/Dec/2017:05:53:15 +0100] "GET // HTTP/1.1" 301 383 "-" "libwww-perl/6.15"
46.29.161.21 - - [06/Dec/2017:05:53:16 +0100] "GET / HTTP/1.1" 200 15887 "-" "libwww-perl/6.15"
46.125.249.99 - - [06/Dec/2017:05:53:15 +0100] "GET /tulln/img/mobile/menu-button.png HTTP/1.1" 404 3042 "-" "Mozilla/5.0 (iPhone; CPU iPhone OS 11_0_1 like Mac OS X) AppleWebKit/604.1.38 (KHTML, like Gecko) Mobile/15A402 [FBAN/FBIOS;FBAV/151.0.0.61.202;FBBV/82156572;FBDV/iPhone6,2;FBMD/iPhone;FBSN/iOS;FBSV/11.0.1;FBSS/2;FBCR/Carrier;FBID/phone;FBLC/de_DE;FBOP/5;FBRV/82156572]"
62.46.211.155 - - [06/Dec/2017:05:53:18 +0100] "GET /ennstal.bad.aussee/img/mobile/close-button.png HTTP/1.1" 404 3068 "-" "Mozilla/5.0 (iPhone; CPU iPhone OS 11_1_2 like Mac OS X) AppleWebKit/604.3.5 (KHTML, like Gecko) Mobile/15B202 [FBAN/FBIOS;FBAV/151.0.0.61.202;FBBV/82156572;FBDV/iPhone9,3;FBMD/iPhone;FBSN/iOS;FBSV/11.1.2;FBSS/2;FBCR/T-MobileA;FBID/phone;FBLC/de_DE;FBOP/5;FBRV/82892895]"
164.132.161.30 - - [06/Dec/2017:05:53:21 +0100] "GET /reumannplatz/kurse/index.php HTTP/1.1" 404 3374 "-" "Mozilla/5.0 (compatible; AhrefsBot/5.2; +http://ahrefs.com/robot/)"
157.55.39.65 - - [06/Dec/2017:05:53:22 +0100] "GET /bruck.leitha/10290849?FS=A1 HTTP/1.1" 200 6009 "-" "Mozilla/5.0 (compatible; bingbot/2.0; +http://www.bing.com/bingbot.htm)"
207.46.13.43 - - [06/Dec/2017:05:53:27 +0100] "GET /hollabrunn/Grundkurs_Dezember_2017?FS=A1F HTTP/1.1" 200 6685 "-" "Mozilla/5.0 (compatible; bingbot/2.0; +http://www.bing.com/bingbot.htm)"
91.141.2.56 - - [06/Dec/2017:05:53:39 +0100] "GET /brigittenau HTTP/1.1" 301 301 "http://www.brigitta-passage.at/dienstleistungen/mag-christine-malzer-fahrschule.html" "Mozilla/5.0 (Macintosh; Intel Mac OS X 10_12_6) AppleWebKit/603.3.8 (KHTML, like Gecko) Version/10.1.2 Safari/603.3.8"
91.141.3.32 - - [06/Dec/2017:05:53:39 +0100] "GET /ennstal.bad.aussee/img/smallicon-address.png HTTP/1.1" 404 3071 "-" "Mozilla/5.0 (iPhone; CPU iPhone OS 11_1_1 like Mac OS X) AppleWebKit/604.3.5 (KHTML, like Gecko) Mobile/15B150 [FBAN/FBIOS;FBAV/150.0.0.32.132;FBBV/80278251;FBDV/iPhone7,2;FBMD/iPhone;FBSN/iOS;FBSV/11.1.1;FBSS/2;FBCR/3Austria;FBID/phone;FBLC/de_DE;FBOP/5;FBRV/80278251]"
91.141.2.56 - - [06/Dec/2017:05:53:40 +0100] "GET /brigittenau HTTP/1.1" 200 3722 "http://www.brigitta-passage.at/dienstleistungen/mag-christine-malzer-fahrschule.html" "Mozilla/5.0 (Macintosh; Intel Mac OS X 10_12_6) AppleWebKit/603.3.8 (KHTML, like Gecko) Version/10.1.2 Safari/603.3.8"
91.141.2.56 - - [06/Dec/2017:05:53:42 +0100] "GET /javascript/jquery.cookie.js HTTP/1.1" 200 863 "https://www.easydrivers.at/brigittenau" "Mozilla/5.0 (Macintosh; Intel Mac OS X 10_12_6) AppleWebKit/603.3.8 (KHTML, like Gecko) Version/10.1.2 Safari/603.3.8"
91.141.2.56 - - [06/Dec/2017:05:53:42 +0100] "GET /css/print.css HTTP/1.1" 200 967 "https://www.easydrivers.at/brigittenau" "Mozilla/5.0 (Macintosh; Intel Mac OS X 10_12_6) AppleWebKit/603.3.8 (KHTML, like Gecko) Version/10.1.2 Safari/603.3.8"
91.141.2.56 - - [06/Dec/2017:05:53:42 +0100] "GET /javascript/jquery.customSelect.min.js HTTP/1.1" 200 912 "https://www.easydrivers.at/brigittenau" "Mozilla/5.0 (Macintosh; Intel Mac OS X 10_12_6) AppleWebKit/603.3.8 (KHTML, like Gecko) Version/10.1.2 Safari/603.3.8"
91.141.2.56 - - [06/Dec/2017:05:53:42 +0100] "GET /javascript/jquery.simplemodal.js HTTP/1.1" 200 3070 "https://www.easydrivers.at/brigittenau" "Mozilla/5.0 (Macintosh; Intel Mac OS X 10_12_6) AppleWebKit/603.3.8 (KHTML, like Gecko) Version/10.1.2 Safari/603.3.8"
91.141.2.56 - - [06/Dec/2017:05:53:42 +0100] "GET /css/style.css HTTP/1.1" 200 5004 "https://www.easydrivers.at/brigittenau" "Mozilla/5.0 (Macintosh; Intel Mac OS X 10_12_6) AppleWebKit/603.3.8 (KHTML, like Gecko) Version/10.1.2 Safari/603.3.8"
91.141.2.56 - - [06/Dec/2017:05:53:42 +0100] "GET /javascript/portal.js?1221842734 HTTP/1.1" 200 3529 "https://www.easydrivers.at/brigittenau" "Mozilla/5.0 (Macintosh; Intel Mac OS X 10_12_6) AppleWebKit/603.3.8 (KHTML, like Gecko) Version/10.1.2 Safari/603.3.8"
91.141.2.56 - - [06/Dec/2017:05:53:42 +0100] "GET /img/close-button.png HTTP/1.1" 200 2237 "https://www.easydrivers.at/brigittenau" "Mozilla/5.0 (Macintosh; Intel Mac OS X 10_12_6) AppleWebKit/603.3.8 (KHTML, like Gecko) Version/10.1.2 Safari/603.3.8"
91.141.2.56 - - [06/Dec/2017:05:53:42 +0100] "GET /img/info-button.png HTTP/1.1" 200 738 "https://www.easydrivers.at/brigittenau" "Mozilla/5.0 (Macintosh; Intel Mac OS X 10_12_6) AppleWebKit/603.3.8 (KHTML, like Gecko) Version/10.1.2 Safari/603.3.8"
91.141.2.56 - - [06/Dec/2017:05:53:42 +0100] "GET /javascript/fahrschule.js HTTP/1.1" 200 462 "https://www.easydrivers.at/brigittenau" "Mozilla/5.0 (Macintosh; Intel Mac OS X 10_12_6) AppleWebKit/603.3.8 (KHTML, like Gecko) Version/10.1.2 Safari/603.3.8"
91.141.2.56 - - [06/Dec/2017:05:53:42 +0100] "GET /img/facebook-icon.png HTTP/1.1" 200 1506 "https://www.easydrivers.at/brigittenau" "Mozilla/5.0 (Macintosh; Intel Mac OS X 10_12_6) AppleWebKit/603.3.8 (KHTML, like Gecko) Version/10.1.2 Safari/603.3.8"
91.141.2.56 - - [06/Dec/2017:05:53:42 +0100] "GET /img/locator-icon.png HTTP/1.1" 200 1377 "https://www.easydrivers.at/brigittenau" "Mozilla/5.0 (Macintosh; Intel Mac OS X 10_12_6) AppleWebKit/603.3.8 (KHTML, like Gecko) Version/10.1.2 Safari/603.3.8"
91.141.2.56 - - [06/Dec/2017:05:53:42 +0100] "GET /javascript/lazyload.js HTTP/1.1" 200 1170 "https://www.easydrivers.at/brigittenau" "Mozilla/5.0 (Macintosh; Intel Mac OS X 10_12_6) AppleWebKit/603.3.8 (KHTML, like Gecko) Version/10.1.2 Safari/603.3.8"
91.141.2.56 - - [06/Dec/2017:05:53:42 +0100] "GET /img/empty.gif HTTP/1.1" 200 43 "https://www.easydrivers.at/brigittenau" "Mozilla/5.0 (Macintosh; Intel Mac OS X 10_12_6) AppleWebKit/603.3.8 (KHTML, like Gecko) Version/10.1.2 Safari/603.3.8"
91.141.2.56 - - [06/Dec/2017:05:53:42 +0100] "GET /img/submit-button.png HTTP/1.1" 200 1958 "https://www.easydrivers.at/brigittenau" "Mozilla/5.0 (Macintosh; Intel Mac OS X 10_12_6) AppleWebKit/603.3.8 (KHTML, like Gecko) Version/10.1.2 Safari/603.3.8"
91.141.2.56 - - [06/Dec/2017:05:53:42 +0100] "GET /img/close-button-small.png HTTP/1.1" 200 1671 "https://www.easydrivers.at/brigittenau" "Mozilla/5.0 (Macintosh; Intel Mac OS X 10_12_6) AppleWebKit/603.3.8 (KHTML, like Gecko) Version/10.1.2 Safari/603.3.8"
91.141.2.56 - - [06/Dec/2017:05:53:42 +0100] "GET /cache/emu/images/easy-drivers-portal10264045/weihnachtsbaumjpg_90_90_0.jpg HTTP/1.1" 200 2344 "https://www.easydrivers.at/brigittenau" "Mozilla/5.0 (Macintosh; Intel Mac OS X 10_12_6) AppleWebKit/603.3.8 (KHTML, like Gecko) Version/10.1.2 Safari/603.3.8"
91.141.2.56 - - [06/Dec/2017:05:53:42 +0100] "GET /cache/emu/images/easy-drivers-portal10244077/aktionjpg_160_90_0.jpg HTTP/1.1" 200 3346 "https://www.easydrivers.at/brigittenau" "Mozilla/5.0 (Macintosh; Intel Mac OS X 10_12_6) AppleWebKit/603.3.8 (KHTML, like Gecko) Version/10.1.2 Safari/603.3.8"
91.141.2.56 - - [06/Dec/2017:05:53:42 +0100] "GET /cache/emu/images/easy-drivers-portal10290385/truckjpg_76_90_0.jpg HTTP/1.1" 200 3097 "https://www.easydrivers.at/brigittenau" "Mozilla/5.0 (Macintosh; Intel Mac OS X 10_12_6) AppleWebKit/603.3.8 (KHTML, like Gecko) Version/10.1.2 Safari/603.3.8"
91.141.2.56 - - [06/Dec/2017:05:53:42 +0100] "GET /img/ED_Logo.png HTTP/1.1" 200 3385 "https://www.easydrivers.at/brigittenau" "Mozilla/5.0 (Macintosh; Intel Mac OS X 10_12_6) AppleWebKit/603.3.8 (KHTML, like Gecko) Version/10.1.2 Safari/603.3.8"
91.141.2.56 - - [06/Dec/2017:05:53:42 +0100] "GET /img/purple-dots-horizontal.png HTTP/1.1" 200 977 "https://www.easydrivers.at/brigittenau" "Mozilla/5.0 (Macintosh; Intel Mac OS X 10_12_6) AppleWebKit/603.3.8 (KHTML, like Gecko) Version/10.1.2 Safari/603.3.8"
91.141.2.56 - - [06/Dec/2017:05:53:42 +0100] "GET /img/schweiz-icon.png HTTP/1.1" 200 1504 "https://www.easydrivers.at/brigittenau" "Mozilla/5.0 (Macintosh; Intel Mac OS X 10_12_6) AppleWebKit/603.3.8 (KHTML, like Gecko) Version/10.1.2 Safari/603.3.8"
91.141.2.56 - - [06/Dec/2017:05:53:42 +0100] "GET /binaries/easy-drivers-portal/widget-icon-trainingpng.png HTTP/1.1" 200 2662 "https://www.easydrivers.at/brigittenau" "Mozilla/5.0 (Macintosh; Intel Mac OS X 10_12_6) AppleWebKit/603.3.8 (KHTML, like Gecko) Version/10.1.2 Safari/603.3.8"
91.141.2.56 - - [06/Dec/2017:05:53:42 +0100] "GET /img/bg-header.jpg HTTP/1.1" 200 38680 "https://www.easydrivers.at/brigittenau" "Mozilla/5.0 (Macintosh; Intel Mac OS X 10_12_6) AppleWebKit/603.3.8 (KHTML, like Gecko) Version/10.1.2 Safari/603.3.8"
91.141.2.56 - - [06/Dec/2017:05:53:42 +0100] "GET /img/kursicon-print-pink.png HTTP/1.1" 200 1125 "https://www.easydrivers.at/brigittenau" "Mozilla/5.0 (Macintosh; Intel Mac OS X 10_12_6) AppleWebKit/603.3.8 (KHTML, like Gecko) Version/10.1.2 Safari/603.3.8"
91.141.2.56 - - [06/Dec/2017:05:53:42 +0100] "GET /img/kursicon-download-pink.png HTTP/1.1" 200 1213 "https://www.easydrivers.at/brigittenau" "Mozilla/5.0 (Macintosh; Intel Mac OS X 10_12_6) AppleWebKit/603.3.8 (KHTML, like Gecko) Version/10.1.2 Safari/603.3.8"
91.141.2.56 - - [06/Dec/2017:05:53:42 +0100] "GET /img/yellow-dots-vertical.png HTTP/1.1" 200 981 "https://www.easydrivers.at/brigittenau" "Mozilla/5.0 (Macintosh; Intel Mac OS X 10_12_6) AppleWebKit/603.3.8 (KHTML, like Gecko) Version/10.1.2 Safari/603.3.8"
91.141.2.56 - - [06/Dec/2017:05:53:42 +0100] "GET /img/bg-footer.jpg HTTP/1.1" 200 31770 "https://www.easydrivers.at/brigittenau" "Mozilla/5.0 (Macintosh; Intel Mac OS X 10_12_6) AppleWebKit/603.3.8 (KHTML, like Gecko) Version/10.1.2 Safari/603.3.8"
91.141.2.56 - - [06/Dec/2017:05:53:42 +0100] "GET /img/bg-top-section.jpg HTTP/1.1" 200 82172 "https://www.easydrivers.at/brigittenau" "Mozilla/5.0 (Macintosh; Intel Mac OS X 10_12_6) AppleWebKit/603.3.8 (KHTML, like Gecko) Version/10.1.2 Safari/603.3.8"
91.141.2.56 - - [06/Dec/2017:05:53:42 +0100] "GET /img/kursicon-phone-pink.png HTTP/1.1" 200 1286 "https://www.easydrivers.at/brigittenau" "Mozilla/5.0 (Macintosh; Intel Mac OS X 10_12_6) AppleWebKit/603.3.8 (KHTML, like Gecko) Version/10.1.2 Safari/603.3.8"
91.141.2.56 - - [06/Dec/2017:05:53:42 +0100] "GET /img/kursicon-share-pink.png HTTP/1.1" 200 1277 "https://www.easydrivers.at/brigittenau" "Mozilla/5.0 (Macintosh; Intel Mac OS X 10_12_6) AppleWebKit/603.3.8 (KHTML, like Gecko) Version/10.1.2 Safari/603.3.8"
46.125.249.99 - - [06/Dec/2017:05:53:48 +0100] "GET /tulln/img/mobile/close-button.png HTTP/1.1" 404 3043 "-" "Mozilla/5.0 (iPhone; CPU iPhone OS 11_0_1 like Mac OS X) AppleWebKit/604.1.38 (KHTML, like Gecko) Mobile/15A402 [FBAN/FBIOS;FBAV/151.0.0.61.202;FBBV/82156572;FBDV/iPhone6,2;FBMD/iPhone;FBSN/iOS;FBSV/11.0.1;FBSS/2;FBCR/Carrier;FBID/phone;FBLC/de_DE;FBOP/5;FBRV/82156572]"
62.46.211.155 - - [06/Dec/2017:05:53:48 +0100] "GET /ennstal.bad.aussee/img/mobile/info-close-button.png HTTP/1.1" 404 3071 "-" "Mozilla/5.0 (iPhone; CPU iPhone OS 11_1_2 like Mac OS X) AppleWebKit/604.3.5 (KHTML, like Gecko) Mobile/15B202 [FBAN/FBIOS;FBAV/151.0.0.61.202;FBBV/82156572;FBDV/iPhone9,3;FBMD/iPhone;FBSN/iOS;FBSV/11.1.2;FBSS/2;FBCR/T-MobileA;FBID/phone;FBLC/de_DE;FBOP/5;FBRV/82892895]"
207.46.13.137 - - [06/Dec/2017:05:53:52 +0100] "GET /krumbach HTTP/1.1" 200 3843 "-" "Mozilla/5.0 (compatible; bingbot/2.0; +http://www.bing.com/bingbot.htm)"
