87.250.224.32 - - [06/Dec/2017:08:03:13 +0100] "GET /am.spitz/10291241?FS=BE96 HTTP/1.1" 200 6172 "-" "Mozilla/5.0 (compatible; YandexBot/3.0; +http://yandex.com/bots)"
46.118.157.50 - - [06/Dec/2017:08:03:16 +0100] "GET /skarabela.gross-enzersdorf HTTP/1.1" 301 413 "http://almata.xxxkaz.org/" "Mozilla/4.0 (compatible; MSIE 5.0; Windows 95) Opera 6.01 [en]"
195.202.151.121 - - [06/Dec/2017:08:03:13 +0100] "GET /krems/img/smallicon-time.png HTTP/1.1" 404 3160 "-" "Mozilla/5.0 (iPhone; CPU iPhone OS 11_1_2 like Mac OS X) AppleWebKit/604.3.5 (KHTML, like Gecko) Mobile/15B202 [FBAN/FBIOS;FBAV/151.0.0.61.202;FBBV/82156572;FBDV/iPhone7,2;FBMD/iPhone;FBSN/iOS;FBSV/11.1.2;FBSS/2;FBCR/Carrier;FBID/phone;FBLC/de_DE;FBOP/5;FBRV/83160404]"
46.118.157.50 - - [06/Dec/2017:08:03:17 +0100] "GET /skarabela.gross-enzersdorf HTTP/1.1" 301 413 "http://almata.xxxkaz.org/" "Mozilla/4.0 (compatible; MSIE 5.0; Windows 95) Opera 6.01 [en]"
46.118.157.50 - - [06/Dec/2017:08:03:17 +0100] "GET /skarabela.gross-enzersdorf HTTP/1.1" 301 413 "http://almata.xxxkaz.org/" "Mozilla/4.0 (compatible; MSIE 5.0; Windows 95) Opera 6.01 [en]"
87.250.224.32 - - [06/Dec/2017:08:03:16 +0100] "GET /am.spitz/10281096?FS=B HTTP/1.1" 200 5495 "-" "Mozilla/5.0 (compatible; YandexBot/3.0; +http://yandex.com/bots)"
87.250.224.32 - - [06/Dec/2017:08:03:19 +0100] "GET /hollabrunn/C_CE_Kurs_Jaenner_2018?FS=CCE95 HTTP/1.1" 200 6494 "-" "Mozilla/5.0 (compatible; YandexBot/3.0; +http://yandex.com/bots)"
212.95.8.211 - - [06/Dec/2017:08:03:28 +0100] "-" 408 - "-" "-"
212.95.8.211 - - [06/Dec/2017:08:03:28 +0100] "-" 408 - "-" "-"
212.95.8.211 - - [06/Dec/2017:08:03:28 +0100] "-" 408 - "-" "-"
212.95.8.211 - - [06/Dec/2017:08:03:28 +0100] "-" 408 - "-" "-"
212.95.8.211 - - [06/Dec/2017:08:03:28 +0100] "-" 408 - "-" "-"
46.125.249.103 - - [06/Dec/2017:08:03:31 +0100] "GET /fuehrerscheine/motorrad HTTP/1.1" 200 4595 "https://www.google.at/" "Mozilla/5.0 (Linux; Android 7.1.1; S8 Build/NMF26O) AppleWebKit/537.36 (KHTML, like Gecko) Chrome/62.0.3202.84 Mobile Safari/537.36"
46.125.249.103 - - [06/Dec/2017:08:03:34 +0100] "GET /img/favicon.ico HTTP/1.1" 404 301 "-" "Mozilla/5.0 (Linux; Android 7.1.1; S8 Build/NMF26O) AppleWebKit/537.36 (KHTML, like Gecko) Chrome/62.0.3202.84 Mobile Safari/537.36"
195.202.151.121 - - [06/Dec/2017:08:03:43 +0100] "GET /krems/img/mobile/facebook-icon.png HTTP/1.1" 404 3160 "-" "Mozilla/5.0 (iPhone; CPU iPhone OS 11_1_2 like Mac OS X) AppleWebKit/604.3.5 (KHTML, like Gecko) Mobile/15B202 [FBAN/FBIOS;FBAV/151.0.0.61.202;FBBV/82156572;FBDV/iPhone7,2;FBMD/iPhone;FBSN/iOS;FBSV/11.1.2;FBSS/2;FBCR/Carrier;FBID/phone;FBLC/de_DE;FBOP/5;FBRV/83160404]"
195.202.151.121 - - [06/Dec/2017:08:03:46 +0100] "GET /krems/img/smallicon-address.png HTTP/1.1" 404 3160 "-" "Mozilla/5.0 (iPhone; CPU iPhone OS 11_1_2 like Mac OS X) AppleWebKit/604.3.5 (KHTML, like Gecko) Mobile/15B202 [FBAN/FBIOS;FBAV/151.0.0.61.202;FBBV/82156572;FBDV/iPhone7,2;FBMD/iPhone;FBSN/iOS;FBSV/11.1.2;FBSS/2;FBCR/Carrier;FBID/phone;FBLC/de_DE;FBOP/5;FBRV/83160404]"
46.125.249.103 - - [06/Dec/2017:08:03:52 +0100] "-" 408 - "-" "-"
46.125.249.103 - - [06/Dec/2017:08:03:52 +0100] "-" 408 - "-" "-"
46.125.249.103 - - [06/Dec/2017:08:03:52 +0100] "-" 408 - "-" "-"
212.95.8.211 - - [06/Dec/2017:08:04:01 +0100] "GET /zwettl/Inhaberdaten HTTP/1.1" 301 305 "http://www.google.at/" "Mozilla/5.0 (Linux; Android 6.0; ALE-L21 Build/HuaweiALE-L21) AppleWebKit/537.36 (KHTML, like Gecko) Chrome/62.0.3202.84 Mobile Safari/537.36"
212.95.8.211 - - [06/Dec/2017:08:04:01 +0100] "GET /zwettl/Inhaberdaten HTTP/1.1" 200 3307 "http://www.google.at/" "Mozilla/5.0 (Linux; Android 6.0; ALE-L21 Build/HuaweiALE-L21) AppleWebKit/537.36 (KHTML, like Gecko) Chrome/62.0.3202.84 Mobile Safari/537.36"
17.142.148.193 - - [06/Dec/2017:08:04:14 +0100] "GET /robots.txt HTTP/1.1" 301 300 "-" "Mozilla/5.0 (Macintosh; Intel Mac OS X 10_10_1) AppleWebKit/600.2.5 (KHTML, like Gecko) Version/8.0.2 Safari/600.2.5 (Applebot/0.1; +http://www.apple.com/go/applebot)"
17.142.148.193 - - [06/Dec/2017:08:04:14 +0100] "GET /fuehrerscheine/auto HTTP/1.1" 301 305 "-" "Mozilla/5.0 (Macintosh; Intel Mac OS X 10_10_1) AppleWebKit/600.2.5 (KHTML, like Gecko) Version/8.0.2 Safari/600.2.5 (Applebot/0.1; +http://www.apple.com/go/applebot)"
17.142.148.193 - - [06/Dec/2017:08:04:15 +0100] "GET /fuehrerscheine/auto HTTP/1.1" 200 3370 "-" "Mozilla/5.0 (Macintosh; Intel Mac OS X 10_10_1) AppleWebKit/600.2.5 (KHTML, like Gecko) Version/8.0.2 Safari/600.2.5 (Applebot/0.1; +http://www.apple.com/go/applebot)"
195.202.151.121 - - [06/Dec/2017:08:04:16 +0100] "GET /krems/img/mobile/info-button.png HTTP/1.1" 404 3160 "-" "Mozilla/5.0 (iPhone; CPU iPhone OS 11_1_2 like Mac OS X) AppleWebKit/604.3.5 (KHTML, like Gecko) Mobile/15B202 [FBAN/FBIOS;FBAV/151.0.0.61.202;FBBV/82156572;FBDV/iPhone7,2;FBMD/iPhone;FBSN/iOS;FBSV/11.1.2;FBSS/2;FBCR/Carrier;FBID/phone;FBLC/de_DE;FBOP/5;FBRV/83160404]"
216.244.66.243 - - [06/Dec/2017:08:04:19 +0100] "GET /robots.txt HTTP/1.1" 301 397 "-" "Mozilla/5.0 (compatible; DotBot/1.1; http://www.opensiteexplorer.org/dotbot, help@moz.com)"
216.244.66.243 - - [06/Dec/2017:08:04:20 +0100] "GET /robots.txt HTTP/1.1" 200 178 "-" "Mozilla/5.0 (compatible; DotBot/1.1; http://www.opensiteexplorer.org/dotbot, help@moz.com)"
212.95.8.211 - - [06/Dec/2017:08:04:22 +0100] "-" 408 - "-" "-"
212.95.8.211 - - [06/Dec/2017:08:04:22 +0100] "-" 408 - "-" "-"
212.95.8.211 - - [06/Dec/2017:08:04:22 +0100] "-" 408 - "-" "-"
212.95.8.211 - - [06/Dec/2017:08:04:22 +0100] "-" 408 - "-" "-"
212.95.8.211 - - [06/Dec/2017:08:04:22 +0100] "-" 408 - "-" "-"
212.95.8.211 - - [06/Dec/2017:08:04:29 +0100] "GET /zwettl HTTP/1.1" 200 2912 "https://www.easydrivers.at/zwettl/Inhaberdaten" "Mozilla/5.0 (Linux; Android 6.0; ALE-L21 Build/HuaweiALE-L21) AppleWebKit/537.36 (KHTML, like Gecko) Chrome/62.0.3202.84 Mobile Safari/537.36"
17.142.148.193 - - [06/Dec/2017:08:04:31 +0100] "GET /krems/fotos_easydriverskrems HTTP/1.1" 200 3273 "-" "Mozilla/5.0 (Macintosh; Intel Mac OS X 10_10_1) AppleWebKit/600.2.5 (KHTML, like Gecko) Version/8.0.2 Safari/600.2.5 (Applebot/0.1; +http://www.apple.com/go/applebot)"
212.95.8.211 - - [06/Dec/2017:08:04:32 +0100] "GET /zwettl/aktionen HTTP/1.1" 200 2557 "https://www.easydrivers.at/zwettl" "Mozilla/5.0 (Linux; Android 6.0; ALE-L21 Build/HuaweiALE-L21) AppleWebKit/537.36 (KHTML, like Gecko) Chrome/62.0.3202.84 Mobile Safari/537.36"
217.182.132.73 - - [06/Dec/2017:08:04:36 +0100] "GET /fuehrerscheine/auto/A2B HTTP/1.1" 301 307 "-" "Mozilla/5.0 (compatible; AhrefsBot/5.2; +http://ahrefs.com/robot/)"
207.46.13.43 - - [06/Dec/2017:08:04:38 +0100] "GET /amstetten/abendkurs-aug18?FS=A2B HTTP/1.1" 200 5901 "-" "Mozilla/5.0 (compatible; bingbot/2.0; +http://www.bing.com/bingbot.htm)"
212.95.8.211 - - [06/Dec/2017:08:04:42 +0100] "GET /zwettl HTTP/1.1" 200 2912 "https://www.easydrivers.at/zwettl/aktionen" "Mozilla/5.0 (Linux; Android 6.0; ALE-L21 Build/HuaweiALE-L21) AppleWebKit/537.36 (KHTML, like Gecko) Chrome/62.0.3202.84 Mobile Safari/537.36"
212.95.8.188 - - [06/Dec/2017:08:04:43 +0100] "GET /enns/Abendkurs-22Dez2016?FS=B HTTP/1.1" 404 3065 "http://m.facebook.com" "Mozilla/5.0 (iPhone; CPU iPhone OS 11_2 like Mac OS X) AppleWebKit/604.4.7 (KHTML, like Gecko) Mobile/15C114 [FBAN/FBIOS;FBAV/151.0.0.61.202;FBBV/82156572;FBDV/iPhone9,3;FBMD/iPhone;FBSN/iOS;FBSV/11.2;FBSS/2;FBCR/tele.ring;FBID/phone;FBLC/de_DE;FBOP/5;FBRV/83160404]"
195.202.151.121 - - [06/Dec/2017:08:04:51 +0100] "GET /krems/img/mobile/info-close-button.png HTTP/1.1" 404 3160 "-" "Mozilla/5.0 (iPhone; CPU iPhone OS 11_1_2 like Mac OS X) AppleWebKit/604.3.5 (KHTML, like Gecko) Mobile/15B202 [FBAN/FBIOS;FBAV/151.0.0.61.202;FBBV/82156572;FBDV/iPhone7,2;FBMD/iPhone;FBSN/iOS;FBSV/11.1.2;FBSS/2;FBCR/Carrier;FBID/phone;FBLC/de_DE;FBOP/5;FBRV/83160404]"
52.9.24.143 - - [06/Dec/2017:08:05:18 +0100] "GET /klagenfurt HTTP/1.1" 301 302 "-" "Mozilla/5.0 (Windows NT 6.1; WOW64) AppleWebKit/537.36 (KHTML, like Gecko) Chrome/41.0.2227.0 Safari/537.36"
52.9.24.143 - - [06/Dec/2017:08:05:19 +0100] "GET /klagenfurt HTTP/1.1" 200 3665 "-" "Mozilla/5.0 (Windows NT 6.1; WOW64) AppleWebKit/537.36 (KHTML, like Gecko) Chrome/41.0.2227.0 Safari/537.36"
46.125.249.103 - - [06/Dec/2017:08:05:25 +0100] "GET /fuehrerscheine/motorrad HTTP/1.1" 200 4595 "https://www.google.at/" "Mozilla/5.0 (Linux; Android 7.1.1; S8 Build/NMF26O) AppleWebKit/537.36 (KHTML, like Gecko) Chrome/62.0.3202.84 Mobile Safari/537.36"
188.21.60.164 - - [06/Dec/2017:08:05:27 +0100] "GET /fuehrerscheine/auto/BF HTTP/1.1" 200 3919 "https://www.easydrivers.at/fuehrerscheine/auto" "Mozilla/5.0 (Windows NT 10.0; Win64; x64) AppleWebKit/537.36 (KHTML, like Gecko) Chrome/62.0.3202.94 Safari/537.36"
188.21.60.164 - - [06/Dec/2017:08:05:29 +0100] "GET /binaries/easy-drivers-portal/motorrad5jpg.jpg HTTP/1.1" 200 84164 "https://www.easydrivers.at/fuehrerscheine/auto/BF" "Mozilla/5.0 (Windows NT 10.0; Win64; x64) AppleWebKit/537.36 (KHTML, like Gecko) Chrome/62.0.3202.94 Safari/537.36"
212.95.8.211 - - [06/Dec/2017:08:05:33 +0100] "GET /zwettl/aktionen HTTP/1.1" 200 2557 "https://www.easydrivers.at/zwettl" "Mozilla/5.0 (Linux; Android 6.0; ALE-L21 Build/HuaweiALE-L21) AppleWebKit/537.36 (KHTML, like Gecko) Chrome/62.0.3202.84 Mobile Safari/537.36"
212.95.8.211 - - [06/Dec/2017:08:05:35 +0100] "GET /zwettl HTTP/1.1" 200 2912 "https://www.easydrivers.at/zwettl/Inhaberdaten" "Mozilla/5.0 (Linux; Android 6.0; ALE-L21 Build/HuaweiALE-L21) AppleWebKit/537.36 (KHTML, like Gecko) Chrome/62.0.3202.84 Mobile Safari/537.36"
212.95.8.211 - - [06/Dec/2017:08:05:45 +0100] "GET /zwettl HTTP/1.1" 200 2912 "https://www.easydrivers.at/zwettl" "Mozilla/5.0 (Linux; Android 6.0; ALE-L21 Build/HuaweiALE-L21) AppleWebKit/537.36 (KHTML, like Gecko) Chrome/62.0.3202.84 Mobile Safari/537.36"
212.95.8.211 - - [06/Dec/2017:08:05:49 +0100] "GET /zwettl/Inhaberdaten HTTP/1.1" 200 3307 "http://www.google.at/" "Mozilla/5.0 (Linux; Android 6.0; ALE-L21 Build/HuaweiALE-L21) AppleWebKit/537.36 (KHTML, like Gecko) Chrome/62.0.3202.84 Mobile Safari/537.36"
212.95.8.211 - - [06/Dec/2017:08:06:11 +0100] "-" 408 - "-" "-"
212.95.8.211 - - [06/Dec/2017:08:06:11 +0100] "-" 408 - "-" "-"
212.95.8.211 - - [06/Dec/2017:08:06:11 +0100] "-" 408 - "-" "-"
212.95.8.211 - - [06/Dec/2017:08:06:11 +0100] "-" 408 - "-" "-"
212.95.8.211 - - [06/Dec/2017:08:06:11 +0100] "-" 408 - "-" "-"
78.132.43.74 - - [06/Dec/2017:08:06:10 +0100] "GET /ennstal.schladming/wfk-22-12-2017?FS=B HTTP/1.1" 200 3217 "http://m.facebook.com/" "Mozilla/5.0 (Linux; Android 7.0; WAS-LX1 Build/HUAWEIWAS-LX1; wv) AppleWebKit/537.36 (KHTML, like Gecko) Version/4.0 Chrome/62.0.3202.84 Mobile Safari/537.36 [FB_IAB/FB4A;FBAV/152.0.0.42.136;]"
17.142.148.193 - - [06/Dec/2017:08:06:58 +0100] "GET /dornbirn/aktionen HTTP/1.1" 301 305 "-" "Mozilla/5.0 (Macintosh; Intel Mac OS X 10_10_1) AppleWebKit/600.2.5 (KHTML, like Gecko) Version/8.0.2 Safari/600.2.5 (Applebot/0.1; +http://www.apple.com/go/applebot)"
17.142.148.193 - - [06/Dec/2017:08:06:59 +0100] "GET /dornbirn/aktionen HTTP/1.1" 200 3039 "-" "Mozilla/5.0 (Macintosh; Intel Mac OS X 10_10_1) AppleWebKit/600.2.5 (KHTML, like Gecko) Version/8.0.2 Safari/600.2.5 (Applebot/0.1; +http://www.apple.com/go/applebot)"
178.115.130.13 - - [06/Dec/2017:08:07:04 +0100] "GET / HTTP/1.1" 301 293 "https://www.google.at/" "Mozilla/5.0 (Windows NT 10.0; Win64; x64; rv:57.0) Gecko/20100101 Firefox/57.0"
178.115.130.13 - - [06/Dec/2017:08:07:05 +0100] "GET / HTTP/1.1" 200 4436 "https://www.google.at/" "Mozilla/5.0 (Windows NT 10.0; Win64; x64; rv:57.0) Gecko/20100101 Firefox/57.0"
178.115.130.13 - - [06/Dec/2017:08:07:06 +0100] "GET /css/print.css HTTP/1.1" 200 967 "https://www.easydrivers.at/" "Mozilla/5.0 (Windows NT 10.0; Win64; x64; rv:57.0) Gecko/20100101 Firefox/57.0"
178.115.130.13 - - [06/Dec/2017:08:07:06 +0100] "GET /css/style.css HTTP/1.1" 200 5004 "https://www.easydrivers.at/" "Mozilla/5.0 (Windows NT 10.0; Win64; x64; rv:57.0) Gecko/20100101 Firefox/57.0"
178.115.130.13 - - [06/Dec/2017:08:07:06 +0100] "GET /javascript/jquery.simplemodal.js HTTP/1.1" 200 3070 "https://www.easydrivers.at/" "Mozilla/5.0 (Windows NT 10.0; Win64; x64; rv:57.0) Gecko/20100101 Firefox/57.0"
178.115.130.13 - - [06/Dec/2017:08:07:06 +0100] "GET /javascript/portal.js?1221842734 HTTP/1.1" 200 3529 "https://www.easydrivers.at/" "Mozilla/5.0 (Windows NT 10.0; Win64; x64; rv:57.0) Gecko/20100101 Firefox/57.0"
178.115.130.13 - - [06/Dec/2017:08:07:06 +0100] "GET /javascript/jquery.cookie.js HTTP/1.1" 200 863 "https://www.easydrivers.at/" "Mozilla/5.0 (Windows NT 10.0; Win64; x64; rv:57.0) Gecko/20100101 Firefox/57.0"
178.115.130.13 - - [06/Dec/2017:08:07:06 +0100] "GET /javascript/jquery.customSelect.min.js HTTP/1.1" 200 912 "https://www.easydrivers.at/" "Mozilla/5.0 (Windows NT 10.0; Win64; x64; rv:57.0) Gecko/20100101 Firefox/57.0"
178.115.130.13 - - [06/Dec/2017:08:07:06 +0100] "GET /javascript/homesearch.js HTTP/1.1" 200 393 "https://www.easydrivers.at/" "Mozilla/5.0 (Windows NT 10.0; Win64; x64; rv:57.0) Gecko/20100101 Firefox/57.0"
178.115.130.13 - - [06/Dec/2017:08:07:06 +0100] "GET /javascript/lazyload.js HTTP/1.1" 200 1170 "https://www.easydrivers.at/" "Mozilla/5.0 (Windows NT 10.0; Win64; x64; rv:57.0) Gecko/20100101 Firefox/57.0"
178.115.130.13 - - [06/Dec/2017:08:07:06 +0100] "GET /img/facebook-icon.png HTTP/1.1" 200 1506 "https://www.easydrivers.at/" "Mozilla/5.0 (Windows NT 10.0; Win64; x64; rv:57.0) Gecko/20100101 Firefox/57.0"
178.115.130.13 - - [06/Dec/2017:08:07:06 +0100] "GET /img/close-button.png HTTP/1.1" 200 2237 "https://www.easydrivers.at/" "Mozilla/5.0 (Windows NT 10.0; Win64; x64; rv:57.0) Gecko/20100101 Firefox/57.0"
178.115.130.13 - - [06/Dec/2017:08:07:06 +0100] "GET /binaries/easy-drivers-portal/widget-icon-trainingpng.png HTTP/1.1" 200 2662 "https://www.easydrivers.at/" "Mozilla/5.0 (Windows NT 10.0; Win64; x64; rv:57.0) Gecko/20100101 Firefox/57.0"
178.115.130.13 - - [06/Dec/2017:08:07:07 +0100] "GET /img/submit-button.png HTTP/1.1" 200 1958 "https://www.easydrivers.at/" "Mozilla/5.0 (Windows NT 10.0; Win64; x64; rv:57.0) Gecko/20100101 Firefox/57.0"
178.115.130.13 - - [06/Dec/2017:08:07:07 +0100] "GET /img/empty.gif HTTP/1.1" 200 43 "https://www.easydrivers.at/" "Mozilla/5.0 (Windows NT 10.0; Win64; x64; rv:57.0) Gecko/20100101 Firefox/57.0"
178.115.130.13 - - [06/Dec/2017:08:07:07 +0100] "GET /img/schweiz-icon.png HTTP/1.1" 200 1504 "https://www.easydrivers.at/" "Mozilla/5.0 (Windows NT 10.0; Win64; x64; rv:57.0) Gecko/20100101 Firefox/57.0"
178.115.130.13 - - [06/Dec/2017:08:07:07 +0100] "GET /binaries/easy-drivers-portal/widget-icon-apppng.png HTTP/1.1" 200 2432 "https://www.easydrivers.at/" "Mozilla/5.0 (Windows NT 10.0; Win64; x64; rv:57.0) Gecko/20100101 Firefox/57.0"
178.115.130.13 - - [06/Dec/2017:08:07:07 +0100] "GET /cache/emu/images/easy-drivers-portal10294676/pastedgraphic-3-1png_160_90_0.png HTTP/1.1" 200 9745 "https://www.easydrivers.at/" "Mozilla/5.0 (Windows NT 10.0; Win64; x64; rv:57.0) Gecko/20100101 Firefox/57.0"
178.115.130.13 - - [06/Dec/2017:08:07:07 +0100] "GET /binaries/easy-drivers-portal/widget-icon-expertspng.png HTTP/1.1" 200 2159 "https://www.easydrivers.at/" "Mozilla/5.0 (Windows NT 10.0; Win64; x64; rv:57.0) Gecko/20100101 Firefox/57.0"
178.115.130.13 - - [06/Dec/2017:08:07:07 +0100] "GET /img/ED_Logo.png HTTP/1.1" 200 3385 "https://www.easydrivers.at/css/style.css" "Mozilla/5.0 (Windows NT 10.0; Win64; x64; rv:57.0) Gecko/20100101 Firefox/57.0"
178.115.130.13 - - [06/Dec/2017:08:07:07 +0100] "GET /img/yellow-dots-vertical.png HTTP/1.1" 200 981 "https://www.easydrivers.at/css/style.css" "Mozilla/5.0 (Windows NT 10.0; Win64; x64; rv:57.0) Gecko/20100101 Firefox/57.0"
178.115.130.13 - - [06/Dec/2017:08:07:07 +0100] "GET /img/bg-top-section.jpg HTTP/1.1" 200 82172 "https://www.easydrivers.at/css/style.css" "Mozilla/5.0 (Windows NT 10.0; Win64; x64; rv:57.0) Gecko/20100101 Firefox/57.0"
178.115.130.13 - - [06/Dec/2017:08:07:07 +0100] "GET /img/purple-dots-horizontal.png HTTP/1.1" 200 977 "https://www.easydrivers.at/css/style.css" "Mozilla/5.0 (Windows NT 10.0; Win64; x64; rv:57.0) Gecko/20100101 Firefox/57.0"
178.115.130.13 - - [06/Dec/2017:08:07:08 +0100] "GET /img/black-dots-vertical.png HTTP/1.1" 200 1165 "https://www.easydrivers.at/css/style.css" "Mozilla/5.0 (Windows NT 10.0; Win64; x64; rv:57.0) Gecko/20100101 Firefox/57.0"
178.115.130.13 - - [06/Dec/2017:08:07:08 +0100] "GET /img/bg-footer.jpg HTTP/1.1" 200 31770 "https://www.easydrivers.at/css/style.css" "Mozilla/5.0 (Windows NT 10.0; Win64; x64; rv:57.0) Gecko/20100101 Firefox/57.0"
178.115.130.13 - - [06/Dec/2017:08:07:08 +0100] "GET /img/kursicon-print-pink.png HTTP/1.1" 200 1125 "https://www.easydrivers.at/" "Mozilla/5.0 (Windows NT 10.0; Win64; x64; rv:57.0) Gecko/20100101 Firefox/57.0"
178.115.130.13 - - [06/Dec/2017:08:07:08 +0100] "GET /img/kursicon-download-pink.png HTTP/1.1" 200 1213 "https://www.easydrivers.at/" "Mozilla/5.0 (Windows NT 10.0; Win64; x64; rv:57.0) Gecko/20100101 Firefox/57.0"
178.115.130.13 - - [06/Dec/2017:08:07:08 +0100] "GET /img/kursicon-share-pink.png HTTP/1.1" 200 1277 "https://www.easydrivers.at/" "Mozilla/5.0 (Windows NT 10.0; Win64; x64; rv:57.0) Gecko/20100101 Firefox/57.0"
178.115.130.13 - - [06/Dec/2017:08:07:08 +0100] "GET /img/kursicon-phone-pink.png HTTP/1.1" 200 1286 "https://www.easydrivers.at/" "Mozilla/5.0 (Windows NT 10.0; Win64; x64; rv:57.0) Gecko/20100101 Firefox/57.0"
178.115.130.13 - - [06/Dec/2017:08:07:08 +0100] "GET /img/selection-box-button.png HTTP/1.1" 200 1079 "https://www.easydrivers.at/css/style.css" "Mozilla/5.0 (Windows NT 10.0; Win64; x64; rv:57.0) Gecko/20100101 Firefox/57.0"
178.115.130.13 - - [06/Dec/2017:08:07:09 +0100] "GET /img/bg-header.jpg HTTP/1.1" 200 38680 "https://www.easydrivers.at/css/style.css" "Mozilla/5.0 (Windows NT 10.0; Win64; x64; rv:57.0) Gecko/20100101 Firefox/57.0"
178.115.130.13 - - [06/Dec/2017:08:07:09 +0100] "GET /img/new_favicon.ico HTTP/1.1" 301 306 "-" "Mozilla/5.0 (Windows NT 10.0; Win64; x64; rv:57.0) Gecko/20100101 Firefox/57.0"
178.115.130.13 - - [06/Dec/2017:08:07:09 +0100] "GET /img/new_favicon.ico HTTP/1.1" 200 1150 "-" "Mozilla/5.0 (Windows NT 10.0; Win64; x64; rv:57.0) Gecko/20100101 Firefox/57.0"
178.115.130.13 - - [06/Dec/2017:08:07:23 +0100] "GET /img/loading-bars.gif HTTP/1.1" 200 3951 "https://www.easydrivers.at/css/style.css" "Mozilla/5.0 (Windows NT 10.0; Win64; x64; rv:57.0) Gecko/20100101 Firefox/57.0"
178.115.130.13 - - [06/Dec/2017:08:07:23 +0100] "POST /suche HTTP/1.1" 200 4272 "https://www.easydrivers.at/" "Mozilla/5.0 (Windows NT 10.0; Win64; x64; rv:57.0) Gecko/20100101 Firefox/57.0"
213.33.61.190 - - [06/Dec/2017:08:07:24 +0100] "GET /img/ED_Logo.png HTTP/1.1" 301 305 "-" "Mozilla/5.0 (Windows NT 10.0; Win64; x64; rv:57.0) Gecko/20100101 Firefox/57.0"
178.115.130.13 - - [06/Dec/2017:08:07:24 +0100] "GET /javascript/suche.js HTTP/1.1" 200 209 "https://www.easydrivers.at/suche" "Mozilla/5.0 (Windows NT 10.0; Win64; x64; rv:57.0) Gecko/20100101 Firefox/57.0"
178.115.130.13 - - [06/Dec/2017:08:07:24 +0100] "GET /img/smallicon-address.png HTTP/1.1" 200 1211 "https://www.easydrivers.at/suche" "Mozilla/5.0 (Windows NT 10.0; Win64; x64; rv:57.0) Gecko/20100101 Firefox/57.0"
178.115.130.13 - - [06/Dec/2017:08:07:24 +0100] "GET /img/submit-button-small.png HTTP/1.1" 200 1456 "https://www.easydrivers.at/suche" "Mozilla/5.0 (Windows NT 10.0; Win64; x64; rv:57.0) Gecko/20100101 Firefox/57.0"
178.115.130.13 - - [06/Dec/2017:08:07:24 +0100] "GET /css/showLoading.css HTTP/1.1" 200 219 "https://www.easydrivers.at/suche" "Mozilla/5.0 (Windows NT 10.0; Win64; x64; rv:57.0) Gecko/20100101 Firefox/57.0"
178.115.130.13 - - [06/Dec/2017:08:07:24 +0100] "GET /javascript/jquery.showLoading.min.js HTTP/1.1" 200 1136 "https://www.easydrivers.at/suche" "Mozilla/5.0 (Windows NT 10.0; Win64; x64; rv:57.0) Gecko/20100101 Firefox/57.0"
178.115.130.13 - - [06/Dec/2017:08:07:24 +0100] "GET /binaries/easy-drivers-portal/motorrad6jpg.jpg HTTP/1.1" 200 83216 "https://www.easydrivers.at/suche" "Mozilla/5.0 (Windows NT 10.0; Win64; x64; rv:57.0) Gecko/20100101 Firefox/57.0"
178.115.130.13 - - [06/Dec/2017:08:07:24 +0100] "GET /img/locator-icon.png HTTP/1.1" 200 1377 "https://www.easydrivers.at/suche" "Mozilla/5.0 (Windows NT 10.0; Win64; x64; rv:57.0) Gecko/20100101 Firefox/57.0"
178.115.130.13 - - [06/Dec/2017:08:07:24 +0100] "GET /img/smallicon-time.png HTTP/1.1" 200 1262 "https://www.easydrivers.at/suche" "Mozilla/5.0 (Windows NT 10.0; Win64; x64; rv:57.0) Gecko/20100101 Firefox/57.0"
178.115.130.13 - - [06/Dec/2017:08:07:24 +0100] "GET /img/smallicon-phone.png HTTP/1.1" 200 3056 "https://www.easydrivers.at/suche" "Mozilla/5.0 (Windows NT 10.0; Win64; x64; rv:57.0) Gecko/20100101 Firefox/57.0"
178.115.130.13 - - [06/Dec/2017:08:07:24 +0100] "GET /javascript/jquery.base64.min.js HTTP/1.1" 200 37135 "https://www.easydrivers.at/suche" "Mozilla/5.0 (Windows NT 10.0; Win64; x64; rv:57.0) Gecko/20100101 Firefox/57.0"
178.115.130.13 - - [06/Dec/2017:08:07:25 +0100] "GET /img/smallicon-mail.png HTTP/1.1" 200 1341 "https://www.easydrivers.at/suche" "Mozilla/5.0 (Windows NT 10.0; Win64; x64; rv:57.0) Gecko/20100101 Firefox/57.0"
178.115.130.13 - - [06/Dec/2017:08:07:25 +0100] "GET /img/arrow-left.png HTTP/1.1" 200 1015 "https://www.easydrivers.at/css/style.css" "Mozilla/5.0 (Windows NT 10.0; Win64; x64; rv:57.0) Gecko/20100101 Firefox/57.0"
213.33.61.190 - - [06/Dec/2017:08:07:25 +0100] "GET /img/ED_Logo.png HTTP/1.1" 200 3385 "-" "Mozilla/5.0 (Windows NT 10.0; Win64; x64; rv:57.0) Gecko/20100101 Firefox/57.0"
178.115.130.13 - - [06/Dec/2017:08:07:28 +0100] "GET /img/bg-yellow.jpg HTTP/1.1" 200 2250 "https://www.easydrivers.at/css/style.css" "Mozilla/5.0 (Windows NT 10.0; Win64; x64; rv:57.0) Gecko/20100101 Firefox/57.0"
188.21.60.164 - - [06/Dec/2017:08:07:36 +0100] "GET /wr.neustadt HTTP/1.1" 301 300 "-" "Mozilla/5.0 (Windows NT 6.1; Win64; x64; rv:57.0) Gecko/20100101 Firefox/57.0"
188.21.60.164 - - [06/Dec/2017:08:07:37 +0100] "GET /wr.neustadt HTTP/1.1" 200 3523 "-" "Mozilla/5.0 (Windows NT 6.1; Win64; x64; rv:57.0) Gecko/20100101 Firefox/57.0"
188.21.60.164 - - [06/Dec/2017:08:07:39 +0100] "GET /css/style.css HTTP/1.1" 200 5004 "https://www.easydrivers.at/wr.neustadt" "Mozilla/5.0 (Windows NT 6.1; Win64; x64; rv:57.0) Gecko/20100101 Firefox/57.0"
188.21.60.164 - - [06/Dec/2017:08:07:39 +0100] "GET /css/print.css HTTP/1.1" 200 967 "https://www.easydrivers.at/wr.neustadt" "Mozilla/5.0 (Windows NT 6.1; Win64; x64; rv:57.0) Gecko/20100101 Firefox/57.0"
188.21.60.164 - - [06/Dec/2017:08:07:39 +0100] "GET /javascript/jquery.customSelect.min.js HTTP/1.1" 200 912 "https://www.easydrivers.at/wr.neustadt" "Mozilla/5.0 (Windows NT 6.1; Win64; x64; rv:57.0) Gecko/20100101 Firefox/57.0"
188.21.60.164 - - [06/Dec/2017:08:07:39 +0100] "GET /javascript/jquery.simplemodal.js HTTP/1.1" 200 3070 "https://www.easydrivers.at/wr.neustadt" "Mozilla/5.0 (Windows NT 6.1; Win64; x64; rv:57.0) Gecko/20100101 Firefox/57.0"
188.21.60.164 - - [06/Dec/2017:08:07:39 +0100] "GET /javascript/jquery.cookie.js HTTP/1.1" 200 863 "https://www.easydrivers.at/wr.neustadt" "Mozilla/5.0 (Windows NT 6.1; Win64; x64; rv:57.0) Gecko/20100101 Firefox/57.0"
188.21.60.164 - - [06/Dec/2017:08:07:39 +0100] "GET /javascript/portal.js?1221842734 HTTP/1.1" 200 3529 "https://www.easydrivers.at/wr.neustadt" "Mozilla/5.0 (Windows NT 6.1; Win64; x64; rv:57.0) Gecko/20100101 Firefox/57.0"
188.21.60.164 - - [06/Dec/2017:08:07:39 +0100] "GET /javascript/lazyload.js HTTP/1.1" 200 1170 "https://www.easydrivers.at/wr.neustadt" "Mozilla/5.0 (Windows NT 6.1; Win64; x64; rv:57.0) Gecko/20100101 Firefox/57.0"
188.21.60.164 - - [06/Dec/2017:08:07:39 +0100] "GET /javascript/fahrschule.js HTTP/1.1" 200 462 "https://www.easydrivers.at/wr.neustadt" "Mozilla/5.0 (Windows NT 6.1; Win64; x64; rv:57.0) Gecko/20100101 Firefox/57.0"
188.21.60.164 - - [06/Dec/2017:08:07:39 +0100] "GET /img/close-button.png HTTP/1.1" 200 2237 "https://www.easydrivers.at/wr.neustadt" "Mozilla/5.0 (Windows NT 6.1; Win64; x64; rv:57.0) Gecko/20100101 Firefox/57.0"
188.21.60.164 - - [06/Dec/2017:08:07:39 +0100] "GET /img/facebook-icon.png HTTP/1.1" 200 1506 "https://www.easydrivers.at/wr.neustadt" "Mozilla/5.0 (Windows NT 6.1; Win64; x64; rv:57.0) Gecko/20100101 Firefox/57.0"
188.21.60.164 - - [06/Dec/2017:08:07:39 +0100] "GET /img/info-button.png HTTP/1.1" 200 738 "https://www.easydrivers.at/wr.neustadt" "Mozilla/5.0 (Windows NT 6.1; Win64; x64; rv:57.0) Gecko/20100101 Firefox/57.0"
188.21.60.164 - - [06/Dec/2017:08:07:39 +0100] "GET /img/locator-icon.png HTTP/1.1" 200 1377 "https://www.easydrivers.at/wr.neustadt" "Mozilla/5.0 (Windows NT 6.1; Win64; x64; rv:57.0) Gecko/20100101 Firefox/57.0"
188.21.60.164 - - [06/Dec/2017:08:07:39 +0100] "GET /img/close-button-small.png HTTP/1.1" 200 1671 "https://www.easydrivers.at/wr.neustadt" "Mozilla/5.0 (Windows NT 6.1; Win64; x64; rv:57.0) Gecko/20100101 Firefox/57.0"
188.21.60.164 - - [06/Dec/2017:08:07:39 +0100] "GET /binaries/easy-drivers-portal/widget-icon-trainingpng.png HTTP/1.1" 200 2662 "https://www.easydrivers.at/wr.neustadt" "Mozilla/5.0 (Windows NT 6.1; Win64; x64; rv:57.0) Gecko/20100101 Firefox/57.0"
188.21.60.164 - - [06/Dec/2017:08:07:39 +0100] "GET /img/empty.gif HTTP/1.1" 200 43 "https://www.easydrivers.at/wr.neustadt" "Mozilla/5.0 (Windows NT 6.1; Win64; x64; rv:57.0) Gecko/20100101 Firefox/57.0"
188.21.60.164 - - [06/Dec/2017:08:07:39 +0100] "GET /img/schweiz-icon.png HTTP/1.1" 200 1504 "https://www.easydrivers.at/wr.neustadt" "Mozilla/5.0 (Windows NT 6.1; Win64; x64; rv:57.0) Gecko/20100101 Firefox/57.0"
188.21.60.164 - - [06/Dec/2017:08:07:39 +0100] "GET /binaries/easy-drivers-portal/widget-icon-expertspng.png HTTP/1.1" 200 2159 "https://www.easydrivers.at/wr.neustadt" "Mozilla/5.0 (Windows NT 6.1; Win64; x64; rv:57.0) Gecko/20100101 Firefox/57.0"
188.21.60.164 - - [06/Dec/2017:08:07:39 +0100] "GET /img/submit-button.png HTTP/1.1" 200 1958 "https://www.easydrivers.at/wr.neustadt" "Mozilla/5.0 (Windows NT 6.1; Win64; x64; rv:57.0) Gecko/20100101 Firefox/57.0"
188.21.60.164 - - [06/Dec/2017:08:07:39 +0100] "GET /binaries/easy-drivers-portal/widget-icon-apppng.png HTTP/1.1" 200 2432 "https://www.easydrivers.at/wr.neustadt" "Mozilla/5.0 (Windows NT 6.1; Win64; x64; rv:57.0) Gecko/20100101 Firefox/57.0"
188.21.60.164 - - [06/Dec/2017:08:07:39 +0100] "GET /img/bg-header.jpg HTTP/1.1" 200 38680 "https://www.easydrivers.at/css/style.css" "Mozilla/5.0 (Windows NT 6.1; Win64; x64; rv:57.0) Gecko/20100101 Firefox/57.0"
188.21.60.164 - - [06/Dec/2017:08:07:39 +0100] "GET /img/ED_Logo.png HTTP/1.1" 200 3385 "https://www.easydrivers.at/css/style.css" "Mozilla/5.0 (Windows NT 6.1; Win64; x64; rv:57.0) Gecko/20100101 Firefox/57.0"
188.21.60.164 - - [06/Dec/2017:08:07:39 +0100] "GET /img/purple-dots-horizontal.png HTTP/1.1" 200 977 "https://www.easydrivers.at/css/style.css" "Mozilla/5.0 (Windows NT 6.1; Win64; x64; rv:57.0) Gecko/20100101 Firefox/57.0"
188.21.60.164 - - [06/Dec/2017:08:07:39 +0100] "GET /img/yellow-dots-vertical.png HTTP/1.1" 200 981 "https://www.easydrivers.at/css/style.css" "Mozilla/5.0 (Windows NT 6.1; Win64; x64; rv:57.0) Gecko/20100101 Firefox/57.0"
188.21.60.164 - - [06/Dec/2017:08:07:39 +0100] "GET /img/bg-footer.jpg HTTP/1.1" 200 31770 "https://www.easydrivers.at/css/style.css" "Mozilla/5.0 (Windows NT 6.1; Win64; x64; rv:57.0) Gecko/20100101 Firefox/57.0"
188.21.60.164 - - [06/Dec/2017:08:07:39 +0100] "GET /img/kursicon-print-pink.png HTTP/1.1" 200 1125 "https://www.easydrivers.at/wr.neustadt" "Mozilla/5.0 (Windows NT 6.1; Win64; x64; rv:57.0) Gecko/20100101 Firefox/57.0"
188.21.60.164 - - [06/Dec/2017:08:07:39 +0100] "GET /img/bg-top-section.jpg HTTP/1.1" 200 82172 "https://www.easydrivers.at/css/style.css" "Mozilla/5.0 (Windows NT 6.1; Win64; x64; rv:57.0) Gecko/20100101 Firefox/57.0"
188.21.60.164 - - [06/Dec/2017:08:07:39 +0100] "GET /img/kursicon-download-pink.png HTTP/1.1" 200 1213 "https://www.easydrivers.at/wr.neustadt" "Mozilla/5.0 (Windows NT 6.1; Win64; x64; rv:57.0) Gecko/20100101 Firefox/57.0"
188.21.60.164 - - [06/Dec/2017:08:07:39 +0100] "GET /img/kursicon-share-pink.png HTTP/1.1" 200 1277 "https://www.easydrivers.at/wr.neustadt" "Mozilla/5.0 (Windows NT 6.1; Win64; x64; rv:57.0) Gecko/20100101 Firefox/57.0"
188.21.60.164 - - [06/Dec/2017:08:07:39 +0100] "GET /img/kursicon-phone-pink.png HTTP/1.1" 200 1286 "https://www.easydrivers.at/wr.neustadt" "Mozilla/5.0 (Windows NT 6.1; Win64; x64; rv:57.0) Gecko/20100101 Firefox/57.0"
188.21.60.164 - - [06/Dec/2017:08:07:40 +0100] "GET /img/new_favicon.ico HTTP/1.1" 301 306 "-" "Mozilla/5.0 (Windows NT 6.1; Win64; x64; rv:57.0) Gecko/20100101 Firefox/57.0"
188.21.60.164 - - [06/Dec/2017:08:07:40 +0100] "GET /img/new_favicon.ico HTTP/1.1" 200 1150 "-" "Mozilla/5.0 (Windows NT 6.1; Win64; x64; rv:57.0) Gecko/20100101 Firefox/57.0"
207.46.13.137 - - [06/Dec/2017:08:07:40 +0100] "GET /amstetten/osterkurs-18?FS=BL1796 HTTP/1.1" 200 6134 "-" "Mozilla/5.0 (compatible; bingbot/2.0; +http://www.bing.com/bingbot.htm)"
188.21.60.164 - - [06/Dec/2017:08:07:48 +0100] "GET /fahrschulen HTTP/1.1" 200 3928 "https://www.easydrivers.at/wr.neustadt" "Mozilla/5.0 (Windows NT 6.1; Win64; x64; rv:57.0) Gecko/20100101 Firefox/57.0"
188.21.60.164 - - [06/Dec/2017:08:07:49 +0100] "GET /img/austria-map-burgenland.png HTTP/1.1" 200 10146 "https://www.easydrivers.at/fahrschulen" "Mozilla/5.0 (Windows NT 6.1; Win64; x64; rv:57.0) Gecko/20100101 Firefox/57.0"
188.21.60.164 - - [06/Dec/2017:08:07:49 +0100] "GET /javascript/fahrschulen.js?id=258 HTTP/1.1" 200 511 "https://www.easydrivers.at/fahrschulen" "Mozilla/5.0 (Windows NT 6.1; Win64; x64; rv:57.0) Gecko/20100101 Firefox/57.0"
188.21.60.164 - - [06/Dec/2017:08:07:49 +0100] "GET /img/austria-map-kaernten.png HTTP/1.1" 200 9968 "https://www.easydrivers.at/fahrschulen" "Mozilla/5.0 (Windows NT 6.1; Win64; x64; rv:57.0) Gecko/20100101 Firefox/57.0"
188.21.60.164 - - [06/Dec/2017:08:07:49 +0100] "GET /img/austria-map-noe.png HTTP/1.1" 200 17166 "https://www.easydrivers.at/fahrschulen" "Mozilla/5.0 (Windows NT 6.1; Win64; x64; rv:57.0) Gecko/20100101 Firefox/57.0"
188.21.60.164 - - [06/Dec/2017:08:07:49 +0100] "GET /img/austria-map-ooe.png HTTP/1.1" 200 14597 "https://www.easydrivers.at/fahrschulen" "Mozilla/5.0 (Windows NT 6.1; Win64; x64; rv:57.0) Gecko/20100101 Firefox/57.0"
188.21.60.164 - - [06/Dec/2017:08:07:50 +0100] "GET /img/austria-map-salzburg.png HTTP/1.1" 200 13786 "https://www.easydrivers.at/fahrschulen" "Mozilla/5.0 (Windows NT 6.1; Win64; x64; rv:57.0) Gecko/20100101 Firefox/57.0"
188.21.60.164 - - [06/Dec/2017:08:07:49 +0100] "GET /img/austria-map.jpg HTTP/1.1" 200 57110 "https://www.easydrivers.at/fahrschulen" "Mozilla/5.0 (Windows NT 6.1; Win64; x64; rv:57.0) Gecko/20100101 Firefox/57.0"
188.21.60.164 - - [06/Dec/2017:08:07:50 +0100] "GET /img/austria-map-steiermark.png HTTP/1.1" 200 14192 "https://www.easydrivers.at/fahrschulen" "Mozilla/5.0 (Windows NT 6.1; Win64; x64; rv:57.0) Gecko/20100101 Firefox/57.0"
188.21.60.164 - - [06/Dec/2017:08:07:50 +0100] "GET /img/austria-map-tirol.png HTTP/1.1" 200 13911 "https://www.easydrivers.at/fahrschulen" "Mozilla/5.0 (Windows NT 6.1; Win64; x64; rv:57.0) Gecko/20100101 Firefox/57.0"
188.21.60.164 - - [06/Dec/2017:08:07:50 +0100] "GET /img/austria-map-vorarlberg.png HTTP/1.1" 200 5780 "https://www.easydrivers.at/fahrschulen" "Mozilla/5.0 (Windows NT 6.1; Win64; x64; rv:57.0) Gecko/20100101 Firefox/57.0"
188.21.60.164 - - [06/Dec/2017:08:07:50 +0100] "GET /img/austria-map-wien.png HTTP/1.1" 200 2864 "https://www.easydrivers.at/fahrschulen" "Mozilla/5.0 (Windows NT 6.1; Win64; x64; rv:57.0) Gecko/20100101 Firefox/57.0"
188.21.60.164 - - [06/Dec/2017:08:07:50 +0100] "GET /img/submit-button-small.png HTTP/1.1" 200 1456 "https://www.easydrivers.at/fahrschulen" "Mozilla/5.0 (Windows NT 6.1; Win64; x64; rv:57.0) Gecko/20100101 Firefox/57.0"
83.164.137.197 - - [06/Dec/2017:08:07:52 +0100] "GET /linz/10286170?FS=B HTTP/1.1" 200 3158 "http://m.facebook.com/" "Mozilla/5.0 (Linux; Android 7.0; SM-G920F Build/NRD90M; wv) AppleWebKit/537.36 (KHTML, like Gecko) Version/4.0 Chrome/62.0.3202.84 Mobile Safari/537.36 [FB_IAB/FB4A;FBAV/151.0.0.44.205;]"
188.21.60.164 - - [06/Dec/2017:08:07:56 +0100] "GET /img/loading-bars.gif HTTP/1.1" 200 3951 "https://www.easydrivers.at/css/style.css" "Mozilla/5.0 (Windows NT 6.1; Win64; x64; rv:57.0) Gecko/20100101 Firefox/57.0"
188.21.60.164 - - [06/Dec/2017:08:07:56 +0100] "POST /fahrschulen/2700 HTTP/1.1" 200 3365 "https://www.easydrivers.at/fahrschulen" "Mozilla/5.0 (Windows NT 6.1; Win64; x64; rv:57.0) Gecko/20100101 Firefox/57.0"
188.21.60.164 - - [06/Dec/2017:08:07:57 +0100] "GET /img/smallicon-address.png HTTP/1.1" 200 1211 "https://www.easydrivers.at/fahrschulen/2700" "Mozilla/5.0 (Windows NT 6.1; Win64; x64; rv:57.0) Gecko/20100101 Firefox/57.0"
188.21.60.164 - - [06/Dec/2017:08:07:57 +0100] "GET /img/smallicon-phone.png HTTP/1.1" 200 3056 "https://www.easydrivers.at/fahrschulen/2700" "Mozilla/5.0 (Windows NT 6.1; Win64; x64; rv:57.0) Gecko/20100101 Firefox/57.0"
188.21.60.164 - - [06/Dec/2017:08:07:57 +0100] "GET /img/smallicon-time.png HTTP/1.1" 200 1262 "https://www.easydrivers.at/fahrschulen/2700" "Mozilla/5.0 (Windows NT 6.1; Win64; x64; rv:57.0) Gecko/20100101 Firefox/57.0"
188.21.60.164 - - [06/Dec/2017:08:07:57 +0100] "GET /img/smallicon-mail.png HTTP/1.1" 200 1341 "https://www.easydrivers.at/fahrschulen/2700" "Mozilla/5.0 (Windows NT 6.1; Win64; x64; rv:57.0) Gecko/20100101 Firefox/57.0"
188.21.60.164 - - [06/Dec/2017:08:07:57 +0100] "GET /img/arrow-left.png HTTP/1.1" 200 1015 "https://www.easydrivers.at/css/style.css" "Mozilla/5.0 (Windows NT 6.1; Win64; x64; rv:57.0) Gecko/20100101 Firefox/57.0"
188.21.60.164 - - [06/Dec/2017:08:07:57 +0100] "GET /img/bg-yellow.jpg HTTP/1.1" 200 2250 "https://www.easydrivers.at/css/style.css" "Mozilla/5.0 (Windows NT 6.1; Win64; x64; rv:57.0) Gecko/20100101 Firefox/57.0"
188.21.60.164 - - [06/Dec/2017:08:08:10 +0100] "GET /wr.neustadt HTTP/1.1" 200 3523 "https://www.easydrivers.at/fahrschulen/2700" "Mozilla/5.0 (Windows NT 6.1; Win64; x64; rv:57.0) Gecko/20100101 Firefox/57.0"
194.96.235.236 - - [06/Dec/2017:08:08:21 +0100] "GET /moedling HTTP/1.1" 200 3847 "-" "Mozilla/5.0 (Windows NT 6.1; WOW64; Trident/7.0; rv:11.0) like Gecko"
194.96.235.236 - - [06/Dec/2017:08:08:23 +0100] "GET /img/close-button.png HTTP/1.1" 200 2237 "https://www.easydrivers.at/moedling" "Mozilla/5.0 (Windows NT 6.1; WOW64; Trident/7.0; rv:11.0) like Gecko"
194.96.235.236 - - [06/Dec/2017:08:08:23 +0100] "GET /img/facebook-icon.png HTTP/1.1" 200 1506 "https://www.easydrivers.at/moedling" "Mozilla/5.0 (Windows NT 6.1; WOW64; Trident/7.0; rv:11.0) like Gecko"
194.96.235.236 - - [06/Dec/2017:08:08:24 +0100] "GET /img/locator-icon.png HTTP/1.1" 200 1377 "https://www.easydrivers.at/moedling" "Mozilla/5.0 (Windows NT 6.1; WOW64; Trident/7.0; rv:11.0) like Gecko"
194.96.235.236 - - [06/Dec/2017:08:08:24 +0100] "GET /img/close-button-small.png HTTP/1.1" 200 1671 "https://www.easydrivers.at/moedling" "Mozilla/5.0 (Windows NT 6.1; WOW64; Trident/7.0; rv:11.0) like Gecko"
194.96.235.236 - - [06/Dec/2017:08:08:24 +0100] "GET /img/info-button.png HTTP/1.1" 200 738 "https://www.easydrivers.at/moedling" "Mozilla/5.0 (Windows NT 6.1; WOW64; Trident/7.0; rv:11.0) like Gecko"
194.96.235.236 - - [06/Dec/2017:08:08:24 +0100] "GET /img/submit-button.png HTTP/1.1" 200 1958 "https://www.easydrivers.at/moedling" "Mozilla/5.0 (Windows NT 6.1; WOW64; Trident/7.0; rv:11.0) like Gecko"
194.96.235.236 - - [06/Dec/2017:08:08:24 +0100] "GET /cache/emu/images/easy-drivers-portal10244068/jetztanmeldenjpg_160_90_0.jpg HTTP/1.1" 200 4162 "https://www.easydrivers.at/moedling" "Mozilla/5.0 (Windows NT 6.1; WOW64; Trident/7.0; rv:11.0) like Gecko"
194.96.235.236 - - [06/Dec/2017:08:08:24 +0100] "GET /img/empty.gif HTTP/1.1" 200 43 "https://www.easydrivers.at/moedling" "Mozilla/5.0 (Windows NT 6.1; WOW64; Trident/7.0; rv:11.0) like Gecko"
194.96.235.236 - - [06/Dec/2017:08:08:24 +0100] "GET /cache/emu/images/easy-drivers-portal10244080/fuehrerscheinbjpg_160_90_0.jpg HTTP/1.1" 200 4032 "https://www.easydrivers.at/moedling" "Mozilla/5.0 (Windows NT 6.1; WOW64; Trident/7.0; rv:11.0) like Gecko"
194.96.235.236 - - [06/Dec/2017:08:08:24 +0100] "GET /cache/emu/images/easy-drivers-portal10292508/edb-kurswidgetpng_160_90_0.png HTTP/1.1" 200 8720 "https://www.easydrivers.at/moedling" "Mozilla/5.0 (Windows NT 6.1; WOW64; Trident/7.0; rv:11.0) like Gecko"
194.96.235.236 - - [06/Dec/2017:08:08:24 +0100] "GET /cache/emu/images/easy-drivers-portal10292489/edbscheinschenken50eursparenwidgetpng_160_90_0.png HTTP/1.1" 200 9997 "https://www.easydrivers.at/moedling" "Mozilla/5.0 (Windows NT 6.1; WOW64; Trident/7.0; rv:11.0) like Gecko"
194.96.235.236 - - [06/Dec/2017:08:08:24 +0100] "GET /img/bg-header.jpg HTTP/1.1" 200 38680 "https://www.easydrivers.at/moedling" "Mozilla/5.0 (Windows NT 6.1; WOW64; Trident/7.0; rv:11.0) like Gecko"
194.96.235.236 - - [06/Dec/2017:08:08:24 +0100] "GET /img/kursicon-download-pink.png HTTP/1.1" 200 1213 "https://www.easydrivers.at/moedling" "Mozilla/5.0 (Windows NT 6.1; WOW64; Trident/7.0; rv:11.0) like Gecko"
194.96.235.236 - - [06/Dec/2017:08:08:24 +0100] "GET /img/kursicon-share-pink.png HTTP/1.1" 200 1277 "https://www.easydrivers.at/moedling" "Mozilla/5.0 (Windows NT 6.1; WOW64; Trident/7.0; rv:11.0) like Gecko"
194.96.235.236 - - [06/Dec/2017:08:08:24 +0100] "GET /img/kursicon-phone-pink.png HTTP/1.1" 200 1286 "https://www.easydrivers.at/moedling" "Mozilla/5.0 (Windows NT 6.1; WOW64; Trident/7.0; rv:11.0) like Gecko"
194.96.235.236 - - [06/Dec/2017:08:08:24 +0100] "GET /img/ED_Logo.png HTTP/1.1" 200 3385 "https://www.easydrivers.at/moedling" "Mozilla/5.0 (Windows NT 6.1; WOW64; Trident/7.0; rv:11.0) like Gecko"
194.96.235.236 - - [06/Dec/2017:08:08:24 +0100] "GET /img/yellow-dots-vertical.png HTTP/1.1" 200 981 "https://www.easydrivers.at/moedling" "Mozilla/5.0 (Windows NT 6.1; WOW64; Trident/7.0; rv:11.0) like Gecko"
194.96.235.236 - - [06/Dec/2017:08:08:24 +0100] "GET /img/bg-footer.jpg HTTP/1.1" 200 31770 "https://www.easydrivers.at/moedling" "Mozilla/5.0 (Windows NT 6.1; WOW64; Trident/7.0; rv:11.0) like Gecko"
194.96.235.236 - - [06/Dec/2017:08:08:24 +0100] "GET /img/bg-top-section.jpg HTTP/1.1" 200 82172 "https://www.easydrivers.at/moedling" "Mozilla/5.0 (Windows NT 6.1; WOW64; Trident/7.0; rv:11.0) like Gecko"
194.96.235.236 - - [06/Dec/2017:08:08:24 +0100] "GET /img/kursicon-print-pink.png HTTP/1.1" 200 1125 "https://www.easydrivers.at/moedling" "Mozilla/5.0 (Windows NT 6.1; WOW64; Trident/7.0; rv:11.0) like Gecko"
194.96.235.236 - - [06/Dec/2017:08:08:24 +0100] "GET /img/schweiz-icon.png HTTP/1.1" 200 1504 "https://www.easydrivers.at/moedling" "Mozilla/5.0 (Windows NT 6.1; WOW64; Trident/7.0; rv:11.0) like Gecko"
194.96.235.236 - - [06/Dec/2017:08:08:26 +0100] "GET /moedling/aktionen HTTP/1.1" 200 4175 "https://www.easydrivers.at/moedling" "Mozilla/5.0 (Windows NT 6.1; WOW64; Trident/7.0; rv:11.0) like Gecko"
194.96.235.236 - - [06/Dec/2017:08:08:28 +0100] "GET /binaries/easy-drivers-portal/motorrad5jpg.jpg HTTP/1.1" 200 84164 "https://www.easydrivers.at/moedling/aktionen" "Mozilla/5.0 (Windows NT 6.1; WOW64; Trident/7.0; rv:11.0) like Gecko"
194.96.235.236 - - [06/Dec/2017:08:08:28 +0100] "GET /binaries/easy-drivers-m/edbscheinschenken50eursparenaktionpng.png HTTP/1.1" 200 108171 "https://www.easydrivers.at/moedling/aktionen" "Mozilla/5.0 (Windows NT 6.1; WOW64; Trident/7.0; rv:11.0) like Gecko"
194.96.235.236 - - [06/Dec/2017:08:08:29 +0100] "GET /img/purple-dots-horizontal.png HTTP/1.1" 200 977 "https://www.easydrivers.at/moedling/aktionen" "Mozilla/5.0 (Windows NT 6.1; WOW64; Trident/7.0; rv:11.0) like Gecko"
194.96.235.236 - - [06/Dec/2017:08:08:29 +0100] "GET /img/top-image-overlay.png HTTP/1.1" 200 20650 "https://www.easydrivers.at/moedling/aktionen" "Mozilla/5.0 (Windows NT 6.1; WOW64; Trident/7.0; rv:11.0) like Gecko"
77.119.129.45 - - [06/Dec/2017:08:08:54 +0100] "GET /reumannplatz HTTP/1.1" 301 302 "http://www.google.at/url?sa=t&rct=j&q=&esrc=s&source=web&cd=1&ved=0ahUKEwjSsPXe6fTXAhVMAcAKHasuCBQQFggoMAA&url=http%3A%2F%2Fwww.easydrivers.at%2Freumannplatz&usg=AOvVaw2R5SPh1IIHuPw1AQXBZC9d" "Mozilla/5.0 (Windows NT 6.1; Trident/7.0; rv:11.0) like Gecko"
144.76.158.18 - - [06/Dec/2017:08:08:55 +0100] "GET /ennstal.schladming HTTP/1.1" 301 306 "-" "Opendi Screenshot Bot bot@opendi.com"
144.76.158.18 - - [06/Dec/2017:08:08:55 +0100] "GET /ennstal.schladming HTTP/1.1" 200 3622 "-" "Opendi Screenshot Bot bot@opendi.com"
77.119.129.45 - - [06/Dec/2017:08:08:56 +0100] "GET /reumannplatz HTTP/1.1" 200 3343 "http://www.google.at/url?sa=t&rct=j&q=&esrc=s&source=web&cd=1&ved=0ahUKEwjSsPXe6fTXAhVMAcAKHasuCBQQFggoMAA&url=http%3A%2F%2Fwww.easydrivers.at%2Freumannplatz&usg=AOvVaw2R5SPh1IIHuPw1AQXBZC9d" "Mozilla/5.0 (Windows NT 6.1; Trident/7.0; rv:11.0) like Gecko"
144.76.158.18 - - [06/Dec/2017:08:08:58 +0100] "GET /javascript/jquery.cookie.js HTTP/1.1" 200 863 "https://www.easydrivers.at/ennstal.schladming" "Opendi Screenshot Bot bot@opendi.com"
144.76.158.18 - - [06/Dec/2017:08:08:58 +0100] "GET /javascript/lazyload.js HTTP/1.1" 200 1170 "https://www.easydrivers.at/ennstal.schladming" "Opendi Screenshot Bot bot@opendi.com"
144.76.158.18 - - [06/Dec/2017:08:08:58 +0100] "GET /javascript/jquery.customSelect.min.js HTTP/1.1" 200 912 "https://www.easydrivers.at/ennstal.schladming" "Opendi Screenshot Bot bot@opendi.com"
144.76.158.18 - - [06/Dec/2017:08:08:58 +0100] "GET /javascript/jquery.simplemodal.js HTTP/1.1" 200 3070 "https://www.easydrivers.at/ennstal.schladming" "Opendi Screenshot Bot bot@opendi.com"
144.76.158.18 - - [06/Dec/2017:08:08:58 +0100] "GET /javascript/portal.js?1221842734 HTTP/1.1" 200 3529 "https://www.easydrivers.at/ennstal.schladming" "Opendi Screenshot Bot bot@opendi.com"
144.76.158.18 - - [06/Dec/2017:08:08:58 +0100] "GET /css/style.css HTTP/1.1" 200 5004 "https://www.easydrivers.at/ennstal.schladming" "Opendi Screenshot Bot bot@opendi.com"
144.76.158.18 - - [06/Dec/2017:08:08:58 +0100] "GET /javascript/fahrschule.js HTTP/1.1" 200 462 "https://www.easydrivers.at/ennstal.schladming" "Opendi Screenshot Bot bot@opendi.com"
77.119.129.45 - - [06/Dec/2017:08:08:58 +0100] "GET /javascript/jquery.simplemodal.js HTTP/1.1" 200 3070 "https://www.easydrivers.at/reumannplatz" "Mozilla/5.0 (Windows NT 6.1; Trident/7.0; rv:11.0) like Gecko"
77.119.129.45 - - [06/Dec/2017:08:08:58 +0100] "GET /css/print.css HTTP/1.1" 200 967 "https://www.easydrivers.at/reumannplatz" "Mozilla/5.0 (Windows NT 6.1; Trident/7.0; rv:11.0) like Gecko"
77.119.129.45 - - [06/Dec/2017:08:08:58 +0100] "GET /javascript/jquery.customSelect.min.js HTTP/1.1" 200 912 "https://www.easydrivers.at/reumannplatz" "Mozilla/5.0 (Windows NT 6.1; Trident/7.0; rv:11.0) like Gecko"
77.119.129.45 - - [06/Dec/2017:08:08:58 +0100] "GET /css/style.css HTTP/1.1" 200 5004 "https://www.easydrivers.at/reumannplatz" "Mozilla/5.0 (Windows NT 6.1; Trident/7.0; rv:11.0) like Gecko"
77.119.129.45 - - [06/Dec/2017:08:08:58 +0100] "GET /javascript/jquery.cookie.js HTTP/1.1" 200 863 "https://www.easydrivers.at/reumannplatz" "Mozilla/5.0 (Windows NT 6.1; Trident/7.0; rv:11.0) like Gecko"
77.119.129.45 - - [06/Dec/2017:08:08:58 +0100] "GET /javascript/portal.js?1221842734 HTTP/1.1" 200 3529 "https://www.easydrivers.at/reumannplatz" "Mozilla/5.0 (Windows NT 6.1; Trident/7.0; rv:11.0) like Gecko"
144.76.158.18 - - [06/Dec/2017:08:08:58 +0100] "GET /img/close-button.png HTTP/1.1" 200 2237 "https://www.easydrivers.at/ennstal.schladming" "Opendi Screenshot Bot bot@opendi.com"
144.76.158.18 - - [06/Dec/2017:08:08:58 +0100] "GET /img/info-button.png HTTP/1.1" 200 738 "https://www.easydrivers.at/ennstal.schladming" "Opendi Screenshot Bot bot@opendi.com"
144.76.158.18 - - [06/Dec/2017:08:08:58 +0100] "GET /img/facebook-icon.png HTTP/1.1" 200 1506 "https://www.easydrivers.at/ennstal.schladming" "Opendi Screenshot Bot bot@opendi.com"
144.76.158.18 - - [06/Dec/2017:08:08:58 +0100] "GET /img/ED_Logo.png HTTP/1.1" 200 3385 "https://www.easydrivers.at/ennstal.schladming" "Opendi Screenshot Bot bot@opendi.com"
144.76.158.18 - - [06/Dec/2017:08:08:58 +0100] "GET /img/bg-header.jpg HTTP/1.1" 200 38680 "https://www.easydrivers.at/ennstal.schladming" "Opendi Screenshot Bot bot@opendi.com"
77.119.129.45 - - [06/Dec/2017:08:08:58 +0100] "GET /javascript/fahrschule.js HTTP/1.1" 200 462 "https://www.easydrivers.at/reumannplatz" "Mozilla/5.0 (Windows NT 6.1; Trident/7.0; rv:11.0) like Gecko"
77.119.129.45 - - [06/Dec/2017:08:08:58 +0100] "GET /img/close-button.png HTTP/1.1" 200 2237 "https://www.easydrivers.at/reumannplatz" "Mozilla/5.0 (Windows NT 6.1; Trident/7.0; rv:11.0) like Gecko"
77.119.129.45 - - [06/Dec/2017:08:08:58 +0100] "GET /img/locator-icon.png HTTP/1.1" 200 1377 "https://www.easydrivers.at/reumannplatz" "Mozilla/5.0 (Windows NT 6.1; Trident/7.0; rv:11.0) like Gecko"
77.119.129.45 - - [06/Dec/2017:08:08:58 +0100] "GET /img/close-button-small.png HTTP/1.1" 200 1671 "https://www.easydrivers.at/reumannplatz" "Mozilla/5.0 (Windows NT 6.1; Trident/7.0; rv:11.0) like Gecko"
144.76.158.18 - - [06/Dec/2017:08:08:58 +0100] "GET /img/locator-icon.png HTTP/1.1" 200 1377 "https://www.easydrivers.at/ennstal.schladming" "Opendi Screenshot Bot bot@opendi.com"
77.119.129.45 - - [06/Dec/2017:08:08:58 +0100] "GET /img/facebook-icon.png HTTP/1.1" 200 1506 "https://www.easydrivers.at/reumannplatz" "Mozilla/5.0 (Windows NT 6.1; Trident/7.0; rv:11.0) like Gecko"
144.76.158.18 - - [06/Dec/2017:08:08:58 +0100] "GET /img/close-button-small.png HTTP/1.1" 200 1671 "https://www.easydrivers.at/ennstal.schladming" "Opendi Screenshot Bot bot@opendi.com"
144.76.158.18 - - [06/Dec/2017:08:08:58 +0100] "GET /img/submit-button.png HTTP/1.1" 200 1958 "https://www.easydrivers.at/ennstal.schladming" "Opendi Screenshot Bot bot@opendi.com"
144.76.158.18 - - [06/Dec/2017:08:08:58 +0100] "GET /cache/emu/images/easy-drivers-portal10264989/volvojpg_131_90_0.jpg HTTP/1.1" 200 4570 "https://www.easydrivers.at/ennstal.schladming" "Opendi Screenshot Bot bot@opendi.com"
77.119.129.45 - - [06/Dec/2017:08:08:58 +0100] "GET /img/info-button.png HTTP/1.1" 200 738 "https://www.easydrivers.at/reumannplatz" "Mozilla/5.0 (Windows NT 6.1; Trident/7.0; rv:11.0) like Gecko"
144.76.158.18 - - [06/Dec/2017:08:08:58 +0100] "GET /img/empty.gif HTTP/1.1" 200 43 "https://www.easydrivers.at/ennstal.schladming" "Opendi Screenshot Bot bot@opendi.com"
144.76.158.18 - - [06/Dec/2017:08:08:58 +0100] "GET /binaries/easy-drivers-portal/widget-icon-trainingpng.png HTTP/1.1" 200 2662 "https://www.easydrivers.at/ennstal.schladming" "Opendi Screenshot Bot bot@opendi.com"
144.76.158.18 - - [06/Dec/2017:08:08:58 +0100] "GET /binaries/easy-drivers-portal/widget-icon-expertspng.png HTTP/1.1" 200 2159 "https://www.easydrivers.at/ennstal.schladming" "Opendi Screenshot Bot bot@opendi.com"
144.76.158.18 - - [06/Dec/2017:08:08:58 +0100] "GET /img/schweiz-icon.png HTTP/1.1" 200 1504 "https://www.easydrivers.at/ennstal.schladming" "Opendi Screenshot Bot bot@opendi.com"
144.76.158.18 - - [06/Dec/2017:08:08:58 +0100] "GET /binaries/easy-drivers-portal/widget-icon-apppng.png HTTP/1.1" 200 2432 "https://www.easydrivers.at/ennstal.schladming" "Opendi Screenshot Bot bot@opendi.com"
144.76.158.18 - - [06/Dec/2017:08:08:58 +0100] "GET /img/purple-dots-horizontal.png HTTP/1.1" 200 977 "https://www.easydrivers.at/ennstal.schladming" "Opendi Screenshot Bot bot@opendi.com"
144.76.158.18 - - [06/Dec/2017:08:08:58 +0100] "GET /img/yellow-dots-vertical.png HTTP/1.1" 200 981 "https://www.easydrivers.at/ennstal.schladming" "Opendi Screenshot Bot bot@opendi.com"
144.76.158.18 - - [06/Dec/2017:08:08:58 +0100] "GET /img/kursicon-print-pink.png HTTP/1.1" 200 1125 "https://www.easydrivers.at/ennstal.schladming" "Opendi Screenshot Bot bot@opendi.com"
144.76.158.18 - - [06/Dec/2017:08:08:58 +0100] "GET /img/kursicon-download-pink.png HTTP/1.1" 200 1213 "https://www.easydrivers.at/ennstal.schladming" "Opendi Screenshot Bot bot@opendi.com"
144.76.158.18 - - [06/Dec/2017:08:08:58 +0100] "GET /img/kursicon-share-pink.png HTTP/1.1" 200 1277 "https://www.easydrivers.at/ennstal.schladming" "Opendi Screenshot Bot bot@opendi.com"
144.76.158.18 - - [06/Dec/2017:08:08:58 +0100] "GET /img/bg-footer.jpg HTTP/1.1" 200 31770 "https://www.easydrivers.at/ennstal.schladming" "Opendi Screenshot Bot bot@opendi.com"
144.76.158.18 - - [06/Dec/2017:08:08:58 +0100] "GET /img/kursicon-phone-pink.png HTTP/1.1" 200 1286 "https://www.easydrivers.at/ennstal.schladming" "Opendi Screenshot Bot bot@opendi.com"
144.76.158.18 - - [06/Dec/2017:08:08:58 +0100] "GET /img/bg-top-section.jpg HTTP/1.1" 200 82172 "https://www.easydrivers.at/ennstal.schladming" "Opendi Screenshot Bot bot@opendi.com"
77.119.129.45 - - [06/Dec/2017:08:08:58 +0100] "GET /img/submit-button.png HTTP/1.1" 200 1958 "https://www.easydrivers.at/reumannplatz" "Mozilla/5.0 (Windows NT 6.1; Trident/7.0; rv:11.0) like Gecko"
77.119.129.45 - - [06/Dec/2017:08:08:59 +0100] "GET /img/empty.gif HTTP/1.1" 200 43 "https://www.easydrivers.at/reumannplatz" "Mozilla/5.0 (Windows NT 6.1; Trident/7.0; rv:11.0) like Gecko"
77.119.129.45 - - [06/Dec/2017:08:08:59 +0100] "GET /binaries/easy-drivers-portal/widget-icon-apppng.png HTTP/1.1" 200 2432 "https://www.easydrivers.at/reumannplatz" "Mozilla/5.0 (Windows NT 6.1; Trident/7.0; rv:11.0) like Gecko"
77.119.129.45 - - [06/Dec/2017:08:08:59 +0100] "GET /img/schweiz-icon.png HTTP/1.1" 200 1504 "https://www.easydrivers.at/reumannplatz" "Mozilla/5.0 (Windows NT 6.1; Trident/7.0; rv:11.0) like Gecko"
144.76.158.18 - - [06/Dec/2017:08:08:59 +0100] "GET /css/print.css HTTP/1.1" 200 967 "https://www.easydrivers.at/ennstal.schladming" "Opendi Screenshot Bot bot@opendi.com"
