82.218.173.52 - - [06/Dec/2017:06:26:25 +0100] "GET /img/smallicon-address.png HTTP/1.1" 200 1211 "https://www.easydrivers.at/ybbs" "Mozilla/5.0 (Windows NT 6.1; Win64; x64; Trident/7.0; rv:11.0) like Gecko"
82.218.173.52 - - [06/Dec/2017:06:26:25 +0100] "GET /img/mobile/googlemaps-pin.png HTTP/1.1" 200 1597 "https://www.easydrivers.at/ybbs" "Mozilla/5.0 (Windows NT 6.1; Win64; x64; Trident/7.0; rv:11.0) like Gecko"
82.218.173.52 - - [06/Dec/2017:06:26:25 +0100] "GET /img/smallicon-time.png HTTP/1.1" 200 1262 "https://www.easydrivers.at/ybbs" "Mozilla/5.0 (Windows NT 6.1; Win64; x64; Trident/7.0; rv:11.0) like Gecko"
82.218.173.52 - - [06/Dec/2017:06:26:25 +0100] "GET /img/smallicon-phone.png HTTP/1.1" 200 3056 "https://www.easydrivers.at/ybbs" "Mozilla/5.0 (Windows NT 6.1; Win64; x64; Trident/7.0; rv:11.0) like Gecko"
82.218.173.52 - - [06/Dec/2017:06:26:25 +0100] "GET /img/smallicon-mail.png HTTP/1.1" 200 1341 "https://www.easydrivers.at/ybbs" "Mozilla/5.0 (Windows NT 6.1; Win64; x64; Trident/7.0; rv:11.0) like Gecko"
82.218.173.52 - - [06/Dec/2017:06:26:25 +0100] "GET /img/mobile/widget-icon-app.png HTTP/1.1" 200 3458 "https://www.easydrivers.at/ybbs" "Mozilla/5.0 (Windows NT 6.1; Win64; x64; Trident/7.0; rv:11.0) like Gecko"
82.218.173.52 - - [06/Dec/2017:06:26:25 +0100] "GET /img/mobile/bg-menu.jpg HTTP/1.1" 200 1698 "https://www.easydrivers.at/ybbs" "Mozilla/5.0 (Windows NT 6.1; Win64; x64; Trident/7.0; rv:11.0) like Gecko"
82.218.173.52 - - [06/Dec/2017:06:26:25 +0100] "GET /img/mobile/bg-header.jpg HTTP/1.1" 200 19741 "https://www.easydrivers.at/ybbs" "Mozilla/5.0 (Windows NT 6.1; Win64; x64; Trident/7.0; rv:11.0) like Gecko"
82.218.173.52 - - [06/Dec/2017:06:26:25 +0100] "GET /img/mobile/pfeil-rechts.png HTTP/1.1" 200 1228 "https://www.easydrivers.at/ybbs" "Mozilla/5.0 (Windows NT 6.1; Win64; x64; Trident/7.0; rv:11.0) like Gecko"
82.218.173.52 - - [06/Dec/2017:06:26:25 +0100] "GET /img/mobile/bg-top-section.jpg HTTP/1.1" 200 21711 "https://www.easydrivers.at/ybbs" "Mozilla/5.0 (Windows NT 6.1; Win64; x64; Trident/7.0; rv:11.0) like Gecko"
82.218.173.52 - - [06/Dec/2017:06:26:25 +0100] "GET /img/favicon.ico HTTP/1.1" 301 303 "-" "Mozilla/5.0 (Windows NT 6.1; Win64; x64; Trident/7.0; rv:11.0) like Gecko"
82.218.173.52 - - [06/Dec/2017:06:26:26 +0100] "GET /img/favicon.ico HTTP/1.1" 404 301 "-" "Mozilla/5.0 (Windows NT 6.1; Win64; x64; Trident/7.0; rv:11.0) like Gecko"
207.46.13.43 - - [06/Dec/2017:06:26:26 +0100] "GET /hollabrunn/C_CE_Kurs_Mai_2017?FS=CCE HTTP/1.1" 301 320 "-" "Mozilla/5.0 (compatible; bingbot/2.0; +http://www.bing.com/bingbot.htm)"
82.218.173.52 - - [06/Dec/2017:06:26:26 +0100] "GET /favicon.ico HTTP/1.1" 200 1150 "-" "Mozilla/5.0 (Windows NT 6.1; Win64; x64; Trident/7.0; rv:11.0) like Gecko"
157.55.39.65 - - [06/Dec/2017:06:26:24 +0100] "GET /hollabrunn/Traktor_Dezemberkurs_2017?FS=F-Plus HTTP/1.1" 200 5743 "-" "Mozilla/5.0 (compatible; bingbot/2.0; +http://www.bing.com/bingbot.htm)"
84.113.9.96 - - [06/Dec/2017:06:26:26 +0100] "-" 408 - "-" "-"
213.162.72.132 - - [06/Dec/2017:06:26:24 +0100] "GET /ennstal.bad.aussee/wfk-22-12-2017?FS=B HTTP/1.1" 200 3219 "http://m.facebook.com" "Mozilla/5.0 (iPhone; CPU iPhone OS 11_1 like Mac OS X) AppleWebKit/604.3.5 (KHTML, like Gecko) Mobile/15B93 [FBAN/FBIOS;FBAV/151.0.0.61.202;FBBV/82156572;FBDV/iPhone6,2;FBMD/iPhone;FBSN/iOS;FBSV/11.1;FBSS/2;FBCR/A1;FBID/phone;FBLC/de_DE;FBOP/5;FBRV/82892895]"
77.119.129.40 - - [06/Dec/2017:06:26:30 +0100] "GET /img/smallicon-phone.png HTTP/1.1" 200 3056 "https://www.easydrivers.at/eisenstadt/10292407" "Mozilla/5.0 (iPhone; CPU iPhone OS 11_0 like Mac OS X) AppleWebKit/604.1.38 (KHTML, like Gecko) Version/11.0 Mobile/15A372 Safari/604.1"
77.119.129.40 - - [06/Dec/2017:06:26:30 +0100] "GET /img/mobile/kursicon-share.png HTTP/1.1" 200 2065 "https://www.easydrivers.at/eisenstadt/10292407" "Mozilla/5.0 (iPhone; CPU iPhone OS 11_0 like Mac OS X) AppleWebKit/604.1.38 (KHTML, like Gecko) Version/11.0 Mobile/15A372 Safari/604.1"
77.119.129.40 - - [06/Dec/2017:06:26:31 +0100] "GET /img/mobile/kursicon-phone.png HTTP/1.1" 200 1932 "https://www.easydrivers.at/eisenstadt/10292407" "Mozilla/5.0 (iPhone; CPU iPhone OS 11_0 like Mac OS X) AppleWebKit/604.1.38 (KHTML, like Gecko) Version/11.0 Mobile/15A372 Safari/604.1"
77.119.129.40 - - [06/Dec/2017:06:26:31 +0100] "GET /img/mobile/pfeil-rechts-small.png HTTP/1.1" 200 1056 "https://www.easydrivers.at/eisenstadt/10292407" "Mozilla/5.0 (iPhone; CPU iPhone OS 11_0 like Mac OS X) AppleWebKit/604.1.38 (KHTML, like Gecko) Version/11.0 Mobile/15A372 Safari/604.1"
207.46.13.137 - - [06/Dec/2017:06:26:33 +0100] "GET /fuehrerscheine/lkw/C HTTP/1.1" 301 305 "-" "Mozilla/5.0 (compatible; bingbot/2.0; +http://www.bing.com/bingbot.htm)"
40.77.167.76 - - [06/Dec/2017:06:26:42 +0100] "GET /voesendorf/Aktionen HTTP/1.1" 301 307 "-" "Mozilla/5.0 (compatible; bingbot/2.0; +http://www.bing.com/bingbot.htm)"
207.46.13.43 - - [06/Dec/2017:06:27:07 +0100] "GET /binaries/10252763.jpg HTTP/1.1" 200 32719 "-" "Mozilla/5.0 (compatible; bingbot/2.0; +http://www.bing.com/bingbot.htm)"
178.165.130.242 - - [06/Dec/2017:06:27:11 +0100] "GET /perg/10293777?FS=B HTTP/1.1" 200 3030 "http://m.facebook.com" "Mozilla/5.0 (iPhone; CPU iPhone OS 11_1_2 like Mac OS X) AppleWebKit/604.3.5 (KHTML, like Gecko) Mobile/15B202 [FBAN/FBIOS;FBAV/151.0.0.61.202;FBBV/82156572;FBDV/iPhone10,5;FBMD/iPhone;FBSN/iOS;FBSV/11.1.2;FBSS/3;FBCR/3Austria;FBID/phone;FBLC/de_DE;FBOP/5;FBRV/83160404]"
77.119.131.236 - - [06/Dec/2017:06:27:15 +0100] "GET /steyr/img/smallicon-address.png HTTP/1.1" 404 3096 "-" "Mozilla/5.0 (iPhone; CPU iPhone OS 11_1_1 like Mac OS X) AppleWebKit/604.3.5 (KHTML, like Gecko) Mobile/15B150 [FBAN/FBIOS;FBAV/151.0.0.61.202;FBBV/82156572;FBDV/iPhone9,4;FBMD/iPhone;FBSN/iOS;FBSV/11.1.1;FBSS/3;FBCR/3Austria;FBID/phone;FBLC/de_DE;FBOP/5;FBRV/83160404]"
82.194.131.196 - - [06/Dec/2017:06:27:36 +0100] "GET /ennstal.schladming/wfk-22-12-2017?FS=B HTTP/1.1" 200 3217 "http://m.facebook.com" "Mozilla/5.0 (iPhone; CPU iPhone OS 11_1_2 like Mac OS X) AppleWebKit/604.3.5 (KHTML, like Gecko) Mobile/15B202 [FBAN/FBIOS;FBAV/151.0.0.61.202;FBBV/82156572;FBDV/iPhone8,1;FBMD/iPhone;FBSN/iOS;FBSV/11.1.2;FBSS/2;FBCR/A1;FBID/phone;FBLC/de_DE;FBOP/5;FBRV/83160404]"
85.233.102.124 - - [06/Dec/2017:06:27:50 +0100] "GET /img/ED_Logo.png HTTP/1.1" 301 305 "-" "Mozilla/5.0 (Windows NT 10.0; Win64; x64; rv:57.0) Gecko/20100101 Firefox/57.0"
85.233.102.124 - - [06/Dec/2017:06:27:50 +0100] "GET /img/ED_Logo.png HTTP/1.1" 200 3385 "-" "Mozilla/5.0 (Windows NT 10.0; Win64; x64; rv:57.0) Gecko/20100101 Firefox/57.0"
77.119.131.236 - - [06/Dec/2017:06:27:49 +0100] "GET /steyr/img/smallicon-time.png HTTP/1.1" 404 3096 "-" "Mozilla/5.0 (iPhone; CPU iPhone OS 11_1_1 like Mac OS X) AppleWebKit/604.3.5 (KHTML, like Gecko) Mobile/15B150 [FBAN/FBIOS;FBAV/151.0.0.61.202;FBBV/82156572;FBDV/iPhone9,4;FBMD/iPhone;FBSN/iOS;FBSV/11.1.1;FBSS/3;FBCR/3Austria;FBID/phone;FBLC/de_DE;FBOP/5;FBRV/83160404]"
91.141.3.148 - - [06/Dec/2017:06:28:21 +0100] "GET /ennstal.bad.aussee/wfk-22-12-2017?FS=B HTTP/1.1" 200 3219 "http://m.facebook.com" "Mozilla/5.0 (iPhone; CPU iPhone OS 10_2 like Mac OS X) AppleWebKit/602.3.12 (KHTML, like Gecko) Mobile/14C92 [FBAN/FBIOS;FBAV/151.0.0.61.202;FBBV/82156572;FBDV/iPhone9,3;FBMD/iPhone;FBSN/iOS;FBSV/10.2;FBSS/2;FBCR/3Austria;FBID/phone;FBLC/de_DE;FBOP/5;FBRV/82892895]"
91.141.3.148 - - [06/Dec/2017:06:28:24 +0100] "GET /ennstal.bad.aussee/img/mobile/easydrivers-logo-mobile.png HTTP/1.1" 404 3061 "-" "Mozilla/5.0 (iPhone; CPU iPhone OS 10_2 like Mac OS X) AppleWebKit/602.3.12 (KHTML, like Gecko) Mobile/14C92 [FBAN/FBIOS;FBAV/151.0.0.61.202;FBBV/82156572;FBDV/iPhone9,3;FBMD/iPhone;FBSN/iOS;FBSV/10.2;FBSS/2;FBCR/3Austria;FBID/phone;FBLC/de_DE;FBOP/5;FBRV/82892895]"
213.225.4.168 - - [06/Dec/2017:06:28:46 +0100] "GET /bruck.leitha/10279432?FS=B HTTP/1.1" 200 3401 "http://m.facebook.com" "Mozilla/5.0 (iPhone; CPU iPhone OS 11_1_2 like Mac OS X) AppleWebKit/604.3.5 (KHTML, like Gecko) Mobile/15B202 [FBAN/FBIOS;FBAV/151.0.0.61.202;FBBV/82156572;FBDV/iPhone7,2;FBMD/iPhone;FBSN/iOS;FBSV/11.1.2;FBSS/2;FBCR/T-MobileA;FBID/phone;FBLC/de_DE;FBOP/5;FBRV/83160404]"
91.141.3.148 - - [06/Dec/2017:06:28:55 +0100] "GET /ennstal.bad.aussee/img/mobile/menu-button.png HTTP/1.1" 404 3067 "-" "Mozilla/5.0 (iPhone; CPU iPhone OS 10_2 like Mac OS X) AppleWebKit/602.3.12 (KHTML, like Gecko) Mobile/14C92 [FBAN/FBIOS;FBAV/151.0.0.61.202;FBBV/82156572;FBDV/iPhone9,3;FBMD/iPhone;FBSN/iOS;FBSV/10.2;FBSS/2;FBCR/3Austria;FBID/phone;FBLC/de_DE;FBOP/5;FBRV/82892895]"
207.46.13.137 - - [06/Dec/2017:06:28:59 +0100] "GET /krems/F-Kurs-Juni-2017?FS=F-Plus HTTP/1.1" 410 3555 "-" "Mozilla/5.0 (compatible; bingbot/2.0; +http://www.bing.com/bingbot.htm)"
62.46.96.83 - - [06/Dec/2017:06:29:09 +0100] "GET /hollabrunn/Grundkurs_Weihnachten_2017?FS=B HTTP/1.1" 200 3287 "http://m.facebook.com" "Mozilla/5.0 (iPhone; CPU iPhone OS 11_1_2 like Mac OS X) AppleWebKit/604.3.5 (KHTML, like Gecko) Mobile/15B202 [FBAN/FBIOS;FBAV/151.0.0.61.202;FBBV/82156572;FBDV/iPhone8,4;FBMD/iPhone;FBSN/iOS;FBSV/11.1.2;FBSS/2;FBCR/A1;FBID/phone;FBLC/de_DE;FBOP/5;FBRV/83160404]"
66.249.76.74 - - [06/Dec/2017:06:29:13 +0100] "GET /schwechat/neue_buerozeiten_2017 HTTP/1.1" 301 314 "-" "Mozilla/5.0 (compatible; Googlebot/2.1; +http://www.google.com/bot.html)"
62.46.96.83 - - [06/Dec/2017:06:29:11 +0100] "GET /hollabrunn/Grundkurs_Weihnachten_2017?FS=B HTTP/1.1" 200 3287 "http://m.facebook.com" "Mozilla/5.0 (iPhone; CPU iPhone OS 11_1_2 like Mac OS X) AppleWebKit/604.3.5 (KHTML, like Gecko) Mobile/15B202 [FBAN/FBIOS;FBAV/151.0.0.61.202;FBBV/82156572;FBDV/iPhone8,4;FBMD/iPhone;FBSN/iOS;FBSV/11.1.2;FBSS/2;FBCR/A1;FBID/phone;FBLC/de_DE;FBOP/5;FBRV/83160404]"
66.249.76.80 - - [06/Dec/2017:06:29:14 +0100] "GET /schwechat/neue_buerozeiten_2017 HTTP/1.1" 200 3171 "-" "Mozilla/5.0 (compatible; Googlebot/2.1; +http://www.google.com/bot.html)"
62.46.96.83 - - [06/Dec/2017:06:29:23 +0100] "GET /css/mobile.css HTTP/1.1" 200 2852 "https://www.easydrivers.at/hollabrunn/Grundkurs_Weihnachten_2017?FS=B" "Mozilla/5.0 (iPhone; CPU iPhone OS 11_1_2 like Mac OS X) AppleWebKit/604.3.5 (KHTML, like Gecko) Mobile/15B202 [FBAN/FBIOS;FBAV/151.0.0.61.202;FBBV/82156572;FBDV/iPhone8,4;FBMD/iPhone;FBSN/iOS;FBSV/11.1.2;FBSS/2;FBCR/A1;FBID/phone;FBLC/de_DE;FBOP/5;FBRV/0]"
62.46.96.83 - - [06/Dec/2017:06:29:23 +0100] "GET /javascript/jquery.cookie.js HTTP/1.1" 200 863 "https://www.easydrivers.at/hollabrunn/Grundkurs_Weihnachten_2017?FS=B" "Mozilla/5.0 (iPhone; CPU iPhone OS 11_1_2 like Mac OS X) AppleWebKit/604.3.5 (KHTML, like Gecko) Mobile/15B202 [FBAN/FBIOS;FBAV/151.0.0.61.202;FBBV/82156572;FBDV/iPhone8,4;FBMD/iPhone;FBSN/iOS;FBSV/11.1.2;FBSS/2;FBCR/A1;FBID/phone;FBLC/de_DE;FBOP/5;FBRV/0]"
62.46.96.83 - - [06/Dec/2017:06:29:23 +0100] "GET /javascript/jquery-1.9.1.min.js HTTP/1.1" 200 32731 "https://www.easydrivers.at/hollabrunn/Grundkurs_Weihnachten_2017?FS=B" "Mozilla/5.0 (iPhone; CPU iPhone OS 11_1_2 like Mac OS X) AppleWebKit/604.3.5 (KHTML, like Gecko) Mobile/15B202 [FBAN/FBIOS;FBAV/151.0.0.61.202;FBBV/82156572;FBDV/iPhone8,4;FBMD/iPhone;FBSN/iOS;FBSV/11.1.2;FBSS/2;FBCR/A1;FBID/phone;FBLC/de_DE;FBOP/5;FBRV/0]"
62.46.96.83 - - [06/Dec/2017:06:29:23 +0100] "GET /javascript/mobile-menu.js HTTP/1.1" 200 1634 "https://www.easydrivers.at/hollabrunn/Grundkurs_Weihnachten_2017?FS=B" "Mozilla/5.0 (iPhone; CPU iPhone OS 11_1_2 like Mac OS X) AppleWebKit/604.3.5 (KHTML, like Gecko) Mobile/15B202 [FBAN/FBIOS;FBAV/151.0.0.61.202;FBBV/82156572;FBDV/iPhone8,4;FBMD/iPhone;FBSN/iOS;FBSV/11.1.2;FBSS/2;FBCR/A1;FBID/phone;FBLC/de_DE;FBOP/5;FBRV/0]"
62.46.96.83 - - [06/Dec/2017:06:29:23 +0100] "GET /javascript/jquery.simplemodal.js HTTP/1.1" 200 3070 "https://www.easydrivers.at/hollabrunn/Grundkurs_Weihnachten_2017?FS=B" "Mozilla/5.0 (iPhone; CPU iPhone OS 11_1_2 like Mac OS X) AppleWebKit/604.3.5 (KHTML, like Gecko) Mobile/15B202 [FBAN/FBIOS;FBAV/151.0.0.61.202;FBBV/82156572;FBDV/iPhone8,4;FBMD/iPhone;FBSN/iOS;FBSV/11.1.2;FBSS/2;FBCR/A1;FBID/phone;FBLC/de_DE;FBOP/5;FBRV/0]"
62.46.96.83 - - [06/Dec/2017:06:29:23 +0100] "GET /javascript/lazyload.js HTTP/1.1" 200 1170 "https://www.easydrivers.at/hollabrunn/Grundkurs_Weihnachten_2017?FS=B" "Mozilla/5.0 (iPhone; CPU iPhone OS 11_1_2 like Mac OS X) AppleWebKit/604.3.5 (KHTML, like Gecko) Mobile/15B202 [FBAN/FBIOS;FBAV/151.0.0.61.202;FBBV/82156572;FBDV/iPhone8,4;FBMD/iPhone;FBSN/iOS;FBSV/11.1.2;FBSS/2;FBCR/A1;FBID/phone;FBLC/de_DE;FBOP/5;FBRV/0]"
62.46.96.83 - - [06/Dec/2017:06:29:23 +0100] "GET /javascript/mobile-fahrschule.js HTTP/1.1" 200 328 "https://www.easydrivers.at/hollabrunn/Grundkurs_Weihnachten_2017?FS=B" "Mozilla/5.0 (iPhone; CPU iPhone OS 11_1_2 like Mac OS X) AppleWebKit/604.3.5 (KHTML, like Gecko) Mobile/15B202 [FBAN/FBIOS;FBAV/151.0.0.61.202;FBBV/82156572;FBDV/iPhone8,4;FBMD/iPhone;FBSN/iOS;FBSV/11.1.2;FBSS/2;FBCR/A1;FBID/phone;FBLC/de_DE;FBOP/5;FBRV/0]"
62.46.96.83 - - [06/Dec/2017:06:29:23 +0100] "GET /img/mobile/easydrivers-logo-mobile.png HTTP/1.1" 200 10766 "https://www.easydrivers.at/hollabrunn/Grundkurs_Weihnachten_2017?FS=B" "Mozilla/5.0 (iPhone; CPU iPhone OS 11_1_2 like Mac OS X) AppleWebKit/604.3.5 (KHTML, like Gecko) Mobile/15B202 [FBAN/FBIOS;FBAV/151.0.0.61.202;FBBV/82156572;FBDV/iPhone8,4;FBMD/iPhone;FBSN/iOS;FBSV/11.1.2;FBSS/2;FBCR/A1;FBID/phone;FBLC/de_DE;FBOP/5;FBRV/0]"
62.46.96.83 - - [06/Dec/2017:06:29:23 +0100] "GET /img/mobile/menu-button.png HTTP/1.1" 200 1746 "https://www.easydrivers.at/hollabrunn/Grundkurs_Weihnachten_2017?FS=B" "Mozilla/5.0 (iPhone; CPU iPhone OS 11_1_2 like Mac OS X) AppleWebKit/604.3.5 (KHTML, like Gecko) Mobile/15B202 [FBAN/FBIOS;FBAV/151.0.0.61.202;FBBV/82156572;FBDV/iPhone8,4;FBMD/iPhone;FBSN/iOS;FBSV/11.1.2;FBSS/2;FBCR/A1;FBID/phone;FBLC/de_DE;FBOP/5;FBRV/0]"
62.46.96.83 - - [06/Dec/2017:06:29:23 +0100] "GET /img/mobile/close-button.png HTTP/1.1" 200 2411 "https://www.easydrivers.at/hollabrunn/Grundkurs_Weihnachten_2017?FS=B" "Mozilla/5.0 (iPhone; CPU iPhone OS 11_1_2 like Mac OS X) AppleWebKit/604.3.5 (KHTML, like Gecko) Mobile/15B202 [FBAN/FBIOS;FBAV/151.0.0.61.202;FBBV/82156572;FBDV/iPhone8,4;FBMD/iPhone;FBSN/iOS;FBSV/11.1.2;FBSS/2;FBCR/A1;FBID/phone;FBLC/de_DE;FBOP/5;FBRV/0]"
62.46.96.83 - - [06/Dec/2017:06:29:23 +0100] "GET /img/mobile/facebook-icon.png HTTP/1.1" 200 1902 "https://www.easydrivers.at/hollabrunn/Grundkurs_Weihnachten_2017?FS=B" "Mozilla/5.0 (iPhone; CPU iPhone OS 11_1_2 like Mac OS X) AppleWebKit/604.3.5 (KHTML, like Gecko) Mobile/15B202 [FBAN/FBIOS;FBAV/151.0.0.61.202;FBBV/82156572;FBDV/iPhone8,4;FBMD/iPhone;FBSN/iOS;FBSV/11.1.2;FBSS/2;FBCR/A1;FBID/phone;FBLC/de_DE;FBOP/5;FBRV/0]"
62.46.96.83 - - [06/Dec/2017:06:29:23 +0100] "GET /img/mobile/info-button.png HTTP/1.1" 200 1549 "https://www.easydrivers.at/hollabrunn/Grundkurs_Weihnachten_2017?FS=B" "Mozilla/5.0 (iPhone; CPU iPhone OS 11_1_2 like Mac OS X) AppleWebKit/604.3.5 (KHTML, like Gecko) Mobile/15B202 [FBAN/FBIOS;FBAV/151.0.0.61.202;FBBV/82156572;FBDV/iPhone8,4;FBMD/iPhone;FBSN/iOS;FBSV/11.1.2;FBSS/2;FBCR/A1;FBID/phone;FBLC/de_DE;FBOP/5;FBRV/0]"
62.46.96.83 - - [06/Dec/2017:06:29:23 +0100] "GET /img/mobile/info-close-button.png HTTP/1.1" 200 1721 "https://www.easydrivers.at/hollabrunn/Grundkurs_Weihnachten_2017?FS=B" "Mozilla/5.0 (iPhone; CPU iPhone OS 11_1_2 like Mac OS X) AppleWebKit/604.3.5 (KHTML, like Gecko) Mobile/15B202 [FBAN/FBIOS;FBAV/151.0.0.61.202;FBBV/82156572;FBDV/iPhone8,4;FBMD/iPhone;FBSN/iOS;FBSV/11.1.2;FBSS/2;FBCR/A1;FBID/phone;FBLC/de_DE;FBOP/5;FBRV/0]"
62.46.96.83 - - [06/Dec/2017:06:29:23 +0100] "GET /img/smallicon-person.png HTTP/1.1" 200 1141 "https://www.easydrivers.at/hollabrunn/Grundkurs_Weihnachten_2017?FS=B" "Mozilla/5.0 (iPhone; CPU iPhone OS 11_1_2 like Mac OS X) AppleWebKit/604.3.5 (KHTML, like Gecko) Mobile/15B202 [FBAN/FBIOS;FBAV/151.0.0.61.202;FBBV/82156572;FBDV/iPhone8,4;FBMD/iPhone;FBSN/iOS;FBSV/11.1.2;FBSS/2;FBCR/A1;FBID/phone;FBLC/de_DE;FBOP/5;FBRV/0]"
62.46.96.83 - - [06/Dec/2017:06:29:23 +0100] "GET /img/smallicon-address.png HTTP/1.1" 200 1211 "https://www.easydrivers.at/hollabrunn/Grundkurs_Weihnachten_2017?FS=B" "Mozilla/5.0 (iPhone; CPU iPhone OS 11_1_2 like Mac OS X) AppleWebKit/604.3.5 (KHTML, like Gecko) Mobile/15B202 [FBAN/FBIOS;FBAV/151.0.0.61.202;FBBV/82156572;FBDV/iPhone8,4;FBMD/iPhone;FBSN/iOS;FBSV/11.1.2;FBSS/2;FBCR/A1;FBID/phone;FBLC/de_DE;FBOP/5;FBRV/0]"
62.46.96.83 - - [06/Dec/2017:06:29:23 +0100] "GET /img/mobile/googlemaps-pin.png HTTP/1.1" 200 1597 "https://www.easydrivers.at/hollabrunn/Grundkurs_Weihnachten_2017?FS=B" "Mozilla/5.0 (iPhone; CPU iPhone OS 11_1_2 like Mac OS X) AppleWebKit/604.3.5 (KHTML, like Gecko) Mobile/15B202 [FBAN/FBIOS;FBAV/151.0.0.61.202;FBBV/82156572;FBDV/iPhone8,4;FBMD/iPhone;FBSN/iOS;FBSV/11.1.2;FBSS/2;FBCR/A1;FBID/phone;FBLC/de_DE;FBOP/5;FBRV/0]"
62.46.96.83 - - [06/Dec/2017:06:29:23 +0100] "GET /img/smallicon-time.png HTTP/1.1" 200 1262 "https://www.easydrivers.at/hollabrunn/Grundkurs_Weihnachten_2017?FS=B" "Mozilla/5.0 (iPhone; CPU iPhone OS 11_1_2 like Mac OS X) AppleWebKit/604.3.5 (KHTML, like Gecko) Mobile/15B202 [FBAN/FBIOS;FBAV/151.0.0.61.202;FBBV/82156572;FBDV/iPhone8,4;FBMD/iPhone;FBSN/iOS;FBSV/11.1.2;FBSS/2;FBCR/A1;FBID/phone;FBLC/de_DE;FBOP/5;FBRV/0]"
62.46.96.83 - - [06/Dec/2017:06:29:23 +0100] "GET /img/smallicon-phone.png HTTP/1.1" 200 3056 "https://www.easydrivers.at/hollabrunn/Grundkurs_Weihnachten_2017?FS=B" "Mozilla/5.0 (iPhone; CPU iPhone OS 11_1_2 like Mac OS X) AppleWebKit/604.3.5 (KHTML, like Gecko) Mobile/15B202 [FBAN/FBIOS;FBAV/151.0.0.61.202;FBBV/82156572;FBDV/iPhone8,4;FBMD/iPhone;FBSN/iOS;FBSV/11.1.2;FBSS/2;FBCR/A1;FBID/phone;FBLC/de_DE;FBOP/5;FBRV/0]"
62.46.96.83 - - [06/Dec/2017:06:29:23 +0100] "GET /img/smallicon-mail.png HTTP/1.1" 200 1341 "https://www.easydrivers.at/hollabrunn/Grundkurs_Weihnachten_2017?FS=B" "Mozilla/5.0 (iPhone; CPU iPhone OS 11_1_2 like Mac OS X) AppleWebKit/604.3.5 (KHTML, like Gecko) Mobile/15B202 [FBAN/FBIOS;FBAV/151.0.0.61.202;FBBV/82156572;FBDV/iPhone8,4;FBMD/iPhone;FBSN/iOS;FBSV/11.1.2;FBSS/2;FBCR/A1;FBID/phone;FBLC/de_DE;FBOP/5;FBRV/0]"
62.46.96.83 - - [06/Dec/2017:06:29:23 +0100] "GET /img/mobile/kursicon-share.png HTTP/1.1" 200 2065 "https://www.easydrivers.at/hollabrunn/Grundkurs_Weihnachten_2017?FS=B" "Mozilla/5.0 (iPhone; CPU iPhone OS 11_1_2 like Mac OS X) AppleWebKit/604.3.5 (KHTML, like Gecko) Mobile/15B202 [FBAN/FBIOS;FBAV/151.0.0.61.202;FBBV/82156572;FBDV/iPhone8,4;FBMD/iPhone;FBSN/iOS;FBSV/11.1.2;FBSS/2;FBCR/A1;FBID/phone;FBLC/de_DE;FBOP/5;FBRV/0]"
62.46.96.83 - - [06/Dec/2017:06:29:24 +0100] "GET /img/mobile/kursicon-phone.png HTTP/1.1" 200 1932 "https://www.easydrivers.at/hollabrunn/Grundkurs_Weihnachten_2017?FS=B" "Mozilla/5.0 (iPhone; CPU iPhone OS 11_1_2 like Mac OS X) AppleWebKit/604.3.5 (KHTML, like Gecko) Mobile/15B202 [FBAN/FBIOS;FBAV/151.0.0.61.202;FBBV/82156572;FBDV/iPhone8,4;FBMD/iPhone;FBSN/iOS;FBSV/11.1.2;FBSS/2;FBCR/A1;FBID/phone;FBLC/de_DE;FBOP/5;FBRV/0]"
62.46.96.83 - - [06/Dec/2017:06:29:24 +0100] "GET /img/mobile/smallicon-phone.png HTTP/1.1" 200 1311 "https://www.easydrivers.at/hollabrunn/Grundkurs_Weihnachten_2017?FS=B" "Mozilla/5.0 (iPhone; CPU iPhone OS 11_1_2 like Mac OS X) AppleWebKit/604.3.5 (KHTML, like Gecko) Mobile/15B202 [FBAN/FBIOS;FBAV/151.0.0.61.202;FBBV/82156572;FBDV/iPhone8,4;FBMD/iPhone;FBSN/iOS;FBSV/11.1.2;FBSS/2;FBCR/A1;FBID/phone;FBLC/de_DE;FBOP/5;FBRV/0]"
62.46.96.83 - - [06/Dec/2017:06:29:24 +0100] "GET /img/mobile/smallicon-mail.png HTTP/1.1" 200 1335 "https://www.easydrivers.at/hollabrunn/Grundkurs_Weihnachten_2017?FS=B" "Mozilla/5.0 (iPhone; CPU iPhone OS 11_1_2 like Mac OS X) AppleWebKit/604.3.5 (KHTML, like Gecko) Mobile/15B202 [FBAN/FBIOS;FBAV/151.0.0.61.202;FBBV/82156572;FBDV/iPhone8,4;FBMD/iPhone;FBSN/iOS;FBSV/11.1.2;FBSS/2;FBCR/A1;FBID/phone;FBLC/de_DE;FBOP/5;FBRV/0]"
62.46.96.83 - - [06/Dec/2017:06:29:24 +0100] "GET /img/mobile/bg-header.jpg HTTP/1.1" 200 19741 "https://www.easydrivers.at/hollabrunn/Grundkurs_Weihnachten_2017?FS=B" "Mozilla/5.0 (iPhone; CPU iPhone OS 11_1_2 like Mac OS X) AppleWebKit/604.3.5 (KHTML, like Gecko) Mobile/15B202 [FBAN/FBIOS;FBAV/151.0.0.61.202;FBBV/82156572;FBDV/iPhone8,4;FBMD/iPhone;FBSN/iOS;FBSV/11.1.2;FBSS/2;FBCR/A1;FBID/phone;FBLC/de_DE;FBOP/5;FBRV/0]"
62.46.96.83 - - [06/Dec/2017:06:29:24 +0100] "GET /img/mobile/bg-menu.jpg HTTP/1.1" 200 1698 "https://www.easydrivers.at/hollabrunn/Grundkurs_Weihnachten_2017?FS=B" "Mozilla/5.0 (iPhone; CPU iPhone OS 11_1_2 like Mac OS X) AppleWebKit/604.3.5 (KHTML, like Gecko) Mobile/15B202 [FBAN/FBIOS;FBAV/151.0.0.61.202;FBBV/82156572;FBDV/iPhone8,4;FBMD/iPhone;FBSN/iOS;FBSV/11.1.2;FBSS/2;FBCR/A1;FBID/phone;FBLC/de_DE;FBOP/5;FBRV/0]"
62.46.96.83 - - [06/Dec/2017:06:29:24 +0100] "GET /img/mobile/bg-top-section.jpg HTTP/1.1" 200 21711 "https://www.easydrivers.at/hollabrunn/Grundkurs_Weihnachten_2017?FS=B" "Mozilla/5.0 (iPhone; CPU iPhone OS 11_1_2 like Mac OS X) AppleWebKit/604.3.5 (KHTML, like Gecko) Mobile/15B202 [FBAN/FBIOS;FBAV/151.0.0.61.202;FBBV/82156572;FBDV/iPhone8,4;FBMD/iPhone;FBSN/iOS;FBSV/11.1.2;FBSS/2;FBCR/A1;FBID/phone;FBLC/de_DE;FBOP/5;FBRV/0]"
62.46.96.83 - - [06/Dec/2017:06:29:24 +0100] "GET /img/mobile/pfeil-links-small.png HTTP/1.1" 200 1065 "https://www.easydrivers.at/hollabrunn/Grundkurs_Weihnachten_2017?FS=B" "Mozilla/5.0 (iPhone; CPU iPhone OS 11_1_2 like Mac OS X) AppleWebKit/604.3.5 (KHTML, like Gecko) Mobile/15B202 [FBAN/FBIOS;FBAV/151.0.0.61.202;FBBV/82156572;FBDV/iPhone8,4;FBMD/iPhone;FBSN/iOS;FBSV/11.1.2;FBSS/2;FBCR/A1;FBID/phone;FBLC/de_DE;FBOP/5;FBRV/0]"
62.46.96.83 - - [06/Dec/2017:06:29:24 +0100] "GET /img/mobile/bg-yellow.jpg HTTP/1.1" 200 1569 "https://www.easydrivers.at/hollabrunn/Grundkurs_Weihnachten_2017?FS=B" "Mozilla/5.0 (iPhone; CPU iPhone OS 11_1_2 like Mac OS X) AppleWebKit/604.3.5 (KHTML, like Gecko) Mobile/15B202 [FBAN/FBIOS;FBAV/151.0.0.61.202;FBBV/82156572;FBDV/iPhone8,4;FBMD/iPhone;FBSN/iOS;FBSV/11.1.2;FBSS/2;FBCR/A1;FBID/phone;FBLC/de_DE;FBOP/5;FBRV/0]"
62.46.96.83 - - [06/Dec/2017:06:29:24 +0100] "GET /img/mobile/pfeil-rechts-small.png HTTP/1.1" 200 1056 "https://www.easydrivers.at/hollabrunn/Grundkurs_Weihnachten_2017?FS=B" "Mozilla/5.0 (iPhone; CPU iPhone OS 11_1_2 like Mac OS X) AppleWebKit/604.3.5 (KHTML, like Gecko) Mobile/15B202 [FBAN/FBIOS;FBAV/151.0.0.61.202;FBBV/82156572;FBDV/iPhone8,4;FBMD/iPhone;FBSN/iOS;FBSV/11.1.2;FBSS/2;FBCR/A1;FBID/phone;FBLC/de_DE;FBOP/5;FBRV/0]"
83.110.3.22 - - [06/Dec/2017:06:29:33 +0100] "GET /wp-login.php HTTP/1.1" 301 399 "-" "Mozilla/5.0 (Windows NT 6.1; WOW64; rv:40.0) Gecko/20100101 Firefox/40.1"
83.110.3.22 - - [06/Dec/2017:06:29:34 +0100] "GET /wp-login.php HTTP/1.1" 404 8398 "-" "Mozilla/5.0 (Windows NT 6.1; WOW64; rv:40.0) Gecko/20100101 Firefox/40.1"
83.110.3.22 - - [06/Dec/2017:06:29:36 +0100] "GET / HTTP/1.1" 301 387 "-" "Mozilla/5.0 (Windows NT 6.1; WOW64; rv:40.0) Gecko/20100101 Firefox/40.1"
83.110.3.22 - - [06/Dec/2017:06:29:36 +0100] "GET / HTTP/1.1" 200 15887 "-" "Mozilla/5.0 (Windows NT 6.1; WOW64; rv:40.0) Gecko/20100101 Firefox/40.1"
157.55.39.65 - - [06/Dec/2017:06:29:46 +0100] "GET /st.poelten/10282897?FS=B-L17 HTTP/1.1" 301 315 "-" "Mozilla/5.0 (compatible; bingbot/2.0; +http://www.bing.com/bingbot.htm)"
77.119.131.236 - - [06/Dec/2017:06:29:44 +0100] "GET /steyr/img/smallicon-phone.png HTTP/1.1" 404 3095 "-" "Mozilla/5.0 (iPhone; CPU iPhone OS 11_1_1 like Mac OS X) AppleWebKit/604.3.5 (KHTML, like Gecko) Mobile/15B150 [FBAN/FBIOS;FBAV/151.0.0.61.202;FBBV/82156572;FBDV/iPhone9,4;FBMD/iPhone;FBSN/iOS;FBSV/11.1.1;FBSS/3;FBCR/3Austria;FBID/phone;FBLC/de_DE;FBOP/5;FBRV/83160404]"
195.133.201.163 - - [06/Dec/2017:06:29:52 +0100] "HEAD / HTTP/1.1" 301 - "http://rupolitshow.ru/process" "Mozilla/8.0 (compatible; MSIE3.00; Windows 2002)"
194.87.103.12 - - [06/Dec/2017:06:29:52 +0100] "HEAD / HTTP/1.1" 301 - "https://nevapotolok.ru/%D1%83%D1%81%D0%BB%D1%83%D0%B3%D0%B8/%D0%B2-%D0%BC%D0%B5%D0%B4%D1%83%D1%87%D1%80%D0%B5%D0%B6%D0%B4%D0%B5%D0%BD%D0%B8%D1%8F" "Mozilla/6.0 (compatible; MSIE7.00; Windows 2008)"
216.244.66.202 - - [06/Dec/2017:06:30:10 +0100] "GET /brigittenau/10268964 HTTP/1.1" 301 407 "-" "Mozilla/5.0 (compatible; DotBot/1.1; http://www.opensiteexplorer.org/dotbot, help@moz.com)"
81.5.202.188 - - [06/Dec/2017:06:30:16 +0100] "GET /hollabrunn/Grundkurs_Weihnachten_2017?FS=B HTTP/1.1" 200 3287 "http://m.facebook.com" "Mozilla/5.0 (iPhone; CPU iPhone OS 11_1_2 like Mac OS X) AppleWebKit/604.3.5 (KHTML, like Gecko) Mobile/15B202 [FBAN/FBIOS;FBAV/151.0.0.61.202;FBBV/82156572;FBDV/iPhone8,1;FBMD/iPhone;FBSN/iOS;FBSV/11.1.2;FBSS/2;FBCR/T-MobileA;FBID/phone;FBLC/de_DE;FBOP/5;FBRV/83160404]"
185.89.217.175 - - [06/Dec/2017:06:30:20 +0100] "GET /ennstal.schladming/wfk-22-12-2017?FS=B HTTP/1.1" 200 3217 "http://m.facebook.com" "Mozilla/5.0 (iPhone; CPU iPhone OS 11_0 like Mac OS X) AppleWebKit/604.1.38 (KHTML, like Gecko) Mobile/15A372 [FBAN/FBIOS;FBAV/151.0.0.61.202;FBBV/82156572;FBDV/iPhone8,4;FBMD/iPhone;FBSN/iOS;FBSV/11.0;FBSS/2;FBCR/tele.ring;FBID/phone;FBLC/de_DE;FBOP/5;FBRV/83160404]"
89.26.49.251 - - [06/Dec/2017:06:30:28 +0100] "GET /ennstal.schladming/wfk-22-12-2017?FS=B HTTP/1.1" 200 3217 "http://m.facebook.com" "Mozilla/5.0 (iPhone; CPU iPhone OS 11_1_2 like Mac OS X) AppleWebKit/604.3.5 (KHTML, like Gecko) Mobile/15B202 [FBAN/FBIOS;FBAV/151.0.0.61.202;FBBV/82156572;FBDV/iPhone9,3;FBMD/iPhone;FBSN/iOS;FBSV/11.1.2;FBSS/2;FBCR/A1;FBID/phone;FBLC/de_DE;FBOP/5;FBRV/82892895]"
66.249.92.211 - - [06/Dec/2017:06:30:33 +0100] "GET /img/kursicon-phone.png HTTP/1.1" 200 1287 "-" "AdsBot-Google (+http://www.google.com/adsbot.html)"
89.26.49.251 - - [06/Dec/2017:06:30:31 +0100] "GET /ennstal.schladming/img/mobile/easydrivers-logo-mobile.png HTTP/1.1" 404 3061 "-" "Mozilla/5.0 (iPhone; CPU iPhone OS 11_1_2 like Mac OS X) AppleWebKit/604.3.5 (KHTML, like Gecko) Mobile/15B202 [FBAN/FBIOS;FBAV/151.0.0.61.202;FBBV/82156572;FBDV/iPhone9,3;FBMD/iPhone;FBSN/iOS;FBSV/11.1.2;FBSS/2;FBCR/A1;FBID/phone;FBLC/de_DE;FBOP/5;FBRV/82892895]"
66.249.92.211 - - [06/Dec/2017:06:30:34 +0100] "GET /img/kursicon-download.png HTTP/1.1" 200 1218 "-" "AdsBot-Google (+http://www.google.com/adsbot.html)"
66.249.92.211 - - [06/Dec/2017:06:30:35 +0100] "GET /css/print.css HTTP/1.1" 200 967 "-" "AdsBot-Google (+http://www.google.com/adsbot.html)"
66.249.92.209 - - [06/Dec/2017:06:30:35 +0100] "GET /javascript/portal.js?1221842734 HTTP/1.1" 200 3529 "-" "AdsBot-Google (+http://www.google.com/adsbot.html)"
66.249.92.209 - - [06/Dec/2017:06:30:39 +0100] "GET /img/facebook-icon.png HTTP/1.1" 200 1506 "-" "AdsBot-Google (+http://www.google.com/adsbot.html)"
66.249.92.209 - - [06/Dec/2017:06:30:42 +0100] "GET /javascript/suche.js HTTP/1.1" 200 209 "-" "AdsBot-Google (+http://www.google.com/adsbot.html)"
66.249.92.211 - - [06/Dec/2017:06:30:42 +0100] "GET /img/close-button.png HTTP/1.1" 200 2237 "-" "AdsBot-Google (+http://www.google.com/adsbot.html)"
66.249.92.211 - - [06/Dec/2017:06:30:43 +0100] "GET /javascript/jquery.customSelect.min.js HTTP/1.1" 200 912 "-" "AdsBot-Google (+http://www.google.com/adsbot.html)"
66.249.92.209 - - [06/Dec/2017:06:30:45 +0100] "GET /img/kursicon-print.png HTTP/1.1" 200 1184 "-" "AdsBot-Google (+http://www.google.com/adsbot.html)"
66.249.92.209 - - [06/Dec/2017:06:30:47 +0100] "GET /img/locator-icon.png HTTP/1.1" 200 1377 "-" "AdsBot-Google (+http://www.google.com/adsbot.html)"
66.249.92.209 - - [06/Dec/2017:06:30:48 +0100] "GET /javascript/jquery.base64.min.js HTTP/1.1" 200 37135 "-" "AdsBot-Google (+http://www.google.com/adsbot.html)"
62.46.27.52 - - [06/Dec/2017:06:30:50 +0100] "GET /hollabrunn/Grundkurs_Weihnachten_2017?FS=B HTTP/1.1" 200 3287 "http://m.facebook.com/" "Mozilla/5.0 (Linux; Android 7.0; VTR-L09 Build/HUAWEIVTR-L09; wv) AppleWebKit/537.36 (KHTML, like Gecko) Version/4.0 Chrome/62.0.3202.84 Mobile Safari/537.36 [FB_IAB/FB4A;FBAV/152.0.0.42.136;]"
62.46.27.52 - - [06/Dec/2017:06:30:54 +0100] "GET /hollabrunn/img/mobile/easydrivers-logo-mobile.png HTTP/1.1" 404 3463 "fbapp://350685531728/unknown" "[FBAN/FB4A;FBAV/152.0.0.42.136;FBBV/83110613;FBDM/{density=3.0,width=1080,height=1920};FBLC/de_DE;FBRV/83110613;FBCR/T-Mobile A;FBMF/HUAWEI;FBBD/HUAWEI;FBPN/com.facebook.katana;FBDV/VTR-L09;FBSV/7.0;FBOP/19;FBCA/armeabi-v7a:armeabi;]"
62.46.27.52 - - [06/Dec/2017:06:30:54 +0100] "GET /hollabrunn/img/mobile/menu-button.png HTTP/1.1" 404 3462 "fbapp://350685531728/unknown" "[FBAN/FB4A;FBAV/152.0.0.42.136;FBBV/83110613;FBDM/{density=3.0,width=1080,height=1920};FBLC/de_DE;FBRV/83110613;FBCR/T-Mobile A;FBMF/HUAWEI;FBBD/HUAWEI;FBPN/com.facebook.katana;FBDV/VTR-L09;FBSV/7.0;FBOP/19;FBCA/armeabi-v7a:armeabi;]"
62.46.27.52 - - [06/Dec/2017:06:30:54 +0100] "GET /hollabrunn/img/mobile/facebook-icon.png HTTP/1.1" 404 3456 "fbapp://350685531728/unknown" "[FBAN/FB4A;FBAV/152.0.0.42.136;FBBV/83110613;FBDM/{density=3.0,width=1080,height=1920};FBLC/de_DE;FBRV/83110613;FBCR/T-Mobile A;FBMF/HUAWEI;FBBD/HUAWEI;FBPN/com.facebook.katana;FBDV/VTR-L09;FBSV/7.0;FBOP/19;FBCA/armeabi-v7a:armeabi;]"
66.249.92.209 - - [06/Dec/2017:06:30:58 +0100] "GET /binaries/easy-drivers-portal/pkw1jpg.jpg HTTP/1.1" 200 88975 "-" "AdsBot-Google (+http://www.google.com/adsbot.html)"
66.249.92.209 - - [06/Dec/2017:06:30:59 +0100] "GET /javascript/jquery.simplemodal.js HTTP/1.1" 200 3070 "-" "AdsBot-Google (+http://www.google.com/adsbot.html)"
62.46.27.52 - - [06/Dec/2017:06:30:56 +0100] "GET /hollabrunn/img/smallicon-time.png HTTP/1.1" 404 3456 "fbapp://350685531728/unknown" "[FBAN/FB4A;FBAV/152.0.0.42.136;FBBV/83110613;FBDM/{density=3.0,width=1080,height=1920};FBLC/de_DE;FBRV/83110613;FBCR/T-Mobile A;FBMF/HUAWEI;FBBD/HUAWEI;FBPN/com.facebook.katana;FBDV/VTR-L09;FBSV/7.0;FBOP/19;FBCA/armeabi-v7a:armeabi;]"
62.46.27.52 - - [06/Dec/2017:06:30:56 +0100] "GET /hollabrunn/img/smallicon-address.png HTTP/1.1" 404 3456 "fbapp://350685531728/unknown" "[FBAN/FB4A;FBAV/152.0.0.42.136;FBBV/83110613;FBDM/{density=3.0,width=1080,height=1920};FBLC/de_DE;FBRV/83110613;FBCR/T-Mobile A;FBMF/HUAWEI;FBBD/HUAWEI;FBPN/com.facebook.katana;FBDV/VTR-L09;FBSV/7.0;FBOP/19;FBCA/armeabi-v7a:armeabi;]"
62.46.27.52 - - [06/Dec/2017:06:30:56 +0100] "GET /hollabrunn/img/mobile/googlemaps-pin.png HTTP/1.1" 404 3464 "fbapp://350685531728/unknown" "[FBAN/FB4A;FBAV/152.0.0.42.136;FBBV/83110613;FBDM/{density=3.0,width=1080,height=1920};FBLC/de_DE;FBRV/83110613;FBCR/T-Mobile A;FBMF/HUAWEI;FBBD/HUAWEI;FBPN/com.facebook.katana;FBDV/VTR-L09;FBSV/7.0;FBOP/19;FBCA/armeabi-v7a:armeabi;]"
66.249.92.209 - - [06/Dec/2017:06:30:59 +0100] "GET /javascript/jquery.showLoading.min.js HTTP/1.1" 200 1136 "-" "AdsBot-Google (+http://www.google.com/adsbot.html)"
66.249.92.209 - - [06/Dec/2017:06:31:00 +0100] "GET /img/info-button.png HTTP/1.1" 200 738 "-" "AdsBot-Google (+http://www.google.com/adsbot.html)"
66.249.92.209 - - [06/Dec/2017:06:31:00 +0100] "GET /javascript/jquery.cookie.js HTTP/1.1" 200 863 "-" "AdsBot-Google (+http://www.google.com/adsbot.html)"
62.46.27.52 - - [06/Dec/2017:06:30:59 +0100] "GET /hollabrunn/img/mobile/info-button.png HTTP/1.1" 404 3460 "fbapp://350685531728/unknown" "[FBAN/FB4A;FBAV/152.0.0.42.136;FBBV/83110613;FBDM/{density=3.0,width=1080,height=1920};FBLC/de_DE;FBRV/83110613;FBCR/T-Mobile A;FBMF/HUAWEI;FBBD/HUAWEI;FBPN/com.facebook.katana;FBDV/VTR-L09;FBSV/7.0;FBOP/19;FBCA/armeabi-v7a:armeabi;]"
62.46.27.52 - - [06/Dec/2017:06:30:59 +0100] "GET /hollabrunn/img/mobile/info-close-button.png HTTP/1.1" 404 3460 "fbapp://350685531728/unknown" "[FBAN/FB4A;FBAV/152.0.0.42.136;FBBV/83110613;FBDM/{density=3.0,width=1080,height=1920};FBLC/de_DE;FBRV/83110613;FBCR/T-Mobile A;FBMF/HUAWEI;FBBD/HUAWEI;FBPN/com.facebook.katana;FBDV/VTR-L09;FBSV/7.0;FBOP/19;FBCA/armeabi-v7a:armeabi;]"
62.46.27.52 - - [06/Dec/2017:06:31:00 +0100] "GET /hollabrunn/img/smallicon-person.png HTTP/1.1" 404 3454 "fbapp://350685531728/unknown" "[FBAN/FB4A;FBAV/152.0.0.42.136;FBBV/83110613;FBDM/{density=3.0,width=1080,height=1920};FBLC/de_DE;FBRV/83110613;FBCR/T-Mobile A;FBMF/HUAWEI;FBBD/HUAWEI;FBPN/com.facebook.katana;FBDV/VTR-L09;FBSV/7.0;FBOP/19;FBCA/armeabi-v7a:armeabi;]"
66.249.92.209 - - [06/Dec/2017:06:31:02 +0100] "GET /css/style.css HTTP/1.1" 200 5004 "-" "AdsBot-Google (+http://www.google.com/adsbot.html)"
62.46.27.52 - - [06/Dec/2017:06:31:01 +0100] "GET /hollabrunn/img/mobile/close-button.png HTTP/1.1" 404 3457 "fbapp://350685531728/unknown" "[FBAN/FB4A;FBAV/152.0.0.42.136;FBBV/83110613;FBDM/{density=3.0,width=1080,height=1920};FBLC/de_DE;FBRV/83110613;FBCR/T-Mobile A;FBMF/HUAWEI;FBBD/HUAWEI;FBPN/com.facebook.katana;FBDV/VTR-L09;FBSV/7.0;FBOP/19;FBCA/armeabi-v7a:armeabi;]"
89.26.49.251 - - [06/Dec/2017:06:31:01 +0100] "GET /ennstal.schladming/img/mobile/menu-button.png HTTP/1.1" 404 3066 "-" "Mozilla/5.0 (iPhone; CPU iPhone OS 11_1_2 like Mac OS X) AppleWebKit/604.3.5 (KHTML, like Gecko) Mobile/15B202 [FBAN/FBIOS;FBAV/151.0.0.61.202;FBBV/82156572;FBDV/iPhone9,3;FBMD/iPhone;FBSN/iOS;FBSV/11.1.2;FBSS/2;FBCR/A1;FBID/phone;FBLC/de_DE;FBOP/5;FBRV/82892895]"
66.249.92.209 - - [06/Dec/2017:06:31:06 +0100] "GET /javascript/lazyload.js HTTP/1.1" 200 1170 "-" "AdsBot-Google (+http://www.google.com/adsbot.html)"
66.249.92.209 - - [06/Dec/2017:06:31:11 +0100] "GET /javascript/fahrschule.js HTTP/1.1" 200 462 "-" "AdsBot-Google (+http://www.google.com/adsbot.html)"
66.249.92.209 - - [06/Dec/2017:06:31:15 +0100] "GET /img/kursicon-share.png HTTP/1.1" 200 1302 "-" "AdsBot-Google (+http://www.google.com/adsbot.html)"
89.26.49.251 - - [06/Dec/2017:06:31:33 +0100] "GET /ennstal.schladming/img/mobile/facebook-icon.png HTTP/1.1" 404 3066 "-" "Mozilla/5.0 (iPhone; CPU iPhone OS 11_1_2 like Mac OS X) AppleWebKit/604.3.5 (KHTML, like Gecko) Mobile/15B202 [FBAN/FBIOS;FBAV/151.0.0.61.202;FBBV/82156572;FBDV/iPhone9,3;FBMD/iPhone;FBSN/iOS;FBSV/11.1.2;FBSS/2;FBCR/A1;FBID/phone;FBLC/de_DE;FBOP/5;FBRV/82892895]"
80.120.60.190 - - [06/Dec/2017:06:31:39 +0100] "GET /hollabrunn/Grundkurs_Weihnachten_2017?FS=B HTTP/1.1" 200 3287 "http://m.facebook.com/" "Mozilla/5.0 (Linux; Android 7.0; SM-G935F Build/NRD90M; wv) AppleWebKit/537.36 (KHTML, like Gecko) Version/4.0 Chrome/62.0.3202.84 Mobile Safari/537.36 [FB_IAB/FB4A;FBAV/152.0.0.42.136;]"
66.249.92.209 - - [06/Dec/2017:06:31:43 +0100] "GET /css/showLoading.css HTTP/1.1" 200 219 "-" "AdsBot-Google (+http://www.google.com/adsbot.html)"
66.249.92.209 - - [06/Dec/2017:06:31:55 +0100] "GET /img/schweiz-icon.png HTTP/1.1" 200 1504 "-" "AdsBot-Google (+http://www.google.com/adsbot.html)"
157.55.39.65 - - [06/Dec/2017:06:32:00 +0100] "GET /amstetten/abendkursjuli?FS=B-L HTTP/1.1" 301 315 "-" "Mozilla/5.0 (compatible; bingbot/2.0; +http://www.bing.com/bingbot.htm)"
91.112.162.118 - - [06/Dec/2017:06:32:02 +0100] "GET /img/ED_Logo.png HTTP/1.1" 301 305 "-" "Mozilla/5.0 (Windows NT 6.1; Win64; x64; rv:57.0) Gecko/20100101 Firefox/57.0"
91.112.162.118 - - [06/Dec/2017:06:32:02 +0100] "GET /img/ED_Logo.png HTTP/1.1" 200 3385 "-" "Mozilla/5.0 (Windows NT 6.1; Win64; x64; rv:57.0) Gecko/20100101 Firefox/57.0"
207.46.13.43 - - [06/Dec/2017:06:32:02 +0100] "GET /waidhofen.ybbs/10289067 HTTP/1.1" 301 310 "-" "Mozilla/5.0 (compatible; bingbot/2.0; +http://www.bing.com/bingbot.htm)"
89.26.49.251 - - [06/Dec/2017:06:32:03 +0100] "GET /ennstal.schladming/img/mobile/info-close-button.png HTTP/1.1" 404 3071 "-" "Mozilla/5.0 (iPhone; CPU iPhone OS 11_1_2 like Mac OS X) AppleWebKit/604.3.5 (KHTML, like Gecko) Mobile/15B202 [FBAN/FBIOS;FBAV/151.0.0.61.202;FBBV/82156572;FBDV/iPhone9,3;FBMD/iPhone;FBSN/iOS;FBSV/11.1.2;FBSS/2;FBCR/A1;FBID/phone;FBLC/de_DE;FBOP/5;FBRV/82892895]"
84.113.9.96 - - [06/Dec/2017:06:32:11 +0100] "GET /img/mobile/bg-top-section.jpg HTTP/1.1" 200 21711 "https://www.easydrivers.at/eisenstadt/10292407" "Mozilla/5.0 (iPhone; CPU iPhone OS 11_0 like Mac OS X) AppleWebKit/604.1.38 (KHTML, like Gecko) Version/11.0 Mobile/15A372 Safari/604.1"
89.26.49.251 - - [06/Dec/2017:06:32:34 +0100] "GET /ennstal.schladming/img/mobile/info-button.png HTTP/1.1" 404 3069 "-" "Mozilla/5.0 (iPhone; CPU iPhone OS 11_1_2 like Mac OS X) AppleWebKit/604.3.5 (KHTML, like Gecko) Mobile/15B202 [FBAN/FBIOS;FBAV/151.0.0.61.202;FBBV/82156572;FBDV/iPhone9,3;FBMD/iPhone;FBSN/iOS;FBSV/11.1.2;FBSS/2;FBCR/A1;FBID/phone;FBLC/de_DE;FBOP/5;FBRV/82892895]"
89.26.49.251 - - [06/Dec/2017:06:32:36 +0100] "GET /ennstal.schladming/img/mobile/close-button.png HTTP/1.1" 404 3068 "-" "Mozilla/5.0 (iPhone; CPU iPhone OS 11_1_2 like Mac OS X) AppleWebKit/604.3.5 (KHTML, like Gecko) Mobile/15B202 [FBAN/FBIOS;FBAV/151.0.0.61.202;FBBV/82156572;FBDV/iPhone9,3;FBMD/iPhone;FBSN/iOS;FBSV/11.1.2;FBSS/2;FBCR/A1;FBID/phone;FBLC/de_DE;FBOP/5;FBRV/82892895]"
91.115.20.238 - - [06/Dec/2017:06:32:45 +0100] "GET /hollabrunn/Grundkurs_Weihnachten_2017?FS=B HTTP/1.1" 200 3287 "http://m.facebook.com/" "Mozilla/5.0 (Linux; Android 6.0.1; SM-A320FL Build/MMB29K; wv) AppleWebKit/537.36 (KHTML, like Gecko) Version/4.0 Chrome/62.0.3202.84 Mobile Safari/537.36 [FB_IAB/FB4A;FBAV/152.0.0.42.136;]"
178.165.129.229 - - [06/Dec/2017:06:32:46 +0100] "GET /enns/Abendkurs-22Dez2016?FS=B HTTP/1.1" 404 3065 "http://m.facebook.com" "Mozilla/5.0 (iPhone; CPU iPhone OS 11_1_2 like Mac OS X) AppleWebKit/604.3.5 (KHTML, like Gecko) Mobile/15B202 [FBAN/FBIOS;FBAV/151.0.0.61.202;FBBV/82156572;FBDV/iPhone10,6;FBMD/iPhone;FBSN/iOS;FBSV/11.1.2;FBSS/3;FBCR/3Austria;FBID/phone;FBLC/de_DE;FBOP/5;FBRV/83160404]"
89.26.49.251 - - [06/Dec/2017:06:33:06 +0100] "GET /ennstal.schladming/img/smallicon-address.png HTTP/1.1" 404 3071 "-" "Mozilla/5.0 (iPhone; CPU iPhone OS 11_1_2 like Mac OS X) AppleWebKit/604.3.5 (KHTML, like Gecko) Mobile/15B202 [FBAN/FBIOS;FBAV/151.0.0.61.202;FBBV/82156572;FBDV/iPhone9,3;FBMD/iPhone;FBSN/iOS;FBSV/11.1.2;FBSS/2;FBCR/A1;FBID/phone;FBLC/de_DE;FBOP/5;FBRV/82892895]"
212.152.227.139 - - [06/Dec/2017:06:33:26 +0100] "GET /img/ED_Logo.png HTTP/1.1" 301 305 "-" "Mozilla/5.0 (Windows NT 6.1; rv:57.0) Gecko/20100101 Firefox/57.0"
212.152.227.139 - - [06/Dec/2017:06:33:26 +0100] "GET /img/ED_Logo.png HTTP/1.1" 200 3385 "-" "Mozilla/5.0 (Windows NT 6.1; rv:57.0) Gecko/20100101 Firefox/57.0"
62.46.102.5 - - [06/Dec/2017:06:33:27 +0100] "GET /hollabrunn/Grundkurs_Weihnachten_2017?FS=B HTTP/1.1" 200 3287 "http://m.facebook.com" "Mozilla/5.0 (iPhone; CPU iPhone OS 10_3_3 like Mac OS X) AppleWebKit/603.3.8 (KHTML, like Gecko) Mobile/14G60 [FBAN/FBIOS;FBAV/151.0.0.61.202;FBBV/82156572;FBDV/iPhone7,1;FBMD/iPhone;FBSN/iOS;FBSV/10.3.3;FBSS/3;FBCR/Carrier;FBID/phone;FBLC/de_DE;FBOP/5;FBRV/83160404]"
87.250.224.32 - - [06/Dec/2017:06:33:30 +0100] "GET /dornbirn/10266933 HTTP/1.1" 200 3888 "-" "Mozilla/5.0 (compatible; YandexBot/3.0; +http://yandex.com/bots)"
178.189.205.129 - - [06/Dec/2017:06:33:37 +0100] "GET /hollabrunn/Grundkurs_Weihnachten_2017?FS=B HTTP/1.1" 200 3287 "http://m.facebook.com/" "Mozilla/5.0 (Linux; Android 7.0; SM-G930F Build/NRD90M; wv) AppleWebKit/537.36 (KHTML, like Gecko) Version/4.0 Chrome/62.0.3202.84 Mobile Safari/537.36 [FB_IAB/FB4A;FBAV/152.0.0.42.136;]"
89.26.49.251 - - [06/Dec/2017:06:33:40 +0100] "GET /ennstal.schladming/img/smallicon-time.png HTTP/1.1" 404 3071 "-" "Mozilla/5.0 (iPhone; CPU iPhone OS 11_1_2 like Mac OS X) AppleWebKit/604.3.5 (KHTML, like Gecko) Mobile/15B202 [FBAN/FBIOS;FBAV/151.0.0.61.202;FBBV/82156572;FBDV/iPhone9,3;FBMD/iPhone;FBSN/iOS;FBSV/11.1.2;FBSS/2;FBCR/A1;FBID/phone;FBLC/de_DE;FBOP/5;FBRV/82892895]"
91.112.162.118 - - [06/Dec/2017:06:33:43 +0100] "GET /img/ED_Logo.png HTTP/1.1" 301 305 "-" "Mozilla/5.0 (Windows NT 6.1; Win64; x64; rv:57.0) Gecko/20100101 Firefox/57.0"
91.112.162.118 - - [06/Dec/2017:06:33:44 +0100] "GET /img/ED_Logo.png HTTP/1.1" 200 3385 "-" "Mozilla/5.0 (Windows NT 6.1; Win64; x64; rv:57.0) Gecko/20100101 Firefox/57.0"
80.75.58.172 - - [06/Dec/2017:06:33:46 +0100] "GET /hollabrunn/Grundkurs_Weihnachten_2017?FS=B HTTP/1.1" 200 3287 "http://m.facebook.com/" "Mozilla/5.0 (Linux; Android 7.0; SM-G925F Build/NRD90M; wv) AppleWebKit/537.36 (KHTML, like Gecko) Version/4.0 Chrome/62.0.3202.84 Mobile Safari/537.36 [FB_IAB/FB4A;FBAV/151.0.0.44.205;]"
91.115.154.186 - - [06/Dec/2017:06:34:28 +0100] "GET /hollabrunn/Grundkurs_Weihnachten_2017?FS=B HTTP/1.1" 200 3287 "http://m.facebook.com" "Mozilla/5.0 (iPhone; CPU iPhone OS 11_1_2 like Mac OS X) AppleWebKit/604.3.5 (KHTML, like Gecko) Mobile/15B202 [FBAN/FBIOS;FBAV/151.0.0.61.202;FBBV/82156572;FBDV/iPhone7,2;FBMD/iPhone;FBSN/iOS;FBSV/11.1.2;FBSS/2;FBCR/3Austria;FBID/phone;FBLC/de_DE;FBOP/5;FBRV/83160404]"
90.146.77.3 - - [06/Dec/2017:06:34:28 +0100] "GET /linz/10286170?FS=B HTTP/1.1" 200 3158 "http://m.facebook.com/" "Mozilla/5.0 (Linux; Android 7.0; HUAWEI VNS-L21 Build/HUAWEIVNS-L21; wv) AppleWebKit/537.36 (KHTML, like Gecko) Version/4.0 Chrome/62.0.3202.84 Mobile Safari/537.36 [FB_IAB/FB4A;FBAV/151.0.0.44.205;]"
91.115.154.186 - - [06/Dec/2017:06:34:31 +0100] "GET /hollabrunn/img/mobile/easydrivers-logo-mobile.png HTTP/1.1" 404 3057 "-" "Mozilla/5.0 (iPhone; CPU iPhone OS 11_1_2 like Mac OS X) AppleWebKit/604.3.5 (KHTML, like Gecko) Mobile/15B202 [FBAN/FBIOS;FBAV/151.0.0.61.202;FBBV/82156572;FBDV/iPhone7,2;FBMD/iPhone;FBSN/iOS;FBSV/11.1.2;FBSS/2;FBCR/3Austria;FBID/phone;FBLC/de_DE;FBOP/5;FBRV/83160404]"
157.55.39.65 - - [06/Dec/2017:06:34:36 +0100] "GET /moedling/10287545?FS=B HTTP/1.1" 410 3467 "-" "Mozilla/5.0 (compatible; bingbot/2.0; +http://www.bing.com/bingbot.htm)"
197.158.88.195 - - [06/Dec/2017:06:34:39 +0100] "GET /wp-login.php HTTP/1.1" 301 399 "-" "Mozilla/5.0 (Windows NT 6.1; WOW64; rv:40.0) Gecko/20100101 Firefox/40.1"
197.158.88.195 - - [06/Dec/2017:06:34:40 +0100] "GET /wp-login.php HTTP/1.1" 404 8398 "-" "Mozilla/5.0 (Windows NT 6.1; WOW64; rv:40.0) Gecko/20100101 Firefox/40.1"
197.158.88.195 - - [06/Dec/2017:06:34:42 +0100] "GET / HTTP/1.1" 301 387 "-" "Mozilla/5.0 (Windows NT 6.1; WOW64; rv:40.0) Gecko/20100101 Firefox/40.1"
197.158.88.195 - - [06/Dec/2017:06:34:43 +0100] "GET / HTTP/1.1" 200 15887 "-" "Mozilla/5.0 (Windows NT 6.1; WOW64; rv:40.0) Gecko/20100101 Firefox/40.1"
84.113.9.96 - - [06/Dec/2017:06:34:47 +0100] "GET /img/mobile/bg-yellow.jpg HTTP/1.1" 200 1569 "https://www.easydrivers.at/eisenstadt/10292407" "Mozilla/5.0 (iPhone; CPU iPhone OS 11_0 like Mac OS X) AppleWebKit/604.1.38 (KHTML, like Gecko) Version/11.0 Mobile/15A372 Safari/604.1"
84.113.9.96 - - [06/Dec/2017:06:34:48 +0100] "GET /img/mobile/pfeil-links-small.png HTTP/1.1" 200 1065 "https://www.easydrivers.at/eisenstadt/10292407" "Mozilla/5.0 (iPhone; CPU iPhone OS 11_0 like Mac OS X) AppleWebKit/604.1.38 (KHTML, like Gecko) Version/11.0 Mobile/15A372 Safari/604.1"
46.125.249.25 - - [06/Dec/2017:06:34:46 +0100] "GET /tulln/Weihnachtskurs_Abendkurs_Dezember_2017?FS=B HTTP/1.1" 200 3264 "http://m.facebook.com/" "Mozilla/5.0 (Linux; Android 8.0.0; G8141 Build/47.1.A.3.254; wv) AppleWebKit/537.36 (KHTML, like Gecko) Version/4.0 Chrome/61.0.3163.81 Mobile Safari/537.36 [FB_IAB/FB4A;FBAV/141.0.0.31.91;]"
87.250.224.32 - - [06/Dec/2017:06:34:47 +0100] "GET /hollabrunn/Grundkurs_I_Sommer_2018?FS=A1F HTTP/1.1" 200 6787 "-" "Mozilla/5.0 (compatible; YandexBot/3.0; +http://yandex.com/bots)"
87.250.224.32 - - [06/Dec/2017:06:34:50 +0100] "GET /amstetten/abendkurs-juli18.2?FS=BPlus HTTP/1.1" 200 5451 "-" "Mozilla/5.0 (compatible; YandexBot/3.0; +http://yandex.com/bots)"
188.21.3.1 - - [06/Dec/2017:06:34:59 +0100] "GET /kapfenberg.pankl/Kurs-Dezember-2017?FS=B HTTP/1.1" 200 3133 "http://m.facebook.com" "Mozilla/5.0 (iPhone; CPU iPhone OS 10_3_3 like Mac OS X) AppleWebKit/603.3.8 (KHTML, like Gecko) Mobile/14G60 [FBAN/FBIOS;FBAV/151.0.0.61.202;FBBV/82156572;FBDV/iPhone8,1;FBMD/iPhone;FBSN/iOS;FBSV/10.3.3;FBSS/2;FBCR/Carrier;FBID/phone;FBLC/de_DE;FBOP/5;FBRV/82892895]"
91.115.154.186 - - [06/Dec/2017:06:35:01 +0100] "GET /hollabrunn/img/mobile/menu-button.png HTTP/1.1" 404 3063 "-" "Mozilla/5.0 (iPhone; CPU iPhone OS 11_1_2 like Mac OS X) AppleWebKit/604.3.5 (KHTML, like Gecko) Mobile/15B202 [FBAN/FBIOS;FBAV/151.0.0.61.202;FBBV/82156572;FBDV/iPhone7,2;FBMD/iPhone;FBSN/iOS;FBSV/11.1.2;FBSS/2;FBCR/3Austria;FBID/phone;FBLC/de_DE;FBOP/5;FBRV/83160404]"
87.250.224.32 - - [06/Dec/2017:06:35:27 +0100] "GET /hollabrunn/Grundkurs_III_Sommer_2018?FS=B HTTP/1.1" 200 6008 "-" "Mozilla/5.0 (compatible; YandexBot/3.0; +http://yandex.com/bots)"
91.115.154.186 - - [06/Dec/2017:06:35:33 +0100] "GET /hollabrunn/img/mobile/facebook-icon.png HTTP/1.1" 404 3063 "-" "Mozilla/5.0 (iPhone; CPU iPhone OS 11_1_2 like Mac OS X) AppleWebKit/604.3.5 (KHTML, like Gecko) Mobile/15B202 [FBAN/FBIOS;FBAV/151.0.0.61.202;FBBV/82156572;FBDV/iPhone7,2;FBMD/iPhone;FBSN/iOS;FBSV/11.1.2;FBSS/2;FBCR/3Austria;FBID/phone;FBLC/de_DE;FBOP/5;FBRV/83160404]"
87.250.224.32 - - [06/Dec/2017:06:35:43 +0100] "GET /hollabrunn/Grundkurs_September_2018?FS=F HTTP/1.1" 200 5983 "-" "Mozilla/5.0 (compatible; YandexBot/3.0; +http://yandex.com/bots)"
91.115.154.186 - - [06/Dec/2017:06:36:03 +0100] "GET /hollabrunn/img/smallicon-address.png HTTP/1.1" 404 3068 "-" "Mozilla/5.0 (iPhone; CPU iPhone OS 11_1_2 like Mac OS X) AppleWebKit/604.3.5 (KHTML, like Gecko) Mobile/15B202 [FBAN/FBIOS;FBAV/151.0.0.61.202;FBBV/82156572;FBDV/iPhone7,2;FBMD/iPhone;FBSN/iOS;FBSV/11.1.2;FBSS/2;FBCR/3Austria;FBID/phone;FBLC/de_DE;FBOP/5;FBRV/83160404]"
87.250.224.32 - - [06/Dec/2017:06:36:08 +0100] "GET /hollabrunn/Grundkurs_II_Sommer_2018?FS=BE96 HTTP/1.1" 200 6366 "-" "Mozilla/5.0 (compatible; YandexBot/3.0; +http://yandex.com/bots)"
91.115.156.151 - - [06/Dec/2017:06:36:09 +0100] "GET /hollabrunn/Grundkurs_Weihnachten_2017?FS=B HTTP/1.1" 200 3287 "http://m.facebook.com" "Mozilla/5.0 (iPhone; CPU iPhone OS 11_0_3 like Mac OS X) AppleWebKit/604.1.38 (KHTML, like Gecko) Mobile/15A432 [FBAN/FBIOS;FBAV/151.0.0.61.202;FBBV/82156572;FBDV/iPhone8,2;FBMD/iPhone;FBSN/iOS;FBSV/11.0.3;FBSS/3;FBCR/A1;FBID/phone;FBLC/de_DE;FBOP/5;FBRV/83160404]"
213.225.10.93 - - [06/Dec/2017:06:36:34 +0100] "GET /perg/10293777?FS=B HTTP/1.1" 200 3030 "http://m.facebook.com" "Mozilla/5.0 (iPhone; CPU iPhone OS 11_1_2 like Mac OS X) AppleWebKit/604.3.5 (KHTML, like Gecko) Mobile/15B202 [FBAN/FBIOS;FBAV/151.0.0.61.202;FBBV/82156572;FBDV/iPhone8,1;FBMD/iPhone;FBSN/iOS;FBSV/11.1.2;FBSS/2;FBCR/A1;FBID/phone;FBLC/de_DE;FBOP/5;FBRV/83160404]"
91.115.154.186 - - [06/Dec/2017:06:36:35 +0100] "GET /hollabrunn/img/smallicon-time.png HTTP/1.1" 404 3068 "-" "Mozilla/5.0 (iPhone; CPU iPhone OS 11_1_2 like Mac OS X) AppleWebKit/604.3.5 (KHTML, like Gecko) Mobile/15B202 [FBAN/FBIOS;FBAV/151.0.0.61.202;FBBV/82156572;FBDV/iPhone7,2;FBMD/iPhone;FBSN/iOS;FBSV/11.1.2;FBSS/2;FBCR/3Austria;FBID/phone;FBLC/de_DE;FBOP/5;FBRV/83160404]"
81.217.145.136 - - [06/Dec/2017:06:36:36 +0100] "GET /tulln/Weihnachtskurs_Abendkurs_Dezember_2017?FS=B HTTP/1.1" 200 3264 "http://m.facebook.com/" "Mozilla/5.0 (Linux; Android 7.0; SM-G930F Build/NRD90M; wv) AppleWebKit/537.36 (KHTML, like Gecko) Version/4.0 Chrome/62.0.3202.84 Mobile Safari/537.36 [FB_IAB/FB4A;FBAV/152.0.0.42.136;]"
213.225.10.93 - - [06/Dec/2017:06:36:37 +0100] "GET /perg/img/mobile/easydrivers-logo-mobile.png HTTP/1.1" 404 3044 "-" "Mozilla/5.0 (iPhone; CPU iPhone OS 11_1_2 like Mac OS X) AppleWebKit/604.3.5 (KHTML, like Gecko) Mobile/15B202 [FBAN/FBIOS;FBAV/151.0.0.61.202;FBBV/82156572;FBDV/iPhone8,1;FBMD/iPhone;FBSN/iOS;FBSV/11.1.2;FBSS/2;FBCR/A1;FBID/phone;FBLC/de_DE;FBOP/5;FBRV/83160404]"
66.249.76.78 - - [06/Dec/2017:06:36:43 +0100] "GET /impressum HTTP/1.1" 301 298 "-" "Mozilla/5.0 (Linux; Android 6.0.1; Nexus 5X Build/MMB29P) AppleWebKit/537.36 (KHTML, like Gecko) Chrome/41.0.2272.96 Mobile Safari/537.36 (compatible; Googlebot/2.1; +http://www.google.com/bot.html)"
66.249.76.80 - - [06/Dec/2017:06:36:44 +0100] "GET /impressum HTTP/1.1" 200 5548 "-" "Mozilla/5.0 (Linux; Android 6.0.1; Nexus 5X Build/MMB29P) AppleWebKit/537.36 (KHTML, like Gecko) Chrome/41.0.2272.96 Mobile Safari/537.36 (compatible; Googlebot/2.1; +http://www.google.com/bot.html)"
91.141.2.61 - - [06/Dec/2017:06:36:46 +0100] "GET /ennstal.schladming/wfk-22-12-2017?FS=B HTTP/1.1" 200 3217 "http://m.facebook.com" "Mozilla/5.0 (iPhone; CPU iPhone OS 11_1_1 like Mac OS X) AppleWebKit/604.3.5 (KHTML, like Gecko) Mobile/15B150 [FBAN/FBIOS;FBAV/147.0.0.46.81;FBBV/76961488;FBDV/iPhone8,4;FBMD/iPhone;FBSN/iOS;FBSV/11.1.1;FBSS/2;FBCR/3Austria;FBID/phone;FBLC/de_DE;FBOP/5;FBRV/76961488]"
40.77.167.76 - - [06/Dec/2017:06:36:56 +0100] "GET /uploads/pdfs/hollabrunn/Grundkurs_III_Sommer_2018_BF.pdf HTTP/1.1" 200 37089 "-" "Mozilla/5.0 (compatible; bingbot/2.0; +http://www.bing.com/bingbot.htm)"
91.115.154.186 - - [06/Dec/2017:06:37:05 +0100] "GET /hollabrunn/img/mobile/close-button.png HTTP/1.1" 404 3065 "-" "Mozilla/5.0 (iPhone; CPU iPhone OS 11_1_2 like Mac OS X) AppleWebKit/604.3.5 (KHTML, like Gecko) Mobile/15B202 [FBAN/FBIOS;FBAV/151.0.0.61.202;FBBV/82156572;FBDV/iPhone7,2;FBMD/iPhone;FBSN/iOS;FBSV/11.1.2;FBSS/2;FBCR/3Austria;FBID/phone;FBLC/de_DE;FBOP/5;FBRV/83160404]"
213.225.10.93 - - [06/Dec/2017:06:37:07 +0100] "GET /perg/img/mobile/menu-button.png HTTP/1.1" 404 3050 "-" "Mozilla/5.0 (iPhone; CPU iPhone OS 11_1_2 like Mac OS X) AppleWebKit/604.3.5 (KHTML, like Gecko) Mobile/15B202 [FBAN/FBIOS;FBAV/151.0.0.61.202;FBBV/82156572;FBDV/iPhone8,1;FBMD/iPhone;FBSN/iOS;FBSV/11.1.2;FBSS/2;FBCR/A1;FBID/phone;FBLC/de_DE;FBOP/5;FBRV/83160404]"
87.250.224.32 - - [06/Dec/2017:06:37:16 +0100] "GET /robots.txt HTTP/1.1" 301 397 "-" "Mozilla/5.0 (compatible; YandexBot/3.0; +http://yandex.com/bots)"
87.250.224.32 - - [06/Dec/2017:06:37:20 +0100] "GET /binaries/10227563.jpg HTTP/1.1" 301 309 "-" "Mozilla/5.0 (compatible; YandexImages/3.0; +http://yandex.com/bots)"
87.250.224.32 - - [06/Dec/2017:06:37:21 +0100] "GET /binaries/10227563.jpg HTTP/1.1" 304 - "-" "Mozilla/5.0 (compatible; YandexImages/3.0; +http://yandex.com/bots)"
91.115.154.186 - - [06/Dec/2017:06:37:35 +0100] "GET /hollabrunn/img/mobile/googlemaps-pin.png HTTP/1.1" 404 3065 "-" "Mozilla/5.0 (iPhone; CPU iPhone OS 11_1_2 like Mac OS X) AppleWebKit/604.3.5 (KHTML, like Gecko) Mobile/15B202 [FBAN/FBIOS;FBAV/151.0.0.61.202;FBBV/82156572;FBDV/iPhone7,2;FBMD/iPhone;FBSN/iOS;FBSV/11.1.2;FBSS/2;FBCR/3Austria;FBID/phone;FBLC/de_DE;FBOP/5;FBRV/83160404]"
