46.125.249.40 - - [06/Dec/2017:07:47:12 +0100] "GET /img/mobile/info-close-button.png HTTP/1.1" 304 - "https://www.easydrivers.at/feldkirch/aktionen" "Mozilla/5.0 (Linux; Android 5.0; SAMSUNG SM-N9005 Build/LRX21V) AppleWebKit/537.36 (KHTML, like Gecko) SamsungBrowser/4.0 Chrome/44.0.2403.133 Mobile Safari/537.36"
46.125.249.40 - - [06/Dec/2017:07:47:12 +0100] "GET /img/mobile/close-button.png HTTP/1.1" 304 - "https://www.easydrivers.at/feldkirch/aktionen" "Mozilla/5.0 (Linux; Android 5.0; SAMSUNG SM-N9005 Build/LRX21V) AppleWebKit/537.36 (KHTML, like Gecko) SamsungBrowser/4.0 Chrome/44.0.2403.133 Mobile Safari/537.36"
46.125.249.40 - - [06/Dec/2017:07:47:12 +0100] "GET /img/smallicon-address.png HTTP/1.1" 304 - "https://www.easydrivers.at/feldkirch/aktionen" "Mozilla/5.0 (Linux; Android 5.0; SAMSUNG SM-N9005 Build/LRX21V) AppleWebKit/537.36 (KHTML, like Gecko) SamsungBrowser/4.0 Chrome/44.0.2403.133 Mobile Safari/537.36"
46.125.249.40 - - [06/Dec/2017:07:47:12 +0100] "GET /img/smallicon-time.png HTTP/1.1" 304 - "https://www.easydrivers.at/feldkirch/aktionen" "Mozilla/5.0 (Linux; Android 5.0; SAMSUNG SM-N9005 Build/LRX21V) AppleWebKit/537.36 (KHTML, like Gecko) SamsungBrowser/4.0 Chrome/44.0.2403.133 Mobile Safari/537.36"
46.125.249.40 - - [06/Dec/2017:07:47:12 +0100] "GET /img/smallicon-mail.png HTTP/1.1" 304 - "https://www.easydrivers.at/feldkirch/aktionen" "Mozilla/5.0 (Linux; Android 5.0; SAMSUNG SM-N9005 Build/LRX21V) AppleWebKit/537.36 (KHTML, like Gecko) SamsungBrowser/4.0 Chrome/44.0.2403.133 Mobile Safari/537.36"
46.125.249.40 - - [06/Dec/2017:07:47:12 +0100] "GET /img/smallicon-phone.png HTTP/1.1" 304 - "https://www.easydrivers.at/feldkirch/aktionen" "Mozilla/5.0 (Linux; Android 5.0; SAMSUNG SM-N9005 Build/LRX21V) AppleWebKit/537.36 (KHTML, like Gecko) SamsungBrowser/4.0 Chrome/44.0.2403.133 Mobile Safari/537.36"
46.125.249.40 - - [06/Dec/2017:07:47:12 +0100] "GET /img/mobile/googlemaps-pin.png HTTP/1.1" 304 - "https://www.easydrivers.at/feldkirch/aktionen" "Mozilla/5.0 (Linux; Android 5.0; SAMSUNG SM-N9005 Build/LRX21V) AppleWebKit/537.36 (KHTML, like Gecko) SamsungBrowser/4.0 Chrome/44.0.2403.133 Mobile Safari/537.36"
46.125.249.40 - - [06/Dec/2017:07:47:12 +0100] "GET /img/mobile/bg-header.jpg HTTP/1.1" 304 - "https://www.easydrivers.at/css/mobile.css" "Mozilla/5.0 (Linux; Android 5.0; SAMSUNG SM-N9005 Build/LRX21V) AppleWebKit/537.36 (KHTML, like Gecko) SamsungBrowser/4.0 Chrome/44.0.2403.133 Mobile Safari/537.36"
46.125.249.40 - - [06/Dec/2017:07:47:12 +0100] "GET /img/mobile/bg-menu.jpg HTTP/1.1" 304 - "https://www.easydrivers.at/css/mobile.css" "Mozilla/5.0 (Linux; Android 5.0; SAMSUNG SM-N9005 Build/LRX21V) AppleWebKit/537.36 (KHTML, like Gecko) SamsungBrowser/4.0 Chrome/44.0.2403.133 Mobile Safari/537.36"
217.149.175.189 - - [06/Dec/2017:07:47:20 +0100] "GET /gmuend/kursauswahl HTTP/1.1" 200 3590 "-" "Mozilla/5.0 (Windows NT 6.1; Win64; x64; rv:57.0) Gecko/20100101 Firefox/57.0"
207.46.13.137 - - [06/Dec/2017:07:47:24 +0100] "GET /st.poelten HTTP/1.1" 301 300 "-" "Mozilla/5.0 (compatible; bingbot/2.0; +http://www.bing.com/bingbot.htm)"
80.108.29.36 - - [06/Dec/2017:07:47:24 +0100] "GET /moedling/10289359?FS=B HTTP/1.1" 200 3317 "http://m.facebook.com/" "Mozilla/5.0 (Linux; Android 7.0; SM-G935F Build/NRD90M; wv) AppleWebKit/537.36 (KHTML, like Gecko) Version/4.0 Chrome/62.0.3202.84 Mobile Safari/537.36 [FB_IAB/FB4A;FBAV/151.0.0.44.205;]"
213.147.167.13 - - [06/Dec/2017:07:47:39 +0100] "GET /brigittenau/10268964 HTTP/1.1" 200 2887 "http://m.facebook.com" "Mozilla/5.0 (iPhone; CPU iPhone OS 11_0_1 like Mac OS X) AppleWebKit/604.1.38 (KHTML, like Gecko) Mobile/15A402 [FBAN/FBIOS;FBAV/151.0.0.61.202;FBBV/82156572;FBDV/iPhone7,2;FBMD/iPhone;FBSN/iOS;FBSV/11.0.1;FBSS/2;FBCR/Carrier;FBID/phone;FBLC/de_DE;FBOP/5;FBRV/82156572]"
178.154.171.67 - - [06/Dec/2017:07:47:50 +0100] "GET /hollabrunn/Grundkurs_I_Sommer_2018?FS=A2BF HTTP/1.1" 301 325 "-" "Mozilla/5.0 (compatible; YandexBot/3.0; +http://yandex.com/bots)"
194.208.245.195 - - [06/Dec/2017:07:47:49 +0100] "GET /feldkirch/aktionen HTTP/1.1" 200 2550 "-" "Mozilla/5.0 (Linux; Android 5.0; SAMSUNG SM-N9005 Build/LRX21V) AppleWebKit/537.36 (KHTML, like Gecko) SamsungBrowser/4.0 Chrome/44.0.2403.133 Mobile Safari/537.36"
178.154.171.72 - - [06/Dec/2017:07:47:51 +0100] "GET /hollabrunn/Grundkurs_I_Sommer_2018?FS=A2BF HTTP/1.1" 200 6655 "-" "Mozilla/5.0 (compatible; YandexBot/3.0; +http://yandex.com/bots)"
194.208.245.195 - - [06/Dec/2017:07:47:49 +0100] "GET /feldkirch/aktionen HTTP/1.1" 200 2550 "-" "Mozilla/5.0 (Linux; Android 5.0; SAMSUNG SM-N9005 Build/LRX21V) AppleWebKit/537.36 (KHTML, like Gecko) SamsungBrowser/4.0 Chrome/44.0.2403.133 Mobile Safari/537.36"
194.208.245.195 - - [06/Dec/2017:07:47:50 +0100] "GET /feldkirch/aktionen HTTP/1.1" 200 2550 "-" "Mozilla/5.0 (Linux; Android 5.0; SAMSUNG SM-N9005 Build/LRX21V) AppleWebKit/537.36 (KHTML, like Gecko) SamsungBrowser/4.0 Chrome/44.0.2403.133 Mobile Safari/537.36"
194.208.245.195 - - [06/Dec/2017:07:47:50 +0100] "GET /feldkirch/aktionen HTTP/1.1" 200 2550 "-" "Mozilla/5.0 (Linux; Android 5.0; SAMSUNG SM-N9005 Build/LRX21V) AppleWebKit/537.36 (KHTML, like Gecko) SamsungBrowser/4.0 Chrome/44.0.2403.133 Mobile Safari/537.36"
194.208.245.195 - - [06/Dec/2017:07:47:50 +0100] "GET /feldkirch/aktionen HTTP/1.1" 200 2550 "-" "Mozilla/5.0 (Linux; Android 5.0; SAMSUNG SM-N9005 Build/LRX21V) AppleWebKit/537.36 (KHTML, like Gecko) SamsungBrowser/4.0 Chrome/44.0.2403.133 Mobile Safari/537.36"
194.208.245.195 - - [06/Dec/2017:07:47:50 +0100] "GET /feldkirch/aktionen HTTP/1.1" 200 2550 "-" "Mozilla/5.0 (Linux; Android 5.0; SAMSUNG SM-N9005 Build/LRX21V) AppleWebKit/537.36 (KHTML, like Gecko) SamsungBrowser/4.0 Chrome/44.0.2403.133 Mobile Safari/537.36"
194.208.245.195 - - [06/Dec/2017:07:47:53 +0100] "GET /feldkirch/aktionen HTTP/1.1" 200 2550 "-" "Mozilla/5.0 (Linux; Android 5.0; SAMSUNG SM-N9005 Build/LRX21V) AppleWebKit/537.36 (KHTML, like Gecko) SamsungBrowser/4.0 Chrome/44.0.2403.133 Mobile Safari/537.36"
217.149.175.189 - - [06/Dec/2017:07:48:04 +0100] "GET /links HTTP/1.1" 200 2407 "-" "Mozilla/5.0 (Windows NT 6.1; Win64; x64; rv:57.0) Gecko/20100101 Firefox/57.0"
217.149.175.189 - - [06/Dec/2017:07:48:06 +0100] "GET /css/print.css HTTP/1.1" 200 967 "https://www.easydrivers.at/links" "Mozilla/5.0 (Windows NT 6.1; Win64; x64; rv:57.0) Gecko/20100101 Firefox/57.0"
217.149.175.189 - - [06/Dec/2017:07:48:06 +0100] "GET /javascript/jquery.customSelect.min.js HTTP/1.1" 200 912 "https://www.easydrivers.at/links" "Mozilla/5.0 (Windows NT 6.1; Win64; x64; rv:57.0) Gecko/20100101 Firefox/57.0"
217.149.175.189 - - [06/Dec/2017:07:48:06 +0100] "GET /css/style.css HTTP/1.1" 200 5004 "https://www.easydrivers.at/links" "Mozilla/5.0 (Windows NT 6.1; Win64; x64; rv:57.0) Gecko/20100101 Firefox/57.0"
217.149.175.189 - - [06/Dec/2017:07:48:06 +0100] "GET /javascript/jquery.simplemodal.js HTTP/1.1" 200 3070 "https://www.easydrivers.at/links" "Mozilla/5.0 (Windows NT 6.1; Win64; x64; rv:57.0) Gecko/20100101 Firefox/57.0"
217.149.175.189 - - [06/Dec/2017:07:48:06 +0100] "GET /javascript/portal.js?1221842734 HTTP/1.1" 200 3529 "https://www.easydrivers.at/links" "Mozilla/5.0 (Windows NT 6.1; Win64; x64; rv:57.0) Gecko/20100101 Firefox/57.0"
217.149.175.189 - - [06/Dec/2017:07:48:06 +0100] "GET /javascript/jquery.cookie.js HTTP/1.1" 200 863 "https://www.easydrivers.at/links" "Mozilla/5.0 (Windows NT 6.1; Win64; x64; rv:57.0) Gecko/20100101 Firefox/57.0"
217.149.175.189 - - [06/Dec/2017:07:48:06 +0100] "GET /javascript/lazyload.js HTTP/1.1" 200 1170 "https://www.easydrivers.at/links" "Mozilla/5.0 (Windows NT 6.1; Win64; x64; rv:57.0) Gecko/20100101 Firefox/57.0"
217.149.175.189 - - [06/Dec/2017:07:48:06 +0100] "GET /img/facebook-icon.png HTTP/1.1" 200 1506 "https://www.easydrivers.at/links" "Mozilla/5.0 (Windows NT 6.1; Win64; x64; rv:57.0) Gecko/20100101 Firefox/57.0"
217.149.175.189 - - [06/Dec/2017:07:48:06 +0100] "GET /img/schweiz-icon.png HTTP/1.1" 200 1504 "https://www.easydrivers.at/links" "Mozilla/5.0 (Windows NT 6.1; Win64; x64; rv:57.0) Gecko/20100101 Firefox/57.0"
217.149.175.189 - - [06/Dec/2017:07:48:06 +0100] "GET /img/close-button.png HTTP/1.1" 200 2237 "https://www.easydrivers.at/links" "Mozilla/5.0 (Windows NT 6.1; Win64; x64; rv:57.0) Gecko/20100101 Firefox/57.0"
217.149.175.189 - - [06/Dec/2017:07:48:06 +0100] "GET /binaries/easy-drivers-portal/pkw2jpg.jpg HTTP/1.1" 200 93020 "https://www.easydrivers.at/links" "Mozilla/5.0 (Windows NT 6.1; Win64; x64; rv:57.0) Gecko/20100101 Firefox/57.0"
194.208.245.195 - - [06/Dec/2017:07:47:51 +0100] "GET /feldkirch/aktionen HTTP/1.1" 200 2550 "-" "Mozilla/5.0 (Linux; Android 5.0; SAMSUNG SM-N9005 Build/LRX21V) AppleWebKit/537.36 (KHTML, like Gecko) SamsungBrowser/4.0 Chrome/44.0.2403.133 Mobile Safari/537.36"
217.149.175.189 - - [06/Dec/2017:07:48:06 +0100] "GET /img/kursicon-print-pink.png HTTP/1.1" 200 1125 "https://www.easydrivers.at/links" "Mozilla/5.0 (Windows NT 6.1; Win64; x64; rv:57.0) Gecko/20100101 Firefox/57.0"
217.149.175.189 - - [06/Dec/2017:07:48:06 +0100] "GET /img/ED_Logo.png HTTP/1.1" 200 3385 "https://www.easydrivers.at/css/style.css" "Mozilla/5.0 (Windows NT 6.1; Win64; x64; rv:57.0) Gecko/20100101 Firefox/57.0"
217.149.175.189 - - [06/Dec/2017:07:48:06 +0100] "GET /img/top-image-overlay.png HTTP/1.1" 200 20650 "https://www.easydrivers.at/css/style.css" "Mozilla/5.0 (Windows NT 6.1; Win64; x64; rv:57.0) Gecko/20100101 Firefox/57.0"
217.149.175.189 - - [06/Dec/2017:07:48:06 +0100] "GET /img/bg-footer.jpg HTTP/1.1" 200 31770 "https://www.easydrivers.at/css/style.css" "Mozilla/5.0 (Windows NT 6.1; Win64; x64; rv:57.0) Gecko/20100101 Firefox/57.0"
217.149.175.189 - - [06/Dec/2017:07:48:06 +0100] "GET /img/kursicon-download-pink.png HTTP/1.1" 200 1213 "https://www.easydrivers.at/links" "Mozilla/5.0 (Windows NT 6.1; Win64; x64; rv:57.0) Gecko/20100101 Firefox/57.0"
217.149.175.189 - - [06/Dec/2017:07:48:06 +0100] "GET /img/bg-header.jpg HTTP/1.1" 200 38680 "https://www.easydrivers.at/css/style.css" "Mozilla/5.0 (Windows NT 6.1; Win64; x64; rv:57.0) Gecko/20100101 Firefox/57.0"
217.149.175.189 - - [06/Dec/2017:07:48:06 +0100] "GET /img/kursicon-share-pink.png HTTP/1.1" 200 1277 "https://www.easydrivers.at/links" "Mozilla/5.0 (Windows NT 6.1; Win64; x64; rv:57.0) Gecko/20100101 Firefox/57.0"
217.149.175.189 - - [06/Dec/2017:07:48:06 +0100] "GET /img/kursicon-phone-pink.png HTTP/1.1" 200 1286 "https://www.easydrivers.at/links" "Mozilla/5.0 (Windows NT 6.1; Win64; x64; rv:57.0) Gecko/20100101 Firefox/57.0"
194.208.245.195 - - [06/Dec/2017:07:47:50 +0100] "GET /feldkirch/aktionen HTTP/1.1" 200 2550 "-" "Mozilla/5.0 (Linux; Android 5.0; SAMSUNG SM-N9005 Build/LRX21V) AppleWebKit/537.36 (KHTML, like Gecko) SamsungBrowser/4.0 Chrome/44.0.2403.133 Mobile Safari/537.36"
194.208.245.195 - - [06/Dec/2017:07:47:51 +0100] "GET /feldkirch/aktionen HTTP/1.1" 200 2550 "-" "Mozilla/5.0 (Linux; Android 5.0; SAMSUNG SM-N9005 Build/LRX21V) AppleWebKit/537.36 (KHTML, like Gecko) SamsungBrowser/4.0 Chrome/44.0.2403.133 Mobile Safari/537.36"
207.46.13.43 - - [06/Dec/2017:07:48:11 +0100] "GET /binaries/easy-drivers-edelweiss-klagenfurt/aprilliasxpng.png HTTP/1.1" 200 336371 "-" "Mozilla/5.0 (compatible; bingbot/2.0; +http://www.bing.com/bingbot.htm)"
194.208.245.195 - - [06/Dec/2017:07:47:51 +0100] "GET /feldkirch/aktionen HTTP/1.1" 200 2550 "-" "Mozilla/5.0 (Linux; Android 5.0; SAMSUNG SM-N9005 Build/LRX21V) AppleWebKit/537.36 (KHTML, like Gecko) SamsungBrowser/4.0 Chrome/44.0.2403.133 Mobile Safari/537.36"
194.208.245.195 - - [06/Dec/2017:07:47:50 +0100] "GET /feldkirch/aktionen HTTP/1.1" 200 2550 "-" "Mozilla/5.0 (Linux; Android 5.0; SAMSUNG SM-N9005 Build/LRX21V) AppleWebKit/537.36 (KHTML, like Gecko) SamsungBrowser/4.0 Chrome/44.0.2403.133 Mobile Safari/537.36"
77.119.128.75 - - [06/Dec/2017:07:48:16 +0100] "GET /schwechat/10280404?FS=B HTTP/1.1" 200 3330 "http://m.facebook.com/" "Mozilla/5.0 (Linux; Android 7.0; SM-G955F Build/NRD90M; wv) AppleWebKit/537.36 (KHTML, like Gecko) Version/4.0 Chrome/62.0.3202.84 Mobile Safari/537.36 [FB_IAB/FB4A;FBAV/151.0.0.44.205;]"
91.141.0.199 - - [06/Dec/2017:07:48:19 +0100] "GET /st.valentin/10293790?FS=B HTTP/1.1" 200 3077 "http://m.facebook.com/" "Mozilla/5.0 (Linux; Android 7.0; SM-G950F Build/NRD90M; wv) AppleWebKit/537.36 (KHTML, like Gecko) Version/4.0 Chrome/62.0.3202.84 Mobile Safari/537.36 [FB_IAB/FB4A;FBAV/151.0.0.44.205;]"
87.250.224.32 - - [06/Dec/2017:07:48:21 +0100] "GET /hollabrunn/Motorradkurs_Juni_2018?FS=A1 HTTP/1.1" 200 6139 "-" "Mozilla/5.0 (compatible; YandexBot/3.0; +http://yandex.com/bots)"
194.96.114.50 - - [06/Dec/2017:07:48:26 +0100] "GET /moedling/10289359?FS=B HTTP/1.1" 200 3317 "http://m.facebook.com" "Mozilla/5.0 (iPhone; CPU iPhone OS 11_1_1 like Mac OS X) AppleWebKit/604.3.5 (KHTML, like Gecko) Mobile/15B150 [FBAN/FBIOS;FBAV/151.0.0.61.202;FBBV/82156572;FBDV/iPhone9,3;FBMD/iPhone;FBSN/iOS;FBSV/11.1.1;FBSS/2;FBCR/tele.ring;FBID/phone;FBLC/de_DE;FBOP/5;FBRV/83160404]"
194.208.245.195 - - [06/Dec/2017:07:48:36 +0100] "GET /feldkirch/aktionen HTTP/1.1" 200 2550 "-" "Mozilla/5.0 (Linux; Android 5.0; SAMSUNG SM-N9005 Build/LRX21V) AppleWebKit/537.36 (KHTML, like Gecko) SamsungBrowser/4.0 Chrome/44.0.2403.133 Mobile Safari/537.36"
194.208.245.195 - - [06/Dec/2017:07:48:43 +0100] "GET /img/favicon.ico HTTP/1.1" 301 303 "-" "Mozilla/5.0 (Linux; Android 5.0; SAMSUNG SM-N9005 Build/LRX21V) AppleWebKit/537.36 (KHTML, like Gecko) SamsungBrowser/4.0 Chrome/44.0.2403.133 Mobile Safari/537.36"
194.208.245.195 - - [06/Dec/2017:07:48:43 +0100] "GET /img/favicon.ico HTTP/1.1" 404 301 "-" "Mozilla/5.0 (Linux; Android 5.0; SAMSUNG SM-N9005 Build/LRX21V) AppleWebKit/537.36 (KHTML, like Gecko) SamsungBrowser/4.0 Chrome/44.0.2403.133 Mobile Safari/537.36"
87.250.224.32 - - [06/Dec/2017:07:48:45 +0100] "GET /hollabrunn/Grundkurs_IV_Sommer_2018?FS=BF HTTP/1.1" 200 6269 "-" "Mozilla/5.0 (compatible; YandexBot/3.0; +http://yandex.com/bots)"
207.46.13.137 - - [06/Dec/2017:07:48:53 +0100] "GET /fuehrerscheine/auto/B-L HTTP/1.1" 301 307 "-" "Mozilla/5.0 (compatible; bingbot/2.0; +http://www.bing.com/bingbot.htm)"
217.182.132.18 - - [06/Dec/2017:07:49:54 +0100] "GET /leonding/theoriepruefung HTTP/1.1" 200 2991 "-" "Mozilla/5.0 (compatible; AhrefsBot/5.2; +http://ahrefs.com/robot/)"
178.115.128.34 - - [06/Dec/2017:07:50:16 +0100] "GET /bruck.leitha/10279432?FS=B HTTP/1.1" 200 3401 "http://m.facebook.com/" "Mozilla/5.0 (Linux; Android 7.1.1; E6653 Build/32.4.A.1.54; wv) AppleWebKit/537.36 (KHTML, like Gecko) Version/4.0 Chrome/62.0.3202.84 Mobile Safari/537.36 [FB_IAB/FB4A;FBAV/151.0.0.44.205;]"
178.190.101.33 - - [06/Dec/2017:07:50:42 +0100] "GET /krems/10276251 HTTP/1.1" 200 3274 "http://m.facebook.com/" "Mozilla/5.0 (Linux; Android 5.1.1; SM-G800F Build/LMY47X; wv) AppleWebKit/537.36 (KHTML, like Gecko) Version/4.0 Chrome/62.0.3202.84 Mobile Safari/537.36 [FB_IAB/FB4A;FBAV/152.0.0.42.136;]"
46.75.157.82 - - [06/Dec/2017:07:50:56 +0100] "GET /hollabrunn/Grundkurs_Weihnachten_2017?FS=B HTTP/1.1" 200 3287 "http://m.facebook.com" "Mozilla/5.0 (iPhone; CPU iPhone OS 9_3 like Mac OS X) AppleWebKit/601.1.46 (KHTML, like Gecko) Mobile/13E233 [FBAN/FBIOS;FBAV/151.0.0.61.202;FBBV/82156572;FBDV/iPhone8,4;FBMD/iPhone;FBSN/iPhone OS;FBSV/9.3;FBSS/2;FBCR/A1;FBID/phone;FBLC/de_DE;FBOP/5;FBRV/83160404]"
40.77.167.76 - - [06/Dec/2017:07:51:06 +0100] "GET /langenlois HTTP/1.1" 200 3446 "-" "Mozilla/5.0 (compatible; bingbot/2.0; +http://www.bing.com/bingbot.htm)"
194.118.179.229 - - [06/Dec/2017:07:51:21 +0100] "GET /hollabrunn/Grundkurs_Weihnachten_2017?FS=B HTTP/1.1" 200 3287 "http://m.facebook.com/" "Mozilla/5.0 (Linux; Android 7.0; EVA-L09 Build/HUAWEIEVA-L09; wv) AppleWebKit/537.36 (KHTML, like Gecko) Version/4.0 Chrome/62.0.3202.84 Mobile Safari/537.36 [FB_IAB/FB4A;FBAV/151.0.0.44.205;]"
88.116.133.66 - - [06/Dec/2017:07:51:31 +0100] "GET /img/ED_Logo.png HTTP/1.1" 301 305 "-" "Mozilla/5.0 (Windows NT 6.1; Win64; x64; rv:57.0) Gecko/20100101 Firefox/57.0"
88.116.133.66 - - [06/Dec/2017:07:51:32 +0100] "GET /img/ED_Logo.png HTTP/1.1" 200 3385 "-" "Mozilla/5.0 (Windows NT 6.1; Win64; x64; rv:57.0) Gecko/20100101 Firefox/57.0"
46.125.250.21 - - [06/Dec/2017:07:51:51 +0100] "GET /krems/10276251 HTTP/1.1" 200 3274 "http://m.facebook.com" "Mozilla/5.0 (iPhone; CPU iPhone OS 10_3_3 like Mac OS X) AppleWebKit/603.3.8 (KHTML, like Gecko) Mobile/14G60 [FBAN/FBIOS;FBAV/151.0.0.61.202;FBBV/82156572;FBDV/iPhone8,1;FBMD/iPhone;FBSN/iOS;FBSV/10.3.3;FBSS/2;FBCR/T-MobileA;FBID/phone;FBLC/de_DE;FBOP/5;FBRV/83160404]"
216.244.66.249 - - [06/Dec/2017:07:51:59 +0100] "GET /enns/10254798 HTTP/1.1" 301 400 "-" "Mozilla/5.0 (compatible; DotBot/1.1; http://www.opensiteexplorer.org/dotbot, help@moz.com)"
185.69.244.2 - - [06/Dec/2017:07:52:19 +0100] "GET /st.valentin/10293790?FS=B HTTP/1.1" 200 3077 "http://m.facebook.com" "Mozilla/5.0 (iPhone; CPU iPhone OS 10_3_3 like Mac OS X) AppleWebKit/603.3.8 (KHTML, like Gecko) Mobile/14G60 [FBAN/FBIOS;FBAV/151.0.0.61.202;FBBV/82156572;FBDV/iPhone6,2;FBMD/iPhone;FBSN/iOS;FBSV/10.3.3;FBSS/2;FBCR/Carrier;FBID/phone;FBLC/de_DE;FBOP/5;FBRV/82156572]"
185.69.244.2 - - [06/Dec/2017:07:52:22 +0100] "GET /st.valentin/img/mobile/easydrivers-logo-mobile.png HTTP/1.1" 404 3086 "-" "Mozilla/5.0 (iPhone; CPU iPhone OS 10_3_3 like Mac OS X) AppleWebKit/603.3.8 (KHTML, like Gecko) Mobile/14G60 [FBAN/FBIOS;FBAV/151.0.0.61.202;FBBV/82156572;FBDV/iPhone6,2;FBMD/iPhone;FBSN/iOS;FBSV/10.3.3;FBSS/2;FBCR/Carrier;FBID/phone;FBLC/de_DE;FBOP/5;FBRV/82156572]"
193.154.81.29 - - [06/Dec/2017:07:52:25 +0100] "GET /enns/Abendkurs-22Dez2016?FS=B HTTP/1.1" 404 3065 "http://m.facebook.com" "Mozilla/5.0 (iPhone; CPU iPhone OS 11_0 like Mac OS X) AppleWebKit/604.1.38 (KHTML, like Gecko) Mobile/15A372 [FBAN/FBIOS;FBAV/150.0.0.32.132;FBBV/80278251;FBDV/iPhone9,3;FBMD/iPhone;FBSN/iOS;FBSV/11.0;FBSS/2;FBCR/3Austria;FBID/phone;FBLC/de_DE;FBOP/5;FBRV/82362498]"
217.149.174.11 - - [06/Dec/2017:07:52:52 +0100] "GET /img/ED_Logo.png HTTP/1.1" 301 305 "-" "Mozilla/5.0 (Windows NT 10.0; Win64; x64; rv:57.0) Gecko/20100101 Firefox/57.0"
207.46.13.43 - - [06/Dec/2017:07:52:50 +0100] "GET /amstetten/abendkurs-okt18?FS=A1 HTTP/1.1" 200 5798 "-" "Mozilla/5.0 (compatible; bingbot/2.0; +http://www.bing.com/bingbot.htm)"
217.149.174.11 - - [06/Dec/2017:07:52:53 +0100] "GET /img/ED_Logo.png HTTP/1.1" 200 3385 "-" "Mozilla/5.0 (Windows NT 10.0; Win64; x64; rv:57.0) Gecko/20100101 Firefox/57.0"
185.69.244.2 - - [06/Dec/2017:07:52:52 +0100] "GET /st.valentin/img/mobile/menu-button.png HTTP/1.1" 404 3092 "-" "Mozilla/5.0 (iPhone; CPU iPhone OS 10_3_3 like Mac OS X) AppleWebKit/603.3.8 (KHTML, like Gecko) Mobile/14G60 [FBAN/FBIOS;FBAV/151.0.0.61.202;FBBV/82156572;FBDV/iPhone6,2;FBMD/iPhone;FBSN/iOS;FBSV/10.3.3;FBSS/2;FBCR/Carrier;FBID/phone;FBLC/de_DE;FBOP/5;FBRV/82156572]"
207.46.13.137 - - [06/Dec/2017:07:53:17 +0100] "GET /hollabrunn/Grundkurs_Maerz_2018?FS=BF HTTP/1.1" 200 6169 "-" "Mozilla/5.0 (compatible; bingbot/2.0; +http://www.bing.com/bingbot.htm)"
185.69.244.2 - - [06/Dec/2017:07:53:24 +0100] "GET /st.valentin/img/mobile/close-button.png HTTP/1.1" 404 3094 "-" "Mozilla/5.0 (iPhone; CPU iPhone OS 10_3_3 like Mac OS X) AppleWebKit/603.3.8 (KHTML, like Gecko) Mobile/14G60 [FBAN/FBIOS;FBAV/151.0.0.61.202;FBBV/82156572;FBDV/iPhone6,2;FBMD/iPhone;FBSN/iOS;FBSV/10.3.3;FBSS/2;FBCR/Carrier;FBID/phone;FBLC/de_DE;FBOP/5;FBRV/82156572]"
185.81.138.27 - - [06/Dec/2017:07:53:39 +0100] "GET /moedling HTTP/1.1" 200 2972 "https://www.easydrivers.at/" "Mozilla/5.0 (Linux; Android 7.0; LG-H815 Build/NRD90U) AppleWebKit/537.36 (KHTML, like Gecko) Chrome/62.0.3202.84 Mobile Safari/537.36"
185.81.138.27 - - [06/Dec/2017:07:53:43 +0100] "GET /img/favicon.ico HTTP/1.1" 404 301 "-" "Mozilla/5.0 (Linux; Android 7.0; LG-H815 Build/NRD90U) AppleWebKit/537.36 (KHTML, like Gecko) Chrome/62.0.3202.84 Mobile Safari/537.36"
185.69.244.2 - - [06/Dec/2017:07:53:54 +0100] "GET /st.valentin/img/mobile/facebook-icon.png HTTP/1.1" 404 3092 "-" "Mozilla/5.0 (iPhone; CPU iPhone OS 10_3_3 like Mac OS X) AppleWebKit/603.3.8 (KHTML, like Gecko) Mobile/14G60 [FBAN/FBIOS;FBAV/151.0.0.61.202;FBBV/82156572;FBDV/iPhone6,2;FBMD/iPhone;FBSN/iOS;FBSV/10.3.3;FBSS/2;FBCR/Carrier;FBID/phone;FBLC/de_DE;FBOP/5;FBRV/82156572]"
193.80.15.237 - - [06/Dec/2017:07:54:03 +0100] "GET /steyr/kurse HTTP/1.1" 200 3143 "http://m.facebook.com/" "Mozilla/5.0 (Linux; Android 7.1.1; F5121 Build/34.3.A.0.238; wv) AppleWebKit/537.36 (KHTML, like Gecko) Version/4.0 Chrome/62.0.3202.84 Mobile Safari/537.36 [FB_IAB/FB4A;FBAV/151.0.0.44.205;]"
217.149.174.11 - - [06/Dec/2017:07:54:12 +0100] "GET /krems HTTP/1.1" 200 3581 "-" "Mozilla/5.0 (Windows NT 6.1; Win64; x64; rv:57.0) Gecko/20100101 Firefox/57.0"
185.69.244.2 - - [06/Dec/2017:07:54:26 +0100] "GET /st.valentin/img/mobile/info-button.png HTTP/1.1" 404 3094 "-" "Mozilla/5.0 (iPhone; CPU iPhone OS 10_3_3 like Mac OS X) AppleWebKit/603.3.8 (KHTML, like Gecko) Mobile/14G60 [FBAN/FBIOS;FBAV/151.0.0.61.202;FBBV/82156572;FBDV/iPhone6,2;FBMD/iPhone;FBSN/iOS;FBSV/10.3.3;FBSS/2;FBCR/Carrier;FBID/phone;FBLC/de_DE;FBOP/5;FBRV/82156572]"
185.69.244.2 - - [06/Dec/2017:07:54:56 +0100] "GET /st.valentin/img/mobile/info-close-button.png HTTP/1.1" 404 3098 "-" "Mozilla/5.0 (iPhone; CPU iPhone OS 10_3_3 like Mac OS X) AppleWebKit/603.3.8 (KHTML, like Gecko) Mobile/14G60 [FBAN/FBIOS;FBAV/151.0.0.61.202;FBBV/82156572;FBDV/iPhone6,2;FBMD/iPhone;FBSN/iOS;FBSV/10.3.3;FBSS/2;FBCR/Carrier;FBID/phone;FBLC/de_DE;FBOP/5;FBRV/82156572]"
210.187.146.51 - - [06/Dec/2017:07:55:10 +0100] "GET /wp-login.php HTTP/1.1" 301 399 "-" "Mozilla/5.0 (Windows NT 6.1; WOW64; rv:40.0) Gecko/20100101 Firefox/40.1"
210.187.146.51 - - [06/Dec/2017:07:55:11 +0100] "GET /wp-login.php HTTP/1.1" 404 8398 "-" "Mozilla/5.0 (Windows NT 6.1; WOW64; rv:40.0) Gecko/20100101 Firefox/40.1"
210.187.146.51 - - [06/Dec/2017:07:55:13 +0100] "GET / HTTP/1.1" 301 387 "-" "Mozilla/5.0 (Windows NT 6.1; WOW64; rv:40.0) Gecko/20100101 Firefox/40.1"
210.187.146.51 - - [06/Dec/2017:07:55:13 +0100] "GET / HTTP/1.1" 200 15887 "-" "Mozilla/5.0 (Windows NT 6.1; WOW64; rv:40.0) Gecko/20100101 Firefox/40.1"
185.69.244.2 - - [06/Dec/2017:07:55:31 +0100] "GET /st.valentin/img/smallicon-person.png HTTP/1.1" 404 3095 "-" "Mozilla/5.0 (iPhone; CPU iPhone OS 10_3_3 like Mac OS X) AppleWebKit/603.3.8 (KHTML, like Gecko) Mobile/14G60 [FBAN/FBIOS;FBAV/151.0.0.61.202;FBBV/82156572;FBDV/iPhone6,2;FBMD/iPhone;FBSN/iOS;FBSV/10.3.3;FBSS/2;FBCR/Carrier;FBID/phone;FBLC/de_DE;FBOP/5;FBRV/82156572]"
194.96.189.3 - - [06/Dec/2017:07:55:40 +0100] "GET /img/ED_Logo.png HTTP/1.1" 301 305 "-" "Mozilla/5.0 (Windows NT 10.0; Win64; x64; rv:57.0) Gecko/20100101 Firefox/57.0"
194.96.189.3 - - [06/Dec/2017:07:55:41 +0100] "GET /img/ED_Logo.png HTTP/1.1" 200 3385 "-" "Mozilla/5.0 (Windows NT 10.0; Win64; x64; rv:57.0) Gecko/20100101 Firefox/57.0"
91.141.3.22 - - [06/Dec/2017:07:55:40 +0100] "GET /amstetten/weihnachtskurs?FS=B HTTP/1.1" 200 3162 "http://m.facebook.com" "Mozilla/5.0 (iPhone; CPU iPhone OS 11_1_2 like Mac OS X) AppleWebKit/604.3.5 (KHTML, like Gecko) Mobile/15B202 [FBAN/FBIOS;FBAV/151.0.0.61.202;FBBV/82156572;FBDV/iPhone8,1;FBMD/iPhone;FBSN/iOS;FBSV/11.1.2;FBSS/2;FBCR/3Austria;FBID/phone;FBLC/hu_HU;FBOP/5;FBRV/83160404]"
42.236.12.170 - - [06/Dec/2017:07:55:57 +0100] "GET / HTTP/1.1" 301 296 "http://www.easy-drivers.at/" "Mozilla/5.0 (Windows NT 6.1; WOW64) AppleWebKit/537.36 (KHTML, like Gecko) Chrome/50.0.2661.102 Safari/537.36; 360Spider"
42.236.12.170 - - [06/Dec/2017:07:55:59 +0100] "GET / HTTP/1.1" 200 4436 "https://www.easydrivers.at/" "Mozilla/5.0 (Windows NT 6.1; WOW64) AppleWebKit/537.36 (KHTML, like Gecko) Chrome/50.0.2661.102 Safari/537.36; 360Spider"
185.69.244.2 - - [06/Dec/2017:07:56:01 +0100] "GET /st.valentin/img/smallicon-address.png HTTP/1.1" 404 3097 "-" "Mozilla/5.0 (iPhone; CPU iPhone OS 10_3_3 like Mac OS X) AppleWebKit/603.3.8 (KHTML, like Gecko) Mobile/14G60 [FBAN/FBIOS;FBAV/151.0.0.61.202;FBBV/82156572;FBDV/iPhone6,2;FBMD/iPhone;FBSN/iOS;FBSV/10.3.3;FBSS/2;FBCR/Carrier;FBID/phone;FBLC/de_DE;FBOP/5;FBRV/82156572]"
81.10.228.194 - - [06/Dec/2017:07:56:16 +0100] "GET /st.valentin/10293790?FS=B HTTP/1.1" 200 3077 "http://m.facebook.com" "Mozilla/5.0 (iPhone; CPU iPhone OS 10_3_3 like Mac OS X) AppleWebKit/603.3.8 (KHTML, like Gecko) Mobile/14G60 [FBAN/FBIOS;FBAV/151.0.0.61.202;FBBV/82156572;FBDV/iPhone6,2;FBMD/iPhone;FBSN/iOS;FBSV/10.3.3;FBSS/2;FBCR/T-MobileA;FBID/phone;FBLC/de_DE;FBOP/5;FBRV/83160404]"
185.69.244.2 - - [06/Dec/2017:07:56:31 +0100] "GET /st.valentin/img/mobile/googlemaps-pin.png HTTP/1.1" 404 3094 "-" "Mozilla/5.0 (iPhone; CPU iPhone OS 10_3_3 like Mac OS X) AppleWebKit/603.3.8 (KHTML, like Gecko) Mobile/14G60 [FBAN/FBIOS;FBAV/151.0.0.61.202;FBBV/82156572;FBDV/iPhone6,2;FBMD/iPhone;FBSN/iOS;FBSV/10.3.3;FBSS/2;FBCR/Carrier;FBID/phone;FBLC/de_DE;FBOP/5;FBRV/82156572]"
78.104.49.100 - - [06/Dec/2017:07:56:35 +0100] "GET /perg HTTP/1.1" 301 296 "https://www.google.at/" "Mozilla/5.0 (Linux; Android 7.0; Moto G (4) Build/NPJS25.93-14-10) AppleWebKit/537.36 (KHTML, like Gecko) Chrome/56.0.2924.87 Mobile Safari/537.36"
78.104.49.100 - - [06/Dec/2017:07:56:35 +0100] "GET /perg HTTP/1.1" 200 2927 "https://www.google.at/" "Mozilla/5.0 (Linux; Android 7.0; Moto G (4) Build/NPJS25.93-14-10) AppleWebKit/537.36 (KHTML, like Gecko) Chrome/56.0.2924.87 Mobile Safari/537.36"
78.104.49.100 - - [06/Dec/2017:07:56:38 +0100] "GET /css/mobile.css HTTP/1.1" 200 2852 "https://www.easydrivers.at/perg" "Mozilla/5.0 (Linux; Android 7.0; Moto G (4) Build/NPJS25.93-14-10) AppleWebKit/537.36 (KHTML, like Gecko) Chrome/56.0.2924.87 Mobile Safari/537.36"
78.104.49.100 - - [06/Dec/2017:07:56:39 +0100] "GET /javascript/jquery.cookie.js HTTP/1.1" 200 863 "https://www.easydrivers.at/perg" "Mozilla/5.0 (Linux; Android 7.0; Moto G (4) Build/NPJS25.93-14-10) AppleWebKit/537.36 (KHTML, like Gecko) Chrome/56.0.2924.87 Mobile Safari/537.36"
185.69.244.2 - - [06/Dec/2017:07:56:37 +0100] "GET /st.valentin/img/smallicon-time.png HTTP/1.1" 404 3097 "-" "Mozilla/5.0 (iPhone; CPU iPhone OS 10_3_3 like Mac OS X) AppleWebKit/603.3.8 (KHTML, like Gecko) Mobile/14G60 [FBAN/FBIOS;FBAV/151.0.0.61.202;FBBV/82156572;FBDV/iPhone6,2;FBMD/iPhone;FBSN/iOS;FBSV/10.3.3;FBSS/2;FBCR/Carrier;FBID/phone;FBLC/de_DE;FBOP/5;FBRV/82156572]"
46.125.249.41 - - [06/Dec/2017:07:56:40 +0100] "GET /easy_drivers_st._peterau/Weihnachtskurs-2017?FS=B HTTP/1.1" 200 3113 "http://m.facebook.com" "Mozilla/5.0 (iPhone; CPU iPhone OS 10_2_1 like Mac OS X) AppleWebKit/602.4.6 (KHTML, like Gecko) Mobile/14D27 [FBAN/FBIOS;FBAV/151.0.0.61.202;FBBV/82156572;FBDV/iPhone8,1;FBMD/iPhone;FBSN/iOS;FBSV/10.2.1;FBSS/2;FBCR/T-MobileA;FBID/phone;FBLC/de_DE;FBOP/5;FBRV/82892895]"
78.104.49.100 - - [06/Dec/2017:07:56:54 +0100] "GET /javascript/mobile-menu.js HTTP/1.1" 200 1634 "https://www.easydrivers.at/perg" "Mozilla/5.0 (Linux; Android 7.0; Moto G (4) Build/NPJS25.93-14-10) AppleWebKit/537.36 (KHTML, like Gecko) Chrome/56.0.2924.87 Mobile Safari/537.36"
78.104.49.100 - - [06/Dec/2017:07:57:03 +0100] "GET /javascript/jquery.simplemodal.js HTTP/1.1" 200 3070 "https://www.easydrivers.at/perg" "Mozilla/5.0 (Linux; Android 7.0; Moto G (4) Build/NPJS25.93-14-10) AppleWebKit/537.36 (KHTML, like Gecko) Chrome/56.0.2924.87 Mobile Safari/537.36"
66.249.92.206 - - [06/Dec/2017:07:57:04 +0100] "GET /bruck.leitha HTTP/1.1" 301 302 "-" "Mozilla/5.0 (iPhone; CPU iPhone OS 9_1 like Mac OS X) AppleWebKit/601.1.46 (KHTML, like Gecko) Version/9.0 Mobile/13B143 Safari/601.1 (compatible; AdsBot-Google-Mobile; +http://www.google.com/mobile/adsbot.html)"
66.249.92.213 - - [06/Dec/2017:07:57:05 +0100] "GET /bruck.leitha HTTP/1.1" 200 2938 "-" "Mozilla/5.0 (iPhone; CPU iPhone OS 9_1 like Mac OS X) AppleWebKit/601.1.46 (KHTML, like Gecko) Version/9.0 Mobile/13B143 Safari/601.1 (compatible; AdsBot-Google-Mobile; +http://www.google.com/mobile/adsbot.html)"
80.110.102.211 - - [06/Dec/2017:07:57:08 +0100] "GET /img/ED_Logo.png HTTP/1.1" 301 305 "-" "Mozilla/5.0 (Macintosh; Intel Mac OS X 10.11; rv:57.0) Gecko/20100101 Firefox/57.0"
80.110.102.211 - - [06/Dec/2017:07:57:09 +0100] "GET /img/ED_Logo.png HTTP/1.1" 200 3385 "-" "Mozilla/5.0 (Macintosh; Intel Mac OS X 10.11; rv:57.0) Gecko/20100101 Firefox/57.0"
185.69.244.2 - - [06/Dec/2017:07:57:07 +0100] "GET /st.valentin/img/smallicon-phone.png HTTP/1.1" 404 3096 "-" "Mozilla/5.0 (iPhone; CPU iPhone OS 10_3_3 like Mac OS X) AppleWebKit/603.3.8 (KHTML, like Gecko) Mobile/14G60 [FBAN/FBIOS;FBAV/151.0.0.61.202;FBBV/82156572;FBDV/iPhone6,2;FBMD/iPhone;FBSN/iOS;FBSV/10.3.3;FBSS/2;FBCR/Carrier;FBID/phone;FBLC/de_DE;FBOP/5;FBRV/82156572]"
91.119.222.163 - - [06/Dec/2017:07:57:08 +0100] "GET /tulln/Weihnachtskurs_Abendkurs_Dezember_2017?FS=B HTTP/1.1" 200 3264 "http://m.facebook.com/" "Mozilla/5.0 (Linux; Android 7.0; SM-G920F Build/NRD90M; wv) AppleWebKit/537.36 (KHTML, like Gecko) Version/4.0 Chrome/62.0.3202.84 Mobile Safari/537.36 [FB_IAB/FB4A;FBAV/151.0.0.44.205;]"
66.249.92.209 - - [06/Dec/2017:07:57:10 +0100] "GET /javascript/jquery.cookie.js HTTP/1.1" 200 863 "https://www.easydrivers.at/bruck.leitha" "Mozilla/5.0 (iPhone; CPU iPhone OS 9_1 like Mac OS X) AppleWebKit/601.1.46 (KHTML, like Gecko) Version/9.0 Mobile/13B143 Safari/601.1 (compatible; AdsBot-Google-Mobile; +http://www.google.com/mobile/adsbot.html)"
66.249.92.209 - - [06/Dec/2017:07:57:11 +0100] "GET /css/mobile.css HTTP/1.1" 200 2852 "https://www.easydrivers.at/bruck.leitha" "Mozilla/5.0 (iPhone; CPU iPhone OS 9_1 like Mac OS X) AppleWebKit/601.1.46 (KHTML, like Gecko) Version/9.0 Mobile/13B143 Safari/601.1 (compatible; AdsBot-Google-Mobile; +http://www.google.com/mobile/adsbot.html)"
66.249.92.211 - - [06/Dec/2017:07:57:12 +0100] "GET /javascript/jquery-1.9.1.min.js HTTP/1.1" 200 32731 "https://www.easydrivers.at/bruck.leitha" "Mozilla/5.0 (iPhone; CPU iPhone OS 9_1 like Mac OS X) AppleWebKit/601.1.46 (KHTML, like Gecko) Version/9.0 Mobile/13B143 Safari/601.1 (compatible; AdsBot-Google-Mobile; +http://www.google.com/mobile/adsbot.html)"
66.249.92.211 - - [06/Dec/2017:07:57:12 +0100] "GET /javascript/jquery.simplemodal.js HTTP/1.1" 200 3070 "https://www.easydrivers.at/bruck.leitha" "Mozilla/5.0 (iPhone; CPU iPhone OS 9_1 like Mac OS X) AppleWebKit/601.1.46 (KHTML, like Gecko) Version/9.0 Mobile/13B143 Safari/601.1 (compatible; AdsBot-Google-Mobile; +http://www.google.com/mobile/adsbot.html)"
66.249.92.209 - - [06/Dec/2017:07:57:13 +0100] "GET /javascript/lazyload.js HTTP/1.1" 200 1170 "https://www.easydrivers.at/bruck.leitha" "Mozilla/5.0 (iPhone; CPU iPhone OS 9_1 like Mac OS X) AppleWebKit/601.1.46 (KHTML, like Gecko) Version/9.0 Mobile/13B143 Safari/601.1 (compatible; AdsBot-Google-Mobile; +http://www.google.com/mobile/adsbot.html)"
66.249.92.211 - - [06/Dec/2017:07:57:13 +0100] "GET /javascript/mobile-fahrschule.js HTTP/1.1" 200 328 "https://www.easydrivers.at/bruck.leitha" "Mozilla/5.0 (iPhone; CPU iPhone OS 9_1 like Mac OS X) AppleWebKit/601.1.46 (KHTML, like Gecko) Version/9.0 Mobile/13B143 Safari/601.1 (compatible; AdsBot-Google-Mobile; +http://www.google.com/mobile/adsbot.html)"
178.115.129.75 - - [06/Dec/2017:07:57:14 +0100] "GET /st.valentin/10293790?FS=B HTTP/1.1" 200 3077 "http://m.facebook.com" "Mozilla/5.0 (iPhone; CPU iPhone OS 11_0_3 like Mac OS X) AppleWebKit/604.1.38 (KHTML, like Gecko) Mobile/15A432 [FBAN/FBIOS;FBAV/151.0.0.61.202;FBBV/82156572;FBDV/iPhone9,3;FBMD/iPhone;FBSN/iOS;FBSV/11.0.3;FBSS/2;FBCR/3Austria;FBID/phone;FBLC/de_DE;FBOP/5;FBRV/83160404]"
78.104.49.100 - - [06/Dec/2017:07:57:20 +0100] "GET /javascript/mobile-fahrschule.js HTTP/1.1" 200 328 "https://www.easydrivers.at/perg" "Mozilla/5.0 (Linux; Android 7.0; Moto G (4) Build/NPJS25.93-14-10) AppleWebKit/537.36 (KHTML, like Gecko) Chrome/56.0.2924.87 Mobile Safari/537.36"
178.165.129.137 - - [06/Dec/2017:07:57:30 +0100] "GET /hollabrunn/Grundkurs_Weihnachten_2017?FS=B HTTP/1.1" 200 3287 "http://m.facebook.com" "Mozilla/5.0 (iPhone; CPU iPhone OS 11_0_3 like Mac OS X) AppleWebKit/604.1.38 (KHTML, like Gecko) Mobile/15A432 [FBAN/FBIOS;FBAV/151.0.0.61.202;FBBV/82156572;FBDV/iPhone8,4;FBMD/iPhone;FBSN/iOS;FBSV/11.0.3;FBSS/2;FBCR/3Austria;FBID/phone;FBLC/en_GB;FBOP/5;FBRV/83160404]"
212.95.8.214 - - [06/Dec/2017:07:57:34 +0100] "GET /tulln/Weihnachtskurs_Abendkurs_Dezember_2017?FS=B HTTP/1.1" 200 3264 "http://m.facebook.com" "Mozilla/5.0 (iPhone; CPU iPhone OS 10_3_1 like Mac OS X) AppleWebKit/603.1.30 (KHTML, like Gecko) Mobile/14E304 [FBAN/FBIOS;FBAV/151.0.0.61.202;FBBV/82156572;FBDV/iPhone9,3;FBMD/iPhone;FBSN/iOS;FBSV/10.3.1;FBSS/2;FBCR/tele.ring;FBID/phone;FBLC/de_DE;FBOP/5;FBRV/82156572]"
46.125.249.68 - - [06/Dec/2017:07:57:38 +0100] "GET /easy_drivers_st._peterau/Weihnachtskurs-2017?FS=B HTTP/1.1" 200 3113 "http://m.facebook.com" "Mozilla/5.0 (iPhone; CPU iPhone OS 10_3_3 like Mac OS X) AppleWebKit/603.3.8 (KHTML, like Gecko) Mobile/14G60 [FBAN/FBIOS;FBAV/151.0.0.61.202;FBBV/82156572;FBDV/iPhone8,4;FBMD/iPhone;FBSN/iOS;FBSV/10.3.3;FBSS/2;FBCR/T-MobileA;FBID/phone;FBLC/de_DE;FBOP/5;FBRV/83160404]"
78.104.49.100 - - [06/Dec/2017:07:57:41 +0100] "GET /javascript/lazyload.js HTTP/1.1" 200 1170 "https://www.easydrivers.at/perg" "Mozilla/5.0 (Linux; Android 7.0; Moto G (4) Build/NPJS25.93-14-10) AppleWebKit/537.36 (KHTML, like Gecko) Chrome/56.0.2924.87 Mobile Safari/537.36"
188.22.239.22 - - [06/Dec/2017:07:57:41 +0100] "GET /linz/10286170?FS=B HTTP/1.1" 200 3158 "http://m.facebook.com" "Mozilla/5.0 (iPhone; CPU iPhone OS 11_1_2 like Mac OS X) AppleWebKit/604.3.5 (KHTML, like Gecko) Mobile/15B202 [FBAN/FBIOS;FBAV/151.0.0.61.202;FBBV/82156572;FBDV/iPhone9,3;FBMD/iPhone;FBSN/iOS;FBSV/11.1.2;FBSS/2;FBCR/T-MobileA;FBID/phone;FBLC/de_DE;FBOP/5;FBRV/83160404]"
78.104.49.100 - - [06/Dec/2017:07:56:38 +0100] "GET /javascript/jquery-1.9.1.min.js HTTP/1.1" 200 32731 "https://www.easydrivers.at/perg" "Mozilla/5.0 (Linux; Android 7.0; Moto G (4) Build/NPJS25.93-14-10) AppleWebKit/537.36 (KHTML, like Gecko) Chrome/56.0.2924.87 Mobile Safari/537.36"
188.20.126.106 - - [06/Dec/2017:07:57:45 +0100] "GET /st.poelten HTTP/1.1" 301 300 "https://www.google.at/" "Mozilla/5.0 (Windows NT 6.1; Win64; x64; rv:57.0) Gecko/20100101 Firefox/57.0"
188.20.126.106 - - [06/Dec/2017:07:57:46 +0100] "GET /st.poelten HTTP/1.1" 200 3501 "https://www.google.at/" "Mozilla/5.0 (Windows NT 6.1; Win64; x64; rv:57.0) Gecko/20100101 Firefox/57.0"
188.20.126.106 - - [06/Dec/2017:07:57:48 +0100] "GET /css/print.css HTTP/1.1" 200 967 "https://www.easydrivers.at/st.poelten" "Mozilla/5.0 (Windows NT 6.1; Win64; x64; rv:57.0) Gecko/20100101 Firefox/57.0"
188.20.126.106 - - [06/Dec/2017:07:57:48 +0100] "GET /css/style.css HTTP/1.1" 200 5004 "https://www.easydrivers.at/st.poelten" "Mozilla/5.0 (Windows NT 6.1; Win64; x64; rv:57.0) Gecko/20100101 Firefox/57.0"
188.20.126.106 - - [06/Dec/2017:07:57:48 +0100] "GET /javascript/jquery.customSelect.min.js HTTP/1.1" 200 912 "https://www.easydrivers.at/st.poelten" "Mozilla/5.0 (Windows NT 6.1; Win64; x64; rv:57.0) Gecko/20100101 Firefox/57.0"
188.20.126.106 - - [06/Dec/2017:07:57:48 +0100] "GET /javascript/jquery.simplemodal.js HTTP/1.1" 200 3070 "https://www.easydrivers.at/st.poelten" "Mozilla/5.0 (Windows NT 6.1; Win64; x64; rv:57.0) Gecko/20100101 Firefox/57.0"
188.20.126.106 - - [06/Dec/2017:07:57:48 +0100] "GET /javascript/jquery.cookie.js HTTP/1.1" 200 863 "https://www.easydrivers.at/st.poelten" "Mozilla/5.0 (Windows NT 6.1; Win64; x64; rv:57.0) Gecko/20100101 Firefox/57.0"
188.20.126.106 - - [06/Dec/2017:07:57:48 +0100] "GET /javascript/portal.js?1221842734 HTTP/1.1" 200 3529 "https://www.easydrivers.at/st.poelten" "Mozilla/5.0 (Windows NT 6.1; Win64; x64; rv:57.0) Gecko/20100101 Firefox/57.0"
188.20.126.106 - - [06/Dec/2017:07:57:48 +0100] "GET /javascript/lazyload.js HTTP/1.1" 200 1170 "https://www.easydrivers.at/st.poelten" "Mozilla/5.0 (Windows NT 6.1; Win64; x64; rv:57.0) Gecko/20100101 Firefox/57.0"
188.20.126.106 - - [06/Dec/2017:07:57:48 +0100] "GET /javascript/fahrschule.js HTTP/1.1" 200 462 "https://www.easydrivers.at/st.poelten" "Mozilla/5.0 (Windows NT 6.1; Win64; x64; rv:57.0) Gecko/20100101 Firefox/57.0"
188.20.126.106 - - [06/Dec/2017:07:57:48 +0100] "GET /img/close-button.png HTTP/1.1" 200 2237 "https://www.easydrivers.at/st.poelten" "Mozilla/5.0 (Windows NT 6.1; Win64; x64; rv:57.0) Gecko/20100101 Firefox/57.0"
188.20.126.106 - - [06/Dec/2017:07:57:48 +0100] "GET /img/facebook-icon.png HTTP/1.1" 200 1506 "https://www.easydrivers.at/st.poelten" "Mozilla/5.0 (Windows NT 6.1; Win64; x64; rv:57.0) Gecko/20100101 Firefox/57.0"
188.20.126.106 - - [06/Dec/2017:07:57:48 +0100] "GET /img/info-button.png HTTP/1.1" 200 738 "https://www.easydrivers.at/st.poelten" "Mozilla/5.0 (Windows NT 6.1; Win64; x64; rv:57.0) Gecko/20100101 Firefox/57.0"
188.20.126.106 - - [06/Dec/2017:07:57:48 +0100] "GET /img/locator-icon.png HTTP/1.1" 200 1377 "https://www.easydrivers.at/st.poelten" "Mozilla/5.0 (Windows NT 6.1; Win64; x64; rv:57.0) Gecko/20100101 Firefox/57.0"
188.20.126.106 - - [06/Dec/2017:07:57:48 +0100] "GET /img/close-button-small.png HTTP/1.1" 200 1671 "https://www.easydrivers.at/st.poelten" "Mozilla/5.0 (Windows NT 6.1; Win64; x64; rv:57.0) Gecko/20100101 Firefox/57.0"
188.20.126.106 - - [06/Dec/2017:07:57:48 +0100] "GET /binaries/easy-drivers-st-p/whatsappgrafikpng.png HTTP/1.1" 200 8909 "https://www.easydrivers.at/st.poelten" "Mozilla/5.0 (Windows NT 6.1; Win64; x64; rv:57.0) Gecko/20100101 Firefox/57.0"
188.20.126.106 - - [06/Dec/2017:07:57:48 +0100] "GET /img/empty.gif HTTP/1.1" 200 43 "https://www.easydrivers.at/st.poelten" "Mozilla/5.0 (Windows NT 6.1; Win64; x64; rv:57.0) Gecko/20100101 Firefox/57.0"
188.20.126.106 - - [06/Dec/2017:07:57:48 +0100] "GET /binaries/easy-drivers-portal/widget-icon-trainingpng.png HTTP/1.1" 200 2662 "https://www.easydrivers.at/st.poelten" "Mozilla/5.0 (Windows NT 6.1; Win64; x64; rv:57.0) Gecko/20100101 Firefox/57.0"
188.20.126.106 - - [06/Dec/2017:07:57:48 +0100] "GET /img/schweiz-icon.png HTTP/1.1" 200 1504 "https://www.easydrivers.at/st.poelten" "Mozilla/5.0 (Windows NT 6.1; Win64; x64; rv:57.0) Gecko/20100101 Firefox/57.0"
188.20.126.106 - - [06/Dec/2017:07:57:48 +0100] "GET /binaries/easy-drivers-portal/widget-icon-apppng.png HTTP/1.1" 200 2432 "https://www.easydrivers.at/st.poelten" "Mozilla/5.0 (Windows NT 6.1; Win64; x64; rv:57.0) Gecko/20100101 Firefox/57.0"
188.20.126.106 - - [06/Dec/2017:07:57:48 +0100] "GET /img/submit-button.png HTTP/1.1" 200 1958 "https://www.easydrivers.at/st.poelten" "Mozilla/5.0 (Windows NT 6.1; Win64; x64; rv:57.0) Gecko/20100101 Firefox/57.0"
188.20.126.106 - - [06/Dec/2017:07:57:48 +0100] "GET /img/ED_Logo.png HTTP/1.1" 200 3385 "https://www.easydrivers.at/css/style.css" "Mozilla/5.0 (Windows NT 6.1; Win64; x64; rv:57.0) Gecko/20100101 Firefox/57.0"
188.20.126.106 - - [06/Dec/2017:07:57:48 +0100] "GET /img/kursicon-print-pink.png HTTP/1.1" 200 1125 "https://www.easydrivers.at/st.poelten" "Mozilla/5.0 (Windows NT 6.1; Win64; x64; rv:57.0) Gecko/20100101 Firefox/57.0"
188.20.126.106 - - [06/Dec/2017:07:57:48 +0100] "GET /img/kursicon-share-pink.png HTTP/1.1" 200 1277 "https://www.easydrivers.at/st.poelten" "Mozilla/5.0 (Windows NT 6.1; Win64; x64; rv:57.0) Gecko/20100101 Firefox/57.0"
188.20.126.106 - - [06/Dec/2017:07:57:48 +0100] "GET /img/kursicon-phone-pink.png HTTP/1.1" 200 1286 "https://www.easydrivers.at/st.poelten" "Mozilla/5.0 (Windows NT 6.1; Win64; x64; rv:57.0) Gecko/20100101 Firefox/57.0"
188.20.126.106 - - [06/Dec/2017:07:57:48 +0100] "GET /img/bg-header.jpg HTTP/1.1" 200 38680 "https://www.easydrivers.at/css/style.css" "Mozilla/5.0 (Windows NT 6.1; Win64; x64; rv:57.0) Gecko/20100101 Firefox/57.0"
188.20.126.106 - - [06/Dec/2017:07:57:48 +0100] "GET /img/purple-dots-horizontal.png HTTP/1.1" 200 977 "https://www.easydrivers.at/css/style.css" "Mozilla/5.0 (Windows NT 6.1; Win64; x64; rv:57.0) Gecko/20100101 Firefox/57.0"
188.20.126.106 - - [06/Dec/2017:07:57:48 +0100] "GET /img/yellow-dots-vertical.png HTTP/1.1" 200 981 "https://www.easydrivers.at/css/style.css" "Mozilla/5.0 (Windows NT 6.1; Win64; x64; rv:57.0) Gecko/20100101 Firefox/57.0"
188.20.126.106 - - [06/Dec/2017:07:57:48 +0100] "GET /img/bg-top-section.jpg HTTP/1.1" 200 82172 "https://www.easydrivers.at/css/style.css" "Mozilla/5.0 (Windows NT 6.1; Win64; x64; rv:57.0) Gecko/20100101 Firefox/57.0"
188.20.126.106 - - [06/Dec/2017:07:57:48 +0100] "GET /img/bg-footer.jpg HTTP/1.1" 200 31770 "https://www.easydrivers.at/css/style.css" "Mozilla/5.0 (Windows NT 6.1; Win64; x64; rv:57.0) Gecko/20100101 Firefox/57.0"
188.20.126.106 - - [06/Dec/2017:07:57:48 +0100] "GET /img/kursicon-download-pink.png HTTP/1.1" 200 1213 "https://www.easydrivers.at/st.poelten" "Mozilla/5.0 (Windows NT 6.1; Win64; x64; rv:57.0) Gecko/20100101 Firefox/57.0"
188.20.126.106 - - [06/Dec/2017:07:57:49 +0100] "GET /img/new_favicon.ico HTTP/1.1" 301 306 "-" "Mozilla/5.0 (Windows NT 6.1; Win64; x64; rv:57.0) Gecko/20100101 Firefox/57.0"
188.20.126.106 - - [06/Dec/2017:07:57:49 +0100] "GET /img/new_favicon.ico HTTP/1.1" 200 1150 "-" "Mozilla/5.0 (Windows NT 6.1; Win64; x64; rv:57.0) Gecko/20100101 Firefox/57.0"
207.46.13.43 - - [06/Dec/2017:07:57:51 +0100] "GET /amstetten/Easy HTTP/1.1" 200 3302 "-" "Mozilla/5.0 (compatible; bingbot/2.0; +http://www.bing.com/bingbot.htm)"
188.20.126.106 - - [06/Dec/2017:07:57:54 +0100] "GET /ueberuns HTTP/1.1" 200 3260 "https://www.easydrivers.at/st.poelten" "Mozilla/5.0 (Windows NT 6.1; Win64; x64; rv:57.0) Gecko/20100101 Firefox/57.0"
188.20.126.106 - - [06/Dec/2017:07:57:56 +0100] "GET /css/history.css HTTP/1.1" 200 609 "https://www.easydrivers.at/ueberuns" "Mozilla/5.0 (Windows NT 6.1; Win64; x64; rv:57.0) Gecko/20100101 Firefox/57.0"
188.20.126.106 - - [06/Dec/2017:07:57:56 +0100] "GET /javascript/history.js HTTP/1.1" 200 967 "https://www.easydrivers.at/ueberuns" "Mozilla/5.0 (Windows NT 6.1; Win64; x64; rv:57.0) Gecko/20100101 Firefox/57.0"
188.20.126.106 - - [06/Dec/2017:07:57:56 +0100] "GET /binaries/easy-drivers-portal/edwebhistoryillu392x3922jpg.jpg HTTP/1.1" 200 32209 "https://www.easydrivers.at/ueberuns" "Mozilla/5.0 (Windows NT 6.1; Win64; x64; rv:57.0) Gecko/20100101 Firefox/57.0"
188.20.126.106 - - [06/Dec/2017:07:57:56 +0100] "GET /binaries/easy-drivers-portal/edwebhistoryillu392x3924jpg.jpg HTTP/1.1" 200 35765 "https://www.easydrivers.at/ueberuns" "Mozilla/5.0 (Windows NT 6.1; Win64; x64; rv:57.0) Gecko/20100101 Firefox/57.0"
188.20.126.106 - - [06/Dec/2017:07:57:56 +0100] "GET /binaries/easy-drivers-portal/edwebhistoryillu392x3925jpg.jpg HTTP/1.1" 200 31708 "https://www.easydrivers.at/ueberuns" "Mozilla/5.0 (Windows NT 6.1; Win64; x64; rv:57.0) Gecko/20100101 Firefox/57.0"
188.20.126.106 - - [06/Dec/2017:07:57:56 +0100] "GET /binaries/easy-drivers-portal/edwebhistoryillu392x3923jpg.jpg HTTP/1.1" 200 54656 "https://www.easydrivers.at/ueberuns" "Mozilla/5.0 (Windows NT 6.1; Win64; x64; rv:57.0) Gecko/20100101 Firefox/57.0"
188.20.126.106 - - [06/Dec/2017:07:57:56 +0100] "GET /binaries/easy-drivers-portal/edwebhistoryillu392x392radjpg.jpg HTTP/1.1" 200 124939 "https://www.easydrivers.at/ueberuns" "Mozilla/5.0 (Windows NT 6.1; Win64; x64; rv:57.0) Gecko/20100101 Firefox/57.0"
188.20.126.106 - - [06/Dec/2017:07:57:56 +0100] "GET /binaries/easy-drivers-portal/edwebhistoryillu392x3926jpg.jpg HTTP/1.1" 200 41118 "https://www.easydrivers.at/ueberuns" "Mozilla/5.0 (Windows NT 6.1; Win64; x64; rv:57.0) Gecko/20100101 Firefox/57.0"
188.20.126.106 - - [06/Dec/2017:07:57:56 +0100] "GET /binaries/easy-drivers-portal/edwebhistoryillu392x3929jpg.jpg HTTP/1.1" 200 31823 "https://www.easydrivers.at/ueberuns" "Mozilla/5.0 (Windows NT 6.1; Win64; x64; rv:57.0) Gecko/20100101 Firefox/57.0"
188.20.126.106 - - [06/Dec/2017:07:57:56 +0100] "GET /binaries/easy-drivers-portal/edwebhistoryillu392x39211jpg.jpg HTTP/1.1" 200 36282 "https://www.easydrivers.at/ueberuns" "Mozilla/5.0 (Windows NT 6.1; Win64; x64; rv:57.0) Gecko/20100101 Firefox/57.0"
188.20.126.106 - - [06/Dec/2017:07:57:56 +0100] "GET /binaries/easy-drivers-portal/edwebhistoryillu392x3927jpg.jpg HTTP/1.1" 200 71377 "https://www.easydrivers.at/ueberuns" "Mozilla/5.0 (Windows NT 6.1; Win64; x64; rv:57.0) Gecko/20100101 Firefox/57.0"
188.20.126.106 - - [06/Dec/2017:07:57:56 +0100] "GET /binaries/easy-drivers-portal/edwebhistoryillu392x3928jpg.jpg HTTP/1.1" 200 38907 "https://www.easydrivers.at/ueberuns" "Mozilla/5.0 (Windows NT 6.1; Win64; x64; rv:57.0) Gecko/20100101 Firefox/57.0"
188.20.126.106 - - [06/Dec/2017:07:57:56 +0100] "GET /binaries/easy-drivers-portal/edwebhistoryillu392x39210jpg.jpg HTTP/1.1" 200 19475 "https://www.easydrivers.at/ueberuns" "Mozilla/5.0 (Windows NT 6.1; Win64; x64; rv:57.0) Gecko/20100101 Firefox/57.0"
188.20.126.106 - - [06/Dec/2017:07:57:57 +0100] "GET /binaries/easy-drivers-portal/edwebhistoryillu392x39220kpng.png HTTP/1.1" 200 49333 "https://www.easydrivers.at/ueberuns" "Mozilla/5.0 (Windows NT 6.1; Win64; x64; rv:57.0) Gecko/20100101 Firefox/57.0"
185.69.244.2 - - [06/Dec/2017:07:57:58 +0100] "-" 408 - "-" "-"
178.165.128.41 - - [06/Dec/2017:07:58:10 +0100] "GET / HTTP/1.1" 301 293 "android-app://com.google.android.googlequicksearchbox" "Mozilla/5.0 (Linux; Android 5.1.1; SM-J320FN Build/LMY47V) AppleWebKit/537.36 (KHTML, like Gecko) Chrome/62.0.3202.84 Mobile Safari/537.36"
178.165.128.41 - - [06/Dec/2017:07:58:11 +0100] "GET / HTTP/1.1" 200 3554 "android-app://com.google.android.googlequicksearchbox" "Mozilla/5.0 (Linux; Android 5.1.1; SM-J320FN Build/LMY47V) AppleWebKit/537.36 (KHTML, like Gecko) Chrome/62.0.3202.84 Mobile Safari/537.36"
178.165.128.41 - - [06/Dec/2017:07:58:13 +0100] "GET /css/mobile.css HTTP/1.1" 200 2852 "https://www.easydrivers.at/" "Mozilla/5.0 (Linux; Android 5.1.1; SM-J320FN Build/LMY47V) AppleWebKit/537.36 (KHTML, like Gecko) Chrome/62.0.3202.84 Mobile Safari/537.36"
178.165.128.41 - - [06/Dec/2017:07:58:13 +0100] "GET /javascript/jquery-1.9.1.min.js HTTP/1.1" 200 32731 "https://www.easydrivers.at/" "Mozilla/5.0 (Linux; Android 5.1.1; SM-J320FN Build/LMY47V) AppleWebKit/537.36 (KHTML, like Gecko) Chrome/62.0.3202.84 Mobile Safari/537.36"
178.165.128.41 - - [06/Dec/2017:07:58:13 +0100] "GET /javascript/mobile-menu.js HTTP/1.1" 200 1634 "https://www.easydrivers.at/" "Mozilla/5.0 (Linux; Android 5.1.1; SM-J320FN Build/LMY47V) AppleWebKit/537.36 (KHTML, like Gecko) Chrome/62.0.3202.84 Mobile Safari/537.36"
178.165.128.41 - - [06/Dec/2017:07:58:13 +0100] "GET /javascript/jquery.cookie.js HTTP/1.1" 200 863 "https://www.easydrivers.at/" "Mozilla/5.0 (Linux; Android 5.1.1; SM-J320FN Build/LMY47V) AppleWebKit/537.36 (KHTML, like Gecko) Chrome/62.0.3202.84 Mobile Safari/537.36"
178.165.128.41 - - [06/Dec/2017:07:58:13 +0100] "GET /javascript/jquery.simplemodal.js HTTP/1.1" 200 3070 "https://www.easydrivers.at/" "Mozilla/5.0 (Linux; Android 5.1.1; SM-J320FN Build/LMY47V) AppleWebKit/537.36 (KHTML, like Gecko) Chrome/62.0.3202.84 Mobile Safari/537.36"
178.165.128.41 - - [06/Dec/2017:07:58:13 +0100] "GET /javascript/mobile-homesearch.js HTTP/1.1" 200 340 "https://www.easydrivers.at/" "Mozilla/5.0 (Linux; Android 5.1.1; SM-J320FN Build/LMY47V) AppleWebKit/537.36 (KHTML, like Gecko) Chrome/62.0.3202.84 Mobile Safari/537.36"
178.165.128.41 - - [06/Dec/2017:07:58:13 +0100] "GET /javascript/lazyload.js HTTP/1.1" 200 1170 "https://www.easydrivers.at/" "Mozilla/5.0 (Linux; Android 5.1.1; SM-J320FN Build/LMY47V) AppleWebKit/537.36 (KHTML, like Gecko) Chrome/62.0.3202.84 Mobile Safari/537.36"
178.165.128.41 - - [06/Dec/2017:07:58:14 +0100] "GET /img/mobile/easydrivers-logo-mobile.png HTTP/1.1" 200 10766 "https://www.easydrivers.at/" "Mozilla/5.0 (Linux; Android 5.1.1; SM-J320FN Build/LMY47V) AppleWebKit/537.36 (KHTML, like Gecko) Chrome/62.0.3202.84 Mobile Safari/537.36"
178.165.128.41 - - [06/Dec/2017:07:58:14 +0100] "GET /img/mobile/menu-button.png HTTP/1.1" 200 1746 "https://www.easydrivers.at/" "Mozilla/5.0 (Linux; Android 5.1.1; SM-J320FN Build/LMY47V) AppleWebKit/537.36 (KHTML, like Gecko) Chrome/62.0.3202.84 Mobile Safari/537.36"
178.165.128.41 - - [06/Dec/2017:07:58:14 +0100] "GET /img/mobile/close-button.png HTTP/1.1" 200 2411 "https://www.easydrivers.at/" "Mozilla/5.0 (Linux; Android 5.1.1; SM-J320FN Build/LMY47V) AppleWebKit/537.36 (KHTML, like Gecko) Chrome/62.0.3202.84 Mobile Safari/537.36"
178.165.128.41 - - [06/Dec/2017:07:58:14 +0100] "GET /img/mobile/facebook-icon.png HTTP/1.1" 200 1902 "https://www.easydrivers.at/" "Mozilla/5.0 (Linux; Android 5.1.1; SM-J320FN Build/LMY47V) AppleWebKit/537.36 (KHTML, like Gecko) Chrome/62.0.3202.84 Mobile Safari/537.36"
178.165.128.41 - - [06/Dec/2017:07:58:14 +0100] "GET /img/mobile/widget-icon-app.png HTTP/1.1" 200 3458 "https://www.easydrivers.at/" "Mozilla/5.0 (Linux; Android 5.1.1; SM-J320FN Build/LMY47V) AppleWebKit/537.36 (KHTML, like Gecko) Chrome/62.0.3202.84 Mobile Safari/537.36"
178.165.128.41 - - [06/Dec/2017:07:58:14 +0100] "GET /img/mobile/bg-header.jpg HTTP/1.1" 200 19741 "https://www.easydrivers.at/css/mobile.css" "Mozilla/5.0 (Linux; Android 5.1.1; SM-J320FN Build/LMY47V) AppleWebKit/537.36 (KHTML, like Gecko) Chrome/62.0.3202.84 Mobile Safari/537.36"
178.165.128.41 - - [06/Dec/2017:07:58:14 +0100] "GET /img/mobile/bg-menu.jpg HTTP/1.1" 200 1698 "https://www.easydrivers.at/css/mobile.css" "Mozilla/5.0 (Linux; Android 5.1.1; SM-J320FN Build/LMY47V) AppleWebKit/537.36 (KHTML, like Gecko) Chrome/62.0.3202.84 Mobile Safari/537.36"
178.165.128.41 - - [06/Dec/2017:07:58:14 +0100] "GET /img/mobile/bg-top-section.jpg HTTP/1.1" 200 21711 "https://www.easydrivers.at/css/mobile.css" "Mozilla/5.0 (Linux; Android 5.1.1; SM-J320FN Build/LMY47V) AppleWebKit/537.36 (KHTML, like Gecko) Chrome/62.0.3202.84 Mobile Safari/537.36"
178.165.128.41 - - [06/Dec/2017:07:58:14 +0100] "GET /img/mobile/pfeil-rechts.png HTTP/1.1" 200 1228 "https://www.easydrivers.at/css/mobile.css" "Mozilla/5.0 (Linux; Android 5.1.1; SM-J320FN Build/LMY47V) AppleWebKit/537.36 (KHTML, like Gecko) Chrome/62.0.3202.84 Mobile Safari/537.36"
