178.165.130.23 - - [06/Dec/2017:07:04:28 +0100] "GET /st.valentin/img/mobile/info-button.png HTTP/1.1" 404 3094 "-" "Mozilla/5.0 (iPhone; CPU iPhone OS 11_2 like Mac OS X) AppleWebKit/604.4.7 (KHTML, like Gecko) Mobile/15C114 [FBAN/FBIOS;FBAV/151.0.0.61.202;FBBV/82156572;FBDV/iPhone8,4;FBMD/iPhone;FBSN/iOS;FBSV/11.2;FBSS/2;FBCR/3Austria;FBID/phone;FBLC/de_DE;FBOP/5;FBRV/83160404]"
178.165.130.23 - - [06/Dec/2017:07:04:58 +0100] "GET /st.valentin/img/smallicon-person.png HTTP/1.1" 404 3095 "-" "Mozilla/5.0 (iPhone; CPU iPhone OS 11_2 like Mac OS X) AppleWebKit/604.4.7 (KHTML, like Gecko) Mobile/15C114 [FBAN/FBIOS;FBAV/151.0.0.61.202;FBBV/82156572;FBDV/iPhone8,4;FBMD/iPhone;FBSN/iOS;FBSV/11.2;FBSS/2;FBCR/3Austria;FBID/phone;FBLC/de_DE;FBOP/5;FBRV/83160404]"
157.55.39.65 - - [06/Dec/2017:07:05:08 +0100] "GET /st.poelten HTTP/1.1" 200 3501 "-" "Mozilla/5.0 (compatible; bingbot/2.0; +http://www.bing.com/bingbot.htm)"
213.225.2.64 - - [06/Dec/2017:07:05:09 +0100] "GET /krems/10276251 HTTP/1.1" 200 3274 "http://m.facebook.com/" "Mozilla/5.0 (Linux; Android 7.0; SM-A320FL Build/NRD90M; wv) AppleWebKit/537.36 (KHTML, like Gecko) Version/4.0 Chrome/62.0.3202.84 Mobile Safari/537.36 [FB_IAB/FB4A;FBAV/152.0.0.42.136;]"
188.23.63.182 - - [06/Dec/2017:07:05:19 +0100] "GET /hollabrunn/Grundkurs_Weihnachten_2017?FS=B HTTP/1.1" 200 3287 "http://m.facebook.com/" "Mozilla/5.0 (Linux; Android 7.0; SM-A510F Build/NRD90M; wv) AppleWebKit/537.36 (KHTML, like Gecko) Version/4.0 Chrome/62.0.3202.84 Mobile Safari/537.36 [FB_IAB/FB4A;FBAV/151.0.0.44.205;]"
194.48.32.17 - - [06/Dec/2017:07:05:21 +0100] "GET /fuehrerscheine/auto HTTP/1.1" 200 3372 "https://www.easydrivers.at/linz" "Mozilla/5.0 (Windows NT 6.1; Trident/7.0; rv:11.0) like Gecko"
194.48.32.17 - - [06/Dec/2017:07:05:23 +0100] "GET /binaries/easy-drivers-portal/pkw7jpg-1.jpg HTTP/1.1" 200 77956 "https://www.easydrivers.at/fuehrerscheine/auto" "Mozilla/5.0 (Windows NT 6.1; Trident/7.0; rv:11.0) like Gecko"
194.48.32.17 - - [06/Dec/2017:07:05:23 +0100] "GET /linz HTTP/1.1" 200 3530 "http://www.google.at/url?sa=t&rct=j&q=&esrc=s&source=web&cd=1&ved=0ahUKEwiK3-mV2_TXAhXOL1AKHVPGAaMQFggvMAA&url=http%3A%2F%2Fwww.easydrivers.at%2Flinz&usg=AOvVaw18PQGjOop4eRMeYJT1xsoB" "Mozilla/5.0 (Windows NT 6.1; Trident/7.0; rv:11.0) like Gecko"
178.115.129.52 - - [06/Dec/2017:07:05:28 +0100] "GET /st.valentin/10293790?FS=B HTTP/1.1" 200 3077 "http://m.facebook.com" "Mozilla/5.0 (iPhone; CPU iPhone OS 11_2 like Mac OS X) AppleWebKit/604.4.7 (KHTML, like Gecko) Mobile/15C114 [FBAN/FBIOS;FBAV/151.0.0.61.202;FBBV/82156572;FBDV/iPhone10,5;FBMD/iPhone;FBSN/iOS;FBSV/11.2;FBSS/3;FBCR/3Austria;FBID/phone;FBLC/de_DE;FBOP/5;FBRV/83160404]"
178.165.130.23 - - [06/Dec/2017:07:05:30 +0100] "GET /st.valentin/img/smallicon-address.png HTTP/1.1" 404 3097 "-" "Mozilla/5.0 (iPhone; CPU iPhone OS 11_2 like Mac OS X) AppleWebKit/604.4.7 (KHTML, like Gecko) Mobile/15C114 [FBAN/FBIOS;FBAV/151.0.0.61.202;FBBV/82156572;FBDV/iPhone8,4;FBMD/iPhone;FBSN/iOS;FBSV/11.2;FBSS/2;FBCR/3Austria;FBID/phone;FBLC/de_DE;FBOP/5;FBRV/83160404]"
178.115.129.52 - - [06/Dec/2017:07:05:31 +0100] "GET /st.valentin/img/mobile/easydrivers-logo-mobile.png HTTP/1.1" 404 3086 "-" "Mozilla/5.0 (iPhone; CPU iPhone OS 11_2 like Mac OS X) AppleWebKit/604.4.7 (KHTML, like Gecko) Mobile/15C114 [FBAN/FBIOS;FBAV/151.0.0.61.202;FBBV/82156572;FBDV/iPhone10,5;FBMD/iPhone;FBSN/iOS;FBSV/11.2;FBSS/3;FBCR/3Austria;FBID/phone;FBLC/de_DE;FBOP/5;FBRV/83160404]"
216.244.66.202 - - [06/Dec/2017:07:05:50 +0100] "GET /waidhofen.thaya/ HTTP/1.1" 301 403 "-" "Mozilla/5.0 (compatible; DotBot/1.1; http://www.opensiteexplorer.org/dotbot, help@moz.com)"
207.46.13.43 - - [06/Dec/2017:07:05:51 +0100] "GET /kapfenberg.pankl/Inhaberdaten HTTP/1.1" 200 3800 "-" "Mozilla/5.0 (compatible; bingbot/2.0; +http://www.bing.com/bingbot.htm)"
207.46.13.137 - - [06/Dec/2017:07:06:00 +0100] "GET /app HTTP/1.1" 301 295 "-" "Mozilla/5.0 (compatible; bingbot/2.0; +http://www.bing.com/bingbot.htm)"
178.165.130.23 - - [06/Dec/2017:07:06:00 +0100] "GET /st.valentin/img/mobile/googlemaps-pin.png HTTP/1.1" 404 3094 "-" "Mozilla/5.0 (iPhone; CPU iPhone OS 11_2 like Mac OS X) AppleWebKit/604.4.7 (KHTML, like Gecko) Mobile/15C114 [FBAN/FBIOS;FBAV/151.0.0.61.202;FBBV/82156572;FBDV/iPhone8,4;FBMD/iPhone;FBSN/iOS;FBSV/11.2;FBSS/2;FBCR/3Austria;FBID/phone;FBLC/de_DE;FBOP/5;FBRV/83160404]"
207.46.13.43 - - [06/Dec/2017:07:06:06 +0100] "GET /schwechat/10280392?FS=B HTTP/1.1" 301 311 "-" "Mozilla/5.0 (compatible; bingbot/2.0; +http://www.bing.com/bingbot.htm)"
82.218.100.58 - - [06/Dec/2017:07:06:07 +0100] "GET /wr.neustadt HTTP/1.1" 301 300 "-" "Mozilla/5.0 (Windows Phone 10.0; Android 6.0.1; Microsoft; Lumia 950) AppleWebKit/537.36 (KHTML, like Gecko) Chrome/52.0.2743.116 Mobile Safari/537.36 Edge/15.15254"
213.225.15.245 - - [06/Dec/2017:07:06:05 +0100] "GET /kapfenberg.pankl/Kurs-Dezember-2017?FS=B HTTP/1.1" 200 3133 "http://m.facebook.com" "Mozilla/5.0 (iPhone; CPU iPhone OS 11_0 like Mac OS X) AppleWebKit/604.1.38 (KHTML, like Gecko) Mobile/15A372 [FBAN/FBIOS;FBAV/151.0.0.61.202;FBBV/82156572;FBDV/iPhone8,1;FBMD/iPhone;FBSN/iOS;FBSV/11.0;FBSS/2;FBCR/A1;FBID/phone;FBLC/de_DE;FBOP/5;FBRV/82156572]"
82.218.100.58 - - [06/Dec/2017:07:06:08 +0100] "GET /wr.neustadt HTTP/1.1" 200 2988 "-" "Mozilla/5.0 (Windows Phone 10.0; Android 6.0.1; Microsoft; Lumia 950) AppleWebKit/537.36 (KHTML, like Gecko) Chrome/52.0.2743.116 Mobile Safari/537.36 Edge/15.15254"
213.225.15.245 - - [06/Dec/2017:07:06:08 +0100] "GET /kapfenberg.pankl/img/mobile/easydrivers-logo-mobile.png HTTP/1.1" 404 3121 "-" "Mozilla/5.0 (iPhone; CPU iPhone OS 11_0 like Mac OS X) AppleWebKit/604.1.38 (KHTML, like Gecko) Mobile/15A372 [FBAN/FBIOS;FBAV/151.0.0.61.202;FBBV/82156572;FBDV/iPhone8,1;FBMD/iPhone;FBSN/iOS;FBSV/11.0;FBSS/2;FBCR/A1;FBID/phone;FBLC/de_DE;FBOP/5;FBRV/82156572]"
82.218.100.58 - - [06/Dec/2017:07:06:11 +0100] "GET /javascript/mobile-menu.js HTTP/1.1" 200 1634 "https://www.easydrivers.at/wr.neustadt" "Mozilla/5.0 (Windows Phone 10.0; Android 6.0.1; Microsoft; Lumia 950) AppleWebKit/537.36 (KHTML, like Gecko) Chrome/52.0.2743.116 Mobile Safari/537.36 Edge/15.15254"
82.218.100.58 - - [06/Dec/2017:07:06:11 +0100] "GET /javascript/jquery-1.9.1.min.js HTTP/1.1" 200 32731 "https://www.easydrivers.at/wr.neustadt" "Mozilla/5.0 (Windows Phone 10.0; Android 6.0.1; Microsoft; Lumia 950) AppleWebKit/537.36 (KHTML, like Gecko) Chrome/52.0.2743.116 Mobile Safari/537.36 Edge/15.15254"
82.218.100.58 - - [06/Dec/2017:07:06:11 +0100] "GET /javascript/lazyload.js HTTP/1.1" 200 1170 "https://www.easydrivers.at/wr.neustadt" "Mozilla/5.0 (Windows Phone 10.0; Android 6.0.1; Microsoft; Lumia 950) AppleWebKit/537.36 (KHTML, like Gecko) Chrome/52.0.2743.116 Mobile Safari/537.36 Edge/15.15254"
82.218.100.58 - - [06/Dec/2017:07:06:11 +0100] "GET /css/mobile.css HTTP/1.1" 200 2852 "https://www.easydrivers.at/wr.neustadt" "Mozilla/5.0 (Windows Phone 10.0; Android 6.0.1; Microsoft; Lumia 950) AppleWebKit/537.36 (KHTML, like Gecko) Chrome/52.0.2743.116 Mobile Safari/537.36 Edge/15.15254"
82.218.100.58 - - [06/Dec/2017:07:06:11 +0100] "GET /javascript/jquery.simplemodal.js HTTP/1.1" 200 3070 "https://www.easydrivers.at/wr.neustadt" "Mozilla/5.0 (Windows Phone 10.0; Android 6.0.1; Microsoft; Lumia 950) AppleWebKit/537.36 (KHTML, like Gecko) Chrome/52.0.2743.116 Mobile Safari/537.36 Edge/15.15254"
82.218.100.58 - - [06/Dec/2017:07:06:11 +0100] "GET /javascript/jquery.cookie.js HTTP/1.1" 200 863 "https://www.easydrivers.at/wr.neustadt" "Mozilla/5.0 (Windows Phone 10.0; Android 6.0.1; Microsoft; Lumia 950) AppleWebKit/537.36 (KHTML, like Gecko) Chrome/52.0.2743.116 Mobile Safari/537.36 Edge/15.15254"
82.218.100.58 - - [06/Dec/2017:07:06:11 +0100] "GET /javascript/mobile-fahrschule.js HTTP/1.1" 200 328 "https://www.easydrivers.at/wr.neustadt" "Mozilla/5.0 (Windows Phone 10.0; Android 6.0.1; Microsoft; Lumia 950) AppleWebKit/537.36 (KHTML, like Gecko) Chrome/52.0.2743.116 Mobile Safari/537.36 Edge/15.15254"
82.218.100.58 - - [06/Dec/2017:07:06:11 +0100] "GET /img/mobile/facebook-icon.png HTTP/1.1" 200 1902 "https://www.easydrivers.at/wr.neustadt" "Mozilla/5.0 (Windows Phone 10.0; Android 6.0.1; Microsoft; Lumia 950) AppleWebKit/537.36 (KHTML, like Gecko) Chrome/52.0.2743.116 Mobile Safari/537.36 Edge/15.15254"
82.218.100.58 - - [06/Dec/2017:07:06:11 +0100] "GET /img/mobile/easydrivers-logo-mobile.png HTTP/1.1" 200 10766 "https://www.easydrivers.at/wr.neustadt" "Mozilla/5.0 (Windows Phone 10.0; Android 6.0.1; Microsoft; Lumia 950) AppleWebKit/537.36 (KHTML, like Gecko) Chrome/52.0.2743.116 Mobile Safari/537.36 Edge/15.15254"
82.218.100.58 - - [06/Dec/2017:07:06:11 +0100] "GET /img/mobile/menu-button.png HTTP/1.1" 200 1746 "https://www.easydrivers.at/wr.neustadt" "Mozilla/5.0 (Windows Phone 10.0; Android 6.0.1; Microsoft; Lumia 950) AppleWebKit/537.36 (KHTML, like Gecko) Chrome/52.0.2743.116 Mobile Safari/537.36 Edge/15.15254"
82.218.100.58 - - [06/Dec/2017:07:06:11 +0100] "GET /img/mobile/close-button.png HTTP/1.1" 200 2411 "https://www.easydrivers.at/wr.neustadt" "Mozilla/5.0 (Windows Phone 10.0; Android 6.0.1; Microsoft; Lumia 950) AppleWebKit/537.36 (KHTML, like Gecko) Chrome/52.0.2743.116 Mobile Safari/537.36 Edge/15.15254"
82.218.100.58 - - [06/Dec/2017:07:06:11 +0100] "GET /img/mobile/info-button.png HTTP/1.1" 200 1549 "https://www.easydrivers.at/wr.neustadt" "Mozilla/5.0 (Windows Phone 10.0; Android 6.0.1; Microsoft; Lumia 950) AppleWebKit/537.36 (KHTML, like Gecko) Chrome/52.0.2743.116 Mobile Safari/537.36 Edge/15.15254"
82.218.100.58 - - [06/Dec/2017:07:06:11 +0100] "GET /img/mobile/info-close-button.png HTTP/1.1" 200 1721 "https://www.easydrivers.at/wr.neustadt" "Mozilla/5.0 (Windows Phone 10.0; Android 6.0.1; Microsoft; Lumia 950) AppleWebKit/537.36 (KHTML, like Gecko) Chrome/52.0.2743.116 Mobile Safari/537.36 Edge/15.15254"
82.218.100.58 - - [06/Dec/2017:07:06:11 +0100] "GET /img/smallicon-person.png HTTP/1.1" 200 1141 "https://www.easydrivers.at/wr.neustadt" "Mozilla/5.0 (Windows Phone 10.0; Android 6.0.1; Microsoft; Lumia 950) AppleWebKit/537.36 (KHTML, like Gecko) Chrome/52.0.2743.116 Mobile Safari/537.36 Edge/15.15254"
82.218.100.58 - - [06/Dec/2017:07:06:11 +0100] "GET /img/smallicon-address.png HTTP/1.1" 200 1211 "https://www.easydrivers.at/wr.neustadt" "Mozilla/5.0 (Windows Phone 10.0; Android 6.0.1; Microsoft; Lumia 950) AppleWebKit/537.36 (KHTML, like Gecko) Chrome/52.0.2743.116 Mobile Safari/537.36 Edge/15.15254"
82.218.100.58 - - [06/Dec/2017:07:06:11 +0100] "GET /img/mobile/googlemaps-pin.png HTTP/1.1" 200 1597 "https://www.easydrivers.at/wr.neustadt" "Mozilla/5.0 (Windows Phone 10.0; Android 6.0.1; Microsoft; Lumia 950) AppleWebKit/537.36 (KHTML, like Gecko) Chrome/52.0.2743.116 Mobile Safari/537.36 Edge/15.15254"
82.218.100.58 - - [06/Dec/2017:07:06:12 +0100] "GET /img/smallicon-time.png HTTP/1.1" 200 1262 "https://www.easydrivers.at/wr.neustadt" "Mozilla/5.0 (Windows Phone 10.0; Android 6.0.1; Microsoft; Lumia 950) AppleWebKit/537.36 (KHTML, like Gecko) Chrome/52.0.2743.116 Mobile Safari/537.36 Edge/15.15254"
82.218.100.58 - - [06/Dec/2017:07:06:12 +0100] "GET /img/favicon.ico HTTP/1.1" 301 303 "-" "Mozilla/5.0 (Windows Phone 10.0; Android 6.0.1; Microsoft; Lumia 950) AppleWebKit/537.36 (KHTML, like Gecko) Chrome/52.0.2743.116 Mobile Safari/537.36 Edge/15.15254"
82.218.100.58 - - [06/Dec/2017:07:06:12 +0100] "GET /img/mobile/pfeil-rechts.png HTTP/1.1" 200 1228 "https://www.easydrivers.at/wr.neustadt" "Mozilla/5.0 (Windows Phone 10.0; Android 6.0.1; Microsoft; Lumia 950) AppleWebKit/537.36 (KHTML, like Gecko) Chrome/52.0.2743.116 Mobile Safari/537.36 Edge/15.15254"
82.218.100.58 - - [06/Dec/2017:07:06:12 +0100] "GET /img/smallicon-phone.png HTTP/1.1" 200 3056 "https://www.easydrivers.at/wr.neustadt" "Mozilla/5.0 (Windows Phone 10.0; Android 6.0.1; Microsoft; Lumia 950) AppleWebKit/537.36 (KHTML, like Gecko) Chrome/52.0.2743.116 Mobile Safari/537.36 Edge/15.15254"
82.218.100.58 - - [06/Dec/2017:07:06:12 +0100] "GET /img/mobile/bg-header.jpg HTTP/1.1" 200 19741 "https://www.easydrivers.at/wr.neustadt" "Mozilla/5.0 (Windows Phone 10.0; Android 6.0.1; Microsoft; Lumia 950) AppleWebKit/537.36 (KHTML, like Gecko) Chrome/52.0.2743.116 Mobile Safari/537.36 Edge/15.15254"
82.218.100.58 - - [06/Dec/2017:07:06:12 +0100] "GET /img/mobile/bg-menu.jpg HTTP/1.1" 200 1698 "https://www.easydrivers.at/wr.neustadt" "Mozilla/5.0 (Windows Phone 10.0; Android 6.0.1; Microsoft; Lumia 950) AppleWebKit/537.36 (KHTML, like Gecko) Chrome/52.0.2743.116 Mobile Safari/537.36 Edge/15.15254"
82.218.100.58 - - [06/Dec/2017:07:06:12 +0100] "GET /img/mobile/bg-top-section.jpg HTTP/1.1" 200 21711 "https://www.easydrivers.at/wr.neustadt" "Mozilla/5.0 (Windows Phone 10.0; Android 6.0.1; Microsoft; Lumia 950) AppleWebKit/537.36 (KHTML, like Gecko) Chrome/52.0.2743.116 Mobile Safari/537.36 Edge/15.15254"
82.218.100.58 - - [06/Dec/2017:07:06:12 +0100] "GET /img/smallicon-mail.png HTTP/1.1" 200 1341 "https://www.easydrivers.at/wr.neustadt" "Mozilla/5.0 (Windows Phone 10.0; Android 6.0.1; Microsoft; Lumia 950) AppleWebKit/537.36 (KHTML, like Gecko) Chrome/52.0.2743.116 Mobile Safari/537.36 Edge/15.15254"
82.218.100.58 - - [06/Dec/2017:07:06:12 +0100] "GET /img/mobile/widget-icon-app.png HTTP/1.1" 200 3458 "https://www.easydrivers.at/wr.neustadt" "Mozilla/5.0 (Windows Phone 10.0; Android 6.0.1; Microsoft; Lumia 950) AppleWebKit/537.36 (KHTML, like Gecko) Chrome/52.0.2743.116 Mobile Safari/537.36 Edge/15.15254"
82.218.100.58 - - [06/Dec/2017:07:06:13 +0100] "GET /img/favicon.ico HTTP/1.1" 404 301 "-" "Mozilla/5.0 (Windows Phone 10.0; Android 6.0.1; Microsoft; Lumia 950) AppleWebKit/537.36 (KHTML, like Gecko) Chrome/52.0.2743.116 Mobile Safari/537.36 Edge/15.15254"
82.218.100.58 - - [06/Dec/2017:07:06:13 +0100] "GET /favicon.ico HTTP/1.1" 200 1150 "-" "Mozilla/5.0 (Windows Phone 10.0; Android 6.0.1; Microsoft; Lumia 950) AppleWebKit/537.36 (KHTML, like Gecko) Chrome/52.0.2743.116 Mobile Safari/537.36 Edge/15.15254"
157.55.39.65 - - [06/Dec/2017:07:06:17 +0100] "GET /tulln HTTP/1.1" 200 3518 "-" "Mozilla/5.0 (compatible; bingbot/2.0; +http://www.bing.com/bingbot.htm)"
80.120.107.26 - - [06/Dec/2017:07:06:20 +0100] "GET /img/ED_Logo.png HTTP/1.1" 301 305 "-" "Mozilla/5.0 (Windows NT 10.0; Win64; x64; rv:57.0) Gecko/20100101 Firefox/57.0"
80.120.107.26 - - [06/Dec/2017:07:06:20 +0100] "GET /img/ED_Logo.png HTTP/1.1" 200 3385 "-" "Mozilla/5.0 (Windows NT 10.0; Win64; x64; rv:57.0) Gecko/20100101 Firefox/57.0"
46.125.249.121 - - [06/Dec/2017:07:06:24 +0100] "GET /kapfenberg.pankl HTTP/1.1" 301 305 "http://www.google.at/" "Mozilla/5.0 (Linux; Android 7.0; WAS-LX1 Build/HUAWEIWAS-LX1) AppleWebKit/537.36 (KHTML, like Gecko) Chrome/62.0.3202.84 Mobile Safari/537.36"
213.147.160.226 - - [06/Dec/2017:07:06:22 +0100] "GET /hollabrunn/Grundkurs_Weihnachten_2017?FS=B HTTP/1.1" 200 3287 "http://m.facebook.com" "Mozilla/5.0 (iPhone; CPU iPhone OS 11_1_2 like Mac OS X) AppleWebKit/604.3.5 (KHTML, like Gecko) Mobile/15B202 [FBAN/FBIOS;FBAV/151.0.0.61.202;FBBV/82156572;FBDV/iPhone8,2;FBMD/iPhone;FBSN/iOS;FBSV/11.1.2;FBSS/3;FBCR/Carrier;FBID/phone;FBLC/de_DE;FBOP/5;FBRV/82156572]"
46.125.249.121 - - [06/Dec/2017:07:06:24 +0100] "GET /kapfenberg.pankl HTTP/1.1" 200 2996 "http://www.google.at/" "Mozilla/5.0 (Linux; Android 7.0; WAS-LX1 Build/HUAWEIWAS-LX1) AppleWebKit/537.36 (KHTML, like Gecko) Chrome/62.0.3202.84 Mobile Safari/537.36"
46.125.249.121 - - [06/Dec/2017:07:06:27 +0100] "GET /css/mobile.css HTTP/1.1" 200 2852 "https://www.easydrivers.at/kapfenberg.pankl" "Mozilla/5.0 (Linux; Android 7.0; WAS-LX1 Build/HUAWEIWAS-LX1) AppleWebKit/537.36 (KHTML, like Gecko) Chrome/62.0.3202.84 Mobile Safari/537.36"
46.125.249.121 - - [06/Dec/2017:07:06:27 +0100] "GET /javascript/jquery.cookie.js HTTP/1.1" 200 863 "https://www.easydrivers.at/kapfenberg.pankl" "Mozilla/5.0 (Linux; Android 7.0; WAS-LX1 Build/HUAWEIWAS-LX1) AppleWebKit/537.36 (KHTML, like Gecko) Chrome/62.0.3202.84 Mobile Safari/537.36"
46.125.249.121 - - [06/Dec/2017:07:06:27 +0100] "GET /javascript/mobile-menu.js HTTP/1.1" 200 1634 "https://www.easydrivers.at/kapfenberg.pankl" "Mozilla/5.0 (Linux; Android 7.0; WAS-LX1 Build/HUAWEIWAS-LX1) AppleWebKit/537.36 (KHTML, like Gecko) Chrome/62.0.3202.84 Mobile Safari/537.36"
46.125.249.121 - - [06/Dec/2017:07:06:27 +0100] "GET /javascript/jquery-1.9.1.min.js HTTP/1.1" 200 32731 "https://www.easydrivers.at/kapfenberg.pankl" "Mozilla/5.0 (Linux; Android 7.0; WAS-LX1 Build/HUAWEIWAS-LX1) AppleWebKit/537.36 (KHTML, like Gecko) Chrome/62.0.3202.84 Mobile Safari/537.36"
46.125.249.121 - - [06/Dec/2017:07:06:27 +0100] "GET /javascript/jquery.simplemodal.js HTTP/1.1" 200 3070 "https://www.easydrivers.at/kapfenberg.pankl" "Mozilla/5.0 (Linux; Android 7.0; WAS-LX1 Build/HUAWEIWAS-LX1) AppleWebKit/537.36 (KHTML, like Gecko) Chrome/62.0.3202.84 Mobile Safari/537.36"
46.125.249.121 - - [06/Dec/2017:07:06:27 +0100] "GET /javascript/mobile-fahrschule.js HTTP/1.1" 200 328 "https://www.easydrivers.at/kapfenberg.pankl" "Mozilla/5.0 (Linux; Android 7.0; WAS-LX1 Build/HUAWEIWAS-LX1) AppleWebKit/537.36 (KHTML, like Gecko) Chrome/62.0.3202.84 Mobile Safari/537.36"
46.125.249.121 - - [06/Dec/2017:07:06:27 +0100] "GET /img/mobile/bg-header.jpg HTTP/1.1" 200 19741 "https://www.easydrivers.at/css/mobile.css" "Mozilla/5.0 (Linux; Android 7.0; WAS-LX1 Build/HUAWEIWAS-LX1) AppleWebKit/537.36 (KHTML, like Gecko) Chrome/62.0.3202.84 Mobile Safari/537.36"
46.125.249.121 - - [06/Dec/2017:07:06:27 +0100] "GET /img/mobile/easydrivers-logo-mobile.png HTTP/1.1" 200 10766 "https://www.easydrivers.at/kapfenberg.pankl" "Mozilla/5.0 (Linux; Android 7.0; WAS-LX1 Build/HUAWEIWAS-LX1) AppleWebKit/537.36 (KHTML, like Gecko) Chrome/62.0.3202.84 Mobile Safari/537.36"
46.125.249.121 - - [06/Dec/2017:07:06:27 +0100] "GET /javascript/lazyload.js HTTP/1.1" 200 1170 "https://www.easydrivers.at/kapfenberg.pankl" "Mozilla/5.0 (Linux; Android 7.0; WAS-LX1 Build/HUAWEIWAS-LX1) AppleWebKit/537.36 (KHTML, like Gecko) Chrome/62.0.3202.84 Mobile Safari/537.36"
46.125.249.121 - - [06/Dec/2017:07:06:27 +0100] "GET /img/mobile/facebook-icon.png HTTP/1.1" 200 1902 "https://www.easydrivers.at/kapfenberg.pankl" "Mozilla/5.0 (Linux; Android 7.0; WAS-LX1 Build/HUAWEIWAS-LX1) AppleWebKit/537.36 (KHTML, like Gecko) Chrome/62.0.3202.84 Mobile Safari/537.36"
46.125.249.121 - - [06/Dec/2017:07:06:27 +0100] "GET /img/mobile/close-button.png HTTP/1.1" 200 2411 "https://www.easydrivers.at/kapfenberg.pankl" "Mozilla/5.0 (Linux; Android 7.0; WAS-LX1 Build/HUAWEIWAS-LX1) AppleWebKit/537.36 (KHTML, like Gecko) Chrome/62.0.3202.84 Mobile Safari/537.36"
46.125.249.121 - - [06/Dec/2017:07:06:27 +0100] "GET /img/mobile/menu-button.png HTTP/1.1" 200 1746 "https://www.easydrivers.at/kapfenberg.pankl" "Mozilla/5.0 (Linux; Android 7.0; WAS-LX1 Build/HUAWEIWAS-LX1) AppleWebKit/537.36 (KHTML, like Gecko) Chrome/62.0.3202.84 Mobile Safari/537.36"
213.147.160.226 - - [06/Dec/2017:07:06:24 +0100] "GET /hollabrunn/img/mobile/easydrivers-logo-mobile.png HTTP/1.1" 404 3057 "-" "Mozilla/5.0 (iPhone; CPU iPhone OS 11_1_2 like Mac OS X) AppleWebKit/604.3.5 (KHTML, like Gecko) Mobile/15B202 [FBAN/FBIOS;FBAV/151.0.0.61.202;FBBV/82156572;FBDV/iPhone8,2;FBMD/iPhone;FBSN/iOS;FBSV/11.1.2;FBSS/3;FBCR/Carrier;FBID/phone;FBLC/de_DE;FBOP/5;FBRV/82156572]"
46.125.249.121 - - [06/Dec/2017:07:06:27 +0100] "GET /img/mobile/pfeil-rechts.png HTTP/1.1" 200 1228 "https://www.easydrivers.at/css/mobile.css" "Mozilla/5.0 (Linux; Android 7.0; WAS-LX1 Build/HUAWEIWAS-LX1) AppleWebKit/537.36 (KHTML, like Gecko) Chrome/62.0.3202.84 Mobile Safari/537.36"
46.125.249.121 - - [06/Dec/2017:07:06:27 +0100] "GET /img/mobile/info-button.png HTTP/1.1" 200 1549 "https://www.easydrivers.at/kapfenberg.pankl" "Mozilla/5.0 (Linux; Android 7.0; WAS-LX1 Build/HUAWEIWAS-LX1) AppleWebKit/537.36 (KHTML, like Gecko) Chrome/62.0.3202.84 Mobile Safari/537.36"
46.125.249.121 - - [06/Dec/2017:07:06:27 +0100] "GET /img/mobile/bg-top-section.jpg HTTP/1.1" 200 21711 "https://www.easydrivers.at/css/mobile.css" "Mozilla/5.0 (Linux; Android 7.0; WAS-LX1 Build/HUAWEIWAS-LX1) AppleWebKit/537.36 (KHTML, like Gecko) Chrome/62.0.3202.84 Mobile Safari/537.36"
46.125.249.121 - - [06/Dec/2017:07:06:27 +0100] "GET /img/mobile/info-close-button.png HTTP/1.1" 200 1721 "https://www.easydrivers.at/kapfenberg.pankl" "Mozilla/5.0 (Linux; Android 7.0; WAS-LX1 Build/HUAWEIWAS-LX1) AppleWebKit/537.36 (KHTML, like Gecko) Chrome/62.0.3202.84 Mobile Safari/537.36"
46.125.249.121 - - [06/Dec/2017:07:06:27 +0100] "GET /img/smallicon-person.png HTTP/1.1" 200 1141 "https://www.easydrivers.at/kapfenberg.pankl" "Mozilla/5.0 (Linux; Android 7.0; WAS-LX1 Build/HUAWEIWAS-LX1) AppleWebKit/537.36 (KHTML, like Gecko) Chrome/62.0.3202.84 Mobile Safari/537.36"
46.125.249.121 - - [06/Dec/2017:07:06:27 +0100] "GET /img/smallicon-address.png HTTP/1.1" 200 1211 "https://www.easydrivers.at/kapfenberg.pankl" "Mozilla/5.0 (Linux; Android 7.0; WAS-LX1 Build/HUAWEIWAS-LX1) AppleWebKit/537.36 (KHTML, like Gecko) Chrome/62.0.3202.84 Mobile Safari/537.36"
46.125.249.121 - - [06/Dec/2017:07:06:27 +0100] "GET /img/mobile/googlemaps-pin.png HTTP/1.1" 200 1597 "https://www.easydrivers.at/kapfenberg.pankl" "Mozilla/5.0 (Linux; Android 7.0; WAS-LX1 Build/HUAWEIWAS-LX1) AppleWebKit/537.36 (KHTML, like Gecko) Chrome/62.0.3202.84 Mobile Safari/537.36"
46.125.249.121 - - [06/Dec/2017:07:06:27 +0100] "GET /img/smallicon-time.png HTTP/1.1" 200 1262 "https://www.easydrivers.at/kapfenberg.pankl" "Mozilla/5.0 (Linux; Android 7.0; WAS-LX1 Build/HUAWEIWAS-LX1) AppleWebKit/537.36 (KHTML, like Gecko) Chrome/62.0.3202.84 Mobile Safari/537.36"
46.125.249.121 - - [06/Dec/2017:07:06:27 +0100] "GET /img/smallicon-phone.png HTTP/1.1" 200 3056 "https://www.easydrivers.at/kapfenberg.pankl" "Mozilla/5.0 (Linux; Android 7.0; WAS-LX1 Build/HUAWEIWAS-LX1) AppleWebKit/537.36 (KHTML, like Gecko) Chrome/62.0.3202.84 Mobile Safari/537.36"
46.125.249.121 - - [06/Dec/2017:07:06:27 +0100] "GET /img/smallicon-mail.png HTTP/1.1" 200 1341 "https://www.easydrivers.at/kapfenberg.pankl" "Mozilla/5.0 (Linux; Android 7.0; WAS-LX1 Build/HUAWEIWAS-LX1) AppleWebKit/537.36 (KHTML, like Gecko) Chrome/62.0.3202.84 Mobile Safari/537.36"
46.125.249.121 - - [06/Dec/2017:07:06:27 +0100] "GET /img/mobile/widget-icon-app.png HTTP/1.1" 200 3458 "https://www.easydrivers.at/kapfenberg.pankl" "Mozilla/5.0 (Linux; Android 7.0; WAS-LX1 Build/HUAWEIWAS-LX1) AppleWebKit/537.36 (KHTML, like Gecko) Chrome/62.0.3202.84 Mobile Safari/537.36"
46.125.249.121 - - [06/Dec/2017:07:06:27 +0100] "GET /img/mobile/bg-menu.jpg HTTP/1.1" 200 1698 "https://www.easydrivers.at/css/mobile.css" "Mozilla/5.0 (Linux; Android 7.0; WAS-LX1 Build/HUAWEIWAS-LX1) AppleWebKit/537.36 (KHTML, like Gecko) Chrome/62.0.3202.84 Mobile Safari/537.36"
46.125.249.121 - - [06/Dec/2017:07:06:28 +0100] "GET /img/favicon.ico HTTP/1.1" 301 303 "-" "Mozilla/5.0 (Linux; Android 7.0; WAS-LX1 Build/HUAWEIWAS-LX1) AppleWebKit/537.36 (KHTML, like Gecko) Chrome/62.0.3202.84 Mobile Safari/537.36"
46.125.249.121 - - [06/Dec/2017:07:06:28 +0100] "GET /img/favicon.ico HTTP/1.1" 404 301 "-" "Mozilla/5.0 (Linux; Android 7.0; WAS-LX1 Build/HUAWEIWAS-LX1) AppleWebKit/537.36 (KHTML, like Gecko) Chrome/62.0.3202.84 Mobile Safari/537.36"
82.218.100.58 - - [06/Dec/2017:07:06:26 +0100] "GET /ueberuns HTTP/1.1" 200 3288 "https://www.easydrivers.at/wr.neustadt" "Mozilla/5.0 (Windows Phone 10.0; Android 6.0.1; Microsoft; Lumia 950) AppleWebKit/537.36 (KHTML, like Gecko) Chrome/52.0.2743.116 Mobile Safari/537.36 Edge/15.15254"
82.218.100.58 - - [06/Dec/2017:07:06:29 +0100] "GET /binaries/easy-drivers-portal/edwebhistoryillu392x3922jpg.jpg HTTP/1.1" 200 32209 "https://www.easydrivers.at/ueberuns" "Mozilla/5.0 (Windows Phone 10.0; Android 6.0.1; Microsoft; Lumia 950) AppleWebKit/537.36 (KHTML, like Gecko) Chrome/52.0.2743.116 Mobile Safari/537.36 Edge/15.15254"
82.218.100.58 - - [06/Dec/2017:07:06:29 +0100] "GET /binaries/easy-drivers-portal/edwebhistoryillu392x3923jpg.jpg HTTP/1.1" 200 54656 "https://www.easydrivers.at/ueberuns" "Mozilla/5.0 (Windows Phone 10.0; Android 6.0.1; Microsoft; Lumia 950) AppleWebKit/537.36 (KHTML, like Gecko) Chrome/52.0.2743.116 Mobile Safari/537.36 Edge/15.15254"
82.218.100.58 - - [06/Dec/2017:07:06:29 +0100] "GET /binaries/easy-drivers-portal/edwebhistoryillu392x3926jpg.jpg HTTP/1.1" 200 41118 "https://www.easydrivers.at/ueberuns" "Mozilla/5.0 (Windows Phone 10.0; Android 6.0.1; Microsoft; Lumia 950) AppleWebKit/537.36 (KHTML, like Gecko) Chrome/52.0.2743.116 Mobile Safari/537.36 Edge/15.15254"
82.218.100.58 - - [06/Dec/2017:07:06:29 +0100] "GET /binaries/easy-drivers-portal/edwebhistoryillu392x3925jpg.jpg HTTP/1.1" 200 31708 "https://www.easydrivers.at/ueberuns" "Mozilla/5.0 (Windows Phone 10.0; Android 6.0.1; Microsoft; Lumia 950) AppleWebKit/537.36 (KHTML, like Gecko) Chrome/52.0.2743.116 Mobile Safari/537.36 Edge/15.15254"
82.218.100.58 - - [06/Dec/2017:07:06:29 +0100] "GET /binaries/easy-drivers-portal/edwebhistoryillu392x3924jpg.jpg HTTP/1.1" 200 35765 "https://www.easydrivers.at/ueberuns" "Mozilla/5.0 (Windows Phone 10.0; Android 6.0.1; Microsoft; Lumia 950) AppleWebKit/537.36 (KHTML, like Gecko) Chrome/52.0.2743.116 Mobile Safari/537.36 Edge/15.15254"
82.218.100.58 - - [06/Dec/2017:07:06:29 +0100] "GET /img/favicon.ico HTTP/1.1" 301 303 "-" "Mozilla/5.0 (Windows Phone 10.0; Android 6.0.1; Microsoft; Lumia 950) AppleWebKit/537.36 (KHTML, like Gecko) Chrome/52.0.2743.116 Mobile Safari/537.36 Edge/15.15254"
82.218.100.58 - - [06/Dec/2017:07:06:29 +0100] "GET /binaries/easy-drivers-portal/edwebhistoryillu392x392radjpg.jpg HTTP/1.1" 200 124939 "https://www.easydrivers.at/ueberuns" "Mozilla/5.0 (Windows Phone 10.0; Android 6.0.1; Microsoft; Lumia 950) AppleWebKit/537.36 (KHTML, like Gecko) Chrome/52.0.2743.116 Mobile Safari/537.36 Edge/15.15254"
82.218.100.58 - - [06/Dec/2017:07:06:29 +0100] "GET /binaries/easy-drivers-portal/edwebhistoryillu392x3929jpg.jpg HTTP/1.1" 200 31823 "https://www.easydrivers.at/ueberuns" "Mozilla/5.0 (Windows Phone 10.0; Android 6.0.1; Microsoft; Lumia 950) AppleWebKit/537.36 (KHTML, like Gecko) Chrome/52.0.2743.116 Mobile Safari/537.36 Edge/15.15254"
82.218.100.58 - - [06/Dec/2017:07:06:29 +0100] "GET /img/favicon.ico HTTP/1.1" 404 301 "-" "Mozilla/5.0 (Windows Phone 10.0; Android 6.0.1; Microsoft; Lumia 950) AppleWebKit/537.36 (KHTML, like Gecko) Chrome/52.0.2743.116 Mobile Safari/537.36 Edge/15.15254"
82.218.100.58 - - [06/Dec/2017:07:06:29 +0100] "GET /binaries/easy-drivers-portal/edwebhistoryillu392x3928jpg.jpg HTTP/1.1" 200 38907 "https://www.easydrivers.at/ueberuns" "Mozilla/5.0 (Windows Phone 10.0; Android 6.0.1; Microsoft; Lumia 950) AppleWebKit/537.36 (KHTML, like Gecko) Chrome/52.0.2743.116 Mobile Safari/537.36 Edge/15.15254"
82.218.100.58 - - [06/Dec/2017:07:06:29 +0100] "GET /binaries/easy-drivers-portal/edwebhistoryillu392x39211jpg.jpg HTTP/1.1" 200 36282 "https://www.easydrivers.at/ueberuns" "Mozilla/5.0 (Windows Phone 10.0; Android 6.0.1; Microsoft; Lumia 950) AppleWebKit/537.36 (KHTML, like Gecko) Chrome/52.0.2743.116 Mobile Safari/537.36 Edge/15.15254"
82.218.100.58 - - [06/Dec/2017:07:06:29 +0100] "GET /binaries/easy-drivers-portal/edwebhistoryillu392x39210jpg.jpg HTTP/1.1" 200 19475 "https://www.easydrivers.at/ueberuns" "Mozilla/5.0 (Windows Phone 10.0; Android 6.0.1; Microsoft; Lumia 950) AppleWebKit/537.36 (KHTML, like Gecko) Chrome/52.0.2743.116 Mobile Safari/537.36 Edge/15.15254"
82.218.100.58 - - [06/Dec/2017:07:06:29 +0100] "GET /binaries/easy-drivers-portal/edwebhistoryillu392x3927jpg.jpg HTTP/1.1" 200 71377 "https://www.easydrivers.at/ueberuns" "Mozilla/5.0 (Windows Phone 10.0; Android 6.0.1; Microsoft; Lumia 950) AppleWebKit/537.36 (KHTML, like Gecko) Chrome/52.0.2743.116 Mobile Safari/537.36 Edge/15.15254"
82.218.100.58 - - [06/Dec/2017:07:06:30 +0100] "GET /binaries/easy-drivers-portal/edwebhistoryillu392x39220kpng.png HTTP/1.1" 200 49333 "https://www.easydrivers.at/ueberuns" "Mozilla/5.0 (Windows Phone 10.0; Android 6.0.1; Microsoft; Lumia 950) AppleWebKit/537.36 (KHTML, like Gecko) Chrome/52.0.2743.116 Mobile Safari/537.36 Edge/15.15254"
40.77.167.76 - - [06/Dec/2017:07:06:31 +0100] "GET /amstetten/mopedkurs-september-18?FS=AM-M HTTP/1.1" 200 5150 "-" "Mozilla/5.0 (compatible; bingbot/2.0; +http://www.bing.com/bingbot.htm)"
216.244.66.202 - - [06/Dec/2017:07:06:34 +0100] "GET /neunkirchen/10278857 HTTP/1.1" 301 407 "-" "Mozilla/5.0 (compatible; DotBot/1.1; http://www.opensiteexplorer.org/dotbot, help@moz.com)"
178.165.130.23 - - [06/Dec/2017:07:06:34 +0100] "GET /st.valentin/img/smallicon-time.png HTTP/1.1" 404 3097 "-" "Mozilla/5.0 (iPhone; CPU iPhone OS 11_2 like Mac OS X) AppleWebKit/604.4.7 (KHTML, like Gecko) Mobile/15C114 [FBAN/FBIOS;FBAV/151.0.0.61.202;FBBV/82156572;FBDV/iPhone8,4;FBMD/iPhone;FBSN/iOS;FBSV/11.2;FBSS/2;FBCR/3Austria;FBID/phone;FBLC/de_DE;FBOP/5;FBRV/83160404]"
46.125.249.121 - - [06/Dec/2017:07:06:37 +0100] "GET /ueberuns HTTP/1.1" 200 3288 "https://www.easydrivers.at/kapfenberg.pankl" "Mozilla/5.0 (Linux; Android 7.0; WAS-LX1 Build/HUAWEIWAS-LX1) AppleWebKit/537.36 (KHTML, like Gecko) Chrome/62.0.3202.84 Mobile Safari/537.36"
46.125.249.121 - - [06/Dec/2017:07:06:39 +0100] "GET /binaries/easy-drivers-portal/edwebhistoryillu392x3922jpg.jpg HTTP/1.1" 200 32209 "https://www.easydrivers.at/ueberuns" "Mozilla/5.0 (Linux; Android 7.0; WAS-LX1 Build/HUAWEIWAS-LX1) AppleWebKit/537.36 (KHTML, like Gecko) Chrome/62.0.3202.84 Mobile Safari/537.36"
46.125.249.121 - - [06/Dec/2017:07:06:39 +0100] "GET /binaries/easy-drivers-portal/edwebhistoryillu392x3924jpg.jpg HTTP/1.1" 200 35765 "https://www.easydrivers.at/ueberuns" "Mozilla/5.0 (Linux; Android 7.0; WAS-LX1 Build/HUAWEIWAS-LX1) AppleWebKit/537.36 (KHTML, like Gecko) Chrome/62.0.3202.84 Mobile Safari/537.36"
46.125.249.121 - - [06/Dec/2017:07:06:39 +0100] "GET /binaries/easy-drivers-portal/edwebhistoryillu392x3925jpg.jpg HTTP/1.1" 200 31708 "https://www.easydrivers.at/ueberuns" "Mozilla/5.0 (Linux; Android 7.0; WAS-LX1 Build/HUAWEIWAS-LX1) AppleWebKit/537.36 (KHTML, like Gecko) Chrome/62.0.3202.84 Mobile Safari/537.36"
46.125.249.121 - - [06/Dec/2017:07:06:39 +0100] "GET /binaries/easy-drivers-portal/edwebhistoryillu392x3926jpg.jpg HTTP/1.1" 200 41118 "https://www.easydrivers.at/ueberuns" "Mozilla/5.0 (Linux; Android 7.0; WAS-LX1 Build/HUAWEIWAS-LX1) AppleWebKit/537.36 (KHTML, like Gecko) Chrome/62.0.3202.84 Mobile Safari/537.36"
46.125.249.121 - - [06/Dec/2017:07:06:39 +0100] "GET /binaries/easy-drivers-portal/edwebhistoryillu392x3923jpg.jpg HTTP/1.1" 200 54656 "https://www.easydrivers.at/ueberuns" "Mozilla/5.0 (Linux; Android 7.0; WAS-LX1 Build/HUAWEIWAS-LX1) AppleWebKit/537.36 (KHTML, like Gecko) Chrome/62.0.3202.84 Mobile Safari/537.36"
46.125.249.121 - - [06/Dec/2017:07:06:39 +0100] "GET /binaries/easy-drivers-portal/edwebhistoryillu392x392radjpg.jpg HTTP/1.1" 200 124939 "https://www.easydrivers.at/ueberuns" "Mozilla/5.0 (Linux; Android 7.0; WAS-LX1 Build/HUAWEIWAS-LX1) AppleWebKit/537.36 (KHTML, like Gecko) Chrome/62.0.3202.84 Mobile Safari/537.36"
46.125.249.121 - - [06/Dec/2017:07:06:39 +0100] "GET /binaries/easy-drivers-portal/edwebhistoryillu392x3927jpg.jpg HTTP/1.1" 200 71377 "https://www.easydrivers.at/ueberuns" "Mozilla/5.0 (Linux; Android 7.0; WAS-LX1 Build/HUAWEIWAS-LX1) AppleWebKit/537.36 (KHTML, like Gecko) Chrome/62.0.3202.84 Mobile Safari/537.36"
46.125.249.121 - - [06/Dec/2017:07:06:40 +0100] "GET /binaries/easy-drivers-portal/edwebhistoryillu392x3928jpg.jpg HTTP/1.1" 200 38907 "https://www.easydrivers.at/ueberuns" "Mozilla/5.0 (Linux; Android 7.0; WAS-LX1 Build/HUAWEIWAS-LX1) AppleWebKit/537.36 (KHTML, like Gecko) Chrome/62.0.3202.84 Mobile Safari/537.36"
46.125.249.121 - - [06/Dec/2017:07:06:40 +0100] "GET /binaries/easy-drivers-portal/edwebhistoryillu392x3929jpg.jpg HTTP/1.1" 200 31823 "https://www.easydrivers.at/ueberuns" "Mozilla/5.0 (Linux; Android 7.0; WAS-LX1 Build/HUAWEIWAS-LX1) AppleWebKit/537.36 (KHTML, like Gecko) Chrome/62.0.3202.84 Mobile Safari/537.36"
46.125.249.121 - - [06/Dec/2017:07:06:40 +0100] "GET /binaries/easy-drivers-portal/edwebhistoryillu392x39211jpg.jpg HTTP/1.1" 200 36282 "https://www.easydrivers.at/ueberuns" "Mozilla/5.0 (Linux; Android 7.0; WAS-LX1 Build/HUAWEIWAS-LX1) AppleWebKit/537.36 (KHTML, like Gecko) Chrome/62.0.3202.84 Mobile Safari/537.36"
46.125.249.121 - - [06/Dec/2017:07:06:40 +0100] "GET /binaries/easy-drivers-portal/edwebhistoryillu392x39210jpg.jpg HTTP/1.1" 200 19475 "https://www.easydrivers.at/ueberuns" "Mozilla/5.0 (Linux; Android 7.0; WAS-LX1 Build/HUAWEIWAS-LX1) AppleWebKit/537.36 (KHTML, like Gecko) Chrome/62.0.3202.84 Mobile Safari/537.36"
46.125.249.121 - - [06/Dec/2017:07:06:40 +0100] "GET /binaries/easy-drivers-portal/edwebhistoryillu392x39220kpng.png HTTP/1.1" 200 49333 "https://www.easydrivers.at/ueberuns" "Mozilla/5.0 (Linux; Android 7.0; WAS-LX1 Build/HUAWEIWAS-LX1) AppleWebKit/537.36 (KHTML, like Gecko) Chrome/62.0.3202.84 Mobile Safari/537.36"
213.225.15.245 - - [06/Dec/2017:07:06:38 +0100] "GET /kapfenberg.pankl/img/mobile/menu-button.png HTTP/1.1" 404 3127 "-" "Mozilla/5.0 (iPhone; CPU iPhone OS 11_0 like Mac OS X) AppleWebKit/604.1.38 (KHTML, like Gecko) Mobile/15A372 [FBAN/FBIOS;FBAV/151.0.0.61.202;FBBV/82156572;FBDV/iPhone8,1;FBMD/iPhone;FBSN/iOS;FBSV/11.0;FBSS/2;FBCR/A1;FBID/phone;FBLC/de_DE;FBOP/5;FBRV/82156572]"
207.182.140.210 - - [06/Dec/2017:07:06:44 +0100] "GET /waidhofen.ybbs/ HTTP/1.1" 301 303 "-" "M"
207.182.140.210 - - [06/Dec/2017:07:06:44 +0100] "GET /waidhofen.ybbs/ HTTP/1.1" 301 145 "http://www.easydrivers.at/waidhofen.ybbs/" "M"
207.182.140.210 - - [06/Dec/2017:07:06:45 +0100] "GET /waidhofen.ybbs HTTP/1.1" 200 3516 "https://www.easydrivers.at/waidhofen.ybbs/" "M"
82.218.100.58 - - [06/Dec/2017:07:06:49 +0100] "GET /wr.neustadt HTTP/1.1" 200 2988 "https://www.google.at/search?q=easy+drivers+wiener+neustadt+kontakt&oq=easy+drivers+wiener+&gs_l=mobile-heirloom-serp.1.1.0j0i22i30.2220.10808.0.12182.21.10.0.11.11.0.272.1777.0j8j2.10.0....0...1c.1.34.mobile-heirloom-serp..0.21.2201.KfhLQuwhP4w" "Mozilla/5.0 (Windows Phone 10.0; Android 6.0.1; Microsoft; Lumia 950) AppleWebKit/537.36 (KHTML, like Gecko) Chrome/52.0.2743.116 Mobile Safari/537.36 Edge/15.15254"
82.218.100.58 - - [06/Dec/2017:07:06:51 +0100] "GET /img/favicon.ico HTTP/1.1" 301 303 "-" "Mozilla/5.0 (Windows Phone 10.0; Android 6.0.1; Microsoft; Lumia 950) AppleWebKit/537.36 (KHTML, like Gecko) Chrome/52.0.2743.116 Mobile Safari/537.36 Edge/15.15254"
82.218.100.58 - - [06/Dec/2017:07:06:52 +0100] "GET /img/favicon.ico HTTP/1.1" 404 301 "-" "Mozilla/5.0 (Windows Phone 10.0; Android 6.0.1; Microsoft; Lumia 950) AppleWebKit/537.36 (KHTML, like Gecko) Chrome/52.0.2743.116 Mobile Safari/537.36 Edge/15.15254"
213.147.160.226 - - [06/Dec/2017:07:06:54 +0100] "GET /hollabrunn/img/mobile/menu-button.png HTTP/1.1" 404 3063 "-" "Mozilla/5.0 (iPhone; CPU iPhone OS 11_1_2 like Mac OS X) AppleWebKit/604.3.5 (KHTML, like Gecko) Mobile/15B202 [FBAN/FBIOS;FBAV/151.0.0.61.202;FBBV/82156572;FBDV/iPhone8,2;FBMD/iPhone;FBSN/iOS;FBSV/11.1.2;FBSS/3;FBCR/Carrier;FBID/phone;FBLC/de_DE;FBOP/5;FBRV/82156572]"
82.218.100.58 - - [06/Dec/2017:07:06:55 +0100] "GET /wr.neustadt HTTP/1.1" 200 2988 "https://www.easydrivers.at/wr.neustadt" "Mozilla/5.0 (Windows Phone 10.0; Android 6.0.1; Microsoft; Lumia 950) AppleWebKit/537.36 (KHTML, like Gecko) Chrome/52.0.2743.116 Mobile Safari/537.36 Edge/15.15254"
82.218.100.58 - - [06/Dec/2017:07:06:58 +0100] "GET /img/favicon.ico HTTP/1.1" 301 303 "-" "Mozilla/5.0 (Windows Phone 10.0; Android 6.0.1; Microsoft; Lumia 950) AppleWebKit/537.36 (KHTML, like Gecko) Chrome/52.0.2743.116 Mobile Safari/537.36 Edge/15.15254"
82.218.100.58 - - [06/Dec/2017:07:06:59 +0100] "GET /img/favicon.ico HTTP/1.1" 404 301 "-" "Mozilla/5.0 (Windows Phone 10.0; Android 6.0.1; Microsoft; Lumia 950) AppleWebKit/537.36 (KHTML, like Gecko) Chrome/52.0.2743.116 Mobile Safari/537.36 Edge/15.15254"
178.165.130.23 - - [06/Dec/2017:07:07:04 +0100] "GET /st.valentin/img/smallicon-mail.png HTTP/1.1" 404 3097 "-" "Mozilla/5.0 (iPhone; CPU iPhone OS 11_2 like Mac OS X) AppleWebKit/604.4.7 (KHTML, like Gecko) Mobile/15C114 [FBAN/FBIOS;FBAV/151.0.0.61.202;FBBV/82156572;FBDV/iPhone8,4;FBMD/iPhone;FBSN/iOS;FBSV/11.2;FBSS/2;FBCR/3Austria;FBID/phone;FBLC/de_DE;FBOP/5;FBRV/83160404]"
216.244.66.249 - - [06/Dec/2017:07:07:08 +0100] "GET /ottakring/ HTTP/1.1" 301 397 "-" "Mozilla/5.0 (compatible; DotBot/1.1; http://www.opensiteexplorer.org/dotbot, help@moz.com)"
66.249.76.78 - - [06/Dec/2017:07:07:09 +0100] "GET /css/print.css HTTP/1.1" 301 301 "http://www.easydrivers.at/impressum" "Mozilla/5.0 (compatible; Googlebot/2.1; +http://www.google.com/bot.html)"
82.218.100.58 - - [06/Dec/2017:07:07:09 +0100] "-" 408 - "-" "-"
82.218.100.58 - - [06/Dec/2017:07:07:09 +0100] "-" 408 - "-" "-"
82.218.100.58 - - [06/Dec/2017:07:07:09 +0100] "-" 408 - "-" "-"
82.218.100.58 - - [06/Dec/2017:07:07:09 +0100] "-" 408 - "-" "-"
46.125.249.121 - - [06/Dec/2017:07:07:09 +0100] "GET /fahrschulen HTTP/1.1" 200 2455 "https://www.easydrivers.at/ueberuns" "Mozilla/5.0 (Linux; Android 7.0; WAS-LX1 Build/HUAWEIWAS-LX1) AppleWebKit/537.36 (KHTML, like Gecko) Chrome/62.0.3202.84 Mobile Safari/537.36"
213.225.15.245 - - [06/Dec/2017:07:07:08 +0100] "GET /kapfenberg.pankl/img/mobile/close-button.png HTTP/1.1" 404 3129 "-" "Mozilla/5.0 (iPhone; CPU iPhone OS 11_0 like Mac OS X) AppleWebKit/604.1.38 (KHTML, like Gecko) Mobile/15A372 [FBAN/FBIOS;FBAV/151.0.0.61.202;FBBV/82156572;FBDV/iPhone8,1;FBMD/iPhone;FBSN/iOS;FBSV/11.0;FBSS/2;FBCR/A1;FBID/phone;FBLC/de_DE;FBOP/5;FBRV/82156572]"
46.125.249.121 - - [06/Dec/2017:07:07:10 +0100] "GET /fahrschulen HTTP/1.1" 200 2455 "https://www.easydrivers.at/ueberuns" "Mozilla/5.0 (Linux; Android 7.0; WAS-LX1 Build/HUAWEIWAS-LX1) AppleWebKit/537.36 (KHTML, like Gecko) Chrome/62.0.3202.84 Mobile Safari/537.36"
46.125.249.121 - - [06/Dec/2017:07:07:12 +0100] "GET /javascript/mobile-fahrschulen.js HTTP/1.1" 200 404 "https://www.easydrivers.at/fahrschulen" "Mozilla/5.0 (Linux; Android 7.0; WAS-LX1 Build/HUAWEIWAS-LX1) AppleWebKit/537.36 (KHTML, like Gecko) Chrome/62.0.3202.84 Mobile Safari/537.36"
46.125.249.121 - - [06/Dec/2017:07:07:12 +0100] "GET /img/mobile/pfeil-rechts-small.png HTTP/1.1" 200 1056 "https://www.easydrivers.at/css/mobile.css" "Mozilla/5.0 (Linux; Android 7.0; WAS-LX1 Build/HUAWEIWAS-LX1) AppleWebKit/537.36 (KHTML, like Gecko) Chrome/62.0.3202.84 Mobile Safari/537.36"
213.225.15.245 - - [06/Dec/2017:07:07:11 +0100] "GET /kapfenberg.pankl/img/mobile/facebook-icon.png HTTP/1.1" 404 3127 "-" "Mozilla/5.0 (iPhone; CPU iPhone OS 11_0 like Mac OS X) AppleWebKit/604.1.38 (KHTML, like Gecko) Mobile/15A372 [FBAN/FBIOS;FBAV/151.0.0.61.202;FBBV/82156572;FBDV/iPhone8,1;FBMD/iPhone;FBSN/iOS;FBSV/11.0;FBSS/2;FBCR/A1;FBID/phone;FBLC/de_DE;FBOP/5;FBRV/82156572]"
46.125.249.121 - - [06/Dec/2017:07:07:13 +0100] "GET /img/loading-bars.gif HTTP/1.1" 200 3951 "https://www.easydrivers.at/css/mobile.css" "Mozilla/5.0 (Linux; Android 7.0; WAS-LX1 Build/HUAWEIWAS-LX1) AppleWebKit/537.36 (KHTML, like Gecko) Chrome/62.0.3202.84 Mobile Safari/537.36"
82.218.100.58 - - [06/Dec/2017:07:07:12 +0100] "GET /wr.neustadt HTTP/1.1" 200 2988 "https://www.easydrivers.at/wr.neustadt" "Mozilla/5.0 (Windows Phone 10.0; Android 6.0.1; Microsoft; Lumia 950) AppleWebKit/537.36 (KHTML, like Gecko) Chrome/52.0.2743.116 Mobile Safari/537.36 Edge/15.15254"
82.218.100.58 - - [06/Dec/2017:07:07:15 +0100] "GET /img/favicon.ico HTTP/1.1" 301 303 "-" "Mozilla/5.0 (Windows Phone 10.0; Android 6.0.1; Microsoft; Lumia 950) AppleWebKit/537.36 (KHTML, like Gecko) Chrome/52.0.2743.116 Mobile Safari/537.36 Edge/15.15254"
46.125.249.121 - - [06/Dec/2017:07:07:13 +0100] "POST /fahrschulen/steiermark HTTP/1.1" 200 2850 "https://www.easydrivers.at/fahrschulen" "Mozilla/5.0 (Linux; Android 7.0; WAS-LX1 Build/HUAWEIWAS-LX1) AppleWebKit/537.36 (KHTML, like Gecko) Chrome/62.0.3202.84 Mobile Safari/537.36"
46.125.249.121 - - [06/Dec/2017:07:07:15 +0100] "GET /img/mobile/smallicon-address.png HTTP/1.1" 200 1424 "https://www.easydrivers.at/fahrschulen/steiermark" "Mozilla/5.0 (Linux; Android 7.0; WAS-LX1 Build/HUAWEIWAS-LX1) AppleWebKit/537.36 (KHTML, like Gecko) Chrome/62.0.3202.84 Mobile Safari/537.36"
46.125.249.121 - - [06/Dec/2017:07:07:15 +0100] "GET /img/mobile/smallicon-phone.png HTTP/1.1" 200 1311 "https://www.easydrivers.at/fahrschulen/steiermark" "Mozilla/5.0 (Linux; Android 7.0; WAS-LX1 Build/HUAWEIWAS-LX1) AppleWebKit/537.36 (KHTML, like Gecko) Chrome/62.0.3202.84 Mobile Safari/537.36"
46.125.249.121 - - [06/Dec/2017:07:07:15 +0100] "GET /img/mobile/weiter-button.png HTTP/1.1" 200 1670 "https://www.easydrivers.at/css/mobile.css" "Mozilla/5.0 (Linux; Android 7.0; WAS-LX1 Build/HUAWEIWAS-LX1) AppleWebKit/537.36 (KHTML, like Gecko) Chrome/62.0.3202.84 Mobile Safari/537.36"
46.125.249.121 - - [06/Dec/2017:07:07:15 +0100] "GET /img/mobile/smallicon-time.png HTTP/1.1" 200 1328 "https://www.easydrivers.at/fahrschulen/steiermark" "Mozilla/5.0 (Linux; Android 7.0; WAS-LX1 Build/HUAWEIWAS-LX1) AppleWebKit/537.36 (KHTML, like Gecko) Chrome/62.0.3202.84 Mobile Safari/537.36"
46.125.249.121 - - [06/Dec/2017:07:07:15 +0100] "GET /img/mobile/smallicon-mail.png HTTP/1.1" 200 1335 "https://www.easydrivers.at/fahrschulen/steiermark" "Mozilla/5.0 (Linux; Android 7.0; WAS-LX1 Build/HUAWEIWAS-LX1) AppleWebKit/537.36 (KHTML, like Gecko) Chrome/62.0.3202.84 Mobile Safari/537.36"
46.125.249.121 - - [06/Dec/2017:07:07:15 +0100] "GET /img/mobile/pfeil-links-small.png HTTP/1.1" 200 1065 "https://www.easydrivers.at/css/mobile.css" "Mozilla/5.0 (Linux; Android 7.0; WAS-LX1 Build/HUAWEIWAS-LX1) AppleWebKit/537.36 (KHTML, like Gecko) Chrome/62.0.3202.84 Mobile Safari/537.36"
82.218.100.58 - - [06/Dec/2017:07:07:15 +0100] "GET /img/favicon.ico HTTP/1.1" 404 301 "-" "Mozilla/5.0 (Windows Phone 10.0; Android 6.0.1; Microsoft; Lumia 950) AppleWebKit/537.36 (KHTML, like Gecko) Chrome/52.0.2743.116 Mobile Safari/537.36 Edge/15.15254"
46.125.249.121 - - [06/Dec/2017:07:07:15 +0100] "GET /img/mobile/bg-yellow.jpg HTTP/1.1" 200 1569 "https://www.easydrivers.at/css/mobile.css" "Mozilla/5.0 (Linux; Android 7.0; WAS-LX1 Build/HUAWEIWAS-LX1) AppleWebKit/537.36 (KHTML, like Gecko) Chrome/62.0.3202.84 Mobile Safari/537.36"
194.208.245.195 - - [06/Dec/2017:07:07:13 +0100] "GET /feldkirch/aktionen HTTP/1.1" 200 2550 "-" "Mozilla/5.0 (Linux; Android 5.0; SAMSUNG SM-N9005 Build/LRX21V) AppleWebKit/537.36 (KHTML, like Gecko) SamsungBrowser/4.0 Chrome/44.0.2403.133 Mobile Safari/537.36"
82.218.100.58 - - [06/Dec/2017:07:07:19 +0100] "-" 408 - "-" "-"
82.218.100.58 - - [06/Dec/2017:07:07:18 +0100] "GET / HTTP/1.1" 200 3554 "https://www.easydrivers.at/wr.neustadt" "Mozilla/5.0 (Windows Phone 10.0; Android 6.0.1; Microsoft; Lumia 950) AppleWebKit/537.36 (KHTML, like Gecko) Chrome/52.0.2743.116 Mobile Safari/537.36 Edge/15.15254"
82.218.100.58 - - [06/Dec/2017:07:07:20 +0100] "GET /javascript/mobile-homesearch.js HTTP/1.1" 200 340 "https://www.easydrivers.at/" "Mozilla/5.0 (Windows Phone 10.0; Android 6.0.1; Microsoft; Lumia 950) AppleWebKit/537.36 (KHTML, like Gecko) Chrome/52.0.2743.116 Mobile Safari/537.36 Edge/15.15254"
82.218.100.58 - - [06/Dec/2017:07:07:20 +0100] "GET /img/favicon.ico HTTP/1.1" 301 303 "-" "Mozilla/5.0 (Windows Phone 10.0; Android 6.0.1; Microsoft; Lumia 950) AppleWebKit/537.36 (KHTML, like Gecko) Chrome/52.0.2743.116 Mobile Safari/537.36 Edge/15.15254"
82.218.100.58 - - [06/Dec/2017:07:07:20 +0100] "GET /img/favicon.ico HTTP/1.1" 404 301 "-" "Mozilla/5.0 (Windows Phone 10.0; Android 6.0.1; Microsoft; Lumia 950) AppleWebKit/537.36 (KHTML, like Gecko) Chrome/52.0.2743.116 Mobile Safari/537.36 Edge/15.15254"
46.125.249.121 - - [06/Dec/2017:07:07:19 +0100] "GET /kapfenberg.pankl HTTP/1.1" 200 2996 "https://www.easydrivers.at/fahrschulen/steiermark" "Mozilla/5.0 (Linux; Android 7.0; WAS-LX1 Build/HUAWEIWAS-LX1) AppleWebKit/537.36 (KHTML, like Gecko) Chrome/62.0.3202.84 Mobile Safari/537.36"
213.147.160.226 - - [06/Dec/2017:07:07:26 +0100] "GET /hollabrunn/img/mobile/close-button.png HTTP/1.1" 404 3065 "-" "Mozilla/5.0 (iPhone; CPU iPhone OS 11_1_2 like Mac OS X) AppleWebKit/604.3.5 (KHTML, like Gecko) Mobile/15B202 [FBAN/FBIOS;FBAV/151.0.0.61.202;FBBV/82156572;FBDV/iPhone8,2;FBMD/iPhone;FBSN/iOS;FBSV/11.1.2;FBSS/3;FBCR/Carrier;FBID/phone;FBLC/de_DE;FBOP/5;FBRV/82156572]"
82.218.100.58 - - [06/Dec/2017:07:07:28 +0100] "GET /wr.neustadt HTTP/1.1" 200 2988 "https://www.easydrivers.at/" "Mozilla/5.0 (Windows Phone 10.0; Android 6.0.1; Microsoft; Lumia 950) AppleWebKit/537.36 (KHTML, like Gecko) Chrome/52.0.2743.116 Mobile Safari/537.36 Edge/15.15254"
82.218.100.58 - - [06/Dec/2017:07:07:31 +0100] "GET /img/favicon.ico HTTP/1.1" 301 303 "-" "Mozilla/5.0 (Windows Phone 10.0; Android 6.0.1; Microsoft; Lumia 950) AppleWebKit/537.36 (KHTML, like Gecko) Chrome/52.0.2743.116 Mobile Safari/537.36 Edge/15.15254"
82.218.100.58 - - [06/Dec/2017:07:07:32 +0100] "GET /img/favicon.ico HTTP/1.1" 404 301 "-" "Mozilla/5.0 (Windows Phone 10.0; Android 6.0.1; Microsoft; Lumia 950) AppleWebKit/537.36 (KHTML, like Gecko) Chrome/52.0.2743.116 Mobile Safari/537.36 Edge/15.15254"
46.125.249.121 - - [06/Dec/2017:07:07:30 +0100] "GET /kapfenberg.pankl/pruefungstermine HTTP/1.1" 200 2939 "https://www.easydrivers.at/kapfenberg.pankl" "Mozilla/5.0 (Linux; Android 7.0; WAS-LX1 Build/HUAWEIWAS-LX1) AppleWebKit/537.36 (KHTML, like Gecko) Chrome/62.0.3202.84 Mobile Safari/537.36"
46.125.249.121 - - [06/Dec/2017:07:07:36 +0100] "GET /kapfenberg.pankl/kurse HTTP/1.1" 200 2866 "https://www.easydrivers.at/kapfenberg.pankl/pruefungstermine" "Mozilla/5.0 (Linux; Android 7.0; WAS-LX1 Build/HUAWEIWAS-LX1) AppleWebKit/537.36 (KHTML, like Gecko) Chrome/62.0.3202.84 Mobile Safari/537.36"
46.125.249.121 - - [06/Dec/2017:07:07:39 +0100] "GET /javascript/mobile-fahrschule-kurs-suchergebnis.js HTTP/1.1" 200 274 "https://www.easydrivers.at/kapfenberg.pankl/kurse" "Mozilla/5.0 (Linux; Android 7.0; WAS-LX1 Build/HUAWEIWAS-LX1) AppleWebKit/537.36 (KHTML, like Gecko) Chrome/62.0.3202.84 Mobile Safari/537.36"
213.162.68.163 - - [06/Dec/2017:07:07:40 +0100] "GET / HTTP/1.1" 301 293 "https://www.google.at/" "Mozilla/5.0 (iPhone; CPU iPhone OS 11_0_3 like Mac OS X) AppleWebKit/604.1.34 (KHTML, like Gecko) GSA/40.1.177082287 Mobile/15A432 Safari/604.1"
82.218.100.58 - - [06/Dec/2017:07:07:41 +0100] "-" 408 - "-" "-"
213.162.72.185 - - [06/Dec/2017:07:07:40 +0100] "GET / HTTP/1.1" 200 3554 "https://www.google.at/" "Mozilla/5.0 (iPhone; CPU iPhone OS 11_0_3 like Mac OS X) AppleWebKit/604.1.34 (KHTML, like Gecko) GSA/40.1.177082287 Mobile/15A432 Safari/604.1"
213.162.72.185 - - [06/Dec/2017:07:07:43 +0100] "GET /css/mobile.css HTTP/1.1" 200 2852 "https://www.easydrivers.at/" "Mozilla/5.0 (iPhone; CPU iPhone OS 11_0_3 like Mac OS X) AppleWebKit/604.1.34 (KHTML, like Gecko) GSA/40.1.177082287 Mobile/15A432 Safari/604.1"
213.162.72.185 - - [06/Dec/2017:07:07:43 +0100] "GET /javascript/mobile-menu.js HTTP/1.1" 200 1634 "https://www.easydrivers.at/" "Mozilla/5.0 (iPhone; CPU iPhone OS 11_0_3 like Mac OS X) AppleWebKit/604.1.34 (KHTML, like Gecko) GSA/40.1.177082287 Mobile/15A432 Safari/604.1"
213.162.72.185 - - [06/Dec/2017:07:07:43 +0100] "GET /javascript/jquery.cookie.js HTTP/1.1" 200 863 "https://www.easydrivers.at/" "Mozilla/5.0 (iPhone; CPU iPhone OS 11_0_3 like Mac OS X) AppleWebKit/604.1.34 (KHTML, like Gecko) GSA/40.1.177082287 Mobile/15A432 Safari/604.1"
213.162.72.185 - - [06/Dec/2017:07:07:43 +0100] "GET /javascript/jquery.simplemodal.js HTTP/1.1" 200 3070 "https://www.easydrivers.at/" "Mozilla/5.0 (iPhone; CPU iPhone OS 11_0_3 like Mac OS X) AppleWebKit/604.1.34 (KHTML, like Gecko) GSA/40.1.177082287 Mobile/15A432 Safari/604.1"
213.225.15.245 - - [06/Dec/2017:07:07:40 +0100] "GET /kapfenberg.pankl/img/mobile/info-button.png HTTP/1.1" 404 3128 "-" "Mozilla/5.0 (iPhone; CPU iPhone OS 11_0 like Mac OS X) AppleWebKit/604.1.38 (KHTML, like Gecko) Mobile/15A372 [FBAN/FBIOS;FBAV/151.0.0.61.202;FBBV/82156572;FBDV/iPhone8,1;FBMD/iPhone;FBSN/iOS;FBSV/11.0;FBSS/2;FBCR/A1;FBID/phone;FBLC/de_DE;FBOP/5;FBRV/82156572]"
213.162.72.185 - - [06/Dec/2017:07:07:43 +0100] "GET /javascript/mobile-homesearch.js HTTP/1.1" 200 340 "https://www.easydrivers.at/" "Mozilla/5.0 (iPhone; CPU iPhone OS 11_0_3 like Mac OS X) AppleWebKit/604.1.34 (KHTML, like Gecko) GSA/40.1.177082287 Mobile/15A432 Safari/604.1"
213.162.72.185 - - [06/Dec/2017:07:07:43 +0100] "GET /javascript/lazyload.js HTTP/1.1" 200 1170 "https://www.easydrivers.at/" "Mozilla/5.0 (iPhone; CPU iPhone OS 11_0_3 like Mac OS X) AppleWebKit/604.1.34 (KHTML, like Gecko) GSA/40.1.177082287 Mobile/15A432 Safari/604.1"
213.162.72.185 - - [06/Dec/2017:07:07:43 +0100] "GET /img/mobile/easydrivers-logo-mobile.png HTTP/1.1" 200 10766 "https://www.easydrivers.at/" "Mozilla/5.0 (iPhone; CPU iPhone OS 11_0_3 like Mac OS X) AppleWebKit/604.1.34 (KHTML, like Gecko) GSA/40.1.177082287 Mobile/15A432 Safari/604.1"
213.162.72.185 - - [06/Dec/2017:07:07:43 +0100] "GET /javascript/jquery-1.9.1.min.js HTTP/1.1" 200 32731 "https://www.easydrivers.at/" "Mozilla/5.0 (iPhone; CPU iPhone OS 11_0_3 like Mac OS X) AppleWebKit/604.1.34 (KHTML, like Gecko) GSA/40.1.177082287 Mobile/15A432 Safari/604.1"
213.162.72.185 - - [06/Dec/2017:07:07:43 +0100] "GET /img/mobile/menu-button.png HTTP/1.1" 200 1746 "https://www.easydrivers.at/" "Mozilla/5.0 (iPhone; CPU iPhone OS 11_0_3 like Mac OS X) AppleWebKit/604.1.34 (KHTML, like Gecko) GSA/40.1.177082287 Mobile/15A432 Safari/604.1"
213.162.72.185 - - [06/Dec/2017:07:07:43 +0100] "GET /img/mobile/close-button.png HTTP/1.1" 200 2411 "https://www.easydrivers.at/" "Mozilla/5.0 (iPhone; CPU iPhone OS 11_0_3 like Mac OS X) AppleWebKit/604.1.34 (KHTML, like Gecko) GSA/40.1.177082287 Mobile/15A432 Safari/604.1"
