77.119.130.2 - - [06/Dec/2017:07:00:52 +0100] "GET /hollabrunn/Grundkurs_Weihnachten_2017?FS=B HTTP/1.1" 200 3287 "http://m.facebook.com/" "Mozilla/5.0 (Linux; Android 6.0; HUAWEI VNS-L21 Build/HUAWEIVNS-L21; wv) AppleWebKit/537.36 (KHTML, like Gecko) Version/4.0 Chrome/62.0.3202.84 Mobile Safari/537.36 [FB_IAB/FB4A;FBAV/151.0.0.44.205;]"
213.162.72.177 - - [06/Dec/2017:07:01:02 +0100] "GET /linz/10286170?FS=B HTTP/1.1" 200 3158 "http://m.facebook.com/" "Mozilla/5.0 (Linux; Android 7.0; WAS-LX1 Build/HUAWEIWAS-LX1; wv) AppleWebKit/537.36 (KHTML, like Gecko) Version/4.0 Chrome/62.0.3202.84 Mobile Safari/537.36 [FB_IAB/FB4A;FBAV/151.0.0.44.205;]"
46.125.250.114 - - [06/Dec/2017:07:01:05 +0100] "GET /bludenz/ HTTP/1.1" 301 141 "https://lm.facebook.com/" "Mozilla/5.0 (iPhone; CPU iPhone OS 11_1_2 like Mac OS X) AppleWebKit/604.3.5 (KHTML, like Gecko) Version/11.0 Mobile/15B202 Safari/604.1"
213.225.5.200 - - [06/Dec/2017:07:01:03 +0100] "GET /perg/img/mobile/info-button.png HTTP/1.1" 404 3052 "-" "Mozilla/5.0 (iPhone; CPU iPhone OS 11_1_2 like Mac OS X) AppleWebKit/604.3.5 (KHTML, like Gecko) Mobile/15B202 [FBAN/FBIOS;FBAV/151.0.0.61.202;FBBV/82156572;FBDV/iPhone7,2;FBMD/iPhone;FBSN/iOS;FBSV/11.1.2;FBSS/2;FBCR/A1;FBID/phone;FBLC/de_DE;FBOP/5;FBRV/83160404]"
46.125.250.114 - - [06/Dec/2017:07:01:06 +0100] "GET /bludenz HTTP/1.1" 200 2940 "https://lm.facebook.com/" "Mozilla/5.0 (iPhone; CPU iPhone OS 11_1_2 like Mac OS X) AppleWebKit/604.3.5 (KHTML, like Gecko) Version/11.0 Mobile/15B202 Safari/604.1"
46.125.250.114 - - [06/Dec/2017:07:01:08 +0100] "GET /javascript/jquery.cookie.js HTTP/1.1" 200 863 "https://www.easydrivers.at/bludenz" "Mozilla/5.0 (iPhone; CPU iPhone OS 11_1_2 like Mac OS X) AppleWebKit/604.3.5 (KHTML, like Gecko) Version/11.0 Mobile/15B202 Safari/604.1"
46.125.250.114 - - [06/Dec/2017:07:01:08 +0100] "GET /javascript/jquery.simplemodal.js HTTP/1.1" 200 3070 "https://www.easydrivers.at/bludenz" "Mozilla/5.0 (iPhone; CPU iPhone OS 11_1_2 like Mac OS X) AppleWebKit/604.3.5 (KHTML, like Gecko) Version/11.0 Mobile/15B202 Safari/604.1"
46.125.250.114 - - [06/Dec/2017:07:01:08 +0100] "GET /javascript/lazyload.js HTTP/1.1" 200 1170 "https://www.easydrivers.at/bludenz" "Mozilla/5.0 (iPhone; CPU iPhone OS 11_1_2 like Mac OS X) AppleWebKit/604.3.5 (KHTML, like Gecko) Version/11.0 Mobile/15B202 Safari/604.1"
46.125.250.114 - - [06/Dec/2017:07:01:08 +0100] "GET /img/mobile/menu-button.png HTTP/1.1" 200 1746 "https://www.easydrivers.at/bludenz" "Mozilla/5.0 (iPhone; CPU iPhone OS 11_1_2 like Mac OS X) AppleWebKit/604.3.5 (KHTML, like Gecko) Version/11.0 Mobile/15B202 Safari/604.1"
46.125.250.114 - - [06/Dec/2017:07:01:08 +0100] "GET /img/mobile/close-button.png HTTP/1.1" 200 2411 "https://www.easydrivers.at/bludenz" "Mozilla/5.0 (iPhone; CPU iPhone OS 11_1_2 like Mac OS X) AppleWebKit/604.3.5 (KHTML, like Gecko) Version/11.0 Mobile/15B202 Safari/604.1"
46.125.250.114 - - [06/Dec/2017:07:01:08 +0100] "GET /img/mobile/googlemaps-pin.png HTTP/1.1" 200 1597 "https://www.easydrivers.at/bludenz" "Mozilla/5.0 (iPhone; CPU iPhone OS 11_1_2 like Mac OS X) AppleWebKit/604.3.5 (KHTML, like Gecko) Version/11.0 Mobile/15B202 Safari/604.1"
46.125.250.114 - - [06/Dec/2017:07:01:08 +0100] "GET /img/smallicon-phone.png HTTP/1.1" 200 3056 "https://www.easydrivers.at/bludenz" "Mozilla/5.0 (iPhone; CPU iPhone OS 11_1_2 like Mac OS X) AppleWebKit/604.3.5 (KHTML, like Gecko) Version/11.0 Mobile/15B202 Safari/604.1"
46.125.250.114 - - [06/Dec/2017:07:01:09 +0100] "GET /img/mobile/widget-icon-app.png HTTP/1.1" 200 3458 "https://www.easydrivers.at/bludenz" "Mozilla/5.0 (iPhone; CPU iPhone OS 11_1_2 like Mac OS X) AppleWebKit/604.3.5 (KHTML, like Gecko) Version/11.0 Mobile/15B202 Safari/604.1"
46.125.250.114 - - [06/Dec/2017:07:01:09 +0100] "GET /img/mobile/bg-header.jpg HTTP/1.1" 200 19741 "https://www.easydrivers.at/bludenz" "Mozilla/5.0 (iPhone; CPU iPhone OS 11_1_2 like Mac OS X) AppleWebKit/604.3.5 (KHTML, like Gecko) Version/11.0 Mobile/15B202 Safari/604.1"
46.125.250.114 - - [06/Dec/2017:07:01:09 +0100] "GET /img/mobile/pfeil-rechts.png HTTP/1.1" 200 1228 "https://www.easydrivers.at/bludenz" "Mozilla/5.0 (iPhone; CPU iPhone OS 11_1_2 like Mac OS X) AppleWebKit/604.3.5 (KHTML, like Gecko) Version/11.0 Mobile/15B202 Safari/604.1"
77.119.129.101 - - [06/Dec/2017:07:01:09 +0100] "GET /hollabrunn/Grundkurs_Weihnachten_2017?FS=B HTTP/1.1" 200 3287 "http://m.facebook.com" "Mozilla/5.0 (iPhone; CPU iPhone OS 11_1_2 like Mac OS X) AppleWebKit/604.3.5 (KHTML, like Gecko) Mobile/15B202 [FBAN/FBIOS;FBAV/151.0.0.61.202;FBBV/82156572;FBDV/iPhone8,1;FBMD/iPhone;FBSN/iOS;FBSV/11.1.2;FBSS/2;FBCR/3Austria;FBID/phone;FBLC/de_DE;FBOP/5;FBRV/82156572]"
94.136.13.132 - - [06/Dec/2017:07:01:17 +0100] "GET /easy_drivers_st._peterau/Weihnachtskurs-2017?FS=B HTTP/1.1" 200 3113 "http://m.facebook.com" "Mozilla/5.0 (iPhone; CPU iPhone OS 11_1_2 like Mac OS X) AppleWebKit/604.3.5 (KHTML, like Gecko) Mobile/15B202 [FBAN/FBIOS;FBAV/151.0.0.61.202;FBBV/82156572;FBDV/iPhone8,1;FBMD/iPhone;FBSN/iOS;FBSV/11.1.2;FBSS/2;FBCR/T-MobileA;FBID/phone;FBLC/de_DE;FBOP/5;FBRV/83160404]"
213.225.37.244 - - [06/Dec/2017:07:01:19 +0100] "GET /linz/10286170?FS=B HTTP/1.1" 200 3158 "http://m.facebook.com/" "Mozilla/5.0 (Linux; Android 6.0.1; SM-A520F Build/MMB29K; wv) AppleWebKit/537.36 (KHTML, like Gecko) Version/4.0 Chrome/62.0.3202.84 Mobile Safari/537.36 [FB_IAB/FB4A;FBAV/152.0.0.42.136;]"
213.225.5.200 - - [06/Dec/2017:07:01:33 +0100] "GET /perg/img/mobile/kursicon-phone.png HTTP/1.1" 404 3056 "-" "Mozilla/5.0 (iPhone; CPU iPhone OS 11_1_2 like Mac OS X) AppleWebKit/604.3.5 (KHTML, like Gecko) Mobile/15B202 [FBAN/FBIOS;FBAV/151.0.0.61.202;FBBV/82156572;FBDV/iPhone7,2;FBMD/iPhone;FBSN/iOS;FBSV/11.1.2;FBSS/2;FBCR/A1;FBID/phone;FBLC/de_DE;FBOP/5;FBRV/83160404]"
213.225.5.200 - - [06/Dec/2017:07:01:33 +0100] "GET /perg/img/mobile/close-button.png HTTP/1.1" 404 3052 "-" "Mozilla/5.0 (iPhone; CPU iPhone OS 11_1_2 like Mac OS X) AppleWebKit/604.3.5 (KHTML, like Gecko) Mobile/15B202 [FBAN/FBIOS;FBAV/151.0.0.61.202;FBBV/82156572;FBDV/iPhone7,2;FBMD/iPhone;FBSN/iOS;FBSV/11.1.2;FBSS/2;FBCR/A1;FBID/phone;FBLC/de_DE;FBOP/5;FBRV/83160404]"
81.5.241.123 - - [06/Dec/2017:07:01:45 +0100] "GET /hollabrunn/Grundkurs_Weihnachten_2017?FS=B HTTP/1.1" 200 3287 "http://m.facebook.com" "Mozilla/5.0 (iPhone; CPU iPhone OS 11_1_2 like Mac OS X) AppleWebKit/604.3.5 (KHTML, like Gecko) Mobile/15B202 [FBAN/FBIOS;FBAV/150.0.0.32.132;FBBV/80278251;FBDV/iPhone7,2;FBMD/iPhone;FBSN/iOS;FBSV/11.1.2;FBSS/2;FBCR/3Austria;FBID/phone;FBLC/en_GB;FBOP/5;FBRV/82362498]"
66.249.81.76 - - [06/Dec/2017:07:01:59 +0100] "GET /tulln HTTP/1.1" 301 297 "https://www.google.at/" "Mozilla/5.0 (Linux; Android 6.0; LG-K350 Build/MRA58K) AppleWebKit/537.36 (KHTML, like Gecko) Chrome/62.0.3202.84 Mobile Safari/537.36"
213.162.72.243 - - [06/Dec/2017:07:01:59 +0100] "GET /tulln HTTP/1.1" 200 2879 "https://www.google.at/" "Mozilla/5.0 (Linux; Android 6.0; LG-K350 Build/MRA58K) AppleWebKit/537.36 (KHTML, like Gecko) Chrome/62.0.3202.84 Mobile Safari/537.36"
213.162.72.243 - - [06/Dec/2017:07:02:01 +0100] "GET /css/mobile.css HTTP/1.1" 200 2852 "https://www.easydrivers.at/tulln" "Mozilla/5.0 (Linux; Android 6.0; LG-K350 Build/MRA58K) AppleWebKit/537.36 (KHTML, like Gecko) Chrome/62.0.3202.84 Mobile Safari/537.36"
213.162.72.243 - - [06/Dec/2017:07:02:01 +0100] "GET /javascript/jquery.cookie.js HTTP/1.1" 200 863 "https://www.easydrivers.at/tulln" "Mozilla/5.0 (Linux; Android 6.0; LG-K350 Build/MRA58K) AppleWebKit/537.36 (KHTML, like Gecko) Chrome/62.0.3202.84 Mobile Safari/537.36"
213.162.72.243 - - [06/Dec/2017:07:02:01 +0100] "GET /javascript/mobile-menu.js HTTP/1.1" 200 1634 "https://www.easydrivers.at/tulln" "Mozilla/5.0 (Linux; Android 6.0; LG-K350 Build/MRA58K) AppleWebKit/537.36 (KHTML, like Gecko) Chrome/62.0.3202.84 Mobile Safari/537.36"
213.162.72.243 - - [06/Dec/2017:07:02:01 +0100] "GET /javascript/jquery-1.9.1.min.js HTTP/1.1" 200 32731 "https://www.easydrivers.at/tulln" "Mozilla/5.0 (Linux; Android 6.0; LG-K350 Build/MRA58K) AppleWebKit/537.36 (KHTML, like Gecko) Chrome/62.0.3202.84 Mobile Safari/537.36"
213.162.72.243 - - [06/Dec/2017:07:02:02 +0100] "GET /javascript/jquery.simplemodal.js HTTP/1.1" 200 3070 "https://www.easydrivers.at/tulln" "Mozilla/5.0 (Linux; Android 6.0; LG-K350 Build/MRA58K) AppleWebKit/537.36 (KHTML, like Gecko) Chrome/62.0.3202.84 Mobile Safari/537.36"
213.162.72.243 - - [06/Dec/2017:07:02:02 +0100] "GET /javascript/mobile-fahrschule.js HTTP/1.1" 200 328 "https://www.easydrivers.at/tulln" "Mozilla/5.0 (Linux; Android 6.0; LG-K350 Build/MRA58K) AppleWebKit/537.36 (KHTML, like Gecko) Chrome/62.0.3202.84 Mobile Safari/537.36"
213.162.72.243 - - [06/Dec/2017:07:02:02 +0100] "GET /img/mobile/bg-top-section.jpg HTTP/1.1" 200 21711 "https://www.easydrivers.at/css/mobile.css" "Mozilla/5.0 (Linux; Android 6.0; LG-K350 Build/MRA58K) AppleWebKit/537.36 (KHTML, like Gecko) Chrome/62.0.3202.84 Mobile Safari/537.36"
213.162.72.243 - - [06/Dec/2017:07:02:02 +0100] "GET /img/mobile/pfeil-rechts.png HTTP/1.1" 200 1228 "https://www.easydrivers.at/css/mobile.css" "Mozilla/5.0 (Linux; Android 6.0; LG-K350 Build/MRA58K) AppleWebKit/537.36 (KHTML, like Gecko) Chrome/62.0.3202.84 Mobile Safari/537.36"
213.162.72.243 - - [06/Dec/2017:07:02:02 +0100] "GET /javascript/lazyload.js HTTP/1.1" 200 1170 "https://www.easydrivers.at/tulln" "Mozilla/5.0 (Linux; Android 6.0; LG-K350 Build/MRA58K) AppleWebKit/537.36 (KHTML, like Gecko) Chrome/62.0.3202.84 Mobile Safari/537.36"
213.162.72.243 - - [06/Dec/2017:07:02:02 +0100] "GET /img/mobile/bg-header.jpg HTTP/1.1" 200 19741 "https://www.easydrivers.at/css/mobile.css" "Mozilla/5.0 (Linux; Android 6.0; LG-K350 Build/MRA58K) AppleWebKit/537.36 (KHTML, like Gecko) Chrome/62.0.3202.84 Mobile Safari/537.36"
213.162.72.243 - - [06/Dec/2017:07:02:02 +0100] "GET /img/mobile/easydrivers-logo-mobile.png HTTP/1.1" 200 10766 "https://www.easydrivers.at/tulln" "Mozilla/5.0 (Linux; Android 6.0; LG-K350 Build/MRA58K) AppleWebKit/537.36 (KHTML, like Gecko) Chrome/62.0.3202.84 Mobile Safari/537.36"
213.162.72.243 - - [06/Dec/2017:07:02:02 +0100] "GET /img/mobile/menu-button.png HTTP/1.1" 200 1746 "https://www.easydrivers.at/tulln" "Mozilla/5.0 (Linux; Android 6.0; LG-K350 Build/MRA58K) AppleWebKit/537.36 (KHTML, like Gecko) Chrome/62.0.3202.84 Mobile Safari/537.36"
213.162.72.243 - - [06/Dec/2017:07:02:02 +0100] "GET /img/mobile/close-button.png HTTP/1.1" 200 2411 "https://www.easydrivers.at/tulln" "Mozilla/5.0 (Linux; Android 6.0; LG-K350 Build/MRA58K) AppleWebKit/537.36 (KHTML, like Gecko) Chrome/62.0.3202.84 Mobile Safari/537.36"
213.162.72.243 - - [06/Dec/2017:07:02:02 +0100] "GET /img/mobile/facebook-icon.png HTTP/1.1" 200 1902 "https://www.easydrivers.at/tulln" "Mozilla/5.0 (Linux; Android 6.0; LG-K350 Build/MRA58K) AppleWebKit/537.36 (KHTML, like Gecko) Chrome/62.0.3202.84 Mobile Safari/537.36"
213.162.72.243 - - [06/Dec/2017:07:02:02 +0100] "GET /img/mobile/info-button.png HTTP/1.1" 200 1549 "https://www.easydrivers.at/tulln" "Mozilla/5.0 (Linux; Android 6.0; LG-K350 Build/MRA58K) AppleWebKit/537.36 (KHTML, like Gecko) Chrome/62.0.3202.84 Mobile Safari/537.36"
213.162.72.243 - - [06/Dec/2017:07:02:02 +0100] "GET /img/mobile/info-close-button.png HTTP/1.1" 200 1721 "https://www.easydrivers.at/tulln" "Mozilla/5.0 (Linux; Android 6.0; LG-K350 Build/MRA58K) AppleWebKit/537.36 (KHTML, like Gecko) Chrome/62.0.3202.84 Mobile Safari/537.36"
213.162.72.243 - - [06/Dec/2017:07:02:02 +0100] "GET /img/smallicon-person.png HTTP/1.1" 200 1141 "https://www.easydrivers.at/tulln" "Mozilla/5.0 (Linux; Android 6.0; LG-K350 Build/MRA58K) AppleWebKit/537.36 (KHTML, like Gecko) Chrome/62.0.3202.84 Mobile Safari/537.36"
213.162.72.243 - - [06/Dec/2017:07:02:02 +0100] "GET /img/smallicon-address.png HTTP/1.1" 200 1211 "https://www.easydrivers.at/tulln" "Mozilla/5.0 (Linux; Android 6.0; LG-K350 Build/MRA58K) AppleWebKit/537.36 (KHTML, like Gecko) Chrome/62.0.3202.84 Mobile Safari/537.36"
213.162.72.243 - - [06/Dec/2017:07:02:02 +0100] "GET /img/smallicon-time.png HTTP/1.1" 200 1262 "https://www.easydrivers.at/tulln" "Mozilla/5.0 (Linux; Android 6.0; LG-K350 Build/MRA58K) AppleWebKit/537.36 (KHTML, like Gecko) Chrome/62.0.3202.84 Mobile Safari/537.36"
213.162.72.243 - - [06/Dec/2017:07:02:02 +0100] "GET /img/mobile/googlemaps-pin.png HTTP/1.1" 200 1597 "https://www.easydrivers.at/tulln" "Mozilla/5.0 (Linux; Android 6.0; LG-K350 Build/MRA58K) AppleWebKit/537.36 (KHTML, like Gecko) Chrome/62.0.3202.84 Mobile Safari/537.36"
213.162.72.243 - - [06/Dec/2017:07:02:02 +0100] "GET /img/smallicon-phone.png HTTP/1.1" 200 3056 "https://www.easydrivers.at/tulln" "Mozilla/5.0 (Linux; Android 6.0; LG-K350 Build/MRA58K) AppleWebKit/537.36 (KHTML, like Gecko) Chrome/62.0.3202.84 Mobile Safari/537.36"
213.162.72.243 - - [06/Dec/2017:07:02:02 +0100] "GET /img/mobile/widget-icon-app.png HTTP/1.1" 200 3458 "https://www.easydrivers.at/tulln" "Mozilla/5.0 (Linux; Android 6.0; LG-K350 Build/MRA58K) AppleWebKit/537.36 (KHTML, like Gecko) Chrome/62.0.3202.84 Mobile Safari/537.36"
213.162.72.243 - - [06/Dec/2017:07:02:02 +0100] "GET /img/smallicon-mail.png HTTP/1.1" 200 1341 "https://www.easydrivers.at/tulln" "Mozilla/5.0 (Linux; Android 6.0; LG-K350 Build/MRA58K) AppleWebKit/537.36 (KHTML, like Gecko) Chrome/62.0.3202.84 Mobile Safari/537.36"
213.162.72.243 - - [06/Dec/2017:07:02:02 +0100] "GET /img/mobile/bg-menu.jpg HTTP/1.1" 200 1698 "https://www.easydrivers.at/css/mobile.css" "Mozilla/5.0 (Linux; Android 6.0; LG-K350 Build/MRA58K) AppleWebKit/537.36 (KHTML, like Gecko) Chrome/62.0.3202.84 Mobile Safari/537.36"
87.250.224.32 - - [06/Dec/2017:07:02:00 +0100] "GET /klagenfurt/10287367?FS=BE96 HTTP/1.1" 410 3415 "-" "Mozilla/5.0 (compatible; YandexBot/3.0; +http://yandex.com/bots)"
66.249.81.76 - - [06/Dec/2017:07:02:03 +0100] "GET /img/favicon.ico HTTP/1.1" 301 303 "-" "Mozilla/5.0 (Linux; Android 6.0; LG-K350 Build/MRA58K) AppleWebKit/537.36 (KHTML, like Gecko) Chrome/62.0.3202.84 Mobile Safari/537.36"
213.162.72.243 - - [06/Dec/2017:07:02:03 +0100] "GET /img/favicon.ico HTTP/1.1" 404 301 "-" "Mozilla/5.0 (Linux; Android 6.0; LG-K350 Build/MRA58K) AppleWebKit/537.36 (KHTML, like Gecko) Chrome/62.0.3202.84 Mobile Safari/537.36"
87.250.224.32 - - [06/Dec/2017:07:02:03 +0100] "GET /klagenfurt/10287394?FS=BE96 HTTP/1.1" 200 5722 "-" "Mozilla/5.0 (compatible; YandexBot/3.0; +http://yandex.com/bots)"
213.225.5.200 - - [06/Dec/2017:07:02:03 +0100] "GET /perg/img/smallicon-person.png HTTP/1.1" 404 3053 "-" "Mozilla/5.0 (iPhone; CPU iPhone OS 11_1_2 like Mac OS X) AppleWebKit/604.3.5 (KHTML, like Gecko) Mobile/15B202 [FBAN/FBIOS;FBAV/151.0.0.61.202;FBBV/82156572;FBDV/iPhone7,2;FBMD/iPhone;FBSN/iOS;FBSV/11.1.2;FBSS/2;FBCR/A1;FBID/phone;FBLC/de_DE;FBOP/5;FBRV/83160404]"
213.162.72.243 - - [06/Dec/2017:07:02:07 +0100] "POST /tulln/kursauswahl HTTP/1.1" 200 2865 "https://www.easydrivers.at/tulln" "Mozilla/5.0 (Linux; Android 6.0; LG-K350 Build/MRA58K) AppleWebKit/537.36 (KHTML, like Gecko) Chrome/62.0.3202.84 Mobile Safari/537.36"
213.162.72.243 - - [06/Dec/2017:07:02:10 +0100] "GET /javascript/mobile-fahrschule-kurs-suchergebnis.js HTTP/1.1" 200 274 "https://www.easydrivers.at/tulln/kursauswahl" "Mozilla/5.0 (Linux; Android 6.0; LG-K350 Build/MRA58K) AppleWebKit/537.36 (KHTML, like Gecko) Chrome/62.0.3202.84 Mobile Safari/537.36"
213.162.72.243 - - [06/Dec/2017:07:02:10 +0100] "GET /img/mobile/bg-yellow.jpg HTTP/1.1" 200 1569 "https://www.easydrivers.at/css/mobile.css" "Mozilla/5.0 (Linux; Android 6.0; LG-K350 Build/MRA58K) AppleWebKit/537.36 (KHTML, like Gecko) Chrome/62.0.3202.84 Mobile Safari/537.36"
213.162.72.243 - - [06/Dec/2017:07:02:10 +0100] "GET /img/mobile/pfeil-links-small.png HTTP/1.1" 200 1065 "https://www.easydrivers.at/css/mobile.css" "Mozilla/5.0 (Linux; Android 6.0; LG-K350 Build/MRA58K) AppleWebKit/537.36 (KHTML, like Gecko) Chrome/62.0.3202.84 Mobile Safari/537.36"
213.162.72.243 - - [06/Dec/2017:07:02:27 +0100] "GET / HTTP/1.1" 200 3554 "https://www.easydrivers.at/tulln/kursauswahl" "Mozilla/5.0 (Linux; Android 6.0; LG-K350 Build/MRA58K) AppleWebKit/537.36 (KHTML, like Gecko) Chrome/62.0.3202.84 Mobile Safari/537.36"
213.162.72.243 - - [06/Dec/2017:07:02:28 +0100] "GET /javascript/mobile-homesearch.js HTTP/1.1" 200 340 "https://www.easydrivers.at/" "Mozilla/5.0 (Linux; Android 6.0; LG-K350 Build/MRA58K) AppleWebKit/537.36 (KHTML, like Gecko) Chrome/62.0.3202.84 Mobile Safari/537.36"
213.225.5.200 - - [06/Dec/2017:07:02:34 +0100] "GET /perg/img/mobile/info-close-button.png HTTP/1.1" 404 3056 "-" "Mozilla/5.0 (iPhone; CPU iPhone OS 11_1_2 like Mac OS X) AppleWebKit/604.3.5 (KHTML, like Gecko) Mobile/15B202 [FBAN/FBIOS;FBAV/151.0.0.61.202;FBBV/82156572;FBDV/iPhone7,2;FBMD/iPhone;FBSN/iOS;FBSV/11.1.2;FBSS/2;FBCR/A1;FBID/phone;FBLC/de_DE;FBOP/5;FBRV/83160404]"
194.48.32.17 - - [06/Dec/2017:07:02:39 +0100] "GET /linz HTTP/1.1" 301 297 "http://www.google.at/url?sa=t&rct=j&q=&esrc=s&source=web&cd=1&ved=0ahUKEwiK3-mV2_TXAhXOL1AKHVPGAaMQFggvMAA&url=http%3A%2F%2Fwww.easydrivers.at%2Flinz&usg=AOvVaw18PQGjOop4eRMeYJT1xsoB" "Mozilla/5.0 (Windows NT 6.1; Trident/7.0; rv:11.0) like Gecko"
213.162.72.243 - - [06/Dec/2017:07:02:39 +0100] "GET /img/loading-bars.gif HTTP/1.1" 200 3951 "https://www.easydrivers.at/css/mobile.css" "Mozilla/5.0 (Linux; Android 6.0; LG-K350 Build/MRA58K) AppleWebKit/537.36 (KHTML, like Gecko) Chrome/62.0.3202.84 Mobile Safari/537.36"
194.48.32.17 - - [06/Dec/2017:07:02:39 +0100] "GET /linz HTTP/1.1" 200 3530 "http://www.google.at/url?sa=t&rct=j&q=&esrc=s&source=web&cd=1&ved=0ahUKEwiK3-mV2_TXAhXOL1AKHVPGAaMQFggvMAA&url=http%3A%2F%2Fwww.easydrivers.at%2Flinz&usg=AOvVaw18PQGjOop4eRMeYJT1xsoB" "Mozilla/5.0 (Windows NT 6.1; Trident/7.0; rv:11.0) like Gecko"
194.48.32.17 - - [06/Dec/2017:07:02:41 +0100] "GET /css/style.css HTTP/1.1" 200 5004 "https://www.easydrivers.at/linz" "Mozilla/5.0 (Windows NT 6.1; Trident/7.0; rv:11.0) like Gecko"
194.48.32.17 - - [06/Dec/2017:07:02:41 +0100] "GET /css/print.css HTTP/1.1" 200 967 "https://www.easydrivers.at/linz" "Mozilla/5.0 (Windows NT 6.1; Trident/7.0; rv:11.0) like Gecko"
194.48.32.17 - - [06/Dec/2017:07:02:41 +0100] "GET /javascript/lazyload.js HTTP/1.1" 200 1170 "https://www.easydrivers.at/linz" "Mozilla/5.0 (Windows NT 6.1; Trident/7.0; rv:11.0) like Gecko"
194.48.32.17 - - [06/Dec/2017:07:02:41 +0100] "GET /javascript/portal.js?1221842734 HTTP/1.1" 200 3529 "https://www.easydrivers.at/linz" "Mozilla/5.0 (Windows NT 6.1; Trident/7.0; rv:11.0) like Gecko"
194.48.32.17 - - [06/Dec/2017:07:02:41 +0100] "GET /javascript/jquery.cookie.js HTTP/1.1" 200 863 "https://www.easydrivers.at/linz" "Mozilla/5.0 (Windows NT 6.1; Trident/7.0; rv:11.0) like Gecko"
194.48.32.17 - - [06/Dec/2017:07:02:41 +0100] "GET /img/facebook-icon.png HTTP/1.1" 200 1506 "https://www.easydrivers.at/linz" "Mozilla/5.0 (Windows NT 6.1; Trident/7.0; rv:11.0) like Gecko"
194.48.32.17 - - [06/Dec/2017:07:02:41 +0100] "GET /javascript/jquery.simplemodal.js HTTP/1.1" 200 3070 "https://www.easydrivers.at/linz" "Mozilla/5.0 (Windows NT 6.1; Trident/7.0; rv:11.0) like Gecko"
194.48.32.17 - - [06/Dec/2017:07:02:41 +0100] "GET /img/close-button.png HTTP/1.1" 200 2237 "https://www.easydrivers.at/linz" "Mozilla/5.0 (Windows NT 6.1; Trident/7.0; rv:11.0) like Gecko"
194.48.32.17 - - [06/Dec/2017:07:02:41 +0100] "GET /javascript/jquery.customSelect.min.js HTTP/1.1" 200 912 "https://www.easydrivers.at/linz" "Mozilla/5.0 (Windows NT 6.1; Trident/7.0; rv:11.0) like Gecko"
194.48.32.17 - - [06/Dec/2017:07:02:41 +0100] "GET /cache/emu/images/easy-drivers-portal10293349/fb-aktion2jpg_160_84_0.jpg HTTP/1.1" 200 5082 "https://www.easydrivers.at/linz" "Mozilla/5.0 (Windows NT 6.1; Trident/7.0; rv:11.0) like Gecko"
194.48.32.17 - - [06/Dec/2017:07:02:41 +0100] "GET /javascript/fahrschule.js HTTP/1.1" 200 462 "https://www.easydrivers.at/linz" "Mozilla/5.0 (Windows NT 6.1; Trident/7.0; rv:11.0) like Gecko"
194.48.32.17 - - [06/Dec/2017:07:02:41 +0100] "GET /img/info-button.png HTTP/1.1" 200 738 "https://www.easydrivers.at/linz" "Mozilla/5.0 (Windows NT 6.1; Trident/7.0; rv:11.0) like Gecko"
194.48.32.17 - - [06/Dec/2017:07:02:41 +0100] "GET /img/locator-icon.png HTTP/1.1" 200 1377 "https://www.easydrivers.at/linz" "Mozilla/5.0 (Windows NT 6.1; Trident/7.0; rv:11.0) like Gecko"
194.48.32.17 - - [06/Dec/2017:07:02:41 +0100] "GET /img/submit-button.png HTTP/1.1" 200 1958 "https://www.easydrivers.at/linz" "Mozilla/5.0 (Windows NT 6.1; Trident/7.0; rv:11.0) like Gecko"
194.48.32.17 - - [06/Dec/2017:07:02:41 +0100] "GET /img/close-button-small.png HTTP/1.1" 200 1671 "https://www.easydrivers.at/linz" "Mozilla/5.0 (Windows NT 6.1; Trident/7.0; rv:11.0) like Gecko"
194.48.32.17 - - [06/Dec/2017:07:02:41 +0100] "GET /img/empty.gif HTTP/1.1" 200 43 "https://www.easydrivers.at/linz" "Mozilla/5.0 (Windows NT 6.1; Trident/7.0; rv:11.0) like Gecko"
194.48.32.17 - - [06/Dec/2017:07:02:41 +0100] "GET /cache/emu/images/easy-drivers-portal10280670/fahrsicherheitstraining-foto-playpng_160_90_0.png HTTP/1.1" 200 28455 "https://www.easydrivers.at/linz" "Mozilla/5.0 (Windows NT 6.1; Trident/7.0; rv:11.0) like Gecko"
194.48.32.17 - - [06/Dec/2017:07:02:41 +0100] "GET /img/schweiz-icon.png HTTP/1.1" 200 1504 "https://www.easydrivers.at/linz" "Mozilla/5.0 (Windows NT 6.1; Trident/7.0; rv:11.0) like Gecko"
194.48.32.17 - - [06/Dec/2017:07:02:42 +0100] "GET /img/bg-header.jpg HTTP/1.1" 200 38680 "https://www.easydrivers.at/linz" "Mozilla/5.0 (Windows NT 6.1; Trident/7.0; rv:11.0) like Gecko"
194.48.32.17 - - [06/Dec/2017:07:02:42 +0100] "GET /img/kursicon-download-pink.png HTTP/1.1" 200 1213 "https://www.easydrivers.at/linz" "Mozilla/5.0 (Windows NT 6.1; Trident/7.0; rv:11.0) like Gecko"
194.48.32.17 - - [06/Dec/2017:07:02:42 +0100] "GET /img/kursicon-share-pink.png HTTP/1.1" 200 1277 "https://www.easydrivers.at/linz" "Mozilla/5.0 (Windows NT 6.1; Trident/7.0; rv:11.0) like Gecko"
194.48.32.17 - - [06/Dec/2017:07:02:42 +0100] "GET /img/kursicon-phone-pink.png HTTP/1.1" 200 1286 "https://www.easydrivers.at/linz" "Mozilla/5.0 (Windows NT 6.1; Trident/7.0; rv:11.0) like Gecko"
194.48.32.17 - - [06/Dec/2017:07:02:42 +0100] "GET /img/kursicon-print-pink.png HTTP/1.1" 200 1125 "https://www.easydrivers.at/linz" "Mozilla/5.0 (Windows NT 6.1; Trident/7.0; rv:11.0) like Gecko"
194.48.32.17 - - [06/Dec/2017:07:02:42 +0100] "GET /img/bg-footer.jpg HTTP/1.1" 200 31770 "https://www.easydrivers.at/linz" "Mozilla/5.0 (Windows NT 6.1; Trident/7.0; rv:11.0) like Gecko"
194.48.32.17 - - [06/Dec/2017:07:02:42 +0100] "GET /img/purple-dots-horizontal.png HTTP/1.1" 200 977 "https://www.easydrivers.at/linz" "Mozilla/5.0 (Windows NT 6.1; Trident/7.0; rv:11.0) like Gecko"
194.48.32.17 - - [06/Dec/2017:07:02:42 +0100] "GET /img/ED_Logo.png HTTP/1.1" 200 3385 "https://www.easydrivers.at/linz" "Mozilla/5.0 (Windows NT 6.1; Trident/7.0; rv:11.0) like Gecko"
194.48.32.17 - - [06/Dec/2017:07:02:42 +0100] "GET /img/yellow-dots-vertical.png HTTP/1.1" 200 981 "https://www.easydrivers.at/linz" "Mozilla/5.0 (Windows NT 6.1; Trident/7.0; rv:11.0) like Gecko"
194.48.32.17 - - [06/Dec/2017:07:02:42 +0100] "GET /img/bg-top-section.jpg HTTP/1.1" 200 82172 "https://www.easydrivers.at/linz" "Mozilla/5.0 (Windows NT 6.1; Trident/7.0; rv:11.0) like Gecko"
213.162.72.243 - - [06/Dec/2017:07:02:39 +0100] "POST /suche HTTP/1.1" 200 8351 "https://www.easydrivers.at/" "Mozilla/5.0 (Linux; Android 6.0; LG-K350 Build/MRA58K) AppleWebKit/537.36 (KHTML, like Gecko) Chrome/62.0.3202.84 Mobile Safari/537.36"
213.162.72.243 - - [06/Dec/2017:07:02:42 +0100] "GET /javascript/mobile-kurs-suchergebnis.js HTTP/1.1" 200 382 "https://www.easydrivers.at/suche" "Mozilla/5.0 (Linux; Android 6.0; LG-K350 Build/MRA58K) AppleWebKit/537.36 (KHTML, like Gecko) Chrome/62.0.3202.84 Mobile Safari/537.36"
194.48.32.17 - - [06/Dec/2017:07:02:42 +0100] "GET /img/new_favicon.ico HTTP/1.1" 301 306 "-" "Mozilla/5.0 (Windows NT 6.1; Trident/7.0; rv:11.0) like Gecko"
213.162.72.243 - - [06/Dec/2017:07:02:42 +0100] "GET /img/mobile/smallicon-address.png HTTP/1.1" 200 1424 "https://www.easydrivers.at/suche" "Mozilla/5.0 (Linux; Android 6.0; LG-K350 Build/MRA58K) AppleWebKit/537.36 (KHTML, like Gecko) Chrome/62.0.3202.84 Mobile Safari/537.36"
213.162.72.243 - - [06/Dec/2017:07:02:42 +0100] "GET /img/mobile/smallicon-time.png HTTP/1.1" 200 1328 "https://www.easydrivers.at/suche" "Mozilla/5.0 (Linux; Android 6.0; LG-K350 Build/MRA58K) AppleWebKit/537.36 (KHTML, like Gecko) Chrome/62.0.3202.84 Mobile Safari/537.36"
213.162.72.243 - - [06/Dec/2017:07:02:42 +0100] "GET /img/mobile/smallicon-phone.png HTTP/1.1" 200 1311 "https://www.easydrivers.at/suche" "Mozilla/5.0 (Linux; Android 6.0; LG-K350 Build/MRA58K) AppleWebKit/537.36 (KHTML, like Gecko) Chrome/62.0.3202.84 Mobile Safari/537.36"
213.162.72.243 - - [06/Dec/2017:07:02:42 +0100] "GET /img/mobile/smallicon-mail.png HTTP/1.1" 200 1335 "https://www.easydrivers.at/suche" "Mozilla/5.0 (Linux; Android 6.0; LG-K350 Build/MRA58K) AppleWebKit/537.36 (KHTML, like Gecko) Chrome/62.0.3202.84 Mobile Safari/537.36"
213.162.72.243 - - [06/Dec/2017:07:02:43 +0100] "GET /img/mobile/weiter-button.png HTTP/1.1" 200 1670 "https://www.easydrivers.at/css/mobile.css" "Mozilla/5.0 (Linux; Android 6.0; LG-K350 Build/MRA58K) AppleWebKit/537.36 (KHTML, like Gecko) Chrome/62.0.3202.84 Mobile Safari/537.36"
194.48.32.17 - - [06/Dec/2017:07:02:43 +0100] "GET /img/new_favicon.ico HTTP/1.1" 200 1150 "-" "Mozilla/5.0 (Windows NT 6.1; Trident/7.0; rv:11.0) like Gecko"
95.143.238.149 - - [06/Dec/2017:07:02:54 +0100] "GET /hollabrunn/Grundkurs_Weihnachten_2017?FS=B HTTP/1.1" 200 3287 "http://m.facebook.com/" "Mozilla/5.0 (Linux; Android 5.1.1; SM-J320F Build/LMY47V; wv) AppleWebKit/537.36 (KHTML, like Gecko) Version/4.0 Chrome/62.0.3202.84 Mobile Safari/537.36 [FB_IAB/FB4A;FBAV/152.0.0.42.136;]"
207.182.140.213 - - [06/Dec/2017:07:02:58 +0100] "GET /waidhofen.ybbs/ HTTP/1.1" 301 402 "-" "Mozilla/5.0 (Windows NT 6.1; Win64; x64; +http://www.komodia.com/newwiki/index.php/URL_server_crawler) KomodiaBot/1.0"
87.250.224.32 - - [06/Dec/2017:07:03:01 +0100] "GET /am.spitz/10280865?FS=B HTTP/1.1" 200 5568 "-" "Mozilla/5.0 (compatible; YandexBot/3.0; +http://yandex.com/bots)"
87.250.224.32 - - [06/Dec/2017:07:03:04 +0100] "GET /javascript/suche.js HTTP/1.1" 200 209 "https://www.easydrivers.at/am.spitz/10280865?FS=B" "Mozilla/5.0 (compatible; YandexBot/3.0; +http://yandex.com/bots)"
178.154.171.72 - - [06/Dec/2017:07:03:05 +0100] "GET /javascript/jquery.showLoading.min.js HTTP/1.1" 200 1136 "https://www.easydrivers.at/am.spitz/10280865?FS=B" "Mozilla/5.0 (compatible; YandexBot/3.0; +http://yandex.com/bots)"
144.76.165.238 - - [06/Dec/2017:07:03:05 +0100] "GET / HTTP/1.1" 301 293 "-" "Opendi Screenshot Bot bot@opendi.com"
87.250.224.32 - - [06/Dec/2017:07:03:06 +0100] "GET /css/showLoading.css HTTP/1.1" 200 219 "https://www.easydrivers.at/am.spitz/10280865?FS=B" "Mozilla/5.0 (compatible; YandexBot/3.0; +http://yandex.com/bots)"
213.225.5.200 - - [06/Dec/2017:07:03:03 +0100] "GET /perg/img/smallicon-time.png HTTP/1.1" 404 3055 "-" "Mozilla/5.0 (iPhone; CPU iPhone OS 11_1_2 like Mac OS X) AppleWebKit/604.3.5 (KHTML, like Gecko) Mobile/15B202 [FBAN/FBIOS;FBAV/151.0.0.61.202;FBBV/82156572;FBDV/iPhone7,2;FBMD/iPhone;FBSN/iOS;FBSV/11.1.2;FBSS/2;FBCR/A1;FBID/phone;FBLC/de_DE;FBOP/5;FBRV/83160404]"
194.48.32.17 - - [06/Dec/2017:07:03:05 +0100] "GET /fuehrerscheine/auto HTTP/1.1" 200 3372 "https://www.easydrivers.at/linz" "Mozilla/5.0 (Windows NT 6.1; Trident/7.0; rv:11.0) like Gecko"
194.48.32.17 - - [06/Dec/2017:07:03:06 +0100] "GET /css/style.css HTTP/1.1" 304 - "https://www.easydrivers.at/fuehrerscheine/auto" "Mozilla/5.0 (Windows NT 6.1; Trident/7.0; rv:11.0) like Gecko"
194.48.32.17 - - [06/Dec/2017:07:03:06 +0100] "GET /css/print.css HTTP/1.1" 304 - "https://www.easydrivers.at/fuehrerscheine/auto" "Mozilla/5.0 (Windows NT 6.1; Trident/7.0; rv:11.0) like Gecko"
194.48.32.17 - - [06/Dec/2017:07:03:06 +0100] "GET /javascript/jquery.customSelect.min.js HTTP/1.1" 304 - "https://www.easydrivers.at/fuehrerscheine/auto" "Mozilla/5.0 (Windows NT 6.1; Trident/7.0; rv:11.0) like Gecko"
194.48.32.17 - - [06/Dec/2017:07:03:06 +0100] "GET /javascript/jquery.simplemodal.js HTTP/1.1" 304 - "https://www.easydrivers.at/fuehrerscheine/auto" "Mozilla/5.0 (Windows NT 6.1; Trident/7.0; rv:11.0) like Gecko"
194.48.32.17 - - [06/Dec/2017:07:03:06 +0100] "GET /javascript/lazyload.js HTTP/1.1" 304 - "https://www.easydrivers.at/fuehrerscheine/auto" "Mozilla/5.0 (Windows NT 6.1; Trident/7.0; rv:11.0) like Gecko"
194.48.32.17 - - [06/Dec/2017:07:03:06 +0100] "GET /javascript/portal.js?1221842734 HTTP/1.1" 304 - "https://www.easydrivers.at/fuehrerscheine/auto" "Mozilla/5.0 (Windows NT 6.1; Trident/7.0; rv:11.0) like Gecko"
194.48.32.17 - - [06/Dec/2017:07:03:06 +0100] "GET /img/close-button.png HTTP/1.1" 304 - "https://www.easydrivers.at/fuehrerscheine/auto" "Mozilla/5.0 (Windows NT 6.1; Trident/7.0; rv:11.0) like Gecko"
194.48.32.17 - - [06/Dec/2017:07:03:06 +0100] "GET /img/facebook-icon.png HTTP/1.1" 304 - "https://www.easydrivers.at/fuehrerscheine/auto" "Mozilla/5.0 (Windows NT 6.1; Trident/7.0; rv:11.0) like Gecko"
194.48.32.17 - - [06/Dec/2017:07:03:06 +0100] "GET /javascript/jquery.cookie.js HTTP/1.1" 304 - "https://www.easydrivers.at/fuehrerscheine/auto" "Mozilla/5.0 (Windows NT 6.1; Trident/7.0; rv:11.0) like Gecko"
194.48.32.17 - - [06/Dec/2017:07:03:06 +0100] "GET /javascript/license.js HTTP/1.1" 200 315 "https://www.easydrivers.at/fuehrerscheine/auto" "Mozilla/5.0 (Windows NT 6.1; Trident/7.0; rv:11.0) like Gecko"
194.48.32.17 - - [06/Dec/2017:07:03:06 +0100] "GET /img/schweiz-icon.png HTTP/1.1" 304 - "https://www.easydrivers.at/fuehrerscheine/auto" "Mozilla/5.0 (Windows NT 6.1; Trident/7.0; rv:11.0) like Gecko"
194.48.32.17 - - [06/Dec/2017:07:03:06 +0100] "GET /binaries/easy-drivers-portal/pkw8jpg-1.jpg HTTP/1.1" 200 77231 "https://www.easydrivers.at/fuehrerscheine/auto" "Mozilla/5.0 (Windows NT 6.1; Trident/7.0; rv:11.0) like Gecko"
194.48.32.17 - - [06/Dec/2017:07:03:06 +0100] "GET /img/bg-header.jpg HTTP/1.1" 304 - "https://www.easydrivers.at/fuehrerscheine/auto" "Mozilla/5.0 (Windows NT 6.1; Trident/7.0; rv:11.0) like Gecko"
194.48.32.17 - - [06/Dec/2017:07:03:06 +0100] "GET /img/kursicon-share-pink.png HTTP/1.1" 304 - "https://www.easydrivers.at/fuehrerscheine/auto" "Mozilla/5.0 (Windows NT 6.1; Trident/7.0; rv:11.0) like Gecko"
194.48.32.17 - - [06/Dec/2017:07:03:06 +0100] "GET /img/kursicon-download-pink.png HTTP/1.1" 304 - "https://www.easydrivers.at/fuehrerscheine/auto" "Mozilla/5.0 (Windows NT 6.1; Trident/7.0; rv:11.0) like Gecko"
194.48.32.17 - - [06/Dec/2017:07:03:06 +0100] "GET /img/kursicon-phone-pink.png HTTP/1.1" 304 - "https://www.easydrivers.at/fuehrerscheine/auto" "Mozilla/5.0 (Windows NT 6.1; Trident/7.0; rv:11.0) like Gecko"
194.48.32.17 - - [06/Dec/2017:07:03:06 +0100] "GET /img/kursicon-print-pink.png HTTP/1.1" 304 - "https://www.easydrivers.at/fuehrerscheine/auto" "Mozilla/5.0 (Windows NT 6.1; Trident/7.0; rv:11.0) like Gecko"
194.48.32.17 - - [06/Dec/2017:07:03:06 +0100] "GET /img/bg-yellow.jpg HTTP/1.1" 200 2250 "https://www.easydrivers.at/fuehrerscheine/auto" "Mozilla/5.0 (Windows NT 6.1; Trident/7.0; rv:11.0) like Gecko"
194.48.32.17 - - [06/Dec/2017:07:03:06 +0100] "GET /img/submit-button-small.png HTTP/1.1" 200 1456 "https://www.easydrivers.at/fuehrerscheine/auto" "Mozilla/5.0 (Windows NT 6.1; Trident/7.0; rv:11.0) like Gecko"
194.48.32.17 - - [06/Dec/2017:07:03:06 +0100] "GET /img/bg-footer.jpg HTTP/1.1" 304 - "https://www.easydrivers.at/fuehrerscheine/auto" "Mozilla/5.0 (Windows NT 6.1; Trident/7.0; rv:11.0) like Gecko"
194.48.32.17 - - [06/Dec/2017:07:03:06 +0100] "GET /img/ED_Logo.png HTTP/1.1" 304 - "https://www.easydrivers.at/fuehrerscheine/auto" "Mozilla/5.0 (Windows NT 6.1; Trident/7.0; rv:11.0) like Gecko"
144.76.165.238 - - [06/Dec/2017:07:03:05 +0100] "GET / HTTP/1.1" 200 4436 "-" "Opendi Screenshot Bot bot@opendi.com"
144.76.165.238 - - [06/Dec/2017:07:03:07 +0100] "GET /css/style.css HTTP/1.1" 200 5004 "https://www.easydrivers.at/" "Opendi Screenshot Bot bot@opendi.com"
144.76.165.238 - - [06/Dec/2017:07:03:07 +0100] "GET /javascript/jquery.customSelect.min.js HTTP/1.1" 200 912 "https://www.easydrivers.at/" "Opendi Screenshot Bot bot@opendi.com"
144.76.165.238 - - [06/Dec/2017:07:03:07 +0100] "GET /javascript/lazyload.js HTTP/1.1" 200 1170 "https://www.easydrivers.at/" "Opendi Screenshot Bot bot@opendi.com"
144.76.165.238 - - [06/Dec/2017:07:03:07 +0100] "GET /javascript/jquery.simplemodal.js HTTP/1.1" 200 3070 "https://www.easydrivers.at/" "Opendi Screenshot Bot bot@opendi.com"
144.76.165.238 - - [06/Dec/2017:07:03:07 +0100] "GET /javascript/portal.js?1221842734 HTTP/1.1" 200 3529 "https://www.easydrivers.at/" "Opendi Screenshot Bot bot@opendi.com"
144.76.165.238 - - [06/Dec/2017:07:03:07 +0100] "GET /javascript/jquery.cookie.js HTTP/1.1" 200 863 "https://www.easydrivers.at/" "Opendi Screenshot Bot bot@opendi.com"
178.154.171.72 - - [06/Dec/2017:07:03:07 +0100] "GET /javascript/jquery.base64.min.js HTTP/1.1" 200 37135 "https://www.easydrivers.at/am.spitz/10280865?FS=B" "Mozilla/5.0 (compatible; YandexBot/3.0; +http://yandex.com/bots)"
144.76.165.238 - - [06/Dec/2017:07:03:07 +0100] "GET /javascript/homesearch.js HTTP/1.1" 200 393 "https://www.easydrivers.at/" "Opendi Screenshot Bot bot@opendi.com"
144.76.165.238 - - [06/Dec/2017:07:03:07 +0100] "GET /img/close-button.png HTTP/1.1" 200 2237 "https://www.easydrivers.at/" "Opendi Screenshot Bot bot@opendi.com"
144.76.165.238 - - [06/Dec/2017:07:03:07 +0100] "GET /img/submit-button.png HTTP/1.1" 200 1958 "https://www.easydrivers.at/" "Opendi Screenshot Bot bot@opendi.com"
144.76.165.238 - - [06/Dec/2017:07:03:07 +0100] "GET /img/ED_Logo.png HTTP/1.1" 200 3385 "https://www.easydrivers.at/" "Opendi Screenshot Bot bot@opendi.com"
144.76.165.238 - - [06/Dec/2017:07:03:07 +0100] "GET /img/facebook-icon.png HTTP/1.1" 200 1506 "https://www.easydrivers.at/" "Opendi Screenshot Bot bot@opendi.com"
144.76.165.238 - - [06/Dec/2017:07:03:07 +0100] "GET /img/bg-header.jpg HTTP/1.1" 200 38680 "https://www.easydrivers.at/" "Opendi Screenshot Bot bot@opendi.com"
144.76.165.238 - - [06/Dec/2017:07:03:07 +0100] "GET /binaries/easy-drivers-portal/widget-icon-trainingpng.png HTTP/1.1" 200 2662 "https://www.easydrivers.at/" "Opendi Screenshot Bot bot@opendi.com"
144.76.165.238 - - [06/Dec/2017:07:03:07 +0100] "GET /binaries/easy-drivers-portal/widget-icon-expertspng.png HTTP/1.1" 200 2159 "https://www.easydrivers.at/" "Opendi Screenshot Bot bot@opendi.com"
144.76.165.238 - - [06/Dec/2017:07:03:07 +0100] "GET /img/empty.gif HTTP/1.1" 200 43 "https://www.easydrivers.at/" "Opendi Screenshot Bot bot@opendi.com"
144.76.165.238 - - [06/Dec/2017:07:03:07 +0100] "GET /binaries/easy-drivers-portal/widget-icon-apppng.png HTTP/1.1" 200 2432 "https://www.easydrivers.at/" "Opendi Screenshot Bot bot@opendi.com"
144.76.165.238 - - [06/Dec/2017:07:03:07 +0100] "GET /cache/emu/images/easy-drivers-portal10294676/pastedgraphic-3-1png_160_90_0.png HTTP/1.1" 200 9745 "https://www.easydrivers.at/" "Opendi Screenshot Bot bot@opendi.com"
144.76.165.238 - - [06/Dec/2017:07:03:07 +0100] "GET /img/schweiz-icon.png HTTP/1.1" 200 1504 "https://www.easydrivers.at/" "Opendi Screenshot Bot bot@opendi.com"
144.76.165.238 - - [06/Dec/2017:07:03:07 +0100] "GET /img/purple-dots-horizontal.png HTTP/1.1" 200 977 "https://www.easydrivers.at/" "Opendi Screenshot Bot bot@opendi.com"
144.76.165.238 - - [06/Dec/2017:07:03:07 +0100] "GET /img/yellow-dots-vertical.png HTTP/1.1" 200 981 "https://www.easydrivers.at/" "Opendi Screenshot Bot bot@opendi.com"
144.76.165.238 - - [06/Dec/2017:07:03:07 +0100] "GET /img/black-dots-vertical.png HTTP/1.1" 200 1165 "https://www.easydrivers.at/" "Opendi Screenshot Bot bot@opendi.com"
144.76.165.238 - - [06/Dec/2017:07:03:07 +0100] "GET /img/bg-footer.jpg HTTP/1.1" 200 31770 "https://www.easydrivers.at/" "Opendi Screenshot Bot bot@opendi.com"
144.76.165.238 - - [06/Dec/2017:07:03:07 +0100] "GET /img/bg-top-section.jpg HTTP/1.1" 200 82172 "https://www.easydrivers.at/" "Opendi Screenshot Bot bot@opendi.com"
144.76.165.238 - - [06/Dec/2017:07:03:07 +0100] "GET /img/kursicon-print-pink.png HTTP/1.1" 200 1125 "https://www.easydrivers.at/" "Opendi Screenshot Bot bot@opendi.com"
144.76.165.238 - - [06/Dec/2017:07:03:08 +0100] "GET /img/kursicon-download-pink.png HTTP/1.1" 200 1213 "https://www.easydrivers.at/" "Opendi Screenshot Bot bot@opendi.com"
144.76.165.238 - - [06/Dec/2017:07:03:08 +0100] "GET /img/kursicon-share-pink.png HTTP/1.1" 200 1277 "https://www.easydrivers.at/" "Opendi Screenshot Bot bot@opendi.com"
144.76.165.238 - - [06/Dec/2017:07:03:08 +0100] "GET /img/kursicon-phone-pink.png HTTP/1.1" 200 1286 "https://www.easydrivers.at/" "Opendi Screenshot Bot bot@opendi.com"
144.76.165.238 - - [06/Dec/2017:07:03:08 +0100] "GET /img/selection-box-button.png HTTP/1.1" 200 1079 "https://www.easydrivers.at/" "Opendi Screenshot Bot bot@opendi.com"
144.76.165.238 - - [06/Dec/2017:07:03:08 +0100] "GET /css/print.css HTTP/1.1" 200 967 "https://www.easydrivers.at/" "Opendi Screenshot Bot bot@opendi.com"
194.48.32.17 - - [06/Dec/2017:07:03:14 +0100] "GET /fuehrerscheine/auto/B-L17 HTTP/1.1" 200 4100 "https://www.easydrivers.at/fuehrerscheine/auto" "Mozilla/5.0 (Windows NT 6.1; Trident/7.0; rv:11.0) like Gecko"
194.48.32.17 - - [06/Dec/2017:07:03:15 +0100] "GET /css/print.css HTTP/1.1" 304 - "https://www.easydrivers.at/fuehrerscheine/auto/B-L17" "Mozilla/5.0 (Windows NT 6.1; Trident/7.0; rv:11.0) like Gecko"
194.48.32.17 - - [06/Dec/2017:07:03:15 +0100] "GET /css/style.css HTTP/1.1" 304 - "https://www.easydrivers.at/fuehrerscheine/auto/B-L17" "Mozilla/5.0 (Windows NT 6.1; Trident/7.0; rv:11.0) like Gecko"
194.48.32.17 - - [06/Dec/2017:07:03:15 +0100] "GET /img/close-button.png HTTP/1.1" 304 - "https://www.easydrivers.at/fuehrerscheine/auto/B-L17" "Mozilla/5.0 (Windows NT 6.1; Trident/7.0; rv:11.0) like Gecko"
194.48.32.17 - - [06/Dec/2017:07:03:15 +0100] "GET /javascript/jquery.customSelect.min.js HTTP/1.1" 304 - "https://www.easydrivers.at/fuehrerscheine/auto/B-L17" "Mozilla/5.0 (Windows NT 6.1; Trident/7.0; rv:11.0) like Gecko"
194.48.32.17 - - [06/Dec/2017:07:03:15 +0100] "GET /javascript/jquery.cookie.js HTTP/1.1" 304 - "https://www.easydrivers.at/fuehrerscheine/auto/B-L17" "Mozilla/5.0 (Windows NT 6.1; Trident/7.0; rv:11.0) like Gecko"
194.48.32.17 - - [06/Dec/2017:07:03:15 +0100] "GET /javascript/jquery.simplemodal.js HTTP/1.1" 304 - "https://www.easydrivers.at/fuehrerscheine/auto/B-L17" "Mozilla/5.0 (Windows NT 6.1; Trident/7.0; rv:11.0) like Gecko"
194.48.32.17 - - [06/Dec/2017:07:03:15 +0100] "GET /img/facebook-icon.png HTTP/1.1" 304 - "https://www.easydrivers.at/fuehrerscheine/auto/B-L17" "Mozilla/5.0 (Windows NT 6.1; Trident/7.0; rv:11.0) like Gecko"
194.48.32.17 - - [06/Dec/2017:07:03:15 +0100] "GET /javascript/lazyload.js HTTP/1.1" 304 - "https://www.easydrivers.at/fuehrerscheine/auto/B-L17" "Mozilla/5.0 (Windows NT 6.1; Trident/7.0; rv:11.0) like Gecko"
194.48.32.17 - - [06/Dec/2017:07:03:15 +0100] "GET /javascript/portal.js?1221842734 HTTP/1.1" 304 - "https://www.easydrivers.at/fuehrerscheine/auto/B-L17" "Mozilla/5.0 (Windows NT 6.1; Trident/7.0; rv:11.0) like Gecko"
194.48.32.17 - - [06/Dec/2017:07:03:15 +0100] "GET /javascript/product.js HTTP/1.1" 200 139 "https://www.easydrivers.at/fuehrerscheine/auto/B-L17" "Mozilla/5.0 (Windows NT 6.1; Trident/7.0; rv:11.0) like Gecko"
194.48.32.17 - - [06/Dec/2017:07:03:15 +0100] "GET /img/schweiz-icon.png HTTP/1.1" 304 - "https://www.easydrivers.at/fuehrerscheine/auto/B-L17" "Mozilla/5.0 (Windows NT 6.1; Trident/7.0; rv:11.0) like Gecko"
194.48.32.17 - - [06/Dec/2017:07:03:15 +0100] "GET /binaries/easy-drivers-portal/pkw4jpg.jpg HTTP/1.1" 200 125726 "https://www.easydrivers.at/fuehrerscheine/auto/B-L17" "Mozilla/5.0 (Windows NT 6.1; Trident/7.0; rv:11.0) like Gecko"
194.48.32.17 - - [06/Dec/2017:07:03:15 +0100] "GET /img/bg-header.jpg HTTP/1.1" 304 - "https://www.easydrivers.at/fuehrerscheine/auto/B-L17" "Mozilla/5.0 (Windows NT 6.1; Trident/7.0; rv:11.0) like Gecko"
194.48.32.17 - - [06/Dec/2017:07:03:15 +0100] "GET /img/kursicon-download-pink.png HTTP/1.1" 304 - "https://www.easydrivers.at/fuehrerscheine/auto/B-L17" "Mozilla/5.0 (Windows NT 6.1; Trident/7.0; rv:11.0) like Gecko"
194.48.32.17 - - [06/Dec/2017:07:03:15 +0100] "GET /img/kursicon-share-pink.png HTTP/1.1" 304 - "https://www.easydrivers.at/fuehrerscheine/auto/B-L17" "Mozilla/5.0 (Windows NT 6.1; Trident/7.0; rv:11.0) like Gecko"
194.48.32.17 - - [06/Dec/2017:07:03:15 +0100] "GET /img/kursicon-print-pink.png HTTP/1.1" 304 - "https://www.easydrivers.at/fuehrerscheine/auto/B-L17" "Mozilla/5.0 (Windows NT 6.1; Trident/7.0; rv:11.0) like Gecko"
194.48.32.17 - - [06/Dec/2017:07:03:15 +0100] "GET /img/kursicon-phone-pink.png HTTP/1.1" 304 - "https://www.easydrivers.at/fuehrerscheine/auto/B-L17" "Mozilla/5.0 (Windows NT 6.1; Trident/7.0; rv:11.0) like Gecko"
194.48.32.17 - - [06/Dec/2017:07:03:15 +0100] "GET /img/arrow-left.png HTTP/1.1" 200 1015 "https://www.easydrivers.at/fuehrerscheine/auto/B-L17" "Mozilla/5.0 (Windows NT 6.1; Trident/7.0; rv:11.0) like Gecko"
194.48.32.17 - - [06/Dec/2017:07:03:15 +0100] "GET /img/bg-footer.jpg HTTP/1.1" 304 - "https://www.easydrivers.at/fuehrerscheine/auto/B-L17" "Mozilla/5.0 (Windows NT 6.1; Trident/7.0; rv:11.0) like Gecko"
194.48.32.17 - - [06/Dec/2017:07:03:15 +0100] "GET /img/ED_Logo.png HTTP/1.1" 304 - "https://www.easydrivers.at/fuehrerscheine/auto/B-L17" "Mozilla/5.0 (Windows NT 6.1; Trident/7.0; rv:11.0) like Gecko"
194.48.32.17 - - [06/Dec/2017:07:03:15 +0100] "GET /img/bg-yellow.jpg HTTP/1.1" 304 - "https://www.easydrivers.at/fuehrerscheine/auto/B-L17" "Mozilla/5.0 (Windows NT 6.1; Trident/7.0; rv:11.0) like Gecko"
194.48.32.17 - - [06/Dec/2017:07:03:15 +0100] "GET /img/arrow-up.png HTTP/1.1" 200 1081 "https://www.easydrivers.at/fuehrerscheine/auto/B-L17" "Mozilla/5.0 (Windows NT 6.1; Trident/7.0; rv:11.0) like Gecko"
178.165.130.23 - - [06/Dec/2017:07:03:23 +0100] "GET /st.valentin/10293790?FS=B HTTP/1.1" 200 3077 "http://m.facebook.com" "Mozilla/5.0 (iPhone; CPU iPhone OS 11_2 like Mac OS X) AppleWebKit/604.4.7 (KHTML, like Gecko) Mobile/15C114 [FBAN/FBIOS;FBAV/151.0.0.61.202;FBBV/82156572;FBDV/iPhone8,4;FBMD/iPhone;FBSN/iOS;FBSV/11.2;FBSS/2;FBCR/3Austria;FBID/phone;FBLC/de_DE;FBOP/5;FBRV/83160404]"
178.165.130.23 - - [06/Dec/2017:07:03:26 +0100] "GET /st.valentin/img/mobile/easydrivers-logo-mobile.png HTTP/1.1" 404 3086 "-" "Mozilla/5.0 (iPhone; CPU iPhone OS 11_2 like Mac OS X) AppleWebKit/604.4.7 (KHTML, like Gecko) Mobile/15C114 [FBAN/FBIOS;FBAV/151.0.0.61.202;FBBV/82156572;FBDV/iPhone8,4;FBMD/iPhone;FBSN/iOS;FBSV/11.2;FBSS/2;FBCR/3Austria;FBID/phone;FBLC/de_DE;FBOP/5;FBRV/83160404]"
144.76.165.238 - - [06/Dec/2017:07:03:29 +0100] "-" 408 - "-" "-"
144.76.165.238 - - [06/Dec/2017:07:03:29 +0100] "-" 408 - "-" "-"
87.250.224.32 - - [06/Dec/2017:07:03:40 +0100] "GET /schwechat HTTP/1.1" 200 3543 "-" "Mozilla/5.0 (compatible; YandexBot/3.0; +http://yandex.com/bots)"
87.250.224.32 - - [06/Dec/2017:07:03:47 +0100] "GET /dornbirn/10248235?FS=BCE HTTP/1.1" 200 6360 "-" "Mozilla/5.0 (compatible; YandexBot/3.0; +http://yandex.com/bots)"
87.250.224.32 - - [06/Dec/2017:07:03:50 +0100] "GET /dornbirn/10278879?FS=CCE HTTP/1.1" 410 3540 "-" "Mozilla/5.0 (compatible; YandexBot/3.0; +http://yandex.com/bots)"
87.250.224.32 - - [06/Dec/2017:07:03:53 +0100] "GET /dornbirn/10267907?FS=BE96 HTTP/1.1" 200 6003 "-" "Mozilla/5.0 (compatible; YandexBot/3.0; +http://yandex.com/bots)"
87.250.224.32 - - [06/Dec/2017:07:03:56 +0100] "GET /dornbirn/10267907?FS=BE HTTP/1.1" 200 5357 "-" "Mozilla/5.0 (compatible; YandexBot/3.0; +http://yandex.com/bots)"
178.165.130.23 - - [06/Dec/2017:07:03:56 +0100] "GET /st.valentin/img/mobile/menu-button.png HTTP/1.1" 404 3092 "-" "Mozilla/5.0 (iPhone; CPU iPhone OS 11_2 like Mac OS X) AppleWebKit/604.4.7 (KHTML, like Gecko) Mobile/15C114 [FBAN/FBIOS;FBAV/151.0.0.61.202;FBBV/82156572;FBDV/iPhone8,4;FBMD/iPhone;FBSN/iOS;FBSV/11.2;FBSS/2;FBCR/3Austria;FBID/phone;FBLC/de_DE;FBOP/5;FBRV/83160404]"
87.250.224.32 - - [06/Dec/2017:07:03:58 +0100] "GET /dornbirn/10247038?FS=BE96 HTTP/1.1" 200 6044 "-" "Mozilla/5.0 (compatible; YandexBot/3.0; +http://yandex.com/bots)"
46.125.250.121 - - [06/Dec/2017:07:04:20 +0100] "GET / HTTP/1.1" 301 293 "http://www.google.at/" "Mozilla/5.0 (Linux; Android 6.0.1; SM-G900F Build/MMB29M) AppleWebKit/537.36 (KHTML, like Gecko) Chrome/62.0.3202.84 Mobile Safari/537.36"
46.125.250.121 - - [06/Dec/2017:07:04:20 +0100] "GET / HTTP/1.1" 200 3554 "http://www.google.at/" "Mozilla/5.0 (Linux; Android 6.0.1; SM-G900F Build/MMB29M) AppleWebKit/537.36 (KHTML, like Gecko) Chrome/62.0.3202.84 Mobile Safari/537.36"
46.125.250.121 - - [06/Dec/2017:07:04:22 +0100] "GET /css/mobile.css HTTP/1.1" 200 2852 "https://www.easydrivers.at/" "Mozilla/5.0 (Linux; Android 6.0.1; SM-G900F Build/MMB29M) AppleWebKit/537.36 (KHTML, like Gecko) Chrome/62.0.3202.84 Mobile Safari/537.36"
46.125.250.121 - - [06/Dec/2017:07:04:22 +0100] "GET /javascript/jquery-1.9.1.min.js HTTP/1.1" 200 32731 "https://www.easydrivers.at/" "Mozilla/5.0 (Linux; Android 6.0.1; SM-G900F Build/MMB29M) AppleWebKit/537.36 (KHTML, like Gecko) Chrome/62.0.3202.84 Mobile Safari/537.36"
46.125.250.121 - - [06/Dec/2017:07:04:22 +0100] "GET /javascript/jquery.cookie.js HTTP/1.1" 200 863 "https://www.easydrivers.at/" "Mozilla/5.0 (Linux; Android 6.0.1; SM-G900F Build/MMB29M) AppleWebKit/537.36 (KHTML, like Gecko) Chrome/62.0.3202.84 Mobile Safari/537.36"
46.125.250.121 - - [06/Dec/2017:07:04:22 +0100] "GET /javascript/mobile-menu.js HTTP/1.1" 200 1634 "https://www.easydrivers.at/" "Mozilla/5.0 (Linux; Android 6.0.1; SM-G900F Build/MMB29M) AppleWebKit/537.36 (KHTML, like Gecko) Chrome/62.0.3202.84 Mobile Safari/537.36"
46.125.250.121 - - [06/Dec/2017:07:04:22 +0100] "GET /javascript/jquery.simplemodal.js HTTP/1.1" 200 3070 "https://www.easydrivers.at/" "Mozilla/5.0 (Linux; Android 6.0.1; SM-G900F Build/MMB29M) AppleWebKit/537.36 (KHTML, like Gecko) Chrome/62.0.3202.84 Mobile Safari/537.36"
46.125.250.121 - - [06/Dec/2017:07:04:22 +0100] "GET /javascript/mobile-homesearch.js HTTP/1.1" 200 340 "https://www.easydrivers.at/" "Mozilla/5.0 (Linux; Android 6.0.1; SM-G900F Build/MMB29M) AppleWebKit/537.36 (KHTML, like Gecko) Chrome/62.0.3202.84 Mobile Safari/537.36"
46.125.250.121 - - [06/Dec/2017:07:04:22 +0100] "GET /javascript/lazyload.js HTTP/1.1" 200 1170 "https://www.easydrivers.at/" "Mozilla/5.0 (Linux; Android 6.0.1; SM-G900F Build/MMB29M) AppleWebKit/537.36 (KHTML, like Gecko) Chrome/62.0.3202.84 Mobile Safari/537.36"
46.125.250.121 - - [06/Dec/2017:07:04:22 +0100] "GET /img/mobile/menu-button.png HTTP/1.1" 200 1746 "https://www.easydrivers.at/" "Mozilla/5.0 (Linux; Android 6.0.1; SM-G900F Build/MMB29M) AppleWebKit/537.36 (KHTML, like Gecko) Chrome/62.0.3202.84 Mobile Safari/537.36"
46.125.250.121 - - [06/Dec/2017:07:04:22 +0100] "GET /img/mobile/easydrivers-logo-mobile.png HTTP/1.1" 200 10766 "https://www.easydrivers.at/" "Mozilla/5.0 (Linux; Android 6.0.1; SM-G900F Build/MMB29M) AppleWebKit/537.36 (KHTML, like Gecko) Chrome/62.0.3202.84 Mobile Safari/537.36"
46.125.250.121 - - [06/Dec/2017:07:04:22 +0100] "GET /img/mobile/facebook-icon.png HTTP/1.1" 200 1902 "https://www.easydrivers.at/" "Mozilla/5.0 (Linux; Android 6.0.1; SM-G900F Build/MMB29M) AppleWebKit/537.36 (KHTML, like Gecko) Chrome/62.0.3202.84 Mobile Safari/537.36"
46.125.250.121 - - [06/Dec/2017:07:04:22 +0100] "GET /img/mobile/close-button.png HTTP/1.1" 200 2411 "https://www.easydrivers.at/" "Mozilla/5.0 (Linux; Android 6.0.1; SM-G900F Build/MMB29M) AppleWebKit/537.36 (KHTML, like Gecko) Chrome/62.0.3202.84 Mobile Safari/537.36"
46.125.250.121 - - [06/Dec/2017:07:04:22 +0100] "GET /img/mobile/widget-icon-app.png HTTP/1.1" 200 3458 "https://www.easydrivers.at/" "Mozilla/5.0 (Linux; Android 6.0.1; SM-G900F Build/MMB29M) AppleWebKit/537.36 (KHTML, like Gecko) Chrome/62.0.3202.84 Mobile Safari/537.36"
46.125.250.121 - - [06/Dec/2017:07:04:22 +0100] "GET /img/mobile/bg-header.jpg HTTP/1.1" 200 19741 "https://www.easydrivers.at/css/mobile.css" "Mozilla/5.0 (Linux; Android 6.0.1; SM-G900F Build/MMB29M) AppleWebKit/537.36 (KHTML, like Gecko) Chrome/62.0.3202.84 Mobile Safari/537.36"
46.125.250.121 - - [06/Dec/2017:07:04:23 +0100] "GET /img/mobile/bg-menu.jpg HTTP/1.1" 200 1698 "https://www.easydrivers.at/css/mobile.css" "Mozilla/5.0 (Linux; Android 6.0.1; SM-G900F Build/MMB29M) AppleWebKit/537.36 (KHTML, like Gecko) Chrome/62.0.3202.84 Mobile Safari/537.36"
46.125.250.121 - - [06/Dec/2017:07:04:23 +0100] "GET /img/mobile/bg-top-section.jpg HTTP/1.1" 200 21711 "https://www.easydrivers.at/css/mobile.css" "Mozilla/5.0 (Linux; Android 6.0.1; SM-G900F Build/MMB29M) AppleWebKit/537.36 (KHTML, like Gecko) Chrome/62.0.3202.84 Mobile Safari/537.36"
46.125.250.121 - - [06/Dec/2017:07:04:23 +0100] "GET /img/mobile/pfeil-rechts.png HTTP/1.1" 200 1228 "https://www.easydrivers.at/css/mobile.css" "Mozilla/5.0 (Linux; Android 6.0.1; SM-G900F Build/MMB29M) AppleWebKit/537.36 (KHTML, like Gecko) Chrome/62.0.3202.84 Mobile Safari/537.36"
46.125.250.121 - - [06/Dec/2017:07:04:24 +0100] "GET /img/favicon.ico HTTP/1.1" 301 303 "-" "Mozilla/5.0 (Linux; Android 6.0.1; SM-G900F Build/MMB29M) AppleWebKit/537.36 (KHTML, like Gecko) Chrome/62.0.3202.84 Mobile Safari/537.36"
46.125.250.121 - - [06/Dec/2017:07:04:24 +0100] "GET /img/favicon.ico HTTP/1.1" 404 301 "-" "Mozilla/5.0 (Linux; Android 6.0.1; SM-G900F Build/MMB29M) AppleWebKit/537.36 (KHTML, like Gecko) Chrome/62.0.3202.84 Mobile Safari/537.36"
