194.208.134.248 - - [14/Dec/2017:06:28:05 +0100] "GET /cache/emu/images/10247613/_111_167.jpg HTTP/1.1" 200 3626 "https://www.easydrivers.at/bludenz/GrundkursB20171212?FS=B&channel=fullversion" "Mozilla/5.0 (iPhone; CPU iPhone OS 11_1_2 like Mac OS X) AppleWebKit/604.1.34 (KHTML, like Gecko) CriOS/63.0.3239.73 Mobile/15B202 Safari/604.1"
194.208.134.248 - - [14/Dec/2017:06:28:05 +0100] "GET /cache/emu/images/10247586/_115_167.jpg HTTP/1.1" 200 4435 "https://www.easydrivers.at/bludenz/GrundkursB20171212?FS=B&channel=fullversion" "Mozilla/5.0 (iPhone; CPU iPhone OS 11_1_2 like Mac OS X) AppleWebKit/604.1.34 (KHTML, like Gecko) CriOS/63.0.3239.73 Mobile/15B202 Safari/604.1"
194.208.134.248 - - [14/Dec/2017:06:28:05 +0100] "GET /cache/emu/images/10245257/_112_167.jpg HTTP/1.1" 200 3278 "https://www.easydrivers.at/bludenz/GrundkursB20171212?FS=B&channel=fullversion" "Mozilla/5.0 (iPhone; CPU iPhone OS 11_1_2 like Mac OS X) AppleWebKit/604.1.34 (KHTML, like Gecko) CriOS/63.0.3239.73 Mobile/15B202 Safari/604.1"
194.208.134.248 - - [14/Dec/2017:06:28:05 +0100] "GET /img/submit-button.png HTTP/1.1" 200 1958 "https://www.easydrivers.at/bludenz/GrundkursB20171212?FS=B&channel=fullversion" "Mozilla/5.0 (iPhone; CPU iPhone OS 11_1_2 like Mac OS X) AppleWebKit/604.1.34 (KHTML, like Gecko) CriOS/63.0.3239.73 Mobile/15B202 Safari/604.1"
194.208.134.248 - - [14/Dec/2017:06:28:05 +0100] "GET /img/schweiz-icon.png HTTP/1.1" 200 1504 "https://www.easydrivers.at/bludenz/GrundkursB20171212?FS=B&channel=fullversion" "Mozilla/5.0 (iPhone; CPU iPhone OS 11_1_2 like Mac OS X) AppleWebKit/604.1.34 (KHTML, like Gecko) CriOS/63.0.3239.73 Mobile/15B202 Safari/604.1"
194.208.134.248 - - [14/Dec/2017:06:28:05 +0100] "GET /img/ED_Logo.png HTTP/1.1" 200 3385 "https://www.easydrivers.at/bludenz/GrundkursB20171212?FS=B&channel=fullversion" "Mozilla/5.0 (iPhone; CPU iPhone OS 11_1_2 like Mac OS X) AppleWebKit/604.1.34 (KHTML, like Gecko) CriOS/63.0.3239.73 Mobile/15B202 Safari/604.1"
194.208.134.248 - - [14/Dec/2017:06:28:05 +0100] "GET /img/bg-header.jpg HTTP/1.1" 200 38680 "https://www.easydrivers.at/bludenz/GrundkursB20171212?FS=B&channel=fullversion" "Mozilla/5.0 (iPhone; CPU iPhone OS 11_1_2 like Mac OS X) AppleWebKit/604.1.34 (KHTML, like Gecko) CriOS/63.0.3239.73 Mobile/15B202 Safari/604.1"
194.208.134.248 - - [14/Dec/2017:06:28:05 +0100] "GET /img/purple-dots-horizontal.png HTTP/1.1" 200 977 "https://www.easydrivers.at/bludenz/GrundkursB20171212?FS=B&channel=fullversion" "Mozilla/5.0 (iPhone; CPU iPhone OS 11_1_2 like Mac OS X) AppleWebKit/604.1.34 (KHTML, like Gecko) CriOS/63.0.3239.73 Mobile/15B202 Safari/604.1"
194.208.134.248 - - [14/Dec/2017:06:28:05 +0100] "GET /img/top-image-overlay.png HTTP/1.1" 200 20650 "https://www.easydrivers.at/bludenz/GrundkursB20171212?FS=B&channel=fullversion" "Mozilla/5.0 (iPhone; CPU iPhone OS 11_1_2 like Mac OS X) AppleWebKit/604.1.34 (KHTML, like Gecko) CriOS/63.0.3239.73 Mobile/15B202 Safari/604.1"
194.208.134.248 - - [14/Dec/2017:06:28:05 +0100] "GET /img/bg-yellow.jpg HTTP/1.1" 200 2250 "https://www.easydrivers.at/bludenz/GrundkursB20171212?FS=B&channel=fullversion" "Mozilla/5.0 (iPhone; CPU iPhone OS 11_1_2 like Mac OS X) AppleWebKit/604.1.34 (KHTML, like Gecko) CriOS/63.0.3239.73 Mobile/15B202 Safari/604.1"
194.208.134.248 - - [14/Dec/2017:06:28:05 +0100] "GET /img/arrow-left.png HTTP/1.1" 200 1015 "https://www.easydrivers.at/bludenz/GrundkursB20171212?FS=B&channel=fullversion" "Mozilla/5.0 (iPhone; CPU iPhone OS 11_1_2 like Mac OS X) AppleWebKit/604.1.34 (KHTML, like Gecko) CriOS/63.0.3239.73 Mobile/15B202 Safari/604.1"
194.208.134.248 - - [14/Dec/2017:06:28:05 +0100] "GET /img/bg-top-section.jpg HTTP/1.1" 200 82172 "https://www.easydrivers.at/bludenz/GrundkursB20171212?FS=B&channel=fullversion" "Mozilla/5.0 (iPhone; CPU iPhone OS 11_1_2 like Mac OS X) AppleWebKit/604.1.34 (KHTML, like Gecko) CriOS/63.0.3239.73 Mobile/15B202 Safari/604.1"
194.208.134.248 - - [14/Dec/2017:06:28:05 +0100] "GET /img/arrow-up.png HTTP/1.1" 200 1081 "https://www.easydrivers.at/bludenz/GrundkursB20171212?FS=B&channel=fullversion" "Mozilla/5.0 (iPhone; CPU iPhone OS 11_1_2 like Mac OS X) AppleWebKit/604.1.34 (KHTML, like Gecko) CriOS/63.0.3239.73 Mobile/15B202 Safari/604.1"
194.208.134.248 - - [14/Dec/2017:06:28:05 +0100] "GET /img/bg-footer.jpg HTTP/1.1" 200 31770 "https://www.easydrivers.at/bludenz/GrundkursB20171212?FS=B&channel=fullversion" "Mozilla/5.0 (iPhone; CPU iPhone OS 11_1_2 like Mac OS X) AppleWebKit/604.1.34 (KHTML, like Gecko) CriOS/63.0.3239.73 Mobile/15B202 Safari/604.1"
194.208.134.248 - - [14/Dec/2017:06:28:05 +0100] "GET /img/kursicon-print-pink.png HTTP/1.1" 200 1125 "https://www.easydrivers.at/bludenz/GrundkursB20171212?FS=B&channel=fullversion" "Mozilla/5.0 (iPhone; CPU iPhone OS 11_1_2 like Mac OS X) AppleWebKit/604.1.34 (KHTML, like Gecko) CriOS/63.0.3239.73 Mobile/15B202 Safari/604.1"
194.208.134.248 - - [14/Dec/2017:06:28:05 +0100] "GET /img/kursicon-download-pink.png HTTP/1.1" 200 1213 "https://www.easydrivers.at/bludenz/GrundkursB20171212?FS=B&channel=fullversion" "Mozilla/5.0 (iPhone; CPU iPhone OS 11_1_2 like Mac OS X) AppleWebKit/604.1.34 (KHTML, like Gecko) CriOS/63.0.3239.73 Mobile/15B202 Safari/604.1"
194.208.134.248 - - [14/Dec/2017:06:28:05 +0100] "GET /img/kursicon-share-pink.png HTTP/1.1" 200 1277 "https://www.easydrivers.at/bludenz/GrundkursB20171212?FS=B&channel=fullversion" "Mozilla/5.0 (iPhone; CPU iPhone OS 11_1_2 like Mac OS X) AppleWebKit/604.1.34 (KHTML, like Gecko) CriOS/63.0.3239.73 Mobile/15B202 Safari/604.1"
194.208.134.248 - - [14/Dec/2017:06:28:05 +0100] "GET /img/kursicon-phone-pink.png HTTP/1.1" 200 1286 "https://www.easydrivers.at/bludenz/GrundkursB20171212?FS=B&channel=fullversion" "Mozilla/5.0 (iPhone; CPU iPhone OS 11_1_2 like Mac OS X) AppleWebKit/604.1.34 (KHTML, like Gecko) CriOS/63.0.3239.73 Mobile/15B202 Safari/604.1"
194.208.134.248 - - [14/Dec/2017:06:28:05 +0100] "GET /img/new_favicon.ico HTTP/1.1" 301 306 "-" "Mozilla/5.0 (iPhone; CPU iPhone OS 11_1_2 like Mac OS X) AppleWebKit/604.1.34 (KHTML, like Gecko) CriOS/63.0.3239.73 Mobile/15B202 Safari/604.1"
194.208.134.248 - - [14/Dec/2017:06:28:05 +0100] "GET /img/new_favicon.ico HTTP/1.1" 200 1150 "-" "Mozilla/5.0 (iPhone; CPU iPhone OS 11_1_2 like Mac OS X) AppleWebKit/604.1.34 (KHTML, like Gecko) CriOS/63.0.3239.73 Mobile/15B202 Safari/604.1"
213.33.7.75 - - [14/Dec/2017:06:28:04 +0100] "GET /easy_drivers_st._peterau/img/mobile/close-button.png HTTP/1.1" 404 3116 "-" "Mozilla/5.0 (iPhone; CPU iPhone OS 11_2_1 like Mac OS X) AppleWebKit/604.4.7 (KHTML, like Gecko) Mobile/15C153 [FBAN/FBIOS;FBAV/152.0.0.45.135;FBBV/83301214;FBDV/iPhone8,4;FBMD/iPhone;FBSN/iOS;FBSV/11.2.1;FBSS/2;FBCR/3Austria;FBID/phone;FBLC/de_DE;FBOP/5;FBRV/84141153]"
213.33.7.75 - - [14/Dec/2017:06:28:04 +0100] "GET /easy_drivers_st._peterau/img/mobile/facebook-icon.png HTTP/1.1" 404 3114 "-" "Mozilla/5.0 (iPhone; CPU iPhone OS 11_2_1 like Mac OS X) AppleWebKit/604.4.7 (KHTML, like Gecko) Mobile/15C153 [FBAN/FBIOS;FBAV/152.0.0.45.135;FBBV/83301214;FBDV/iPhone8,4;FBMD/iPhone;FBSN/iOS;FBSV/11.2.1;FBSS/2;FBCR/3Austria;FBID/phone;FBLC/de_DE;FBOP/5;FBRV/84141153]"
212.95.8.138 - - [14/Dec/2017:06:28:18 +0100] "GET /ennstal.bad.aussee/img/smallicon-person.png HTTP/1.1" 404 3069 "-" "Mozilla/5.0 (iPhone; CPU iPhone OS 11_1 like Mac OS X) AppleWebKit/604.3.5 (KHTML, like Gecko) Mobile/15B93 [FBAN/FBIOS;FBAV/152.0.0.45.135;FBBV/83301214;FBDV/iPhone6,2;FBMD/iPhone;FBSN/iOS;FBSV/11.1;FBSS/2;FBCR/A1;FBID/phone;FBLC/de_DE;FBOP/5;FBRV/84141153]"
213.33.7.75 - - [14/Dec/2017:06:28:35 +0100] "GET /easy_drivers_st._peterau/img/mobile/info-close-button.png HTTP/1.1" 404 3120 "-" "Mozilla/5.0 (iPhone; CPU iPhone OS 11_2_1 like Mac OS X) AppleWebKit/604.4.7 (KHTML, like Gecko) Mobile/15C153 [FBAN/FBIOS;FBAV/152.0.0.45.135;FBBV/83301214;FBDV/iPhone8,4;FBMD/iPhone;FBSN/iOS;FBSV/11.2.1;FBSS/2;FBCR/3Austria;FBID/phone;FBLC/de_DE;FBOP/5;FBRV/84141153]"
77.119.128.142 - - [14/Dec/2017:06:28:47 +0100] "GET /ennstal.bad.aussee/img/mobile/facebook-icon.png HTTP/1.1" 404 3066 "-" "Mozilla/5.0 (iPhone; CPU iPhone OS 11_2 like Mac OS X) AppleWebKit/604.4.7 (KHTML, like Gecko) Mobile/15C114 [FBAN/FBIOS;FBAV/152.0.0.45.135;FBBV/83301214;FBDV/iPhone7,2;FBMD/iPhone;FBSN/iOS;FBSV/11.2;FBSS/2;FBCR/3Austria;FBID/phone;FBLC/de_DE;FBOP/5;FBRV/84141153]"
212.95.8.138 - - [14/Dec/2017:06:28:48 +0100] "GET /ennstal.bad.aussee/img/mobile/close-button.png HTTP/1.1" 404 3068 "-" "Mozilla/5.0 (iPhone; CPU iPhone OS 11_1 like Mac OS X) AppleWebKit/604.3.5 (KHTML, like Gecko) Mobile/15B93 [FBAN/FBIOS;FBAV/152.0.0.45.135;FBBV/83301214;FBDV/iPhone6,2;FBMD/iPhone;FBSN/iOS;FBSV/11.1;FBSS/2;FBCR/A1;FBID/phone;FBLC/de_DE;FBOP/5;FBRV/84141153]"
213.33.7.75 - - [14/Dec/2017:06:29:05 +0100] "GET /easy_drivers_st._peterau/img/smallicon-person.png HTTP/1.1" 404 3118 "-" "Mozilla/5.0 (iPhone; CPU iPhone OS 11_2_1 like Mac OS X) AppleWebKit/604.4.7 (KHTML, like Gecko) Mobile/15C153 [FBAN/FBIOS;FBAV/152.0.0.45.135;FBBV/83301214;FBDV/iPhone8,4;FBMD/iPhone;FBSN/iOS;FBSV/11.2.1;FBSS/2;FBCR/3Austria;FBID/phone;FBLC/de_DE;FBOP/5;FBRV/84141153]"
91.114.234.105 - - [14/Dec/2017:06:29:07 +0100] "GET /fuehrerscheine/auto HTTP/1.1" 200 5442 "https://www.easydrivers.at/innsbruck" "Mozilla/5.0 (iPhone; CPU iPhone OS 11_1_2 like Mac OS X) AppleWebKit/604.3.5 (KHTML, like Gecko) Version/11.0 Mobile/15B202 Safari/604.1"
66.249.76.74 - - [14/Dec/2017:06:29:13 +0100] "GET / HTTP/1.1" 301 293 "-" "Mozilla/5.0 (Linux; Android 6.0.1; Nexus 5X Build/MMB29P) AppleWebKit/537.36 (KHTML, like Gecko) Chrome/41.0.2272.96 Mobile Safari/537.36 (compatible; Googlebot/2.1; +http://www.google.com/bot.html)"
66.249.76.84 - - [14/Dec/2017:06:29:14 +0100] "GET / HTTP/1.1" 200 3552 "-" "Mozilla/5.0 (Linux; Android 6.0.1; Nexus 5X Build/MMB29P) AppleWebKit/537.36 (KHTML, like Gecko) Chrome/41.0.2272.96 Mobile Safari/537.36 (compatible; Googlebot/2.1; +http://www.google.com/bot.html)"
212.95.8.138 - - [14/Dec/2017:06:29:18 +0100] "GET /ennstal.bad.aussee/img/mobile/facebook-icon.png HTTP/1.1" 404 3066 "-" "Mozilla/5.0 (iPhone; CPU iPhone OS 11_1 like Mac OS X) AppleWebKit/604.3.5 (KHTML, like Gecko) Mobile/15B93 [FBAN/FBIOS;FBAV/152.0.0.45.135;FBBV/83301214;FBDV/iPhone6,2;FBMD/iPhone;FBSN/iOS;FBSV/11.1;FBSS/2;FBCR/A1;FBID/phone;FBLC/de_DE;FBOP/5;FBRV/84141153]"
213.33.7.75 - - [14/Dec/2017:06:29:35 +0100] "GET /easy_drivers_st._peterau/img/mobile/googlemaps-pin.png HTTP/1.1" 404 3116 "-" "Mozilla/5.0 (iPhone; CPU iPhone OS 11_2_1 like Mac OS X) AppleWebKit/604.4.7 (KHTML, like Gecko) Mobile/15C153 [FBAN/FBIOS;FBAV/152.0.0.45.135;FBBV/83301214;FBDV/iPhone8,4;FBMD/iPhone;FBSN/iOS;FBSV/11.2.1;FBSS/2;FBCR/3Austria;FBID/phone;FBLC/de_DE;FBOP/5;FBRV/84141153]"
213.33.7.75 - - [14/Dec/2017:06:30:05 +0100] "GET /easy_drivers_st._peterau/img/smallicon-time.png HTTP/1.1" 404 3120 "-" "Mozilla/5.0 (iPhone; CPU iPhone OS 11_2_1 like Mac OS X) AppleWebKit/604.4.7 (KHTML, like Gecko) Mobile/15C153 [FBAN/FBIOS;FBAV/152.0.0.45.135;FBBV/83301214;FBDV/iPhone8,4;FBMD/iPhone;FBSN/iOS;FBSV/11.2.1;FBSS/2;FBCR/3Austria;FBID/phone;FBLC/de_DE;FBOP/5;FBRV/84141153]"
213.33.7.75 - - [14/Dec/2017:06:30:05 +0100] "GET /easy_drivers_st._peterau/img/smallicon-phone.png HTTP/1.1" 404 3119 "-" "Mozilla/5.0 (iPhone; CPU iPhone OS 11_2_1 like Mac OS X) AppleWebKit/604.4.7 (KHTML, like Gecko) Mobile/15C153 [FBAN/FBIOS;FBAV/152.0.0.45.135;FBBV/83301214;FBDV/iPhone8,4;FBMD/iPhone;FBSN/iOS;FBSV/11.2.1;FBSS/2;FBCR/3Austria;FBID/phone;FBLC/de_DE;FBOP/5;FBRV/84141153]"
77.119.128.142 - - [14/Dec/2017:06:30:10 +0100] "GET /ennstal.bad.aussee/img/mobile/info-button.png HTTP/1.1" 404 3069 "-" "Mozilla/5.0 (iPhone; CPU iPhone OS 11_2 like Mac OS X) AppleWebKit/604.4.7 (KHTML, like Gecko) Mobile/15C114 [FBAN/FBIOS;FBAV/152.0.0.45.135;FBBV/83301214;FBDV/iPhone7,2;FBMD/iPhone;FBSN/iOS;FBSV/11.2;FBSS/2;FBCR/3Austria;FBID/phone;FBLC/de_DE;FBOP/5;FBRV/84141153]"
77.119.128.142 - - [14/Dec/2017:06:30:10 +0100] "GET /ennstal.bad.aussee/img/mobile/info-close-button.png HTTP/1.1" 404 3071 "-" "Mozilla/5.0 (iPhone; CPU iPhone OS 11_2 like Mac OS X) AppleWebKit/604.4.7 (KHTML, like Gecko) Mobile/15C114 [FBAN/FBIOS;FBAV/152.0.0.45.135;FBBV/83301214;FBDV/iPhone7,2;FBMD/iPhone;FBSN/iOS;FBSV/11.2;FBSS/2;FBCR/3Austria;FBID/phone;FBLC/de_DE;FBOP/5;FBRV/84141153]"
80.110.111.132 - - [14/Dec/2017:06:30:15 +0100] "GET /reumannplatz/10292876?FS=B HTTP/1.1" 200 3048 "http://m.facebook.com/" "Mozilla/5.0 (Linux; Android 7.0; SM-A520F Build/NRD90M; wv) AppleWebKit/537.36 (KHTML, like Gecko) Version/4.0 Chrome/62.0.3202.84 Mobile Safari/537.36 [FB_IAB/FB4A;FBAV/153.0.0.53.88;]"
139.162.106.181 - - [14/Dec/2017:06:30:23 +0100] "GET / HTTP/1.1" 301 383 "-" "Mozilla/5.0 (Windows NT 10.0; WOW64) AppleWebKit/537.36 (KHTML, like Gecko) Chrome/50.0.2661.102 Safari/537.36"
157.55.39.111 - - [14/Dec/2017:06:30:23 +0100] "GET /horn/10284754?FS=A1L17 HTTP/1.1" 410 3390 "-" "Mozilla/5.0 (compatible; bingbot/2.0; +http://www.bing.com/bingbot.htm)"
139.162.106.181 - - [14/Dec/2017:06:30:25 +0100] "GET / HTTP/1.1" 200 15887 "https://86.59.113.102:443/" "Go-http-client/1.1"
216.244.66.243 - - [14/Dec/2017:06:30:33 +0100] "GET /binaries/easy-drivers-bad-v/pr-5.pdf HTTP/1.1" 301 423 "-" "Mozilla/5.0 (compatible; DotBot/1.1; http://www.opensiteexplorer.org/dotbot, help@moz.com)"
213.33.7.75 - - [14/Dec/2017:06:30:35 +0100] "GET /easy_drivers_st._peterau/img/mobile/kursicon-share.png HTTP/1.1" 404 3122 "-" "Mozilla/5.0 (iPhone; CPU iPhone OS 11_2_1 like Mac OS X) AppleWebKit/604.4.7 (KHTML, like Gecko) Mobile/15C153 [FBAN/FBIOS;FBAV/152.0.0.45.135;FBBV/83301214;FBDV/iPhone8,4;FBMD/iPhone;FBSN/iOS;FBSV/11.2.1;FBSS/2;FBCR/3Austria;FBID/phone;FBLC/de_DE;FBOP/5;FBRV/84141153]"
194.208.134.248 - - [14/Dec/2017:06:30:47 +0100] "GET /bludenz/GrundkursB20171212?FS=B HTTP/1.1" 200 5999 "https://www.easydrivers.at/bludenz/kursauswahl" "Mozilla/5.0 (iPhone; CPU iPhone OS 11_1_2 like Mac OS X) AppleWebKit/604.1.34 (KHTML, like Gecko) CriOS/63.0.3239.73 Mobile/15B202 Safari/604.1"
194.208.134.248 - - [14/Dec/2017:06:30:53 +0100] "POST /bludenz/kursauswahl HTTP/1.1" 200 4183 "https://www.easydrivers.at/bludenz" "Mozilla/5.0 (iPhone; CPU iPhone OS 11_1_2 like Mac OS X) AppleWebKit/604.1.34 (KHTML, like Gecko) CriOS/63.0.3239.73 Mobile/15B202 Safari/604.1"
194.208.134.248 - - [14/Dec/2017:06:30:55 +0100] "GET /binaries/easy-drivers-portal/pkw3jpg.jpg HTTP/1.1" 200 90539 "https://www.easydrivers.at/bludenz/kursauswahl" "Mozilla/5.0 (iPhone; CPU iPhone OS 11_1_2 like Mac OS X) AppleWebKit/604.1.34 (KHTML, like Gecko) CriOS/63.0.3239.73 Mobile/15B202 Safari/604.1"
194.208.134.248 - - [14/Dec/2017:06:30:55 +0100] "POST /loadkursliste HTTP/1.1" 200 478 "https://www.easydrivers.at/bludenz/kursauswahl" "Mozilla/5.0 (iPhone; CPU iPhone OS 11_1_2 like Mac OS X) AppleWebKit/604.1.34 (KHTML, like Gecko) CriOS/63.0.3239.73 Mobile/15B202 Safari/604.1"
213.147.161.87 - - [14/Dec/2017:06:30:57 +0100] "GET /easy_drivers_st._peterau/Weihnachtskurs-2017?FS=B HTTP/1.1" 200 3113 "http://m.facebook.com" "Mozilla/5.0 (iPhone; CPU iPhone OS 11_0 like Mac OS X) AppleWebKit/604.1.38 (KHTML, like Gecko) Mobile/15A372 [FBAN/FBIOS;FBAV/152.0.0.45.135;FBBV/83301214;FBDV/iPhone8,1;FBMD/iPhone;FBSN/iOS;FBSV/11.0;FBSS/2;FBCR/Carrier;FBID/phone;FBLC/de_DE;FBOP/5;FBRV/84311412]"
213.147.161.87 - - [14/Dec/2017:06:31:01 +0100] "GET /easy_drivers_st._peterau/img/mobile/easydrivers-logo-mobile.png HTTP/1.1" 404 3109 "-" "Mozilla/5.0 (iPhone; CPU iPhone OS 11_0 like Mac OS X) AppleWebKit/604.1.38 (KHTML, like Gecko) Mobile/15A372 [FBAN/FBIOS;FBAV/152.0.0.45.135;FBBV/83301214;FBDV/iPhone8,1;FBMD/iPhone;FBSN/iOS;FBSV/11.0;FBSS/2;FBCR/Carrier;FBID/phone;FBLC/de_DE;FBOP/5;FBRV/84311412]"
194.208.134.248 - - [14/Dec/2017:06:31:03 +0100] "GET /bludenz/GrundkursB20171212?FS=B HTTP/1.1" 200 5998 "https://www.easydrivers.at/bludenz/kursauswahl" "Mozilla/5.0 (iPhone; CPU iPhone OS 11_1_2 like Mac OS X) AppleWebKit/604.1.34 (KHTML, like Gecko) CriOS/63.0.3239.73 Mobile/15B202 Safari/604.1"
194.208.134.248 - - [14/Dec/2017:06:31:05 +0100] "GET /bludenz/GrundkursB20171212?FS=B HTTP/1.1" 200 6001 "https://www.easydrivers.at/bludenz/kursauswahl" "Mozilla/5.0 (iPhone; CPU iPhone OS 11_1_2 like Mac OS X) AppleWebKit/604.1.34 (KHTML, like Gecko) CriOS/63.0.3239.73 Mobile/15B202 Safari/604.1"
194.208.134.248 - - [14/Dec/2017:06:31:08 +0100] "GET /binaries/easy-drivers-portal/pkw9jpg-1.jpg HTTP/1.1" 200 68933 "https://www.easydrivers.at/bludenz/GrundkursB20171212?FS=B" "Mozilla/5.0 (iPhone; CPU iPhone OS 11_1_2 like Mac OS X) AppleWebKit/604.1.34 (KHTML, like Gecko) CriOS/63.0.3239.73 Mobile/15B202 Safari/604.1"
77.119.128.142 - - [14/Dec/2017:06:31:10 +0100] "GET /ennstal.bad.aussee/img/smallicon-person.png HTTP/1.1" 404 3069 "-" "Mozilla/5.0 (iPhone; CPU iPhone OS 11_2 like Mac OS X) AppleWebKit/604.4.7 (KHTML, like Gecko) Mobile/15C114 [FBAN/FBIOS;FBAV/152.0.0.45.135;FBBV/83301214;FBDV/iPhone7,2;FBMD/iPhone;FBSN/iOS;FBSV/11.2;FBSS/2;FBCR/3Austria;FBID/phone;FBLC/de_DE;FBOP/5;FBRV/84141153]"
213.33.7.75 - - [14/Dec/2017:06:31:26 +0100] "-" 408 - "-" "-"
194.208.134.248 - - [14/Dec/2017:06:31:29 +0100] "GET /bludenz/fuhrpark HTTP/1.1" 200 3584 "https://www.easydrivers.at/bludenz/GrundkursB20171212?FS=B" "Mozilla/5.0 (iPhone; CPU iPhone OS 11_1_2 like Mac OS X) AppleWebKit/604.1.34 (KHTML, like Gecko) CriOS/63.0.3239.73 Mobile/15B202 Safari/604.1"
194.208.134.248 - - [14/Dec/2017:06:31:32 +0100] "GET /img/gallery/gallery-left.png HTTP/1.1" 200 1866 "https://www.easydrivers.at/bludenz/fuhrpark" "Mozilla/5.0 (iPhone; CPU iPhone OS 11_1_2 like Mac OS X) AppleWebKit/604.1.34 (KHTML, like Gecko) CriOS/63.0.3239.73 Mobile/15B202 Safari/604.1"
194.208.134.248 - - [14/Dec/2017:06:31:32 +0100] "GET /img/gallery/gallery-right.png HTTP/1.1" 200 1879 "https://www.easydrivers.at/bludenz/fuhrpark" "Mozilla/5.0 (iPhone; CPU iPhone OS 11_1_2 like Mac OS X) AppleWebKit/604.1.34 (KHTML, like Gecko) CriOS/63.0.3239.73 Mobile/15B202 Safari/604.1"
194.208.134.248 - - [14/Dec/2017:06:31:32 +0100] "GET /binaries/easy-drivers-breuss-bludenz/ducati600454-1jpg.jpg HTTP/1.1" 200 83063 "https://www.easydrivers.at/bludenz/fuhrpark" "Mozilla/5.0 (iPhone; CPU iPhone OS 11_1_2 like Mac OS X) AppleWebKit/604.1.34 (KHTML, like Gecko) CriOS/63.0.3239.73 Mobile/15B202 Safari/604.1"
194.208.134.248 - - [14/Dec/2017:06:31:32 +0100] "GET /binaries/easy-drivers-breuss-bludenz/ktm600454-1jpg.jpg HTTP/1.1" 200 87322 "https://www.easydrivers.at/bludenz/fuhrpark" "Mozilla/5.0 (iPhone; CPU iPhone OS 11_1_2 like Mac OS X) AppleWebKit/604.1.34 (KHTML, like Gecko) CriOS/63.0.3239.73 Mobile/15B202 Safari/604.1"
194.208.134.248 - - [14/Dec/2017:06:31:32 +0100] "GET /binaries/easy-drivers-breuss-bludenz/honda600454-1jpg.jpg HTTP/1.1" 200 76411 "https://www.easydrivers.at/bludenz/fuhrpark" "Mozilla/5.0 (iPhone; CPU iPhone OS 11_1_2 like Mac OS X) AppleWebKit/604.1.34 (KHTML, like Gecko) CriOS/63.0.3239.73 Mobile/15B202 Safari/604.1"
194.208.134.248 - - [14/Dec/2017:06:31:32 +0100] "GET /binaries/easy-drivers-breuss-bludenz/golf7-2014-02png.png HTTP/1.1" 200 452701 "https://www.easydrivers.at/bludenz/fuhrpark" "Mozilla/5.0 (iPhone; CPU iPhone OS 11_1_2 like Mac OS X) AppleWebKit/604.1.34 (KHTML, like Gecko) CriOS/63.0.3239.73 Mobile/15B202 Safari/604.1"
194.208.134.248 - - [14/Dec/2017:06:31:32 +0100] "GET /binaries/easy-drivers-breuss-bludenz/mf-6445.jpg HTTP/1.1" 200 158356 "https://www.easydrivers.at/bludenz/fuhrpark" "Mozilla/5.0 (iPhone; CPU iPhone OS 11_1_2 like Mac OS X) AppleWebKit/604.1.34 (KHTML, like Gecko) CriOS/63.0.3239.73 Mobile/15B202 Safari/604.1"
194.208.134.248 - - [14/Dec/2017:06:31:32 +0100] "GET /binaries/easy-drivers-breuss-bludenz/volvo-fh400.jpg HTTP/1.1" 200 697458 "https://www.easydrivers.at/bludenz/fuhrpark" "Mozilla/5.0 (iPhone; CPU iPhone OS 11_1_2 like Mac OS X) AppleWebKit/604.1.34 (KHTML, like Gecko) CriOS/63.0.3239.73 Mobile/15B202 Safari/604.1"
194.208.134.248 - - [14/Dec/2017:06:31:32 +0100] "GET /binaries/easy-drivers-breuss-bludenz/img20170420153616jpg-1.jpg HTTP/1.1" 200 3349934 "https://www.easydrivers.at/bludenz/fuhrpark" "Mozilla/5.0 (iPhone; CPU iPhone OS 11_1_2 like Mac OS X) AppleWebKit/604.1.34 (KHTML, like Gecko) CriOS/63.0.3239.73 Mobile/15B202 Safari/604.1"
213.147.161.87 - - [14/Dec/2017:06:31:32 +0100] "GET /easy_drivers_st._peterau/img/mobile/menu-button.png HTTP/1.1" 404 3114 "-" "Mozilla/5.0 (iPhone; CPU iPhone OS 11_0 like Mac OS X) AppleWebKit/604.1.38 (KHTML, like Gecko) Mobile/15A372 [FBAN/FBIOS;FBAV/152.0.0.45.135;FBBV/83301214;FBDV/iPhone8,1;FBMD/iPhone;FBSN/iOS;FBSV/11.0;FBSS/2;FBCR/Carrier;FBID/phone;FBLC/de_DE;FBOP/5;FBRV/84311412]"
194.208.134.248 - - [14/Dec/2017:06:31:32 +0100] "GET /binaries/easy-drivers-breuss-bludenz/img20170420153050jpg.jpg HTTP/1.1" 200 3479054 "https://www.easydrivers.at/bludenz/fuhrpark" "Mozilla/5.0 (iPhone; CPU iPhone OS 11_1_2 like Mac OS X) AppleWebKit/604.1.34 (KHTML, like Gecko) CriOS/63.0.3239.73 Mobile/15B202 Safari/604.1"
213.225.38.10 - - [14/Dec/2017:06:31:41 +0100] "GET /easy_drivers_st._peterau/Weihnachtskurs-2017?FS=B HTTP/1.1" 200 3113 "http://m.facebook.com" "Mozilla/5.0 (iPhone; CPU iPhone OS 11_1_2 like Mac OS X) AppleWebKit/604.3.5 (KHTML, like Gecko) Mobile/15B202 [FBAN/FBIOS;FBAV/152.0.0.45.135;FBBV/83301214;FBDV/iPhone8,1;FBMD/iPhone;FBSN/iOS;FBSV/11.1.2;FBSS/2;FBCR/A1;FBID/phone;FBLC/de_DE;FBOP/5;FBRV/84311412]"
213.225.38.10 - - [14/Dec/2017:06:31:45 +0100] "GET /easy_drivers_st._peterau/img/mobile/easydrivers-logo-mobile.png HTTP/1.1" 404 3109 "-" "Mozilla/5.0 (iPhone; CPU iPhone OS 11_1_2 like Mac OS X) AppleWebKit/604.3.5 (KHTML, like Gecko) Mobile/15B202 [FBAN/FBIOS;FBAV/152.0.0.45.135;FBBV/83301214;FBDV/iPhone8,1;FBMD/iPhone;FBSN/iOS;FBSV/11.1.2;FBSS/2;FBCR/A1;FBID/phone;FBLC/de_DE;FBOP/5;FBRV/84311412]"
213.147.161.87 - - [14/Dec/2017:06:32:01 +0100] "GET /easy_drivers_st._peterau/img/mobile/close-button.png HTTP/1.1" 404 3116 "-" "Mozilla/5.0 (iPhone; CPU iPhone OS 11_0 like Mac OS X) AppleWebKit/604.1.38 (KHTML, like Gecko) Mobile/15A372 [FBAN/FBIOS;FBAV/152.0.0.45.135;FBBV/83301214;FBDV/iPhone8,1;FBMD/iPhone;FBSN/iOS;FBSV/11.0;FBSS/2;FBCR/Carrier;FBID/phone;FBLC/de_DE;FBOP/5;FBRV/84311412]"
194.208.134.248 - - [14/Dec/2017:06:32:07 +0100] "GET /bludenz/GrundkursB20171212?FS=B HTTP/1.1" 200 6001 "-" "Mozilla/5.0 (iPhone; CPU iPhone OS 11_1_2 like Mac OS X) AppleWebKit/604.1.34 (KHTML, like Gecko) CriOS/63.0.3239.73 Mobile/15B202 Safari/604.1"
178.165.130.204 - - [14/Dec/2017:06:32:09 +0100] "GET /perg/10293777?FS=B HTTP/1.1" 200 3030 "http://m.facebook.com" "Mozilla/5.0 (iPhone; CPU iPhone OS 11_2 like Mac OS X) AppleWebKit/604.4.7 (KHTML, like Gecko) Mobile/15C114 [FBAN/FBIOS;FBAV/152.0.0.45.135;FBBV/83301214;FBDV/iPhone8,1;FBMD/iPhone;FBSN/iOS;FBSV/11.2;FBSS/2;FBCR/3Austria;FBID/phone;FBLC/en_GB;FBOP/5;FBRV/84311412]"
213.225.38.10 - - [14/Dec/2017:06:32:15 +0100] "GET /easy_drivers_st._peterau/img/mobile/menu-button.png HTTP/1.1" 404 3114 "-" "Mozilla/5.0 (iPhone; CPU iPhone OS 11_1_2 like Mac OS X) AppleWebKit/604.3.5 (KHTML, like Gecko) Mobile/15B202 [FBAN/FBIOS;FBAV/152.0.0.45.135;FBBV/83301214;FBDV/iPhone8,1;FBMD/iPhone;FBSN/iOS;FBSV/11.1.2;FBSS/2;FBCR/A1;FBID/phone;FBLC/de_DE;FBOP/5;FBRV/84311412]"
216.244.66.243 - - [14/Dec/2017:06:32:27 +0100] "GET /waidhofen.thaya/10285240?FS=BE HTTP/1.1" 301 417 "-" "Mozilla/5.0 (compatible; DotBot/1.1; http://www.opensiteexplorer.org/dotbot, help@moz.com)"
216.244.66.243 - - [14/Dec/2017:06:32:29 +0100] "GET /wieselburg/10252979 HTTP/1.1" 301 406 "-" "Mozilla/5.0 (compatible; DotBot/1.1; http://www.opensiteexplorer.org/dotbot, help@moz.com)"
213.147.161.87 - - [14/Dec/2017:06:32:32 +0100] "GET /easy_drivers_st._peterau/img/mobile/facebook-icon.png HTTP/1.1" 404 3114 "-" "Mozilla/5.0 (iPhone; CPU iPhone OS 11_0 like Mac OS X) AppleWebKit/604.1.38 (KHTML, like Gecko) Mobile/15A372 [FBAN/FBIOS;FBAV/152.0.0.45.135;FBBV/83301214;FBDV/iPhone8,1;FBMD/iPhone;FBSN/iOS;FBSV/11.0;FBSS/2;FBCR/Carrier;FBID/phone;FBLC/de_DE;FBOP/5;FBRV/84311412]"
213.225.38.174 - - [14/Dec/2017:06:32:38 +0100] "GET /bludenz HTTP/1.1" 301 299 "https://www.google.at/" "Mozilla/5.0 (Linux; Android 6.0.1; SAMSUNG SM-G800F/G800FXXU1CQJ2 Build/MMB29K) AppleWebKit/537.36 (KHTML, like Gecko) SamsungBrowser/4.0 Chrome/44.0.2403.133 Mobile Safari/537.36"
213.225.38.174 - - [14/Dec/2017:06:32:39 +0100] "GET /bludenz HTTP/1.1" 200 2940 "https://www.google.at/" "Mozilla/5.0 (Linux; Android 6.0.1; SAMSUNG SM-G800F/G800FXXU1CQJ2 Build/MMB29K) AppleWebKit/537.36 (KHTML, like Gecko) SamsungBrowser/4.0 Chrome/44.0.2403.133 Mobile Safari/537.36"
213.225.38.174 - - [14/Dec/2017:06:32:43 +0100] "GET /img/favicon.ico HTTP/1.1" 301 303 "-" "Mozilla/5.0 (Linux; Android 6.0.1; SAMSUNG SM-G800F/G800FXXU1CQJ2 Build/MMB29K) AppleWebKit/537.36 (KHTML, like Gecko) SamsungBrowser/4.0 Chrome/44.0.2403.133 Mobile Safari/537.36"
213.225.38.174 - - [14/Dec/2017:06:32:43 +0100] "GET /img/favicon.ico HTTP/1.1" 404 301 "-" "Mozilla/5.0 (Linux; Android 6.0.1; SAMSUNG SM-G800F/G800FXXU1CQJ2 Build/MMB29K) AppleWebKit/537.36 (KHTML, like Gecko) SamsungBrowser/4.0 Chrome/44.0.2403.133 Mobile Safari/537.36"
213.225.38.10 - - [14/Dec/2017:06:32:45 +0100] "GET /easy_drivers_st._peterau/img/mobile/facebook-icon.png HTTP/1.1" 404 3114 "-" "Mozilla/5.0 (iPhone; CPU iPhone OS 11_1_2 like Mac OS X) AppleWebKit/604.3.5 (KHTML, like Gecko) Mobile/15B202 [FBAN/FBIOS;FBAV/152.0.0.45.135;FBBV/83301214;FBDV/iPhone8,1;FBMD/iPhone;FBSN/iOS;FBSV/11.1.2;FBSS/2;FBCR/A1;FBID/phone;FBLC/de_DE;FBOP/5;FBRV/84311412]"
213.147.161.87 - - [14/Dec/2017:06:33:02 +0100] "GET /easy_drivers_st._peterau/img/mobile/info-button.png HTTP/1.1" 404 3117 "-" "Mozilla/5.0 (iPhone; CPU iPhone OS 11_0 like Mac OS X) AppleWebKit/604.1.38 (KHTML, like Gecko) Mobile/15A372 [FBAN/FBIOS;FBAV/152.0.0.45.135;FBBV/83301214;FBDV/iPhone8,1;FBMD/iPhone;FBSN/iOS;FBSV/11.0;FBSS/2;FBCR/Carrier;FBID/phone;FBLC/de_DE;FBOP/5;FBRV/84311412]"
213.225.6.41 - - [14/Dec/2017:06:33:02 +0100] "GET /ennstal.schladming/wfk-22-12-2017?FS=B HTTP/1.1" 200 3217 "http://m.facebook.com" "Mozilla/5.0 (iPhone; CPU iPhone OS 10_3_3 like Mac OS X) AppleWebKit/603.3.8 (KHTML, like Gecko) Mobile/14G60 [FBAN/FBIOS;FBAV/148.0.0.45.64;FBBV/78032376;FBDV/iPhone8,4;FBMD/iPhone;FBSN/iOS;FBSV/10.3.3;FBSS/2;FBCR/A1;FBID/phone;FBLC/de_DE;FBOP/5;FBRV/79865963]"
157.55.39.233 - - [14/Dec/2017:06:33:06 +0100] "GET /binaries/easy-drivers-neunkirchen--au/heroldehrungjpg.jpg HTTP/1.1" 200 46146 "-" "Mozilla/5.0 (compatible; bingbot/2.0; +http://www.bing.com/bingbot.htm)"
213.225.38.10 - - [14/Dec/2017:06:33:15 +0100] "GET /easy_drivers_st._peterau/img/mobile/info-close-button.png HTTP/1.1" 404 3120 "-" "Mozilla/5.0 (iPhone; CPU iPhone OS 11_1_2 like Mac OS X) AppleWebKit/604.3.5 (KHTML, like Gecko) Mobile/15B202 [FBAN/FBIOS;FBAV/152.0.0.45.135;FBBV/83301214;FBDV/iPhone8,1;FBMD/iPhone;FBSN/iOS;FBSV/11.1.2;FBSS/2;FBCR/A1;FBID/phone;FBLC/de_DE;FBOP/5;FBRV/84311412]"
82.192.22.176 - - [14/Dec/2017:06:33:29 +0100] "GET /ennstal.bad.aussee/img/mobile/easydrivers-logo-mobile.png HTTP/1.1" 404 3061 "-" "Mozilla/5.0 (iPhone; CPU iPhone OS 10_3_3 like Mac OS X) AppleWebKit/603.3.8 (KHTML, like Gecko) Mobile/14G60 [FBAN/FBIOS;FBAV/152.0.0.45.135;FBBV/83301214;FBDV/iPhone5,2;FBMD/iPhone;FBSN/iOS;FBSV/10.3.3;FBSS/2;FBCR/A1;FBID/phone;FBLC/de_DE;FBOP/5;FBRV/84141153]"
213.147.161.87 - - [14/Dec/2017:06:33:32 +0100] "GET /easy_drivers_st._peterau/img/mobile/info-close-button.png HTTP/1.1" 404 3120 "-" "Mozilla/5.0 (iPhone; CPU iPhone OS 11_0 like Mac OS X) AppleWebKit/604.1.38 (KHTML, like Gecko) Mobile/15A372 [FBAN/FBIOS;FBAV/152.0.0.45.135;FBBV/83301214;FBDV/iPhone8,1;FBMD/iPhone;FBSN/iOS;FBSV/11.0;FBSS/2;FBCR/Carrier;FBID/phone;FBLC/de_DE;FBOP/5;FBRV/84311412]"
213.225.38.10 - - [14/Dec/2017:06:33:45 +0100] "GET /easy_drivers_st._peterau/img/smallicon-person.png HTTP/1.1" 404 3118 "-" "Mozilla/5.0 (iPhone; CPU iPhone OS 11_1_2 like Mac OS X) AppleWebKit/604.3.5 (KHTML, like Gecko) Mobile/15B202 [FBAN/FBIOS;FBAV/152.0.0.45.135;FBBV/83301214;FBDV/iPhone8,1;FBMD/iPhone;FBSN/iOS;FBSV/11.1.2;FBSS/2;FBCR/A1;FBID/phone;FBLC/de_DE;FBOP/5;FBRV/84311412]"
213.225.38.10 - - [14/Dec/2017:06:34:15 +0100] "GET /easy_drivers_st._peterau/img/mobile/info-button.png HTTP/1.1" 404 3117 "-" "Mozilla/5.0 (iPhone; CPU iPhone OS 11_1_2 like Mac OS X) AppleWebKit/604.3.5 (KHTML, like Gecko) Mobile/15B202 [FBAN/FBIOS;FBAV/152.0.0.45.135;FBBV/83301214;FBDV/iPhone8,1;FBMD/iPhone;FBSN/iOS;FBSV/11.1.2;FBSS/2;FBCR/A1;FBID/phone;FBLC/de_DE;FBOP/5;FBRV/84311412]"
66.249.76.74 - - [14/Dec/2017:06:34:22 +0100] "GET /perg HTTP/1.1" 301 296 "-" "Mozilla/5.0 (Linux; Android 6.0.1; Nexus 5X Build/MMB29P) AppleWebKit/537.36 (KHTML, like Gecko) Chrome/41.0.2272.96 Mobile Safari/537.36 (compatible; Googlebot/2.1; +http://www.google.com/bot.html)"
66.249.76.84 - - [14/Dec/2017:06:34:23 +0100] "GET /perg HTTP/1.1" 200 2927 "-" "Mozilla/5.0 (Linux; Android 6.0.1; Nexus 5X Build/MMB29P) AppleWebKit/537.36 (KHTML, like Gecko) Chrome/41.0.2272.96 Mobile Safari/537.36 (compatible; Googlebot/2.1; +http://www.google.com/bot.html)"
185.20.237.172 - - [14/Dec/2017:06:34:25 +0100] "GET /tulln/Weihnachtskurs_Abendkurs_Dezember_2017?FS=B HTTP/1.1" 200 3264 "http://m.facebook.com" "Mozilla/5.0 (iPhone; CPU iPhone OS 11_1_2 like Mac OS X) AppleWebKit/604.3.5 (KHTML, like Gecko) Mobile/15B202 [FBAN/FBIOS;FBAV/152.0.0.45.135;FBBV/83301214;FBDV/iPhone6,2;FBMD/iPhone;FBSN/iOS;FBSV/11.1.2;FBSS/2;FBCR/tele.ring;FBID/phone;FBLC/de_DE;FBOP/5;FBRV/84311412]"
185.20.237.172 - - [14/Dec/2017:06:34:28 +0100] "GET /tulln/img/mobile/easydrivers-logo-mobile.png HTTP/1.1" 404 3035 "-" "Mozilla/5.0 (iPhone; CPU iPhone OS 11_1_2 like Mac OS X) AppleWebKit/604.3.5 (KHTML, like Gecko) Mobile/15B202 [FBAN/FBIOS;FBAV/152.0.0.45.135;FBBV/83301214;FBDV/iPhone6,2;FBMD/iPhone;FBSN/iOS;FBSV/11.1.2;FBSS/2;FBCR/tele.ring;FBID/phone;FBLC/de_DE;FBOP/5;FBRV/84311412]"
85.90.156.169 - - [14/Dec/2017:06:34:53 +0100] "GET / HTTP/1.1" 200 3552 "https://www.google.at/" "Mozilla/5.0 (iPhone; CPU iPhone OS 11_2 like Mac OS X) AppleWebKit/604.4.7 (KHTML, like Gecko) Version/11.0 Mobile/15C114 Safari/604.1"
185.20.237.172 - - [14/Dec/2017:06:34:58 +0100] "GET /tulln/img/mobile/menu-button.png HTTP/1.1" 404 3042 "-" "Mozilla/5.0 (iPhone; CPU iPhone OS 11_1_2 like Mac OS X) AppleWebKit/604.3.5 (KHTML, like Gecko) Mobile/15B202 [FBAN/FBIOS;FBAV/152.0.0.45.135;FBBV/83301214;FBDV/iPhone6,2;FBMD/iPhone;FBSN/iOS;FBSV/11.1.2;FBSS/2;FBCR/tele.ring;FBID/phone;FBLC/de_DE;FBOP/5;FBRV/84311412]"
213.225.3.160 - - [14/Dec/2017:06:35:23 +0100] "GET /ennstal.bad.aussee/wfk-22-12-2017?FS=B HTTP/1.1" 200 3219 "http://m.facebook.com" "Mozilla/5.0 (iPhone; CPU iPhone OS 11_2 like Mac OS X) AppleWebKit/604.4.7 (KHTML, like Gecko) Mobile/15C114 [FBAN/FBIOS;FBAV/152.0.0.45.135;FBBV/83301214;FBDV/iPhone8,4;FBMD/iPhone;FBSN/iOS;FBSV/11.2;FBSS/2;FBCR/A1;FBID/phone;FBLC/de_DE;FBOP/5;FBRV/84141153]"
185.20.237.172 - - [14/Dec/2017:06:35:27 +0100] "GET /tulln/img/mobile/facebook-icon.png HTTP/1.1" 404 3040 "-" "Mozilla/5.0 (iPhone; CPU iPhone OS 11_1_2 like Mac OS X) AppleWebKit/604.3.5 (KHTML, like Gecko) Mobile/15B202 [FBAN/FBIOS;FBAV/152.0.0.45.135;FBBV/83301214;FBDV/iPhone6,2;FBMD/iPhone;FBSN/iOS;FBSV/11.1.2;FBSS/2;FBCR/tele.ring;FBID/phone;FBLC/de_DE;FBOP/5;FBRV/84311412]"
40.77.167.56 - - [14/Dec/2017:06:35:51 +0100] "GET /binaries/easy-drivers-schwechat/gottfried-pichler.jpg HTTP/1.1" 301 325 "-" "Mozilla/5.0 (compatible; bingbot/2.0; +http://www.bing.com/bingbot.htm)"
157.55.39.111 - - [14/Dec/2017:06:35:58 +0100] "GET /hartberg/kursauswahl HTTP/1.1" 200 3570 "-" "Mozilla/5.0 (compatible; bingbot/2.0; +http://www.bing.com/bingbot.htm)"
185.20.237.172 - - [14/Dec/2017:06:35:58 +0100] "GET /tulln/img/mobile/info-close-button.png HTTP/1.1" 404 3047 "-" "Mozilla/5.0 (iPhone; CPU iPhone OS 11_1_2 like Mac OS X) AppleWebKit/604.3.5 (KHTML, like Gecko) Mobile/15B202 [FBAN/FBIOS;FBAV/152.0.0.45.135;FBBV/83301214;FBDV/iPhone6,2;FBMD/iPhone;FBSN/iOS;FBSV/11.1.2;FBSS/2;FBCR/tele.ring;FBID/phone;FBLC/de_DE;FBOP/5;FBRV/84311412]"
82.218.208.219 - - [14/Dec/2017:06:36:07 +0100] "GET /amstetten/weihnachtskurs?FS=B HTTP/1.1" 200 3162 "http://m.facebook.com" "Mozilla/5.0 (iPhone; CPU iPhone OS 10_2_1 like Mac OS X) AppleWebKit/602.4.6 (KHTML, like Gecko) Mobile/14D27 [FBAN/FBIOS;FBAV/152.0.0.45.135;FBBV/83301214;FBDV/iPhone6,2;FBMD/iPhone;FBSN/iOS;FBSV/10.2.1;FBSS/2;FBCR/A1;FBID/phone;FBLC/de_DE;FBOP/5;FBRV/84311412]"
213.162.73.206 - - [14/Dec/2017:06:36:08 +0100] "GET /tulln/Weihnachtskurs_Abendkurs_Dezember_2017?FS=B HTTP/1.1" 200 3264 "http://m.facebook.com/" "Mozilla/5.0 (Linux; Android 7.0; BLN-L21 Build/HONORBLN-L21; wv) AppleWebKit/537.36 (KHTML, like Gecko) Version/4.0 Chrome/63.0.3239.83 Mobile Safari/537.36 [FB_IAB/FB4A;FBAV/152.0.0.42.136;]"
213.162.68.52 - - [14/Dec/2017:06:36:23 +0100] "GET /brigittenau HTTP/1.1" 301 301 "https://www.google.at/" "Mozilla/5.0 (iPhone; CPU iPhone OS 11_1_2 like Mac OS X) AppleWebKit/604.1.34 (KHTML, like Gecko) GSA/40.1.177082287 Mobile/15B202 Safari/604.1"
88.117.218.238 - - [14/Dec/2017:06:36:21 +0100] "GET /ennstal.bad.aussee/wfk-22-12-2017?FS=B HTTP/1.1" 200 3219 "http://m.facebook.com" "Mozilla/5.0 (iPhone; CPU iPhone OS 11_1_2 like Mac OS X) AppleWebKit/604.3.5 (KHTML, like Gecko) Mobile/15B202 [FBAN/FBIOS;FBAV/152.0.0.45.135;FBBV/83301214;FBDV/iPhone10,4;FBMD/iPhone;FBSN/iOS;FBSV/11.1.2;FBSS/2;FBCR/A1;FBID/phone;FBLC/de_DE;FBOP/5;FBRV/84311412]"
213.162.73.244 - - [14/Dec/2017:06:36:23 +0100] "GET /brigittenau HTTP/1.1" 200 2933 "https://www.google.at/" "Mozilla/5.0 (iPhone; CPU iPhone OS 11_1_2 like Mac OS X) AppleWebKit/604.1.34 (KHTML, like Gecko) GSA/40.1.177082287 Mobile/15B202 Safari/604.1"
213.162.73.244 - - [14/Dec/2017:06:36:26 +0100] "GET /javascript/mobile-menu.js HTTP/1.1" 200 1634 "https://www.easydrivers.at/brigittenau" "Mozilla/5.0 (iPhone; CPU iPhone OS 11_1_2 like Mac OS X) AppleWebKit/604.1.34 (KHTML, like Gecko) GSA/40.1.177082287 Mobile/15B202 Safari/604.1"
213.162.73.244 - - [14/Dec/2017:06:36:26 +0100] "GET /javascript/jquery.cookie.js HTTP/1.1" 200 863 "https://www.easydrivers.at/brigittenau" "Mozilla/5.0 (iPhone; CPU iPhone OS 11_1_2 like Mac OS X) AppleWebKit/604.1.34 (KHTML, like Gecko) GSA/40.1.177082287 Mobile/15B202 Safari/604.1"
213.162.73.244 - - [14/Dec/2017:06:36:26 +0100] "GET /css/mobile.css HTTP/1.1" 200 2852 "https://www.easydrivers.at/brigittenau" "Mozilla/5.0 (iPhone; CPU iPhone OS 11_1_2 like Mac OS X) AppleWebKit/604.1.34 (KHTML, like Gecko) GSA/40.1.177082287 Mobile/15B202 Safari/604.1"
213.162.73.244 - - [14/Dec/2017:06:36:26 +0100] "GET /javascript/jquery-1.9.1.min.js HTTP/1.1" 200 32731 "https://www.easydrivers.at/brigittenau" "Mozilla/5.0 (iPhone; CPU iPhone OS 11_1_2 like Mac OS X) AppleWebKit/604.1.34 (KHTML, like Gecko) GSA/40.1.177082287 Mobile/15B202 Safari/604.1"
213.162.73.244 - - [14/Dec/2017:06:36:26 +0100] "GET /javascript/jquery.simplemodal.js HTTP/1.1" 200 3070 "https://www.easydrivers.at/brigittenau" "Mozilla/5.0 (iPhone; CPU iPhone OS 11_1_2 like Mac OS X) AppleWebKit/604.1.34 (KHTML, like Gecko) GSA/40.1.177082287 Mobile/15B202 Safari/604.1"
213.162.73.244 - - [14/Dec/2017:06:36:26 +0100] "GET /javascript/lazyload.js HTTP/1.1" 200 1170 "https://www.easydrivers.at/brigittenau" "Mozilla/5.0 (iPhone; CPU iPhone OS 11_1_2 like Mac OS X) AppleWebKit/604.1.34 (KHTML, like Gecko) GSA/40.1.177082287 Mobile/15B202 Safari/604.1"
213.162.73.244 - - [14/Dec/2017:06:36:26 +0100] "GET /javascript/mobile-fahrschule.js HTTP/1.1" 200 328 "https://www.easydrivers.at/brigittenau" "Mozilla/5.0 (iPhone; CPU iPhone OS 11_1_2 like Mac OS X) AppleWebKit/604.1.34 (KHTML, like Gecko) GSA/40.1.177082287 Mobile/15B202 Safari/604.1"
213.162.73.244 - - [14/Dec/2017:06:36:26 +0100] "GET /img/mobile/easydrivers-logo-mobile.png HTTP/1.1" 200 10766 "https://www.easydrivers.at/brigittenau" "Mozilla/5.0 (iPhone; CPU iPhone OS 11_1_2 like Mac OS X) AppleWebKit/604.1.34 (KHTML, like Gecko) GSA/40.1.177082287 Mobile/15B202 Safari/604.1"
213.162.73.244 - - [14/Dec/2017:06:36:26 +0100] "GET /img/mobile/menu-button.png HTTP/1.1" 200 1746 "https://www.easydrivers.at/brigittenau" "Mozilla/5.0 (iPhone; CPU iPhone OS 11_1_2 like Mac OS X) AppleWebKit/604.1.34 (KHTML, like Gecko) GSA/40.1.177082287 Mobile/15B202 Safari/604.1"
213.162.73.244 - - [14/Dec/2017:06:36:26 +0100] "GET /img/mobile/close-button.png HTTP/1.1" 200 2411 "https://www.easydrivers.at/brigittenau" "Mozilla/5.0 (iPhone; CPU iPhone OS 11_1_2 like Mac OS X) AppleWebKit/604.1.34 (KHTML, like Gecko) GSA/40.1.177082287 Mobile/15B202 Safari/604.1"
213.162.73.244 - - [14/Dec/2017:06:36:26 +0100] "GET /img/mobile/info-button.png HTTP/1.1" 200 1549 "https://www.easydrivers.at/brigittenau" "Mozilla/5.0 (iPhone; CPU iPhone OS 11_1_2 like Mac OS X) AppleWebKit/604.1.34 (KHTML, like Gecko) GSA/40.1.177082287 Mobile/15B202 Safari/604.1"
213.162.73.244 - - [14/Dec/2017:06:36:26 +0100] "GET /img/mobile/facebook-icon.png HTTP/1.1" 200 1902 "https://www.easydrivers.at/brigittenau" "Mozilla/5.0 (iPhone; CPU iPhone OS 11_1_2 like Mac OS X) AppleWebKit/604.1.34 (KHTML, like Gecko) GSA/40.1.177082287 Mobile/15B202 Safari/604.1"
213.162.73.244 - - [14/Dec/2017:06:36:26 +0100] "GET /img/mobile/info-close-button.png HTTP/1.1" 200 1721 "https://www.easydrivers.at/brigittenau" "Mozilla/5.0 (iPhone; CPU iPhone OS 11_1_2 like Mac OS X) AppleWebKit/604.1.34 (KHTML, like Gecko) GSA/40.1.177082287 Mobile/15B202 Safari/604.1"
213.162.73.244 - - [14/Dec/2017:06:36:26 +0100] "GET /img/smallicon-person.png HTTP/1.1" 200 1141 "https://www.easydrivers.at/brigittenau" "Mozilla/5.0 (iPhone; CPU iPhone OS 11_1_2 like Mac OS X) AppleWebKit/604.1.34 (KHTML, like Gecko) GSA/40.1.177082287 Mobile/15B202 Safari/604.1"
213.162.73.244 - - [14/Dec/2017:06:36:26 +0100] "GET /img/smallicon-address.png HTTP/1.1" 200 1211 "https://www.easydrivers.at/brigittenau" "Mozilla/5.0 (iPhone; CPU iPhone OS 11_1_2 like Mac OS X) AppleWebKit/604.1.34 (KHTML, like Gecko) GSA/40.1.177082287 Mobile/15B202 Safari/604.1"
213.162.73.244 - - [14/Dec/2017:06:36:26 +0100] "GET /img/mobile/googlemaps-pin.png HTTP/1.1" 200 1597 "https://www.easydrivers.at/brigittenau" "Mozilla/5.0 (iPhone; CPU iPhone OS 11_1_2 like Mac OS X) AppleWebKit/604.1.34 (KHTML, like Gecko) GSA/40.1.177082287 Mobile/15B202 Safari/604.1"
213.162.73.244 - - [14/Dec/2017:06:36:26 +0100] "GET /img/smallicon-time.png HTTP/1.1" 200 1262 "https://www.easydrivers.at/brigittenau" "Mozilla/5.0 (iPhone; CPU iPhone OS 11_1_2 like Mac OS X) AppleWebKit/604.1.34 (KHTML, like Gecko) GSA/40.1.177082287 Mobile/15B202 Safari/604.1"
213.162.73.244 - - [14/Dec/2017:06:36:26 +0100] "GET /img/smallicon-mail.png HTTP/1.1" 200 1341 "https://www.easydrivers.at/brigittenau" "Mozilla/5.0 (iPhone; CPU iPhone OS 11_1_2 like Mac OS X) AppleWebKit/604.1.34 (KHTML, like Gecko) GSA/40.1.177082287 Mobile/15B202 Safari/604.1"
213.162.73.244 - - [14/Dec/2017:06:36:26 +0100] "GET /img/smallicon-phone.png HTTP/1.1" 200 3056 "https://www.easydrivers.at/brigittenau" "Mozilla/5.0 (iPhone; CPU iPhone OS 11_1_2 like Mac OS X) AppleWebKit/604.1.34 (KHTML, like Gecko) GSA/40.1.177082287 Mobile/15B202 Safari/604.1"
213.162.73.244 - - [14/Dec/2017:06:36:26 +0100] "GET /img/mobile/widget-icon-app.png HTTP/1.1" 200 3458 "https://www.easydrivers.at/brigittenau" "Mozilla/5.0 (iPhone; CPU iPhone OS 11_1_2 like Mac OS X) AppleWebKit/604.1.34 (KHTML, like Gecko) GSA/40.1.177082287 Mobile/15B202 Safari/604.1"
213.162.73.244 - - [14/Dec/2017:06:36:26 +0100] "GET /img/mobile/bg-header.jpg HTTP/1.1" 200 19741 "https://www.easydrivers.at/brigittenau" "Mozilla/5.0 (iPhone; CPU iPhone OS 11_1_2 like Mac OS X) AppleWebKit/604.1.34 (KHTML, like Gecko) GSA/40.1.177082287 Mobile/15B202 Safari/604.1"
213.162.73.244 - - [14/Dec/2017:06:36:26 +0100] "GET /img/mobile/bg-menu.jpg HTTP/1.1" 200 1698 "https://www.easydrivers.at/brigittenau" "Mozilla/5.0 (iPhone; CPU iPhone OS 11_1_2 like Mac OS X) AppleWebKit/604.1.34 (KHTML, like Gecko) GSA/40.1.177082287 Mobile/15B202 Safari/604.1"
213.162.73.244 - - [14/Dec/2017:06:36:26 +0100] "GET /img/mobile/pfeil-rechts.png HTTP/1.1" 200 1228 "https://www.easydrivers.at/brigittenau" "Mozilla/5.0 (iPhone; CPU iPhone OS 11_1_2 like Mac OS X) AppleWebKit/604.1.34 (KHTML, like Gecko) GSA/40.1.177082287 Mobile/15B202 Safari/604.1"
213.162.73.244 - - [14/Dec/2017:06:36:26 +0100] "GET /img/mobile/bg-top-section.jpg HTTP/1.1" 200 21711 "https://www.easydrivers.at/brigittenau" "Mozilla/5.0 (iPhone; CPU iPhone OS 11_1_2 like Mac OS X) AppleWebKit/604.1.34 (KHTML, like Gecko) GSA/40.1.177082287 Mobile/15B202 Safari/604.1"
185.20.237.172 - - [14/Dec/2017:06:36:28 +0100] "GET /tulln/img/mobile/close-button.png HTTP/1.1" 404 3043 "-" "Mozilla/5.0 (iPhone; CPU iPhone OS 11_1_2 like Mac OS X) AppleWebKit/604.3.5 (KHTML, like Gecko) Mobile/15B202 [FBAN/FBIOS;FBAV/152.0.0.45.135;FBBV/83301214;FBDV/iPhone6,2;FBMD/iPhone;FBSN/iOS;FBSV/11.1.2;FBSS/2;FBCR/tele.ring;FBID/phone;FBLC/de_DE;FBOP/5;FBRV/84311412]"
94.136.13.132 - - [14/Dec/2017:06:36:28 +0100] "GET /st.valentin/10293790?FS=B HTTP/1.1" 200 3077 "http://m.facebook.com" "Mozilla/5.0 (iPhone; CPU iPhone OS 10_3_3 like Mac OS X) AppleWebKit/603.3.8 (KHTML, like Gecko) Mobile/14G60 [FBAN/FBIOS;FBAV/135.0.0.45.90;FBBV/66877072;FBDV/iPhone8,1;FBMD/iPhone;FBSN/iOS;FBSV/10.3.3;FBSS/2;FBCR/3Austria;FBID/phone;FBLC/de_DE;FBOP/5;FBRV/67567098]"
85.31.13.194 - - [14/Dec/2017:06:36:29 +0100] "GET /enns/Abendkurs-22Dez2016?FS=B HTTP/1.1" 404 3065 "http://m.facebook.com" "Mozilla/5.0 (iPhone; CPU iPhone OS 11_1_2 like Mac OS X) AppleWebKit/604.3.5 (KHTML, like Gecko) Mobile/15B202 [FBAN/FBIOS;FBAV/152.0.0.45.135;FBBV/83301214;FBDV/iPhone9,3;FBMD/iPhone;FBSN/iOS;FBSV/11.1.2;FBSS/2;FBCR/T-MobileA;FBID/phone;FBLC/de_DE;FBOP/5;FBRV/84141153]"
94.136.13.132 - - [14/Dec/2017:06:36:31 +0100] "GET /st.valentin/img/mobile/easydrivers-logo-mobile.png HTTP/1.1" 404 3086 "-" "Mozilla/5.0 (iPhone; CPU iPhone OS 10_3_3 like Mac OS X) AppleWebKit/603.3.8 (KHTML, like Gecko) Mobile/14G60 [FBAN/FBIOS;FBAV/135.0.0.45.90;FBBV/66877072;FBDV/iPhone8,1;FBMD/iPhone;FBSN/iOS;FBSV/10.3.3;FBSS/2;FBCR/3Austria;FBID/phone;FBLC/de_DE;FBOP/5;FBRV/67567098]"
213.162.73.244 - - [14/Dec/2017:06:36:32 +0100] "POST /brigittenau/kursauswahl HTTP/1.1" 200 3033 "https://www.easydrivers.at/brigittenau" "Mozilla/5.0 (iPhone; CPU iPhone OS 11_1_2 like Mac OS X) AppleWebKit/604.1.34 (KHTML, like Gecko) GSA/40.1.177082287 Mobile/15B202 Safari/604.1"
213.162.73.244 - - [14/Dec/2017:06:36:35 +0100] "GET /javascript/mobile-fahrschule-kurs-suchergebnis.js HTTP/1.1" 200 274 "https://www.easydrivers.at/brigittenau/kursauswahl" "Mozilla/5.0 (iPhone; CPU iPhone OS 11_1_2 like Mac OS X) AppleWebKit/604.1.34 (KHTML, like Gecko) GSA/40.1.177082287 Mobile/15B202 Safari/604.1"
213.162.73.244 - - [14/Dec/2017:06:36:35 +0100] "GET /img/mobile/bg-yellow.jpg HTTP/1.1" 200 1569 "https://www.easydrivers.at/brigittenau/kursauswahl" "Mozilla/5.0 (iPhone; CPU iPhone OS 11_1_2 like Mac OS X) AppleWebKit/604.1.34 (KHTML, like Gecko) GSA/40.1.177082287 Mobile/15B202 Safari/604.1"
213.162.73.244 - - [14/Dec/2017:06:36:35 +0100] "GET /img/mobile/pfeil-links-small.png HTTP/1.1" 200 1065 "https://www.easydrivers.at/brigittenau/kursauswahl" "Mozilla/5.0 (iPhone; CPU iPhone OS 11_1_2 like Mac OS X) AppleWebKit/604.1.34 (KHTML, like Gecko) GSA/40.1.177082287 Mobile/15B202 Safari/604.1"
213.162.73.244 - - [14/Dec/2017:06:36:35 +0100] "GET /img/loading-bars.gif HTTP/1.1" 200 3951 "https://www.easydrivers.at/brigittenau/kursauswahl" "Mozilla/5.0 (iPhone; CPU iPhone OS 11_1_2 like Mac OS X) AppleWebKit/604.1.34 (KHTML, like Gecko) GSA/40.1.177082287 Mobile/15B202 Safari/604.1"
91.141.0.121 - - [14/Dec/2017:06:36:41 +0100] "GET /tulln/Weihnachtskurs_Abendkurs_Dezember_2017?FS=B HTTP/1.1" 200 3264 "http://m.facebook.com/" "Mozilla/5.0 (Linux; Android 5.1.1; SM-J320F Build/LMY47V; wv) AppleWebKit/537.36 (KHTML, like Gecko) Version/4.0 Chrome/61.0.3163.98 Mobile Safari/537.36 [FB_IAB/FB4A;FBAV/153.0.0.53.88;]"
213.162.73.244 - - [14/Dec/2017:06:36:49 +0100] "POST /loadkursliste HTTP/1.1" 200 907 "https://www.easydrivers.at/brigittenau/kursauswahl" "Mozilla/5.0 (iPhone; CPU iPhone OS 11_1_2 like Mac OS X) AppleWebKit/604.1.34 (KHTML, like Gecko) GSA/40.1.177082287 Mobile/15B202 Safari/604.1"
213.225.10.231 - - [14/Dec/2017:06:36:57 +0100] "GET / HTTP/1.1" 200 4435 "-" "Mozilla/5.0 (Windows NT 6.1; WOW64; rv:30.0) Gecko/20100101 Firefox/30.0"
213.225.10.231 - - [14/Dec/2017:06:36:58 +0100] "GET /javascript/portal.js?1221842734 HTTP/1.1" 304 - "https://www.easydrivers.at/" "Mozilla/5.0 (Windows NT 6.1; WOW64; rv:30.0) Gecko/20100101 Firefox/30.0"
213.185.170.218 - - [14/Dec/2017:06:36:57 +0100] "GET /voesendorf/10281936?FS=B&gclid=EAIaIQobChMIjq-Jq-SI2AIVCo0bCh24cQDjEAAYASAAEgKOZfD_BwE HTTP/1.1" 200 5602 "https://www.google.at/" "Mozilla/5.0 (Windows NT 6.1; Win64; x64) AppleWebKit/537.36 (KHTML, like Gecko) Chrome/63.0.3239.84 Safari/537.36"
213.185.170.218 - - [14/Dec/2017:06:36:59 +0100] "GET /css/style.css HTTP/1.1" 200 5004 "https://www.easydrivers.at/voesendorf/10281936?FS=B&gclid=EAIaIQobChMIjq-Jq-SI2AIVCo0bCh24cQDjEAAYASAAEgKOZfD_BwE" "Mozilla/5.0 (Windows NT 6.1; Win64; x64) AppleWebKit/537.36 (KHTML, like Gecko) Chrome/63.0.3239.84 Safari/537.36"
213.185.170.218 - - [14/Dec/2017:06:36:59 +0100] "GET /css/showLoading.css HTTP/1.1" 200 219 "https://www.easydrivers.at/voesendorf/10281936?FS=B&gclid=EAIaIQobChMIjq-Jq-SI2AIVCo0bCh24cQDjEAAYASAAEgKOZfD_BwE" "Mozilla/5.0 (Windows NT 6.1; Win64; x64) AppleWebKit/537.36 (KHTML, like Gecko) Chrome/63.0.3239.84 Safari/537.36"
213.185.170.218 - - [14/Dec/2017:06:36:59 +0100] "GET /javascript/jquery.customSelect.min.js HTTP/1.1" 200 912 "https://www.easydrivers.at/voesendorf/10281936?FS=B&gclid=EAIaIQobChMIjq-Jq-SI2AIVCo0bCh24cQDjEAAYASAAEgKOZfD_BwE" "Mozilla/5.0 (Windows NT 6.1; Win64; x64) AppleWebKit/537.36 (KHTML, like Gecko) Chrome/63.0.3239.84 Safari/537.36"
213.185.170.218 - - [14/Dec/2017:06:36:59 +0100] "GET /javascript/jquery.simplemodal.js HTTP/1.1" 200 3070 "https://www.easydrivers.at/voesendorf/10281936?FS=B&gclid=EAIaIQobChMIjq-Jq-SI2AIVCo0bCh24cQDjEAAYASAAEgKOZfD_BwE" "Mozilla/5.0 (Windows NT 6.1; Win64; x64) AppleWebKit/537.36 (KHTML, like Gecko) Chrome/63.0.3239.84 Safari/537.36"
213.185.170.218 - - [14/Dec/2017:06:36:59 +0100] "GET /javascript/jquery.cookie.js HTTP/1.1" 200 863 "https://www.easydrivers.at/voesendorf/10281936?FS=B&gclid=EAIaIQobChMIjq-Jq-SI2AIVCo0bCh24cQDjEAAYASAAEgKOZfD_BwE" "Mozilla/5.0 (Windows NT 6.1; Win64; x64) AppleWebKit/537.36 (KHTML, like Gecko) Chrome/63.0.3239.84 Safari/537.36"
213.185.170.218 - - [14/Dec/2017:06:36:59 +0100] "GET /javascript/portal.js?1221842734 HTTP/1.1" 200 3529 "https://www.easydrivers.at/voesendorf/10281936?FS=B&gclid=EAIaIQobChMIjq-Jq-SI2AIVCo0bCh24cQDjEAAYASAAEgKOZfD_BwE" "Mozilla/5.0 (Windows NT 6.1; Win64; x64) AppleWebKit/537.36 (KHTML, like Gecko) Chrome/63.0.3239.84 Safari/537.36"
213.185.170.218 - - [14/Dec/2017:06:36:59 +0100] "GET /javascript/fahrschule.js HTTP/1.1" 200 462 "https://www.easydrivers.at/voesendorf/10281936?FS=B&gclid=EAIaIQobChMIjq-Jq-SI2AIVCo0bCh24cQDjEAAYASAAEgKOZfD_BwE" "Mozilla/5.0 (Windows NT 6.1; Win64; x64) AppleWebKit/537.36 (KHTML, like Gecko) Chrome/63.0.3239.84 Safari/537.36"
213.185.170.218 - - [14/Dec/2017:06:36:59 +0100] "GET /javascript/suche.js HTTP/1.1" 200 209 "https://www.easydrivers.at/voesendorf/10281936?FS=B&gclid=EAIaIQobChMIjq-Jq-SI2AIVCo0bCh24cQDjEAAYASAAEgKOZfD_BwE" "Mozilla/5.0 (Windows NT 6.1; Win64; x64) AppleWebKit/537.36 (KHTML, like Gecko) Chrome/63.0.3239.84 Safari/537.36"
213.185.170.218 - - [14/Dec/2017:06:37:00 +0100] "GET /javascript/jquery.showLoading.min.js HTTP/1.1" 200 1136 "https://www.easydrivers.at/voesendorf/10281936?FS=B&gclid=EAIaIQobChMIjq-Jq-SI2AIVCo0bCh24cQDjEAAYASAAEgKOZfD_BwE" "Mozilla/5.0 (Windows NT 6.1; Win64; x64) AppleWebKit/537.36 (KHTML, like Gecko) Chrome/63.0.3239.84 Safari/537.36"
213.185.170.218 - - [14/Dec/2017:06:37:00 +0100] "GET /javascript/jquery.base64.min.js HTTP/1.1" 200 37135 "https://www.easydrivers.at/voesendorf/10281936?FS=B&gclid=EAIaIQobChMIjq-Jq-SI2AIVCo0bCh24cQDjEAAYASAAEgKOZfD_BwE" "Mozilla/5.0 (Windows NT 6.1; Win64; x64) AppleWebKit/537.36 (KHTML, like Gecko) Chrome/63.0.3239.84 Safari/537.36"
213.185.170.218 - - [14/Dec/2017:06:37:00 +0100] "GET /javascript/lazyload.js HTTP/1.1" 200 1170 "https://www.easydrivers.at/voesendorf/10281936?FS=B&gclid=EAIaIQobChMIjq-Jq-SI2AIVCo0bCh24cQDjEAAYASAAEgKOZfD_BwE" "Mozilla/5.0 (Windows NT 6.1; Win64; x64) AppleWebKit/537.36 (KHTML, like Gecko) Chrome/63.0.3239.84 Safari/537.36"
213.185.170.218 - - [14/Dec/2017:06:37:00 +0100] "GET /img/close-button.png HTTP/1.1" 200 2237 "https://www.easydrivers.at/voesendorf/10281936?FS=B&gclid=EAIaIQobChMIjq-Jq-SI2AIVCo0bCh24cQDjEAAYASAAEgKOZfD_BwE" "Mozilla/5.0 (Windows NT 6.1; Win64; x64) AppleWebKit/537.36 (KHTML, like Gecko) Chrome/63.0.3239.84 Safari/537.36"
213.185.170.218 - - [14/Dec/2017:06:37:00 +0100] "GET /img/facebook-icon.png HTTP/1.1" 200 1506 "https://www.easydrivers.at/voesendorf/10281936?FS=B&gclid=EAIaIQobChMIjq-Jq-SI2AIVCo0bCh24cQDjEAAYASAAEgKOZfD_BwE" "Mozilla/5.0 (Windows NT 6.1; Win64; x64) AppleWebKit/537.36 (KHTML, like Gecko) Chrome/63.0.3239.84 Safari/537.36"
213.185.170.218 - - [14/Dec/2017:06:37:00 +0100] "GET /img/info-button.png HTTP/1.1" 200 738 "https://www.easydrivers.at/voesendorf/10281936?FS=B&gclid=EAIaIQobChMIjq-Jq-SI2AIVCo0bCh24cQDjEAAYASAAEgKOZfD_BwE" "Mozilla/5.0 (Windows NT 6.1; Win64; x64) AppleWebKit/537.36 (KHTML, like Gecko) Chrome/63.0.3239.84 Safari/537.36"
213.185.170.218 - - [14/Dec/2017:06:37:00 +0100] "GET /img/locator-icon.png HTTP/1.1" 200 1377 "https://www.easydrivers.at/voesendorf/10281936?FS=B&gclid=EAIaIQobChMIjq-Jq-SI2AIVCo0bCh24cQDjEAAYASAAEgKOZfD_BwE" "Mozilla/5.0 (Windows NT 6.1; Win64; x64) AppleWebKit/537.36 (KHTML, like Gecko) Chrome/63.0.3239.84 Safari/537.36"
