213.240.109.79 - - [14/Dec/2017:05:47:09 +0100] "GET /st.valentin/img/mobile/facebook-icon.png HTTP/1.1" 404 3092 "-" "Mozilla/5.0 (iPhone; CPU iPhone OS 11_0_3 like Mac OS X) AppleWebKit/604.1.38 (KHTML, like Gecko) Mobile/15A432 [FBAN/FBIOS;FBAV/152.0.0.45.135;FBBV/83301214;FBDV/iPhone8,1;FBMD/iPhone;FBSN/iOS;FBSV/11.0.3;FBSS/2;FBCR/tele.ring;FBID/phone;FBLC/de_DE;FBOP/5;FBRV/84141153]"
213.240.109.79 - - [14/Dec/2017:05:47:39 +0100] "GET /st.valentin/img/mobile/info-button.png HTTP/1.1" 404 3094 "-" "Mozilla/5.0 (iPhone; CPU iPhone OS 11_0_3 like Mac OS X) AppleWebKit/604.1.38 (KHTML, like Gecko) Mobile/15A432 [FBAN/FBIOS;FBAV/152.0.0.45.135;FBBV/83301214;FBDV/iPhone8,1;FBMD/iPhone;FBSN/iOS;FBSV/11.0.3;FBSS/2;FBCR/tele.ring;FBID/phone;FBLC/de_DE;FBOP/5;FBRV/84141153]"
66.249.76.74 - - [14/Dec/2017:05:48:05 +0100] "GET /uploads/pdfs/eisenstadt/B_Kurs_Novermber_Dezember_B-L.pdf HTTP/1.1" 301 332 "-" "Mozilla/5.0 (compatible; Googlebot/2.1; +http://www.google.com/bot.html)"
66.249.76.80 - - [14/Dec/2017:05:48:06 +0100] "GET /uploads/pdfs/eisenstadt/B_Kurs_Novermber_Dezember_B-L.pdf HTTP/1.1" 200 32183 "-" "Mozilla/5.0 (compatible; Googlebot/2.1; +http://www.google.com/bot.html)"
213.240.109.79 - - [14/Dec/2017:05:48:10 +0100] "GET /st.valentin/img/mobile/info-close-button.png HTTP/1.1" 404 3098 "-" "Mozilla/5.0 (iPhone; CPU iPhone OS 11_0_3 like Mac OS X) AppleWebKit/604.1.38 (KHTML, like Gecko) Mobile/15A432 [FBAN/FBIOS;FBAV/152.0.0.45.135;FBBV/83301214;FBDV/iPhone8,1;FBMD/iPhone;FBSN/iOS;FBSV/11.0.3;FBSS/2;FBCR/tele.ring;FBID/phone;FBLC/de_DE;FBOP/5;FBRV/84141153]"
46.125.250.125 - - [14/Dec/2017:05:48:37 +0100] "POST /krumbach/kursauswahl HTTP/1.1" 200 3063 "https://www.easydrivers.at/krumbach" "Mozilla/5.0 (iPhone; CPU iPhone OS 11_0_3 like Mac OS X) AppleWebKit/604.1.38 (KHTML, like Gecko) Version/11.0 Mobile/15A432 Safari/604.1"
46.125.250.51 - - [14/Dec/2017:05:48:37 +0100] "GET /tulln/Weihnachtskurs_Abendkurs_Dezember_2017?FS=B HTTP/1.1" 200 3264 "http://m.facebook.com/" "Mozilla/5.0 (Linux; Android 7.0; SM-G955F Build/NRD90M; wv) AppleWebKit/537.36 (KHTML, like Gecko) Version/4.0 Chrome/63.0.3239.83 Mobile Safari/537.36 [FB_IAB/FB4A;FBAV/152.0.0.42.136;]"
46.125.250.51 - - [14/Dec/2017:05:48:40 +0100] "GET /css/mobile.css HTTP/1.1" 200 2852 "https://www.easydrivers.at/tulln/Weihnachtskurs_Abendkurs_Dezember_2017?FS=B" "Mozilla/5.0 (Linux; Android 7.0; SM-G955F Build/NRD90M; wv) AppleWebKit/537.36 (KHTML, like Gecko) Version/4.0 Chrome/63.0.3239.83 Mobile Safari/537.36 [FB_IAB/FB4A;FBAV/152.0.0.42.136;]"
46.125.250.51 - - [14/Dec/2017:05:48:40 +0100] "GET /javascript/jquery.cookie.js HTTP/1.1" 200 863 "https://www.easydrivers.at/tulln/Weihnachtskurs_Abendkurs_Dezember_2017?FS=B" "Mozilla/5.0 (Linux; Android 7.0; SM-G955F Build/NRD90M; wv) AppleWebKit/537.36 (KHTML, like Gecko) Version/4.0 Chrome/63.0.3239.83 Mobile Safari/537.36 [FB_IAB/FB4A;FBAV/152.0.0.42.136;]"
46.125.250.51 - - [14/Dec/2017:05:48:40 +0100] "GET /javascript/jquery-1.9.1.min.js HTTP/1.1" 200 32731 "https://www.easydrivers.at/tulln/Weihnachtskurs_Abendkurs_Dezember_2017?FS=B" "Mozilla/5.0 (Linux; Android 7.0; SM-G955F Build/NRD90M; wv) AppleWebKit/537.36 (KHTML, like Gecko) Version/4.0 Chrome/63.0.3239.83 Mobile Safari/537.36 [FB_IAB/FB4A;FBAV/152.0.0.42.136;]"
46.125.250.51 - - [14/Dec/2017:05:48:40 +0100] "GET /javascript/mobile-menu.js HTTP/1.1" 200 1634 "https://www.easydrivers.at/tulln/Weihnachtskurs_Abendkurs_Dezember_2017?FS=B" "Mozilla/5.0 (Linux; Android 7.0; SM-G955F Build/NRD90M; wv) AppleWebKit/537.36 (KHTML, like Gecko) Version/4.0 Chrome/63.0.3239.83 Mobile Safari/537.36 [FB_IAB/FB4A;FBAV/152.0.0.42.136;]"
46.125.250.51 - - [14/Dec/2017:05:48:40 +0100] "GET /javascript/jquery.simplemodal.js HTTP/1.1" 200 3070 "https://www.easydrivers.at/tulln/Weihnachtskurs_Abendkurs_Dezember_2017?FS=B" "Mozilla/5.0 (Linux; Android 7.0; SM-G955F Build/NRD90M; wv) AppleWebKit/537.36 (KHTML, like Gecko) Version/4.0 Chrome/63.0.3239.83 Mobile Safari/537.36 [FB_IAB/FB4A;FBAV/152.0.0.42.136;]"
46.125.250.51 - - [14/Dec/2017:05:48:40 +0100] "GET /javascript/mobile-fahrschule.js HTTP/1.1" 200 328 "https://www.easydrivers.at/tulln/Weihnachtskurs_Abendkurs_Dezember_2017?FS=B" "Mozilla/5.0 (Linux; Android 7.0; SM-G955F Build/NRD90M; wv) AppleWebKit/537.36 (KHTML, like Gecko) Version/4.0 Chrome/63.0.3239.83 Mobile Safari/537.36 [FB_IAB/FB4A;FBAV/152.0.0.42.136;]"
46.125.250.51 - - [14/Dec/2017:05:48:40 +0100] "GET /javascript/lazyload.js HTTP/1.1" 200 1170 "https://www.easydrivers.at/tulln/Weihnachtskurs_Abendkurs_Dezember_2017?FS=B" "Mozilla/5.0 (Linux; Android 7.0; SM-G955F Build/NRD90M; wv) AppleWebKit/537.36 (KHTML, like Gecko) Version/4.0 Chrome/63.0.3239.83 Mobile Safari/537.36 [FB_IAB/FB4A;FBAV/152.0.0.42.136;]"
46.125.250.51 - - [14/Dec/2017:05:48:40 +0100] "GET /img/mobile/easydrivers-logo-mobile.png HTTP/1.1" 200 10766 "https://www.easydrivers.at/tulln/Weihnachtskurs_Abendkurs_Dezember_2017?FS=B" "Mozilla/5.0 (Linux; Android 7.0; SM-G955F Build/NRD90M; wv) AppleWebKit/537.36 (KHTML, like Gecko) Version/4.0 Chrome/63.0.3239.83 Mobile Safari/537.36 [FB_IAB/FB4A;FBAV/152.0.0.42.136;]"
46.125.250.51 - - [14/Dec/2017:05:48:40 +0100] "GET /img/mobile/menu-button.png HTTP/1.1" 200 1746 "https://www.easydrivers.at/tulln/Weihnachtskurs_Abendkurs_Dezember_2017?FS=B" "Mozilla/5.0 (Linux; Android 7.0; SM-G955F Build/NRD90M; wv) AppleWebKit/537.36 (KHTML, like Gecko) Version/4.0 Chrome/63.0.3239.83 Mobile Safari/537.36 [FB_IAB/FB4A;FBAV/152.0.0.42.136;]"
46.125.250.51 - - [14/Dec/2017:05:48:40 +0100] "GET /img/mobile/close-button.png HTTP/1.1" 200 2411 "https://www.easydrivers.at/tulln/Weihnachtskurs_Abendkurs_Dezember_2017?FS=B" "Mozilla/5.0 (Linux; Android 7.0; SM-G955F Build/NRD90M; wv) AppleWebKit/537.36 (KHTML, like Gecko) Version/4.0 Chrome/63.0.3239.83 Mobile Safari/537.36 [FB_IAB/FB4A;FBAV/152.0.0.42.136;]"
46.125.250.51 - - [14/Dec/2017:05:48:40 +0100] "GET /img/mobile/facebook-icon.png HTTP/1.1" 200 1902 "https://www.easydrivers.at/tulln/Weihnachtskurs_Abendkurs_Dezember_2017?FS=B" "Mozilla/5.0 (Linux; Android 7.0; SM-G955F Build/NRD90M; wv) AppleWebKit/537.36 (KHTML, like Gecko) Version/4.0 Chrome/63.0.3239.83 Mobile Safari/537.36 [FB_IAB/FB4A;FBAV/152.0.0.42.136;]"
46.125.250.51 - - [14/Dec/2017:05:48:40 +0100] "GET /img/mobile/info-button.png HTTP/1.1" 200 1549 "https://www.easydrivers.at/tulln/Weihnachtskurs_Abendkurs_Dezember_2017?FS=B" "Mozilla/5.0 (Linux; Android 7.0; SM-G955F Build/NRD90M; wv) AppleWebKit/537.36 (KHTML, like Gecko) Version/4.0 Chrome/63.0.3239.83 Mobile Safari/537.36 [FB_IAB/FB4A;FBAV/152.0.0.42.136;]"
46.125.250.51 - - [14/Dec/2017:05:48:40 +0100] "GET /img/mobile/info-close-button.png HTTP/1.1" 200 1721 "https://www.easydrivers.at/tulln/Weihnachtskurs_Abendkurs_Dezember_2017?FS=B" "Mozilla/5.0 (Linux; Android 7.0; SM-G955F Build/NRD90M; wv) AppleWebKit/537.36 (KHTML, like Gecko) Version/4.0 Chrome/63.0.3239.83 Mobile Safari/537.36 [FB_IAB/FB4A;FBAV/152.0.0.42.136;]"
46.125.250.51 - - [14/Dec/2017:05:48:40 +0100] "GET /img/smallicon-person.png HTTP/1.1" 200 1141 "https://www.easydrivers.at/tulln/Weihnachtskurs_Abendkurs_Dezember_2017?FS=B" "Mozilla/5.0 (Linux; Android 7.0; SM-G955F Build/NRD90M; wv) AppleWebKit/537.36 (KHTML, like Gecko) Version/4.0 Chrome/63.0.3239.83 Mobile Safari/537.36 [FB_IAB/FB4A;FBAV/152.0.0.42.136;]"
46.125.250.51 - - [14/Dec/2017:05:48:40 +0100] "GET /img/smallicon-address.png HTTP/1.1" 200 1211 "https://www.easydrivers.at/tulln/Weihnachtskurs_Abendkurs_Dezember_2017?FS=B" "Mozilla/5.0 (Linux; Android 7.0; SM-G955F Build/NRD90M; wv) AppleWebKit/537.36 (KHTML, like Gecko) Version/4.0 Chrome/63.0.3239.83 Mobile Safari/537.36 [FB_IAB/FB4A;FBAV/152.0.0.42.136;]"
46.125.250.51 - - [14/Dec/2017:05:48:40 +0100] "GET /img/mobile/googlemaps-pin.png HTTP/1.1" 200 1597 "https://www.easydrivers.at/tulln/Weihnachtskurs_Abendkurs_Dezember_2017?FS=B" "Mozilla/5.0 (Linux; Android 7.0; SM-G955F Build/NRD90M; wv) AppleWebKit/537.36 (KHTML, like Gecko) Version/4.0 Chrome/63.0.3239.83 Mobile Safari/537.36 [FB_IAB/FB4A;FBAV/152.0.0.42.136;]"
46.125.250.51 - - [14/Dec/2017:05:48:40 +0100] "GET /img/smallicon-time.png HTTP/1.1" 200 1262 "https://www.easydrivers.at/tulln/Weihnachtskurs_Abendkurs_Dezember_2017?FS=B" "Mozilla/5.0 (Linux; Android 7.0; SM-G955F Build/NRD90M; wv) AppleWebKit/537.36 (KHTML, like Gecko) Version/4.0 Chrome/63.0.3239.83 Mobile Safari/537.36 [FB_IAB/FB4A;FBAV/152.0.0.42.136;]"
46.125.250.51 - - [14/Dec/2017:05:48:40 +0100] "GET /img/smallicon-phone.png HTTP/1.1" 200 3056 "https://www.easydrivers.at/tulln/Weihnachtskurs_Abendkurs_Dezember_2017?FS=B" "Mozilla/5.0 (Linux; Android 7.0; SM-G955F Build/NRD90M; wv) AppleWebKit/537.36 (KHTML, like Gecko) Version/4.0 Chrome/63.0.3239.83 Mobile Safari/537.36 [FB_IAB/FB4A;FBAV/152.0.0.42.136;]"
46.125.250.51 - - [14/Dec/2017:05:48:41 +0100] "GET /img/smallicon-mail.png HTTP/1.1" 200 1341 "https://www.easydrivers.at/tulln/Weihnachtskurs_Abendkurs_Dezember_2017?FS=B" "Mozilla/5.0 (Linux; Android 7.0; SM-G955F Build/NRD90M; wv) AppleWebKit/537.36 (KHTML, like Gecko) Version/4.0 Chrome/63.0.3239.83 Mobile Safari/537.36 [FB_IAB/FB4A;FBAV/152.0.0.42.136;]"
46.125.250.51 - - [14/Dec/2017:05:48:41 +0100] "GET /img/mobile/kursicon-share.png HTTP/1.1" 200 2065 "https://www.easydrivers.at/tulln/Weihnachtskurs_Abendkurs_Dezember_2017?FS=B" "Mozilla/5.0 (Linux; Android 7.0; SM-G955F Build/NRD90M; wv) AppleWebKit/537.36 (KHTML, like Gecko) Version/4.0 Chrome/63.0.3239.83 Mobile Safari/537.36 [FB_IAB/FB4A;FBAV/152.0.0.42.136;]"
46.125.250.51 - - [14/Dec/2017:05:48:41 +0100] "GET /img/mobile/bg-yellow.jpg HTTP/1.1" 200 1569 "https://www.easydrivers.at/css/mobile.css" "Mozilla/5.0 (Linux; Android 7.0; SM-G955F Build/NRD90M; wv) AppleWebKit/537.36 (KHTML, like Gecko) Version/4.0 Chrome/63.0.3239.83 Mobile Safari/537.36 [FB_IAB/FB4A;FBAV/152.0.0.42.136;]"
46.125.250.51 - - [14/Dec/2017:05:48:41 +0100] "GET /img/mobile/bg-top-section.jpg HTTP/1.1" 200 21711 "https://www.easydrivers.at/css/mobile.css" "Mozilla/5.0 (Linux; Android 7.0; SM-G955F Build/NRD90M; wv) AppleWebKit/537.36 (KHTML, like Gecko) Version/4.0 Chrome/63.0.3239.83 Mobile Safari/537.36 [FB_IAB/FB4A;FBAV/152.0.0.42.136;]"
46.125.250.51 - - [14/Dec/2017:05:48:41 +0100] "GET /img/mobile/smallicon-phone.png HTTP/1.1" 200 1311 "https://www.easydrivers.at/tulln/Weihnachtskurs_Abendkurs_Dezember_2017?FS=B" "Mozilla/5.0 (Linux; Android 7.0; SM-G955F Build/NRD90M; wv) AppleWebKit/537.36 (KHTML, like Gecko) Version/4.0 Chrome/63.0.3239.83 Mobile Safari/537.36 [FB_IAB/FB4A;FBAV/152.0.0.42.136;]"
46.125.250.51 - - [14/Dec/2017:05:48:41 +0100] "GET /img/mobile/kursicon-phone.png HTTP/1.1" 200 1932 "https://www.easydrivers.at/tulln/Weihnachtskurs_Abendkurs_Dezember_2017?FS=B" "Mozilla/5.0 (Linux; Android 7.0; SM-G955F Build/NRD90M; wv) AppleWebKit/537.36 (KHTML, like Gecko) Version/4.0 Chrome/63.0.3239.83 Mobile Safari/537.36 [FB_IAB/FB4A;FBAV/152.0.0.42.136;]"
46.125.250.51 - - [14/Dec/2017:05:48:41 +0100] "GET /img/mobile/bg-header.jpg HTTP/1.1" 200 19741 "https://www.easydrivers.at/css/mobile.css" "Mozilla/5.0 (Linux; Android 7.0; SM-G955F Build/NRD90M; wv) AppleWebKit/537.36 (KHTML, like Gecko) Version/4.0 Chrome/63.0.3239.83 Mobile Safari/537.36 [FB_IAB/FB4A;FBAV/152.0.0.42.136;]"
46.125.250.51 - - [14/Dec/2017:05:48:41 +0100] "GET /img/mobile/smallicon-mail.png HTTP/1.1" 200 1335 "https://www.easydrivers.at/tulln/Weihnachtskurs_Abendkurs_Dezember_2017?FS=B" "Mozilla/5.0 (Linux; Android 7.0; SM-G955F Build/NRD90M; wv) AppleWebKit/537.36 (KHTML, like Gecko) Version/4.0 Chrome/63.0.3239.83 Mobile Safari/537.36 [FB_IAB/FB4A;FBAV/152.0.0.42.136;]"
46.125.250.51 - - [14/Dec/2017:05:48:41 +0100] "GET /img/mobile/bg-menu.jpg HTTP/1.1" 200 1698 "https://www.easydrivers.at/css/mobile.css" "Mozilla/5.0 (Linux; Android 7.0; SM-G955F Build/NRD90M; wv) AppleWebKit/537.36 (KHTML, like Gecko) Version/4.0 Chrome/63.0.3239.83 Mobile Safari/537.36 [FB_IAB/FB4A;FBAV/152.0.0.42.136;]"
46.125.250.51 - - [14/Dec/2017:05:48:41 +0100] "GET /img/mobile/pfeil-links-small.png HTTP/1.1" 200 1065 "https://www.easydrivers.at/css/mobile.css" "Mozilla/5.0 (Linux; Android 7.0; SM-G955F Build/NRD90M; wv) AppleWebKit/537.36 (KHTML, like Gecko) Version/4.0 Chrome/63.0.3239.83 Mobile Safari/537.36 [FB_IAB/FB4A;FBAV/152.0.0.42.136;]"
46.125.250.51 - - [14/Dec/2017:05:48:41 +0100] "GET /img/mobile/pfeil-rechts-small.png HTTP/1.1" 200 1056 "https://www.easydrivers.at/css/mobile.css" "Mozilla/5.0 (Linux; Android 7.0; SM-G955F Build/NRD90M; wv) AppleWebKit/537.36 (KHTML, like Gecko) Version/4.0 Chrome/63.0.3239.83 Mobile Safari/537.36 [FB_IAB/FB4A;FBAV/152.0.0.42.136;]"
213.240.109.79 - - [14/Dec/2017:05:48:40 +0100] "GET /st.valentin/img/smallicon-person.png HTTP/1.1" 404 3095 "-" "Mozilla/5.0 (iPhone; CPU iPhone OS 11_0_3 like Mac OS X) AppleWebKit/604.1.38 (KHTML, like Gecko) Mobile/15A432 [FBAN/FBIOS;FBAV/152.0.0.45.135;FBBV/83301214;FBDV/iPhone8,1;FBMD/iPhone;FBSN/iOS;FBSV/11.0.3;FBSS/2;FBCR/tele.ring;FBID/phone;FBLC/de_DE;FBOP/5;FBRV/84141153]"
213.240.109.79 - - [14/Dec/2017:05:48:45 +0100] "GET /st.valentin/img/mobile/googlemaps-pin.png HTTP/1.1" 404 3094 "-" "Mozilla/5.0 (iPhone; CPU iPhone OS 11_0_3 like Mac OS X) AppleWebKit/604.1.38 (KHTML, like Gecko) Mobile/15A432 [FBAN/FBIOS;FBAV/152.0.0.45.135;FBBV/83301214;FBDV/iPhone8,1;FBMD/iPhone;FBSN/iOS;FBSV/11.0.3;FBSS/2;FBCR/tele.ring;FBID/phone;FBLC/de_DE;FBOP/5;FBRV/84141153]"
188.22.118.219 - - [14/Dec/2017:05:48:50 +0100] "GET /amstetten/weihnachtskurs?FS=B HTTP/1.1" 200 3162 "http://m.facebook.com/" "Mozilla/5.0 (Linux; Android 7.0; HUAWEI VNS-L21 Build/HUAWEIVNS-L21; wv) AppleWebKit/537.36 (KHTML, like Gecko) Version/4.0 Chrome/63.0.3239.83 Mobile Safari/537.36 [FB_IAB/FB4A;FBAV/152.0.0.42.136;]"
66.249.76.84 - - [14/Dec/2017:05:49:08 +0100] "GET /binaries/easy-drivers-portal/moped5jpg.jpg HTTP/1.1" 304 - "-" "Googlebot-Image/1.0"
213.240.109.79 - - [14/Dec/2017:05:49:06 +0100] "GET /st.valentin/img/smallicon-time.png HTTP/1.1" 404 3097 "-" "Mozilla/5.0 (iPhone; CPU iPhone OS 11_0_3 like Mac OS X) AppleWebKit/604.1.38 (KHTML, like Gecko) Mobile/15A432 [FBAN/FBIOS;FBAV/152.0.0.45.135;FBBV/83301214;FBDV/iPhone8,1;FBMD/iPhone;FBSN/iOS;FBSV/11.0.3;FBSS/2;FBCR/tele.ring;FBID/phone;FBLC/de_DE;FBOP/5;FBRV/84141153]"
213.240.109.79 - - [14/Dec/2017:05:49:28 +0100] "GET /st.valentin/img/smallicon-phone.png HTTP/1.1" 404 3096 "-" "Mozilla/5.0 (iPhone; CPU iPhone OS 11_0_3 like Mac OS X) AppleWebKit/604.1.38 (KHTML, like Gecko) Mobile/15A432 [FBAN/FBIOS;FBAV/152.0.0.45.135;FBBV/83301214;FBDV/iPhone8,1;FBMD/iPhone;FBSN/iOS;FBSV/11.0.3;FBSS/2;FBCR/tele.ring;FBID/phone;FBLC/de_DE;FBOP/5;FBRV/84141153]"
213.240.109.79 - - [14/Dec/2017:05:49:35 +0100] "GET /st.valentin/img/smallicon-address.png HTTP/1.1" 404 3097 "-" "Mozilla/5.0 (iPhone; CPU iPhone OS 11_0_3 like Mac OS X) AppleWebKit/604.1.38 (KHTML, like Gecko) Mobile/15A432 [FBAN/FBIOS;FBAV/152.0.0.45.135;FBBV/83301214;FBDV/iPhone8,1;FBMD/iPhone;FBSN/iOS;FBSV/11.0.3;FBSS/2;FBCR/tele.ring;FBID/phone;FBLC/de_DE;FBOP/5;FBRV/84141153]"
216.244.66.202 - - [14/Dec/2017:05:49:39 +0100] "GET /bei.der.wu/Bilder_Galerie/ HTTP/1.1" 301 413 "-" "Mozilla/5.0 (compatible; DotBot/1.1; http://www.opensiteexplorer.org/dotbot, help@moz.com)"
216.244.66.202 - - [14/Dec/2017:05:49:41 +0100] "GET /enns/Mofa_Day/ HTTP/1.1" 301 401 "-" "Mozilla/5.0 (compatible; DotBot/1.1; http://www.opensiteexplorer.org/dotbot, help@moz.com)"
193.83.230.42 - - [14/Dec/2017:05:49:40 +0100] "GET / HTTP/1.1" 200 3552 "https://www.google.at/" "Mozilla/5.0 (Linux; Android 7.0; F3111 Build/33.3.A.1.97) AppleWebKit/537.36 (KHTML, like Gecko) Chrome/62.0.3202.84 Mobile Safari/537.36"
193.83.230.42 - - [14/Dec/2017:05:49:42 +0100] "GET /img/favicon.ico HTTP/1.1" 404 301 "-" "Mozilla/5.0 (Linux; Android 7.0; F3111 Build/33.3.A.1.97) AppleWebKit/537.36 (KHTML, like Gecko) Chrome/62.0.3202.84 Mobile Safari/537.36"
178.189.103.210 - - [14/Dec/2017:05:49:49 +0100] "GET /ennstal.bad.aussee/wfk-22-12-2017?FS=B HTTP/1.1" 200 3219 "http://m.facebook.com" "Mozilla/5.0 (iPhone; CPU iPhone OS 11_0_3 like Mac OS X) AppleWebKit/604.1.38 (KHTML, like Gecko) Mobile/15A432 [FBAN/FBIOS;FBAV/152.0.0.45.135;FBBV/83301214;FBDV/iPhone7,2;FBMD/iPhone;FBSN/iOS;FBSV/11.0.3;FBSS/2;FBCR/tele.ring;FBID/phone;FBLC/de_DE;FBOP/5;FBRV/84311412]"
167.114.157.52 - - [14/Dec/2017:05:49:54 +0100] "GET /krems HTTP/1.1" 200 3581 "-" "Mozilla/5.0 (Windows NT 6.1; WOW64) AppleWebKit/537.36 (KHTML, like Gecko) Chrome/57.0.2987.133 Safari/537.36"
213.162.73.181 - - [14/Dec/2017:05:49:56 +0100] "GET /easy_drivers_st._peterau/Weihnachtskurs-2017?FS=B HTTP/1.1" 200 3113 "http://m.facebook.com" "Mozilla/5.0 (iPhone; CPU iPhone OS 11_1 like Mac OS X) AppleWebKit/604.3.5 (KHTML, like Gecko) Mobile/15B93 [FBAN/FBIOS;FBAV/152.0.0.45.135;FBBV/83301214;FBDV/iPhone9,4;FBMD/iPhone;FBSN/iOS;FBSV/11.1;FBSS/3;FBCR/T-MobileA;FBID/phone;FBLC/de_DE;FBOP/5;FBRV/84141153]"
213.240.109.79 - - [14/Dec/2017:05:50:08 +0100] "GET /st.valentin/img/smallicon-mail.png HTTP/1.1" 404 3097 "-" "Mozilla/5.0 (iPhone; CPU iPhone OS 11_0_3 like Mac OS X) AppleWebKit/604.1.38 (KHTML, like Gecko) Mobile/15A432 [FBAN/FBIOS;FBAV/152.0.0.45.135;FBBV/83301214;FBDV/iPhone8,1;FBMD/iPhone;FBSN/iOS;FBSV/11.0.3;FBSS/2;FBCR/tele.ring;FBID/phone;FBLC/de_DE;FBOP/5;FBRV/84141153]"
17.142.148.193 - - [14/Dec/2017:05:50:16 +0100] "GET /radfahrschule/10288646 HTTP/1.1" 200 11543 "-" "Mozilla/5.0 (Macintosh; Intel Mac OS X 10_10_1) AppleWebKit/600.2.5 (KHTML, like Gecko) Version/8.0.2 Safari/600.2.5 (Applebot/0.1; +http://www.apple.com/go/applebot)"
80.110.124.161 - - [14/Dec/2017:05:52:21 +0100] "GET /fuehrerscheine/auto HTTP/1.1" 301 304 "https://www.google.at/" "Mozilla/5.0 (Linux; Android 7.0; SM-G925F Build/NRD90M) AppleWebKit/537.36 (KHTML, like Gecko) Chrome/63.0.3239.83 Mobile Safari/537.36"
80.110.124.161 - - [14/Dec/2017:05:52:21 +0100] "GET /fuehrerscheine/auto HTTP/1.1" 200 5442 "https://www.google.at/" "Mozilla/5.0 (Linux; Android 7.0; SM-G925F Build/NRD90M) AppleWebKit/537.36 (KHTML, like Gecko) Chrome/63.0.3239.83 Mobile Safari/537.36"
80.110.124.161 - - [14/Dec/2017:05:52:23 +0100] "GET /css/mobile.css HTTP/1.1" 200 2852 "https://www.easydrivers.at/fuehrerscheine/auto" "Mozilla/5.0 (Linux; Android 7.0; SM-G925F Build/NRD90M) AppleWebKit/537.36 (KHTML, like Gecko) Chrome/63.0.3239.83 Mobile Safari/537.36"
80.110.124.161 - - [14/Dec/2017:05:52:23 +0100] "GET /javascript/jquery.cookie.js HTTP/1.1" 200 863 "https://www.easydrivers.at/fuehrerscheine/auto" "Mozilla/5.0 (Linux; Android 7.0; SM-G925F Build/NRD90M) AppleWebKit/537.36 (KHTML, like Gecko) Chrome/63.0.3239.83 Mobile Safari/537.36"
80.110.124.161 - - [14/Dec/2017:05:52:23 +0100] "GET /javascript/jquery-1.9.1.min.js HTTP/1.1" 200 32731 "https://www.easydrivers.at/fuehrerscheine/auto" "Mozilla/5.0 (Linux; Android 7.0; SM-G925F Build/NRD90M) AppleWebKit/537.36 (KHTML, like Gecko) Chrome/63.0.3239.83 Mobile Safari/537.36"
80.110.124.161 - - [14/Dec/2017:05:52:23 +0100] "GET /javascript/jquery.simplemodal.js HTTP/1.1" 200 3070 "https://www.easydrivers.at/fuehrerscheine/auto" "Mozilla/5.0 (Linux; Android 7.0; SM-G925F Build/NRD90M) AppleWebKit/537.36 (KHTML, like Gecko) Chrome/63.0.3239.83 Mobile Safari/537.36"
80.110.124.161 - - [14/Dec/2017:05:52:23 +0100] "GET /javascript/mobile-menu.js HTTP/1.1" 200 1634 "https://www.easydrivers.at/fuehrerscheine/auto" "Mozilla/5.0 (Linux; Android 7.0; SM-G925F Build/NRD90M) AppleWebKit/537.36 (KHTML, like Gecko) Chrome/63.0.3239.83 Mobile Safari/537.36"
80.110.124.161 - - [14/Dec/2017:05:52:24 +0100] "GET /javascript/mobile-license.js HTTP/1.1" 200 216 "https://www.easydrivers.at/fuehrerscheine/auto" "Mozilla/5.0 (Linux; Android 7.0; SM-G925F Build/NRD90M) AppleWebKit/537.36 (KHTML, like Gecko) Chrome/63.0.3239.83 Mobile Safari/537.36"
184.168.200.228 - - [14/Dec/2017:05:52:24 +0100] "GET /old/wp-admin/ HTTP/1.1" 301 396 "-" "-"
80.110.124.161 - - [14/Dec/2017:05:52:24 +0100] "GET /javascript/lazyload.js HTTP/1.1" 200 1170 "https://www.easydrivers.at/fuehrerscheine/auto" "Mozilla/5.0 (Linux; Android 7.0; SM-G925F Build/NRD90M) AppleWebKit/537.36 (KHTML, like Gecko) Chrome/63.0.3239.83 Mobile Safari/537.36"
80.110.124.161 - - [14/Dec/2017:05:52:24 +0100] "GET /img/mobile/easydrivers-logo-mobile.png HTTP/1.1" 200 10766 "https://www.easydrivers.at/fuehrerscheine/auto" "Mozilla/5.0 (Linux; Android 7.0; SM-G925F Build/NRD90M) AppleWebKit/537.36 (KHTML, like Gecko) Chrome/63.0.3239.83 Mobile Safari/537.36"
80.110.124.161 - - [14/Dec/2017:05:52:24 +0100] "GET /img/mobile/close-button.png HTTP/1.1" 200 2411 "https://www.easydrivers.at/fuehrerscheine/auto" "Mozilla/5.0 (Linux; Android 7.0; SM-G925F Build/NRD90M) AppleWebKit/537.36 (KHTML, like Gecko) Chrome/63.0.3239.83 Mobile Safari/537.36"
80.110.124.161 - - [14/Dec/2017:05:52:24 +0100] "GET /img/mobile/menu-button.png HTTP/1.1" 200 1746 "https://www.easydrivers.at/fuehrerscheine/auto" "Mozilla/5.0 (Linux; Android 7.0; SM-G925F Build/NRD90M) AppleWebKit/537.36 (KHTML, like Gecko) Chrome/63.0.3239.83 Mobile Safari/537.36"
80.110.124.161 - - [14/Dec/2017:05:52:24 +0100] "GET /img/mobile/weiter-button.png HTTP/1.1" 200 1670 "https://www.easydrivers.at/css/mobile.css" "Mozilla/5.0 (Linux; Android 7.0; SM-G925F Build/NRD90M) AppleWebKit/537.36 (KHTML, like Gecko) Chrome/63.0.3239.83 Mobile Safari/537.36"
80.110.124.161 - - [14/Dec/2017:05:52:24 +0100] "GET /img/mobile/facebook-icon.png HTTP/1.1" 200 1902 "https://www.easydrivers.at/fuehrerscheine/auto" "Mozilla/5.0 (Linux; Android 7.0; SM-G925F Build/NRD90M) AppleWebKit/537.36 (KHTML, like Gecko) Chrome/63.0.3239.83 Mobile Safari/537.36"
80.110.124.161 - - [14/Dec/2017:05:52:24 +0100] "GET /img/mobile/bg-menu.jpg HTTP/1.1" 200 1698 "https://www.easydrivers.at/css/mobile.css" "Mozilla/5.0 (Linux; Android 7.0; SM-G925F Build/NRD90M) AppleWebKit/537.36 (KHTML, like Gecko) Chrome/63.0.3239.83 Mobile Safari/537.36"
80.110.124.161 - - [14/Dec/2017:05:52:24 +0100] "GET /img/mobile/bg-header.jpg HTTP/1.1" 200 19741 "https://www.easydrivers.at/css/mobile.css" "Mozilla/5.0 (Linux; Android 7.0; SM-G925F Build/NRD90M) AppleWebKit/537.36 (KHTML, like Gecko) Chrome/63.0.3239.83 Mobile Safari/537.36"
80.110.124.161 - - [14/Dec/2017:05:52:24 +0100] "GET /img/mobile/bg-yellow.jpg HTTP/1.1" 200 1569 "https://www.easydrivers.at/css/mobile.css" "Mozilla/5.0 (Linux; Android 7.0; SM-G925F Build/NRD90M) AppleWebKit/537.36 (KHTML, like Gecko) Chrome/63.0.3239.83 Mobile Safari/537.36"
80.110.124.161 - - [14/Dec/2017:05:52:25 +0100] "GET /img/favicon.ico HTTP/1.1" 301 303 "-" "Mozilla/5.0 (Linux; Android 7.0; SM-G925F Build/NRD90M) AppleWebKit/537.36 (KHTML, like Gecko) Chrome/63.0.3239.83 Mobile Safari/537.36"
80.110.124.161 - - [14/Dec/2017:05:52:25 +0100] "GET /img/favicon.ico HTTP/1.1" 404 301 "-" "Mozilla/5.0 (Linux; Android 7.0; SM-G925F Build/NRD90M) AppleWebKit/537.36 (KHTML, like Gecko) Chrome/63.0.3239.83 Mobile Safari/537.36"
80.110.124.161 - - [14/Dec/2017:05:52:26 +0100] "GET /img/mobile/pfeil-links-small.png HTTP/1.1" 200 1065 "https://www.easydrivers.at/css/mobile.css" "Mozilla/5.0 (Linux; Android 7.0; SM-G925F Build/NRD90M) AppleWebKit/537.36 (KHTML, like Gecko) Chrome/63.0.3239.83 Mobile Safari/537.36"
80.110.124.161 - - [14/Dec/2017:05:52:26 +0100] "GET /img/mobile/pfeil-rechts-small.png HTTP/1.1" 200 1056 "https://www.easydrivers.at/css/mobile.css" "Mozilla/5.0 (Linux; Android 7.0; SM-G925F Build/NRD90M) AppleWebKit/537.36 (KHTML, like Gecko) Chrome/63.0.3239.83 Mobile Safari/537.36"
80.110.124.161 - - [14/Dec/2017:05:52:41 +0100] "POST / HTTP/1.1" 200 3559 "https://www.easydrivers.at/fuehrerscheine/auto" "Mozilla/5.0 (Linux; Android 7.0; SM-G925F Build/NRD90M) AppleWebKit/537.36 (KHTML, like Gecko) Chrome/63.0.3239.83 Mobile Safari/537.36"
80.110.124.161 - - [14/Dec/2017:05:52:43 +0100] "GET /javascript/mobile-homesearch.js HTTP/1.1" 200 340 "https://www.easydrivers.at/" "Mozilla/5.0 (Linux; Android 7.0; SM-G925F Build/NRD90M) AppleWebKit/537.36 (KHTML, like Gecko) Chrome/63.0.3239.83 Mobile Safari/537.36"
80.110.124.161 - - [14/Dec/2017:05:52:43 +0100] "GET /img/mobile/widget-icon-app.png HTTP/1.1" 200 3458 "https://www.easydrivers.at/" "Mozilla/5.0 (Linux; Android 7.0; SM-G925F Build/NRD90M) AppleWebKit/537.36 (KHTML, like Gecko) Chrome/63.0.3239.83 Mobile Safari/537.36"
80.110.124.161 - - [14/Dec/2017:05:52:43 +0100] "GET /img/mobile/bg-top-section.jpg HTTP/1.1" 200 21711 "https://www.easydrivers.at/css/mobile.css" "Mozilla/5.0 (Linux; Android 7.0; SM-G925F Build/NRD90M) AppleWebKit/537.36 (KHTML, like Gecko) Chrome/63.0.3239.83 Mobile Safari/537.36"
80.110.124.161 - - [14/Dec/2017:05:52:43 +0100] "GET /img/mobile/pfeil-rechts.png HTTP/1.1" 200 1228 "https://www.easydrivers.at/css/mobile.css" "Mozilla/5.0 (Linux; Android 7.0; SM-G925F Build/NRD90M) AppleWebKit/537.36 (KHTML, like Gecko) Chrome/63.0.3239.83 Mobile Safari/537.36"
80.110.124.161 - - [14/Dec/2017:05:52:45 +0100] "GET /fuehrerscheine/auto HTTP/1.1" 200 5442 "https://www.google.at/" "Mozilla/5.0 (Linux; Android 7.0; SM-G925F Build/NRD90M) AppleWebKit/537.36 (KHTML, like Gecko) Chrome/63.0.3239.83 Mobile Safari/537.36"
80.110.124.161 - - [14/Dec/2017:05:52:50 +0100] "GET /fuehrerscheine/auto HTTP/1.1" 200 5442 "https://www.google.at/" "Mozilla/5.0 (Linux; Android 7.0; SM-G925F Build/NRD90M) AppleWebKit/537.36 (KHTML, like Gecko) Chrome/63.0.3239.83 Mobile Safari/537.36"
80.110.124.161 - - [14/Dec/2017:05:53:06 +0100] "-" 408 - "-" "-"
80.110.124.161 - - [14/Dec/2017:05:53:07 +0100] "-" 408 - "-" "-"
80.110.124.161 - - [14/Dec/2017:05:53:07 +0100] "-" 408 - "-" "-"
80.110.124.161 - - [14/Dec/2017:05:53:07 +0100] "-" 408 - "-" "-"
66.249.76.55 - - [14/Dec/2017:05:53:14 +0100] "GET /robots.txt HTTP/1.1" 301 303 "-" "Mozilla/5.0 (compatible; Googlebot/2.1; +http://www.google.com/bot.html)"
66.249.76.82 - - [14/Dec/2017:05:53:14 +0100] "GET /robots.txt HTTP/1.1" 200 101 "-" "Mozilla/5.0 (compatible; Googlebot/2.1; +http://www.google.com/bot.html)"
66.249.76.55 - - [14/Dec/2017:05:53:14 +0100] "GET /hartberg/Mofa_Day/galerien/11_Poly_Friedberg/detail.php HTTP/1.1" 301 333 "-" "Mozilla/5.0 (compatible; Googlebot/2.1; +http://www.google.com/bot.html)"
66.249.76.82 - - [14/Dec/2017:05:53:15 +0100] "GET /hartberg/Mofa_Day/galerien/11_Poly_Friedberg/detail.php HTTP/1.1" 404 3416 "-" "Mozilla/5.0 (compatible; Googlebot/2.1; +http://www.google.com/bot.html)"
40.77.167.175 - - [14/Dec/2017:05:53:53 +0100] "GET /binaries/10250964.jpg HTTP/1.1" 301 309 "-" "Mozilla/5.0 (compatible; bingbot/2.0; +http://www.bing.com/bingbot.htm)"
216.244.66.243 - - [14/Dec/2017:05:53:54 +0100] "GET /binaries/easy-drivers-bad-v/pr-3.pdf HTTP/1.1" 301 423 "-" "Mozilla/5.0 (compatible; DotBot/1.1; http://www.opensiteexplorer.org/dotbot, help@moz.com)"
213.162.68.88 - - [14/Dec/2017:05:53:54 +0100] "GET /img/ED_Logo.png HTTP/1.1" 301 305 "-" "Mozilla/5.0 (Windows NT 6.1; rv:57.0) Gecko/20100101 Firefox/57.0"
46.125.250.58 - - [14/Dec/2017:05:53:56 +0100] "GET /img/ED_Logo.png HTTP/1.1" 200 3385 "-" "Mozilla/5.0 (Windows NT 6.1; rv:57.0) Gecko/20100101 Firefox/57.0"
216.244.66.243 - - [14/Dec/2017:05:54:07 +0100] "GET /kapfenberg.pankl/Inhaberdaten HTTP/1.1" 301 416 "-" "Mozilla/5.0 (compatible; DotBot/1.1; http://www.opensiteexplorer.org/dotbot, help@moz.com)"
216.244.66.243 - - [14/Dec/2017:05:54:12 +0100] "GET /waidhofen.ybbs/Inhaberdaten HTTP/1.1" 301 414 "-" "Mozilla/5.0 (compatible; DotBot/1.1; http://www.opensiteexplorer.org/dotbot, help@moz.com)"
213.225.38.52 - - [14/Dec/2017:05:54:10 +0100] "GET /schwechat/10280404?FS=B HTTP/1.1" 200 3330 "http://m.facebook.com" "Mozilla/5.0 (iPhone; CPU iPhone OS 11_1_2 like Mac OS X) AppleWebKit/604.3.5 (KHTML, like Gecko) Mobile/15B202 [FBAN/FBIOS;FBAV/152.0.0.45.135;FBBV/83301214;FBDV/iPhone9,3;FBMD/iPhone;FBSN/iOS;FBSV/11.1.2;FBSS/2;FBCR/A1;FBID/phone;FBLC/de_DE;FBOP/5;FBRV/84311412]"
217.250.168.105 - - [14/Dec/2017:05:54:13 +0100] "GET /steyr/kurse HTTP/1.1" 301 301 "-" "Mozilla/5.0 (Windows; U; Windows NT 6.0; de; rv:1.9.2.3) Gecko/20100401 Firefox/3.6.3 ( .NET CLR 3.5.30729)"
40.77.167.175 - - [14/Dec/2017:05:54:14 +0100] "GET /binaries/10250964.jpg HTTP/1.1" 200 94416 "-" "Mozilla/5.0 (compatible; bingbot/2.0; +http://www.bing.com/bingbot.htm)"
216.244.66.243 - - [14/Dec/2017:05:55:23 +0100] "GET /easy_drivers_st._peterau/Inhaberdaten HTTP/1.1" 301 424 "-" "Mozilla/5.0 (compatible; DotBot/1.1; http://www.opensiteexplorer.org/dotbot, help@moz.com)"
157.55.39.111 - - [14/Dec/2017:05:56:52 +0100] "GET /cache/emu/images/10251828/155_167.png HTTP/1.1" 301 319 "-" "Mozilla/5.0 (compatible; bingbot/2.0; +http://www.bing.com/bingbot.htm)"
157.55.39.111 - - [14/Dec/2017:05:56:54 +0100] "GET /cache/emu/images/10251828/155_167.png HTTP/1.1" 200 34008 "-" "Mozilla/5.0 (compatible; bingbot/2.0; +http://www.bing.com/bingbot.htm)"
51.255.65.26 - - [14/Dec/2017:05:57:21 +0100] "GET /waidhofen.thaya HTTP/1.1" 301 303 "-" "Mozilla/5.0 (compatible; AhrefsBot/5.2; +http://ahrefs.com/robot/)"
157.55.39.111 - - [14/Dec/2017:05:57:33 +0100] "GET /uploads/pdfs/schwechat/10261107_B.pdf HTTP/1.1" 301 317 "-" "Mozilla/5.0 (compatible; bingbot/2.0; +http://www.bing.com/bingbot.htm)"
157.55.39.111 - - [14/Dec/2017:05:57:34 +0100] "GET /bad.voeslau/A-Kurs-6-Einheiten-Dezember_17?FS=A1 HTTP/1.1" 200 6834 "-" "Mozilla/5.0 (compatible; bingbot/2.0; +http://www.bing.com/bingbot.htm)"
46.125.249.29 - - [14/Dec/2017:05:58:08 +0100] "GET /reumannplatz/10292876?FS=B HTTP/1.1" 200 3048 "http://m.facebook.com" "Mozilla/5.0 (iPhone; CPU iPhone OS 11_1_2 like Mac OS X) AppleWebKit/604.3.5 (KHTML, like Gecko) Mobile/15B202 [FBAN/FBIOS;FBAV/152.0.0.45.135;FBBV/83301214;FBDV/iPhone10,5;FBMD/iPhone;FBSN/iOS;FBSV/11.1.2;FBSS/3;FBCR/T-MobileA;FBID/phone;FBLC/de_DE;FBOP/5;FBRV/84311412]"
46.125.249.29 - - [14/Dec/2017:05:58:11 +0100] "GET /reumannplatz/img/mobile/easydrivers-logo-mobile.png HTTP/1.1" 404 3043 "-" "Mozilla/5.0 (iPhone; CPU iPhone OS 11_1_2 like Mac OS X) AppleWebKit/604.3.5 (KHTML, like Gecko) Mobile/15B202 [FBAN/FBIOS;FBAV/152.0.0.45.135;FBBV/83301214;FBDV/iPhone10,5;FBMD/iPhone;FBSN/iOS;FBSV/11.1.2;FBSS/3;FBCR/T-MobileA;FBID/phone;FBLC/de_DE;FBOP/5;FBRV/84311412]"
217.149.173.100 - - [14/Dec/2017:05:58:14 +0100] "GET /amstetten/weihnachtskurs?FS=B HTTP/1.1" 200 3162 "http://m.facebook.com" "Mozilla/5.0 (iPhone; CPU iPhone OS 11_1_2 like Mac OS X) AppleWebKit/604.3.5 (KHTML, like Gecko) Mobile/15B202 [FBAN/FBIOS;FBAV/152.0.0.45.135;FBBV/83301214;FBDV/iPhone8,4;FBMD/iPhone;FBSN/iOS;FBSV/11.1.2;FBSS/2;FBCR/Carrier;FBID/phone;FBLC/de_DE;FBOP/5;FBRV/84311412]"
66.249.76.76 - - [14/Dec/2017:05:58:22 +0100] "GET /waidhofen.ybbs/10265803?FS=A1L17 HTTP/1.1" 301 318 "-" "Mozilla/5.0 (compatible; Googlebot/2.1; +http://www.google.com/bot.html)"
66.249.76.84 - - [14/Dec/2017:05:58:23 +0100] "GET /waidhofen.ybbs/10265803?FS=A1L17 HTTP/1.1" 410 3430 "-" "Mozilla/5.0 (compatible; Googlebot/2.1; +http://www.google.com/bot.html)"
46.125.249.29 - - [14/Dec/2017:05:58:41 +0100] "GET /reumannplatz/img/mobile/menu-button.png HTTP/1.1" 404 3049 "-" "Mozilla/5.0 (iPhone; CPU iPhone OS 11_1_2 like Mac OS X) AppleWebKit/604.3.5 (KHTML, like Gecko) Mobile/15B202 [FBAN/FBIOS;FBAV/152.0.0.45.135;FBBV/83301214;FBDV/iPhone10,5;FBMD/iPhone;FBSN/iOS;FBSV/11.1.2;FBSS/3;FBCR/T-MobileA;FBID/phone;FBLC/de_DE;FBOP/5;FBRV/84311412]"
46.125.249.29 - - [14/Dec/2017:05:59:11 +0100] "GET /reumannplatz/img/mobile/close-button.png HTTP/1.1" 404 3050 "-" "Mozilla/5.0 (iPhone; CPU iPhone OS 11_1_2 like Mac OS X) AppleWebKit/604.3.5 (KHTML, like Gecko) Mobile/15B202 [FBAN/FBIOS;FBAV/152.0.0.45.135;FBBV/83301214;FBDV/iPhone10,5;FBMD/iPhone;FBSN/iOS;FBSV/11.1.2;FBSS/3;FBCR/T-MobileA;FBID/phone;FBLC/de_DE;FBOP/5;FBRV/84311412]"
157.55.39.111 - - [14/Dec/2017:05:59:29 +0100] "GET / HTTP/1.1" 301 293 "-" "Mozilla/5.0 (compatible; bingbot/2.0; +http://www.bing.com/bingbot.htm)"
40.77.167.175 - - [14/Dec/2017:05:59:37 +0100] "GET /fahrschulen/vorarlberg HTTP/1.1" 200 2999 "-" "Mozilla/5.0 (compatible; bingbot/2.0; +http://www.bing.com/bingbot.htm)"
178.190.177.63 - - [14/Dec/2017:05:59:36 +0100] "GET /st.valentin/10293790?FS=B HTTP/1.1" 200 3077 "android-app://m.facebook.com" "Mozilla/5.0 (Linux; Android 7.0; WAS-LX1 Build/HUAWEIWAS-LX1) AppleWebKit/537.36 (KHTML, like Gecko) Chrome/63.0.3239.83 Mobile Safari/537.36"
178.190.177.63 - - [14/Dec/2017:05:59:39 +0100] "GET /css/mobile.css HTTP/1.1" 200 2852 "https://www.easydrivers.at/st.valentin/10293790?FS=B" "Mozilla/5.0 (Linux; Android 7.0; WAS-LX1 Build/HUAWEIWAS-LX1) AppleWebKit/537.36 (KHTML, like Gecko) Chrome/63.0.3239.83 Mobile Safari/537.36"
178.190.177.63 - - [14/Dec/2017:05:59:39 +0100] "GET /javascript/jquery.cookie.js HTTP/1.1" 200 863 "https://www.easydrivers.at/st.valentin/10293790?FS=B" "Mozilla/5.0 (Linux; Android 7.0; WAS-LX1 Build/HUAWEIWAS-LX1) AppleWebKit/537.36 (KHTML, like Gecko) Chrome/63.0.3239.83 Mobile Safari/537.36"
178.190.177.63 - - [14/Dec/2017:05:59:39 +0100] "GET /javascript/jquery-1.9.1.min.js HTTP/1.1" 200 32731 "https://www.easydrivers.at/st.valentin/10293790?FS=B" "Mozilla/5.0 (Linux; Android 7.0; WAS-LX1 Build/HUAWEIWAS-LX1) AppleWebKit/537.36 (KHTML, like Gecko) Chrome/63.0.3239.83 Mobile Safari/537.36"
178.190.177.63 - - [14/Dec/2017:05:59:39 +0100] "GET /javascript/mobile-menu.js HTTP/1.1" 200 1634 "https://www.easydrivers.at/st.valentin/10293790?FS=B" "Mozilla/5.0 (Linux; Android 7.0; WAS-LX1 Build/HUAWEIWAS-LX1) AppleWebKit/537.36 (KHTML, like Gecko) Chrome/63.0.3239.83 Mobile Safari/537.36"
178.190.177.63 - - [14/Dec/2017:05:59:39 +0100] "GET /javascript/jquery.simplemodal.js HTTP/1.1" 200 3070 "https://www.easydrivers.at/st.valentin/10293790?FS=B" "Mozilla/5.0 (Linux; Android 7.0; WAS-LX1 Build/HUAWEIWAS-LX1) AppleWebKit/537.36 (KHTML, like Gecko) Chrome/63.0.3239.83 Mobile Safari/537.36"
178.190.177.63 - - [14/Dec/2017:05:59:39 +0100] "GET /javascript/mobile-fahrschule.js HTTP/1.1" 200 328 "https://www.easydrivers.at/st.valentin/10293790?FS=B" "Mozilla/5.0 (Linux; Android 7.0; WAS-LX1 Build/HUAWEIWAS-LX1) AppleWebKit/537.36 (KHTML, like Gecko) Chrome/63.0.3239.83 Mobile Safari/537.36"
178.190.177.63 - - [14/Dec/2017:05:59:39 +0100] "GET /javascript/lazyload.js HTTP/1.1" 200 1170 "https://www.easydrivers.at/st.valentin/10293790?FS=B" "Mozilla/5.0 (Linux; Android 7.0; WAS-LX1 Build/HUAWEIWAS-LX1) AppleWebKit/537.36 (KHTML, like Gecko) Chrome/63.0.3239.83 Mobile Safari/537.36"
178.190.177.63 - - [14/Dec/2017:05:59:39 +0100] "GET /img/mobile/easydrivers-logo-mobile.png HTTP/1.1" 200 10766 "https://www.easydrivers.at/st.valentin/10293790?FS=B" "Mozilla/5.0 (Linux; Android 7.0; WAS-LX1 Build/HUAWEIWAS-LX1) AppleWebKit/537.36 (KHTML, like Gecko) Chrome/63.0.3239.83 Mobile Safari/537.36"
178.190.177.63 - - [14/Dec/2017:05:59:39 +0100] "GET /img/mobile/menu-button.png HTTP/1.1" 200 1746 "https://www.easydrivers.at/st.valentin/10293790?FS=B" "Mozilla/5.0 (Linux; Android 7.0; WAS-LX1 Build/HUAWEIWAS-LX1) AppleWebKit/537.36 (KHTML, like Gecko) Chrome/63.0.3239.83 Mobile Safari/537.36"
178.190.177.63 - - [14/Dec/2017:05:59:39 +0100] "GET /img/mobile/close-button.png HTTP/1.1" 200 2411 "https://www.easydrivers.at/st.valentin/10293790?FS=B" "Mozilla/5.0 (Linux; Android 7.0; WAS-LX1 Build/HUAWEIWAS-LX1) AppleWebKit/537.36 (KHTML, like Gecko) Chrome/63.0.3239.83 Mobile Safari/537.36"
178.190.177.63 - - [14/Dec/2017:05:59:39 +0100] "GET /img/mobile/facebook-icon.png HTTP/1.1" 200 1902 "https://www.easydrivers.at/st.valentin/10293790?FS=B" "Mozilla/5.0 (Linux; Android 7.0; WAS-LX1 Build/HUAWEIWAS-LX1) AppleWebKit/537.36 (KHTML, like Gecko) Chrome/63.0.3239.83 Mobile Safari/537.36"
178.190.177.63 - - [14/Dec/2017:05:59:39 +0100] "GET /img/mobile/info-button.png HTTP/1.1" 200 1549 "https://www.easydrivers.at/st.valentin/10293790?FS=B" "Mozilla/5.0 (Linux; Android 7.0; WAS-LX1 Build/HUAWEIWAS-LX1) AppleWebKit/537.36 (KHTML, like Gecko) Chrome/63.0.3239.83 Mobile Safari/537.36"
178.190.177.63 - - [14/Dec/2017:05:59:39 +0100] "GET /img/mobile/info-close-button.png HTTP/1.1" 200 1721 "https://www.easydrivers.at/st.valentin/10293790?FS=B" "Mozilla/5.0 (Linux; Android 7.0; WAS-LX1 Build/HUAWEIWAS-LX1) AppleWebKit/537.36 (KHTML, like Gecko) Chrome/63.0.3239.83 Mobile Safari/537.36"
178.190.177.63 - - [14/Dec/2017:05:59:39 +0100] "GET /img/smallicon-person.png HTTP/1.1" 200 1141 "https://www.easydrivers.at/st.valentin/10293790?FS=B" "Mozilla/5.0 (Linux; Android 7.0; WAS-LX1 Build/HUAWEIWAS-LX1) AppleWebKit/537.36 (KHTML, like Gecko) Chrome/63.0.3239.83 Mobile Safari/537.36"
178.190.177.63 - - [14/Dec/2017:05:59:39 +0100] "GET /img/smallicon-address.png HTTP/1.1" 200 1211 "https://www.easydrivers.at/st.valentin/10293790?FS=B" "Mozilla/5.0 (Linux; Android 7.0; WAS-LX1 Build/HUAWEIWAS-LX1) AppleWebKit/537.36 (KHTML, like Gecko) Chrome/63.0.3239.83 Mobile Safari/537.36"
178.190.177.63 - - [14/Dec/2017:05:59:39 +0100] "GET /img/mobile/googlemaps-pin.png HTTP/1.1" 200 1597 "https://www.easydrivers.at/st.valentin/10293790?FS=B" "Mozilla/5.0 (Linux; Android 7.0; WAS-LX1 Build/HUAWEIWAS-LX1) AppleWebKit/537.36 (KHTML, like Gecko) Chrome/63.0.3239.83 Mobile Safari/537.36"
178.190.177.63 - - [14/Dec/2017:05:59:39 +0100] "GET /img/smallicon-time.png HTTP/1.1" 200 1262 "https://www.easydrivers.at/st.valentin/10293790?FS=B" "Mozilla/5.0 (Linux; Android 7.0; WAS-LX1 Build/HUAWEIWAS-LX1) AppleWebKit/537.36 (KHTML, like Gecko) Chrome/63.0.3239.83 Mobile Safari/537.36"
178.190.177.63 - - [14/Dec/2017:05:59:39 +0100] "GET /img/smallicon-phone.png HTTP/1.1" 200 3056 "https://www.easydrivers.at/st.valentin/10293790?FS=B" "Mozilla/5.0 (Linux; Android 7.0; WAS-LX1 Build/HUAWEIWAS-LX1) AppleWebKit/537.36 (KHTML, like Gecko) Chrome/63.0.3239.83 Mobile Safari/537.36"
178.190.177.63 - - [14/Dec/2017:05:59:39 +0100] "GET /img/smallicon-mail.png HTTP/1.1" 200 1341 "https://www.easydrivers.at/st.valentin/10293790?FS=B" "Mozilla/5.0 (Linux; Android 7.0; WAS-LX1 Build/HUAWEIWAS-LX1) AppleWebKit/537.36 (KHTML, like Gecko) Chrome/63.0.3239.83 Mobile Safari/537.36"
178.190.177.63 - - [14/Dec/2017:05:59:39 +0100] "GET /img/mobile/kursicon-share.png HTTP/1.1" 200 2065 "https://www.easydrivers.at/st.valentin/10293790?FS=B" "Mozilla/5.0 (Linux; Android 7.0; WAS-LX1 Build/HUAWEIWAS-LX1) AppleWebKit/537.36 (KHTML, like Gecko) Chrome/63.0.3239.83 Mobile Safari/537.36"
178.190.177.63 - - [14/Dec/2017:05:59:39 +0100] "GET /img/mobile/kursicon-phone.png HTTP/1.1" 200 1932 "https://www.easydrivers.at/st.valentin/10293790?FS=B" "Mozilla/5.0 (Linux; Android 7.0; WAS-LX1 Build/HUAWEIWAS-LX1) AppleWebKit/537.36 (KHTML, like Gecko) Chrome/63.0.3239.83 Mobile Safari/537.36"
178.190.177.63 - - [14/Dec/2017:05:59:39 +0100] "GET /img/mobile/smallicon-phone.png HTTP/1.1" 200 1311 "https://www.easydrivers.at/st.valentin/10293790?FS=B" "Mozilla/5.0 (Linux; Android 7.0; WAS-LX1 Build/HUAWEIWAS-LX1) AppleWebKit/537.36 (KHTML, like Gecko) Chrome/63.0.3239.83 Mobile Safari/537.36"
178.190.177.63 - - [14/Dec/2017:05:59:39 +0100] "GET /img/mobile/smallicon-mail.png HTTP/1.1" 200 1335 "https://www.easydrivers.at/st.valentin/10293790?FS=B" "Mozilla/5.0 (Linux; Android 7.0; WAS-LX1 Build/HUAWEIWAS-LX1) AppleWebKit/537.36 (KHTML, like Gecko) Chrome/63.0.3239.83 Mobile Safari/537.36"
178.190.177.63 - - [14/Dec/2017:05:59:39 +0100] "GET /img/mobile/bg-header.jpg HTTP/1.1" 200 19741 "https://www.easydrivers.at/css/mobile.css" "Mozilla/5.0 (Linux; Android 7.0; WAS-LX1 Build/HUAWEIWAS-LX1) AppleWebKit/537.36 (KHTML, like Gecko) Chrome/63.0.3239.83 Mobile Safari/537.36"
178.190.177.63 - - [14/Dec/2017:05:59:39 +0100] "GET /img/mobile/bg-menu.jpg HTTP/1.1" 200 1698 "https://www.easydrivers.at/css/mobile.css" "Mozilla/5.0 (Linux; Android 7.0; WAS-LX1 Build/HUAWEIWAS-LX1) AppleWebKit/537.36 (KHTML, like Gecko) Chrome/63.0.3239.83 Mobile Safari/537.36"
178.190.177.63 - - [14/Dec/2017:05:59:39 +0100] "GET /img/mobile/bg-top-section.jpg HTTP/1.1" 200 21711 "https://www.easydrivers.at/css/mobile.css" "Mozilla/5.0 (Linux; Android 7.0; WAS-LX1 Build/HUAWEIWAS-LX1) AppleWebKit/537.36 (KHTML, like Gecko) Chrome/63.0.3239.83 Mobile Safari/537.36"
178.190.177.63 - - [14/Dec/2017:05:59:39 +0100] "GET /img/mobile/pfeil-links-small.png HTTP/1.1" 200 1065 "https://www.easydrivers.at/css/mobile.css" "Mozilla/5.0 (Linux; Android 7.0; WAS-LX1 Build/HUAWEIWAS-LX1) AppleWebKit/537.36 (KHTML, like Gecko) Chrome/63.0.3239.83 Mobile Safari/537.36"
178.190.177.63 - - [14/Dec/2017:05:59:39 +0100] "GET /img/mobile/bg-yellow.jpg HTTP/1.1" 200 1569 "https://www.easydrivers.at/css/mobile.css" "Mozilla/5.0 (Linux; Android 7.0; WAS-LX1 Build/HUAWEIWAS-LX1) AppleWebKit/537.36 (KHTML, like Gecko) Chrome/63.0.3239.83 Mobile Safari/537.36"
178.190.177.63 - - [14/Dec/2017:05:59:39 +0100] "GET /img/mobile/pfeil-rechts-small.png HTTP/1.1" 200 1056 "https://www.easydrivers.at/css/mobile.css" "Mozilla/5.0 (Linux; Android 7.0; WAS-LX1 Build/HUAWEIWAS-LX1) AppleWebKit/537.36 (KHTML, like Gecko) Chrome/63.0.3239.83 Mobile Safari/537.36"
178.190.177.63 - - [14/Dec/2017:05:59:40 +0100] "GET /img/favicon.ico HTTP/1.1" 301 303 "-" "Mozilla/5.0 (Linux; Android 7.0; WAS-LX1 Build/HUAWEIWAS-LX1) AppleWebKit/537.36 (KHTML, like Gecko) Chrome/63.0.3239.83 Mobile Safari/537.36"
178.190.177.63 - - [14/Dec/2017:05:59:40 +0100] "GET /img/favicon.ico HTTP/1.1" 404 301 "-" "Mozilla/5.0 (Linux; Android 7.0; WAS-LX1 Build/HUAWEIWAS-LX1) AppleWebKit/537.36 (KHTML, like Gecko) Chrome/63.0.3239.83 Mobile Safari/537.36"
46.125.249.29 - - [14/Dec/2017:05:59:41 +0100] "GET /reumannplatz/img/mobile/facebook-icon.png HTTP/1.1" 404 3048 "-" "Mozilla/5.0 (iPhone; CPU iPhone OS 11_1_2 like Mac OS X) AppleWebKit/604.3.5 (KHTML, like Gecko) Mobile/15B202 [FBAN/FBIOS;FBAV/152.0.0.45.135;FBBV/83301214;FBDV/iPhone10,5;FBMD/iPhone;FBSN/iOS;FBSV/11.1.2;FBSS/3;FBCR/T-MobileA;FBID/phone;FBLC/de_DE;FBOP/5;FBRV/84311412]"
178.190.177.63 - - [14/Dec/2017:05:59:55 +0100] "GET /st.valentin/aktionen HTTP/1.1" 200 2582 "https://www.easydrivers.at/st.valentin/10293790?FS=B" "Mozilla/5.0 (Linux; Android 7.0; WAS-LX1 Build/HUAWEIWAS-LX1) AppleWebKit/537.36 (KHTML, like Gecko) Chrome/63.0.3239.83 Mobile Safari/537.36"
178.190.177.63 - - [14/Dec/2017:06:00:00 +0100] "GET /st.valentin/kurse HTTP/1.1" 200 3471 "https://www.easydrivers.at/st.valentin/aktionen" "Mozilla/5.0 (Linux; Android 7.0; WAS-LX1 Build/HUAWEIWAS-LX1) AppleWebKit/537.36 (KHTML, like Gecko) Chrome/63.0.3239.83 Mobile Safari/537.36"
178.190.177.63 - - [14/Dec/2017:06:00:02 +0100] "GET /st.valentin/kurse HTTP/1.1" 200 3471 "https://www.easydrivers.at/st.valentin/aktionen" "Mozilla/5.0 (Linux; Android 7.0; WAS-LX1 Build/HUAWEIWAS-LX1) AppleWebKit/537.36 (KHTML, like Gecko) Chrome/63.0.3239.83 Mobile Safari/537.36"
178.190.177.63 - - [14/Dec/2017:06:00:03 +0100] "GET /st.valentin/kurse HTTP/1.1" 200 3471 "https://www.easydrivers.at/st.valentin/aktionen" "Mozilla/5.0 (Linux; Android 7.0; WAS-LX1 Build/HUAWEIWAS-LX1) AppleWebKit/537.36 (KHTML, like Gecko) Chrome/63.0.3239.83 Mobile Safari/537.36"
178.190.177.63 - - [14/Dec/2017:06:00:04 +0100] "GET /st.valentin/kurse HTTP/1.1" 200 3471 "https://www.easydrivers.at/st.valentin/aktionen" "Mozilla/5.0 (Linux; Android 7.0; WAS-LX1 Build/HUAWEIWAS-LX1) AppleWebKit/537.36 (KHTML, like Gecko) Chrome/63.0.3239.83 Mobile Safari/537.36"
178.190.177.63 - - [14/Dec/2017:06:00:05 +0100] "GET /st.valentin/kurse HTTP/1.1" 200 3471 "https://www.easydrivers.at/st.valentin/aktionen" "Mozilla/5.0 (Linux; Android 7.0; WAS-LX1 Build/HUAWEIWAS-LX1) AppleWebKit/537.36 (KHTML, like Gecko) Chrome/63.0.3239.83 Mobile Safari/537.36"
46.125.249.29 - - [14/Dec/2017:06:00:11 +0100] "GET /reumannplatz/img/mobile/kursicon-share.png HTTP/1.1" 404 3056 "-" "Mozilla/5.0 (iPhone; CPU iPhone OS 11_1_2 like Mac OS X) AppleWebKit/604.3.5 (KHTML, like Gecko) Mobile/15B202 [FBAN/FBIOS;FBAV/152.0.0.45.135;FBBV/83301214;FBDV/iPhone10,5;FBMD/iPhone;FBSN/iOS;FBSV/11.1.2;FBSS/3;FBCR/T-MobileA;FBID/phone;FBLC/de_DE;FBOP/5;FBRV/84311412]"
46.125.249.29 - - [14/Dec/2017:06:00:11 +0100] "GET /reumannplatz/img/smallicon-address.png HTTP/1.1" 404 3054 "-" "Mozilla/5.0 (iPhone; CPU iPhone OS 11_1_2 like Mac OS X) AppleWebKit/604.3.5 (KHTML, like Gecko) Mobile/15B202 [FBAN/FBIOS;FBAV/152.0.0.45.135;FBBV/83301214;FBDV/iPhone10,5;FBMD/iPhone;FBSN/iOS;FBSV/11.1.2;FBSS/3;FBCR/T-MobileA;FBID/phone;FBLC/de_DE;FBOP/5;FBRV/84311412]"
178.190.177.63 - - [14/Dec/2017:06:00:05 +0100] "GET /st.valentin/kurse HTTP/1.1" 200 3471 "https://www.easydrivers.at/st.valentin/aktionen" "Mozilla/5.0 (Linux; Android 7.0; WAS-LX1 Build/HUAWEIWAS-LX1) AppleWebKit/537.36 (KHTML, like Gecko) Chrome/63.0.3239.83 Mobile Safari/537.36"
178.190.177.63 - - [14/Dec/2017:06:00:06 +0100] "GET /st.valentin/kurse HTTP/1.1" 200 3471 "https://www.easydrivers.at/st.valentin/aktionen" "Mozilla/5.0 (Linux; Android 7.0; WAS-LX1 Build/HUAWEIWAS-LX1) AppleWebKit/537.36 (KHTML, like Gecko) Chrome/63.0.3239.83 Mobile Safari/537.36"
178.190.177.63 - - [14/Dec/2017:06:00:08 +0100] "GET /st.valentin/10293790?FS=B HTTP/1.1" 200 3077 "android-app://m.facebook.com" "Mozilla/5.0 (Linux; Android 7.0; WAS-LX1 Build/HUAWEIWAS-LX1) AppleWebKit/537.36 (KHTML, like Gecko) Chrome/63.0.3239.83 Mobile Safari/537.36"
178.190.177.63 - - [14/Dec/2017:06:00:06 +0100] "GET /st.valentin HTTP/1.1" 200 2948 "https://www.easydrivers.at/st.valentin/aktionen" "Mozilla/5.0 (Linux; Android 7.0; WAS-LX1 Build/HUAWEIWAS-LX1) AppleWebKit/537.36 (KHTML, like Gecko) Chrome/63.0.3239.83 Mobile Safari/537.36"
178.190.177.63 - - [14/Dec/2017:06:00:29 +0100] "-" 408 - "-" "-"
178.190.177.63 - - [14/Dec/2017:06:00:29 +0100] "-" 408 - "-" "-"
178.190.177.63 - - [14/Dec/2017:06:00:29 +0100] "-" 408 - "-" "-"
178.190.177.63 - - [14/Dec/2017:06:00:29 +0100] "-" 408 - "-" "-"
178.190.177.63 - - [14/Dec/2017:06:00:29 +0100] "-" 408 - "-" "-"
46.125.249.29 - - [14/Dec/2017:06:00:41 +0100] "GET /reumannplatz/img/mobile/info-button.png HTTP/1.1" 404 3051 "-" "Mozilla/5.0 (iPhone; CPU iPhone OS 11_1_2 like Mac OS X) AppleWebKit/604.3.5 (KHTML, like Gecko) Mobile/15B202 [FBAN/FBIOS;FBAV/152.0.0.45.135;FBBV/83301214;FBDV/iPhone10,5;FBMD/iPhone;FBSN/iOS;FBSV/11.1.2;FBSS/3;FBCR/T-MobileA;FBID/phone;FBLC/de_DE;FBOP/5;FBRV/84311412]"
46.125.250.11 - - [14/Dec/2017:06:00:49 +0100] "GET /ennstal.schladming/wfk-22-12-2017?FS=B HTTP/1.1" 200 3217 "http://m.facebook.com" "Mozilla/5.0 (iPhone; CPU iPhone OS 11_1_2 like Mac OS X) AppleWebKit/604.3.5 (KHTML, like Gecko) Mobile/15B202 [FBAN/FBIOS;FBAV/152.0.0.45.135;FBBV/83301214;FBDV/iPhone9,3;FBMD/iPhone;FBSN/iOS;FBSV/11.1.2;FBSS/2;FBCR/tele.ring;FBID/phone;FBLC/de_DE;FBOP/5;FBRV/84311412]"
46.125.250.11 - - [14/Dec/2017:06:00:52 +0100] "GET /ennstal.schladming/img/mobile/easydrivers-logo-mobile.png HTTP/1.1" 404 3061 "-" "Mozilla/5.0 (iPhone; CPU iPhone OS 11_1_2 like Mac OS X) AppleWebKit/604.3.5 (KHTML, like Gecko) Mobile/15B202 [FBAN/FBIOS;FBAV/152.0.0.45.135;FBBV/83301214;FBDV/iPhone9,3;FBMD/iPhone;FBSN/iOS;FBSV/11.1.2;FBSS/2;FBCR/tele.ring;FBID/phone;FBLC/de_DE;FBOP/5;FBRV/84311412]"
46.125.250.11 - - [14/Dec/2017:06:01:22 +0100] "GET /ennstal.schladming/img/mobile/menu-button.png HTTP/1.1" 404 3066 "-" "Mozilla/5.0 (iPhone; CPU iPhone OS 11_1_2 like Mac OS X) AppleWebKit/604.3.5 (KHTML, like Gecko) Mobile/15B202 [FBAN/FBIOS;FBAV/152.0.0.45.135;FBBV/83301214;FBDV/iPhone9,3;FBMD/iPhone;FBSN/iOS;FBSV/11.1.2;FBSS/2;FBCR/tele.ring;FBID/phone;FBLC/de_DE;FBOP/5;FBRV/84311412]"
46.125.250.11 - - [14/Dec/2017:06:01:52 +0100] "GET /ennstal.schladming/img/mobile/close-button.png HTTP/1.1" 404 3068 "-" "Mozilla/5.0 (iPhone; CPU iPhone OS 11_1_2 like Mac OS X) AppleWebKit/604.3.5 (KHTML, like Gecko) Mobile/15B202 [FBAN/FBIOS;FBAV/152.0.0.45.135;FBBV/83301214;FBDV/iPhone9,3;FBMD/iPhone;FBSN/iOS;FBSV/11.1.2;FBSS/2;FBCR/tele.ring;FBID/phone;FBLC/de_DE;FBOP/5;FBRV/84311412]"
40.77.167.56 - - [14/Dec/2017:06:02:04 +0100] "GET /binaries/radfahrschule/bildwebedanschnittl830x300px7png.png HTTP/1.1" 301 335 "-" "Mozilla/5.0 (compatible; bingbot/2.0; +http://www.bing.com/bingbot.htm)"
157.55.39.111 - - [14/Dec/2017:06:02:20 +0100] "GET /krems HTTP/1.1" 200 3581 "-" "Mozilla/5.0 (compatible; bingbot/2.0; +http://www.bing.com/bingbot.htm)"
40.77.167.56 - - [14/Dec/2017:06:02:22 +0100] "GET /spittelau HTTP/1.1" 200 3696 "-" "Mozilla/5.0 (compatible; bingbot/2.0; +http://www.bing.com/bingbot.htm)"
46.125.250.11 - - [14/Dec/2017:06:02:22 +0100] "GET /ennstal.schladming/img/mobile/facebook-icon.png HTTP/1.1" 404 3066 "-" "Mozilla/5.0 (iPhone; CPU iPhone OS 11_1_2 like Mac OS X) AppleWebKit/604.3.5 (KHTML, like Gecko) Mobile/15B202 [FBAN/FBIOS;FBAV/152.0.0.45.135;FBBV/83301214;FBDV/iPhone9,3;FBMD/iPhone;FBSN/iOS;FBSV/11.1.2;FBSS/2;FBCR/tele.ring;FBID/phone;FBLC/de_DE;FBOP/5;FBRV/84311412]"
40.77.167.56 - - [14/Dec/2017:06:02:25 +0100] "GET /binaries/radfahrschule/bildwebedanschnittl830x300px7png.png HTTP/1.1" 200 414008 "-" "Mozilla/5.0 (compatible; bingbot/2.0; +http://www.bing.com/bingbot.htm)"
40.77.167.56 - - [14/Dec/2017:06:02:39 +0100] "GET /img/empty.gif HTTP/1.1" 200 43 "-" "Mozilla/5.0 (compatible; bingbot/2.0; +http://www.bing.com/bingbot.htm)"
40.77.167.56 - - [14/Dec/2017:06:02:41 +0100] "GET /img/kursicon-download-pink.png HTTP/1.1" 200 1213 "-" "Mozilla/5.0 (compatible; bingbot/2.0; +http://www.bing.com/bingbot.htm)"
157.55.39.233 - - [14/Dec/2017:06:02:41 +0100] "GET /img/kursicon-phone-pink.png HTTP/1.1" 200 1286 "-" "Mozilla/5.0 (compatible; bingbot/2.0; +http://www.bing.com/bingbot.htm)"
40.77.167.56 - - [14/Dec/2017:06:02:42 +0100] "GET /img/kursicon-print-pink.png HTTP/1.1" 200 1125 "-" "Mozilla/5.0 (compatible; bingbot/2.0; +http://www.bing.com/bingbot.htm)"
40.77.167.175 - - [14/Dec/2017:06:02:54 +0100] "GET /img/purple-dots-horizontal.png HTTP/1.1" 200 977 "-" "Mozilla/5.0 (compatible; bingbot/2.0; +http://www.bing.com/bingbot.htm)"
40.77.167.175 - - [14/Dec/2017:06:02:55 +0100] "GET /img/yellow-dots-vertical.png HTTP/1.1" 200 981 "-" "Mozilla/5.0 (compatible; bingbot/2.0; +http://www.bing.com/bingbot.htm)"
