90.146.119.62 - - [14/Dec/2017:07:02:47 +0100] "GET /javascript/mobile-menu.js HTTP/1.1" 200 1634 "https://www.easydrivers.at/" "Mozilla/5.0 (Linux; Android 7.0; SAMSUNG SM-G930F Build/NRD90M) AppleWebKit/537.36 (KHTML, like Gecko) SamsungBrowser/6.2 Chrome/56.0.2924.87 Mobile Safari/537.36"
90.146.119.62 - - [14/Dec/2017:07:02:47 +0100] "GET /javascript/jquery.cookie.js HTTP/1.1" 200 863 "https://www.easydrivers.at/" "Mozilla/5.0 (Linux; Android 7.0; SAMSUNG SM-G930F Build/NRD90M) AppleWebKit/537.36 (KHTML, like Gecko) SamsungBrowser/6.2 Chrome/56.0.2924.87 Mobile Safari/537.36"
90.146.119.62 - - [14/Dec/2017:07:02:47 +0100] "GET /javascript/jquery-1.9.1.min.js HTTP/1.1" 200 32731 "https://www.easydrivers.at/" "Mozilla/5.0 (Linux; Android 7.0; SAMSUNG SM-G930F Build/NRD90M) AppleWebKit/537.36 (KHTML, like Gecko) SamsungBrowser/6.2 Chrome/56.0.2924.87 Mobile Safari/537.36"
90.146.119.62 - - [14/Dec/2017:07:02:47 +0100] "GET /javascript/jquery.simplemodal.js HTTP/1.1" 200 3070 "https://www.easydrivers.at/" "Mozilla/5.0 (Linux; Android 7.0; SAMSUNG SM-G930F Build/NRD90M) AppleWebKit/537.36 (KHTML, like Gecko) SamsungBrowser/6.2 Chrome/56.0.2924.87 Mobile Safari/537.36"
90.146.119.62 - - [14/Dec/2017:07:02:47 +0100] "GET /javascript/mobile-homesearch.js HTTP/1.1" 200 340 "https://www.easydrivers.at/" "Mozilla/5.0 (Linux; Android 7.0; SAMSUNG SM-G930F Build/NRD90M) AppleWebKit/537.36 (KHTML, like Gecko) SamsungBrowser/6.2 Chrome/56.0.2924.87 Mobile Safari/537.36"
90.146.119.62 - - [14/Dec/2017:07:02:47 +0100] "GET /javascript/lazyload.js HTTP/1.1" 200 1170 "https://www.easydrivers.at/" "Mozilla/5.0 (Linux; Android 7.0; SAMSUNG SM-G930F Build/NRD90M) AppleWebKit/537.36 (KHTML, like Gecko) SamsungBrowser/6.2 Chrome/56.0.2924.87 Mobile Safari/537.36"
90.146.119.62 - - [14/Dec/2017:07:02:48 +0100] "GET /img/mobile/easydrivers-logo-mobile.png HTTP/1.1" 200 10766 "https://www.easydrivers.at/" "Mozilla/5.0 (Linux; Android 7.0; SAMSUNG SM-G930F Build/NRD90M) AppleWebKit/537.36 (KHTML, like Gecko) SamsungBrowser/6.2 Chrome/56.0.2924.87 Mobile Safari/537.36"
90.146.119.62 - - [14/Dec/2017:07:02:48 +0100] "GET /img/mobile/pfeil-rechts.png HTTP/1.1" 200 1228 "https://www.easydrivers.at/css/mobile.css" "Mozilla/5.0 (Linux; Android 7.0; SAMSUNG SM-G930F Build/NRD90M) AppleWebKit/537.36 (KHTML, like Gecko) SamsungBrowser/6.2 Chrome/56.0.2924.87 Mobile Safari/537.36"
90.146.119.62 - - [14/Dec/2017:07:02:48 +0100] "GET /img/mobile/bg-top-section.jpg HTTP/1.1" 200 21711 "https://www.easydrivers.at/css/mobile.css" "Mozilla/5.0 (Linux; Android 7.0; SAMSUNG SM-G930F Build/NRD90M) AppleWebKit/537.36 (KHTML, like Gecko) SamsungBrowser/6.2 Chrome/56.0.2924.87 Mobile Safari/537.36"
90.146.119.62 - - [14/Dec/2017:07:02:48 +0100] "GET /img/mobile/menu-button.png HTTP/1.1" 200 1746 "https://www.easydrivers.at/" "Mozilla/5.0 (Linux; Android 7.0; SAMSUNG SM-G930F Build/NRD90M) AppleWebKit/537.36 (KHTML, like Gecko) SamsungBrowser/6.2 Chrome/56.0.2924.87 Mobile Safari/537.36"
90.146.119.62 - - [14/Dec/2017:07:02:48 +0100] "GET /img/mobile/facebook-icon.png HTTP/1.1" 200 1902 "https://www.easydrivers.at/" "Mozilla/5.0 (Linux; Android 7.0; SAMSUNG SM-G930F Build/NRD90M) AppleWebKit/537.36 (KHTML, like Gecko) SamsungBrowser/6.2 Chrome/56.0.2924.87 Mobile Safari/537.36"
90.146.119.62 - - [14/Dec/2017:07:02:48 +0100] "GET /img/mobile/close-button.png HTTP/1.1" 200 2411 "https://www.easydrivers.at/" "Mozilla/5.0 (Linux; Android 7.0; SAMSUNG SM-G930F Build/NRD90M) AppleWebKit/537.36 (KHTML, like Gecko) SamsungBrowser/6.2 Chrome/56.0.2924.87 Mobile Safari/537.36"
90.146.119.62 - - [14/Dec/2017:07:02:48 +0100] "GET /img/mobile/widget-icon-app.png HTTP/1.1" 200 3458 "https://www.easydrivers.at/" "Mozilla/5.0 (Linux; Android 7.0; SAMSUNG SM-G930F Build/NRD90M) AppleWebKit/537.36 (KHTML, like Gecko) SamsungBrowser/6.2 Chrome/56.0.2924.87 Mobile Safari/537.36"
90.146.119.62 - - [14/Dec/2017:07:02:48 +0100] "GET /img/mobile/bg-header.jpg HTTP/1.1" 200 19741 "https://www.easydrivers.at/css/mobile.css" "Mozilla/5.0 (Linux; Android 7.0; SAMSUNG SM-G930F Build/NRD90M) AppleWebKit/537.36 (KHTML, like Gecko) SamsungBrowser/6.2 Chrome/56.0.2924.87 Mobile Safari/537.36"
90.146.119.62 - - [14/Dec/2017:07:02:48 +0100] "GET /img/mobile/bg-menu.jpg HTTP/1.1" 200 1698 "https://www.easydrivers.at/css/mobile.css" "Mozilla/5.0 (Linux; Android 7.0; SAMSUNG SM-G930F Build/NRD90M) AppleWebKit/537.36 (KHTML, like Gecko) SamsungBrowser/6.2 Chrome/56.0.2924.87 Mobile Safari/537.36"
90.146.119.62 - - [14/Dec/2017:07:02:49 +0100] "GET /img/favicon.ico HTTP/1.1" 301 303 "-" "Mozilla/5.0 (Linux; Android 7.0; SAMSUNG SM-G930F Build/NRD90M) AppleWebKit/537.36 (KHTML, like Gecko) SamsungBrowser/6.2 Chrome/56.0.2924.87 Mobile Safari/537.36"
90.146.119.62 - - [14/Dec/2017:07:02:49 +0100] "GET /img/favicon.ico HTTP/1.1" 404 301 "-" "Mozilla/5.0 (Linux; Android 7.0; SAMSUNG SM-G930F Build/NRD90M) AppleWebKit/537.36 (KHTML, like Gecko) SamsungBrowser/6.2 Chrome/56.0.2924.87 Mobile Safari/537.36"
40.77.167.175 - - [14/Dec/2017:07:02:41 +0100] "GET /binaries/easy-drivers-rudi-dornbirn/winder-martinjpg-1.jpg HTTP/1.1" 200 6712766 "-" "Mozilla/5.0 (compatible; bingbot/2.0; +http://www.bing.com/bingbot.htm)"
94.136.13.132 - - [14/Dec/2017:07:02:52 +0100] "GET /tulln/img/mobile/facebook-icon.png HTTP/1.1" 404 3040 "-" "Mozilla/5.0 (iPhone; CPU iPhone OS 11_1_2 like Mac OS X) AppleWebKit/604.3.5 (KHTML, like Gecko) Mobile/15B202 [FBAN/FBIOS;FBAV/152.0.0.45.135;FBBV/83301214;FBDV/iPhone9,4;FBMD/iPhone;FBSN/iOS;FBSV/11.1.2;FBSS/3;FBCR/3Austria;FBID/phone;FBLC/de_DE;FBOP/5;FBRV/84141153]"
46.125.249.84 - - [14/Dec/2017:07:02:54 +0100] "GET /ennstal.schladming/img/mobile/info-button.png HTTP/1.1" 404 3069 "-" "Mozilla/5.0 (iPhone; CPU iPhone OS 10_3_2 like Mac OS X) AppleWebKit/603.2.4 (KHTML, like Gecko) Mobile/14F89 [FBAN/FBIOS;FBAV/152.0.0.45.135;FBBV/83301214;FBDV/iPhone8,1;FBMD/iPhone;FBSN/iOS;FBSV/10.3.2;FBSS/2;FBCR/T-MobileA;FBID/phone;FBLC/de_DE;FBOP/5;FBRV/84311412]"
149.56.21.7 - - [14/Dec/2017:07:02:59 +0100] "GET /krems/aktionen HTTP/1.1" 200 3283 "-" "Mozilla/5.0 (Windows NT 6.1; WOW64) AppleWebKit/537.36 (KHTML, like Gecko) Chrome/57.0.2987.133 Safari/537.36"
90.146.119.62 - - [14/Dec/2017:07:03:02 +0100] "GET /img/loading-bars.gif HTTP/1.1" 200 3951 "https://www.easydrivers.at/css/mobile.css" "Mozilla/5.0 (Linux; Android 7.0; SAMSUNG SM-G930F Build/NRD90M) AppleWebKit/537.36 (KHTML, like Gecko) SamsungBrowser/6.2 Chrome/56.0.2924.87 Mobile Safari/537.36"
90.146.119.62 - - [14/Dec/2017:07:03:02 +0100] "POST /fahrschulen/oberoesterreich HTTP/1.1" 301 310 "-" "Mozilla/5.0 (Linux; Android 7.0; SAMSUNG SM-G930F Build/NRD90M) AppleWebKit/537.36 (KHTML, like Gecko) SamsungBrowser/6.2 Chrome/56.0.2924.87 Mobile Safari/537.36"
90.146.119.62 - - [14/Dec/2017:07:03:02 +0100] "GET /fahrschulen/oberoesterreich HTTP/1.1" 200 2810 "-" "Mozilla/5.0 (Linux; Android 7.0; SAMSUNG SM-G930F Build/NRD90M) AppleWebKit/537.36 (KHTML, like Gecko) SamsungBrowser/6.2 Chrome/56.0.2924.87 Mobile Safari/537.36"
90.146.119.62 - - [14/Dec/2017:07:03:04 +0100] "GET /img/mobile/googlemaps-pin.png HTTP/1.1" 200 1597 "https://www.easydrivers.at/fahrschulen/oberoesterreich" "Mozilla/5.0 (Linux; Android 7.0; SAMSUNG SM-G930F Build/NRD90M) AppleWebKit/537.36 (KHTML, like Gecko) SamsungBrowser/6.2 Chrome/56.0.2924.87 Mobile Safari/537.36"
90.146.119.62 - - [14/Dec/2017:07:03:04 +0100] "GET /img/mobile/smallicon-mail.png HTTP/1.1" 200 1335 "https://www.easydrivers.at/fahrschulen/oberoesterreich" "Mozilla/5.0 (Linux; Android 7.0; SAMSUNG SM-G930F Build/NRD90M) AppleWebKit/537.36 (KHTML, like Gecko) SamsungBrowser/6.2 Chrome/56.0.2924.87 Mobile Safari/537.36"
90.146.119.62 - - [14/Dec/2017:07:03:04 +0100] "GET /img/mobile/smallicon-phone.png HTTP/1.1" 200 1311 "https://www.easydrivers.at/fahrschulen/oberoesterreich" "Mozilla/5.0 (Linux; Android 7.0; SAMSUNG SM-G930F Build/NRD90M) AppleWebKit/537.36 (KHTML, like Gecko) SamsungBrowser/6.2 Chrome/56.0.2924.87 Mobile Safari/537.36"
90.146.119.62 - - [14/Dec/2017:07:03:04 +0100] "GET /img/mobile/smallicon-time.png HTTP/1.1" 200 1328 "https://www.easydrivers.at/fahrschulen/oberoesterreich" "Mozilla/5.0 (Linux; Android 7.0; SAMSUNG SM-G930F Build/NRD90M) AppleWebKit/537.36 (KHTML, like Gecko) SamsungBrowser/6.2 Chrome/56.0.2924.87 Mobile Safari/537.36"
90.146.119.62 - - [14/Dec/2017:07:03:04 +0100] "GET /img/mobile/smallicon-address.png HTTP/1.1" 200 1424 "https://www.easydrivers.at/fahrschulen/oberoesterreich" "Mozilla/5.0 (Linux; Android 7.0; SAMSUNG SM-G930F Build/NRD90M) AppleWebKit/537.36 (KHTML, like Gecko) SamsungBrowser/6.2 Chrome/56.0.2924.87 Mobile Safari/537.36"
90.146.119.62 - - [14/Dec/2017:07:03:04 +0100] "GET /img/mobile/pfeil-links-small.png HTTP/1.1" 200 1065 "https://www.easydrivers.at/css/mobile.css" "Mozilla/5.0 (Linux; Android 7.0; SAMSUNG SM-G930F Build/NRD90M) AppleWebKit/537.36 (KHTML, like Gecko) SamsungBrowser/6.2 Chrome/56.0.2924.87 Mobile Safari/537.36"
90.146.119.62 - - [14/Dec/2017:07:03:04 +0100] "GET /img/mobile/bg-yellow.jpg HTTP/1.1" 200 1569 "https://www.easydrivers.at/css/mobile.css" "Mozilla/5.0 (Linux; Android 7.0; SAMSUNG SM-G930F Build/NRD90M) AppleWebKit/537.36 (KHTML, like Gecko) SamsungBrowser/6.2 Chrome/56.0.2924.87 Mobile Safari/537.36"
90.146.119.62 - - [14/Dec/2017:07:03:04 +0100] "GET /img/mobile/weiter-button.png HTTP/1.1" 200 1670 "https://www.easydrivers.at/css/mobile.css" "Mozilla/5.0 (Linux; Android 7.0; SAMSUNG SM-G930F Build/NRD90M) AppleWebKit/537.36 (KHTML, like Gecko) SamsungBrowser/6.2 Chrome/56.0.2924.87 Mobile Safari/537.36"
78.104.65.147 - - [14/Dec/2017:07:03:07 +0100] "GET /linz?gclid=CjwKCAiAvMPRBRBIEiwABuO6qV17AxdS_1fBiPqcYez1HutzHyP7wYLv_hbsvkFRF8_6X9kbHOjgkBoCKB0QAvD_BwE HTTP/1.1" 200 2865 "https://www.google.at/" "Mozilla/5.0 (Linux; Android 7.0; VTR-L09 Build/HUAWEIVTR-L09) AppleWebKit/537.36 (KHTML, like Gecko) Chrome/63.0.3239.83 Mobile Safari/537.36"
46.189.67.121 - - [14/Dec/2017:07:03:15 +0100] "GET /st.valentin/10293790?FS=B HTTP/1.1" 200 3077 "http://m.facebook.com" "Mozilla/5.0 (iPhone; CPU iPhone OS 11_2 like Mac OS X) AppleWebKit/604.4.7 (KHTML, like Gecko) Mobile/15C114 [FBAN/FBIOS;FBAV/152.0.0.45.135;FBBV/83301214;FBDV/iPhone8,1;FBMD/iPhone;FBSN/iOS;FBSV/11.2;FBSS/2;FBCR/3Austria;FBID/phone;FBLC/de_DE;FBOP/5;FBRV/84141153]"
94.136.13.132 - - [14/Dec/2017:07:03:22 +0100] "GET /tulln/img/mobile/info-close-button.png HTTP/1.1" 404 3047 "-" "Mozilla/5.0 (iPhone; CPU iPhone OS 11_1_2 like Mac OS X) AppleWebKit/604.3.5 (KHTML, like Gecko) Mobile/15B202 [FBAN/FBIOS;FBAV/152.0.0.45.135;FBBV/83301214;FBDV/iPhone9,4;FBMD/iPhone;FBSN/iOS;FBSV/11.1.2;FBSS/3;FBCR/3Austria;FBID/phone;FBLC/de_DE;FBOP/5;FBRV/84141153]"
46.125.249.84 - - [14/Dec/2017:07:03:24 +0100] "GET /ennstal.schladming/img/mobile/info-close-button.png HTTP/1.1" 404 3071 "-" "Mozilla/5.0 (iPhone; CPU iPhone OS 10_3_2 like Mac OS X) AppleWebKit/603.2.4 (KHTML, like Gecko) Mobile/14F89 [FBAN/FBIOS;FBAV/152.0.0.45.135;FBBV/83301214;FBDV/iPhone8,1;FBMD/iPhone;FBSN/iOS;FBSV/10.3.2;FBSS/2;FBCR/T-MobileA;FBID/phone;FBLC/de_DE;FBOP/5;FBRV/84311412]"
40.77.167.175 - - [14/Dec/2017:07:03:35 +0100] "GET /binaries/10251861.jpg HTTP/1.1" 200 31325 "-" "Mozilla/5.0 (compatible; bingbot/2.0; +http://www.bing.com/bingbot.htm)"
94.136.13.132 - - [14/Dec/2017:07:03:52 +0100] "GET /tulln/img/mobile/info-button.png HTTP/1.1" 404 3044 "-" "Mozilla/5.0 (iPhone; CPU iPhone OS 11_1_2 like Mac OS X) AppleWebKit/604.3.5 (KHTML, like Gecko) Mobile/15B202 [FBAN/FBIOS;FBAV/152.0.0.45.135;FBBV/83301214;FBDV/iPhone9,4;FBMD/iPhone;FBSN/iOS;FBSV/11.1.2;FBSS/3;FBCR/3Austria;FBID/phone;FBLC/de_DE;FBOP/5;FBRV/84141153]"
40.77.167.175 - - [14/Dec/2017:07:04:15 +0100] "GET /uploads/pdfs/hollabrunn/Motorradkurs_Weihnachten_2017_A1.pdf HTTP/1.1" 200 35847 "-" "Mozilla/5.0 (compatible; bingbot/2.0; +http://www.bing.com/bingbot.htm)"
94.136.13.132 - - [14/Dec/2017:07:04:22 +0100] "GET /tulln/img/smallicon-time.png HTTP/1.1" 404 3046 "-" "Mozilla/5.0 (iPhone; CPU iPhone OS 11_1_2 like Mac OS X) AppleWebKit/604.3.5 (KHTML, like Gecko) Mobile/15B202 [FBAN/FBIOS;FBAV/152.0.0.45.135;FBBV/83301214;FBDV/iPhone9,4;FBMD/iPhone;FBSN/iOS;FBSV/11.1.2;FBSS/3;FBCR/3Austria;FBID/phone;FBLC/de_DE;FBOP/5;FBRV/84141153]"
178.165.129.67 - - [14/Dec/2017:07:04:28 +0100] "GET /tulln/Weihnachtskurs_Abendkurs_Dezember_2017?FS=B HTTP/1.1" 200 3264 "http://m.facebook.com" "Mozilla/5.0 (iPhone; CPU iPhone OS 11_1_2 like Mac OS X) AppleWebKit/604.3.5 (KHTML, like Gecko) Mobile/15B202 [FBAN/FBIOS;FBAV/152.0.0.45.135;FBBV/83301214;FBDV/iPhone9,3;FBMD/iPhone;FBSN/iOS;FBSV/11.1.2;FBSS/2;FBCR/3Austria;FBID/phone;FBLC/en_GB;FBOP/5;FBRV/84311412]"
94.136.13.132 - - [14/Dec/2017:07:04:52 +0100] "GET /tulln/img/smallicon-person.png HTTP/1.1" 404 3044 "-" "Mozilla/5.0 (iPhone; CPU iPhone OS 11_1_2 like Mac OS X) AppleWebKit/604.3.5 (KHTML, like Gecko) Mobile/15B202 [FBAN/FBIOS;FBAV/152.0.0.45.135;FBBV/83301214;FBDV/iPhone9,4;FBMD/iPhone;FBSN/iOS;FBSV/11.1.2;FBSS/3;FBCR/3Austria;FBID/phone;FBLC/de_DE;FBOP/5;FBRV/84141153]"
46.125.249.58 - - [14/Dec/2017:07:04:57 +0100] "GET /hartberg HTTP/1.1" 200 3560 "http://www.google.at/url?sa=t&rct=j&q=&esrc=s&source=web&cd=1&ved=0ahUKEwif9tPK6ojYAhVFCuwKHclCAHsQFggoMAA&url=http%3A%2F%2Fwww.easydrivers.at%2Fhartberg&usg=AOvVaw1_SFRkV0fXuANJDKSM2p_a" "Mozilla/5.0 (Windows NT 6.1; WOW64; Trident/7.0; rv:11.0) like Gecko"
77.119.131.83 - - [14/Dec/2017:07:05:08 +0100] "GET /steyr/kurse HTTP/1.1" 200 3200 "http://m.facebook.com" "Mozilla/5.0 (iPhone; CPU iPhone OS 11_1_1 like Mac OS X) AppleWebKit/604.3.5 (KHTML, like Gecko) Mobile/15B150 [FBAN/FBIOS;FBAV/152.0.0.45.135;FBBV/83301214;FBDV/iPhone6,2;FBMD/iPhone;FBSN/iOS;FBSV/11.1.1;FBSS/2;FBCR/3Austria;FBID/phone;FBLC/de_DE;FBOP/5;FBRV/84311412]"
46.125.249.58 - - [14/Dec/2017:07:05:18 +0100] "-" 408 - "-" "-"
213.225.7.125 - - [14/Dec/2017:07:05:31 +0100] "GET /ennstal.schladming/wfk-22-12-2017?FS=B HTTP/1.1" 200 3217 "http://m.facebook.com" "Mozilla/5.0 (iPhone; CPU iPhone OS 10_3_3 like Mac OS X) AppleWebKit/603.3.8 (KHTML, like Gecko) Mobile/14G60 [FBAN/FBIOS;FBAV/152.0.0.45.135;FBBV/83301214;FBDV/iPhone8,1;FBMD/iPhone;FBSN/iOS;FBSV/10.3.3;FBSS/2;FBCR/A1;FBID/phone;FBLC/de_DE;FBOP/5;FBRV/84141153]"
213.225.13.84 - - [14/Dec/2017:07:05:38 +0100] "GET /fuehrerscheine/lkw HTTP/1.1" 301 304 "https://www.google.at/search?q=F%C3%BChrerschein+E+zu+b+machen%2C+kosten&oq=F%C3%BChrerschein+E+zu+b+machen%2C+kosten&gs_l=mobile-heirloom-serp.3...2132.20917.0.21476.37.20.1.16.17.0.262.2947.5j11j4.20.0....0...1c.1.34.mobile-heirloom-serp..6.31.2815.RZZC1PVpaKM" "Mozilla/5.0 (BB10; Touch) AppleWebKit/537.35+ (KHTML, like Gecko) Version/10.3.2.2876 Mobile Safari/537.35+"
213.162.73.141 - - [14/Dec/2017:07:05:37 +0100] "GET /hollabrunn/Grundkurs_Weihnachten_2017?FS=B HTTP/1.1" 200 3287 "http://m.facebook.com" "Mozilla/5.0 (iPhone; CPU iPhone OS 11_1_1 like Mac OS X) AppleWebKit/604.3.5 (KHTML, like Gecko) Mobile/15B150 [FBAN/FBIOS;FBAV/152.0.0.45.135;FBBV/83301214;FBDV/iPhone7,2;FBMD/iPhone;FBSN/iOS;FBSV/11.1.1;FBSS/2;FBCR/tele.ring;FBID/phone;FBLC/de_DE;FBOP/5;FBRV/84311412]"
213.225.13.84 - - [14/Dec/2017:07:05:39 +0100] "GET /fuehrerscheine/lkw HTTP/1.1" 200 3734 "https://www.google.at/search?q=F%C3%BChrerschein+E+zu+b+machen%2C+kosten&oq=F%C3%BChrerschein+E+zu+b+machen%2C+kosten&gs_l=mobile-heirloom-serp.3...2132.20917.0.21476.37.20.1.16.17.0.262.2947.5j11j4.20.0....0...1c.1.34.mobile-heirloom-serp..6.31.2815.RZZC1PVpaKM" "Mozilla/5.0 (BB10; Touch) AppleWebKit/537.35+ (KHTML, like Gecko) Version/10.3.2.2876 Mobile Safari/537.35+"
94.136.13.132 - - [14/Dec/2017:07:05:43 +0100] "-" 408 - "-" "-"
213.225.13.84 - - [14/Dec/2017:07:05:44 +0100] "GET /javascript/mobile-license.js HTTP/1.1" 200 216 "https://www.easydrivers.at/fuehrerscheine/lkw" "Mozilla/5.0 (BB10; Touch) AppleWebKit/537.35+ (KHTML, like Gecko) Version/10.3.2.2876 Mobile Safari/537.35+"
213.225.13.84 - - [14/Dec/2017:07:05:44 +0100] "GET /javascript/lazyload.js HTTP/1.1" 200 1170 "https://www.easydrivers.at/fuehrerscheine/lkw" "Mozilla/5.0 (BB10; Touch) AppleWebKit/537.35+ (KHTML, like Gecko) Version/10.3.2.2876 Mobile Safari/537.35+"
213.225.13.84 - - [14/Dec/2017:07:05:44 +0100] "GET /javascript/jquery.simplemodal.js HTTP/1.1" 200 3070 "https://www.easydrivers.at/fuehrerscheine/lkw" "Mozilla/5.0 (BB10; Touch) AppleWebKit/537.35+ (KHTML, like Gecko) Version/10.3.2.2876 Mobile Safari/537.35+"
213.225.13.84 - - [14/Dec/2017:07:05:44 +0100] "GET /javascript/mobile-menu.js HTTP/1.1" 200 1634 "https://www.easydrivers.at/fuehrerscheine/lkw" "Mozilla/5.0 (BB10; Touch) AppleWebKit/537.35+ (KHTML, like Gecko) Version/10.3.2.2876 Mobile Safari/537.35+"
213.225.13.84 - - [14/Dec/2017:07:05:44 +0100] "GET /javascript/jquery.cookie.js HTTP/1.1" 200 863 "https://www.easydrivers.at/fuehrerscheine/lkw" "Mozilla/5.0 (BB10; Touch) AppleWebKit/537.35+ (KHTML, like Gecko) Version/10.3.2.2876 Mobile Safari/537.35+"
213.225.13.84 - - [14/Dec/2017:07:05:44 +0100] "GET /javascript/jquery-1.9.1.min.js HTTP/1.1" 200 32731 "https://www.easydrivers.at/fuehrerscheine/lkw" "Mozilla/5.0 (BB10; Touch) AppleWebKit/537.35+ (KHTML, like Gecko) Version/10.3.2.2876 Mobile Safari/537.35+"
213.225.13.84 - - [14/Dec/2017:07:05:44 +0100] "GET /css/mobile.css HTTP/1.1" 200 2852 "https://www.easydrivers.at/fuehrerscheine/lkw" "Mozilla/5.0 (BB10; Touch) AppleWebKit/537.35+ (KHTML, like Gecko) Version/10.3.2.2876 Mobile Safari/537.35+"
213.225.13.84 - - [14/Dec/2017:07:05:46 +0100] "GET /img/mobile/bg-menu.jpg HTTP/1.1" 200 1698 "https://www.easydrivers.at/fuehrerscheine/lkw" "Mozilla/5.0 (BB10; Touch) AppleWebKit/537.35+ (KHTML, like Gecko) Version/10.3.2.2876 Mobile Safari/537.35+"
213.225.13.84 - - [14/Dec/2017:07:05:46 +0100] "GET /img/mobile/close-button.png HTTP/1.1" 200 2411 "https://www.easydrivers.at/fuehrerscheine/lkw" "Mozilla/5.0 (BB10; Touch) AppleWebKit/537.35+ (KHTML, like Gecko) Version/10.3.2.2876 Mobile Safari/537.35+"
213.225.13.84 - - [14/Dec/2017:07:05:46 +0100] "GET /img/mobile/menu-button.png HTTP/1.1" 200 1746 "https://www.easydrivers.at/fuehrerscheine/lkw" "Mozilla/5.0 (BB10; Touch) AppleWebKit/537.35+ (KHTML, like Gecko) Version/10.3.2.2876 Mobile Safari/537.35+"
213.225.13.84 - - [14/Dec/2017:07:05:46 +0100] "GET /img/mobile/easydrivers-logo-mobile.png HTTP/1.1" 200 10766 "https://www.easydrivers.at/fuehrerscheine/lkw" "Mozilla/5.0 (BB10; Touch) AppleWebKit/537.35+ (KHTML, like Gecko) Version/10.3.2.2876 Mobile Safari/537.35+"
213.225.13.84 - - [14/Dec/2017:07:05:46 +0100] "GET /img/mobile/bg-header.jpg HTTP/1.1" 200 19741 "https://www.easydrivers.at/fuehrerscheine/lkw" "Mozilla/5.0 (BB10; Touch) AppleWebKit/537.35+ (KHTML, like Gecko) Version/10.3.2.2876 Mobile Safari/537.35+"
213.225.13.84 - - [14/Dec/2017:07:05:46 +0100] "GET /img/mobile/weiter-button.png HTTP/1.1" 200 1670 "https://www.easydrivers.at/fuehrerscheine/lkw" "Mozilla/5.0 (BB10; Touch) AppleWebKit/537.35+ (KHTML, like Gecko) Version/10.3.2.2876 Mobile Safari/537.35+"
213.225.13.84 - - [14/Dec/2017:07:05:47 +0100] "GET /img/mobile/bg-yellow.jpg HTTP/1.1" 200 1569 "https://www.easydrivers.at/fuehrerscheine/lkw" "Mozilla/5.0 (BB10; Touch) AppleWebKit/537.35+ (KHTML, like Gecko) Version/10.3.2.2876 Mobile Safari/537.35+"
213.225.13.84 - - [14/Dec/2017:07:05:47 +0100] "GET /img/mobile/facebook-icon.png HTTP/1.1" 200 1902 "https://www.easydrivers.at/fuehrerscheine/lkw" "Mozilla/5.0 (BB10; Touch) AppleWebKit/537.35+ (KHTML, like Gecko) Version/10.3.2.2876 Mobile Safari/537.35+"
213.225.13.84 - - [14/Dec/2017:07:05:47 +0100] "GET /img/favicon.ico HTTP/1.1" 301 303 "-" "Mozilla/5.0 (BB10; Touch) AppleWebKit/537.35+ (KHTML, like Gecko) Version/10.3.2.2876 Mobile Safari/537.35+"
213.225.13.84 - - [14/Dec/2017:07:05:48 +0100] "GET /img/favicon.ico HTTP/1.1" 404 301 "-" "Mozilla/5.0 (BB10; Touch) AppleWebKit/537.35+ (KHTML, like Gecko) Version/10.3.2.2876 Mobile Safari/537.35+"
93.82.60.183 - - [14/Dec/2017:07:06:00 +0100] "GET /enns/Abendkurs-22Dez2016?FS=B HTTP/1.1" 404 3065 "http://m.facebook.com" "Mozilla/5.0 (iPhone; CPU iPhone OS 11_2 like Mac OS X) AppleWebKit/604.4.7 (KHTML, like Gecko) Mobile/15C114 [FBAN/FBIOS;FBAV/152.0.0.45.135;FBBV/83301214;FBDV/iPhone7,1;FBMD/iPhone;FBSN/iOS;FBSV/11.2;FBSS/3;FBCR/tele.ring;FBID/phone;FBLC/de_DE;FBOP/5;FBRV/84311412]"
157.55.39.111 - - [14/Dec/2017:07:06:06 +0100] "GET /gmuend/10285081?FS=AM-M HTTP/1.1" 301 311 "-" "Mozilla/5.0 (compatible; bingbot/2.0; +http://www.bing.com/bingbot.htm)"
84.115.206.104 - - [14/Dec/2017:07:06:10 +0100] "GET /voesendorf/10281936?FS=B&gclid=EAIaIQobChMInfmG8OqI2AIVoRbTCh2eoAUgEAAYASAAEgJNFvD_BwE HTTP/1.1" 200 3321 "-" "Mozilla/5.0 (iPhone; CPU iPhone OS 11_1_2 like Mac OS X) AppleWebKit/604.1.34 (KHTML, like Gecko) GSA/40.1.177082287 Mobile/15B202 Safari/604.1"
84.115.206.104 - - [14/Dec/2017:07:06:13 +0100] "GET /css/mobile.css HTTP/1.1" 200 2852 "https://www.easydrivers.at/voesendorf/10281936?FS=B&gclid=EAIaIQobChMInfmG8OqI2AIVoRbTCh2eoAUgEAAYASAAEgJNFvD_BwE" "Mozilla/5.0 (iPhone; CPU iPhone OS 11_1_2 like Mac OS X) AppleWebKit/604.1.34 (KHTML, like Gecko) GSA/40.1.177082287 Mobile/15B202 Safari/604.1"
193.80.76.35 - - [14/Dec/2017:07:06:11 +0100] "GET /hollabrunn/Grundkurs_Weihnachten_2017?FS=B HTTP/1.1" 200 3287 "http://m.facebook.com" "Mozilla/5.0 (iPhone; CPU iPhone OS 11_1_2 like Mac OS X) AppleWebKit/604.3.5 (KHTML, like Gecko) Mobile/15B202 [FBAN/FBIOS;FBAV/152.0.0.45.135;FBBV/83301214;FBDV/iPhone10,4;FBMD/iPhone;FBSN/iOS;FBSV/11.1.2;FBSS/2;FBCR/3Austria;FBID/phone;FBLC/de_DE;FBOP/5;FBRV/84311412]"
84.115.206.104 - - [14/Dec/2017:07:06:14 +0100] "GET /javascript/mobile-menu.js HTTP/1.1" 200 1634 "https://www.easydrivers.at/voesendorf/10281936?FS=B&gclid=EAIaIQobChMInfmG8OqI2AIVoRbTCh2eoAUgEAAYASAAEgJNFvD_BwE" "Mozilla/5.0 (iPhone; CPU iPhone OS 11_1_2 like Mac OS X) AppleWebKit/604.1.34 (KHTML, like Gecko) GSA/40.1.177082287 Mobile/15B202 Safari/604.1"
84.115.206.104 - - [14/Dec/2017:07:06:14 +0100] "GET /javascript/jquery.cookie.js HTTP/1.1" 200 863 "https://www.easydrivers.at/voesendorf/10281936?FS=B&gclid=EAIaIQobChMInfmG8OqI2AIVoRbTCh2eoAUgEAAYASAAEgJNFvD_BwE" "Mozilla/5.0 (iPhone; CPU iPhone OS 11_1_2 like Mac OS X) AppleWebKit/604.1.34 (KHTML, like Gecko) GSA/40.1.177082287 Mobile/15B202 Safari/604.1"
84.115.206.104 - - [14/Dec/2017:07:06:14 +0100] "GET /javascript/jquery-1.9.1.min.js HTTP/1.1" 200 32731 "https://www.easydrivers.at/voesendorf/10281936?FS=B&gclid=EAIaIQobChMInfmG8OqI2AIVoRbTCh2eoAUgEAAYASAAEgJNFvD_BwE" "Mozilla/5.0 (iPhone; CPU iPhone OS 11_1_2 like Mac OS X) AppleWebKit/604.1.34 (KHTML, like Gecko) GSA/40.1.177082287 Mobile/15B202 Safari/604.1"
84.115.206.104 - - [14/Dec/2017:07:06:14 +0100] "GET /javascript/jquery.simplemodal.js HTTP/1.1" 200 3070 "https://www.easydrivers.at/voesendorf/10281936?FS=B&gclid=EAIaIQobChMInfmG8OqI2AIVoRbTCh2eoAUgEAAYASAAEgJNFvD_BwE" "Mozilla/5.0 (iPhone; CPU iPhone OS 11_1_2 like Mac OS X) AppleWebKit/604.1.34 (KHTML, like Gecko) GSA/40.1.177082287 Mobile/15B202 Safari/604.1"
84.115.206.104 - - [14/Dec/2017:07:06:14 +0100] "GET /javascript/lazyload.js HTTP/1.1" 200 1170 "https://www.easydrivers.at/voesendorf/10281936?FS=B&gclid=EAIaIQobChMInfmG8OqI2AIVoRbTCh2eoAUgEAAYASAAEgJNFvD_BwE" "Mozilla/5.0 (iPhone; CPU iPhone OS 11_1_2 like Mac OS X) AppleWebKit/604.1.34 (KHTML, like Gecko) GSA/40.1.177082287 Mobile/15B202 Safari/604.1"
84.115.206.104 - - [14/Dec/2017:07:06:14 +0100] "GET /javascript/mobile-fahrschule.js HTTP/1.1" 200 328 "https://www.easydrivers.at/voesendorf/10281936?FS=B&gclid=EAIaIQobChMInfmG8OqI2AIVoRbTCh2eoAUgEAAYASAAEgJNFvD_BwE" "Mozilla/5.0 (iPhone; CPU iPhone OS 11_1_2 like Mac OS X) AppleWebKit/604.1.34 (KHTML, like Gecko) GSA/40.1.177082287 Mobile/15B202 Safari/604.1"
84.115.206.104 - - [14/Dec/2017:07:06:14 +0100] "GET /img/mobile/easydrivers-logo-mobile.png HTTP/1.1" 200 10766 "https://www.easydrivers.at/voesendorf/10281936?FS=B&gclid=EAIaIQobChMInfmG8OqI2AIVoRbTCh2eoAUgEAAYASAAEgJNFvD_BwE" "Mozilla/5.0 (iPhone; CPU iPhone OS 11_1_2 like Mac OS X) AppleWebKit/604.1.34 (KHTML, like Gecko) GSA/40.1.177082287 Mobile/15B202 Safari/604.1"
84.115.206.104 - - [14/Dec/2017:07:06:14 +0100] "GET /img/mobile/menu-button.png HTTP/1.1" 200 1746 "https://www.easydrivers.at/voesendorf/10281936?FS=B&gclid=EAIaIQobChMInfmG8OqI2AIVoRbTCh2eoAUgEAAYASAAEgJNFvD_BwE" "Mozilla/5.0 (iPhone; CPU iPhone OS 11_1_2 like Mac OS X) AppleWebKit/604.1.34 (KHTML, like Gecko) GSA/40.1.177082287 Mobile/15B202 Safari/604.1"
84.115.206.104 - - [14/Dec/2017:07:06:14 +0100] "GET /img/mobile/close-button.png HTTP/1.1" 200 2411 "https://www.easydrivers.at/voesendorf/10281936?FS=B&gclid=EAIaIQobChMInfmG8OqI2AIVoRbTCh2eoAUgEAAYASAAEgJNFvD_BwE" "Mozilla/5.0 (iPhone; CPU iPhone OS 11_1_2 like Mac OS X) AppleWebKit/604.1.34 (KHTML, like Gecko) GSA/40.1.177082287 Mobile/15B202 Safari/604.1"
84.115.206.104 - - [14/Dec/2017:07:06:14 +0100] "GET /img/mobile/facebook-icon.png HTTP/1.1" 200 1902 "https://www.easydrivers.at/voesendorf/10281936?FS=B&gclid=EAIaIQobChMInfmG8OqI2AIVoRbTCh2eoAUgEAAYASAAEgJNFvD_BwE" "Mozilla/5.0 (iPhone; CPU iPhone OS 11_1_2 like Mac OS X) AppleWebKit/604.1.34 (KHTML, like Gecko) GSA/40.1.177082287 Mobile/15B202 Safari/604.1"
84.115.206.104 - - [14/Dec/2017:07:06:14 +0100] "GET /img/mobile/info-button.png HTTP/1.1" 200 1549 "https://www.easydrivers.at/voesendorf/10281936?FS=B&gclid=EAIaIQobChMInfmG8OqI2AIVoRbTCh2eoAUgEAAYASAAEgJNFvD_BwE" "Mozilla/5.0 (iPhone; CPU iPhone OS 11_1_2 like Mac OS X) AppleWebKit/604.1.34 (KHTML, like Gecko) GSA/40.1.177082287 Mobile/15B202 Safari/604.1"
84.115.206.104 - - [14/Dec/2017:07:06:14 +0100] "GET /img/mobile/info-close-button.png HTTP/1.1" 200 1721 "https://www.easydrivers.at/voesendorf/10281936?FS=B&gclid=EAIaIQobChMInfmG8OqI2AIVoRbTCh2eoAUgEAAYASAAEgJNFvD_BwE" "Mozilla/5.0 (iPhone; CPU iPhone OS 11_1_2 like Mac OS X) AppleWebKit/604.1.34 (KHTML, like Gecko) GSA/40.1.177082287 Mobile/15B202 Safari/604.1"
84.115.206.104 - - [14/Dec/2017:07:06:14 +0100] "GET /img/smallicon-person.png HTTP/1.1" 200 1141 "https://www.easydrivers.at/voesendorf/10281936?FS=B&gclid=EAIaIQobChMInfmG8OqI2AIVoRbTCh2eoAUgEAAYASAAEgJNFvD_BwE" "Mozilla/5.0 (iPhone; CPU iPhone OS 11_1_2 like Mac OS X) AppleWebKit/604.1.34 (KHTML, like Gecko) GSA/40.1.177082287 Mobile/15B202 Safari/604.1"
84.115.206.104 - - [14/Dec/2017:07:06:14 +0100] "GET /img/smallicon-address.png HTTP/1.1" 200 1211 "https://www.easydrivers.at/voesendorf/10281936?FS=B&gclid=EAIaIQobChMInfmG8OqI2AIVoRbTCh2eoAUgEAAYASAAEgJNFvD_BwE" "Mozilla/5.0 (iPhone; CPU iPhone OS 11_1_2 like Mac OS X) AppleWebKit/604.1.34 (KHTML, like Gecko) GSA/40.1.177082287 Mobile/15B202 Safari/604.1"
84.115.206.104 - - [14/Dec/2017:07:06:14 +0100] "GET /img/mobile/googlemaps-pin.png HTTP/1.1" 200 1597 "https://www.easydrivers.at/voesendorf/10281936?FS=B&gclid=EAIaIQobChMInfmG8OqI2AIVoRbTCh2eoAUgEAAYASAAEgJNFvD_BwE" "Mozilla/5.0 (iPhone; CPU iPhone OS 11_1_2 like Mac OS X) AppleWebKit/604.1.34 (KHTML, like Gecko) GSA/40.1.177082287 Mobile/15B202 Safari/604.1"
84.115.206.104 - - [14/Dec/2017:07:06:14 +0100] "GET /img/smallicon-time.png HTTP/1.1" 200 1262 "https://www.easydrivers.at/voesendorf/10281936?FS=B&gclid=EAIaIQobChMInfmG8OqI2AIVoRbTCh2eoAUgEAAYASAAEgJNFvD_BwE" "Mozilla/5.0 (iPhone; CPU iPhone OS 11_1_2 like Mac OS X) AppleWebKit/604.1.34 (KHTML, like Gecko) GSA/40.1.177082287 Mobile/15B202 Safari/604.1"
84.115.206.104 - - [14/Dec/2017:07:06:15 +0100] "GET /img/smallicon-mail.png HTTP/1.1" 200 1341 "https://www.easydrivers.at/voesendorf/10281936?FS=B&gclid=EAIaIQobChMInfmG8OqI2AIVoRbTCh2eoAUgEAAYASAAEgJNFvD_BwE" "Mozilla/5.0 (iPhone; CPU iPhone OS 11_1_2 like Mac OS X) AppleWebKit/604.1.34 (KHTML, like Gecko) GSA/40.1.177082287 Mobile/15B202 Safari/604.1"
84.115.206.104 - - [14/Dec/2017:07:06:15 +0100] "GET /img/smallicon-phone.png HTTP/1.1" 200 3056 "https://www.easydrivers.at/voesendorf/10281936?FS=B&gclid=EAIaIQobChMInfmG8OqI2AIVoRbTCh2eoAUgEAAYASAAEgJNFvD_BwE" "Mozilla/5.0 (iPhone; CPU iPhone OS 11_1_2 like Mac OS X) AppleWebKit/604.1.34 (KHTML, like Gecko) GSA/40.1.177082287 Mobile/15B202 Safari/604.1"
84.115.206.104 - - [14/Dec/2017:07:06:15 +0100] "GET /img/mobile/kursicon-share.png HTTP/1.1" 200 2065 "https://www.easydrivers.at/voesendorf/10281936?FS=B&gclid=EAIaIQobChMInfmG8OqI2AIVoRbTCh2eoAUgEAAYASAAEgJNFvD_BwE" "Mozilla/5.0 (iPhone; CPU iPhone OS 11_1_2 like Mac OS X) AppleWebKit/604.1.34 (KHTML, like Gecko) GSA/40.1.177082287 Mobile/15B202 Safari/604.1"
84.115.206.104 - - [14/Dec/2017:07:06:15 +0100] "GET /img/mobile/kursicon-phone.png HTTP/1.1" 200 1932 "https://www.easydrivers.at/voesendorf/10281936?FS=B&gclid=EAIaIQobChMInfmG8OqI2AIVoRbTCh2eoAUgEAAYASAAEgJNFvD_BwE" "Mozilla/5.0 (iPhone; CPU iPhone OS 11_1_2 like Mac OS X) AppleWebKit/604.1.34 (KHTML, like Gecko) GSA/40.1.177082287 Mobile/15B202 Safari/604.1"
84.115.206.104 - - [14/Dec/2017:07:06:15 +0100] "GET /img/mobile/smallicon-phone.png HTTP/1.1" 200 1311 "https://www.easydrivers.at/voesendorf/10281936?FS=B&gclid=EAIaIQobChMInfmG8OqI2AIVoRbTCh2eoAUgEAAYASAAEgJNFvD_BwE" "Mozilla/5.0 (iPhone; CPU iPhone OS 11_1_2 like Mac OS X) AppleWebKit/604.1.34 (KHTML, like Gecko) GSA/40.1.177082287 Mobile/15B202 Safari/604.1"
84.115.206.104 - - [14/Dec/2017:07:06:15 +0100] "GET /img/mobile/smallicon-mail.png HTTP/1.1" 200 1335 "https://www.easydrivers.at/voesendorf/10281936?FS=B&gclid=EAIaIQobChMInfmG8OqI2AIVoRbTCh2eoAUgEAAYASAAEgJNFvD_BwE" "Mozilla/5.0 (iPhone; CPU iPhone OS 11_1_2 like Mac OS X) AppleWebKit/604.1.34 (KHTML, like Gecko) GSA/40.1.177082287 Mobile/15B202 Safari/604.1"
84.115.206.104 - - [14/Dec/2017:07:06:15 +0100] "GET /img/mobile/bg-header.jpg HTTP/1.1" 200 19741 "https://www.easydrivers.at/voesendorf/10281936?FS=B&gclid=EAIaIQobChMInfmG8OqI2AIVoRbTCh2eoAUgEAAYASAAEgJNFvD_BwE" "Mozilla/5.0 (iPhone; CPU iPhone OS 11_1_2 like Mac OS X) AppleWebKit/604.1.34 (KHTML, like Gecko) GSA/40.1.177082287 Mobile/15B202 Safari/604.1"
84.115.206.104 - - [14/Dec/2017:07:06:15 +0100] "GET /img/mobile/bg-menu.jpg HTTP/1.1" 200 1698 "https://www.easydrivers.at/voesendorf/10281936?FS=B&gclid=EAIaIQobChMInfmG8OqI2AIVoRbTCh2eoAUgEAAYASAAEgJNFvD_BwE" "Mozilla/5.0 (iPhone; CPU iPhone OS 11_1_2 like Mac OS X) AppleWebKit/604.1.34 (KHTML, like Gecko) GSA/40.1.177082287 Mobile/15B202 Safari/604.1"
84.115.206.104 - - [14/Dec/2017:07:06:15 +0100] "GET /img/mobile/bg-top-section.jpg HTTP/1.1" 200 21711 "https://www.easydrivers.at/voesendorf/10281936?FS=B&gclid=EAIaIQobChMInfmG8OqI2AIVoRbTCh2eoAUgEAAYASAAEgJNFvD_BwE" "Mozilla/5.0 (iPhone; CPU iPhone OS 11_1_2 like Mac OS X) AppleWebKit/604.1.34 (KHTML, like Gecko) GSA/40.1.177082287 Mobile/15B202 Safari/604.1"
84.115.206.104 - - [14/Dec/2017:07:06:15 +0100] "GET /img/mobile/pfeil-links-small.png HTTP/1.1" 200 1065 "https://www.easydrivers.at/voesendorf/10281936?FS=B&gclid=EAIaIQobChMInfmG8OqI2AIVoRbTCh2eoAUgEAAYASAAEgJNFvD_BwE" "Mozilla/5.0 (iPhone; CPU iPhone OS 11_1_2 like Mac OS X) AppleWebKit/604.1.34 (KHTML, like Gecko) GSA/40.1.177082287 Mobile/15B202 Safari/604.1"
84.115.206.104 - - [14/Dec/2017:07:06:15 +0100] "GET /img/mobile/bg-yellow.jpg HTTP/1.1" 200 1569 "https://www.easydrivers.at/voesendorf/10281936?FS=B&gclid=EAIaIQobChMInfmG8OqI2AIVoRbTCh2eoAUgEAAYASAAEgJNFvD_BwE" "Mozilla/5.0 (iPhone; CPU iPhone OS 11_1_2 like Mac OS X) AppleWebKit/604.1.34 (KHTML, like Gecko) GSA/40.1.177082287 Mobile/15B202 Safari/604.1"
84.115.206.104 - - [14/Dec/2017:07:06:15 +0100] "GET /img/mobile/pfeil-rechts-small.png HTTP/1.1" 200 1056 "https://www.easydrivers.at/voesendorf/10281936?FS=B&gclid=EAIaIQobChMInfmG8OqI2AIVoRbTCh2eoAUgEAAYASAAEgJNFvD_BwE" "Mozilla/5.0 (iPhone; CPU iPhone OS 11_1_2 like Mac OS X) AppleWebKit/604.1.34 (KHTML, like Gecko) GSA/40.1.177082287 Mobile/15B202 Safari/604.1"
193.80.76.35 - - [14/Dec/2017:07:06:14 +0100] "GET /hollabrunn/img/mobile/easydrivers-logo-mobile.png HTTP/1.1" 404 3057 "-" "Mozilla/5.0 (iPhone; CPU iPhone OS 11_1_2 like Mac OS X) AppleWebKit/604.3.5 (KHTML, like Gecko) Mobile/15B202 [FBAN/FBIOS;FBAV/152.0.0.45.135;FBBV/83301214;FBDV/iPhone10,4;FBMD/iPhone;FBSN/iOS;FBSV/11.1.2;FBSS/2;FBCR/3Austria;FBID/phone;FBLC/de_DE;FBOP/5;FBRV/84311412]"
216.244.66.243 - - [14/Dec/2017:07:06:24 +0100] "GET /binaries/easy-drivers-pankl-kapfenberg/fahrtenprotokollkapfenbergpdf-1.pdf HTTP/1.1" 301 461 "-" "Mozilla/5.0 (compatible; DotBot/1.1; http://www.opensiteexplorer.org/dotbot, help@moz.com)"
90.146.130.204 - - [14/Dec/2017:07:06:26 +0100] "GET /enns/Abendkurs-22Dez2016?FS=B HTTP/1.1" 404 3065 "http://m.facebook.com" "Mozilla/5.0 (iPhone; CPU iPhone OS 9_3_5 like Mac OS X) AppleWebKit/601.1.46 (KHTML, like Gecko) Mobile/13G36 [FBAN/FBIOS;FBAV/152.0.0.45.135;FBBV/83301214;FBDV/iPhone8,1;FBMD/iPhone;FBSN/iPhone OS;FBSV/9.3.5;FBSS/2;FBCR/3Austria;FBID/phone;FBLC/de_DE;FBOP/5;FBRV/83301214]"
216.244.66.243 - - [14/Dec/2017:07:06:36 +0100] "GET /leoben.pankl/10263568 HTTP/1.1" 301 408 "-" "Mozilla/5.0 (compatible; DotBot/1.1; http://www.opensiteexplorer.org/dotbot, help@moz.com)"
216.244.66.243 - - [14/Dec/2017:07:06:40 +0100] "GET /leoben.pankl/fotos HTTP/1.1" 301 405 "-" "Mozilla/5.0 (compatible; DotBot/1.1; http://www.opensiteexplorer.org/dotbot, help@moz.com)"
40.77.167.175 - - [14/Dec/2017:07:06:41 +0100] "GET /leonding/motorrad_august_kurs2?FS=A2B HTTP/1.1" 410 3422 "-" "Mozilla/5.0 (compatible; bingbot/2.0; +http://www.bing.com/bingbot.htm)"
213.225.36.9 - - [14/Dec/2017:07:06:43 +0100] "GET /tulln?gclid=CjwKCAiAvMPRBRBIEiwABuO6qcaj85ugEqpNOMuew7bGjXgQbQjWhQbVVRr5BP29QSDno26MWUHweRoC1c8QAvD_BwE HTTP/1.1" 200 2879 "-" "Mozilla/5.0 (Linux; Android 7.0; SAMSUNG SM-G930F/G930FXXU1DQH5 Build/NRD90M) AppleWebKit/537.36 (KHTML, like Gecko) SamsungBrowser/6.2 Chrome/56.0.2924.87 Mobile Safari/537.36"
193.80.76.35 - - [14/Dec/2017:07:06:44 +0100] "GET /hollabrunn/img/mobile/menu-button.png HTTP/1.1" 404 3063 "-" "Mozilla/5.0 (iPhone; CPU iPhone OS 11_1_2 like Mac OS X) AppleWebKit/604.3.5 (KHTML, like Gecko) Mobile/15B202 [FBAN/FBIOS;FBAV/152.0.0.45.135;FBBV/83301214;FBDV/iPhone10,4;FBMD/iPhone;FBSN/iOS;FBSV/11.1.2;FBSS/2;FBCR/3Austria;FBID/phone;FBLC/de_DE;FBOP/5;FBRV/84311412]"
213.225.36.9 - - [14/Dec/2017:07:06:46 +0100] "GET /img/favicon.ico HTTP/1.1" 404 301 "-" "Mozilla/5.0 (Linux; Android 7.0; SAMSUNG SM-G930F/G930FXXU1DQH5 Build/NRD90M) AppleWebKit/537.36 (KHTML, like Gecko) SamsungBrowser/6.2 Chrome/56.0.2924.87 Mobile Safari/537.36"
193.80.76.35 - - [14/Dec/2017:07:07:14 +0100] "GET /hollabrunn/img/mobile/close-button.png HTTP/1.1" 404 3065 "-" "Mozilla/5.0 (iPhone; CPU iPhone OS 11_1_2 like Mac OS X) AppleWebKit/604.3.5 (KHTML, like Gecko) Mobile/15B202 [FBAN/FBIOS;FBAV/152.0.0.45.135;FBBV/83301214;FBDV/iPhone10,4;FBMD/iPhone;FBSN/iOS;FBSV/11.1.2;FBSS/2;FBCR/3Austria;FBID/phone;FBLC/de_DE;FBOP/5;FBRV/84311412]"
193.80.76.35 - - [14/Dec/2017:07:07:44 +0100] "GET /hollabrunn/img/mobile/facebook-icon.png HTTP/1.1" 404 3063 "-" "Mozilla/5.0 (iPhone; CPU iPhone OS 11_1_2 like Mac OS X) AppleWebKit/604.3.5 (KHTML, like Gecko) Mobile/15B202 [FBAN/FBIOS;FBAV/152.0.0.45.135;FBBV/83301214;FBDV/iPhone10,4;FBMD/iPhone;FBSN/iOS;FBSV/11.1.2;FBSS/2;FBCR/3Austria;FBID/phone;FBLC/de_DE;FBOP/5;FBRV/84311412]"
194.166.91.44 - - [14/Dec/2017:07:07:48 +0100] "GET /krems HTTP/1.1" 200 3581 "https://www.google.at/" "Mozilla/5.0 (Windows NT 6.2; Win64; x64; rv:57.0) Gecko/20100101 Firefox/57.0"
194.166.91.44 - - [14/Dec/2017:07:07:50 +0100] "GET /css/style.css HTTP/1.1" 200 5004 "https://www.easydrivers.at/krems" "Mozilla/5.0 (Windows NT 6.2; Win64; x64; rv:57.0) Gecko/20100101 Firefox/57.0"
194.166.91.44 - - [14/Dec/2017:07:07:50 +0100] "GET /css/print.css HTTP/1.1" 200 967 "https://www.easydrivers.at/krems" "Mozilla/5.0 (Windows NT 6.2; Win64; x64; rv:57.0) Gecko/20100101 Firefox/57.0"
194.166.91.44 - - [14/Dec/2017:07:07:50 +0100] "GET /javascript/jquery.customSelect.min.js HTTP/1.1" 200 912 "https://www.easydrivers.at/krems" "Mozilla/5.0 (Windows NT 6.2; Win64; x64; rv:57.0) Gecko/20100101 Firefox/57.0"
194.166.91.44 - - [14/Dec/2017:07:07:50 +0100] "GET /javascript/jquery.simplemodal.js HTTP/1.1" 200 3070 "https://www.easydrivers.at/krems" "Mozilla/5.0 (Windows NT 6.2; Win64; x64; rv:57.0) Gecko/20100101 Firefox/57.0"
194.166.91.44 - - [14/Dec/2017:07:07:50 +0100] "GET /javascript/jquery.cookie.js HTTP/1.1" 200 863 "https://www.easydrivers.at/krems" "Mozilla/5.0 (Windows NT 6.2; Win64; x64; rv:57.0) Gecko/20100101 Firefox/57.0"
194.166.91.44 - - [14/Dec/2017:07:07:50 +0100] "GET /javascript/portal.js?1221842734 HTTP/1.1" 200 3529 "https://www.easydrivers.at/krems" "Mozilla/5.0 (Windows NT 6.2; Win64; x64; rv:57.0) Gecko/20100101 Firefox/57.0"
194.166.91.44 - - [14/Dec/2017:07:07:50 +0100] "GET /javascript/lazyload.js HTTP/1.1" 200 1170 "https://www.easydrivers.at/krems" "Mozilla/5.0 (Windows NT 6.2; Win64; x64; rv:57.0) Gecko/20100101 Firefox/57.0"
194.166.91.44 - - [14/Dec/2017:07:07:50 +0100] "GET /javascript/fahrschule.js HTTP/1.1" 200 462 "https://www.easydrivers.at/krems" "Mozilla/5.0 (Windows NT 6.2; Win64; x64; rv:57.0) Gecko/20100101 Firefox/57.0"
194.166.91.44 - - [14/Dec/2017:07:07:50 +0100] "GET /img/close-button.png HTTP/1.1" 200 2237 "https://www.easydrivers.at/krems" "Mozilla/5.0 (Windows NT 6.2; Win64; x64; rv:57.0) Gecko/20100101 Firefox/57.0"
194.166.91.44 - - [14/Dec/2017:07:07:50 +0100] "GET /img/facebook-icon.png HTTP/1.1" 200 1506 "https://www.easydrivers.at/krems" "Mozilla/5.0 (Windows NT 6.2; Win64; x64; rv:57.0) Gecko/20100101 Firefox/57.0"
194.166.91.44 - - [14/Dec/2017:07:07:50 +0100] "GET /img/info-button.png HTTP/1.1" 200 738 "https://www.easydrivers.at/krems" "Mozilla/5.0 (Windows NT 6.2; Win64; x64; rv:57.0) Gecko/20100101 Firefox/57.0"
194.166.91.44 - - [14/Dec/2017:07:07:50 +0100] "GET /img/locator-icon.png HTTP/1.1" 200 1377 "https://www.easydrivers.at/krems" "Mozilla/5.0 (Windows NT 6.2; Win64; x64; rv:57.0) Gecko/20100101 Firefox/57.0"
194.166.91.44 - - [14/Dec/2017:07:07:50 +0100] "GET /binaries/easy-drivers-portal/widget-icon-trainingpng.png HTTP/1.1" 200 2662 "https://www.easydrivers.at/krems" "Mozilla/5.0 (Windows NT 6.2; Win64; x64; rv:57.0) Gecko/20100101 Firefox/57.0"
194.166.91.44 - - [14/Dec/2017:07:07:50 +0100] "GET /img/close-button-small.png HTTP/1.1" 200 1671 "https://www.easydrivers.at/krems" "Mozilla/5.0 (Windows NT 6.2; Win64; x64; rv:57.0) Gecko/20100101 Firefox/57.0"
194.166.91.44 - - [14/Dec/2017:07:07:50 +0100] "GET /img/empty.gif HTTP/1.1" 200 43 "https://www.easydrivers.at/krems" "Mozilla/5.0 (Windows NT 6.2; Win64; x64; rv:57.0) Gecko/20100101 Firefox/57.0"
194.166.91.44 - - [14/Dec/2017:07:07:50 +0100] "GET /binaries/easy-drivers-portal/widget-icon-apppng.png HTTP/1.1" 200 2432 "https://www.easydrivers.at/krems" "Mozilla/5.0 (Windows NT 6.2; Win64; x64; rv:57.0) Gecko/20100101 Firefox/57.0"
194.166.91.44 - - [14/Dec/2017:07:07:50 +0100] "GET /img/schweiz-icon.png HTTP/1.1" 200 1504 "https://www.easydrivers.at/krems" "Mozilla/5.0 (Windows NT 6.2; Win64; x64; rv:57.0) Gecko/20100101 Firefox/57.0"
194.166.91.44 - - [14/Dec/2017:07:07:50 +0100] "GET /img/submit-button.png HTTP/1.1" 200 1958 "https://www.easydrivers.at/krems" "Mozilla/5.0 (Windows NT 6.2; Win64; x64; rv:57.0) Gecko/20100101 Firefox/57.0"
194.166.91.44 - - [14/Dec/2017:07:07:50 +0100] "GET /img/purple-dots-horizontal.png HTTP/1.1" 200 977 "https://www.easydrivers.at/css/style.css" "Mozilla/5.0 (Windows NT 6.2; Win64; x64; rv:57.0) Gecko/20100101 Firefox/57.0"
194.166.91.44 - - [14/Dec/2017:07:07:50 +0100] "GET /img/ED_Logo.png HTTP/1.1" 200 3385 "https://www.easydrivers.at/css/style.css" "Mozilla/5.0 (Windows NT 6.2; Win64; x64; rv:57.0) Gecko/20100101 Firefox/57.0"
194.166.91.44 - - [14/Dec/2017:07:07:50 +0100] "GET /img/bg-header.jpg HTTP/1.1" 200 38680 "https://www.easydrivers.at/css/style.css" "Mozilla/5.0 (Windows NT 6.2; Win64; x64; rv:57.0) Gecko/20100101 Firefox/57.0"
194.166.91.44 - - [14/Dec/2017:07:07:50 +0100] "GET /img/yellow-dots-vertical.png HTTP/1.1" 200 981 "https://www.easydrivers.at/css/style.css" "Mozilla/5.0 (Windows NT 6.2; Win64; x64; rv:57.0) Gecko/20100101 Firefox/57.0"
194.166.91.44 - - [14/Dec/2017:07:07:50 +0100] "GET /img/bg-footer.jpg HTTP/1.1" 200 31770 "https://www.easydrivers.at/css/style.css" "Mozilla/5.0 (Windows NT 6.2; Win64; x64; rv:57.0) Gecko/20100101 Firefox/57.0"
194.166.91.44 - - [14/Dec/2017:07:07:50 +0100] "GET /img/kursicon-print-pink.png HTTP/1.1" 200 1125 "https://www.easydrivers.at/krems" "Mozilla/5.0 (Windows NT 6.2; Win64; x64; rv:57.0) Gecko/20100101 Firefox/57.0"
194.166.91.44 - - [14/Dec/2017:07:07:50 +0100] "GET /img/bg-top-section.jpg HTTP/1.1" 200 82172 "https://www.easydrivers.at/css/style.css" "Mozilla/5.0 (Windows NT 6.2; Win64; x64; rv:57.0) Gecko/20100101 Firefox/57.0"
194.166.91.44 - - [14/Dec/2017:07:07:50 +0100] "GET /img/kursicon-download-pink.png HTTP/1.1" 200 1213 "https://www.easydrivers.at/krems" "Mozilla/5.0 (Windows NT 6.2; Win64; x64; rv:57.0) Gecko/20100101 Firefox/57.0"
194.166.91.44 - - [14/Dec/2017:07:07:50 +0100] "GET /img/kursicon-share-pink.png HTTP/1.1" 200 1277 "https://www.easydrivers.at/krems" "Mozilla/5.0 (Windows NT 6.2; Win64; x64; rv:57.0) Gecko/20100101 Firefox/57.0"
194.166.91.44 - - [14/Dec/2017:07:07:50 +0100] "GET /img/kursicon-phone-pink.png HTTP/1.1" 200 1286 "https://www.easydrivers.at/krems" "Mozilla/5.0 (Windows NT 6.2; Win64; x64; rv:57.0) Gecko/20100101 Firefox/57.0"
194.166.91.44 - - [14/Dec/2017:07:07:51 +0100] "GET /img/new_favicon.ico HTTP/1.1" 301 306 "-" "Mozilla/5.0 (Windows NT 6.2; Win64; x64; rv:57.0) Gecko/20100101 Firefox/57.0"
194.166.91.44 - - [14/Dec/2017:07:07:51 +0100] "GET /img/new_favicon.ico HTTP/1.1" 200 1150 "-" "Mozilla/5.0 (Windows NT 6.2; Win64; x64; rv:57.0) Gecko/20100101 Firefox/57.0"
194.166.91.44 - - [14/Dec/2017:07:07:56 +0100] "GET /krems/Vorteile HTTP/1.1" 200 4182 "https://www.easydrivers.at/krems" "Mozilla/5.0 (Windows NT 6.2; Win64; x64; rv:57.0) Gecko/20100101 Firefox/57.0"
194.166.91.44 - - [14/Dec/2017:07:07:58 +0100] "GET /cache/emu/images/10286393/easyd-2016058jpg_212_141_0.jpg HTTP/1.1" 200 6114 "https://www.easydrivers.at/krems/Vorteile" "Mozilla/5.0 (Windows NT 6.2; Win64; x64; rv:57.0) Gecko/20100101 Firefox/57.0"
194.166.91.44 - - [14/Dec/2017:07:07:58 +0100] "GET /img/top-image-overlay.png HTTP/1.1" 200 20650 "https://www.easydrivers.at/css/style.css" "Mozilla/5.0 (Windows NT 6.2; Win64; x64; rv:57.0) Gecko/20100101 Firefox/57.0"
194.166.91.44 - - [14/Dec/2017:07:07:58 +0100] "GET /binaries/easy-drivers-portal/moped1jpg.jpg HTTP/1.1" 200 60962 "https://www.easydrivers.at/krems/Vorteile" "Mozilla/5.0 (Windows NT 6.2; Win64; x64; rv:57.0) Gecko/20100101 Firefox/57.0"
65.132.59.34 - - [14/Dec/2017:07:08:04 +0100] "GET /robots.txt HTTP/1.1" 200 178 "-" "G-i-g-a-b-o-t"
65.132.59.34 - - [14/Dec/2017:07:08:05 +0100] "GET / HTTP/1.1" 200 15887 "-" "G-i-g-a-b-o-t"
193.80.76.35 - - [14/Dec/2017:07:08:14 +0100] "GET /hollabrunn/img/mobile/info-button.png HTTP/1.1" 404 3066 "-" "Mozilla/5.0 (iPhone; CPU iPhone OS 11_1_2 like Mac OS X) AppleWebKit/604.3.5 (KHTML, like Gecko) Mobile/15B202 [FBAN/FBIOS;FBAV/152.0.0.45.135;FBBV/83301214;FBDV/iPhone10,4;FBMD/iPhone;FBSN/iOS;FBSV/11.1.2;FBSS/2;FBCR/3Austria;FBID/phone;FBLC/de_DE;FBOP/5;FBRV/84311412]"
82.192.22.176 - - [14/Dec/2017:07:08:29 +0100] "GET /ennstal.bad.aussee/img/mobile/info-button.png HTTP/1.1" 404 3069 "-" "Mozilla/5.0 (iPhone; CPU iPhone OS 10_3_3 like Mac OS X) AppleWebKit/603.3.8 (KHTML, like Gecko) Mobile/14G60 [FBAN/FBIOS;FBAV/152.0.0.45.135;FBBV/83301214;FBDV/iPhone5,2;FBMD/iPhone;FBSN/iOS;FBSV/10.3.3;FBSS/2;FBCR/A1;FBID/phone;FBLC/de_DE;FBOP/5;FBRV/84141153]"
54.152.165.65 - - [14/Dec/2017:07:08:38 +0100] "GET /bludenz/kursauswahl HTTP/1.1" 200 3606 "-" "Mozilla/5.0 (compatible; proximic; +http://www.proximic.com/info/spider.php)"
193.80.76.35 - - [14/Dec/2017:07:08:44 +0100] "GET /hollabrunn/img/mobile/info-close-button.png HTTP/1.1" 404 3069 "-" "Mozilla/5.0 (iPhone; CPU iPhone OS 11_1_2 like Mac OS X) AppleWebKit/604.3.5 (KHTML, like Gecko) Mobile/15B202 [FBAN/FBIOS;FBAV/152.0.0.45.135;FBBV/83301214;FBDV/iPhone10,4;FBMD/iPhone;FBSN/iOS;FBSV/11.1.2;FBSS/2;FBCR/3Austria;FBID/phone;FBLC/de_DE;FBOP/5;FBRV/84311412]"
194.166.91.44 - - [14/Dec/2017:07:08:48 +0100] "GET /krems/aktionen HTTP/1.1" 200 3283 "https://www.easydrivers.at/krems/Vorteile" "Mozilla/5.0 (Windows NT 6.2; Win64; x64; rv:57.0) Gecko/20100101 Firefox/57.0"
194.166.91.44 - - [14/Dec/2017:07:08:50 +0100] "GET /binaries/easy-drivers-krems/kremsedwebheader830x3004jpg.jpg HTTP/1.1" 200 50530 "https://www.easydrivers.at/krems/aktionen" "Mozilla/5.0 (Windows NT 6.2; Win64; x64; rv:57.0) Gecko/20100101 Firefox/57.0"
194.166.91.44 - - [14/Dec/2017:07:09:16 +0100] "GET /krems/10286717 HTTP/1.1" 200 3211 "https://www.easydrivers.at/krems/aktionen" "Mozilla/5.0 (Windows NT 6.2; Win64; x64; rv:57.0) Gecko/20100101 Firefox/57.0"
213.162.72.242 - - [14/Dec/2017:07:09:17 +0100] "GET /linz/10286170?FS=B HTTP/1.1" 200 3158 "http://m.facebook.com" "Mozilla/5.0 (iPhone; CPU iPhone OS 11_1_2 like Mac OS X) AppleWebKit/604.3.5 (KHTML, like Gecko) Mobile/15B202 [FBAN/FBIOS;FBAV/152.0.0.45.135;FBBV/83301214;FBDV/iPhone7,1;FBMD/iPhone;FBSN/iOS;FBSV/11.1.2;FBSS/3;FBCR/tele.ring;FBID/phone;FBLC/de_DE;FBOP/5;FBRV/84311412]"
81.217.76.207 - - [14/Dec/2017:07:09:20 +0100] "GET /img/ED_Logo.png HTTP/1.1" 301 305 "-" "Mozilla/5.0 (Windows NT 10.0; Win64; x64; rv:57.0) Gecko/20100101 Firefox/57.0"
81.217.76.207 - - [14/Dec/2017:07:09:20 +0100] "GET /img/ED_Logo.png HTTP/1.1" 200 3385 "-" "Mozilla/5.0 (Windows NT 10.0; Win64; x64; rv:57.0) Gecko/20100101 Firefox/57.0"
185.8.184.216 - - [14/Dec/2017:07:09:21 +0100] "GET /img/ED_Logo.png HTTP/1.1" 301 305 "-" "Mozilla/5.0 (Windows NT 10.0; Win64; x64; rv:57.0) Gecko/20100101 Firefox/57.0"
185.8.184.216 - - [14/Dec/2017:07:09:21 +0100] "GET /img/ED_Logo.png HTTP/1.1" 200 3385 "-" "Mozilla/5.0 (Windows NT 10.0; Win64; x64; rv:57.0) Gecko/20100101 Firefox/57.0"
89.204.139.127 - - [14/Dec/2017:07:09:26 +0100] "GET /fuehrerscheine/lkw HTTP/1.1" 301 304 "https://www.google.de/" "Mozilla/5.0 (iPhone; CPU iPhone OS 11_1_2 like Mac OS X) AppleWebKit/604.1.34 (KHTML, like Gecko) GSA/40.1.177082287 Mobile/15B202 Safari/604.1"
89.204.139.127 - - [14/Dec/2017:07:09:27 +0100] "GET /fuehrerscheine/lkw HTTP/1.1" 200 3734 "https://www.google.de/" "Mozilla/5.0 (iPhone; CPU iPhone OS 11_1_2 like Mac OS X) AppleWebKit/604.1.34 (KHTML, like Gecko) GSA/40.1.177082287 Mobile/15B202 Safari/604.1"
89.204.139.127 - - [14/Dec/2017:07:09:29 +0100] "GET /javascript/jquery.cookie.js HTTP/1.1" 200 863 "https://www.easydrivers.at/fuehrerscheine/lkw" "Mozilla/5.0 (iPhone; CPU iPhone OS 11_1_2 like Mac OS X) AppleWebKit/604.1.34 (KHTML, like Gecko) GSA/40.1.177082287 Mobile/15B202 Safari/604.1"
89.204.139.127 - - [14/Dec/2017:07:09:29 +0100] "GET /css/mobile.css HTTP/1.1" 200 2852 "https://www.easydrivers.at/fuehrerscheine/lkw" "Mozilla/5.0 (iPhone; CPU iPhone OS 11_1_2 like Mac OS X) AppleWebKit/604.1.34 (KHTML, like Gecko) GSA/40.1.177082287 Mobile/15B202 Safari/604.1"
89.204.139.127 - - [14/Dec/2017:07:09:29 +0100] "GET /javascript/jquery-1.9.1.min.js HTTP/1.1" 200 32731 "https://www.easydrivers.at/fuehrerscheine/lkw" "Mozilla/5.0 (iPhone; CPU iPhone OS 11_1_2 like Mac OS X) AppleWebKit/604.1.34 (KHTML, like Gecko) GSA/40.1.177082287 Mobile/15B202 Safari/604.1"
89.204.139.127 - - [14/Dec/2017:07:09:29 +0100] "GET /javascript/mobile-menu.js HTTP/1.1" 200 1634 "https://www.easydrivers.at/fuehrerscheine/lkw" "Mozilla/5.0 (iPhone; CPU iPhone OS 11_1_2 like Mac OS X) AppleWebKit/604.1.34 (KHTML, like Gecko) GSA/40.1.177082287 Mobile/15B202 Safari/604.1"
89.204.139.127 - - [14/Dec/2017:07:09:30 +0100] "GET /javascript/mobile-license.js HTTP/1.1" 200 216 "https://www.easydrivers.at/fuehrerscheine/lkw" "Mozilla/5.0 (iPhone; CPU iPhone OS 11_1_2 like Mac OS X) AppleWebKit/604.1.34 (KHTML, like Gecko) GSA/40.1.177082287 Mobile/15B202 Safari/604.1"
89.204.139.127 - - [14/Dec/2017:07:09:30 +0100] "GET /javascript/lazyload.js HTTP/1.1" 200 1170 "https://www.easydrivers.at/fuehrerscheine/lkw" "Mozilla/5.0 (iPhone; CPU iPhone OS 11_1_2 like Mac OS X) AppleWebKit/604.1.34 (KHTML, like Gecko) GSA/40.1.177082287 Mobile/15B202 Safari/604.1"
89.204.139.127 - - [14/Dec/2017:07:09:30 +0100] "GET /javascript/jquery.simplemodal.js HTTP/1.1" 200 3070 "https://www.easydrivers.at/fuehrerscheine/lkw" "Mozilla/5.0 (iPhone; CPU iPhone OS 11_1_2 like Mac OS X) AppleWebKit/604.1.34 (KHTML, like Gecko) GSA/40.1.177082287 Mobile/15B202 Safari/604.1"
89.204.139.127 - - [14/Dec/2017:07:09:30 +0100] "GET /img/mobile/easydrivers-logo-mobile.png HTTP/1.1" 200 10766 "https://www.easydrivers.at/fuehrerscheine/lkw" "Mozilla/5.0 (iPhone; CPU iPhone OS 11_1_2 like Mac OS X) AppleWebKit/604.1.34 (KHTML, like Gecko) GSA/40.1.177082287 Mobile/15B202 Safari/604.1"
89.204.139.127 - - [14/Dec/2017:07:09:30 +0100] "GET /img/mobile/facebook-icon.png HTTP/1.1" 200 1902 "https://www.easydrivers.at/fuehrerscheine/lkw" "Mozilla/5.0 (iPhone; CPU iPhone OS 11_1_2 like Mac OS X) AppleWebKit/604.1.34 (KHTML, like Gecko) GSA/40.1.177082287 Mobile/15B202 Safari/604.1"
89.204.139.127 - - [14/Dec/2017:07:09:30 +0100] "GET /img/mobile/close-button.png HTTP/1.1" 200 2411 "https://www.easydrivers.at/fuehrerscheine/lkw" "Mozilla/5.0 (iPhone; CPU iPhone OS 11_1_2 like Mac OS X) AppleWebKit/604.1.34 (KHTML, like Gecko) GSA/40.1.177082287 Mobile/15B202 Safari/604.1"
89.204.139.127 - - [14/Dec/2017:07:09:30 +0100] "GET /img/mobile/menu-button.png HTTP/1.1" 200 1746 "https://www.easydrivers.at/fuehrerscheine/lkw" "Mozilla/5.0 (iPhone; CPU iPhone OS 11_1_2 like Mac OS X) AppleWebKit/604.1.34 (KHTML, like Gecko) GSA/40.1.177082287 Mobile/15B202 Safari/604.1"
89.204.139.127 - - [14/Dec/2017:07:09:30 +0100] "GET /img/mobile/bg-header.jpg HTTP/1.1" 200 19741 "https://www.easydrivers.at/fuehrerscheine/lkw" "Mozilla/5.0 (iPhone; CPU iPhone OS 11_1_2 like Mac OS X) AppleWebKit/604.1.34 (KHTML, like Gecko) GSA/40.1.177082287 Mobile/15B202 Safari/604.1"
