37.140.238.54 - - [14/Dec/2017:03:38:11 +0100] "GET / HTTP/1.1" 200 4435 "-" "Mozilla/5.0 (X11; Linux x86_64) AppleWebKit/537.36 (KHTML, like Gecko) Chrome/59.0.3071.104 Safari/537.36"
40.77.167.56 - - [14/Dec/2017:03:38:16 +0100] "GET /binaries/10251116.jpg HTTP/1.1" 200 114428 "-" "Mozilla/5.0 (compatible; bingbot/2.0; +http://www.bing.com/bingbot.htm)"
40.77.167.56 - - [14/Dec/2017:03:38:16 +0100] "GET /amstetten/abendkurs-feb18?FS=BC HTTP/1.1" 200 6016 "-" "Mozilla/5.0 (compatible; bingbot/2.0; +http://www.bing.com/bingbot.htm)"
157.55.39.233 - - [14/Dec/2017:03:38:39 +0100] "GET /binaries/easy-drivers-neunkirchen--au/uebungspl1djpg.jpg HTTP/1.1" 301 327 "-" "Mozilla/5.0 (compatible; bingbot/2.0; +http://www.bing.com/bingbot.htm)"
157.55.39.233 - - [14/Dec/2017:03:38:40 +0100] "GET /binaries/easy-drivers-neunkirchen--au/uebungspl1djpg.jpg HTTP/1.1" 200 103882 "-" "Mozilla/5.0 (compatible; bingbot/2.0; +http://www.bing.com/bingbot.htm)"
66.249.76.76 - - [14/Dec/2017:03:39:30 +0100] "GET / HTTP/1.1" 301 293 "-" "Mozilla/5.0 (Linux; Android 6.0.1; Nexus 5X Build/MMB29P) AppleWebKit/537.36 (KHTML, like Gecko) Chrome/41.0.2272.96 Mobile Safari/537.36 (compatible; Googlebot/2.1; +http://www.google.com/bot.html)"
66.249.76.82 - - [14/Dec/2017:03:39:31 +0100] "GET / HTTP/1.1" 200 3552 "-" "Mozilla/5.0 (Linux; Android 6.0.1; Nexus 5X Build/MMB29P) AppleWebKit/537.36 (KHTML, like Gecko) Chrome/41.0.2272.96 Mobile Safari/537.36 (compatible; Googlebot/2.1; +http://www.google.com/bot.html)"
212.95.5.47 - - [14/Dec/2017:03:39:54 +0100] "GET /moedling/10289359?FS=B HTTP/1.1" 200 3317 "http://m.facebook.com" "Mozilla/5.0 (iPhone; CPU iPhone OS 11_1_2 like Mac OS X) AppleWebKit/604.3.5 (KHTML, like Gecko) Mobile/15B202 [FBAN/FBIOS;FBAV/152.0.0.45.135;FBBV/83301214;FBDV/iPhone9,4;FBMD/iPhone;FBSN/iOS;FBSV/11.1.2;FBSS/3;FBCR/T-MobileA;FBID/phone;FBLC/de_DE;FBOP/5;FBRV/84141153]"
52.48.24.96 - - [14/Dec/2017:03:40:12 +0100] "HEAD / HTTP/1.1" 301 - "-" "Mozilla/5.0 (Linux; U; Android-4.0.3; en-us; Galaxy Nexus Build/IML74K) AppleWebKit/535.7 (KHTML, like Gecko) CrMo/16.0.912.75 Mobile Safari/535.7"
52.48.24.96 - - [14/Dec/2017:03:40:12 +0100] "HEAD / HTTP/1.1" 301 - "-" "Mozilla/5.0 (Linux; U; Android-4.0.3; en-us; Galaxy Nexus Build/IML74K) AppleWebKit/535.7 (KHTML, like Gecko) CrMo/16.0.912.75 Mobile Safari/535.7"
52.48.24.96 - - [14/Dec/2017:03:40:13 +0100] "HEAD / HTTP/1.1" 501 - "-" "Mozilla/5.0 (Linux; U; Android-4.0.3; en-us; Galaxy Nexus Build/IML74K) AppleWebKit/535.7 (KHTML, like Gecko) CrMo/16.0.912.75 Mobile Safari/535.7"
52.48.24.96 - - [14/Dec/2017:03:40:13 +0100] "HEAD / HTTP/1.1" 501 - "-" "Mozilla/5.0 (Linux; U; Android-4.0.3; en-us; Galaxy Nexus Build/IML74K) AppleWebKit/535.7 (KHTML, like Gecko) CrMo/16.0.912.75 Mobile Safari/535.7"
66.249.92.145 - - [14/Dec/2017:03:40:40 +0100] "GET /st.poelten HTTP/1.1" 200 2945 "-" "Mozilla/5.0 (iPhone; CPU iPhone OS 9_1 like Mac OS X) AppleWebKit/601.1.46 (KHTML, like Gecko) Version/9.0 Mobile/13B143 Safari/601.1 (compatible; AdsBot-Google-Mobile; +http://www.google.com/mobile/adsbot.html)"
40.77.167.56 - - [14/Dec/2017:03:40:44 +0100] "GET /klagenfurt/10287379?FS=B HTTP/1.1" 410 3415 "-" "Mozilla/5.0 (compatible; bingbot/2.0; +http://www.bing.com/bingbot.htm)"
66.249.92.144 - - [14/Dec/2017:03:41:05 +0100] "GET /javascript/lazyload.js HTTP/1.1" 200 1170 "https://www.easydrivers.at/st.poelten" "Mozilla/5.0 (iPhone; CPU iPhone OS 9_1 like Mac OS X) AppleWebKit/601.1.46 (KHTML, like Gecko) Version/9.0 Mobile/13B143 Safari/601.1 (compatible; AdsBot-Google-Mobile; +http://www.google.com/mobile/adsbot.html)"
66.249.92.144 - - [14/Dec/2017:03:41:05 +0100] "GET /javascript/jquery-1.9.1.min.js HTTP/1.1" 200 32731 "https://www.easydrivers.at/st.poelten" "Mozilla/5.0 (iPhone; CPU iPhone OS 9_1 like Mac OS X) AppleWebKit/601.1.46 (KHTML, like Gecko) Version/9.0 Mobile/13B143 Safari/601.1 (compatible; AdsBot-Google-Mobile; +http://www.google.com/mobile/adsbot.html)"
66.249.92.144 - - [14/Dec/2017:03:41:06 +0100] "GET /javascript/jquery.cookie.js HTTP/1.1" 200 863 "https://www.easydrivers.at/st.poelten" "Mozilla/5.0 (iPhone; CPU iPhone OS 9_1 like Mac OS X) AppleWebKit/601.1.46 (KHTML, like Gecko) Version/9.0 Mobile/13B143 Safari/601.1 (compatible; AdsBot-Google-Mobile; +http://www.google.com/mobile/adsbot.html)"
216.244.66.249 - - [14/Dec/2017:03:41:07 +0100] "GET /berndorf/Inhaberdaten HTTP/1.1" 301 408 "-" "Mozilla/5.0 (compatible; DotBot/1.1; http://www.opensiteexplorer.org/dotbot, help@moz.com)"
157.55.39.233 - - [14/Dec/2017:03:41:34 +0100] "GET /ottakring/menue.htm HTTP/1.1" 301 305 "-" "Mozilla/5.0 (compatible; bingbot/2.0; +http://www.bing.com/bingbot.htm)"
217.250.168.105 - - [14/Dec/2017:03:41:53 +0100] "GET /app HTTP/1.1" 200 2724 "-" "Mozilla/5.0 (Windows; U; Windows NT 6.0; de; rv:1.9.2.3) Gecko/20100401 Firefox/3.6.3 ( .NET CLR 3.5.30729)"
216.244.66.249 - - [14/Dec/2017:03:42:00 +0100] "GET /horn/kurse HTTP/1.1" 301 397 "-" "Mozilla/5.0 (compatible; DotBot/1.1; http://www.opensiteexplorer.org/dotbot, help@moz.com)"
194.29.99.50 - - [14/Dec/2017:03:42:25 +0100] "GET /javascript/fahrschulen.js?id=258 HTTP/1.1" 304 - "-" "Mozilla/4.0 (compatible;)"
66.249.92.144 - - [14/Dec/2017:03:43:18 +0100] "GET /st.poelten HTTP/1.1" 200 3501 "-" "AdsBot-Google (+http://www.google.com/adsbot.html)"
217.250.168.105 - - [14/Dec/2017:03:43:28 +0100] "GET /neunkirchen HTTP/1.1" 200 3891 "-" "Mozilla/5.0 (Windows; U; Windows NT 6.0; de; rv:1.9.2.3) Gecko/20100401 Firefox/3.6.3 ( .NET CLR 3.5.30729)"
66.249.92.144 - - [14/Dec/2017:03:43:42 +0100] "GET /javascript/portal.js?1221842734 HTTP/1.1" 200 3529 "https://www.easydrivers.at/st.poelten" "AdsBot-Google (+http://www.google.com/adsbot.html)"
66.249.92.143 - - [14/Dec/2017:03:43:44 +0100] "GET /javascript/jquery.customSelect.min.js HTTP/1.1" 200 912 "https://www.easydrivers.at/st.poelten" "AdsBot-Google (+http://www.google.com/adsbot.html)"
217.250.168.105 - - [14/Dec/2017:03:43:46 +0100] "GET /gmuend HTTP/1.1" 200 3470 "-" "Mozilla/5.0 (Windows; U; Windows NT 6.0; de; rv:1.9.2.3) Gecko/20100401 Firefox/3.6.3 ( .NET CLR 3.5.30729)"
66.249.76.76 - - [14/Dec/2017:03:44:39 +0100] "GET /uploads/pdfs/moedling/10281873_A.pdf HTTP/1.1" 301 319 "-" "Mozilla/5.0 (compatible; Googlebot/2.1; +http://www.google.com/bot.html)"
66.249.76.82 - - [14/Dec/2017:03:44:41 +0100] "GET /uploads/pdfs/moedling/10281873_A.pdf HTTP/1.1" 200 28535 "-" "Mozilla/5.0 (compatible; Googlebot/2.1; +http://www.google.com/bot.html)"
216.244.66.243 - - [14/Dec/2017:03:44:45 +0100] "GET /robots.txt HTTP/1.1" 301 397 "-" "Mozilla/5.0 (compatible; DotBot/1.1; http://www.opensiteexplorer.org/dotbot, help@moz.com)"
216.244.66.243 - - [14/Dec/2017:03:44:47 +0100] "GET /robots.txt HTTP/1.1" 200 178 "-" "Mozilla/5.0 (compatible; DotBot/1.1; http://www.opensiteexplorer.org/dotbot, help@moz.com)"
133.130.54.151 - - [14/Dec/2017:03:44:53 +0100] "GET /schwechat HTTP/1.1" 301 299 "-" "Mozilla/5.0 (Macintosh; Intel Mac OS X 10_10_3) AppleWebKit/537.36 (KHTML, like Gecko) Chrome/42.0.2311.90 Safari/537.36"
217.250.168.105 - - [14/Dec/2017:03:44:53 +0100] "GET /steyr HTTP/1.1" 200 3710 "-" "Mozilla/5.0 (Windows; U; Windows NT 6.0; de; rv:1.9.2.3) Gecko/20100401 Firefox/3.6.3 ( .NET CLR 3.5.30729)"
133.130.54.151 - - [14/Dec/2017:03:44:54 +0100] "GET /schwechat HTTP/1.1" 200 3543 "-" "Mozilla/5.0 (Macintosh; Intel Mac OS X 10_10_3) AppleWebKit/537.36 (KHTML, like Gecko) Chrome/42.0.2311.90 Safari/537.36"
216.244.66.202 - - [14/Dec/2017:03:45:08 +0100] "GET /robots.txt HTTP/1.1" 301 393 "-" "Mozilla/5.0 (compatible; DotBot/1.1; http://www.opensiteexplorer.org/dotbot, help@moz.com)"
216.244.66.202 - - [14/Dec/2017:03:45:08 +0100] "GET /robots.txt HTTP/1.1" 301 397 "-" "Mozilla/5.0 (compatible; DotBot/1.1; http://www.opensiteexplorer.org/dotbot, help@moz.com)"
216.244.66.202 - - [14/Dec/2017:03:45:10 +0100] "GET /robots.txt HTTP/1.1" 200 178 "-" "Mozilla/5.0 (compatible; DotBot/1.1; http://www.opensiteexplorer.org/dotbot, help@moz.com)"
216.244.66.202 - - [14/Dec/2017:03:45:10 +0100] "GET /robots.txt HTTP/1.1" 200 178 "-" "Mozilla/5.0 (compatible; DotBot/1.1; http://www.opensiteexplorer.org/dotbot, help@moz.com)"
217.250.168.105 - - [14/Dec/2017:03:45:10 +0100] "GET /spittelau HTTP/1.1" 200 3696 "-" "Mozilla/5.0 (Windows; U; Windows NT 6.0; de; rv:1.9.2.3) Gecko/20100401 Firefox/3.6.3 ( .NET CLR 3.5.30729)"
40.77.167.135 - - [14/Dec/2017:03:45:39 +0100] "GET /fahrschulen/6850 HTTP/1.1" 301 305 "-" "Mozilla/5.0 (compatible; bingbot/2.0; +http://www.bing.com/bingbot.htm)"
66.249.76.82 - - [14/Dec/2017:03:46:32 +0100] "GET /binaries/10250909.jpg HTTP/1.1" 304 - "-" "Googlebot-Image/1.0"
217.250.168.105 - - [14/Dec/2017:03:46:52 +0100] "GET /fuehrerscheine/bus HTTP/1.1" 200 2630 "-" "Mozilla/5.0 (Windows; U; Windows NT 6.0; de; rv:1.9.2.3) Gecko/20100401 Firefox/3.6.3 ( .NET CLR 3.5.30729)"
217.250.168.105 - - [14/Dec/2017:03:47:08 +0100] "GET /waidhofen.thaya HTTP/1.1" 200 3494 "-" "Mozilla/5.0 (Windows; U; Windows NT 6.0; de; rv:1.9.2.3) Gecko/20100401 Firefox/3.6.3 ( .NET CLR 3.5.30729)"
40.77.167.56 - - [14/Dec/2017:03:48:29 +0100] "GET /binaries/easy-drivers-pankl-kapfenberg/fahrtenprotokolledpanklpdf.pdf HTTP/1.1" 200 1603162 "-" "Mozilla/5.0 (compatible; bingbot/2.0; +http://www.bing.com/bingbot.htm)"
40.77.167.135 - - [14/Dec/2017:03:48:55 +0100] "GET /kapfenberg.pankl/10283434?FS=BE HTTP/1.1" 301 318 "-" "Mozilla/5.0 (compatible; bingbot/2.0; +http://www.bing.com/bingbot.htm)"
66.249.76.84 - - [14/Dec/2017:03:49:01 +0100] "GET /binaries/10253238.jpg HTTP/1.1" 200 281755 "-" "Googlebot-Image/1.0"
157.55.39.233 - - [14/Dec/2017:03:49:08 +0100] "GET /bruck.leitha/10290985?FS=AM-M HTTP/1.1" 200 5482 "-" "Mozilla/5.0 (compatible; bingbot/2.0; +http://www.bing.com/bingbot.htm)"
66.249.76.93 - - [14/Dec/2017:03:49:48 +0100] "GET /oberwart/Mofa_Day/galerien/1_26_06_2007_HLW/detail.php?pageid=7 HTTP/1.1" 301 342 "-" "Mozilla/5.0 (compatible; Googlebot/2.1; +http://www.google.com/bot.html)"
66.249.76.82 - - [14/Dec/2017:03:49:48 +0100] "GET /oberwart/Mofa_Day/galerien/1_26_06_2007_HLW/detail.php?pageid=7 HTTP/1.1" 404 3414 "-" "Mozilla/5.0 (compatible; Googlebot/2.1; +http://www.google.com/bot.html)"
216.244.66.202 - - [14/Dec/2017:03:49:58 +0100] "GET /robots.txt HTTP/1.1" 301 397 "-" "Mozilla/5.0 (compatible; DotBot/1.1; http://www.opensiteexplorer.org/dotbot, help@moz.com)"
216.244.66.202 - - [14/Dec/2017:03:50:01 +0100] "GET /robots.txt HTTP/1.1" 200 178 "-" "Mozilla/5.0 (compatible; DotBot/1.1; http://www.opensiteexplorer.org/dotbot, help@moz.com)"
40.77.167.56 - - [14/Dec/2017:03:51:03 +0100] "GET /amstetten/abendkurs-sept18?FS=BBE HTTP/1.1" 200 5612 "-" "Mozilla/5.0 (compatible; bingbot/2.0; +http://www.bing.com/bingbot.htm)"
217.250.168.105 - - [14/Dec/2017:03:51:23 +0100] "GET /hollabrunn HTTP/1.1" 200 3713 "-" "Mozilla/5.0 (Windows; U; Windows NT 6.0; de; rv:1.9.2.3) Gecko/20100401 Firefox/3.6.3 ( .NET CLR 3.5.30729)"
51.255.65.30 - - [14/Dec/2017:03:51:29 +0100] "GET /am.spitz HTTP/1.1" 301 299 "-" "Mozilla/5.0 (compatible; AhrefsBot/5.2; +http://ahrefs.com/robot/)"
203.215.120.160 - - [14/Dec/2017:03:51:42 +0100] "GET /wp-login.php HTTP/1.1" 301 399 "-" "Mozilla/5.0 (Windows NT 6.1; WOW64; rv:40.0) Gecko/20100101 Firefox/40.1"
217.250.168.105 - - [14/Dec/2017:03:51:42 +0100] "GET /retz HTTP/1.1" 200 3450 "-" "Mozilla/5.0 (Windows; U; Windows NT 6.0; de; rv:1.9.2.3) Gecko/20100401 Firefox/3.6.3 ( .NET CLR 3.5.30729)"
203.215.120.160 - - [14/Dec/2017:03:51:48 +0100] "GET /wp-login.php HTTP/1.1" 301 399 "-" "Mozilla/5.0 (Windows NT 6.1; WOW64; rv:40.0) Gecko/20100101 Firefox/40.1"
203.215.120.160 - - [14/Dec/2017:03:51:56 +0100] "GET / HTTP/1.1" 301 387 "-" "Mozilla/5.0 (Windows NT 6.1; WOW64; rv:40.0) Gecko/20100101 Firefox/40.1"
213.225.5.201 - - [14/Dec/2017:03:52:06 +0100] "GET / HTTP/1.1" 301 293 "https://www.google.at/" "Mozilla/5.0 (X11; Linux x86_64) AppleWebKit/537.36 (KHTML, like Gecko) Ubuntu Chromium/63.0.3239.84 Chrome/63.0.3239.84 Safari/537.36"
213.225.5.201 - - [14/Dec/2017:03:52:06 +0100] "GET / HTTP/1.1" 200 4435 "https://www.google.at/" "Mozilla/5.0 (X11; Linux x86_64) AppleWebKit/537.36 (KHTML, like Gecko) Ubuntu Chromium/63.0.3239.84 Chrome/63.0.3239.84 Safari/537.36"
213.225.5.201 - - [14/Dec/2017:03:52:08 +0100] "GET /css/style.css HTTP/1.1" 200 5004 "https://www.easydrivers.at/" "Mozilla/5.0 (X11; Linux x86_64) AppleWebKit/537.36 (KHTML, like Gecko) Ubuntu Chromium/63.0.3239.84 Chrome/63.0.3239.84 Safari/537.36"
213.225.5.201 - - [14/Dec/2017:03:52:08 +0100] "GET /javascript/jquery.customSelect.min.js HTTP/1.1" 200 912 "https://www.easydrivers.at/" "Mozilla/5.0 (X11; Linux x86_64) AppleWebKit/537.36 (KHTML, like Gecko) Ubuntu Chromium/63.0.3239.84 Chrome/63.0.3239.84 Safari/537.36"
213.225.5.201 - - [14/Dec/2017:03:52:08 +0100] "GET /javascript/jquery.cookie.js HTTP/1.1" 200 863 "https://www.easydrivers.at/" "Mozilla/5.0 (X11; Linux x86_64) AppleWebKit/537.36 (KHTML, like Gecko) Ubuntu Chromium/63.0.3239.84 Chrome/63.0.3239.84 Safari/537.36"
213.225.5.201 - - [14/Dec/2017:03:52:08 +0100] "GET /javascript/jquery.simplemodal.js HTTP/1.1" 200 3070 "https://www.easydrivers.at/" "Mozilla/5.0 (X11; Linux x86_64) AppleWebKit/537.36 (KHTML, like Gecko) Ubuntu Chromium/63.0.3239.84 Chrome/63.0.3239.84 Safari/537.36"
213.225.5.201 - - [14/Dec/2017:03:52:08 +0100] "GET /javascript/portal.js?1221842734 HTTP/1.1" 200 3529 "https://www.easydrivers.at/" "Mozilla/5.0 (X11; Linux x86_64) AppleWebKit/537.36 (KHTML, like Gecko) Ubuntu Chromium/63.0.3239.84 Chrome/63.0.3239.84 Safari/537.36"
213.225.5.201 - - [14/Dec/2017:03:52:08 +0100] "GET /javascript/homesearch.js HTTP/1.1" 200 393 "https://www.easydrivers.at/" "Mozilla/5.0 (X11; Linux x86_64) AppleWebKit/537.36 (KHTML, like Gecko) Ubuntu Chromium/63.0.3239.84 Chrome/63.0.3239.84 Safari/537.36"
213.225.5.201 - - [14/Dec/2017:03:52:08 +0100] "GET /img/ED_Logo.png HTTP/1.1" 200 3385 "https://www.easydrivers.at/css/style.css" "Mozilla/5.0 (X11; Linux x86_64) AppleWebKit/537.36 (KHTML, like Gecko) Ubuntu Chromium/63.0.3239.84 Chrome/63.0.3239.84 Safari/537.36"
213.225.5.201 - - [14/Dec/2017:03:52:08 +0100] "GET /javascript/lazyload.js HTTP/1.1" 200 1170 "https://www.easydrivers.at/" "Mozilla/5.0 (X11; Linux x86_64) AppleWebKit/537.36 (KHTML, like Gecko) Ubuntu Chromium/63.0.3239.84 Chrome/63.0.3239.84 Safari/537.36"
213.225.5.201 - - [14/Dec/2017:03:52:08 +0100] "GET /img/close-button.png HTTP/1.1" 200 2237 "https://www.easydrivers.at/" "Mozilla/5.0 (X11; Linux x86_64) AppleWebKit/537.36 (KHTML, like Gecko) Ubuntu Chromium/63.0.3239.84 Chrome/63.0.3239.84 Safari/537.36"
213.225.5.201 - - [14/Dec/2017:03:52:08 +0100] "GET /img/facebook-icon.png HTTP/1.1" 200 1506 "https://www.easydrivers.at/" "Mozilla/5.0 (X11; Linux x86_64) AppleWebKit/537.36 (KHTML, like Gecko) Ubuntu Chromium/63.0.3239.84 Chrome/63.0.3239.84 Safari/537.36"
213.225.5.201 - - [14/Dec/2017:03:52:08 +0100] "GET /img/purple-dots-horizontal.png HTTP/1.1" 200 977 "https://www.easydrivers.at/css/style.css" "Mozilla/5.0 (X11; Linux x86_64) AppleWebKit/537.36 (KHTML, like Gecko) Ubuntu Chromium/63.0.3239.84 Chrome/63.0.3239.84 Safari/537.36"
213.225.5.201 - - [14/Dec/2017:03:52:08 +0100] "GET /img/bg-header.jpg HTTP/1.1" 200 38680 "https://www.easydrivers.at/css/style.css" "Mozilla/5.0 (X11; Linux x86_64) AppleWebKit/537.36 (KHTML, like Gecko) Ubuntu Chromium/63.0.3239.84 Chrome/63.0.3239.84 Safari/537.36"
213.225.5.201 - - [14/Dec/2017:03:52:08 +0100] "GET /binaries/easy-drivers-portal/widget-icon-expertspng.png HTTP/1.1" 200 2159 "https://www.easydrivers.at/" "Mozilla/5.0 (X11; Linux x86_64) AppleWebKit/537.36 (KHTML, like Gecko) Ubuntu Chromium/63.0.3239.84 Chrome/63.0.3239.84 Safari/537.36"
213.225.5.201 - - [14/Dec/2017:03:52:08 +0100] "GET /img/yellow-dots-vertical.png HTTP/1.1" 200 981 "https://www.easydrivers.at/css/style.css" "Mozilla/5.0 (X11; Linux x86_64) AppleWebKit/537.36 (KHTML, like Gecko) Ubuntu Chromium/63.0.3239.84 Chrome/63.0.3239.84 Safari/537.36"
213.225.5.201 - - [14/Dec/2017:03:52:08 +0100] "GET /binaries/easy-drivers-portal/widget-icon-apppng.png HTTP/1.1" 200 2432 "https://www.easydrivers.at/" "Mozilla/5.0 (X11; Linux x86_64) AppleWebKit/537.36 (KHTML, like Gecko) Ubuntu Chromium/63.0.3239.84 Chrome/63.0.3239.84 Safari/537.36"
213.225.5.201 - - [14/Dec/2017:03:52:08 +0100] "GET /cache/emu/images/easy-drivers-portal10294676/pastedgraphic-3-1png_160_90_0.png HTTP/1.1" 200 9745 "https://www.easydrivers.at/" "Mozilla/5.0 (X11; Linux x86_64) AppleWebKit/537.36 (KHTML, like Gecko) Ubuntu Chromium/63.0.3239.84 Chrome/63.0.3239.84 Safari/537.36"
213.225.5.201 - - [14/Dec/2017:03:52:08 +0100] "GET /img/selection-box-button.png HTTP/1.1" 200 1079 "https://www.easydrivers.at/css/style.css" "Mozilla/5.0 (X11; Linux x86_64) AppleWebKit/537.36 (KHTML, like Gecko) Ubuntu Chromium/63.0.3239.84 Chrome/63.0.3239.84 Safari/537.36"
213.225.5.201 - - [14/Dec/2017:03:52:08 +0100] "GET /binaries/easy-drivers-portal/widget-icon-trainingpng.png HTTP/1.1" 200 2662 "https://www.easydrivers.at/" "Mozilla/5.0 (X11; Linux x86_64) AppleWebKit/537.36 (KHTML, like Gecko) Ubuntu Chromium/63.0.3239.84 Chrome/63.0.3239.84 Safari/537.36"
213.225.5.201 - - [14/Dec/2017:03:52:08 +0100] "GET /img/empty.gif HTTP/1.1" 200 43 "https://www.easydrivers.at/" "Mozilla/5.0 (X11; Linux x86_64) AppleWebKit/537.36 (KHTML, like Gecko) Ubuntu Chromium/63.0.3239.84 Chrome/63.0.3239.84 Safari/537.36"
213.225.5.201 - - [14/Dec/2017:03:52:08 +0100] "GET /img/submit-button.png HTTP/1.1" 200 1958 "https://www.easydrivers.at/" "Mozilla/5.0 (X11; Linux x86_64) AppleWebKit/537.36 (KHTML, like Gecko) Ubuntu Chromium/63.0.3239.84 Chrome/63.0.3239.84 Safari/537.36"
213.225.5.201 - - [14/Dec/2017:03:52:08 +0100] "GET /img/bg-top-section.jpg HTTP/1.1" 200 82172 "https://www.easydrivers.at/css/style.css" "Mozilla/5.0 (X11; Linux x86_64) AppleWebKit/537.36 (KHTML, like Gecko) Ubuntu Chromium/63.0.3239.84 Chrome/63.0.3239.84 Safari/537.36"
213.225.5.201 - - [14/Dec/2017:03:52:08 +0100] "GET /img/schweiz-icon.png HTTP/1.1" 200 1504 "https://www.easydrivers.at/" "Mozilla/5.0 (X11; Linux x86_64) AppleWebKit/537.36 (KHTML, like Gecko) Ubuntu Chromium/63.0.3239.84 Chrome/63.0.3239.84 Safari/537.36"
213.225.5.201 - - [14/Dec/2017:03:52:08 +0100] "GET /img/black-dots-vertical.png HTTP/1.1" 200 1165 "https://www.easydrivers.at/css/style.css" "Mozilla/5.0 (X11; Linux x86_64) AppleWebKit/537.36 (KHTML, like Gecko) Ubuntu Chromium/63.0.3239.84 Chrome/63.0.3239.84 Safari/537.36"
213.225.5.201 - - [14/Dec/2017:03:52:08 +0100] "GET /img/kursicon-print-pink.png HTTP/1.1" 200 1125 "https://www.easydrivers.at/" "Mozilla/5.0 (X11; Linux x86_64) AppleWebKit/537.36 (KHTML, like Gecko) Ubuntu Chromium/63.0.3239.84 Chrome/63.0.3239.84 Safari/537.36"
213.225.5.201 - - [14/Dec/2017:03:52:08 +0100] "GET /img/kursicon-download-pink.png HTTP/1.1" 200 1213 "https://www.easydrivers.at/" "Mozilla/5.0 (X11; Linux x86_64) AppleWebKit/537.36 (KHTML, like Gecko) Ubuntu Chromium/63.0.3239.84 Chrome/63.0.3239.84 Safari/537.36"
213.225.5.201 - - [14/Dec/2017:03:52:08 +0100] "GET /img/bg-footer.jpg HTTP/1.1" 200 31770 "https://www.easydrivers.at/css/style.css" "Mozilla/5.0 (X11; Linux x86_64) AppleWebKit/537.36 (KHTML, like Gecko) Ubuntu Chromium/63.0.3239.84 Chrome/63.0.3239.84 Safari/537.36"
213.225.5.201 - - [14/Dec/2017:03:52:08 +0100] "GET /img/kursicon-share-pink.png HTTP/1.1" 200 1277 "https://www.easydrivers.at/" "Mozilla/5.0 (X11; Linux x86_64) AppleWebKit/537.36 (KHTML, like Gecko) Ubuntu Chromium/63.0.3239.84 Chrome/63.0.3239.84 Safari/537.36"
213.225.5.201 - - [14/Dec/2017:03:52:08 +0100] "GET /img/kursicon-phone-pink.png HTTP/1.1" 200 1286 "https://www.easydrivers.at/" "Mozilla/5.0 (X11; Linux x86_64) AppleWebKit/537.36 (KHTML, like Gecko) Ubuntu Chromium/63.0.3239.84 Chrome/63.0.3239.84 Safari/537.36"
213.225.5.201 - - [14/Dec/2017:03:52:08 +0100] "GET /css/print.css HTTP/1.1" 200 967 "https://www.easydrivers.at/" "Mozilla/5.0 (X11; Linux x86_64) AppleWebKit/537.36 (KHTML, like Gecko) Ubuntu Chromium/63.0.3239.84 Chrome/63.0.3239.84 Safari/537.36"
40.77.167.135 - - [14/Dec/2017:03:53:11 +0100] "GET /fahrschulen/3521 HTTP/1.1" 200 3058 "-" "Mozilla/5.0 (compatible; bingbot/2.0; +http://www.bing.com/bingbot.htm)"
87.250.224.32 - - [14/Dec/2017:03:53:16 +0100] "GET /robots.txt HTTP/1.1" 200 178 "-" "Mozilla/5.0 (compatible; YandexBot/3.0; +http://yandex.com/bots)"
203.215.120.160 - - [14/Dec/2017:03:53:17 +0100] "GET /wp-login.php HTTP/1.1" 301 399 "-" "Mozilla/5.0 (Windows NT 6.1; WOW64; rv:40.0) Gecko/20100101 Firefox/40.1"
87.250.224.32 - - [14/Dec/2017:03:53:20 +0100] "GET /neunkirchen/ HTTP/1.1" 301 144 "-" "Mozilla/5.0 (compatible; YandexBot/3.0; +http://yandex.com/bots)"
203.215.120.160 - - [14/Dec/2017:03:53:24 +0100] "GET /wp-login.php HTTP/1.1" 301 399 "-" "Mozilla/5.0 (Windows NT 6.1; WOW64; rv:40.0) Gecko/20100101 Firefox/40.1"
203.215.120.160 - - [14/Dec/2017:03:53:31 +0100] "GET / HTTP/1.1" 301 387 "-" "Mozilla/5.0 (Windows NT 6.1; WOW64; rv:40.0) Gecko/20100101 Firefox/40.1"
40.77.167.135 - - [14/Dec/2017:03:54:17 +0100] "GET /fuehrerscheine/motorrad/C111 HTTP/1.1" 301 310 "-" "Mozilla/5.0 (compatible; bingbot/2.0; +http://www.bing.com/bingbot.htm)"
217.250.168.105 - - [14/Dec/2017:03:54:30 +0100] "GET /fuehrerscheine/motorrad HTTP/1.1" 200 2894 "-" "Mozilla/5.0 (Windows; U; Windows NT 6.0; de; rv:1.9.2.3) Gecko/20100401 Firefox/3.6.3 ( .NET CLR 3.5.30729)"
40.77.167.135 - - [14/Dec/2017:03:54:33 +0100] "GET /bludenz/LKWKursCD20170612?FS=DD195-B HTTP/1.1" 301 324 "-" "Mozilla/5.0 (compatible; bingbot/2.0; +http://www.bing.com/bingbot.htm)"
40.77.167.56 - - [14/Dec/2017:03:54:36 +0100] "GET /hollabrunn/Grundkurs_Weihnachten_2017?FS=B-L HTTP/1.1" 200 6190 "-" "Mozilla/5.0 (compatible; bingbot/2.0; +http://www.bing.com/bingbot.htm)"
66.249.76.76 - - [14/Dec/2017:03:54:56 +0100] "GET /perg/20-01-2014 HTTP/1.1" 301 303 "-" "Mozilla/5.0 (compatible; Googlebot/2.1; +http://www.google.com/bot.html)"
66.249.76.82 - - [14/Dec/2017:03:54:57 +0100] "GET /perg/20-01-2014 HTTP/1.1" 410 3420 "-" "Mozilla/5.0 (compatible; Googlebot/2.1; +http://www.google.com/bot.html)"
217.250.168.105 - - [14/Dec/2017:03:55:20 +0100] "GET /enns HTTP/1.1" 200 3753 "-" "Mozilla/5.0 (Windows; U; Windows NT 6.0; de; rv:1.9.2.3) Gecko/20100401 Firefox/3.6.3 ( .NET CLR 3.5.30729)"
157.55.39.233 - - [14/Dec/2017:03:55:28 +0100] "GET /hollabrunn/Grundkurs_Semesterferien_2018?FS=B-L17 HTTP/1.1" 200 6177 "-" "Mozilla/5.0 (compatible; bingbot/2.0; +http://www.bing.com/bingbot.htm)"
217.250.168.105 - - [14/Dec/2017:03:56:45 +0100] "GET /moedling HTTP/1.1" 200 3847 "-" "Mozilla/5.0 (Windows; U; Windows NT 6.0; de; rv:1.9.2.3) Gecko/20100401 Firefox/3.6.3 ( .NET CLR 3.5.30729)"
82.81.209.110 - - [14/Dec/2017:03:56:58 +0100] "GET /wp-login.php HTTP/1.1" 301 399 "-" "Mozilla/5.0 (Windows NT 6.1; WOW64; rv:40.0) Gecko/20100101 Firefox/40.1"
82.81.209.110 - - [14/Dec/2017:03:57:04 +0100] "GET /wp-login.php HTTP/1.1" 301 399 "-" "Mozilla/5.0 (Windows NT 6.1; WOW64; rv:40.0) Gecko/20100101 Firefox/40.1"
82.81.209.110 - - [14/Dec/2017:03:57:10 +0100] "GET / HTTP/1.1" 301 387 "-" "Mozilla/5.0 (Windows NT 6.1; WOW64; rv:40.0) Gecko/20100101 Firefox/40.1"
217.250.168.105 - - [14/Dec/2017:03:58:05 +0100] "GET /scheibbs HTTP/1.1" 200 3478 "-" "Mozilla/5.0 (Windows; U; Windows NT 6.0; de; rv:1.9.2.3) Gecko/20100401 Firefox/3.6.3 ( .NET CLR 3.5.30729)"
217.250.168.105 - - [14/Dec/2017:03:58:33 +0100] "GET /wr.neustadt HTTP/1.1" 200 3523 "-" "Mozilla/5.0 (Windows; U; Windows NT 6.0; de; rv:1.9.2.3) Gecko/20100401 Firefox/3.6.3 ( .NET CLR 3.5.30729)"
217.250.168.105 - - [14/Dec/2017:03:58:55 +0100] "GET /radfahrschule HTTP/1.1" 200 3464 "-" "Mozilla/5.0 (Windows; U; Windows NT 6.0; de; rv:1.9.2.3) Gecko/20100401 Firefox/3.6.3 ( .NET CLR 3.5.30729)"
40.77.167.56 - - [14/Dec/2017:03:59:01 +0100] "GET /leonding HTTP/1.1" 301 299 "-" "Mozilla/5.0 (compatible; bingbot/2.0; +http://www.bing.com/bingbot.htm)"
217.250.168.105 - - [14/Dec/2017:03:59:18 +0100] "GET /kapfenberg.pankl HTTP/1.1" 200 3715 "-" "Mozilla/5.0 (Windows; U; Windows NT 6.0; de; rv:1.9.2.3) Gecko/20100401 Firefox/3.6.3 ( .NET CLR 3.5.30729)"
157.55.39.233 - - [14/Dec/2017:03:59:55 +0100] "GET /Radfahrschule/radakademie HTTP/1.1" 404 2654 "-" "Mozilla/5.0 (compatible; bingbot/2.0; +http://www.bing.com/bingbot.htm)"
66.249.76.76 - - [14/Dec/2017:04:00:05 +0100] "GET /fahrschule-fuehrerschein-portal/fahrschulen/fahrschulen-vorarlberg.php HTTP/1.1" 301 328 "-" "Mozilla/5.0 (compatible; Googlebot/2.1; +http://www.google.com/bot.html)"
66.249.76.84 - - [14/Dec/2017:04:00:06 +0100] "GET /fahrschule-fuehrerschein-portal/fahrschulen/fahrschulen-vorarlberg.php HTTP/1.1" 301 150 "-" "Mozilla/5.0 (compatible; Googlebot/2.1; +http://www.google.com/bot.html)"
66.249.76.82 - - [14/Dec/2017:04:00:06 +0100] "GET /fahrschulen/vorarlberg HTTP/1.1" 200 2999 "-" "Mozilla/5.0 (compatible; Googlebot/2.1; +http://www.google.com/bot.html)"
40.77.167.56 - - [14/Dec/2017:04:00:22 +0100] "GET /hartberg/schnellkurs_19.11.2018?FS=BL1796 HTTP/1.1" 301 325 "-" "Mozilla/5.0 (compatible; bingbot/2.0; +http://www.bing.com/bingbot.htm)"
78.132.90.115 - - [14/Dec/2017:04:00:48 +0100] "GET /kapfenberg.pankl/Kurs-Dezember-2017?FS=B HTTP/1.1" 200 3133 "http://m.facebook.com/" "Mozilla/5.0 (Linux; Android 7.0; SM-A320FL Build/NRD90M; wv) AppleWebKit/537.36 (KHTML, like Gecko) Version/4.0 Chrome/62.0.3202.84 Mobile Safari/537.36 [FB_IAB/FB4A;FBAV/152.0.0.42.136;]"
78.132.90.115 - - [14/Dec/2017:04:00:50 +0100] "GET /javascript/jquery.cookie.js HTTP/1.1" 200 863 "https://www.easydrivers.at/kapfenberg.pankl/Kurs-Dezember-2017?FS=B" "Mozilla/5.0 (Linux; Android 7.0; SM-A320FL Build/NRD90M; wv) AppleWebKit/537.36 (KHTML, like Gecko) Version/4.0 Chrome/62.0.3202.84 Mobile Safari/537.36 [FB_IAB/FB4A;FBAV/152.0.0.42.136;]"
78.132.90.115 - - [14/Dec/2017:04:00:50 +0100] "GET /css/mobile.css HTTP/1.1" 200 2852 "https://www.easydrivers.at/kapfenberg.pankl/Kurs-Dezember-2017?FS=B" "Mozilla/5.0 (Linux; Android 7.0; SM-A320FL Build/NRD90M; wv) AppleWebKit/537.36 (KHTML, like Gecko) Version/4.0 Chrome/62.0.3202.84 Mobile Safari/537.36 [FB_IAB/FB4A;FBAV/152.0.0.42.136;]"
78.132.90.115 - - [14/Dec/2017:04:00:50 +0100] "GET /javascript/jquery-1.9.1.min.js HTTP/1.1" 200 32731 "https://www.easydrivers.at/kapfenberg.pankl/Kurs-Dezember-2017?FS=B" "Mozilla/5.0 (Linux; Android 7.0; SM-A320FL Build/NRD90M; wv) AppleWebKit/537.36 (KHTML, like Gecko) Version/4.0 Chrome/62.0.3202.84 Mobile Safari/537.36 [FB_IAB/FB4A;FBAV/152.0.0.42.136;]"
78.132.90.115 - - [14/Dec/2017:04:00:51 +0100] "GET /javascript/mobile-menu.js HTTP/1.1" 200 1634 "https://www.easydrivers.at/kapfenberg.pankl/Kurs-Dezember-2017?FS=B" "Mozilla/5.0 (Linux; Android 7.0; SM-A320FL Build/NRD90M; wv) AppleWebKit/537.36 (KHTML, like Gecko) Version/4.0 Chrome/62.0.3202.84 Mobile Safari/537.36 [FB_IAB/FB4A;FBAV/152.0.0.42.136;]"
78.132.90.115 - - [14/Dec/2017:04:00:51 +0100] "GET /javascript/jquery.simplemodal.js HTTP/1.1" 200 3070 "https://www.easydrivers.at/kapfenberg.pankl/Kurs-Dezember-2017?FS=B" "Mozilla/5.0 (Linux; Android 7.0; SM-A320FL Build/NRD90M; wv) AppleWebKit/537.36 (KHTML, like Gecko) Version/4.0 Chrome/62.0.3202.84 Mobile Safari/537.36 [FB_IAB/FB4A;FBAV/152.0.0.42.136;]"
78.132.90.115 - - [14/Dec/2017:04:00:51 +0100] "GET /javascript/mobile-fahrschule.js HTTP/1.1" 200 328 "https://www.easydrivers.at/kapfenberg.pankl/Kurs-Dezember-2017?FS=B" "Mozilla/5.0 (Linux; Android 7.0; SM-A320FL Build/NRD90M; wv) AppleWebKit/537.36 (KHTML, like Gecko) Version/4.0 Chrome/62.0.3202.84 Mobile Safari/537.36 [FB_IAB/FB4A;FBAV/152.0.0.42.136;]"
78.132.90.115 - - [14/Dec/2017:04:00:51 +0100] "GET /javascript/lazyload.js HTTP/1.1" 200 1170 "https://www.easydrivers.at/kapfenberg.pankl/Kurs-Dezember-2017?FS=B" "Mozilla/5.0 (Linux; Android 7.0; SM-A320FL Build/NRD90M; wv) AppleWebKit/537.36 (KHTML, like Gecko) Version/4.0 Chrome/62.0.3202.84 Mobile Safari/537.36 [FB_IAB/FB4A;FBAV/152.0.0.42.136;]"
78.132.90.115 - - [14/Dec/2017:04:00:51 +0100] "GET /img/mobile/easydrivers-logo-mobile.png HTTP/1.1" 200 10766 "https://www.easydrivers.at/kapfenberg.pankl/Kurs-Dezember-2017?FS=B" "Mozilla/5.0 (Linux; Android 7.0; SM-A320FL Build/NRD90M; wv) AppleWebKit/537.36 (KHTML, like Gecko) Version/4.0 Chrome/62.0.3202.84 Mobile Safari/537.36 [FB_IAB/FB4A;FBAV/152.0.0.42.136;]"
78.132.90.115 - - [14/Dec/2017:04:00:51 +0100] "GET /img/mobile/menu-button.png HTTP/1.1" 200 1746 "https://www.easydrivers.at/kapfenberg.pankl/Kurs-Dezember-2017?FS=B" "Mozilla/5.0 (Linux; Android 7.0; SM-A320FL Build/NRD90M; wv) AppleWebKit/537.36 (KHTML, like Gecko) Version/4.0 Chrome/62.0.3202.84 Mobile Safari/537.36 [FB_IAB/FB4A;FBAV/152.0.0.42.136;]"
78.132.90.115 - - [14/Dec/2017:04:00:51 +0100] "GET /img/mobile/info-button.png HTTP/1.1" 200 1549 "https://www.easydrivers.at/kapfenberg.pankl/Kurs-Dezember-2017?FS=B" "Mozilla/5.0 (Linux; Android 7.0; SM-A320FL Build/NRD90M; wv) AppleWebKit/537.36 (KHTML, like Gecko) Version/4.0 Chrome/62.0.3202.84 Mobile Safari/537.36 [FB_IAB/FB4A;FBAV/152.0.0.42.136;]"
78.132.90.115 - - [14/Dec/2017:04:00:51 +0100] "GET /img/mobile/close-button.png HTTP/1.1" 200 2411 "https://www.easydrivers.at/kapfenberg.pankl/Kurs-Dezember-2017?FS=B" "Mozilla/5.0 (Linux; Android 7.0; SM-A320FL Build/NRD90M; wv) AppleWebKit/537.36 (KHTML, like Gecko) Version/4.0 Chrome/62.0.3202.84 Mobile Safari/537.36 [FB_IAB/FB4A;FBAV/152.0.0.42.136;]"
78.132.90.115 - - [14/Dec/2017:04:00:51 +0100] "GET /img/mobile/facebook-icon.png HTTP/1.1" 200 1902 "https://www.easydrivers.at/kapfenberg.pankl/Kurs-Dezember-2017?FS=B" "Mozilla/5.0 (Linux; Android 7.0; SM-A320FL Build/NRD90M; wv) AppleWebKit/537.36 (KHTML, like Gecko) Version/4.0 Chrome/62.0.3202.84 Mobile Safari/537.36 [FB_IAB/FB4A;FBAV/152.0.0.42.136;]"
78.132.90.115 - - [14/Dec/2017:04:00:51 +0100] "GET /img/mobile/info-close-button.png HTTP/1.1" 200 1721 "https://www.easydrivers.at/kapfenberg.pankl/Kurs-Dezember-2017?FS=B" "Mozilla/5.0 (Linux; Android 7.0; SM-A320FL Build/NRD90M; wv) AppleWebKit/537.36 (KHTML, like Gecko) Version/4.0 Chrome/62.0.3202.84 Mobile Safari/537.36 [FB_IAB/FB4A;FBAV/152.0.0.42.136;]"
78.132.90.115 - - [14/Dec/2017:04:00:51 +0100] "GET /img/smallicon-person.png HTTP/1.1" 200 1141 "https://www.easydrivers.at/kapfenberg.pankl/Kurs-Dezember-2017?FS=B" "Mozilla/5.0 (Linux; Android 7.0; SM-A320FL Build/NRD90M; wv) AppleWebKit/537.36 (KHTML, like Gecko) Version/4.0 Chrome/62.0.3202.84 Mobile Safari/537.36 [FB_IAB/FB4A;FBAV/152.0.0.42.136;]"
78.132.90.115 - - [14/Dec/2017:04:00:51 +0100] "GET /img/mobile/googlemaps-pin.png HTTP/1.1" 200 1597 "https://www.easydrivers.at/kapfenberg.pankl/Kurs-Dezember-2017?FS=B" "Mozilla/5.0 (Linux; Android 7.0; SM-A320FL Build/NRD90M; wv) AppleWebKit/537.36 (KHTML, like Gecko) Version/4.0 Chrome/62.0.3202.84 Mobile Safari/537.36 [FB_IAB/FB4A;FBAV/152.0.0.42.136;]"
78.132.90.115 - - [14/Dec/2017:04:00:51 +0100] "GET /img/smallicon-address.png HTTP/1.1" 200 1211 "https://www.easydrivers.at/kapfenberg.pankl/Kurs-Dezember-2017?FS=B" "Mozilla/5.0 (Linux; Android 7.0; SM-A320FL Build/NRD90M; wv) AppleWebKit/537.36 (KHTML, like Gecko) Version/4.0 Chrome/62.0.3202.84 Mobile Safari/537.36 [FB_IAB/FB4A;FBAV/152.0.0.42.136;]"
78.132.90.115 - - [14/Dec/2017:04:00:51 +0100] "GET /img/smallicon-time.png HTTP/1.1" 200 1262 "https://www.easydrivers.at/kapfenberg.pankl/Kurs-Dezember-2017?FS=B" "Mozilla/5.0 (Linux; Android 7.0; SM-A320FL Build/NRD90M; wv) AppleWebKit/537.36 (KHTML, like Gecko) Version/4.0 Chrome/62.0.3202.84 Mobile Safari/537.36 [FB_IAB/FB4A;FBAV/152.0.0.42.136;]"
78.132.90.115 - - [14/Dec/2017:04:00:51 +0100] "GET /img/smallicon-phone.png HTTP/1.1" 200 3056 "https://www.easydrivers.at/kapfenberg.pankl/Kurs-Dezember-2017?FS=B" "Mozilla/5.0 (Linux; Android 7.0; SM-A320FL Build/NRD90M; wv) AppleWebKit/537.36 (KHTML, like Gecko) Version/4.0 Chrome/62.0.3202.84 Mobile Safari/537.36 [FB_IAB/FB4A;FBAV/152.0.0.42.136;]"
78.132.90.115 - - [14/Dec/2017:04:00:51 +0100] "GET /img/smallicon-mail.png HTTP/1.1" 200 1341 "https://www.easydrivers.at/kapfenberg.pankl/Kurs-Dezember-2017?FS=B" "Mozilla/5.0 (Linux; Android 7.0; SM-A320FL Build/NRD90M; wv) AppleWebKit/537.36 (KHTML, like Gecko) Version/4.0 Chrome/62.0.3202.84 Mobile Safari/537.36 [FB_IAB/FB4A;FBAV/152.0.0.42.136;]"
78.132.90.115 - - [14/Dec/2017:04:00:51 +0100] "GET /img/mobile/kursicon-share.png HTTP/1.1" 200 2065 "https://www.easydrivers.at/kapfenberg.pankl/Kurs-Dezember-2017?FS=B" "Mozilla/5.0 (Linux; Android 7.0; SM-A320FL Build/NRD90M; wv) AppleWebKit/537.36 (KHTML, like Gecko) Version/4.0 Chrome/62.0.3202.84 Mobile Safari/537.36 [FB_IAB/FB4A;FBAV/152.0.0.42.136;]"
78.132.90.115 - - [14/Dec/2017:04:00:51 +0100] "GET /img/mobile/smallicon-phone.png HTTP/1.1" 200 1311 "https://www.easydrivers.at/kapfenberg.pankl/Kurs-Dezember-2017?FS=B" "Mozilla/5.0 (Linux; Android 7.0; SM-A320FL Build/NRD90M; wv) AppleWebKit/537.36 (KHTML, like Gecko) Version/4.0 Chrome/62.0.3202.84 Mobile Safari/537.36 [FB_IAB/FB4A;FBAV/152.0.0.42.136;]"
78.132.90.115 - - [14/Dec/2017:04:00:51 +0100] "GET /img/mobile/smallicon-mail.png HTTP/1.1" 200 1335 "https://www.easydrivers.at/kapfenberg.pankl/Kurs-Dezember-2017?FS=B" "Mozilla/5.0 (Linux; Android 7.0; SM-A320FL Build/NRD90M; wv) AppleWebKit/537.36 (KHTML, like Gecko) Version/4.0 Chrome/62.0.3202.84 Mobile Safari/537.36 [FB_IAB/FB4A;FBAV/152.0.0.42.136;]"
78.132.90.115 - - [14/Dec/2017:04:00:51 +0100] "GET /img/mobile/kursicon-phone.png HTTP/1.1" 200 1932 "https://www.easydrivers.at/kapfenberg.pankl/Kurs-Dezember-2017?FS=B" "Mozilla/5.0 (Linux; Android 7.0; SM-A320FL Build/NRD90M; wv) AppleWebKit/537.36 (KHTML, like Gecko) Version/4.0 Chrome/62.0.3202.84 Mobile Safari/537.36 [FB_IAB/FB4A;FBAV/152.0.0.42.136;]"
78.132.90.115 - - [14/Dec/2017:04:00:51 +0100] "GET /img/mobile/bg-header.jpg HTTP/1.1" 200 19741 "https://www.easydrivers.at/css/mobile.css" "Mozilla/5.0 (Linux; Android 7.0; SM-A320FL Build/NRD90M; wv) AppleWebKit/537.36 (KHTML, like Gecko) Version/4.0 Chrome/62.0.3202.84 Mobile Safari/537.36 [FB_IAB/FB4A;FBAV/152.0.0.42.136;]"
78.132.90.115 - - [14/Dec/2017:04:00:51 +0100] "GET /img/mobile/bg-menu.jpg HTTP/1.1" 200 1698 "https://www.easydrivers.at/css/mobile.css" "Mozilla/5.0 (Linux; Android 7.0; SM-A320FL Build/NRD90M; wv) AppleWebKit/537.36 (KHTML, like Gecko) Version/4.0 Chrome/62.0.3202.84 Mobile Safari/537.36 [FB_IAB/FB4A;FBAV/152.0.0.42.136;]"
78.132.90.115 - - [14/Dec/2017:04:00:52 +0100] "GET /img/mobile/pfeil-links-small.png HTTP/1.1" 200 1065 "https://www.easydrivers.at/css/mobile.css" "Mozilla/5.0 (Linux; Android 7.0; SM-A320FL Build/NRD90M; wv) AppleWebKit/537.36 (KHTML, like Gecko) Version/4.0 Chrome/62.0.3202.84 Mobile Safari/537.36 [FB_IAB/FB4A;FBAV/152.0.0.42.136;]"
78.132.90.115 - - [14/Dec/2017:04:00:52 +0100] "GET /img/mobile/pfeil-rechts-small.png HTTP/1.1" 200 1056 "https://www.easydrivers.at/css/mobile.css" "Mozilla/5.0 (Linux; Android 7.0; SM-A320FL Build/NRD90M; wv) AppleWebKit/537.36 (KHTML, like Gecko) Version/4.0 Chrome/62.0.3202.84 Mobile Safari/537.36 [FB_IAB/FB4A;FBAV/152.0.0.42.136;]"
78.132.90.115 - - [14/Dec/2017:04:00:52 +0100] "GET /img/mobile/bg-yellow.jpg HTTP/1.1" 200 1569 "https://www.easydrivers.at/css/mobile.css" "Mozilla/5.0 (Linux; Android 7.0; SM-A320FL Build/NRD90M; wv) AppleWebKit/537.36 (KHTML, like Gecko) Version/4.0 Chrome/62.0.3202.84 Mobile Safari/537.36 [FB_IAB/FB4A;FBAV/152.0.0.42.136;]"
78.132.90.115 - - [14/Dec/2017:04:00:52 +0100] "GET /img/mobile/bg-top-section.jpg HTTP/1.1" 200 21711 "https://www.easydrivers.at/css/mobile.css" "Mozilla/5.0 (Linux; Android 7.0; SM-A320FL Build/NRD90M; wv) AppleWebKit/537.36 (KHTML, like Gecko) Version/4.0 Chrome/62.0.3202.84 Mobile Safari/537.36 [FB_IAB/FB4A;FBAV/152.0.0.42.136;]"
78.132.90.115 - - [14/Dec/2017:04:01:05 +0100] "GET /kapfenberg.pankl/pruefungstermine HTTP/1.1" 200 2939 "https://www.easydrivers.at/kapfenberg.pankl/Kurs-Dezember-2017?FS=B" "Mozilla/5.0 (Linux; Android 7.0; SM-A320FL Build/NRD90M; wv) AppleWebKit/537.36 (KHTML, like Gecko) Version/4.0 Chrome/62.0.3202.84 Mobile Safari/537.36 [FB_IAB/FB4A;FBAV/152.0.0.42.136;]"
40.77.167.56 - - [14/Dec/2017:04:01:22 +0100] "GET /dornbirn/10248253?FS=AM-M HTTP/1.1" 200 5351 "-" "Mozilla/5.0 (compatible; bingbot/2.0; +http://www.bing.com/bingbot.htm)"
78.132.90.115 - - [14/Dec/2017:04:01:40 +0100] "GET /kapfenberg.pankl/Kurs-Dezember-2017?FS=B HTTP/1.1" 200 3133 "http://m.facebook.com/" "Mozilla/5.0 (Linux; Android 7.0; SM-A320FL Build/NRD90M; wv) AppleWebKit/537.36 (KHTML, like Gecko) Version/4.0 Chrome/62.0.3202.84 Mobile Safari/537.36 [FB_IAB/FB4A;FBAV/152.0.0.42.136;]"
78.132.90.115 - - [14/Dec/2017:04:01:47 +0100] "GET /kapfenberg.pankl/pruefungstermine HTTP/1.1" 200 2939 "https://www.easydrivers.at/kapfenberg.pankl/Kurs-Dezember-2017?FS=B" "Mozilla/5.0 (Linux; Android 7.0; SM-A320FL Build/NRD90M; wv) AppleWebKit/537.36 (KHTML, like Gecko) Version/4.0 Chrome/62.0.3202.84 Mobile Safari/537.36 [FB_IAB/FB4A;FBAV/152.0.0.42.136;]"
46.118.157.50 - - [14/Dec/2017:04:01:53 +0100] "GET /skarabela.gross-enzersdorf HTTP/1.1" 301 413 "https://vikistars.com/" "Mozilla/4.0 (compatible; MSIE 6.0; Windows NT 5.1; Deepnet Explorer 1.5.0; .NET CLR 1.0.3705)"
46.118.157.50 - - [14/Dec/2017:04:01:54 +0100] "GET /skarabela.gross-enzersdorf HTTP/1.1" 301 413 "https://vikistars.com/" "Mozilla/4.0 (compatible; MSIE 6.0; Windows NT 5.1; Deepnet Explorer 1.5.0; .NET CLR 1.0.3705)"
78.132.90.115 - - [14/Dec/2017:04:01:54 +0100] "GET /kapfenberg.pankl/kurse HTTP/1.1" 200 2866 "https://www.easydrivers.at/kapfenberg.pankl/pruefungstermine" "Mozilla/5.0 (Linux; Android 7.0; SM-A320FL Build/NRD90M; wv) AppleWebKit/537.36 (KHTML, like Gecko) Version/4.0 Chrome/62.0.3202.84 Mobile Safari/537.36 [FB_IAB/FB4A;FBAV/152.0.0.42.136;]"
78.132.90.115 - - [14/Dec/2017:04:01:56 +0100] "GET /javascript/mobile-fahrschule-kurs-suchergebnis.js HTTP/1.1" 200 274 "https://www.easydrivers.at/kapfenberg.pankl/kurse" "Mozilla/5.0 (Linux; Android 7.0; SM-A320FL Build/NRD90M; wv) AppleWebKit/537.36 (KHTML, like Gecko) Version/4.0 Chrome/62.0.3202.84 Mobile Safari/537.36 [FB_IAB/FB4A;FBAV/152.0.0.42.136;]"
78.132.90.115 - - [14/Dec/2017:04:01:57 +0100] "GET /img/loading-bars.gif HTTP/1.1" 200 3951 "https://www.easydrivers.at/css/mobile.css" "Mozilla/5.0 (Linux; Android 7.0; SM-A320FL Build/NRD90M; wv) AppleWebKit/537.36 (KHTML, like Gecko) Version/4.0 Chrome/62.0.3202.84 Mobile Safari/537.36 [FB_IAB/FB4A;FBAV/152.0.0.42.136;]"
78.132.90.115 - - [14/Dec/2017:04:01:57 +0100] "POST /loadkursliste HTTP/1.1" 200 421 "https://www.easydrivers.at/kapfenberg.pankl/kurse" "Mozilla/5.0 (Linux; Android 7.0; SM-A320FL Build/NRD90M; wv) AppleWebKit/537.36 (KHTML, like Gecko) Version/4.0 Chrome/62.0.3202.84 Mobile Safari/537.36 [FB_IAB/FB4A;FBAV/152.0.0.42.136;]"
78.132.90.115 - - [14/Dec/2017:04:02:06 +0100] "GET /kapfenberg.pankl/Kurs-Dezember-2017?FS=B HTTP/1.1" 200 3134 "https://www.easydrivers.at/kapfenberg.pankl/kurse" "Mozilla/5.0 (Linux; Android 7.0; SM-A320FL Build/NRD90M; wv) AppleWebKit/537.36 (KHTML, like Gecko) Version/4.0 Chrome/62.0.3202.84 Mobile Safari/537.36 [FB_IAB/FB4A;FBAV/152.0.0.42.136;]"
78.132.90.115 - - [14/Dec/2017:04:02:14 +0100] "GET /kapfenberg.pankl/Kurs-Dezember-2017?FS=B&channel=fullversion HTTP/1.1" 200 5454 "https://www.easydrivers.at/kapfenberg.pankl/Kurs-Dezember-2017?FS=B" "Mozilla/5.0 (Linux; Android 7.0; SM-A320FL Build/NRD90M; wv) AppleWebKit/537.36 (KHTML, like Gecko) Version/4.0 Chrome/62.0.3202.84 Mobile Safari/537.36 [FB_IAB/FB4A;FBAV/152.0.0.42.136;]"
78.132.90.115 - - [14/Dec/2017:04:02:17 +0100] "GET /css/showLoading.css HTTP/1.1" 200 219 "https://www.easydrivers.at/kapfenberg.pankl/Kurs-Dezember-2017?FS=B&channel=fullversion" "Mozilla/5.0 (Linux; Android 7.0; SM-A320FL Build/NRD90M; wv) AppleWebKit/537.36 (KHTML, like Gecko) Version/4.0 Chrome/62.0.3202.84 Mobile Safari/537.36 [FB_IAB/FB4A;FBAV/152.0.0.42.136;]"
78.132.90.115 - - [14/Dec/2017:04:02:17 +0100] "GET /css/style.css HTTP/1.1" 200 5004 "https://www.easydrivers.at/kapfenberg.pankl/Kurs-Dezember-2017?FS=B&channel=fullversion" "Mozilla/5.0 (Linux; Android 7.0; SM-A320FL Build/NRD90M; wv) AppleWebKit/537.36 (KHTML, like Gecko) Version/4.0 Chrome/62.0.3202.84 Mobile Safari/537.36 [FB_IAB/FB4A;FBAV/152.0.0.42.136;]"
78.132.90.115 - - [14/Dec/2017:04:02:17 +0100] "GET /javascript/jquery.customSelect.min.js HTTP/1.1" 200 912 "https://www.easydrivers.at/kapfenberg.pankl/Kurs-Dezember-2017?FS=B&channel=fullversion" "Mozilla/5.0 (Linux; Android 7.0; SM-A320FL Build/NRD90M; wv) AppleWebKit/537.36 (KHTML, like Gecko) Version/4.0 Chrome/62.0.3202.84 Mobile Safari/537.36 [FB_IAB/FB4A;FBAV/152.0.0.42.136;]"
78.132.90.115 - - [14/Dec/2017:04:02:17 +0100] "GET /javascript/portal.js?1221842734 HTTP/1.1" 200 3529 "https://www.easydrivers.at/kapfenberg.pankl/Kurs-Dezember-2017?FS=B&channel=fullversion" "Mozilla/5.0 (Linux; Android 7.0; SM-A320FL Build/NRD90M; wv) AppleWebKit/537.36 (KHTML, like Gecko) Version/4.0 Chrome/62.0.3202.84 Mobile Safari/537.36 [FB_IAB/FB4A;FBAV/152.0.0.42.136;]"
78.132.90.115 - - [14/Dec/2017:04:02:17 +0100] "GET /javascript/fahrschule.js HTTP/1.1" 200 462 "https://www.easydrivers.at/kapfenberg.pankl/Kurs-Dezember-2017?FS=B&channel=fullversion" "Mozilla/5.0 (Linux; Android 7.0; SM-A320FL Build/NRD90M; wv) AppleWebKit/537.36 (KHTML, like Gecko) Version/4.0 Chrome/62.0.3202.84 Mobile Safari/537.36 [FB_IAB/FB4A;FBAV/152.0.0.42.136;]"
78.132.90.115 - - [14/Dec/2017:04:02:17 +0100] "GET /javascript/suche.js HTTP/1.1" 200 209 "https://www.easydrivers.at/kapfenberg.pankl/Kurs-Dezember-2017?FS=B&channel=fullversion" "Mozilla/5.0 (Linux; Android 7.0; SM-A320FL Build/NRD90M; wv) AppleWebKit/537.36 (KHTML, like Gecko) Version/4.0 Chrome/62.0.3202.84 Mobile Safari/537.36 [FB_IAB/FB4A;FBAV/152.0.0.42.136;]"
78.132.90.115 - - [14/Dec/2017:04:02:17 +0100] "GET /img/purple-dots-horizontal.png HTTP/1.1" 200 977 "https://www.easydrivers.at/css/style.css" "Mozilla/5.0 (Linux; Android 7.0; SM-A320FL Build/NRD90M; wv) AppleWebKit/537.36 (KHTML, like Gecko) Version/4.0 Chrome/62.0.3202.84 Mobile Safari/537.36 [FB_IAB/FB4A;FBAV/152.0.0.42.136;]"
78.132.90.115 - - [14/Dec/2017:04:02:17 +0100] "GET /img/ED_Logo.png HTTP/1.1" 200 3385 "https://www.easydrivers.at/css/style.css" "Mozilla/5.0 (Linux; Android 7.0; SM-A320FL Build/NRD90M; wv) AppleWebKit/537.36 (KHTML, like Gecko) Version/4.0 Chrome/62.0.3202.84 Mobile Safari/537.36 [FB_IAB/FB4A;FBAV/152.0.0.42.136;]"
78.132.90.115 - - [14/Dec/2017:04:02:17 +0100] "GET /javascript/jquery.showLoading.min.js HTTP/1.1" 200 1136 "https://www.easydrivers.at/kapfenberg.pankl/Kurs-Dezember-2017?FS=B&channel=fullversion" "Mozilla/5.0 (Linux; Android 7.0; SM-A320FL Build/NRD90M; wv) AppleWebKit/537.36 (KHTML, like Gecko) Version/4.0 Chrome/62.0.3202.84 Mobile Safari/537.36 [FB_IAB/FB4A;FBAV/152.0.0.42.136;]"
78.132.90.115 - - [14/Dec/2017:04:02:17 +0100] "GET /img/bg-header.jpg HTTP/1.1" 200 38680 "https://www.easydrivers.at/css/style.css" "Mozilla/5.0 (Linux; Android 7.0; SM-A320FL Build/NRD90M; wv) AppleWebKit/537.36 (KHTML, like Gecko) Version/4.0 Chrome/62.0.3202.84 Mobile Safari/537.36 [FB_IAB/FB4A;FBAV/152.0.0.42.136;]"
78.132.90.115 - - [14/Dec/2017:04:02:17 +0100] "GET /javascript/jquery.base64.min.js HTTP/1.1" 200 37135 "https://www.easydrivers.at/kapfenberg.pankl/Kurs-Dezember-2017?FS=B&channel=fullversion" "Mozilla/5.0 (Linux; Android 7.0; SM-A320FL Build/NRD90M; wv) AppleWebKit/537.36 (KHTML, like Gecko) Version/4.0 Chrome/62.0.3202.84 Mobile Safari/537.36 [FB_IAB/FB4A;FBAV/152.0.0.42.136;]"
78.132.90.115 - - [14/Dec/2017:04:02:17 +0100] "GET /img/close-button.png HTTP/1.1" 200 2237 "https://www.easydrivers.at/kapfenberg.pankl/Kurs-Dezember-2017?FS=B&channel=fullversion" "Mozilla/5.0 (Linux; Android 7.0; SM-A320FL Build/NRD90M; wv) AppleWebKit/537.36 (KHTML, like Gecko) Version/4.0 Chrome/62.0.3202.84 Mobile Safari/537.36 [FB_IAB/FB4A;FBAV/152.0.0.42.136;]"
78.132.90.115 - - [14/Dec/2017:04:02:17 +0100] "GET /img/facebook-icon.png HTTP/1.1" 200 1506 "https://www.easydrivers.at/kapfenberg.pankl/Kurs-Dezember-2017?FS=B&channel=fullversion" "Mozilla/5.0 (Linux; Android 7.0; SM-A320FL Build/NRD90M; wv) AppleWebKit/537.36 (KHTML, like Gecko) Version/4.0 Chrome/62.0.3202.84 Mobile Safari/537.36 [FB_IAB/FB4A;FBAV/152.0.0.42.136;]"
78.132.90.115 - - [14/Dec/2017:04:02:17 +0100] "GET /img/info-button.png HTTP/1.1" 200 738 "https://www.easydrivers.at/kapfenberg.pankl/Kurs-Dezember-2017?FS=B&channel=fullversion" "Mozilla/5.0 (Linux; Android 7.0; SM-A320FL Build/NRD90M; wv) AppleWebKit/537.36 (KHTML, like Gecko) Version/4.0 Chrome/62.0.3202.84 Mobile Safari/537.36 [FB_IAB/FB4A;FBAV/152.0.0.42.136;]"
78.132.90.115 - - [14/Dec/2017:04:02:18 +0100] "GET /img/top-image-overlay.png HTTP/1.1" 200 20650 "https://www.easydrivers.at/css/style.css" "Mozilla/5.0 (Linux; Android 7.0; SM-A320FL Build/NRD90M; wv) AppleWebKit/537.36 (KHTML, like Gecko) Version/4.0 Chrome/62.0.3202.84 Mobile Safari/537.36 [FB_IAB/FB4A;FBAV/152.0.0.42.136;]"
78.132.90.115 - - [14/Dec/2017:04:02:18 +0100] "GET /img/bg-yellow.jpg HTTP/1.1" 200 2250 "https://www.easydrivers.at/css/style.css" "Mozilla/5.0 (Linux; Android 7.0; SM-A320FL Build/NRD90M; wv) AppleWebKit/537.36 (KHTML, like Gecko) Version/4.0 Chrome/62.0.3202.84 Mobile Safari/537.36 [FB_IAB/FB4A;FBAV/152.0.0.42.136;]"
78.132.90.115 - - [14/Dec/2017:04:02:17 +0100] "GET /img/bg-top-section.jpg HTTP/1.1" 200 82172 "https://www.easydrivers.at/css/style.css" "Mozilla/5.0 (Linux; Android 7.0; SM-A320FL Build/NRD90M; wv) AppleWebKit/537.36 (KHTML, like Gecko) Version/4.0 Chrome/62.0.3202.84 Mobile Safari/537.36 [FB_IAB/FB4A;FBAV/152.0.0.42.136;]"
78.132.90.115 - - [14/Dec/2017:04:02:18 +0100] "GET /img/arrow-up.png HTTP/1.1" 200 1081 "https://www.easydrivers.at/css/style.css" "Mozilla/5.0 (Linux; Android 7.0; SM-A320FL Build/NRD90M; wv) AppleWebKit/537.36 (KHTML, like Gecko) Version/4.0 Chrome/62.0.3202.84 Mobile Safari/537.36 [FB_IAB/FB4A;FBAV/152.0.0.42.136;]"
78.132.90.115 - - [14/Dec/2017:04:02:18 +0100] "GET /img/kursicon-share.png HTTP/1.1" 200 1302 "https://www.easydrivers.at/kapfenberg.pankl/Kurs-Dezember-2017?FS=B&channel=fullversion" "Mozilla/5.0 (Linux; Android 7.0; SM-A320FL Build/NRD90M; wv) AppleWebKit/537.36 (KHTML, like Gecko) Version/4.0 Chrome/62.0.3202.84 Mobile Safari/537.36 [FB_IAB/FB4A;FBAV/152.0.0.42.136;]"
78.132.90.115 - - [14/Dec/2017:04:02:18 +0100] "GET /img/kursicon-phone.png HTTP/1.1" 200 1287 "https://www.easydrivers.at/kapfenberg.pankl/Kurs-Dezember-2017?FS=B&channel=fullversion" "Mozilla/5.0 (Linux; Android 7.0; SM-A320FL Build/NRD90M; wv) AppleWebKit/537.36 (KHTML, like Gecko) Version/4.0 Chrome/62.0.3202.84 Mobile Safari/537.36 [FB_IAB/FB4A;FBAV/152.0.0.42.136;]"
78.132.90.115 - - [14/Dec/2017:04:02:18 +0100] "GET /img/kursicon-print.png HTTP/1.1" 200 1184 "https://www.easydrivers.at/kapfenberg.pankl/Kurs-Dezember-2017?FS=B&channel=fullversion" "Mozilla/5.0 (Linux; Android 7.0; SM-A320FL Build/NRD90M; wv) AppleWebKit/537.36 (KHTML, like Gecko) Version/4.0 Chrome/62.0.3202.84 Mobile Safari/537.36 [FB_IAB/FB4A;FBAV/152.0.0.42.136;]"
78.132.90.115 - - [14/Dec/2017:04:02:18 +0100] "GET /img/kursicon-download.png HTTP/1.1" 200 1218 "https://www.easydrivers.at/kapfenberg.pankl/Kurs-Dezember-2017?FS=B&channel=fullversion" "Mozilla/5.0 (Linux; Android 7.0; SM-A320FL Build/NRD90M; wv) AppleWebKit/537.36 (KHTML, like Gecko) Version/4.0 Chrome/62.0.3202.84 Mobile Safari/537.36 [FB_IAB/FB4A;FBAV/152.0.0.42.136;]"
78.132.90.115 - - [14/Dec/2017:04:02:18 +0100] "GET /img/locator-icon.png HTTP/1.1" 200 1377 "https://www.easydrivers.at/kapfenberg.pankl/Kurs-Dezember-2017?FS=B&channel=fullversion" "Mozilla/5.0 (Linux; Android 7.0; SM-A320FL Build/NRD90M; wv) AppleWebKit/537.36 (KHTML, like Gecko) Version/4.0 Chrome/62.0.3202.84 Mobile Safari/537.36 [FB_IAB/FB4A;FBAV/152.0.0.42.136;]"
78.132.90.115 - - [14/Dec/2017:04:02:18 +0100] "GET /img/close-button-small.png HTTP/1.1" 200 1671 "https://www.easydrivers.at/kapfenberg.pankl/Kurs-Dezember-2017?FS=B&channel=fullversion" "Mozilla/5.0 (Linux; Android 7.0; SM-A320FL Build/NRD90M; wv) AppleWebKit/537.36 (KHTML, like Gecko) Version/4.0 Chrome/62.0.3202.84 Mobile Safari/537.36 [FB_IAB/FB4A;FBAV/152.0.0.42.136;]"
78.132.90.115 - - [14/Dec/2017:04:02:18 +0100] "GET /img/submit-button.png HTTP/1.1" 200 1958 "https://www.easydrivers.at/kapfenberg.pankl/Kurs-Dezember-2017?FS=B&channel=fullversion" "Mozilla/5.0 (Linux; Android 7.0; SM-A320FL Build/NRD90M; wv) AppleWebKit/537.36 (KHTML, like Gecko) Version/4.0 Chrome/62.0.3202.84 Mobile Safari/537.36 [FB_IAB/FB4A;FBAV/152.0.0.42.136;]"
78.132.90.115 - - [14/Dec/2017:04:02:18 +0100] "GET /img/schweiz-icon.png HTTP/1.1" 200 1504 "https://www.easydrivers.at/kapfenberg.pankl/Kurs-Dezember-2017?FS=B&channel=fullversion" "Mozilla/5.0 (Linux; Android 7.0; SM-A320FL Build/NRD90M; wv) AppleWebKit/537.36 (KHTML, like Gecko) Version/4.0 Chrome/62.0.3202.84 Mobile Safari/537.36 [FB_IAB/FB4A;FBAV/152.0.0.42.136;]"
78.132.90.115 - - [14/Dec/2017:04:02:18 +0100] "GET /img/arrow-left.png HTTP/1.1" 200 1015 "https://www.easydrivers.at/css/style.css" "Mozilla/5.0 (Linux; Android 7.0; SM-A320FL Build/NRD90M; wv) AppleWebKit/537.36 (KHTML, like Gecko) Version/4.0 Chrome/62.0.3202.84 Mobile Safari/537.36 [FB_IAB/FB4A;FBAV/152.0.0.42.136;]"
78.132.90.115 - - [14/Dec/2017:04:02:18 +0100] "GET /img/bg-footer.jpg HTTP/1.1" 200 31770 "https://www.easydrivers.at/css/style.css" "Mozilla/5.0 (Linux; Android 7.0; SM-A320FL Build/NRD90M; wv) AppleWebKit/537.36 (KHTML, like Gecko) Version/4.0 Chrome/62.0.3202.84 Mobile Safari/537.36 [FB_IAB/FB4A;FBAV/152.0.0.42.136;]"
