178.165.130.127 - - [14/Dec/2017:07:32:20 +0100] "GET /img/mobile/info-close-button.png HTTP/1.1" 200 1721 "https://www.easydrivers.at/dornbirn" "Mozilla/5.0 (iPhone; CPU iPhone OS 11_1_2 like Mac OS X) AppleWebKit/604.3.5 (KHTML, like Gecko) Version/11.0 Mobile/15B202 Safari/604.1"
178.165.130.127 - - [14/Dec/2017:07:32:20 +0100] "GET /img/smallicon-person.png HTTP/1.1" 200 1141 "https://www.easydrivers.at/dornbirn" "Mozilla/5.0 (iPhone; CPU iPhone OS 11_1_2 like Mac OS X) AppleWebKit/604.3.5 (KHTML, like Gecko) Version/11.0 Mobile/15B202 Safari/604.1"
178.165.130.127 - - [14/Dec/2017:07:32:20 +0100] "GET /javascript/mobile-fahrschule.js HTTP/1.1" 200 328 "https://www.easydrivers.at/dornbirn" "Mozilla/5.0 (iPhone; CPU iPhone OS 11_1_2 like Mac OS X) AppleWebKit/604.3.5 (KHTML, like Gecko) Version/11.0 Mobile/15B202 Safari/604.1"
178.165.130.127 - - [14/Dec/2017:07:32:20 +0100] "GET /img/smallicon-address.png HTTP/1.1" 200 1211 "https://www.easydrivers.at/dornbirn" "Mozilla/5.0 (iPhone; CPU iPhone OS 11_1_2 like Mac OS X) AppleWebKit/604.3.5 (KHTML, like Gecko) Version/11.0 Mobile/15B202 Safari/604.1"
178.165.130.127 - - [14/Dec/2017:07:32:21 +0100] "GET /img/smallicon-time.png HTTP/1.1" 200 1262 "https://www.easydrivers.at/dornbirn" "Mozilla/5.0 (iPhone; CPU iPhone OS 11_1_2 like Mac OS X) AppleWebKit/604.3.5 (KHTML, like Gecko) Version/11.0 Mobile/15B202 Safari/604.1"
178.165.130.127 - - [14/Dec/2017:07:32:21 +0100] "GET /img/smallicon-phone.png HTTP/1.1" 200 3056 "https://www.easydrivers.at/dornbirn" "Mozilla/5.0 (iPhone; CPU iPhone OS 11_1_2 like Mac OS X) AppleWebKit/604.3.5 (KHTML, like Gecko) Version/11.0 Mobile/15B202 Safari/604.1"
178.165.130.127 - - [14/Dec/2017:07:32:21 +0100] "GET /img/smallicon-mail.png HTTP/1.1" 200 1341 "https://www.easydrivers.at/dornbirn" "Mozilla/5.0 (iPhone; CPU iPhone OS 11_1_2 like Mac OS X) AppleWebKit/604.3.5 (KHTML, like Gecko) Version/11.0 Mobile/15B202 Safari/604.1"
46.125.250.96 - - [14/Dec/2017:07:32:26 +0100] "GET /linz?gclid=CjwKCAiAvMPRBRBIEiwABuO6qa0ROQXc6RwTtis2Kgim04UlBUHO8x5gEZ90eOY1mmzhxB5RdzvldBoCEQ0QAvD_BwE HTTP/1.1" 200 3530 "https://www.google.at/" "Mozilla/5.0 (Windows NT 10.0; Win64; x64) AppleWebKit/537.36 (KHTML, like Gecko) Chrome/63.0.3239.84 Safari/537.36"
46.125.250.96 - - [14/Dec/2017:07:32:28 +0100] "GET /css/style.css HTTP/1.1" 200 5004 "https://www.easydrivers.at/linz?gclid=CjwKCAiAvMPRBRBIEiwABuO6qa0ROQXc6RwTtis2Kgim04UlBUHO8x5gEZ90eOY1mmzhxB5RdzvldBoCEQ0QAvD_BwE" "Mozilla/5.0 (Windows NT 10.0; Win64; x64) AppleWebKit/537.36 (KHTML, like Gecko) Chrome/63.0.3239.84 Safari/537.36"
46.125.250.96 - - [14/Dec/2017:07:32:28 +0100] "GET /javascript/jquery.customSelect.min.js HTTP/1.1" 200 912 "https://www.easydrivers.at/linz?gclid=CjwKCAiAvMPRBRBIEiwABuO6qa0ROQXc6RwTtis2Kgim04UlBUHO8x5gEZ90eOY1mmzhxB5RdzvldBoCEQ0QAvD_BwE" "Mozilla/5.0 (Windows NT 10.0; Win64; x64) AppleWebKit/537.36 (KHTML, like Gecko) Chrome/63.0.3239.84 Safari/537.36"
46.125.250.96 - - [14/Dec/2017:07:32:28 +0100] "GET /javascript/jquery.cookie.js HTTP/1.1" 200 863 "https://www.easydrivers.at/linz?gclid=CjwKCAiAvMPRBRBIEiwABuO6qa0ROQXc6RwTtis2Kgim04UlBUHO8x5gEZ90eOY1mmzhxB5RdzvldBoCEQ0QAvD_BwE" "Mozilla/5.0 (Windows NT 10.0; Win64; x64) AppleWebKit/537.36 (KHTML, like Gecko) Chrome/63.0.3239.84 Safari/537.36"
46.125.250.96 - - [14/Dec/2017:07:32:28 +0100] "GET /javascript/jquery.simplemodal.js HTTP/1.1" 200 3070 "https://www.easydrivers.at/linz?gclid=CjwKCAiAvMPRBRBIEiwABuO6qa0ROQXc6RwTtis2Kgim04UlBUHO8x5gEZ90eOY1mmzhxB5RdzvldBoCEQ0QAvD_BwE" "Mozilla/5.0 (Windows NT 10.0; Win64; x64) AppleWebKit/537.36 (KHTML, like Gecko) Chrome/63.0.3239.84 Safari/537.36"
46.125.250.96 - - [14/Dec/2017:07:32:28 +0100] "GET /javascript/portal.js?1221842734 HTTP/1.1" 200 3529 "https://www.easydrivers.at/linz?gclid=CjwKCAiAvMPRBRBIEiwABuO6qa0ROQXc6RwTtis2Kgim04UlBUHO8x5gEZ90eOY1mmzhxB5RdzvldBoCEQ0QAvD_BwE" "Mozilla/5.0 (Windows NT 10.0; Win64; x64) AppleWebKit/537.36 (KHTML, like Gecko) Chrome/63.0.3239.84 Safari/537.36"
46.125.250.96 - - [14/Dec/2017:07:32:29 +0100] "GET /javascript/fahrschule.js HTTP/1.1" 200 462 "https://www.easydrivers.at/linz?gclid=CjwKCAiAvMPRBRBIEiwABuO6qa0ROQXc6RwTtis2Kgim04UlBUHO8x5gEZ90eOY1mmzhxB5RdzvldBoCEQ0QAvD_BwE" "Mozilla/5.0 (Windows NT 10.0; Win64; x64) AppleWebKit/537.36 (KHTML, like Gecko) Chrome/63.0.3239.84 Safari/537.36"
46.125.250.96 - - [14/Dec/2017:07:32:29 +0100] "GET /javascript/lazyload.js HTTP/1.1" 200 1170 "https://www.easydrivers.at/linz?gclid=CjwKCAiAvMPRBRBIEiwABuO6qa0ROQXc6RwTtis2Kgim04UlBUHO8x5gEZ90eOY1mmzhxB5RdzvldBoCEQ0QAvD_BwE" "Mozilla/5.0 (Windows NT 10.0; Win64; x64) AppleWebKit/537.36 (KHTML, like Gecko) Chrome/63.0.3239.84 Safari/537.36"
46.125.250.96 - - [14/Dec/2017:07:32:29 +0100] "GET /img/close-button.png HTTP/1.1" 200 2237 "https://www.easydrivers.at/linz?gclid=CjwKCAiAvMPRBRBIEiwABuO6qa0ROQXc6RwTtis2Kgim04UlBUHO8x5gEZ90eOY1mmzhxB5RdzvldBoCEQ0QAvD_BwE" "Mozilla/5.0 (Windows NT 10.0; Win64; x64) AppleWebKit/537.36 (KHTML, like Gecko) Chrome/63.0.3239.84 Safari/537.36"
46.125.250.96 - - [14/Dec/2017:07:32:29 +0100] "GET /img/locator-icon.png HTTP/1.1" 200 1377 "https://www.easydrivers.at/linz?gclid=CjwKCAiAvMPRBRBIEiwABuO6qa0ROQXc6RwTtis2Kgim04UlBUHO8x5gEZ90eOY1mmzhxB5RdzvldBoCEQ0QAvD_BwE" "Mozilla/5.0 (Windows NT 10.0; Win64; x64) AppleWebKit/537.36 (KHTML, like Gecko) Chrome/63.0.3239.84 Safari/537.36"
46.125.250.96 - - [14/Dec/2017:07:32:29 +0100] "GET /img/facebook-icon.png HTTP/1.1" 200 1506 "https://www.easydrivers.at/linz?gclid=CjwKCAiAvMPRBRBIEiwABuO6qa0ROQXc6RwTtis2Kgim04UlBUHO8x5gEZ90eOY1mmzhxB5RdzvldBoCEQ0QAvD_BwE" "Mozilla/5.0 (Windows NT 10.0; Win64; x64) AppleWebKit/537.36 (KHTML, like Gecko) Chrome/63.0.3239.84 Safari/537.36"
46.125.250.96 - - [14/Dec/2017:07:32:29 +0100] "GET /img/info-button.png HTTP/1.1" 200 738 "https://www.easydrivers.at/linz?gclid=CjwKCAiAvMPRBRBIEiwABuO6qa0ROQXc6RwTtis2Kgim04UlBUHO8x5gEZ90eOY1mmzhxB5RdzvldBoCEQ0QAvD_BwE" "Mozilla/5.0 (Windows NT 10.0; Win64; x64) AppleWebKit/537.36 (KHTML, like Gecko) Chrome/63.0.3239.84 Safari/537.36"
46.125.250.96 - - [14/Dec/2017:07:32:29 +0100] "GET /img/close-button-small.png HTTP/1.1" 200 1671 "https://www.easydrivers.at/linz?gclid=CjwKCAiAvMPRBRBIEiwABuO6qa0ROQXc6RwTtis2Kgim04UlBUHO8x5gEZ90eOY1mmzhxB5RdzvldBoCEQ0QAvD_BwE" "Mozilla/5.0 (Windows NT 10.0; Win64; x64) AppleWebKit/537.36 (KHTML, like Gecko) Chrome/63.0.3239.84 Safari/537.36"
46.125.250.96 - - [14/Dec/2017:07:32:29 +0100] "GET /img/purple-dots-horizontal.png HTTP/1.1" 200 977 "https://www.easydrivers.at/css/style.css" "Mozilla/5.0 (Windows NT 10.0; Win64; x64) AppleWebKit/537.36 (KHTML, like Gecko) Chrome/63.0.3239.84 Safari/537.36"
46.125.250.96 - - [14/Dec/2017:07:32:29 +0100] "GET /img/submit-button.png HTTP/1.1" 200 1958 "https://www.easydrivers.at/linz?gclid=CjwKCAiAvMPRBRBIEiwABuO6qa0ROQXc6RwTtis2Kgim04UlBUHO8x5gEZ90eOY1mmzhxB5RdzvldBoCEQ0QAvD_BwE" "Mozilla/5.0 (Windows NT 10.0; Win64; x64) AppleWebKit/537.36 (KHTML, like Gecko) Chrome/63.0.3239.84 Safari/537.36"
46.125.250.96 - - [14/Dec/2017:07:32:29 +0100] "GET /img/empty.gif HTTP/1.1" 200 43 "https://www.easydrivers.at/linz?gclid=CjwKCAiAvMPRBRBIEiwABuO6qa0ROQXc6RwTtis2Kgim04UlBUHO8x5gEZ90eOY1mmzhxB5RdzvldBoCEQ0QAvD_BwE" "Mozilla/5.0 (Windows NT 10.0; Win64; x64) AppleWebKit/537.36 (KHTML, like Gecko) Chrome/63.0.3239.84 Safari/537.36"
46.125.250.96 - - [14/Dec/2017:07:32:29 +0100] "GET /cache/emu/images/easy-drivers-portal10293349/fb-aktion2jpg_160_84_0.jpg HTTP/1.1" 200 5082 "https://www.easydrivers.at/linz?gclid=CjwKCAiAvMPRBRBIEiwABuO6qa0ROQXc6RwTtis2Kgim04UlBUHO8x5gEZ90eOY1mmzhxB5RdzvldBoCEQ0QAvD_BwE" "Mozilla/5.0 (Windows NT 10.0; Win64; x64) AppleWebKit/537.36 (KHTML, like Gecko) Chrome/63.0.3239.84 Safari/537.36"
46.125.250.96 - - [14/Dec/2017:07:32:29 +0100] "GET /cache/emu/images/easy-drivers-portal10280670/fahrsicherheitstraining-foto-playpng_160_90_0.png HTTP/1.1" 200 28455 "https://www.easydrivers.at/linz?gclid=CjwKCAiAvMPRBRBIEiwABuO6qa0ROQXc6RwTtis2Kgim04UlBUHO8x5gEZ90eOY1mmzhxB5RdzvldBoCEQ0QAvD_BwE" "Mozilla/5.0 (Windows NT 10.0; Win64; x64) AppleWebKit/537.36 (KHTML, like Gecko) Chrome/63.0.3239.84 Safari/537.36"
46.125.250.96 - - [14/Dec/2017:07:32:29 +0100] "GET /img/ED_Logo.png HTTP/1.1" 200 3385 "https://www.easydrivers.at/css/style.css" "Mozilla/5.0 (Windows NT 10.0; Win64; x64) AppleWebKit/537.36 (KHTML, like Gecko) Chrome/63.0.3239.84 Safari/537.36"
46.125.250.96 - - [14/Dec/2017:07:32:29 +0100] "GET /img/yellow-dots-vertical.png HTTP/1.1" 200 981 "https://www.easydrivers.at/css/style.css" "Mozilla/5.0 (Windows NT 10.0; Win64; x64) AppleWebKit/537.36 (KHTML, like Gecko) Chrome/63.0.3239.84 Safari/537.36"
46.125.250.96 - - [14/Dec/2017:07:32:29 +0100] "GET /img/schweiz-icon.png HTTP/1.1" 200 1504 "https://www.easydrivers.at/linz?gclid=CjwKCAiAvMPRBRBIEiwABuO6qa0ROQXc6RwTtis2Kgim04UlBUHO8x5gEZ90eOY1mmzhxB5RdzvldBoCEQ0QAvD_BwE" "Mozilla/5.0 (Windows NT 10.0; Win64; x64) AppleWebKit/537.36 (KHTML, like Gecko) Chrome/63.0.3239.84 Safari/537.36"
46.125.250.96 - - [14/Dec/2017:07:32:29 +0100] "GET /img/bg-footer.jpg HTTP/1.1" 200 31770 "https://www.easydrivers.at/css/style.css" "Mozilla/5.0 (Windows NT 10.0; Win64; x64) AppleWebKit/537.36 (KHTML, like Gecko) Chrome/63.0.3239.84 Safari/537.36"
46.125.250.96 - - [14/Dec/2017:07:32:29 +0100] "GET /img/kursicon-download-pink.png HTTP/1.1" 200 1213 "https://www.easydrivers.at/linz?gclid=CjwKCAiAvMPRBRBIEiwABuO6qa0ROQXc6RwTtis2Kgim04UlBUHO8x5gEZ90eOY1mmzhxB5RdzvldBoCEQ0QAvD_BwE" "Mozilla/5.0 (Windows NT 10.0; Win64; x64) AppleWebKit/537.36 (KHTML, like Gecko) Chrome/63.0.3239.84 Safari/537.36"
46.125.250.96 - - [14/Dec/2017:07:32:29 +0100] "GET /img/kursicon-print-pink.png HTTP/1.1" 200 1125 "https://www.easydrivers.at/linz?gclid=CjwKCAiAvMPRBRBIEiwABuO6qa0ROQXc6RwTtis2Kgim04UlBUHO8x5gEZ90eOY1mmzhxB5RdzvldBoCEQ0QAvD_BwE" "Mozilla/5.0 (Windows NT 10.0; Win64; x64) AppleWebKit/537.36 (KHTML, like Gecko) Chrome/63.0.3239.84 Safari/537.36"
46.125.250.96 - - [14/Dec/2017:07:32:29 +0100] "GET /img/kursicon-share-pink.png HTTP/1.1" 200 1277 "https://www.easydrivers.at/linz?gclid=CjwKCAiAvMPRBRBIEiwABuO6qa0ROQXc6RwTtis2Kgim04UlBUHO8x5gEZ90eOY1mmzhxB5RdzvldBoCEQ0QAvD_BwE" "Mozilla/5.0 (Windows NT 10.0; Win64; x64) AppleWebKit/537.36 (KHTML, like Gecko) Chrome/63.0.3239.84 Safari/537.36"
46.125.250.96 - - [14/Dec/2017:07:32:29 +0100] "GET /img/bg-header.jpg HTTP/1.1" 200 38680 "https://www.easydrivers.at/css/style.css" "Mozilla/5.0 (Windows NT 10.0; Win64; x64) AppleWebKit/537.36 (KHTML, like Gecko) Chrome/63.0.3239.84 Safari/537.36"
46.125.250.96 - - [14/Dec/2017:07:32:29 +0100] "GET /img/bg-top-section.jpg HTTP/1.1" 200 82172 "https://www.easydrivers.at/css/style.css" "Mozilla/5.0 (Windows NT 10.0; Win64; x64) AppleWebKit/537.36 (KHTML, like Gecko) Chrome/63.0.3239.84 Safari/537.36"
46.125.250.96 - - [14/Dec/2017:07:32:30 +0100] "GET /img/kursicon-phone-pink.png HTTP/1.1" 200 1286 "https://www.easydrivers.at/linz?gclid=CjwKCAiAvMPRBRBIEiwABuO6qa0ROQXc6RwTtis2Kgim04UlBUHO8x5gEZ90eOY1mmzhxB5RdzvldBoCEQ0QAvD_BwE" "Mozilla/5.0 (Windows NT 10.0; Win64; x64) AppleWebKit/537.36 (KHTML, like Gecko) Chrome/63.0.3239.84 Safari/537.36"
46.125.250.96 - - [14/Dec/2017:07:32:30 +0100] "GET /css/print.css HTTP/1.1" 200 967 "https://www.easydrivers.at/linz?gclid=CjwKCAiAvMPRBRBIEiwABuO6qa0ROQXc6RwTtis2Kgim04UlBUHO8x5gEZ90eOY1mmzhxB5RdzvldBoCEQ0QAvD_BwE" "Mozilla/5.0 (Windows NT 10.0; Win64; x64) AppleWebKit/537.36 (KHTML, like Gecko) Chrome/63.0.3239.84 Safari/537.36"
46.125.250.96 - - [14/Dec/2017:07:32:31 +0100] "GET /img/new_favicon.ico HTTP/1.1" 301 306 "-" "Mozilla/5.0 (Windows NT 10.0; Win64; x64) AppleWebKit/537.36 (KHTML, like Gecko) Chrome/63.0.3239.84 Safari/537.36"
46.125.250.96 - - [14/Dec/2017:07:32:31 +0100] "GET /img/new_favicon.ico HTTP/1.1" 200 1150 "-" "Mozilla/5.0 (Windows NT 10.0; Win64; x64) AppleWebKit/537.36 (KHTML, like Gecko) Chrome/63.0.3239.84 Safari/537.36"
178.165.130.127 - - [14/Dec/2017:07:32:30 +0100] "GET /ueberuns HTTP/1.1" 200 3288 "https://www.easydrivers.at/dornbirn" "Mozilla/5.0 (iPhone; CPU iPhone OS 11_1_2 like Mac OS X) AppleWebKit/604.3.5 (KHTML, like Gecko) Version/11.0 Mobile/15B202 Safari/604.1"
178.165.130.127 - - [14/Dec/2017:07:32:32 +0100] "GET /binaries/easy-drivers-portal/edwebhistoryillu392x3924jpg.jpg HTTP/1.1" 200 35765 "https://www.easydrivers.at/ueberuns" "Mozilla/5.0 (iPhone; CPU iPhone OS 11_1_2 like Mac OS X) AppleWebKit/604.3.5 (KHTML, like Gecko) Version/11.0 Mobile/15B202 Safari/604.1"
178.165.130.127 - - [14/Dec/2017:07:32:32 +0100] "GET /binaries/easy-drivers-portal/edwebhistoryillu392x3922jpg.jpg HTTP/1.1" 200 32209 "https://www.easydrivers.at/ueberuns" "Mozilla/5.0 (iPhone; CPU iPhone OS 11_1_2 like Mac OS X) AppleWebKit/604.3.5 (KHTML, like Gecko) Version/11.0 Mobile/15B202 Safari/604.1"
178.165.130.127 - - [14/Dec/2017:07:32:32 +0100] "GET /binaries/easy-drivers-portal/edwebhistoryillu392x3923jpg.jpg HTTP/1.1" 200 54656 "https://www.easydrivers.at/ueberuns" "Mozilla/5.0 (iPhone; CPU iPhone OS 11_1_2 like Mac OS X) AppleWebKit/604.3.5 (KHTML, like Gecko) Version/11.0 Mobile/15B202 Safari/604.1"
178.165.130.127 - - [14/Dec/2017:07:32:32 +0100] "GET /binaries/easy-drivers-portal/edwebhistoryillu392x3925jpg.jpg HTTP/1.1" 200 31708 "https://www.easydrivers.at/ueberuns" "Mozilla/5.0 (iPhone; CPU iPhone OS 11_1_2 like Mac OS X) AppleWebKit/604.3.5 (KHTML, like Gecko) Version/11.0 Mobile/15B202 Safari/604.1"
178.165.130.127 - - [14/Dec/2017:07:32:32 +0100] "GET /binaries/easy-drivers-portal/edwebhistoryillu392x3926jpg.jpg HTTP/1.1" 200 41118 "https://www.easydrivers.at/ueberuns" "Mozilla/5.0 (iPhone; CPU iPhone OS 11_1_2 like Mac OS X) AppleWebKit/604.3.5 (KHTML, like Gecko) Version/11.0 Mobile/15B202 Safari/604.1"
178.165.130.127 - - [14/Dec/2017:07:32:33 +0100] "GET /binaries/easy-drivers-portal/edwebhistoryillu392x3928jpg.jpg HTTP/1.1" 200 38907 "https://www.easydrivers.at/ueberuns" "Mozilla/5.0 (iPhone; CPU iPhone OS 11_1_2 like Mac OS X) AppleWebKit/604.3.5 (KHTML, like Gecko) Version/11.0 Mobile/15B202 Safari/604.1"
178.165.130.127 - - [14/Dec/2017:07:32:32 +0100] "GET /binaries/easy-drivers-portal/edwebhistoryillu392x392radjpg.jpg HTTP/1.1" 200 124939 "https://www.easydrivers.at/ueberuns" "Mozilla/5.0 (iPhone; CPU iPhone OS 11_1_2 like Mac OS X) AppleWebKit/604.3.5 (KHTML, like Gecko) Version/11.0 Mobile/15B202 Safari/604.1"
178.165.130.127 - - [14/Dec/2017:07:32:33 +0100] "GET /binaries/easy-drivers-portal/edwebhistoryillu392x3929jpg.jpg HTTP/1.1" 200 31823 "https://www.easydrivers.at/ueberuns" "Mozilla/5.0 (iPhone; CPU iPhone OS 11_1_2 like Mac OS X) AppleWebKit/604.3.5 (KHTML, like Gecko) Version/11.0 Mobile/15B202 Safari/604.1"
178.165.130.127 - - [14/Dec/2017:07:32:34 +0100] "GET /binaries/easy-drivers-portal/edwebhistoryillu392x39211jpg.jpg HTTP/1.1" 200 36282 "https://www.easydrivers.at/ueberuns" "Mozilla/5.0 (iPhone; CPU iPhone OS 11_1_2 like Mac OS X) AppleWebKit/604.3.5 (KHTML, like Gecko) Version/11.0 Mobile/15B202 Safari/604.1"
178.165.130.127 - - [14/Dec/2017:07:32:34 +0100] "GET /binaries/easy-drivers-portal/edwebhistoryillu392x39210jpg.jpg HTTP/1.1" 200 19475 "https://www.easydrivers.at/ueberuns" "Mozilla/5.0 (iPhone; CPU iPhone OS 11_1_2 like Mac OS X) AppleWebKit/604.3.5 (KHTML, like Gecko) Version/11.0 Mobile/15B202 Safari/604.1"
178.165.130.127 - - [14/Dec/2017:07:32:34 +0100] "GET /binaries/easy-drivers-portal/edwebhistoryillu392x39220kpng.png HTTP/1.1" 200 49333 "https://www.easydrivers.at/ueberuns" "Mozilla/5.0 (iPhone; CPU iPhone OS 11_1_2 like Mac OS X) AppleWebKit/604.3.5 (KHTML, like Gecko) Version/11.0 Mobile/15B202 Safari/604.1"
178.165.130.127 - - [14/Dec/2017:07:32:32 +0100] "GET /binaries/easy-drivers-portal/edwebhistoryillu392x3927jpg.jpg HTTP/1.1" 200 71377 "https://www.easydrivers.at/ueberuns" "Mozilla/5.0 (iPhone; CPU iPhone OS 11_1_2 like Mac OS X) AppleWebKit/604.3.5 (KHTML, like Gecko) Version/11.0 Mobile/15B202 Safari/604.1"
88.116.214.132 - - [14/Dec/2017:07:32:37 +0100] "GET /img/ED_Logo.png HTTP/1.1" 301 305 "-" "Mozilla/5.0 (Windows NT 6.1; Win64; x64; rv:57.0) Gecko/20100101 Firefox/57.0"
88.116.214.132 - - [14/Dec/2017:07:32:38 +0100] "GET /img/ED_Logo.png HTTP/1.1" 200 3385 "-" "Mozilla/5.0 (Windows NT 6.1; Win64; x64; rv:57.0) Gecko/20100101 Firefox/57.0"
157.55.39.111 - - [14/Dec/2017:07:32:54 +0100] "GET /schwechat/10280380?FS=B-L HTTP/1.1" 301 311 "-" "Mozilla/5.0 (compatible; bingbot/2.0; +http://www.bing.com/bingbot.htm)"
213.162.72.202 - - [14/Dec/2017:07:33:07 +0100] "GET /ennstal.bad.aussee/wfk-22-12-2017?FS=B HTTP/1.1" 200 3219 "http://m.facebook.com" "Mozilla/5.0 (iPhone; CPU iPhone OS 11_2 like Mac OS X) AppleWebKit/604.4.7 (KHTML, like Gecko) Mobile/15C114 [FBAN/FBIOS;FBAV/146.0.0.73.91;FBBV/75938921;FBDV/iPhone7,2;FBMD/iPhone;FBSN/iOS;FBSV/11.2;FBSS/2;FBCR/tele.ring;FBID/phone;FBLC/de_DE;FBOP/5;FBRV/75938921]"
40.77.167.175 - - [14/Dec/2017:07:33:12 +0100] "GET /horn/10284697?FS=F-Plus HTTP/1.1" 301 312 "-" "Mozilla/5.0 (compatible; bingbot/2.0; +http://www.bing.com/bingbot.htm)"
213.162.72.202 - - [14/Dec/2017:07:33:10 +0100] "GET /ennstal.bad.aussee/img/mobile/easydrivers-logo-mobile.png HTTP/1.1" 404 3061 "-" "Mozilla/5.0 (iPhone; CPU iPhone OS 11_2 like Mac OS X) AppleWebKit/604.4.7 (KHTML, like Gecko) Mobile/15C114 [FBAN/FBIOS;FBAV/146.0.0.73.91;FBBV/75938921;FBDV/iPhone7,2;FBMD/iPhone;FBSN/iOS;FBSV/11.2;FBSS/2;FBCR/tele.ring;FBID/phone;FBLC/de_DE;FBOP/5;FBRV/75938921]"
46.125.250.96 - - [14/Dec/2017:07:33:13 +0100] "GET /linz/kurse HTTP/1.1" 200 4065 "https://www.easydrivers.at/linz?gclid=CjwKCAiAvMPRBRBIEiwABuO6qa0ROQXc6RwTtis2Kgim04UlBUHO8x5gEZ90eOY1mmzhxB5RdzvldBoCEQ0QAvD_BwE" "Mozilla/5.0 (Windows NT 10.0; Win64; x64) AppleWebKit/537.36 (KHTML, like Gecko) Chrome/63.0.3239.84 Safari/537.36"
46.125.250.96 - - [14/Dec/2017:07:33:15 +0100] "GET /css/showLoading.css HTTP/1.1" 200 219 "https://www.easydrivers.at/linz/kurse" "Mozilla/5.0 (Windows NT 10.0; Win64; x64) AppleWebKit/537.36 (KHTML, like Gecko) Chrome/63.0.3239.84 Safari/537.36"
46.125.250.96 - - [14/Dec/2017:07:33:15 +0100] "GET /javascript/jquery.showLoading.min.js HTTP/1.1" 200 1136 "https://www.easydrivers.at/linz/kurse" "Mozilla/5.0 (Windows NT 10.0; Win64; x64) AppleWebKit/537.36 (KHTML, like Gecko) Chrome/63.0.3239.84 Safari/537.36"
46.125.250.96 - - [14/Dec/2017:07:33:15 +0100] "GET /javascript/jquery.base64.min.js HTTP/1.1" 200 37135 "https://www.easydrivers.at/linz/kurse" "Mozilla/5.0 (Windows NT 10.0; Win64; x64) AppleWebKit/537.36 (KHTML, like Gecko) Chrome/63.0.3239.84 Safari/537.36"
46.125.250.96 - - [14/Dec/2017:07:33:16 +0100] "GET /img/bg-yellow.jpg HTTP/1.1" 200 2250 "https://www.easydrivers.at/css/style.css" "Mozilla/5.0 (Windows NT 10.0; Win64; x64) AppleWebKit/537.36 (KHTML, like Gecko) Chrome/63.0.3239.84 Safari/537.36"
46.125.250.96 - - [14/Dec/2017:07:33:16 +0100] "GET /img/top-image-overlay.png HTTP/1.1" 200 20650 "https://www.easydrivers.at/css/style.css" "Mozilla/5.0 (Windows NT 10.0; Win64; x64) AppleWebKit/537.36 (KHTML, like Gecko) Chrome/63.0.3239.84 Safari/537.36"
46.125.250.96 - - [14/Dec/2017:07:33:16 +0100] "GET /binaries/easy-drivers-portal/pkw1jpg.jpg HTTP/1.1" 200 88975 "https://www.easydrivers.at/linz/kurse" "Mozilla/5.0 (Windows NT 10.0; Win64; x64) AppleWebKit/537.36 (KHTML, like Gecko) Chrome/63.0.3239.84 Safari/537.36"
194.107.234.50 - - [14/Dec/2017:07:33:17 +0100] "POST /reumannplatz/kursauswahl HTTP/1.1" 200 4102 "https://www.easydrivers.at/reumannplatz" "Mozilla/5.0 (Windows NT 10.0; WOW64; Trident/7.0; rv:11.0) like Gecko"
194.107.234.50 - - [14/Dec/2017:07:33:19 +0100] "GET /css/showLoading.css HTTP/1.1" 200 219 "https://www.easydrivers.at/reumannplatz/kursauswahl" "Mozilla/5.0 (Windows NT 10.0; WOW64; Trident/7.0; rv:11.0) like Gecko"
194.107.234.50 - - [14/Dec/2017:07:33:19 +0100] "GET /javascript/jquery.showLoading.min.js HTTP/1.1" 200 1136 "https://www.easydrivers.at/reumannplatz/kursauswahl" "Mozilla/5.0 (Windows NT 10.0; WOW64; Trident/7.0; rv:11.0) like Gecko"
194.107.234.50 - - [14/Dec/2017:07:33:19 +0100] "GET /javascript/jquery.base64.min.js HTTP/1.1" 200 37135 "https://www.easydrivers.at/reumannplatz/kursauswahl" "Mozilla/5.0 (Windows NT 10.0; WOW64; Trident/7.0; rv:11.0) like Gecko"
194.107.234.50 - - [14/Dec/2017:07:33:19 +0100] "GET /binaries/easy-drivers-portal/pkw3jpg.jpg HTTP/1.1" 200 90539 "https://www.easydrivers.at/reumannplatz/kursauswahl" "Mozilla/5.0 (Windows NT 10.0; WOW64; Trident/7.0; rv:11.0) like Gecko"
194.107.234.50 - - [14/Dec/2017:07:33:19 +0100] "GET /img/bg-yellow.jpg HTTP/1.1" 200 2250 "https://www.easydrivers.at/reumannplatz/kursauswahl" "Mozilla/5.0 (Windows NT 10.0; WOW64; Trident/7.0; rv:11.0) like Gecko"
194.107.234.50 - - [14/Dec/2017:07:33:19 +0100] "GET /img/arrow-left.png HTTP/1.1" 200 1015 "https://www.easydrivers.at/reumannplatz/kursauswahl" "Mozilla/5.0 (Windows NT 10.0; WOW64; Trident/7.0; rv:11.0) like Gecko"
194.107.234.50 - - [14/Dec/2017:07:33:19 +0100] "GET /img/top-image-overlay.png HTTP/1.1" 200 20650 "https://www.easydrivers.at/reumannplatz/kursauswahl" "Mozilla/5.0 (Windows NT 10.0; WOW64; Trident/7.0; rv:11.0) like Gecko"
194.107.234.50 - - [14/Dec/2017:07:33:23 +0100] "GET /img/loading-bars.gif HTTP/1.1" 200 3951 "https://www.easydrivers.at/reumannplatz/kursauswahl" "Mozilla/5.0 (Windows NT 10.0; WOW64; Trident/7.0; rv:11.0) like Gecko"
194.107.234.50 - - [14/Dec/2017:07:33:23 +0100] "POST /loadkursliste HTTP/1.1" 200 560 "https://www.easydrivers.at/reumannplatz/kursauswahl" "Mozilla/5.0 (Windows NT 10.0; WOW64; Trident/7.0; rv:11.0) like Gecko"
194.107.234.50 - - [14/Dec/2017:07:33:24 +0100] "GET /img/kursicon-print.png HTTP/1.1" 200 1184 "https://www.easydrivers.at/reumannplatz/kursauswahl" "Mozilla/5.0 (Windows NT 10.0; WOW64; Trident/7.0; rv:11.0) like Gecko"
194.107.234.50 - - [14/Dec/2017:07:33:24 +0100] "GET /img/kursicon-share.png HTTP/1.1" 200 1302 "https://www.easydrivers.at/reumannplatz/kursauswahl" "Mozilla/5.0 (Windows NT 10.0; WOW64; Trident/7.0; rv:11.0) like Gecko"
194.107.234.50 - - [14/Dec/2017:07:33:24 +0100] "GET /img/kursicon-download.png HTTP/1.1" 200 1218 "https://www.easydrivers.at/reumannplatz/kursauswahl" "Mozilla/5.0 (Windows NT 10.0; WOW64; Trident/7.0; rv:11.0) like Gecko"
194.107.234.50 - - [14/Dec/2017:07:33:24 +0100] "GET /img/kursicon-phone.png HTTP/1.1" 200 1287 "https://www.easydrivers.at/reumannplatz/kursauswahl" "Mozilla/5.0 (Windows NT 10.0; WOW64; Trident/7.0; rv:11.0) like Gecko"
46.125.250.96 - - [14/Dec/2017:07:33:25 +0100] "GET /linz/aktionen HTTP/1.1" 200 3253 "https://www.easydrivers.at/linz/kurse" "Mozilla/5.0 (Windows NT 10.0; Win64; x64) AppleWebKit/537.36 (KHTML, like Gecko) Chrome/63.0.3239.84 Safari/537.36"
46.125.250.96 - - [14/Dec/2017:07:33:27 +0100] "GET /binaries/easy-drivers-linz-ebelsberg/fb-aktion2jpg-1.jpg HTTP/1.1" 200 55992 "https://www.easydrivers.at/linz/aktionen" "Mozilla/5.0 (Windows NT 10.0; Win64; x64) AppleWebKit/537.36 (KHTML, like Gecko) Chrome/63.0.3239.84 Safari/537.36"
46.125.250.96 - - [14/Dec/2017:07:33:27 +0100] "GET /binaries/easy-drivers-portal/motorrad4jpg.jpg HTTP/1.1" 200 110277 "https://www.easydrivers.at/linz/aktionen" "Mozilla/5.0 (Windows NT 10.0; Win64; x64) AppleWebKit/537.36 (KHTML, like Gecko) Chrome/63.0.3239.84 Safari/537.36"
212.95.5.26 - - [14/Dec/2017:07:33:30 +0100] "GET /voesendorf/10281936?FS=B&gclid=EAIaIQobChMIleXa_fCI2AIVwbvtCh3Vngd0EAAYASAAEgKapPD_BwE HTTP/1.1" 200 3321 "https://www.google.at/" "Mozilla/5.0 (iPhone; CPU iPhone OS 11_1_2 like Mac OS X) AppleWebKit/604.3.5 (KHTML, like Gecko) Version/11.0 Mobile/15B202 Safari/604.1"
212.95.5.26 - - [14/Dec/2017:07:33:33 +0100] "GET /css/mobile.css HTTP/1.1" 200 2852 "https://www.easydrivers.at/voesendorf/10281936?FS=B&gclid=EAIaIQobChMIleXa_fCI2AIVwbvtCh3Vngd0EAAYASAAEgKapPD_BwE" "Mozilla/5.0 (iPhone; CPU iPhone OS 11_1_2 like Mac OS X) AppleWebKit/604.3.5 (KHTML, like Gecko) Version/11.0 Mobile/15B202 Safari/604.1"
212.95.5.26 - - [14/Dec/2017:07:33:33 +0100] "GET /javascript/mobile-menu.js HTTP/1.1" 200 1634 "https://www.easydrivers.at/voesendorf/10281936?FS=B&gclid=EAIaIQobChMIleXa_fCI2AIVwbvtCh3Vngd0EAAYASAAEgKapPD_BwE" "Mozilla/5.0 (iPhone; CPU iPhone OS 11_1_2 like Mac OS X) AppleWebKit/604.3.5 (KHTML, like Gecko) Version/11.0 Mobile/15B202 Safari/604.1"
212.95.5.26 - - [14/Dec/2017:07:33:33 +0100] "GET /javascript/jquery.cookie.js HTTP/1.1" 200 863 "https://www.easydrivers.at/voesendorf/10281936?FS=B&gclid=EAIaIQobChMIleXa_fCI2AIVwbvtCh3Vngd0EAAYASAAEgKapPD_BwE" "Mozilla/5.0 (iPhone; CPU iPhone OS 11_1_2 like Mac OS X) AppleWebKit/604.3.5 (KHTML, like Gecko) Version/11.0 Mobile/15B202 Safari/604.1"
212.95.5.26 - - [14/Dec/2017:07:33:33 +0100] "GET /javascript/jquery-1.9.1.min.js HTTP/1.1" 200 32731 "https://www.easydrivers.at/voesendorf/10281936?FS=B&gclid=EAIaIQobChMIleXa_fCI2AIVwbvtCh3Vngd0EAAYASAAEgKapPD_BwE" "Mozilla/5.0 (iPhone; CPU iPhone OS 11_1_2 like Mac OS X) AppleWebKit/604.3.5 (KHTML, like Gecko) Version/11.0 Mobile/15B202 Safari/604.1"
212.95.5.26 - - [14/Dec/2017:07:33:33 +0100] "GET /javascript/jquery.simplemodal.js HTTP/1.1" 200 3070 "https://www.easydrivers.at/voesendorf/10281936?FS=B&gclid=EAIaIQobChMIleXa_fCI2AIVwbvtCh3Vngd0EAAYASAAEgKapPD_BwE" "Mozilla/5.0 (iPhone; CPU iPhone OS 11_1_2 like Mac OS X) AppleWebKit/604.3.5 (KHTML, like Gecko) Version/11.0 Mobile/15B202 Safari/604.1"
212.95.5.26 - - [14/Dec/2017:07:33:33 +0100] "GET /javascript/mobile-fahrschule.js HTTP/1.1" 200 328 "https://www.easydrivers.at/voesendorf/10281936?FS=B&gclid=EAIaIQobChMIleXa_fCI2AIVwbvtCh3Vngd0EAAYASAAEgKapPD_BwE" "Mozilla/5.0 (iPhone; CPU iPhone OS 11_1_2 like Mac OS X) AppleWebKit/604.3.5 (KHTML, like Gecko) Version/11.0 Mobile/15B202 Safari/604.1"
212.95.5.26 - - [14/Dec/2017:07:33:33 +0100] "GET /javascript/lazyload.js HTTP/1.1" 200 1170 "https://www.easydrivers.at/voesendorf/10281936?FS=B&gclid=EAIaIQobChMIleXa_fCI2AIVwbvtCh3Vngd0EAAYASAAEgKapPD_BwE" "Mozilla/5.0 (iPhone; CPU iPhone OS 11_1_2 like Mac OS X) AppleWebKit/604.3.5 (KHTML, like Gecko) Version/11.0 Mobile/15B202 Safari/604.1"
212.95.5.26 - - [14/Dec/2017:07:33:33 +0100] "GET /img/mobile/easydrivers-logo-mobile.png HTTP/1.1" 200 10766 "https://www.easydrivers.at/voesendorf/10281936?FS=B&gclid=EAIaIQobChMIleXa_fCI2AIVwbvtCh3Vngd0EAAYASAAEgKapPD_BwE" "Mozilla/5.0 (iPhone; CPU iPhone OS 11_1_2 like Mac OS X) AppleWebKit/604.3.5 (KHTML, like Gecko) Version/11.0 Mobile/15B202 Safari/604.1"
212.95.5.26 - - [14/Dec/2017:07:33:33 +0100] "GET /img/mobile/menu-button.png HTTP/1.1" 200 1746 "https://www.easydrivers.at/voesendorf/10281936?FS=B&gclid=EAIaIQobChMIleXa_fCI2AIVwbvtCh3Vngd0EAAYASAAEgKapPD_BwE" "Mozilla/5.0 (iPhone; CPU iPhone OS 11_1_2 like Mac OS X) AppleWebKit/604.3.5 (KHTML, like Gecko) Version/11.0 Mobile/15B202 Safari/604.1"
212.95.5.26 - - [14/Dec/2017:07:33:33 +0100] "GET /img/mobile/close-button.png HTTP/1.1" 200 2411 "https://www.easydrivers.at/voesendorf/10281936?FS=B&gclid=EAIaIQobChMIleXa_fCI2AIVwbvtCh3Vngd0EAAYASAAEgKapPD_BwE" "Mozilla/5.0 (iPhone; CPU iPhone OS 11_1_2 like Mac OS X) AppleWebKit/604.3.5 (KHTML, like Gecko) Version/11.0 Mobile/15B202 Safari/604.1"
212.95.5.26 - - [14/Dec/2017:07:33:33 +0100] "GET /img/mobile/facebook-icon.png HTTP/1.1" 200 1902 "https://www.easydrivers.at/voesendorf/10281936?FS=B&gclid=EAIaIQobChMIleXa_fCI2AIVwbvtCh3Vngd0EAAYASAAEgKapPD_BwE" "Mozilla/5.0 (iPhone; CPU iPhone OS 11_1_2 like Mac OS X) AppleWebKit/604.3.5 (KHTML, like Gecko) Version/11.0 Mobile/15B202 Safari/604.1"
212.95.5.26 - - [14/Dec/2017:07:33:33 +0100] "GET /img/mobile/info-button.png HTTP/1.1" 200 1549 "https://www.easydrivers.at/voesendorf/10281936?FS=B&gclid=EAIaIQobChMIleXa_fCI2AIVwbvtCh3Vngd0EAAYASAAEgKapPD_BwE" "Mozilla/5.0 (iPhone; CPU iPhone OS 11_1_2 like Mac OS X) AppleWebKit/604.3.5 (KHTML, like Gecko) Version/11.0 Mobile/15B202 Safari/604.1"
212.95.5.26 - - [14/Dec/2017:07:33:33 +0100] "GET /img/mobile/info-close-button.png HTTP/1.1" 200 1721 "https://www.easydrivers.at/voesendorf/10281936?FS=B&gclid=EAIaIQobChMIleXa_fCI2AIVwbvtCh3Vngd0EAAYASAAEgKapPD_BwE" "Mozilla/5.0 (iPhone; CPU iPhone OS 11_1_2 like Mac OS X) AppleWebKit/604.3.5 (KHTML, like Gecko) Version/11.0 Mobile/15B202 Safari/604.1"
212.95.5.26 - - [14/Dec/2017:07:33:33 +0100] "GET /img/smallicon-person.png HTTP/1.1" 200 1141 "https://www.easydrivers.at/voesendorf/10281936?FS=B&gclid=EAIaIQobChMIleXa_fCI2AIVwbvtCh3Vngd0EAAYASAAEgKapPD_BwE" "Mozilla/5.0 (iPhone; CPU iPhone OS 11_1_2 like Mac OS X) AppleWebKit/604.3.5 (KHTML, like Gecko) Version/11.0 Mobile/15B202 Safari/604.1"
212.95.5.26 - - [14/Dec/2017:07:33:33 +0100] "GET /img/mobile/googlemaps-pin.png HTTP/1.1" 200 1597 "https://www.easydrivers.at/voesendorf/10281936?FS=B&gclid=EAIaIQobChMIleXa_fCI2AIVwbvtCh3Vngd0EAAYASAAEgKapPD_BwE" "Mozilla/5.0 (iPhone; CPU iPhone OS 11_1_2 like Mac OS X) AppleWebKit/604.3.5 (KHTML, like Gecko) Version/11.0 Mobile/15B202 Safari/604.1"
212.95.5.26 - - [14/Dec/2017:07:33:33 +0100] "GET /img/smallicon-time.png HTTP/1.1" 200 1262 "https://www.easydrivers.at/voesendorf/10281936?FS=B&gclid=EAIaIQobChMIleXa_fCI2AIVwbvtCh3Vngd0EAAYASAAEgKapPD_BwE" "Mozilla/5.0 (iPhone; CPU iPhone OS 11_1_2 like Mac OS X) AppleWebKit/604.3.5 (KHTML, like Gecko) Version/11.0 Mobile/15B202 Safari/604.1"
212.95.5.26 - - [14/Dec/2017:07:33:33 +0100] "GET /img/smallicon-address.png HTTP/1.1" 200 1211 "https://www.easydrivers.at/voesendorf/10281936?FS=B&gclid=EAIaIQobChMIleXa_fCI2AIVwbvtCh3Vngd0EAAYASAAEgKapPD_BwE" "Mozilla/5.0 (iPhone; CPU iPhone OS 11_1_2 like Mac OS X) AppleWebKit/604.3.5 (KHTML, like Gecko) Version/11.0 Mobile/15B202 Safari/604.1"
212.95.5.26 - - [14/Dec/2017:07:33:33 +0100] "GET /img/smallicon-phone.png HTTP/1.1" 200 3056 "https://www.easydrivers.at/voesendorf/10281936?FS=B&gclid=EAIaIQobChMIleXa_fCI2AIVwbvtCh3Vngd0EAAYASAAEgKapPD_BwE" "Mozilla/5.0 (iPhone; CPU iPhone OS 11_1_2 like Mac OS X) AppleWebKit/604.3.5 (KHTML, like Gecko) Version/11.0 Mobile/15B202 Safari/604.1"
212.95.5.26 - - [14/Dec/2017:07:33:33 +0100] "GET /img/smallicon-mail.png HTTP/1.1" 200 1341 "https://www.easydrivers.at/voesendorf/10281936?FS=B&gclid=EAIaIQobChMIleXa_fCI2AIVwbvtCh3Vngd0EAAYASAAEgKapPD_BwE" "Mozilla/5.0 (iPhone; CPU iPhone OS 11_1_2 like Mac OS X) AppleWebKit/604.3.5 (KHTML, like Gecko) Version/11.0 Mobile/15B202 Safari/604.1"
212.95.5.26 - - [14/Dec/2017:07:33:33 +0100] "GET /img/mobile/kursicon-phone.png HTTP/1.1" 200 1932 "https://www.easydrivers.at/voesendorf/10281936?FS=B&gclid=EAIaIQobChMIleXa_fCI2AIVwbvtCh3Vngd0EAAYASAAEgKapPD_BwE" "Mozilla/5.0 (iPhone; CPU iPhone OS 11_1_2 like Mac OS X) AppleWebKit/604.3.5 (KHTML, like Gecko) Version/11.0 Mobile/15B202 Safari/604.1"
212.95.5.26 - - [14/Dec/2017:07:33:33 +0100] "GET /img/mobile/kursicon-share.png HTTP/1.1" 200 2065 "https://www.easydrivers.at/voesendorf/10281936?FS=B&gclid=EAIaIQobChMIleXa_fCI2AIVwbvtCh3Vngd0EAAYASAAEgKapPD_BwE" "Mozilla/5.0 (iPhone; CPU iPhone OS 11_1_2 like Mac OS X) AppleWebKit/604.3.5 (KHTML, like Gecko) Version/11.0 Mobile/15B202 Safari/604.1"
212.95.5.26 - - [14/Dec/2017:07:33:33 +0100] "GET /img/mobile/smallicon-phone.png HTTP/1.1" 200 1311 "https://www.easydrivers.at/voesendorf/10281936?FS=B&gclid=EAIaIQobChMIleXa_fCI2AIVwbvtCh3Vngd0EAAYASAAEgKapPD_BwE" "Mozilla/5.0 (iPhone; CPU iPhone OS 11_1_2 like Mac OS X) AppleWebKit/604.3.5 (KHTML, like Gecko) Version/11.0 Mobile/15B202 Safari/604.1"
212.95.5.26 - - [14/Dec/2017:07:33:33 +0100] "GET /img/mobile/smallicon-mail.png HTTP/1.1" 200 1335 "https://www.easydrivers.at/voesendorf/10281936?FS=B&gclid=EAIaIQobChMIleXa_fCI2AIVwbvtCh3Vngd0EAAYASAAEgKapPD_BwE" "Mozilla/5.0 (iPhone; CPU iPhone OS 11_1_2 like Mac OS X) AppleWebKit/604.3.5 (KHTML, like Gecko) Version/11.0 Mobile/15B202 Safari/604.1"
212.95.5.26 - - [14/Dec/2017:07:33:33 +0100] "GET /img/mobile/bg-menu.jpg HTTP/1.1" 200 1698 "https://www.easydrivers.at/voesendorf/10281936?FS=B&gclid=EAIaIQobChMIleXa_fCI2AIVwbvtCh3Vngd0EAAYASAAEgKapPD_BwE" "Mozilla/5.0 (iPhone; CPU iPhone OS 11_1_2 like Mac OS X) AppleWebKit/604.3.5 (KHTML, like Gecko) Version/11.0 Mobile/15B202 Safari/604.1"
212.95.5.26 - - [14/Dec/2017:07:33:33 +0100] "GET /img/mobile/bg-header.jpg HTTP/1.1" 200 19741 "https://www.easydrivers.at/voesendorf/10281936?FS=B&gclid=EAIaIQobChMIleXa_fCI2AIVwbvtCh3Vngd0EAAYASAAEgKapPD_BwE" "Mozilla/5.0 (iPhone; CPU iPhone OS 11_1_2 like Mac OS X) AppleWebKit/604.3.5 (KHTML, like Gecko) Version/11.0 Mobile/15B202 Safari/604.1"
212.95.5.26 - - [14/Dec/2017:07:33:33 +0100] "GET /img/mobile/pfeil-links-small.png HTTP/1.1" 200 1065 "https://www.easydrivers.at/voesendorf/10281936?FS=B&gclid=EAIaIQobChMIleXa_fCI2AIVwbvtCh3Vngd0EAAYASAAEgKapPD_BwE" "Mozilla/5.0 (iPhone; CPU iPhone OS 11_1_2 like Mac OS X) AppleWebKit/604.3.5 (KHTML, like Gecko) Version/11.0 Mobile/15B202 Safari/604.1"
212.95.5.26 - - [14/Dec/2017:07:33:33 +0100] "GET /img/mobile/bg-top-section.jpg HTTP/1.1" 200 21711 "https://www.easydrivers.at/voesendorf/10281936?FS=B&gclid=EAIaIQobChMIleXa_fCI2AIVwbvtCh3Vngd0EAAYASAAEgKapPD_BwE" "Mozilla/5.0 (iPhone; CPU iPhone OS 11_1_2 like Mac OS X) AppleWebKit/604.3.5 (KHTML, like Gecko) Version/11.0 Mobile/15B202 Safari/604.1"
212.95.5.26 - - [14/Dec/2017:07:33:33 +0100] "GET /img/mobile/bg-yellow.jpg HTTP/1.1" 200 1569 "https://www.easydrivers.at/voesendorf/10281936?FS=B&gclid=EAIaIQobChMIleXa_fCI2AIVwbvtCh3Vngd0EAAYASAAEgKapPD_BwE" "Mozilla/5.0 (iPhone; CPU iPhone OS 11_1_2 like Mac OS X) AppleWebKit/604.3.5 (KHTML, like Gecko) Version/11.0 Mobile/15B202 Safari/604.1"
212.95.5.26 - - [14/Dec/2017:07:33:33 +0100] "GET /img/mobile/pfeil-rechts-small.png HTTP/1.1" 200 1056 "https://www.easydrivers.at/voesendorf/10281936?FS=B&gclid=EAIaIQobChMIleXa_fCI2AIVwbvtCh3Vngd0EAAYASAAEgKapPD_BwE" "Mozilla/5.0 (iPhone; CPU iPhone OS 11_1_2 like Mac OS X) AppleWebKit/604.3.5 (KHTML, like Gecko) Version/11.0 Mobile/15B202 Safari/604.1"
157.55.39.111 - - [14/Dec/2017:07:33:33 +0100] "GET /scheibbs/10249591?FS=B-L HTTP/1.1" 200 6118 "-" "Mozilla/5.0 (compatible; bingbot/2.0; +http://www.bing.com/bingbot.htm)"
212.60.183.206 - - [14/Dec/2017:07:33:37 +0100] "GET /amstetten/weihnachtskurs?FS=B HTTP/1.1" 200 3162 "http://m.facebook.com" "Mozilla/5.0 (iPhone; CPU iPhone OS 11_1_2 like Mac OS X) AppleWebKit/604.3.5 (KHTML, like Gecko) Mobile/15B202 [FBAN/FBIOS;FBAV/152.0.0.45.135;FBBV/83301214;FBDV/iPhone8,1;FBMD/iPhone;FBSN/iOS;FBSV/11.1.2;FBSS/2;FBCR/3Austria;FBID/phone;FBLC/de_DE;FBOP/5;FBRV/84311412]"
213.162.72.202 - - [14/Dec/2017:07:33:40 +0100] "GET /ennstal.bad.aussee/img/mobile/menu-button.png HTTP/1.1" 404 3067 "-" "Mozilla/5.0 (iPhone; CPU iPhone OS 11_2 like Mac OS X) AppleWebKit/604.4.7 (KHTML, like Gecko) Mobile/15C114 [FBAN/FBIOS;FBAV/146.0.0.73.91;FBBV/75938921;FBDV/iPhone7,2;FBMD/iPhone;FBSN/iOS;FBSV/11.2;FBSS/2;FBCR/tele.ring;FBID/phone;FBLC/de_DE;FBOP/5;FBRV/75938921]"
194.107.234.50 - - [14/Dec/2017:07:33:42 +0100] "GET /reumannplatz/kurse HTTP/1.1" 200 4025 "https://www.easydrivers.at/reumannplatz/kursauswahl" "Mozilla/5.0 (Windows NT 10.0; WOW64; Trident/7.0; rv:11.0) like Gecko"
194.107.234.50 - - [14/Dec/2017:07:33:44 +0100] "GET /binaries/easy-drivers-portal/motorrad7jpg.jpg HTTP/1.1" 200 102681 "https://www.easydrivers.at/reumannplatz/kurse" "Mozilla/5.0 (Windows NT 10.0; WOW64; Trident/7.0; rv:11.0) like Gecko"
194.107.234.50 - - [14/Dec/2017:07:33:44 +0100] "POST /loadkursliste HTTP/1.1" 200 560 "https://www.easydrivers.at/reumannplatz/kurse" "Mozilla/5.0 (Windows NT 10.0; WOW64; Trident/7.0; rv:11.0) like Gecko"
157.55.39.233 - - [14/Dec/2017:07:33:52 +0100] "GET /tulln/kursauswahl HTTP/1.1" 301 305 "-" "Mozilla/5.0 (compatible; bingbot/2.0; +http://www.bing.com/bingbot.htm)"
213.162.72.202 - - [14/Dec/2017:07:34:12 +0100] "GET /ennstal.bad.aussee/img/mobile/facebook-icon.png HTTP/1.1" 404 3066 "-" "Mozilla/5.0 (iPhone; CPU iPhone OS 11_2 like Mac OS X) AppleWebKit/604.4.7 (KHTML, like Gecko) Mobile/15C114 [FBAN/FBIOS;FBAV/146.0.0.73.91;FBBV/75938921;FBDV/iPhone7,2;FBMD/iPhone;FBSN/iOS;FBSV/11.2;FBSS/2;FBCR/tele.ring;FBID/phone;FBLC/de_DE;FBOP/5;FBRV/75938921]"
46.125.249.95 - - [14/Dec/2017:07:34:40 +0100] "GET /reumannplatz/10292876?FS=B HTTP/1.1" 200 3048 "http://m.facebook.com" "Mozilla/5.0 (iPhone; CPU iPhone OS 10_3_2 like Mac OS X) AppleWebKit/603.2.4 (KHTML, like Gecko) Mobile/14F89 [FBAN/FBIOS;FBAV/150.0.0.32.132;FBBV/80278251;FBDV/iPhone9,3;FBMD/iPhone;FBSN/iOS;FBSV/10.3.2;FBSS/2;FBCR/T-MobileA;FBID/phone;FBLC/de_DE;FBOP/5;FBRV/82362498]"
40.77.167.175 - - [14/Dec/2017:07:34:43 +0100] "GET /binaries/easy-drivers-rudi-dornbirn/collagejpg.jpg HTTP/1.1" 301 324 "-" "Mozilla/5.0 (compatible; bingbot/2.0; +http://www.bing.com/bingbot.htm)"
213.162.72.202 - - [14/Dec/2017:07:34:42 +0100] "GET /ennstal.bad.aussee/img/mobile/close-button.png HTTP/1.1" 404 3068 "-" "Mozilla/5.0 (iPhone; CPU iPhone OS 11_2 like Mac OS X) AppleWebKit/604.4.7 (KHTML, like Gecko) Mobile/15C114 [FBAN/FBIOS;FBAV/146.0.0.73.91;FBBV/75938921;FBDV/iPhone7,2;FBMD/iPhone;FBSN/iOS;FBSV/11.2;FBSS/2;FBCR/tele.ring;FBID/phone;FBLC/de_DE;FBOP/5;FBRV/75938921]"
40.77.167.56 - - [14/Dec/2017:07:34:46 +0100] "GET /cache/emu/images/10249255/_155_155.jpg HTTP/1.1" 301 319 "-" "Mozilla/5.0 (compatible; bingbot/2.0; +http://www.bing.com/bingbot.htm)"
40.77.167.56 - - [14/Dec/2017:07:34:54 +0100] "GET /cache/emu/images/10249255/_155_155.jpg HTTP/1.1" 200 6203 "-" "Mozilla/5.0 (compatible; bingbot/2.0; +http://www.bing.com/bingbot.htm)"
217.149.172.136 - - [14/Dec/2017:07:35:00 +0100] "GET /tulln/Weihnachtskurs_Abendkurs_Dezember_2017?FS=B HTTP/1.1" 200 3264 "http://m.facebook.com" "Mozilla/5.0 (iPhone; CPU iPhone OS 11_1_2 like Mac OS X) AppleWebKit/604.3.5 (KHTML, like Gecko) Mobile/15B202 [FBAN/FBIOS;FBAV/152.0.0.45.135;FBBV/83301214;FBDV/iPhone7,1;FBMD/iPhone;FBSN/iOS;FBSV/11.1.2;FBSS/3;FBCR/3Austria;FBID/phone;FBLC/de_DE;FBOP/5;FBRV/84141153]"
213.162.72.202 - - [14/Dec/2017:07:35:15 +0100] "GET /ennstal.bad.aussee/img/smallicon-address.png HTTP/1.1" 404 3071 "-" "Mozilla/5.0 (iPhone; CPU iPhone OS 11_2 like Mac OS X) AppleWebKit/604.4.7 (KHTML, like Gecko) Mobile/15C114 [FBAN/FBIOS;FBAV/146.0.0.73.91;FBBV/75938921;FBDV/iPhone7,2;FBMD/iPhone;FBSN/iOS;FBSV/11.2;FBSS/2;FBCR/tele.ring;FBID/phone;FBLC/de_DE;FBOP/5;FBRV/75938921]"
40.77.167.175 - - [14/Dec/2017:07:35:18 +0100] "GET /linz/10284323?FS=B-L17 HTTP/1.1" 410 3430 "-" "Mozilla/5.0 (compatible; bingbot/2.0; +http://www.bing.com/bingbot.htm)"
40.77.167.175 - - [14/Dec/2017:07:35:20 +0100] "GET /binaries/easy-drivers-rudi-dornbirn/collagejpg.jpg HTTP/1.1" 200 1095533 "-" "Mozilla/5.0 (compatible; bingbot/2.0; +http://www.bing.com/bingbot.htm)"
79.106.13.165 - - [14/Dec/2017:07:35:31 +0100] "GET /wp-login.php HTTP/1.1" 301 399 "-" "Mozilla/5.0 (Windows NT 6.1; WOW64; rv:40.0) Gecko/20100101 Firefox/40.1"
79.106.13.165 - - [14/Dec/2017:07:35:32 +0100] "GET /wp-login.php HTTP/1.1" 404 8398 "-" "Mozilla/5.0 (Windows NT 6.1; WOW64; rv:40.0) Gecko/20100101 Firefox/40.1"
79.106.13.165 - - [14/Dec/2017:07:35:33 +0100] "GET / HTTP/1.1" 301 387 "-" "Mozilla/5.0 (Windows NT 6.1; WOW64; rv:40.0) Gecko/20100101 Firefox/40.1"
79.106.13.165 - - [14/Dec/2017:07:35:34 +0100] "GET / HTTP/1.1" 200 15887 "-" "Mozilla/5.0 (Windows NT 6.1; WOW64; rv:40.0) Gecko/20100101 Firefox/40.1"
213.162.72.202 - - [14/Dec/2017:07:35:45 +0100] "GET /ennstal.bad.aussee/img/mobile/info-close-button.png HTTP/1.1" 404 3071 "-" "Mozilla/5.0 (iPhone; CPU iPhone OS 11_2 like Mac OS X) AppleWebKit/604.4.7 (KHTML, like Gecko) Mobile/15C114 [FBAN/FBIOS;FBAV/146.0.0.73.91;FBBV/75938921;FBDV/iPhone7,2;FBMD/iPhone;FBSN/iOS;FBSV/11.2;FBSS/2;FBCR/tele.ring;FBID/phone;FBLC/de_DE;FBOP/5;FBRV/75938921]"
40.77.167.175 - - [14/Dec/2017:07:36:13 +0100] "GET /fahrschulen/wien HTTP/1.1" 200 3030 "-" "Mozilla/5.0 (compatible; bingbot/2.0; +http://www.bing.com/bingbot.htm)"
78.104.52.101 - - [14/Dec/2017:07:36:13 +0100] "GET /steyr/kurse HTTP/1.1" 200 3200 "http://m.facebook.com/" "Mozilla/5.0 (Linux; Android 6.0; PLK-L01 Build/HONORPLK-L01; wv) AppleWebKit/537.36 (KHTML, like Gecko) Version/4.0 Chrome/63.0.3239.83 Mobile Safari/537.36 [FB_IAB/FB4A;FBAV/152.0.0.42.136;]"
213.162.72.202 - - [14/Dec/2017:07:36:19 +0100] "GET /ennstal.bad.aussee/img/smallicon-person.png HTTP/1.1" 404 3069 "-" "Mozilla/5.0 (iPhone; CPU iPhone OS 11_2 like Mac OS X) AppleWebKit/604.4.7 (KHTML, like Gecko) Mobile/15C114 [FBAN/FBIOS;FBAV/146.0.0.73.91;FBBV/75938921;FBDV/iPhone7,2;FBMD/iPhone;FBSN/iOS;FBSV/11.2;FBSS/2;FBCR/tele.ring;FBID/phone;FBLC/de_DE;FBOP/5;FBRV/75938921]"
91.115.41.207 - - [14/Dec/2017:07:36:34 +0100] "GET / HTTP/1.1" 301 293 "http://www.google.at/" "Mozilla/5.0 (Linux; Android 7.0; HUAWEI VNS-L21 Build/HUAWEIVNS-L21) AppleWebKit/537.36 (KHTML, like Gecko) Chrome/63.0.3239.83 Mobile Safari/537.36"
91.115.41.207 - - [14/Dec/2017:07:36:35 +0100] "GET / HTTP/1.1" 200 3552 "http://www.google.at/" "Mozilla/5.0 (Linux; Android 7.0; HUAWEI VNS-L21 Build/HUAWEIVNS-L21) AppleWebKit/537.36 (KHTML, like Gecko) Chrome/63.0.3239.83 Mobile Safari/537.36"
91.115.41.207 - - [14/Dec/2017:07:36:36 +0100] "GET /css/mobile.css HTTP/1.1" 200 2852 "https://www.easydrivers.at/" "Mozilla/5.0 (Linux; Android 7.0; HUAWEI VNS-L21 Build/HUAWEIVNS-L21) AppleWebKit/537.36 (KHTML, like Gecko) Chrome/63.0.3239.83 Mobile Safari/537.36"
91.115.41.207 - - [14/Dec/2017:07:36:37 +0100] "GET /javascript/jquery.cookie.js HTTP/1.1" 200 863 "https://www.easydrivers.at/" "Mozilla/5.0 (Linux; Android 7.0; HUAWEI VNS-L21 Build/HUAWEIVNS-L21) AppleWebKit/537.36 (KHTML, like Gecko) Chrome/63.0.3239.83 Mobile Safari/537.36"
91.115.41.207 - - [14/Dec/2017:07:36:37 +0100] "GET /javascript/jquery-1.9.1.min.js HTTP/1.1" 200 32731 "https://www.easydrivers.at/" "Mozilla/5.0 (Linux; Android 7.0; HUAWEI VNS-L21 Build/HUAWEIVNS-L21) AppleWebKit/537.36 (KHTML, like Gecko) Chrome/63.0.3239.83 Mobile Safari/537.36"
91.115.41.207 - - [14/Dec/2017:07:36:37 +0100] "GET /javascript/mobile-menu.js HTTP/1.1" 200 1634 "https://www.easydrivers.at/" "Mozilla/5.0 (Linux; Android 7.0; HUAWEI VNS-L21 Build/HUAWEIVNS-L21) AppleWebKit/537.36 (KHTML, like Gecko) Chrome/63.0.3239.83 Mobile Safari/537.36"
91.115.41.207 - - [14/Dec/2017:07:36:37 +0100] "GET /javascript/jquery.simplemodal.js HTTP/1.1" 200 3070 "https://www.easydrivers.at/" "Mozilla/5.0 (Linux; Android 7.0; HUAWEI VNS-L21 Build/HUAWEIVNS-L21) AppleWebKit/537.36 (KHTML, like Gecko) Chrome/63.0.3239.83 Mobile Safari/537.36"
91.115.41.207 - - [14/Dec/2017:07:36:37 +0100] "GET /javascript/mobile-homesearch.js HTTP/1.1" 200 340 "https://www.easydrivers.at/" "Mozilla/5.0 (Linux; Android 7.0; HUAWEI VNS-L21 Build/HUAWEIVNS-L21) AppleWebKit/537.36 (KHTML, like Gecko) Chrome/63.0.3239.83 Mobile Safari/537.36"
91.115.41.207 - - [14/Dec/2017:07:36:37 +0100] "GET /javascript/lazyload.js HTTP/1.1" 200 1170 "https://www.easydrivers.at/" "Mozilla/5.0 (Linux; Android 7.0; HUAWEI VNS-L21 Build/HUAWEIVNS-L21) AppleWebKit/537.36 (KHTML, like Gecko) Chrome/63.0.3239.83 Mobile Safari/537.36"
91.115.41.207 - - [14/Dec/2017:07:36:37 +0100] "GET /img/mobile/easydrivers-logo-mobile.png HTTP/1.1" 200 10766 "https://www.easydrivers.at/" "Mozilla/5.0 (Linux; Android 7.0; HUAWEI VNS-L21 Build/HUAWEIVNS-L21) AppleWebKit/537.36 (KHTML, like Gecko) Chrome/63.0.3239.83 Mobile Safari/537.36"
91.115.41.207 - - [14/Dec/2017:07:36:37 +0100] "GET /img/mobile/menu-button.png HTTP/1.1" 200 1746 "https://www.easydrivers.at/" "Mozilla/5.0 (Linux; Android 7.0; HUAWEI VNS-L21 Build/HUAWEIVNS-L21) AppleWebKit/537.36 (KHTML, like Gecko) Chrome/63.0.3239.83 Mobile Safari/537.36"
91.115.41.207 - - [14/Dec/2017:07:36:37 +0100] "GET /img/mobile/close-button.png HTTP/1.1" 200 2411 "https://www.easydrivers.at/" "Mozilla/5.0 (Linux; Android 7.0; HUAWEI VNS-L21 Build/HUAWEIVNS-L21) AppleWebKit/537.36 (KHTML, like Gecko) Chrome/63.0.3239.83 Mobile Safari/537.36"
91.115.41.207 - - [14/Dec/2017:07:36:37 +0100] "GET /img/mobile/facebook-icon.png HTTP/1.1" 200 1902 "https://www.easydrivers.at/" "Mozilla/5.0 (Linux; Android 7.0; HUAWEI VNS-L21 Build/HUAWEIVNS-L21) AppleWebKit/537.36 (KHTML, like Gecko) Chrome/63.0.3239.83 Mobile Safari/537.36"
91.115.41.207 - - [14/Dec/2017:07:36:37 +0100] "GET /img/mobile/widget-icon-app.png HTTP/1.1" 200 3458 "https://www.easydrivers.at/" "Mozilla/5.0 (Linux; Android 7.0; HUAWEI VNS-L21 Build/HUAWEIVNS-L21) AppleWebKit/537.36 (KHTML, like Gecko) Chrome/63.0.3239.83 Mobile Safari/537.36"
91.115.41.207 - - [14/Dec/2017:07:36:37 +0100] "GET /img/mobile/bg-header.jpg HTTP/1.1" 200 19741 "https://www.easydrivers.at/css/mobile.css" "Mozilla/5.0 (Linux; Android 7.0; HUAWEI VNS-L21 Build/HUAWEIVNS-L21) AppleWebKit/537.36 (KHTML, like Gecko) Chrome/63.0.3239.83 Mobile Safari/537.36"
91.115.41.207 - - [14/Dec/2017:07:36:37 +0100] "GET /img/mobile/bg-menu.jpg HTTP/1.1" 200 1698 "https://www.easydrivers.at/css/mobile.css" "Mozilla/5.0 (Linux; Android 7.0; HUAWEI VNS-L21 Build/HUAWEIVNS-L21) AppleWebKit/537.36 (KHTML, like Gecko) Chrome/63.0.3239.83 Mobile Safari/537.36"
91.115.41.207 - - [14/Dec/2017:07:36:37 +0100] "GET /img/mobile/bg-top-section.jpg HTTP/1.1" 200 21711 "https://www.easydrivers.at/css/mobile.css" "Mozilla/5.0 (Linux; Android 7.0; HUAWEI VNS-L21 Build/HUAWEIVNS-L21) AppleWebKit/537.36 (KHTML, like Gecko) Chrome/63.0.3239.83 Mobile Safari/537.36"
91.115.41.207 - - [14/Dec/2017:07:36:37 +0100] "GET /img/mobile/pfeil-rechts.png HTTP/1.1" 200 1228 "https://www.easydrivers.at/css/mobile.css" "Mozilla/5.0 (Linux; Android 7.0; HUAWEI VNS-L21 Build/HUAWEIVNS-L21) AppleWebKit/537.36 (KHTML, like Gecko) Chrome/63.0.3239.83 Mobile Safari/537.36"
91.115.41.207 - - [14/Dec/2017:07:36:38 +0100] "GET /img/favicon.ico HTTP/1.1" 301 303 "-" "Mozilla/5.0 (Linux; Android 7.0; HUAWEI VNS-L21 Build/HUAWEIVNS-L21) AppleWebKit/537.36 (KHTML, like Gecko) Chrome/63.0.3239.83 Mobile Safari/537.36"
91.115.41.207 - - [14/Dec/2017:07:36:38 +0100] "GET /img/favicon.ico HTTP/1.1" 404 301 "-" "Mozilla/5.0 (Linux; Android 7.0; HUAWEI VNS-L21 Build/HUAWEIVNS-L21) AppleWebKit/537.36 (KHTML, like Gecko) Chrome/63.0.3239.83 Mobile Safari/537.36"
46.124.118.132 - - [14/Dec/2017:07:36:47 +0100] "GET /ennstal.bad.aussee/wfk-22-12-2017?FS=B HTTP/1.1" 200 3219 "http://m.facebook.com" "Mozilla/5.0 (iPhone; CPU iPhone OS 11_1_2 like Mac OS X) AppleWebKit/604.3.5 (KHTML, like Gecko) Mobile/15B202 [FBAN/FBIOS;FBAV/148.0.0.45.64;FBBV/78032376;FBDV/iPhone8,1;FBMD/iPhone;FBSN/iOS;FBSV/11.1.2;FBSS/2;FBCR/A1;FBID/phone;FBLC/de_DE;FBOP/5;FBRV/79865963]"
213.162.72.202 - - [14/Dec/2017:07:36:49 +0100] "GET /ennstal.bad.aussee/img/smallicon-time.png HTTP/1.1" 404 3072 "-" "Mozilla/5.0 (iPhone; CPU iPhone OS 11_2 like Mac OS X) AppleWebKit/604.4.7 (KHTML, like Gecko) Mobile/15C114 [FBAN/FBIOS;FBAV/146.0.0.73.91;FBBV/75938921;FBDV/iPhone7,2;FBMD/iPhone;FBSN/iOS;FBSV/11.2;FBSS/2;FBCR/tele.ring;FBID/phone;FBLC/de_DE;FBOP/5;FBRV/75938921]"
212.95.5.152 - - [14/Dec/2017:07:36:54 +0100] "GET /enns/Abendkurs-22Dez2016?FS=B HTTP/1.1" 404 3065 "http://m.facebook.com" "Mozilla/5.0 (iPhone; CPU iPhone OS 11_1_2 like Mac OS X) AppleWebKit/604.3.5 (KHTML, like Gecko) Mobile/15B202 [FBAN/FBIOS;FBAV/152.0.0.45.135;FBBV/83301214;FBDV/iPhone9,3;FBMD/iPhone;FBSN/iOS;FBSV/11.1.2;FBSS/2;FBCR/T-MobileA;FBID/phone;FBLC/de_DE;FBOP/5;FBRV/84311412]"
77.119.129.238 - - [14/Dec/2017:07:36:56 +0100] "GET /steyr/kurse HTTP/1.1" 200 3200 "http://m.facebook.com" "Mozilla/5.0 (iPhone; CPU iPhone OS 10_3_3 like Mac OS X) AppleWebKit/603.3.8 (KHTML, like Gecko) Mobile/14G60 [FBAN/FBIOS;FBAV/150.0.0.32.132;FBBV/80278251;FBDV/iPhone8,1;FBMD/iPhone;FBSN/iOS;FBSV/10.3.3;FBSS/2;FBCR/3Austria;FBID/phone;FBLC/de_DE;FBOP/5;FBRV/82362498]"
46.124.118.132 - - [14/Dec/2017:07:37:00 +0100] "GET /ennstal.bad.aussee/img/mobile/easydrivers-logo-mobile.png HTTP/1.1" 404 3061 "-" "Mozilla/5.0 (iPhone; CPU iPhone OS 11_1_2 like Mac OS X) AppleWebKit/604.3.5 (KHTML, like Gecko) Mobile/15B202 [FBAN/FBIOS;FBAV/148.0.0.45.64;FBBV/78032376;FBDV/iPhone8,1;FBMD/iPhone;FBSN/iOS;FBSV/11.1.2;FBSS/2;FBCR/A1;FBID/phone;FBLC/de_DE;FBOP/5;FBRV/79865963]"
80.123.24.219 - - [14/Dec/2017:07:37:14 +0100] "GET /ennstal.schladming/wfk-22-12-2017?FS=B HTTP/1.1" 200 3217 "http://m.facebook.com" "Mozilla/5.0 (iPhone; CPU iPhone OS 11_1_2 like Mac OS X) AppleWebKit/604.3.5 (KHTML, like Gecko) Mobile/15B202 [FBAN/FBIOS;FBAV/152.0.0.45.135;FBBV/83301214;FBDV/iPhone8,4;FBMD/iPhone;FBSN/iOS;FBSV/11.1.2;FBSS/2;FBCR/A1;FBID/phone;FBLC/de_DE;FBOP/5;FBRV/84311412]"
80.123.24.219 - - [14/Dec/2017:07:37:15 +0100] "GET /ennstal.schladming/wfk-22-12-2017?FS=B HTTP/1.1" 200 3217 "http://m.facebook.com" "Mozilla/5.0 (iPhone; CPU iPhone OS 11_1_2 like Mac OS X) AppleWebKit/604.3.5 (KHTML, like Gecko) Mobile/15B202 [FBAN/FBIOS;FBAV/152.0.0.45.135;FBBV/83301214;FBDV/iPhone8,4;FBMD/iPhone;FBSN/iOS;FBSV/11.1.2;FBSS/2;FBCR/A1;FBID/phone;FBLC/de_DE;FBOP/5;FBRV/84311412]"
46.124.118.132 - - [14/Dec/2017:07:37:30 +0100] "GET /ennstal.bad.aussee/img/mobile/menu-button.png HTTP/1.1" 404 3067 "-" "Mozilla/5.0 (iPhone; CPU iPhone OS 11_1_2 like Mac OS X) AppleWebKit/604.3.5 (KHTML, like Gecko) Mobile/15B202 [FBAN/FBIOS;FBAV/148.0.0.45.64;FBBV/78032376;FBDV/iPhone8,1;FBMD/iPhone;FBSN/iOS;FBSV/11.1.2;FBSS/2;FBCR/A1;FBID/phone;FBLC/de_DE;FBOP/5;FBRV/79865963]"
213.173.64.44 - - [14/Dec/2017:07:37:33 +0100] "GET /ennstal.schladming/wfk-22-12-2017?FS=B HTTP/1.1" 200 3217 "http://m.facebook.com" "Mozilla/5.0 (iPhone; CPU iPhone OS 11_2 like Mac OS X) AppleWebKit/604.4.7 (KHTML, like Gecko) Mobile/15C5110b [FBAN/FBIOS;FBAV/152.0.0.45.135;FBBV/83301214;FBDV/iPhone9,4;FBMD/iPhone;FBSN/iOS;FBSV/11.2;FBSS/3;FBCR/A1;FBID/phone;FBLC/de_DE;FBOP/5;FBRV/84311412]"
213.173.64.44 - - [14/Dec/2017:07:37:35 +0100] "GET /ennstal.schladming/img/mobile/easydrivers-logo-mobile.png HTTP/1.1" 404 3061 "-" "Mozilla/5.0 (iPhone; CPU iPhone OS 11_2 like Mac OS X) AppleWebKit/604.4.7 (KHTML, like Gecko) Mobile/15C5110b [FBAN/FBIOS;FBAV/152.0.0.45.135;FBBV/83301214;FBDV/iPhone9,4;FBMD/iPhone;FBSN/iOS;FBSV/11.2;FBSS/3;FBCR/A1;FBID/phone;FBLC/de_DE;FBOP/5;FBRV/84311412]"
