213.225.38.226 - - [14/Dec/2017:02:22:49 +0100] "GET /javascript/mobile-menu.js HTTP/1.1" 200 1634 "https://www.easydrivers.at/voesendorf/10281936?FS=B&gclid=CjwKCAiAvMPRBRBIEiwABuO6qQtjBNfhkSt0SSFJ7pHJDpdQ5OlEXY4UeUgLSqY4v6Fu_2F3e1mATBoCuZkQAvD_BwE" "Mozilla/5.0 (Linux; Android 7.0; SM-A520F Build/NRD90M) AppleWebKit/537.36 (KHTML, like Gecko) Chrome/62.0.3202.84 Mobile Safari/537.36"
213.225.38.226 - - [14/Dec/2017:02:22:49 +0100] "GET /javascript/jquery.simplemodal.js HTTP/1.1" 200 3070 "https://www.easydrivers.at/voesendorf/10281936?FS=B&gclid=CjwKCAiAvMPRBRBIEiwABuO6qQtjBNfhkSt0SSFJ7pHJDpdQ5OlEXY4UeUgLSqY4v6Fu_2F3e1mATBoCuZkQAvD_BwE" "Mozilla/5.0 (Linux; Android 7.0; SM-A520F Build/NRD90M) AppleWebKit/537.36 (KHTML, like Gecko) Chrome/62.0.3202.84 Mobile Safari/537.36"
213.225.38.226 - - [14/Dec/2017:02:22:50 +0100] "GET /img/mobile/bg-header.jpg HTTP/1.1" 200 19741 "https://www.easydrivers.at/css/mobile.css" "Mozilla/5.0 (Linux; Android 7.0; SM-A520F Build/NRD90M) AppleWebKit/537.36 (KHTML, like Gecko) Chrome/62.0.3202.84 Mobile Safari/537.36"
213.225.38.226 - - [14/Dec/2017:02:22:50 +0100] "GET /javascript/mobile-fahrschule.js HTTP/1.1" 200 328 "https://www.easydrivers.at/voesendorf/10281936?FS=B&gclid=CjwKCAiAvMPRBRBIEiwABuO6qQtjBNfhkSt0SSFJ7pHJDpdQ5OlEXY4UeUgLSqY4v6Fu_2F3e1mATBoCuZkQAvD_BwE" "Mozilla/5.0 (Linux; Android 7.0; SM-A520F Build/NRD90M) AppleWebKit/537.36 (KHTML, like Gecko) Chrome/62.0.3202.84 Mobile Safari/537.36"
213.225.38.226 - - [14/Dec/2017:02:22:50 +0100] "GET /javascript/lazyload.js HTTP/1.1" 200 1170 "https://www.easydrivers.at/voesendorf/10281936?FS=B&gclid=CjwKCAiAvMPRBRBIEiwABuO6qQtjBNfhkSt0SSFJ7pHJDpdQ5OlEXY4UeUgLSqY4v6Fu_2F3e1mATBoCuZkQAvD_BwE" "Mozilla/5.0 (Linux; Android 7.0; SM-A520F Build/NRD90M) AppleWebKit/537.36 (KHTML, like Gecko) Chrome/62.0.3202.84 Mobile Safari/537.36"
213.225.38.226 - - [14/Dec/2017:02:22:50 +0100] "GET /img/mobile/close-button.png HTTP/1.1" 200 2411 "https://www.easydrivers.at/voesendorf/10281936?FS=B&gclid=CjwKCAiAvMPRBRBIEiwABuO6qQtjBNfhkSt0SSFJ7pHJDpdQ5OlEXY4UeUgLSqY4v6Fu_2F3e1mATBoCuZkQAvD_BwE" "Mozilla/5.0 (Linux; Android 7.0; SM-A520F Build/NRD90M) AppleWebKit/537.36 (KHTML, like Gecko) Chrome/62.0.3202.84 Mobile Safari/537.36"
213.225.38.226 - - [14/Dec/2017:02:22:50 +0100] "GET /img/mobile/menu-button.png HTTP/1.1" 200 1746 "https://www.easydrivers.at/voesendorf/10281936?FS=B&gclid=CjwKCAiAvMPRBRBIEiwABuO6qQtjBNfhkSt0SSFJ7pHJDpdQ5OlEXY4UeUgLSqY4v6Fu_2F3e1mATBoCuZkQAvD_BwE" "Mozilla/5.0 (Linux; Android 7.0; SM-A520F Build/NRD90M) AppleWebKit/537.36 (KHTML, like Gecko) Chrome/62.0.3202.84 Mobile Safari/537.36"
213.225.38.226 - - [14/Dec/2017:02:22:50 +0100] "GET /img/mobile/easydrivers-logo-mobile.png HTTP/1.1" 200 10766 "https://www.easydrivers.at/voesendorf/10281936?FS=B&gclid=CjwKCAiAvMPRBRBIEiwABuO6qQtjBNfhkSt0SSFJ7pHJDpdQ5OlEXY4UeUgLSqY4v6Fu_2F3e1mATBoCuZkQAvD_BwE" "Mozilla/5.0 (Linux; Android 7.0; SM-A520F Build/NRD90M) AppleWebKit/537.36 (KHTML, like Gecko) Chrome/62.0.3202.84 Mobile Safari/537.36"
213.225.38.226 - - [14/Dec/2017:02:22:50 +0100] "GET /img/mobile/bg-yellow.jpg HTTP/1.1" 200 1569 "https://www.easydrivers.at/css/mobile.css" "Mozilla/5.0 (Linux; Android 7.0; SM-A520F Build/NRD90M) AppleWebKit/537.36 (KHTML, like Gecko) Chrome/62.0.3202.84 Mobile Safari/537.36"
213.225.38.226 - - [14/Dec/2017:02:22:50 +0100] "GET /img/mobile/kursicon-share.png HTTP/1.1" 200 2065 "https://www.easydrivers.at/voesendorf/10281936?FS=B&gclid=CjwKCAiAvMPRBRBIEiwABuO6qQtjBNfhkSt0SSFJ7pHJDpdQ5OlEXY4UeUgLSqY4v6Fu_2F3e1mATBoCuZkQAvD_BwE" "Mozilla/5.0 (Linux; Android 7.0; SM-A520F Build/NRD90M) AppleWebKit/537.36 (KHTML, like Gecko) Chrome/62.0.3202.84 Mobile Safari/537.36"
213.225.38.226 - - [14/Dec/2017:02:22:50 +0100] "GET /img/mobile/info-button.png HTTP/1.1" 200 1549 "https://www.easydrivers.at/voesendorf/10281936?FS=B&gclid=CjwKCAiAvMPRBRBIEiwABuO6qQtjBNfhkSt0SSFJ7pHJDpdQ5OlEXY4UeUgLSqY4v6Fu_2F3e1mATBoCuZkQAvD_BwE" "Mozilla/5.0 (Linux; Android 7.0; SM-A520F Build/NRD90M) AppleWebKit/537.36 (KHTML, like Gecko) Chrome/62.0.3202.84 Mobile Safari/537.36"
213.225.38.226 - - [14/Dec/2017:02:22:50 +0100] "GET /img/mobile/bg-top-section.jpg HTTP/1.1" 200 21711 "https://www.easydrivers.at/css/mobile.css" "Mozilla/5.0 (Linux; Android 7.0; SM-A520F Build/NRD90M) AppleWebKit/537.36 (KHTML, like Gecko) Chrome/62.0.3202.84 Mobile Safari/537.36"
213.225.38.226 - - [14/Dec/2017:02:22:50 +0100] "GET /img/mobile/kursicon-phone.png HTTP/1.1" 200 1932 "https://www.easydrivers.at/voesendorf/10281936?FS=B&gclid=CjwKCAiAvMPRBRBIEiwABuO6qQtjBNfhkSt0SSFJ7pHJDpdQ5OlEXY4UeUgLSqY4v6Fu_2F3e1mATBoCuZkQAvD_BwE" "Mozilla/5.0 (Linux; Android 7.0; SM-A520F Build/NRD90M) AppleWebKit/537.36 (KHTML, like Gecko) Chrome/62.0.3202.84 Mobile Safari/537.36"
213.225.38.226 - - [14/Dec/2017:02:22:50 +0100] "GET /img/mobile/facebook-icon.png HTTP/1.1" 200 1902 "https://www.easydrivers.at/voesendorf/10281936?FS=B&gclid=CjwKCAiAvMPRBRBIEiwABuO6qQtjBNfhkSt0SSFJ7pHJDpdQ5OlEXY4UeUgLSqY4v6Fu_2F3e1mATBoCuZkQAvD_BwE" "Mozilla/5.0 (Linux; Android 7.0; SM-A520F Build/NRD90M) AppleWebKit/537.36 (KHTML, like Gecko) Chrome/62.0.3202.84 Mobile Safari/537.36"
213.225.38.226 - - [14/Dec/2017:02:22:50 +0100] "GET /img/mobile/info-close-button.png HTTP/1.1" 200 1721 "https://www.easydrivers.at/voesendorf/10281936?FS=B&gclid=CjwKCAiAvMPRBRBIEiwABuO6qQtjBNfhkSt0SSFJ7pHJDpdQ5OlEXY4UeUgLSqY4v6Fu_2F3e1mATBoCuZkQAvD_BwE" "Mozilla/5.0 (Linux; Android 7.0; SM-A520F Build/NRD90M) AppleWebKit/537.36 (KHTML, like Gecko) Chrome/62.0.3202.84 Mobile Safari/537.36"
213.225.38.226 - - [14/Dec/2017:02:22:50 +0100] "GET /img/smallicon-person.png HTTP/1.1" 200 1141 "https://www.easydrivers.at/voesendorf/10281936?FS=B&gclid=CjwKCAiAvMPRBRBIEiwABuO6qQtjBNfhkSt0SSFJ7pHJDpdQ5OlEXY4UeUgLSqY4v6Fu_2F3e1mATBoCuZkQAvD_BwE" "Mozilla/5.0 (Linux; Android 7.0; SM-A520F Build/NRD90M) AppleWebKit/537.36 (KHTML, like Gecko) Chrome/62.0.3202.84 Mobile Safari/537.36"
213.225.38.226 - - [14/Dec/2017:02:22:50 +0100] "GET /img/smallicon-address.png HTTP/1.1" 200 1211 "https://www.easydrivers.at/voesendorf/10281936?FS=B&gclid=CjwKCAiAvMPRBRBIEiwABuO6qQtjBNfhkSt0SSFJ7pHJDpdQ5OlEXY4UeUgLSqY4v6Fu_2F3e1mATBoCuZkQAvD_BwE" "Mozilla/5.0 (Linux; Android 7.0; SM-A520F Build/NRD90M) AppleWebKit/537.36 (KHTML, like Gecko) Chrome/62.0.3202.84 Mobile Safari/537.36"
213.225.38.226 - - [14/Dec/2017:02:22:51 +0100] "GET /img/smallicon-time.png HTTP/1.1" 200 1262 "https://www.easydrivers.at/voesendorf/10281936?FS=B&gclid=CjwKCAiAvMPRBRBIEiwABuO6qQtjBNfhkSt0SSFJ7pHJDpdQ5OlEXY4UeUgLSqY4v6Fu_2F3e1mATBoCuZkQAvD_BwE" "Mozilla/5.0 (Linux; Android 7.0; SM-A520F Build/NRD90M) AppleWebKit/537.36 (KHTML, like Gecko) Chrome/62.0.3202.84 Mobile Safari/537.36"
213.225.38.226 - - [14/Dec/2017:02:22:51 +0100] "GET /img/mobile/googlemaps-pin.png HTTP/1.1" 200 1597 "https://www.easydrivers.at/voesendorf/10281936?FS=B&gclid=CjwKCAiAvMPRBRBIEiwABuO6qQtjBNfhkSt0SSFJ7pHJDpdQ5OlEXY4UeUgLSqY4v6Fu_2F3e1mATBoCuZkQAvD_BwE" "Mozilla/5.0 (Linux; Android 7.0; SM-A520F Build/NRD90M) AppleWebKit/537.36 (KHTML, like Gecko) Chrome/62.0.3202.84 Mobile Safari/537.36"
213.225.38.226 - - [14/Dec/2017:02:22:51 +0100] "GET /img/smallicon-phone.png HTTP/1.1" 200 3056 "https://www.easydrivers.at/voesendorf/10281936?FS=B&gclid=CjwKCAiAvMPRBRBIEiwABuO6qQtjBNfhkSt0SSFJ7pHJDpdQ5OlEXY4UeUgLSqY4v6Fu_2F3e1mATBoCuZkQAvD_BwE" "Mozilla/5.0 (Linux; Android 7.0; SM-A520F Build/NRD90M) AppleWebKit/537.36 (KHTML, like Gecko) Chrome/62.0.3202.84 Mobile Safari/537.36"
213.225.38.226 - - [14/Dec/2017:02:22:51 +0100] "GET /img/smallicon-mail.png HTTP/1.1" 200 1341 "https://www.easydrivers.at/voesendorf/10281936?FS=B&gclid=CjwKCAiAvMPRBRBIEiwABuO6qQtjBNfhkSt0SSFJ7pHJDpdQ5OlEXY4UeUgLSqY4v6Fu_2F3e1mATBoCuZkQAvD_BwE" "Mozilla/5.0 (Linux; Android 7.0; SM-A520F Build/NRD90M) AppleWebKit/537.36 (KHTML, like Gecko) Chrome/62.0.3202.84 Mobile Safari/537.36"
213.225.38.226 - - [14/Dec/2017:02:22:51 +0100] "GET /img/mobile/smallicon-phone.png HTTP/1.1" 200 1311 "https://www.easydrivers.at/voesendorf/10281936?FS=B&gclid=CjwKCAiAvMPRBRBIEiwABuO6qQtjBNfhkSt0SSFJ7pHJDpdQ5OlEXY4UeUgLSqY4v6Fu_2F3e1mATBoCuZkQAvD_BwE" "Mozilla/5.0 (Linux; Android 7.0; SM-A520F Build/NRD90M) AppleWebKit/537.36 (KHTML, like Gecko) Chrome/62.0.3202.84 Mobile Safari/537.36"
213.225.38.226 - - [14/Dec/2017:02:22:51 +0100] "GET /img/mobile/smallicon-mail.png HTTP/1.1" 200 1335 "https://www.easydrivers.at/voesendorf/10281936?FS=B&gclid=CjwKCAiAvMPRBRBIEiwABuO6qQtjBNfhkSt0SSFJ7pHJDpdQ5OlEXY4UeUgLSqY4v6Fu_2F3e1mATBoCuZkQAvD_BwE" "Mozilla/5.0 (Linux; Android 7.0; SM-A520F Build/NRD90M) AppleWebKit/537.36 (KHTML, like Gecko) Chrome/62.0.3202.84 Mobile Safari/537.36"
213.225.38.226 - - [14/Dec/2017:02:22:51 +0100] "GET /img/mobile/pfeil-links-small.png HTTP/1.1" 200 1065 "https://www.easydrivers.at/css/mobile.css" "Mozilla/5.0 (Linux; Android 7.0; SM-A520F Build/NRD90M) AppleWebKit/537.36 (KHTML, like Gecko) Chrome/62.0.3202.84 Mobile Safari/537.36"
213.225.38.226 - - [14/Dec/2017:02:22:51 +0100] "GET /img/mobile/bg-menu.jpg HTTP/1.1" 200 1698 "https://www.easydrivers.at/css/mobile.css" "Mozilla/5.0 (Linux; Android 7.0; SM-A520F Build/NRD90M) AppleWebKit/537.36 (KHTML, like Gecko) Chrome/62.0.3202.84 Mobile Safari/537.36"
213.225.38.226 - - [14/Dec/2017:02:22:51 +0100] "GET /img/mobile/pfeil-rechts-small.png HTTP/1.1" 200 1056 "https://www.easydrivers.at/css/mobile.css" "Mozilla/5.0 (Linux; Android 7.0; SM-A520F Build/NRD90M) AppleWebKit/537.36 (KHTML, like Gecko) Chrome/62.0.3202.84 Mobile Safari/537.36"
213.225.38.226 - - [14/Dec/2017:02:22:51 +0100] "GET /img/favicon.ico HTTP/1.1" 301 303 "-" "Mozilla/5.0 (Linux; Android 7.0; SM-A520F Build/NRD90M) AppleWebKit/537.36 (KHTML, like Gecko) Chrome/62.0.3202.84 Mobile Safari/537.36"
213.225.38.226 - - [14/Dec/2017:02:22:51 +0100] "GET /img/favicon.ico HTTP/1.1" 404 301 "-" "Mozilla/5.0 (Linux; Android 7.0; SM-A520F Build/NRD90M) AppleWebKit/537.36 (KHTML, like Gecko) Chrome/62.0.3202.84 Mobile Safari/537.36"
81.217.26.191 - - [14/Dec/2017:02:22:54 +0100] "GET /uploads/pdfs/moedling/10289359_B.pdf HTTP/1.1" 200 30502 "https://www.easydrivers.at/moedling/kursauswahl" "Mozilla/5.0 (iPad; CPU OS 9_3_5 like Mac OS X) AppleWebKit/601.1.46 (KHTML, like Gecko) Version/9.0 Mobile/13G36 Safari/601.1"
213.225.38.226 - - [14/Dec/2017:02:23:07 +0100] "GET /voesendorf/kurse HTTP/1.1" 200 3079 "https://www.easydrivers.at/voesendorf/10281936?FS=B&gclid=CjwKCAiAvMPRBRBIEiwABuO6qQtjBNfhkSt0SSFJ7pHJDpdQ5OlEXY4UeUgLSqY4v6Fu_2F3e1mATBoCuZkQAvD_BwE" "Mozilla/5.0 (Linux; Android 7.0; SM-A520F Build/NRD90M) AppleWebKit/537.36 (KHTML, like Gecko) Chrome/62.0.3202.84 Mobile Safari/537.36"
213.225.38.226 - - [14/Dec/2017:02:23:10 +0100] "GET /javascript/mobile-fahrschule-kurs-suchergebnis.js HTTP/1.1" 200 274 "https://www.easydrivers.at/voesendorf/kurse" "Mozilla/5.0 (Linux; Android 7.0; SM-A520F Build/NRD90M) AppleWebKit/537.36 (KHTML, like Gecko) Chrome/62.0.3202.84 Mobile Safari/537.36"
213.225.38.226 - - [14/Dec/2017:02:23:10 +0100] "GET /img/loading-bars.gif HTTP/1.1" 200 3951 "https://www.easydrivers.at/css/mobile.css" "Mozilla/5.0 (Linux; Android 7.0; SM-A520F Build/NRD90M) AppleWebKit/537.36 (KHTML, like Gecko) Chrome/62.0.3202.84 Mobile Safari/537.36"
40.77.167.135 - - [14/Dec/2017:02:23:20 +0100] "GET /feldkirch/LKWKursCD42954?FS=C HTTP/1.1" 410 3384 "-" "Mozilla/5.0 (compatible; bingbot/2.0; +http://www.bing.com/bingbot.htm)"
35.184.189.105 - - [14/Dec/2017:02:24:00 +0100] "GET /robots.txt HTTP/1.1" 301 300 "-" "ltx71 - (http://ltx71.com/)"
81.217.26.191 - - [14/Dec/2017:02:24:11 +0100] "POST /moedling/kursauswahl HTTP/1.1" 200 4481 "https://www.easydrivers.at/moedling" "Mozilla/5.0 (iPad; CPU OS 9_3_5 like Mac OS X) AppleWebKit/601.1.46 (KHTML, like Gecko) Version/9.0 Mobile/13G36 Safari/601.1"
81.217.26.191 - - [14/Dec/2017:02:24:13 +0100] "GET /binaries/easy-drivers-portal/motorrad6jpg.jpg HTTP/1.1" 200 83216 "https://www.easydrivers.at/moedling/kursauswahl" "Mozilla/5.0 (iPad; CPU OS 9_3_5 like Mac OS X) AppleWebKit/601.1.46 (KHTML, like Gecko) Version/9.0 Mobile/13G36 Safari/601.1"
81.217.26.191 - - [14/Dec/2017:02:24:13 +0100] "POST /loadkursliste HTTP/1.1" 200 478 "https://www.easydrivers.at/moedling/kursauswahl" "Mozilla/5.0 (iPad; CPU OS 9_3_5 like Mac OS X) AppleWebKit/601.1.46 (KHTML, like Gecko) Version/9.0 Mobile/13G36 Safari/601.1"
157.55.39.233 - - [14/Dec/2017:02:24:21 +0100] "GET /dornbirn/10247101?FS=A HTTP/1.1" 410 3541 "-" "Mozilla/5.0 (compatible; bingbot/2.0; +http://www.bing.com/bingbot.htm)"
81.217.26.191 - - [14/Dec/2017:02:24:27 +0100] "GET /moedling HTTP/1.1" 200 3847 "https://www.easydrivers.at/moedling/kursauswahl" "Mozilla/5.0 (iPad; CPU OS 9_3_5 like Mac OS X) AppleWebKit/601.1.46 (KHTML, like Gecko) Version/9.0 Mobile/13G36 Safari/601.1"
81.217.26.191 - - [14/Dec/2017:02:24:43 +0100] "GET /moedling HTTP/1.1" 200 3847 "https://www.easydrivers.at/moedling" "Mozilla/5.0 (iPad; CPU OS 9_3_5 like Mac OS X) AppleWebKit/601.1.46 (KHTML, like Gecko) Version/9.0 Mobile/13G36 Safari/601.1"
81.217.26.191 - - [14/Dec/2017:02:24:50 +0100] "GET /moedling/kurse HTTP/1.1" 200 4360 "https://www.easydrivers.at/moedling" "Mozilla/5.0 (iPad; CPU OS 9_3_5 like Mac OS X) AppleWebKit/601.1.46 (KHTML, like Gecko) Version/9.0 Mobile/13G36 Safari/601.1"
81.217.26.191 - - [14/Dec/2017:02:24:52 +0100] "GET /binaries/easy-drivers-portal/motorrad3jpg.jpg HTTP/1.1" 200 111280 "https://www.easydrivers.at/moedling/kurse" "Mozilla/5.0 (iPad; CPU OS 9_3_5 like Mac OS X) AppleWebKit/601.1.46 (KHTML, like Gecko) Version/9.0 Mobile/13G36 Safari/601.1"
81.217.26.191 - - [14/Dec/2017:02:25:10 +0100] "GET /moedling/aktionen HTTP/1.1" 200 4174 "https://www.easydrivers.at/moedling/kurse" "Mozilla/5.0 (iPad; CPU OS 9_3_5 like Mac OS X) AppleWebKit/601.1.46 (KHTML, like Gecko) Version/9.0 Mobile/13G36 Safari/601.1"
81.217.26.191 - - [14/Dec/2017:02:25:12 +0100] "GET /binaries/easy-drivers-m/edbscheinschenken50eursparenaktionpng.png HTTP/1.1" 200 108171 "https://www.easydrivers.at/moedling/aktionen" "Mozilla/5.0 (iPad; CPU OS 9_3_5 like Mac OS X) AppleWebKit/601.1.46 (KHTML, like Gecko) Version/9.0 Mobile/13G36 Safari/601.1"
81.217.26.191 - - [14/Dec/2017:02:25:12 +0100] "GET /binaries/easy-drivers-portal/motorrad4jpg.jpg HTTP/1.1" 200 110277 "https://www.easydrivers.at/moedling/aktionen" "Mozilla/5.0 (iPad; CPU OS 9_3_5 like Mac OS X) AppleWebKit/601.1.46 (KHTML, like Gecko) Version/9.0 Mobile/13G36 Safari/601.1"
108.30.166.209 - - [14/Dec/2017:02:25:50 +0100] "GET /wp-login.php HTTP/1.1" 301 399 "-" "Mozilla/5.0 (Windows NT 6.1; WOW64; rv:40.0) Gecko/20100101 Firefox/40.1"
108.30.166.209 - - [14/Dec/2017:02:25:50 +0100] "GET /wp-login.php HTTP/1.1" 404 8398 "-" "Mozilla/5.0 (Windows NT 6.1; WOW64; rv:40.0) Gecko/20100101 Firefox/40.1"
108.30.166.209 - - [14/Dec/2017:02:25:52 +0100] "GET / HTTP/1.1" 301 387 "-" "Mozilla/5.0 (Windows NT 6.1; WOW64; rv:40.0) Gecko/20100101 Firefox/40.1"
108.30.166.209 - - [14/Dec/2017:02:25:52 +0100] "GET / HTTP/1.1" 200 15887 "-" "Mozilla/5.0 (Windows NT 6.1; WOW64; rv:40.0) Gecko/20100101 Firefox/40.1"
213.225.12.149 - - [14/Dec/2017:02:26:09 +0100] "GET /ennstal.schladming/wfk-22-12-2017?FS=B HTTP/1.1" 200 3217 "http://m.facebook.com" "Mozilla/5.0 (iPhone; CPU iPhone OS 11_1_2 like Mac OS X) AppleWebKit/604.3.5 (KHTML, like Gecko) Mobile/15B202 [FBAN/FBIOS;FBAV/146.0.0.73.91;FBBV/75938921;FBDV/iPhone7,2;FBMD/iPhone;FBSN/iOS;FBSV/11.1.2;FBSS/2;FBCR/A1;FBID/phone;FBLC/de_DE;FBOP/5;FBRV/75938921]"
213.225.12.149 - - [14/Dec/2017:02:26:12 +0100] "GET /ennstal.schladming/img/mobile/easydrivers-logo-mobile.png HTTP/1.1" 404 3061 "-" "Mozilla/5.0 (iPhone; CPU iPhone OS 11_1_2 like Mac OS X) AppleWebKit/604.3.5 (KHTML, like Gecko) Mobile/15B202 [FBAN/FBIOS;FBAV/146.0.0.73.91;FBBV/75938921;FBDV/iPhone7,2;FBMD/iPhone;FBSN/iOS;FBSV/11.1.2;FBSS/2;FBCR/A1;FBID/phone;FBLC/de_DE;FBOP/5;FBRV/75938921]"
178.255.215.64 - - [14/Dec/2017:02:26:23 +0100] "GET /robots.txt HTTP/1.1" 301 300 "-" "Mozilla/5.0 (compatible; Exabot/3.0; +http://www.exabot.com/go/robot)"
178.255.215.64 - - [14/Dec/2017:02:26:23 +0100] "GET /kapfenberg.pankl HTTP/1.1" 301 305 "-" "Mozilla/5.0 (compatible; Exabot/3.0; +http://www.exabot.com/go/robot)"
81.217.26.191 - - [14/Dec/2017:02:26:26 +0100] "GET /fuehrerscheine/auto HTTP/1.1" 200 3371 "https://www.easydrivers.at/moedling/aktionen" "Mozilla/5.0 (iPad; CPU OS 9_3_5 like Mac OS X) AppleWebKit/601.1.46 (KHTML, like Gecko) Version/9.0 Mobile/13G36 Safari/601.1"
81.217.26.191 - - [14/Dec/2017:02:26:28 +0100] "GET /javascript/license.js HTTP/1.1" 200 315 "https://www.easydrivers.at/fuehrerscheine/auto" "Mozilla/5.0 (iPad; CPU OS 9_3_5 like Mac OS X) AppleWebKit/601.1.46 (KHTML, like Gecko) Version/9.0 Mobile/13G36 Safari/601.1"
81.217.26.191 - - [14/Dec/2017:02:26:28 +0100] "GET /binaries/easy-drivers-portal/pkw8jpg-1.jpg HTTP/1.1" 200 77231 "https://www.easydrivers.at/fuehrerscheine/auto" "Mozilla/5.0 (iPad; CPU OS 9_3_5 like Mac OS X) AppleWebKit/601.1.46 (KHTML, like Gecko) Version/9.0 Mobile/13G36 Safari/601.1"
81.217.26.191 - - [14/Dec/2017:02:26:28 +0100] "GET /img/submit-button-small.png HTTP/1.1" 200 1456 "https://www.easydrivers.at/fuehrerscheine/auto" "Mozilla/5.0 (iPad; CPU OS 9_3_5 like Mac OS X) AppleWebKit/601.1.46 (KHTML, like Gecko) Version/9.0 Mobile/13G36 Safari/601.1"
178.255.215.64 - - [14/Dec/2017:02:26:26 +0100] "GET /kapfenberg.pankl HTTP/1.1" 200 3715 "-" "Mozilla/5.0 (compatible; Exabot/3.0; +http://www.exabot.com/go/robot)"
81.217.26.191 - - [14/Dec/2017:02:26:35 +0100] "GET /fuehrerscheine/auto/B HTTP/1.1" 200 3735 "https://www.easydrivers.at/fuehrerscheine/auto" "Mozilla/5.0 (iPad; CPU OS 9_3_5 like Mac OS X) AppleWebKit/601.1.46 (KHTML, like Gecko) Version/9.0 Mobile/13G36 Safari/601.1"
81.217.26.191 - - [14/Dec/2017:02:26:37 +0100] "GET /javascript/product.js HTTP/1.1" 200 139 "https://www.easydrivers.at/fuehrerscheine/auto/B" "Mozilla/5.0 (iPad; CPU OS 9_3_5 like Mac OS X) AppleWebKit/601.1.46 (KHTML, like Gecko) Version/9.0 Mobile/13G36 Safari/601.1"
81.217.26.191 - - [14/Dec/2017:02:26:37 +0100] "GET /binaries/easy-drivers-portal/pkw2jpg.jpg HTTP/1.1" 200 93020 "https://www.easydrivers.at/fuehrerscheine/auto/B" "Mozilla/5.0 (iPad; CPU OS 9_3_5 like Mac OS X) AppleWebKit/601.1.46 (KHTML, like Gecko) Version/9.0 Mobile/13G36 Safari/601.1"
81.217.26.191 - - [14/Dec/2017:02:26:37 +0100] "GET /img/arrow-up.png HTTP/1.1" 200 1081 "https://www.easydrivers.at/fuehrerscheine/auto/B" "Mozilla/5.0 (iPad; CPU OS 9_3_5 like Mac OS X) AppleWebKit/601.1.46 (KHTML, like Gecko) Version/9.0 Mobile/13G36 Safari/601.1"
213.225.12.149 - - [14/Dec/2017:02:26:42 +0100] "GET /ennstal.schladming/img/mobile/menu-button.png HTTP/1.1" 404 3066 "-" "Mozilla/5.0 (iPhone; CPU iPhone OS 11_1_2 like Mac OS X) AppleWebKit/604.3.5 (KHTML, like Gecko) Mobile/15B202 [FBAN/FBIOS;FBAV/146.0.0.73.91;FBBV/75938921;FBDV/iPhone7,2;FBMD/iPhone;FBSN/iOS;FBSV/11.1.2;FBSS/2;FBCR/A1;FBID/phone;FBLC/de_DE;FBOP/5;FBRV/75938921]"
66.249.76.76 - - [14/Dec/2017:02:26:54 +0100] "GET /horn/10271358?FS=BE HTTP/1.1" 301 309 "-" "Mozilla/5.0 (compatible; Googlebot/2.1; +http://www.google.com/bot.html)"
66.249.76.84 - - [14/Dec/2017:02:26:55 +0100] "GET /horn/10271358?FS=BE HTTP/1.1" 410 3391 "-" "Mozilla/5.0 (compatible; Googlebot/2.1; +http://www.google.com/bot.html)"
81.217.26.191 - - [14/Dec/2017:02:27:10 +0100] "GET /fuehrerscheine/auto HTTP/1.1" 200 3369 "https://www.easydrivers.at/fuehrerscheine/auto/B" "Mozilla/5.0 (iPad; CPU OS 9_3_5 like Mac OS X) AppleWebKit/601.1.46 (KHTML, like Gecko) Version/9.0 Mobile/13G36 Safari/601.1"
81.217.26.191 - - [14/Dec/2017:02:27:15 +0100] "GET /fuehrerscheine/auto/B-L17 HTTP/1.1" 200 4099 "https://www.easydrivers.at/fuehrerscheine/auto" "Mozilla/5.0 (iPad; CPU OS 9_3_5 like Mac OS X) AppleWebKit/601.1.46 (KHTML, like Gecko) Version/9.0 Mobile/13G36 Safari/601.1"
213.225.12.149 - - [14/Dec/2017:02:27:15 +0100] "GET /ennstal.schladming/img/smallicon-time.png HTTP/1.1" 404 3071 "-" "Mozilla/5.0 (iPhone; CPU iPhone OS 11_1_2 like Mac OS X) AppleWebKit/604.3.5 (KHTML, like Gecko) Mobile/15B202 [FBAN/FBIOS;FBAV/146.0.0.73.91;FBBV/75938921;FBDV/iPhone7,2;FBMD/iPhone;FBSN/iOS;FBSV/11.1.2;FBSS/2;FBCR/A1;FBID/phone;FBLC/de_DE;FBOP/5;FBRV/75938921]"
66.249.76.78 - - [14/Dec/2017:02:27:30 +0100] "GET /hollabrunn/location/Office.php HTTP/1.1" 301 314 "-" "Mozilla/5.0 (Linux; Android 6.0.1; Nexus 5X Build/MMB29P) AppleWebKit/537.36 (KHTML, like Gecko) Chrome/41.0.2272.96 Mobile Safari/537.36 (compatible; Googlebot/2.1; +http://www.google.com/bot.html)"
66.249.76.84 - - [14/Dec/2017:02:27:31 +0100] "GET /hollabrunn/location/Office.php HTTP/1.1" 404 3068 "-" "Mozilla/5.0 (Linux; Android 6.0.1; Nexus 5X Build/MMB29P) AppleWebKit/537.36 (KHTML, like Gecko) Chrome/41.0.2272.96 Mobile Safari/537.36 (compatible; Googlebot/2.1; +http://www.google.com/bot.html)"
40.77.167.56 - - [14/Dec/2017:02:27:41 +0100] "GET /scheibbs/kurse/ HTTP/1.1" 200 4442 "-" "Mozilla/5.0 (compatible; bingbot/2.0; +http://www.bing.com/bingbot.htm)"
40.77.167.56 - - [14/Dec/2017:02:27:43 +0100] "GET /amstetten/abendkurs-sept18?FS=A2B HTTP/1.1" 200 5896 "-" "Mozilla/5.0 (compatible; bingbot/2.0; +http://www.bing.com/bingbot.htm)"
213.225.12.149 - - [14/Dec/2017:02:27:45 +0100] "GET /ennstal.schladming/img/mobile/facebook-icon.png HTTP/1.1" 404 3066 "-" "Mozilla/5.0 (iPhone; CPU iPhone OS 11_1_2 like Mac OS X) AppleWebKit/604.3.5 (KHTML, like Gecko) Mobile/15B202 [FBAN/FBIOS;FBAV/146.0.0.73.91;FBBV/75938921;FBDV/iPhone7,2;FBMD/iPhone;FBSN/iOS;FBSV/11.1.2;FBSS/2;FBCR/A1;FBID/phone;FBLC/de_DE;FBOP/5;FBRV/75938921]"
213.225.12.149 - - [14/Dec/2017:02:28:18 +0100] "GET /ennstal.schladming/img/mobile/close-button.png HTTP/1.1" 404 3068 "-" "Mozilla/5.0 (iPhone; CPU iPhone OS 11_1_2 like Mac OS X) AppleWebKit/604.3.5 (KHTML, like Gecko) Mobile/15B202 [FBAN/FBIOS;FBAV/146.0.0.73.91;FBBV/75938921;FBDV/iPhone7,2;FBMD/iPhone;FBSN/iOS;FBSV/11.1.2;FBSS/2;FBCR/A1;FBID/phone;FBLC/de_DE;FBOP/5;FBRV/75938921]"
194.87.94.251 - - [14/Dec/2017:02:28:47 +0100] "HEAD / HTTP/1.1" 301 - "https://pamjatnik.com.ua/catalog/category/10-odinarnye-pamjatniki" "Mozilla/3.0 (compatible; MSIE7.00; Windows 2008)"
193.124.131.168 - - [14/Dec/2017:02:28:47 +0100] "HEAD / HTTP/1.1" 301 - "https://tomatis54.ru/licenzii-i-sertifikaty/" "Mozilla/2.0 (compatible; MSIE6.00; Windows 2004)"
194.87.103.12 - - [14/Dec/2017:02:28:47 +0100] "HEAD / HTTP/1.1" 301 - "http://xn----dtbbjn3acd8j.xn--p1ai/delivery/" "Mozilla/8.0 (compatible; MSIE7.00; Windows 2006)"
195.133.145.199 - - [14/Dec/2017:02:28:47 +0100] "HEAD / HTTP/1.1" 301 - "https://it36rus.ru/remont-noutbukov/acer" "Mozilla/7.0 (compatible; MSIE3.00; Windows 2002)"
194.87.236.223 - - [14/Dec/2017:02:28:47 +0100] "HEAD / HTTP/1.1" 301 - "https://voronezh.spec-nout.ru/remont-telefonov" "Mozilla/5.0 (compatible; MSIE6.00; Windows 2009)"
195.133.147.6 - - [14/Dec/2017:02:28:47 +0100] "HEAD / HTTP/1.1" 301 - "http://pitall.ru/" "Mozilla/2.0 (compatible; MSIE4.00; Windows 2003)"
213.225.12.149 - - [14/Dec/2017:02:28:58 +0100] "GET /ennstal.schladming/img/mobile/info-button.png HTTP/1.1" 404 3069 "-" "Mozilla/5.0 (iPhone; CPU iPhone OS 11_1_2 like Mac OS X) AppleWebKit/604.3.5 (KHTML, like Gecko) Mobile/15B202 [FBAN/FBIOS;FBAV/146.0.0.73.91;FBBV/75938921;FBDV/iPhone7,2;FBMD/iPhone;FBSN/iOS;FBSV/11.1.2;FBSS/2;FBCR/A1;FBID/phone;FBLC/de_DE;FBOP/5;FBRV/75938921]"
157.55.39.233 - - [14/Dec/2017:02:29:00 +0100] "GET /innsbruck/aktionen HTTP/1.1" 200 3126 "-" "Mozilla/5.0 (compatible; bingbot/2.0; +http://www.bing.com/bingbot.htm)"
66.249.92.143 - - [14/Dec/2017:02:29:08 +0100] "GET /krems/B-Kurs-Weihnachten-2017?FS=B HTTP/1.1" 200 3226 "-" "Mozilla/5.0 (iPhone; CPU iPhone OS 9_1 like Mac OS X) AppleWebKit/601.1.46 (KHTML, like Gecko) Version/9.0 Mobile/13B143 Safari/601.1 (compatible; AdsBot-Google-Mobile; +http://www.google.com/mobile/adsbot.html)"
217.250.168.105 - - [14/Dec/2017:02:29:51 +0100] "GET /fuehrerscheine/lkw HTTP/1.1" 200 2686 "-" "Mozilla/5.0 (Windows; U; Windows NT 6.0; de; rv:1.9.2.3) Gecko/20100401 Firefox/3.6.3 ( .NET CLR 3.5.30729)"
66.249.76.82 - - [14/Dec/2017:02:30:02 +0100] "GET /binaries/10251251.jpg HTTP/1.1" 304 - "-" "Googlebot-Image/1.0"
193.81.142.126 - - [14/Dec/2017:02:30:13 +0100] "GET /moedling/10289359?FS=B HTTP/1.1" 200 3317 "http://m.facebook.com/" "Mozilla/5.0 (Linux; Android 6.0.1; SM-G800F Build/MMB29K; wv) AppleWebKit/537.36 (KHTML, like Gecko) Version/4.0 Chrome/62.0.3202.84 Mobile Safari/537.36 [FB_IAB/FB4A;FBAV/152.0.0.42.136;]"
40.77.167.56 - - [14/Dec/2017:02:30:17 +0100] "GET /hollabrunn/Grundkurs_November_2017?FS=B HTTP/1.1" 410 3465 "-" "Mozilla/5.0 (compatible; bingbot/2.0; +http://www.bing.com/bingbot.htm)"
91.141.0.233 - - [14/Dec/2017:02:30:35 +0100] "GET /schwechat/10280404?FS=B HTTP/1.1" 200 3330 "http://m.facebook.com/" "Mozilla/5.0 (Linux; Android 7.0; SM-G950F Build/NRD90M; wv) AppleWebKit/537.36 (KHTML, like Gecko) Version/4.0 Chrome/63.0.3239.83 Mobile Safari/537.36 [FB_IAB/FB4A;FBAV/153.0.0.52.88;]"
77.75.79.62 - - [14/Dec/2017:02:31:47 +0100] "GET /robots.txt HTTP/1.1" 200 101 "-" "Mozilla/5.0 (compatible; SeznamBot/3.2; +http://napoveda.seznam.cz/en/seznambot-intro/)"
216.244.66.243 - - [14/Dec/2017:02:31:49 +0100] "GET /robots.txt HTTP/1.1" 301 397 "-" "Mozilla/5.0 (compatible; DotBot/1.1; http://www.opensiteexplorer.org/dotbot, help@moz.com)"
77.75.79.62 - - [14/Dec/2017:02:31:47 +0100] "GET /moedling HTTP/1.1" 200 3847 "-" "Mozilla/5.0 (compatible; SeznamBot/3.2; +http://napoveda.seznam.cz/en/seznambot-intro/)"
216.244.66.243 - - [14/Dec/2017:02:31:50 +0100] "GET /robots.txt HTTP/1.1" 200 178 "-" "Mozilla/5.0 (compatible; DotBot/1.1; http://www.opensiteexplorer.org/dotbot, help@moz.com)"
77.75.79.62 - - [14/Dec/2017:02:31:54 +0100] "GET /ueberuns HTTP/1.1" 200 3260 "-" "Mozilla/5.0 (compatible; SeznamBot/3.2; +http://napoveda.seznam.cz/en/seznambot-intro/)"
66.249.76.78 - - [14/Dec/2017:02:32:39 +0100] "GET /waidhofen.thaya/aktionen HTTP/1.1" 301 308 "-" "Mozilla/5.0 (compatible; Googlebot/2.1; +http://www.google.com/bot.html)"
66.249.76.84 - - [14/Dec/2017:02:32:40 +0100] "GET /waidhofen.thaya/aktionen HTTP/1.1" 200 2941 "-" "Mozilla/5.0 (compatible; Googlebot/2.1; +http://www.google.com/bot.html)"
178.255.215.64 - - [14/Dec/2017:02:34:33 +0100] "GET /robots.txt HTTP/1.1" 301 300 "-" "Mozilla/5.0 (compatible; Exabot/3.0; +http://www.exabot.com/go/robot)"
178.255.215.64 - - [14/Dec/2017:02:34:33 +0100] "GET /zwettl/aktionen HTTP/1.1" 301 303 "-" "Mozilla/5.0 (compatible; Exabot/3.0; +http://www.exabot.com/go/robot)"
178.255.215.64 - - [14/Dec/2017:02:34:38 +0100] "GET /zwettl/aktionen HTTP/1.1" 200 2917 "-" "Mozilla/5.0 (compatible; Exabot/3.0; +http://www.exabot.com/go/robot)"
40.77.167.56 - - [14/Dec/2017:02:35:40 +0100] "GET /bad.voeslau/downloads HTTP/1.1" 200 3342 "-" "Mozilla/5.0 (compatible; bingbot/2.0; +http://www.bing.com/bingbot.htm)"
188.163.73.8 - - [14/Dec/2017:02:37:29 +0100] "GET /skarabela.gross-enzersdorf HTTP/1.1" 301 413 "http://copenergo.ru/publikatsii/preimuschestva-i-nedostatki-karty-tinkoff.html" "Mozilla/4.0 (compatible; MSIE 6.0; Windows NT 5.0; T312461)"
188.163.73.8 - - [14/Dec/2017:02:37:29 +0100] "GET /skarabela.gross-enzersdorf HTTP/1.1" 301 413 "http://copenergo.ru/publikatsii/preimuschestva-i-nedostatki-karty-tinkoff.html" "Mozilla/4.0 (compatible; MSIE 6.0; Windows NT 5.0; T312461)"
188.163.73.8 - - [14/Dec/2017:02:37:30 +0100] "GET /skarabela.gross-enzersdorf HTTP/1.1" 301 413 "http://copenergo.ru/publikatsii/preimuschestva-i-nedostatki-karty-tinkoff.html" "Mozilla/4.0 (compatible; MSIE 6.0; Windows NT 5.0; T312461)"
66.249.76.78 - - [14/Dec/2017:02:37:47 +0100] "GET /ennstal.bad.aussee/10264157 HTTP/1.1" 301 311 "-" "Mozilla/5.0 (compatible; Googlebot/2.1; +http://www.google.com/bot.html)"
66.249.76.80 - - [14/Dec/2017:02:37:48 +0100] "GET /ennstal.bad.aussee/10264157 HTTP/1.1" 200 3229 "-" "Mozilla/5.0 (compatible; Googlebot/2.1; +http://www.google.com/bot.html)"
66.249.92.145 - - [14/Dec/2017:02:38:28 +0100] "GET /img/smallicon-address.png HTTP/1.1" 200 1211 "https://www.easydrivers.at/krems/B-Kurs-Weihnachten-2017?FS=B" "Mozilla/5.0 (iPhone; CPU iPhone OS 9_1 like Mac OS X) AppleWebKit/601.1.46 (KHTML, like Gecko) Version/9.0 Mobile/13B143 Safari/601.1 (compatible; AdsBot-Google-Mobile; +http://www.google.com/mobile/adsbot.html)"
66.249.92.145 - - [14/Dec/2017:02:38:29 +0100] "GET /img/mobile/kursicon-share.png HTTP/1.1" 200 2065 "https://www.easydrivers.at/krems/B-Kurs-Weihnachten-2017?FS=B" "Mozilla/5.0 (iPhone; CPU iPhone OS 9_1 like Mac OS X) AppleWebKit/601.1.46 (KHTML, like Gecko) Version/9.0 Mobile/13B143 Safari/601.1 (compatible; AdsBot-Google-Mobile; +http://www.google.com/mobile/adsbot.html)"
66.249.92.144 - - [14/Dec/2017:02:38:29 +0100] "GET /javascript/lazyload.js HTTP/1.1" 200 1170 "https://www.easydrivers.at/krems/B-Kurs-Weihnachten-2017?FS=B" "Mozilla/5.0 (iPhone; CPU iPhone OS 9_1 like Mac OS X) AppleWebKit/601.1.46 (KHTML, like Gecko) Version/9.0 Mobile/13B143 Safari/601.1 (compatible; AdsBot-Google-Mobile; +http://www.google.com/mobile/adsbot.html)"
66.249.92.145 - - [14/Dec/2017:02:38:30 +0100] "GET /img/mobile/facebook-icon.png HTTP/1.1" 200 1902 "https://www.easydrivers.at/krems/B-Kurs-Weihnachten-2017?FS=B" "Mozilla/5.0 (iPhone; CPU iPhone OS 9_1 like Mac OS X) AppleWebKit/601.1.46 (KHTML, like Gecko) Version/9.0 Mobile/13B143 Safari/601.1 (compatible; AdsBot-Google-Mobile; +http://www.google.com/mobile/adsbot.html)"
66.249.92.143 - - [14/Dec/2017:02:38:30 +0100] "GET /javascript/jquery-1.9.1.min.js HTTP/1.1" 200 32731 "https://www.easydrivers.at/krems/B-Kurs-Weihnachten-2017?FS=B" "Mozilla/5.0 (iPhone; CPU iPhone OS 9_1 like Mac OS X) AppleWebKit/601.1.46 (KHTML, like Gecko) Version/9.0 Mobile/13B143 Safari/601.1 (compatible; AdsBot-Google-Mobile; +http://www.google.com/mobile/adsbot.html)"
66.249.92.145 - - [14/Dec/2017:02:38:31 +0100] "GET /img/smallicon-time.png HTTP/1.1" 200 1262 "https://www.easydrivers.at/krems/B-Kurs-Weihnachten-2017?FS=B" "Mozilla/5.0 (iPhone; CPU iPhone OS 9_1 like Mac OS X) AppleWebKit/601.1.46 (KHTML, like Gecko) Version/9.0 Mobile/13B143 Safari/601.1 (compatible; AdsBot-Google-Mobile; +http://www.google.com/mobile/adsbot.html)"
66.249.92.145 - - [14/Dec/2017:02:38:31 +0100] "GET /img/smallicon-person.png HTTP/1.1" 200 1141 "https://www.easydrivers.at/krems/B-Kurs-Weihnachten-2017?FS=B" "Mozilla/5.0 (iPhone; CPU iPhone OS 9_1 like Mac OS X) AppleWebKit/601.1.46 (KHTML, like Gecko) Version/9.0 Mobile/13B143 Safari/601.1 (compatible; AdsBot-Google-Mobile; +http://www.google.com/mobile/adsbot.html)"
66.249.92.145 - - [14/Dec/2017:02:38:32 +0100] "GET /img/mobile/menu-button.png HTTP/1.1" 200 1746 "https://www.easydrivers.at/krems/B-Kurs-Weihnachten-2017?FS=B" "Mozilla/5.0 (iPhone; CPU iPhone OS 9_1 like Mac OS X) AppleWebKit/601.1.46 (KHTML, like Gecko) Version/9.0 Mobile/13B143 Safari/601.1 (compatible; AdsBot-Google-Mobile; +http://www.google.com/mobile/adsbot.html)"
66.249.92.143 - - [14/Dec/2017:02:38:32 +0100] "GET /img/mobile/googlemaps-pin.png HTTP/1.1" 200 1597 "https://www.easydrivers.at/krems/B-Kurs-Weihnachten-2017?FS=B" "Mozilla/5.0 (iPhone; CPU iPhone OS 9_1 like Mac OS X) AppleWebKit/601.1.46 (KHTML, like Gecko) Version/9.0 Mobile/13B143 Safari/601.1 (compatible; AdsBot-Google-Mobile; +http://www.google.com/mobile/adsbot.html)"
66.249.92.144 - - [14/Dec/2017:02:38:33 +0100] "GET /img/smallicon-mail.png HTTP/1.1" 200 1341 "https://www.easydrivers.at/krems/B-Kurs-Weihnachten-2017?FS=B" "Mozilla/5.0 (iPhone; CPU iPhone OS 9_1 like Mac OS X) AppleWebKit/601.1.46 (KHTML, like Gecko) Version/9.0 Mobile/13B143 Safari/601.1 (compatible; AdsBot-Google-Mobile; +http://www.google.com/mobile/adsbot.html)"
66.249.92.144 - - [14/Dec/2017:02:38:33 +0100] "GET /img/mobile/easydrivers-logo-mobile.png HTTP/1.1" 200 10766 "https://www.easydrivers.at/krems/B-Kurs-Weihnachten-2017?FS=B" "Mozilla/5.0 (iPhone; CPU iPhone OS 9_1 like Mac OS X) AppleWebKit/601.1.46 (KHTML, like Gecko) Version/9.0 Mobile/13B143 Safari/601.1 (compatible; AdsBot-Google-Mobile; +http://www.google.com/mobile/adsbot.html)"
66.249.92.143 - - [14/Dec/2017:02:38:33 +0100] "GET /img/smallicon-phone.png HTTP/1.1" 200 3056 "https://www.easydrivers.at/krems/B-Kurs-Weihnachten-2017?FS=B" "Mozilla/5.0 (iPhone; CPU iPhone OS 9_1 like Mac OS X) AppleWebKit/601.1.46 (KHTML, like Gecko) Version/9.0 Mobile/13B143 Safari/601.1 (compatible; AdsBot-Google-Mobile; +http://www.google.com/mobile/adsbot.html)"
66.249.92.143 - - [14/Dec/2017:02:38:34 +0100] "GET /img/mobile/info-close-button.png HTTP/1.1" 200 1721 "https://www.easydrivers.at/krems/B-Kurs-Weihnachten-2017?FS=B" "Mozilla/5.0 (iPhone; CPU iPhone OS 9_1 like Mac OS X) AppleWebKit/601.1.46 (KHTML, like Gecko) Version/9.0 Mobile/13B143 Safari/601.1 (compatible; AdsBot-Google-Mobile; +http://www.google.com/mobile/adsbot.html)"
66.249.92.143 - - [14/Dec/2017:02:38:34 +0100] "GET /css/mobile.css HTTP/1.1" 200 2852 "https://www.easydrivers.at/krems/B-Kurs-Weihnachten-2017?FS=B" "Mozilla/5.0 (iPhone; CPU iPhone OS 9_1 like Mac OS X) AppleWebKit/601.1.46 (KHTML, like Gecko) Version/9.0 Mobile/13B143 Safari/601.1 (compatible; AdsBot-Google-Mobile; +http://www.google.com/mobile/adsbot.html)"
66.249.92.144 - - [14/Dec/2017:02:38:35 +0100] "GET /img/mobile/info-button.png HTTP/1.1" 200 1549 "https://www.easydrivers.at/krems/B-Kurs-Weihnachten-2017?FS=B" "Mozilla/5.0 (iPhone; CPU iPhone OS 9_1 like Mac OS X) AppleWebKit/601.1.46 (KHTML, like Gecko) Version/9.0 Mobile/13B143 Safari/601.1 (compatible; AdsBot-Google-Mobile; +http://www.google.com/mobile/adsbot.html)"
66.249.92.144 - - [14/Dec/2017:02:38:35 +0100] "GET /javascript/jquery.simplemodal.js HTTP/1.1" 200 3070 "https://www.easydrivers.at/krems/B-Kurs-Weihnachten-2017?FS=B" "Mozilla/5.0 (iPhone; CPU iPhone OS 9_1 like Mac OS X) AppleWebKit/601.1.46 (KHTML, like Gecko) Version/9.0 Mobile/13B143 Safari/601.1 (compatible; AdsBot-Google-Mobile; +http://www.google.com/mobile/adsbot.html)"
66.249.92.143 - - [14/Dec/2017:02:38:36 +0100] "GET /img/mobile/kursicon-phone.png HTTP/1.1" 200 1932 "https://www.easydrivers.at/krems/B-Kurs-Weihnachten-2017?FS=B" "Mozilla/5.0 (iPhone; CPU iPhone OS 9_1 like Mac OS X) AppleWebKit/601.1.46 (KHTML, like Gecko) Version/9.0 Mobile/13B143 Safari/601.1 (compatible; AdsBot-Google-Mobile; +http://www.google.com/mobile/adsbot.html)"
66.249.92.143 - - [14/Dec/2017:02:38:36 +0100] "GET /img/mobile/smallicon-mail.png HTTP/1.1" 200 1335 "https://www.easydrivers.at/krems/B-Kurs-Weihnachten-2017?FS=B" "Mozilla/5.0 (iPhone; CPU iPhone OS 9_1 like Mac OS X) AppleWebKit/601.1.46 (KHTML, like Gecko) Version/9.0 Mobile/13B143 Safari/601.1 (compatible; AdsBot-Google-Mobile; +http://www.google.com/mobile/adsbot.html)"
66.249.92.143 - - [14/Dec/2017:02:38:37 +0100] "GET /img/mobile/close-button.png HTTP/1.1" 200 2411 "https://www.easydrivers.at/krems/B-Kurs-Weihnachten-2017?FS=B" "Mozilla/5.0 (iPhone; CPU iPhone OS 9_1 like Mac OS X) AppleWebKit/601.1.46 (KHTML, like Gecko) Version/9.0 Mobile/13B143 Safari/601.1 (compatible; AdsBot-Google-Mobile; +http://www.google.com/mobile/adsbot.html)"
66.249.92.143 - - [14/Dec/2017:02:38:37 +0100] "GET /javascript/jquery.cookie.js HTTP/1.1" 200 863 "https://www.easydrivers.at/krems/B-Kurs-Weihnachten-2017?FS=B" "Mozilla/5.0 (iPhone; CPU iPhone OS 9_1 like Mac OS X) AppleWebKit/601.1.46 (KHTML, like Gecko) Version/9.0 Mobile/13B143 Safari/601.1 (compatible; AdsBot-Google-Mobile; +http://www.google.com/mobile/adsbot.html)"
66.249.92.143 - - [14/Dec/2017:02:38:38 +0100] "GET /javascript/mobile-fahrschule.js HTTP/1.1" 200 328 "https://www.easydrivers.at/krems/B-Kurs-Weihnachten-2017?FS=B" "Mozilla/5.0 (iPhone; CPU iPhone OS 9_1 like Mac OS X) AppleWebKit/601.1.46 (KHTML, like Gecko) Version/9.0 Mobile/13B143 Safari/601.1 (compatible; AdsBot-Google-Mobile; +http://www.google.com/mobile/adsbot.html)"
66.249.92.143 - - [14/Dec/2017:02:38:38 +0100] "GET /img/mobile/smallicon-phone.png HTTP/1.1" 200 1311 "https://www.easydrivers.at/krems/B-Kurs-Weihnachten-2017?FS=B" "Mozilla/5.0 (iPhone; CPU iPhone OS 9_1 like Mac OS X) AppleWebKit/601.1.46 (KHTML, like Gecko) Version/9.0 Mobile/13B143 Safari/601.1 (compatible; AdsBot-Google-Mobile; +http://www.google.com/mobile/adsbot.html)"
66.249.92.143 - - [14/Dec/2017:02:38:39 +0100] "GET /javascript/mobile-menu.js HTTP/1.1" 200 1634 "https://www.easydrivers.at/krems/B-Kurs-Weihnachten-2017?FS=B" "Mozilla/5.0 (iPhone; CPU iPhone OS 9_1 like Mac OS X) AppleWebKit/601.1.46 (KHTML, like Gecko) Version/9.0 Mobile/13B143 Safari/601.1 (compatible; AdsBot-Google-Mobile; +http://www.google.com/mobile/adsbot.html)"
66.249.92.143 - - [14/Dec/2017:02:38:39 +0100] "GET /img/mobile/bg-menu.jpg HTTP/1.1" 200 1698 "https://www.easydrivers.at/css/mobile.css" "Mozilla/5.0 (iPhone; CPU iPhone OS 9_1 like Mac OS X) AppleWebKit/601.1.46 (KHTML, like Gecko) Version/9.0 Mobile/13B143 Safari/601.1 (compatible; AdsBot-Google-Mobile; +http://www.google.com/mobile/adsbot.html)"
66.249.92.143 - - [14/Dec/2017:02:38:40 +0100] "GET /img/mobile/pfeil-links-small.png HTTP/1.1" 200 1065 "https://www.easydrivers.at/css/mobile.css" "Mozilla/5.0 (iPhone; CPU iPhone OS 9_1 like Mac OS X) AppleWebKit/601.1.46 (KHTML, like Gecko) Version/9.0 Mobile/13B143 Safari/601.1 (compatible; AdsBot-Google-Mobile; +http://www.google.com/mobile/adsbot.html)"
66.249.92.143 - - [14/Dec/2017:02:38:40 +0100] "GET /img/mobile/bg-yellow.jpg HTTP/1.1" 200 1569 "https://www.easydrivers.at/css/mobile.css" "Mozilla/5.0 (iPhone; CPU iPhone OS 9_1 like Mac OS X) AppleWebKit/601.1.46 (KHTML, like Gecko) Version/9.0 Mobile/13B143 Safari/601.1 (compatible; AdsBot-Google-Mobile; +http://www.google.com/mobile/adsbot.html)"
66.249.92.143 - - [14/Dec/2017:02:38:41 +0100] "GET /img/mobile/bg-top-section.jpg HTTP/1.1" 200 21711 "https://www.easydrivers.at/css/mobile.css" "Mozilla/5.0 (iPhone; CPU iPhone OS 9_1 like Mac OS X) AppleWebKit/601.1.46 (KHTML, like Gecko) Version/9.0 Mobile/13B143 Safari/601.1 (compatible; AdsBot-Google-Mobile; +http://www.google.com/mobile/adsbot.html)"
66.249.92.143 - - [14/Dec/2017:02:38:41 +0100] "GET /img/mobile/pfeil-rechts-small.png HTTP/1.1" 200 1056 "https://www.easydrivers.at/css/mobile.css" "Mozilla/5.0 (iPhone; CPU iPhone OS 9_1 like Mac OS X) AppleWebKit/601.1.46 (KHTML, like Gecko) Version/9.0 Mobile/13B143 Safari/601.1 (compatible; AdsBot-Google-Mobile; +http://www.google.com/mobile/adsbot.html)"
66.249.92.143 - - [14/Dec/2017:02:38:42 +0100] "GET /img/mobile/bg-header.jpg HTTP/1.1" 200 19741 "https://www.easydrivers.at/css/mobile.css" "Mozilla/5.0 (iPhone; CPU iPhone OS 9_1 like Mac OS X) AppleWebKit/601.1.46 (KHTML, like Gecko) Version/9.0 Mobile/13B143 Safari/601.1 (compatible; AdsBot-Google-Mobile; +http://www.google.com/mobile/adsbot.html)"
217.250.168.105 - - [14/Dec/2017:02:38:41 +0100] "GET /fahrschulen HTTP/1.1" 200 3928 "-" "Mozilla/5.0 (Windows; U; Windows NT 6.0; de; rv:1.9.2.3) Gecko/20100401 Firefox/3.6.3 ( .NET CLR 3.5.30729)"
17.142.148.193 - - [14/Dec/2017:02:39:37 +0100] "GET / HTTP/1.1" 301 294 "-" "Mozilla/5.0 (Macintosh; Intel Mac OS X 10_10_1) AppleWebKit/600.2.5 (KHTML, like Gecko) Version/8.0.2 Safari/600.2.5 (Applebot/0.1; +http://www.apple.com/go/applebot)"
17.142.148.193 - - [14/Dec/2017:02:39:39 +0100] "GET / HTTP/1.1" 200 4435 "-" "Mozilla/5.0 (Macintosh; Intel Mac OS X 10_10_1) AppleWebKit/600.2.5 (KHTML, like Gecko) Version/8.0.2 Safari/600.2.5 (Applebot/0.1; +http://www.apple.com/go/applebot)"
157.55.39.233 - - [14/Dec/2017:02:40:49 +0100] "GET / HTTP/1.1" 200 4435 "-" "Mozilla/5.0 (compatible; bingbot/2.0; +http://www.bing.com/bingbot.htm)"
157.55.39.233 - - [14/Dec/2017:02:40:51 +0100] "GET /am.spitz HTTP/1.1" 200 3660 "-" "Mozilla/5.0 (compatible; bingbot/2.0; +http://www.bing.com/bingbot.htm)"
157.55.39.233 - - [14/Dec/2017:02:40:53 +0100] "GET /krems/BE-Kurs-August-2017?FS=BE HTTP/1.1" 301 317 "-" "Mozilla/5.0 (compatible; bingbot/2.0; +http://www.bing.com/bingbot.htm)"
40.77.167.56 - - [14/Dec/2017:02:41:30 +0100] "GET /innsbruck/Inhaberdaten HTTP/1.1" 200 3751 "-" "Mozilla/5.0 (compatible; bingbot/2.0; +http://www.bing.com/bingbot.htm)"
40.77.167.135 - - [14/Dec/2017:02:41:40 +0100] "GET /horn/aktionen HTTP/1.1" 301 302 "-" "Mozilla/5.0 (compatible; bingbot/2.0; +http://www.bing.com/bingbot.htm)"
216.244.66.249 - - [14/Dec/2017:02:42:13 +0100] "GET /st.valentin/27_06_2014 HTTP/1.1" 301 409 "-" "Mozilla/5.0 (compatible; DotBot/1.1; http://www.opensiteexplorer.org/dotbot, help@moz.com)"
216.244.66.249 - - [14/Dec/2017:02:42:15 +0100] "GET /portal/Bilder_Galerie/ HTTP/1.1" 301 409 "-" "Mozilla/5.0 (compatible; DotBot/1.1; http://www.opensiteexplorer.org/dotbot, help@moz.com)"
216.244.66.249 - - [14/Dec/2017:02:42:17 +0100] "GET /gmuend/kurse/ HTTP/1.1" 301 400 "-" "Mozilla/5.0 (compatible; DotBot/1.1; http://www.opensiteexplorer.org/dotbot, help@moz.com)"
216.244.66.249 - - [14/Dec/2017:02:42:19 +0100] "GET /linz/10250941 HTTP/1.1" 301 400 "-" "Mozilla/5.0 (compatible; DotBot/1.1; http://www.opensiteexplorer.org/dotbot, help@moz.com)"
217.250.168.105 - - [14/Dec/2017:02:42:36 +0100] "GET /dornbirn HTTP/1.1" 200 3631 "-" "Mozilla/5.0 (Windows; U; Windows NT 6.0; de; rv:1.9.2.3) Gecko/20100401 Firefox/3.6.3 ( .NET CLR 3.5.30729)"
157.55.39.233 - - [14/Dec/2017:02:43:06 +0100] "GET /wieselburg/kurse HTTP/1.1" 301 304 "-" "Mozilla/5.0 (compatible; bingbot/2.0; +http://www.bing.com/bingbot.htm)"
213.225.3.60 - - [14/Dec/2017:02:43:06 +0100] "GET /linz/10286170?FS=B HTTP/1.1" 200 3158 "http://m.facebook.com" "Mozilla/5.0 (iPhone; CPU iPhone OS 11_1_2 like Mac OS X) AppleWebKit/604.3.5 (KHTML, like Gecko) Mobile/15B202 [FBAN/FBIOS;FBAV/152.0.0.45.135;FBBV/83301214;FBDV/iPhone10,6;FBMD/iPhone;FBSN/iOS;FBSV/11.1.2;FBSS/3;FBCR/A1;FBID/phone;FBLC/en_GB;FBOP/5;FBRV/84311412]"
157.55.39.233 - - [14/Dec/2017:02:43:07 +0100] "GET /zwettl/10284970?FS=F HTTP/1.1" 410 3407 "-" "Mozilla/5.0 (compatible; bingbot/2.0; +http://www.bing.com/bingbot.htm)"
40.77.167.135 - - [14/Dec/2017:02:43:13 +0100] "GET /bruck.leitha/10290877?FS=C HTTP/1.1" 200 5679 "-" "Mozilla/5.0 (compatible; bingbot/2.0; +http://www.bing.com/bingbot.htm)"
40.77.167.135 - - [14/Dec/2017:02:43:54 +0100] "GET /st.poelten/10282948?FS=B-L HTTP/1.1" 410 3427 "-" "Mozilla/5.0 (compatible; bingbot/2.0; +http://www.bing.com/bingbot.htm)"
46.125.249.97 - - [14/Dec/2017:02:44:34 +0100] "GET /steyr/kurse HTTP/1.1" 200 3200 "http://m.facebook.com" "Mozilla/5.0 (iPhone; CPU iPhone OS 11_1_2 like Mac OS X) AppleWebKit/604.3.5 (KHTML, like Gecko) Mobile/15B202 [FBAN/FBIOS;FBAV/152.0.0.45.135;FBBV/83301214;FBDV/iPhone9,3;FBMD/iPhone;FBSN/iOS;FBSV/11.1.2;FBSS/2;FBCR/T-MobileA;FBID/phone;FBLC/de_DE;FBOP/5;FBRV/84141153]"
198.61.216.171 - - [14/Dec/2017:02:45:16 +0100] "GET /ads.txt HTTP/1.1" 301 390 "-" "-"
198.61.216.171 - - [14/Dec/2017:02:45:16 +0100] "GET /ads.txt HTTP/1.1" 301 394 "-" "-"
157.55.39.233 - - [14/Dec/2017:02:45:41 +0100] "GET /mariazell.pankl/pruefungstermine HTTP/1.1" 404 2654 "-" "Mozilla/5.0 (compatible; bingbot/2.0; +http://www.bing.com/bingbot.htm)"
40.77.167.56 - - [14/Dec/2017:02:46:14 +0100] "GET /innsbruck/kurse HTTP/1.1" 200 4307 "-" "Mozilla/5.0 (compatible; bingbot/2.0; +http://www.bing.com/bingbot.htm)"
217.250.168.105 - - [14/Dec/2017:02:46:31 +0100] "GET /ybbs HTTP/1.1" 200 3605 "-" "Mozilla/5.0 (Windows; U; Windows NT 6.0; de; rv:1.9.2.3) Gecko/20100401 Firefox/3.6.3 ( .NET CLR 3.5.30729)"
40.77.167.135 - - [14/Dec/2017:02:46:47 +0100] "GET /leonding HTTP/1.1" 200 3501 "-" "Mozilla/5.0 (compatible; bingbot/2.0; +http://www.bing.com/bingbot.htm)"
188.163.73.8 - - [14/Dec/2017:02:46:51 +0100] "GET /skarabela.gross-enzersdorf HTTP/1.1" 301 413 "http://doslidy.kiev.ua/" "Mozilla/4.61 [en] (X11; U; ) - BrowseX (2.0.0 Windows)"
188.163.73.8 - - [14/Dec/2017:02:46:52 +0100] "GET /skarabela.gross-enzersdorf HTTP/1.1" 301 413 "http://doslidy.kiev.ua/" "Mozilla/4.61 [en] (X11; U; ) - BrowseX (2.0.0 Windows)"
216.244.66.243 - - [14/Dec/2017:02:46:53 +0100] "GET /EASYDRIVERS_Radfahrschule/10287619 HTTP/1.1" 301 421 "-" "Mozilla/5.0 (compatible; DotBot/1.1; http://www.opensiteexplorer.org/dotbot, help@moz.com)"
216.244.66.202 - - [14/Dec/2017:02:47:15 +0100] "GET /neunkirchen/10286510 HTTP/1.1" 301 407 "-" "Mozilla/5.0 (compatible; DotBot/1.1; http://www.opensiteexplorer.org/dotbot, help@moz.com)"
40.77.167.135 - - [14/Dec/2017:02:48:02 +0100] "GET /krems HTTP/1.1" 200 3581 "-" "Mozilla/5.0 (compatible; bingbot/2.0; +http://www.bing.com/bingbot.htm)"
178.255.215.64 - - [14/Dec/2017:02:48:29 +0100] "GET /robots.txt HTTP/1.1" 301 300 "-" "Mozilla/5.0 (compatible; Exabot/3.0; +http://www.exabot.com/go/robot)"
178.255.215.64 - - [14/Dec/2017:02:48:29 +0100] "GET /schwechat/uebungsplatz HTTP/1.1" 301 309 "-" "Mozilla/5.0 (compatible; Exabot/3.0; +http://www.exabot.com/go/robot)"
178.255.215.64 - - [14/Dec/2017:02:48:39 +0100] "GET /schwechat/uebungsplatz HTTP/1.1" 200 3118 "-" "Mozilla/5.0 (compatible; Exabot/3.0; +http://www.exabot.com/go/robot)"
35.203.146.124 - - [14/Dec/2017:02:48:47 +0100] "GET /wallensteinplatz/10293057?FS=B-L HTTP/1.1" 200 6230 "-" "Mozilla/5.0 (compatible; BomboraBot/1.0; +http://www.bombora.com/bot)"
64.89.234.161 - - [14/Dec/2017:02:48:55 +0100] "GET / HTTP/1.1" 301 293 "-" "Mozilla/5.0 (Macintosh; Intel Mac OS X 10_9_2) AppleWebKit/537.36 (KHTML, like Gecko) Chrome/36.0.1944.0 Safari/537.36"
64.89.234.161 - - [14/Dec/2017:02:48:56 +0100] "GET / HTTP/1.1" 200 4435 "-" "Mozilla/5.0 (Macintosh; Intel Mac OS X 10_9_2) AppleWebKit/537.36 (KHTML, like Gecko) Chrome/36.0.1944.0 Safari/537.36"
40.77.167.135 - - [14/Dec/2017:02:49:10 +0100] "GET /radfahrschule HTTP/1.1" 200 3464 "-" "Mozilla/5.0 (compatible; bingbot/2.0; +http://www.bing.com/bingbot.htm)"
199.203.92.234 - - [14/Dec/2017:02:49:38 +0100] "GET / HTTP/1.1" 301 294 "-" "Mozilla/4.0 (compatible; MSIE 8.0; Windows NT 6.1; Trident/4.0)"
91.115.51.132 - - [14/Dec/2017:02:50:11 +0100] "GET /schwechat/10280404?FS=B HTTP/1.1" 200 3330 "http://m.facebook.com" "Mozilla/5.0 (iPhone; CPU iPhone OS 11_1_2 like Mac OS X) AppleWebKit/604.3.5 (KHTML, like Gecko) Mobile/15B202 [FBAN/FBIOS;FBAV/152.0.0.45.135;FBBV/83301214;FBDV/iPhone9,3;FBMD/iPhone;FBSN/iOS;FBSV/11.1.2;FBSS/2;FBCR/A1;FBID/phone;FBLC/de_DE;FBOP/5;FBRV/84311412]"
40.77.167.56 - - [14/Dec/2017:02:50:39 +0100] "GET /spittelau HTTP/1.1" 200 3696 "-" "Mozilla/5.0 (compatible; bingbot/2.0; +http://www.bing.com/bingbot.htm)"
119.95.92.179 - - [14/Dec/2017:02:50:58 +0100] "GET /wp-login.php HTTP/1.1" 301 399 "-" "Mozilla/5.0 (Windows NT 6.1; WOW64; rv:40.0) Gecko/20100101 Firefox/40.1"
119.95.92.179 - - [14/Dec/2017:02:51:05 +0100] "GET /wp-login.php HTTP/1.1" 301 399 "-" "Mozilla/5.0 (Windows NT 6.1; WOW64; rv:40.0) Gecko/20100101 Firefox/40.1"
119.95.92.179 - - [14/Dec/2017:02:51:13 +0100] "GET / HTTP/1.1" 301 387 "-" "Mozilla/5.0 (Windows NT 6.1; WOW64; rv:40.0) Gecko/20100101 Firefox/40.1"
217.250.168.105 - - [14/Dec/2017:02:51:54 +0100] "GET /zwettl HTTP/1.1" 200 3467 "-" "Mozilla/5.0 (Windows; U; Windows NT 6.0; de; rv:1.9.2.3) Gecko/20100401 Firefox/3.6.3 ( .NET CLR 3.5.30729)"
40.77.167.135 - - [14/Dec/2017:02:52:47 +0100] "GET /fahrtenprotokoll-vorlage HTTP/1.1" 301 310 "-" "Mozilla/5.0 (compatible; bingbot/2.0; +http://www.bing.com/bingbot.htm)"
40.77.167.135 - - [14/Dec/2017:02:52:48 +0100] "GET /fuehrerscheine/lkw HTTP/1.1" 200 2686 "-" "Mozilla/5.0 (compatible; bingbot/2.0; +http://www.bing.com/bingbot.htm)"
40.77.167.56 - - [14/Dec/2017:02:53:57 +0100] "GET /perg HTTP/1.1" 200 3592 "-" "Mozilla/5.0 (compatible; bingbot/2.0; +http://www.bing.com/bingbot.htm)"
40.77.167.56 - - [14/Dec/2017:02:54:01 +0100] "GET /moedling HTTP/1.1" 200 3847 "-" "Mozilla/5.0 (compatible; bingbot/2.0; +http://www.bing.com/bingbot.htm)"
217.250.168.105 - - [14/Dec/2017:02:54:54 +0100] "GET /ennstal.schladming HTTP/1.1" 200 3622 "-" "Mozilla/5.0 (Windows; U; Windows NT 6.0; de; rv:1.9.2.3) Gecko/20100401 Firefox/3.6.3 ( .NET CLR 3.5.30729)"
40.77.167.56 - - [14/Dec/2017:02:54:56 +0100] "GET /kapfenberg.pankl HTTP/1.1" 200 3715 "-" "Mozilla/5.0 (compatible; bingbot/2.0; +http://www.bing.com/bingbot.htm)"
91.122.53.173 - - [14/Dec/2017:02:55:30 +0100] "GET / HTTP/1.1" 301 383 "-" "Mozilla/5.0 (Macintosh; U; Intel Mac OS X 10.4; en-US; rv:1.9.2.2) Gecko/20100316 Firefox/3.6.2"
80.108.57.51 - - [14/Dec/2017:02:55:36 +0100] "GET /brigittenau/10268964 HTTP/1.1" 200 2887 "http://m.facebook.com/" "Mozilla/5.0 (Linux; Android 7.1.1; G8141 Build/45.0.A.7.137; wv) AppleWebKit/537.36 (KHTML, like Gecko) Version/4.0 Chrome/63.0.3239.83 Mobile Safari/537.36 [FB_IAB/FB4A;FBAV/152.0.0.42.136;]"
40.77.167.56 - - [14/Dec/2017:02:56:25 +0100] "GET /oberwart HTTP/1.1" 200 3612 "-" "Mozilla/5.0 (compatible; bingbot/2.0; +http://www.bing.com/bingbot.htm)"
40.77.167.56 - - [14/Dec/2017:02:56:27 +0100] "GET /voesendorf HTTP/1.1" 200 3810 "-" "Mozilla/5.0 (compatible; bingbot/2.0; +http://www.bing.com/bingbot.htm)"
91.141.0.102 - - [14/Dec/2017:02:56:40 +0100] "GET /amstetten/weihnachtskurs?FS=B HTTP/1.1" 200 3162 "http://m.facebook.com/" "Mozilla/5.0 (Linux; Android 6.0; ALE-L21 Build/HuaweiALE-L21; wv) AppleWebKit/537.36 (KHTML, like Gecko) Version/4.0 Chrome/62.0.3202.84 Mobile Safari/537.36 [FB_IAB/FB4A;FBAV/152.0.0.42.136;]"
157.55.39.233 - - [14/Dec/2017:02:56:56 +0100] "GET /guessing HTTP/1.1" 200 3485 "-" "Mozilla/5.0 (compatible; bingbot/2.0; +http://www.bing.com/bingbot.htm)"
216.244.66.202 - - [14/Dec/2017:02:57:01 +0100] "GET /brigittenau/10242628 HTTP/1.1" 301 407 "-" "Mozilla/5.0 (compatible; DotBot/1.1; http://www.opensiteexplorer.org/dotbot, help@moz.com)"
216.244.66.202 - - [14/Dec/2017:02:57:03 +0100] "GET /berndorf/A-Kurs-2-Einheiten-Juli-2014?FS=A2B HTTP/1.1" 301 431 "-" "Mozilla/5.0 (compatible; DotBot/1.1; http://www.opensiteexplorer.org/dotbot, help@moz.com)"
