89.204.139.127 - - [14/Dec/2017:07:09:31 +0100] "GET /img/mobile/bg-menu.jpg HTTP/1.1" 200 1698 "https://www.easydrivers.at/fuehrerscheine/lkw" "Mozilla/5.0 (iPhone; CPU iPhone OS 11_1_2 like Mac OS X) AppleWebKit/604.1.34 (KHTML, like Gecko) GSA/40.1.177082287 Mobile/15B202 Safari/604.1"
89.204.139.127 - - [14/Dec/2017:07:09:31 +0100] "GET /img/mobile/weiter-button.png HTTP/1.1" 200 1670 "https://www.easydrivers.at/fuehrerscheine/lkw" "Mozilla/5.0 (iPhone; CPU iPhone OS 11_1_2 like Mac OS X) AppleWebKit/604.1.34 (KHTML, like Gecko) GSA/40.1.177082287 Mobile/15B202 Safari/604.1"
89.204.139.127 - - [14/Dec/2017:07:09:31 +0100] "GET /img/mobile/bg-yellow.jpg HTTP/1.1" 200 1569 "https://www.easydrivers.at/fuehrerscheine/lkw" "Mozilla/5.0 (iPhone; CPU iPhone OS 11_1_2 like Mac OS X) AppleWebKit/604.1.34 (KHTML, like Gecko) GSA/40.1.177082287 Mobile/15B202 Safari/604.1"
77.118.168.87 - - [14/Dec/2017:07:09:34 +0100] "GET / HTTP/1.1" 200 4434 "-" "Mozilla/5.0 (iPad; CPU OS 7_1_2 like Mac OS X) AppleWebKit/537.51.2 (KHTML, like Gecko) Version/7.0 Mobile/11D257 Safari/9537.53"
77.118.168.87 - - [14/Dec/2017:07:09:35 +0100] "GET /css/style.css HTTP/1.1" 200 5004 "https://www.easydrivers.at/" "Mozilla/5.0 (iPad; CPU OS 7_1_2 like Mac OS X) AppleWebKit/537.51.2 (KHTML, like Gecko) Version/7.0 Mobile/11D257 Safari/9537.53"
77.118.168.87 - - [14/Dec/2017:07:09:36 +0100] "GET /javascript/jquery.simplemodal.js HTTP/1.1" 200 3070 "https://www.easydrivers.at/" "Mozilla/5.0 (iPad; CPU OS 7_1_2 like Mac OS X) AppleWebKit/537.51.2 (KHTML, like Gecko) Version/7.0 Mobile/11D257 Safari/9537.53"
77.118.168.87 - - [14/Dec/2017:07:09:36 +0100] "GET /javascript/jquery.cookie.js HTTP/1.1" 200 863 "https://www.easydrivers.at/" "Mozilla/5.0 (iPad; CPU OS 7_1_2 like Mac OS X) AppleWebKit/537.51.2 (KHTML, like Gecko) Version/7.0 Mobile/11D257 Safari/9537.53"
77.118.168.87 - - [14/Dec/2017:07:09:36 +0100] "GET /javascript/portal.js?1221842734 HTTP/1.1" 200 3529 "https://www.easydrivers.at/" "Mozilla/5.0 (iPad; CPU OS 7_1_2 like Mac OS X) AppleWebKit/537.51.2 (KHTML, like Gecko) Version/7.0 Mobile/11D257 Safari/9537.53"
77.118.168.87 - - [14/Dec/2017:07:09:36 +0100] "GET /javascript/homesearch.js HTTP/1.1" 200 393 "https://www.easydrivers.at/" "Mozilla/5.0 (iPad; CPU OS 7_1_2 like Mac OS X) AppleWebKit/537.51.2 (KHTML, like Gecko) Version/7.0 Mobile/11D257 Safari/9537.53"
77.118.168.87 - - [14/Dec/2017:07:09:36 +0100] "GET /javascript/jquery.customSelect.min.js HTTP/1.1" 200 912 "https://www.easydrivers.at/" "Mozilla/5.0 (iPad; CPU OS 7_1_2 like Mac OS X) AppleWebKit/537.51.2 (KHTML, like Gecko) Version/7.0 Mobile/11D257 Safari/9537.53"
77.118.168.87 - - [14/Dec/2017:07:09:36 +0100] "GET /javascript/lazyload.js HTTP/1.1" 200 1170 "https://www.easydrivers.at/" "Mozilla/5.0 (iPad; CPU OS 7_1_2 like Mac OS X) AppleWebKit/537.51.2 (KHTML, like Gecko) Version/7.0 Mobile/11D257 Safari/9537.53"
77.118.168.87 - - [14/Dec/2017:07:09:36 +0100] "GET /img/submit-button.png HTTP/1.1" 200 1958 "https://www.easydrivers.at/" "Mozilla/5.0 (iPad; CPU OS 7_1_2 like Mac OS X) AppleWebKit/537.51.2 (KHTML, like Gecko) Version/7.0 Mobile/11D257 Safari/9537.53"
77.118.168.87 - - [14/Dec/2017:07:09:36 +0100] "GET /img/empty.gif HTTP/1.1" 200 43 "https://www.easydrivers.at/" "Mozilla/5.0 (iPad; CPU OS 7_1_2 like Mac OS X) AppleWebKit/537.51.2 (KHTML, like Gecko) Version/7.0 Mobile/11D257 Safari/9537.53"
77.118.168.87 - - [14/Dec/2017:07:09:36 +0100] "GET /img/facebook-icon.png HTTP/1.1" 200 1506 "https://www.easydrivers.at/" "Mozilla/5.0 (iPad; CPU OS 7_1_2 like Mac OS X) AppleWebKit/537.51.2 (KHTML, like Gecko) Version/7.0 Mobile/11D257 Safari/9537.53"
77.118.168.87 - - [14/Dec/2017:07:09:36 +0100] "GET /img/close-button.png HTTP/1.1" 200 2237 "https://www.easydrivers.at/" "Mozilla/5.0 (iPad; CPU OS 7_1_2 like Mac OS X) AppleWebKit/537.51.2 (KHTML, like Gecko) Version/7.0 Mobile/11D257 Safari/9537.53"
77.118.168.87 - - [14/Dec/2017:07:09:36 +0100] "GET /binaries/easy-drivers-portal/widget-icon-trainingpng.png HTTP/1.1" 200 2662 "https://www.easydrivers.at/" "Mozilla/5.0 (iPad; CPU OS 7_1_2 like Mac OS X) AppleWebKit/537.51.2 (KHTML, like Gecko) Version/7.0 Mobile/11D257 Safari/9537.53"
77.118.168.87 - - [14/Dec/2017:07:09:36 +0100] "GET /cache/emu/images/easy-drivers-portal10294676/pastedgraphic-3-1png_160_90_0.png HTTP/1.1" 200 9745 "https://www.easydrivers.at/" "Mozilla/5.0 (iPad; CPU OS 7_1_2 like Mac OS X) AppleWebKit/537.51.2 (KHTML, like Gecko) Version/7.0 Mobile/11D257 Safari/9537.53"
77.118.168.87 - - [14/Dec/2017:07:09:36 +0100] "GET /img/schweiz-icon.png HTTP/1.1" 200 1504 "https://www.easydrivers.at/" "Mozilla/5.0 (iPad; CPU OS 7_1_2 like Mac OS X) AppleWebKit/537.51.2 (KHTML, like Gecko) Version/7.0 Mobile/11D257 Safari/9537.53"
77.118.168.87 - - [14/Dec/2017:07:09:36 +0100] "GET /binaries/easy-drivers-portal/widget-icon-apppng.png HTTP/1.1" 200 2432 "https://www.easydrivers.at/" "Mozilla/5.0 (iPad; CPU OS 7_1_2 like Mac OS X) AppleWebKit/537.51.2 (KHTML, like Gecko) Version/7.0 Mobile/11D257 Safari/9537.53"
77.118.168.87 - - [14/Dec/2017:07:09:36 +0100] "GET /binaries/easy-drivers-portal/widget-icon-expertspng.png HTTP/1.1" 200 2159 "https://www.easydrivers.at/" "Mozilla/5.0 (iPad; CPU OS 7_1_2 like Mac OS X) AppleWebKit/537.51.2 (KHTML, like Gecko) Version/7.0 Mobile/11D257 Safari/9537.53"
77.118.168.87 - - [14/Dec/2017:07:09:36 +0100] "GET /css/print.css HTTP/1.1" 200 967 "https://www.easydrivers.at/" "Mozilla/5.0 (iPad; CPU OS 7_1_2 like Mac OS X) AppleWebKit/537.51.2 (KHTML, like Gecko) Version/7.0 Mobile/11D257 Safari/9537.53"
77.118.168.87 - - [14/Dec/2017:07:09:36 +0100] "GET /img/ED_Logo.png HTTP/1.1" 200 3385 "https://www.easydrivers.at/" "Mozilla/5.0 (iPad; CPU OS 7_1_2 like Mac OS X) AppleWebKit/537.51.2 (KHTML, like Gecko) Version/7.0 Mobile/11D257 Safari/9537.53"
77.118.168.87 - - [14/Dec/2017:07:09:36 +0100] "GET /img/bg-header.jpg HTTP/1.1" 200 38680 "https://www.easydrivers.at/" "Mozilla/5.0 (iPad; CPU OS 7_1_2 like Mac OS X) AppleWebKit/537.51.2 (KHTML, like Gecko) Version/7.0 Mobile/11D257 Safari/9537.53"
77.118.168.87 - - [14/Dec/2017:07:09:36 +0100] "GET /img/purple-dots-horizontal.png HTTP/1.1" 200 977 "https://www.easydrivers.at/" "Mozilla/5.0 (iPad; CPU OS 7_1_2 like Mac OS X) AppleWebKit/537.51.2 (KHTML, like Gecko) Version/7.0 Mobile/11D257 Safari/9537.53"
77.118.168.87 - - [14/Dec/2017:07:09:36 +0100] "GET /img/yellow-dots-vertical.png HTTP/1.1" 200 981 "https://www.easydrivers.at/" "Mozilla/5.0 (iPad; CPU OS 7_1_2 like Mac OS X) AppleWebKit/537.51.2 (KHTML, like Gecko) Version/7.0 Mobile/11D257 Safari/9537.53"
77.118.168.87 - - [14/Dec/2017:07:09:36 +0100] "GET /img/bg-footer.jpg HTTP/1.1" 200 31770 "https://www.easydrivers.at/" "Mozilla/5.0 (iPad; CPU OS 7_1_2 like Mac OS X) AppleWebKit/537.51.2 (KHTML, like Gecko) Version/7.0 Mobile/11D257 Safari/9537.53"
77.118.168.87 - - [14/Dec/2017:07:09:36 +0100] "GET /img/bg-top-section.jpg HTTP/1.1" 200 82172 "https://www.easydrivers.at/" "Mozilla/5.0 (iPad; CPU OS 7_1_2 like Mac OS X) AppleWebKit/537.51.2 (KHTML, like Gecko) Version/7.0 Mobile/11D257 Safari/9537.53"
77.118.168.87 - - [14/Dec/2017:07:09:36 +0100] "GET /img/kursicon-download-pink.png HTTP/1.1" 200 1213 "https://www.easydrivers.at/" "Mozilla/5.0 (iPad; CPU OS 7_1_2 like Mac OS X) AppleWebKit/537.51.2 (KHTML, like Gecko) Version/7.0 Mobile/11D257 Safari/9537.53"
77.118.168.87 - - [14/Dec/2017:07:09:36 +0100] "GET /img/kursicon-share-pink.png HTTP/1.1" 200 1277 "https://www.easydrivers.at/" "Mozilla/5.0 (iPad; CPU OS 7_1_2 like Mac OS X) AppleWebKit/537.51.2 (KHTML, like Gecko) Version/7.0 Mobile/11D257 Safari/9537.53"
77.118.168.87 - - [14/Dec/2017:07:09:36 +0100] "GET /img/black-dots-vertical.png HTTP/1.1" 200 1165 "https://www.easydrivers.at/" "Mozilla/5.0 (iPad; CPU OS 7_1_2 like Mac OS X) AppleWebKit/537.51.2 (KHTML, like Gecko) Version/7.0 Mobile/11D257 Safari/9537.53"
77.118.168.87 - - [14/Dec/2017:07:09:36 +0100] "GET /img/kursicon-print-pink.png HTTP/1.1" 200 1125 "https://www.easydrivers.at/" "Mozilla/5.0 (iPad; CPU OS 7_1_2 like Mac OS X) AppleWebKit/537.51.2 (KHTML, like Gecko) Version/7.0 Mobile/11D257 Safari/9537.53"
77.118.168.87 - - [14/Dec/2017:07:09:37 +0100] "GET /img/kursicon-phone-pink.png HTTP/1.1" 200 1286 "https://www.easydrivers.at/" "Mozilla/5.0 (iPad; CPU OS 7_1_2 like Mac OS X) AppleWebKit/537.51.2 (KHTML, like Gecko) Version/7.0 Mobile/11D257 Safari/9537.53"
77.118.168.87 - - [14/Dec/2017:07:09:37 +0100] "GET /img/selection-box-button.png HTTP/1.1" 200 1079 "https://www.easydrivers.at/" "Mozilla/5.0 (iPad; CPU OS 7_1_2 like Mac OS X) AppleWebKit/537.51.2 (KHTML, like Gecko) Version/7.0 Mobile/11D257 Safari/9537.53"
213.225.12.156 - - [14/Dec/2017:07:09:40 +0100] "GET /easy_drivers_st._peterau/Weihnachtskurs-2017?FS=B HTTP/1.1" 200 3113 "http://m.facebook.com" "Mozilla/5.0 (iPhone; CPU iPhone OS 11_1 like Mac OS X) AppleWebKit/604.3.5 (KHTML, like Gecko) Mobile/15B93 [FBAN/FBIOS;FBAV/152.0.0.45.135;FBBV/83301214;FBDV/iPhone7,2;FBMD/iPhone;FBSN/iOS;FBSV/11.1;FBSS/2;FBCR/tele.ring;FBID/phone;FBLC/de_DE;FBOP/5;FBRV/84311412]"
89.204.139.127 - - [14/Dec/2017:07:09:45 +0100] "GET /img/mobile/pfeil-links-small.png HTTP/1.1" 200 1065 "https://www.easydrivers.at/fuehrerscheine/lkw" "Mozilla/5.0 (iPhone; CPU iPhone OS 11_1_2 like Mac OS X) AppleWebKit/604.1.34 (KHTML, like Gecko) GSA/40.1.177082287 Mobile/15B202 Safari/604.1"
89.204.139.127 - - [14/Dec/2017:07:09:46 +0100] "GET /img/mobile/pfeil-rechts-small.png HTTP/1.1" 200 1056 "https://www.easydrivers.at/fuehrerscheine/lkw" "Mozilla/5.0 (iPhone; CPU iPhone OS 11_1_2 like Mac OS X) AppleWebKit/604.1.34 (KHTML, like Gecko) GSA/40.1.177082287 Mobile/15B202 Safari/604.1"
178.190.216.8 - - [14/Dec/2017:07:09:43 +0100] "GET /ennstal.schladming/wfk-22-12-2017?FS=B HTTP/1.1" 200 3217 "http://m.facebook.com" "Mozilla/5.0 (iPhone; CPU iPhone OS 11_1_2 like Mac OS X) AppleWebKit/604.3.5 (KHTML, like Gecko) Mobile/15B202 [FBAN/FBIOS;FBAV/149.0.0.39.64;FBBV/79173879;FBDV/iPhone7,2;FBMD/iPhone;FBSN/iOS;FBSV/11.1.2;FBSS/2;FBCR/A1;FBID/phone;FBLC/de_DE;FBOP/5;FBRV/80647340]"
178.190.216.8 - - [14/Dec/2017:07:09:46 +0100] "GET /ennstal.schladming/img/mobile/easydrivers-logo-mobile.png HTTP/1.1" 404 3061 "-" "Mozilla/5.0 (iPhone; CPU iPhone OS 11_1_2 like Mac OS X) AppleWebKit/604.3.5 (KHTML, like Gecko) Mobile/15B202 [FBAN/FBIOS;FBAV/149.0.0.39.64;FBBV/79173879;FBDV/iPhone7,2;FBMD/iPhone;FBSN/iOS;FBSV/11.1.2;FBSS/2;FBCR/A1;FBID/phone;FBLC/de_DE;FBOP/5;FBRV/80647340]"
194.166.91.44 - - [14/Dec/2017:07:09:58 +0100] "GET /ueberuns HTTP/1.1" 200 3260 "https://www.easydrivers.at/krems/10286717" "Mozilla/5.0 (Windows NT 6.2; Win64; x64; rv:57.0) Gecko/20100101 Firefox/57.0"
194.166.91.44 - - [14/Dec/2017:07:09:59 +0100] "GET /css/history.css HTTP/1.1" 200 609 "https://www.easydrivers.at/ueberuns" "Mozilla/5.0 (Windows NT 6.2; Win64; x64; rv:57.0) Gecko/20100101 Firefox/57.0"
194.166.91.44 - - [14/Dec/2017:07:09:59 +0100] "GET /javascript/history.js HTTP/1.1" 200 967 "https://www.easydrivers.at/ueberuns" "Mozilla/5.0 (Windows NT 6.2; Win64; x64; rv:57.0) Gecko/20100101 Firefox/57.0"
194.166.91.44 - - [14/Dec/2017:07:09:59 +0100] "GET /binaries/easy-drivers-portal/edwebhistoryillu392x3922jpg.jpg HTTP/1.1" 200 32209 "https://www.easydrivers.at/ueberuns" "Mozilla/5.0 (Windows NT 6.2; Win64; x64; rv:57.0) Gecko/20100101 Firefox/57.0"
194.166.91.44 - - [14/Dec/2017:07:09:59 +0100] "GET /binaries/easy-drivers-portal/edwebhistoryillu392x3924jpg.jpg HTTP/1.1" 200 35765 "https://www.easydrivers.at/ueberuns" "Mozilla/5.0 (Windows NT 6.2; Win64; x64; rv:57.0) Gecko/20100101 Firefox/57.0"
194.166.91.44 - - [14/Dec/2017:07:09:59 +0100] "GET /binaries/easy-drivers-portal/edwebhistoryillu392x3925jpg.jpg HTTP/1.1" 200 31708 "https://www.easydrivers.at/ueberuns" "Mozilla/5.0 (Windows NT 6.2; Win64; x64; rv:57.0) Gecko/20100101 Firefox/57.0"
194.166.91.44 - - [14/Dec/2017:07:09:59 +0100] "GET /binaries/easy-drivers-portal/edwebhistoryillu392x3923jpg.jpg HTTP/1.1" 200 54656 "https://www.easydrivers.at/ueberuns" "Mozilla/5.0 (Windows NT 6.2; Win64; x64; rv:57.0) Gecko/20100101 Firefox/57.0"
194.166.91.44 - - [14/Dec/2017:07:09:59 +0100] "GET /binaries/easy-drivers-portal/edwebhistoryillu392x392radjpg.jpg HTTP/1.1" 200 124939 "https://www.easydrivers.at/ueberuns" "Mozilla/5.0 (Windows NT 6.2; Win64; x64; rv:57.0) Gecko/20100101 Firefox/57.0"
194.166.91.44 - - [14/Dec/2017:07:09:59 +0100] "GET /binaries/easy-drivers-portal/edwebhistoryillu392x3926jpg.jpg HTTP/1.1" 200 41118 "https://www.easydrivers.at/ueberuns" "Mozilla/5.0 (Windows NT 6.2; Win64; x64; rv:57.0) Gecko/20100101 Firefox/57.0"
194.166.91.44 - - [14/Dec/2017:07:09:59 +0100] "GET /binaries/easy-drivers-portal/edwebhistoryillu392x3929jpg.jpg HTTP/1.1" 200 31823 "https://www.easydrivers.at/ueberuns" "Mozilla/5.0 (Windows NT 6.2; Win64; x64; rv:57.0) Gecko/20100101 Firefox/57.0"
194.166.91.44 - - [14/Dec/2017:07:09:59 +0100] "GET /binaries/easy-drivers-portal/edwebhistoryillu392x3928jpg.jpg HTTP/1.1" 200 38907 "https://www.easydrivers.at/ueberuns" "Mozilla/5.0 (Windows NT 6.2; Win64; x64; rv:57.0) Gecko/20100101 Firefox/57.0"
194.166.91.44 - - [14/Dec/2017:07:09:59 +0100] "GET /binaries/easy-drivers-portal/edwebhistoryillu392x39211jpg.jpg HTTP/1.1" 200 36282 "https://www.easydrivers.at/ueberuns" "Mozilla/5.0 (Windows NT 6.2; Win64; x64; rv:57.0) Gecko/20100101 Firefox/57.0"
194.166.91.44 - - [14/Dec/2017:07:09:59 +0100] "GET /binaries/easy-drivers-portal/edwebhistoryillu392x3927jpg.jpg HTTP/1.1" 200 71377 "https://www.easydrivers.at/ueberuns" "Mozilla/5.0 (Windows NT 6.2; Win64; x64; rv:57.0) Gecko/20100101 Firefox/57.0"
194.166.91.44 - - [14/Dec/2017:07:10:00 +0100] "GET /binaries/easy-drivers-portal/edwebhistoryillu392x39210jpg.jpg HTTP/1.1" 200 19475 "https://www.easydrivers.at/ueberuns" "Mozilla/5.0 (Windows NT 6.2; Win64; x64; rv:57.0) Gecko/20100101 Firefox/57.0"
194.166.91.44 - - [14/Dec/2017:07:10:00 +0100] "GET /binaries/easy-drivers-portal/edwebhistoryillu392x39220kpng.png HTTP/1.1" 200 49333 "https://www.easydrivers.at/ueberuns" "Mozilla/5.0 (Windows NT 6.2; Win64; x64; rv:57.0) Gecko/20100101 Firefox/57.0"
213.162.73.197 - - [14/Dec/2017:07:10:12 +0100] "GET /ennstal.schladming/wfk-22-12-2017?FS=B HTTP/1.1" 200 3217 "http://m.facebook.com" "Mozilla/5.0 (iPhone; CPU iPhone OS 11_1_2 like Mac OS X) AppleWebKit/604.3.5 (KHTML, like Gecko) Mobile/15B202 [FBAN/FBIOS;FBAV/152.0.0.45.135;FBBV/83301214;FBDV/iPhone9,3;FBMD/iPhone;FBSN/iOS;FBSV/11.1.2;FBSS/2;FBCR/T-MobileA;FBID/phone;FBLC/de_DE;FBOP/5;FBRV/84311412]"
188.23.218.41 - - [14/Dec/2017:07:10:13 +0100] "GET /krems/10276251 HTTP/1.1" 200 3275 "http://m.facebook.com" "Mozilla/5.0 (iPhone; CPU iPhone OS 11_2 like Mac OS X) AppleWebKit/604.4.7 (KHTML, like Gecko) Mobile/15C114 [FBAN/FBIOS;FBAV/152.0.0.45.135;FBBV/83301214;FBDV/iPhone9,4;FBMD/iPhone;FBSN/iOS;FBSV/11.2;FBSS/3;FBCR/A1;FBID/phone;FBLC/de_DE;FBOP/5;FBRV/83301214]"
212.197.137.67 - - [14/Dec/2017:07:10:17 +0100] "GET / HTTP/1.1" 200 3552 "-" "Mozilla/5.0 (iPhone; CPU iPhone OS 11_1_2 like Mac OS X) AppleWebKit/604.3.5 (KHTML, like Gecko) Version/11.0 Mobile/15B202 Safari/604.1"
212.197.137.67 - - [14/Dec/2017:07:10:19 +0100] "GET /css/mobile.css HTTP/1.1" 200 2852 "https://www.easydrivers.at/" "Mozilla/5.0 (iPhone; CPU iPhone OS 11_1_2 like Mac OS X) AppleWebKit/604.3.5 (KHTML, like Gecko) Version/11.0 Mobile/15B202 Safari/604.1"
212.197.137.67 - - [14/Dec/2017:07:10:19 +0100] "GET /javascript/jquery.cookie.js HTTP/1.1" 200 863 "https://www.easydrivers.at/" "Mozilla/5.0 (iPhone; CPU iPhone OS 11_1_2 like Mac OS X) AppleWebKit/604.3.5 (KHTML, like Gecko) Version/11.0 Mobile/15B202 Safari/604.1"
212.197.137.67 - - [14/Dec/2017:07:10:19 +0100] "GET /javascript/mobile-menu.js HTTP/1.1" 200 1634 "https://www.easydrivers.at/" "Mozilla/5.0 (iPhone; CPU iPhone OS 11_1_2 like Mac OS X) AppleWebKit/604.3.5 (KHTML, like Gecko) Version/11.0 Mobile/15B202 Safari/604.1"
212.197.137.67 - - [14/Dec/2017:07:10:19 +0100] "GET /javascript/jquery-1.9.1.min.js HTTP/1.1" 200 32731 "https://www.easydrivers.at/" "Mozilla/5.0 (iPhone; CPU iPhone OS 11_1_2 like Mac OS X) AppleWebKit/604.3.5 (KHTML, like Gecko) Version/11.0 Mobile/15B202 Safari/604.1"
178.190.216.8 - - [14/Dec/2017:07:10:16 +0100] "GET /ennstal.schladming/img/mobile/close-button.png HTTP/1.1" 404 3068 "-" "Mozilla/5.0 (iPhone; CPU iPhone OS 11_1_2 like Mac OS X) AppleWebKit/604.3.5 (KHTML, like Gecko) Mobile/15B202 [FBAN/FBIOS;FBAV/149.0.0.39.64;FBBV/79173879;FBDV/iPhone7,2;FBMD/iPhone;FBSN/iOS;FBSV/11.1.2;FBSS/2;FBCR/A1;FBID/phone;FBLC/de_DE;FBOP/5;FBRV/80647340]"
212.197.137.67 - - [14/Dec/2017:07:10:19 +0100] "GET /javascript/jquery.simplemodal.js HTTP/1.1" 200 3070 "https://www.easydrivers.at/" "Mozilla/5.0 (iPhone; CPU iPhone OS 11_1_2 like Mac OS X) AppleWebKit/604.3.5 (KHTML, like Gecko) Version/11.0 Mobile/15B202 Safari/604.1"
212.197.137.67 - - [14/Dec/2017:07:10:19 +0100] "GET /javascript/lazyload.js HTTP/1.1" 200 1170 "https://www.easydrivers.at/" "Mozilla/5.0 (iPhone; CPU iPhone OS 11_1_2 like Mac OS X) AppleWebKit/604.3.5 (KHTML, like Gecko) Version/11.0 Mobile/15B202 Safari/604.1"
212.197.137.67 - - [14/Dec/2017:07:10:19 +0100] "GET /javascript/mobile-homesearch.js HTTP/1.1" 200 340 "https://www.easydrivers.at/" "Mozilla/5.0 (iPhone; CPU iPhone OS 11_1_2 like Mac OS X) AppleWebKit/604.3.5 (KHTML, like Gecko) Version/11.0 Mobile/15B202 Safari/604.1"
212.197.137.67 - - [14/Dec/2017:07:10:19 +0100] "GET /img/mobile/easydrivers-logo-mobile.png HTTP/1.1" 200 10766 "https://www.easydrivers.at/" "Mozilla/5.0 (iPhone; CPU iPhone OS 11_1_2 like Mac OS X) AppleWebKit/604.3.5 (KHTML, like Gecko) Version/11.0 Mobile/15B202 Safari/604.1"
212.197.137.67 - - [14/Dec/2017:07:10:19 +0100] "GET /img/mobile/menu-button.png HTTP/1.1" 200 1746 "https://www.easydrivers.at/" "Mozilla/5.0 (iPhone; CPU iPhone OS 11_1_2 like Mac OS X) AppleWebKit/604.3.5 (KHTML, like Gecko) Version/11.0 Mobile/15B202 Safari/604.1"
212.197.137.67 - - [14/Dec/2017:07:10:19 +0100] "GET /img/mobile/close-button.png HTTP/1.1" 200 2411 "https://www.easydrivers.at/" "Mozilla/5.0 (iPhone; CPU iPhone OS 11_1_2 like Mac OS X) AppleWebKit/604.3.5 (KHTML, like Gecko) Version/11.0 Mobile/15B202 Safari/604.1"
212.197.137.67 - - [14/Dec/2017:07:10:19 +0100] "GET /img/mobile/facebook-icon.png HTTP/1.1" 200 1902 "https://www.easydrivers.at/" "Mozilla/5.0 (iPhone; CPU iPhone OS 11_1_2 like Mac OS X) AppleWebKit/604.3.5 (KHTML, like Gecko) Version/11.0 Mobile/15B202 Safari/604.1"
212.197.137.67 - - [14/Dec/2017:07:10:19 +0100] "GET /img/mobile/widget-icon-app.png HTTP/1.1" 200 3458 "https://www.easydrivers.at/" "Mozilla/5.0 (iPhone; CPU iPhone OS 11_1_2 like Mac OS X) AppleWebKit/604.3.5 (KHTML, like Gecko) Version/11.0 Mobile/15B202 Safari/604.1"
212.197.137.67 - - [14/Dec/2017:07:10:19 +0100] "GET /img/mobile/bg-header.jpg HTTP/1.1" 200 19741 "https://www.easydrivers.at/" "Mozilla/5.0 (iPhone; CPU iPhone OS 11_1_2 like Mac OS X) AppleWebKit/604.3.5 (KHTML, like Gecko) Version/11.0 Mobile/15B202 Safari/604.1"
212.197.137.67 - - [14/Dec/2017:07:10:19 +0100] "GET /img/mobile/bg-menu.jpg HTTP/1.1" 200 1698 "https://www.easydrivers.at/" "Mozilla/5.0 (iPhone; CPU iPhone OS 11_1_2 like Mac OS X) AppleWebKit/604.3.5 (KHTML, like Gecko) Version/11.0 Mobile/15B202 Safari/604.1"
212.197.137.67 - - [14/Dec/2017:07:10:19 +0100] "GET /img/mobile/bg-top-section.jpg HTTP/1.1" 200 21711 "https://www.easydrivers.at/" "Mozilla/5.0 (iPhone; CPU iPhone OS 11_1_2 like Mac OS X) AppleWebKit/604.3.5 (KHTML, like Gecko) Version/11.0 Mobile/15B202 Safari/604.1"
212.197.137.67 - - [14/Dec/2017:07:10:19 +0100] "GET /img/mobile/pfeil-rechts.png HTTP/1.1" 200 1228 "https://www.easydrivers.at/" "Mozilla/5.0 (iPhone; CPU iPhone OS 11_1_2 like Mac OS X) AppleWebKit/604.3.5 (KHTML, like Gecko) Version/11.0 Mobile/15B202 Safari/604.1"
89.204.139.127 - - [14/Dec/2017:07:10:20 +0100] "GET /fuehrerscheine/lkw HTTP/1.1" 200 3734 "https://www.google.de/" "Mozilla/5.0 (iPhone; CPU iPhone OS 11_1_2 like Mac OS X) AppleWebKit/604.1.34 (KHTML, like Gecko) GSA/40.1.177082287 Mobile/15B202 Safari/604.1"
178.63.171.163 - - [14/Dec/2017:07:10:22 +0100] "GET /ennstal.schladming/wfk-22-12-2017?FS=B HTTP/1.1" 200 3217 "http://m.facebook.com" "Mozilla/5.0 (iPhone; CPU iPhone OS 11_1_2 like Mac OS X) AppleWebKit/604.3.5 (KHTML, like Gecko) Mobile/15B202 [FBAN/FBIOS;FBAV/152.0.0.45.135;FBBV/83301214;FBDV/iPhone9,3;FBMD/iPhone;FBSN/iOS;FBSV/11.1.2;FBSS/2;FBCR/3Austria;FBID/phone;FBLC/de_DE;FBOP/5;FBRV/84311412]"
178.190.216.8 - - [14/Dec/2017:07:10:46 +0100] "GET /ennstal.schladming/img/smallicon-time.png HTTP/1.1" 404 3071 "-" "Mozilla/5.0 (iPhone; CPU iPhone OS 11_1_2 like Mac OS X) AppleWebKit/604.3.5 (KHTML, like Gecko) Mobile/15B202 [FBAN/FBIOS;FBAV/149.0.0.39.64;FBBV/79173879;FBDV/iPhone7,2;FBMD/iPhone;FBSN/iOS;FBSV/11.1.2;FBSS/2;FBCR/A1;FBID/phone;FBLC/de_DE;FBOP/5;FBRV/80647340]"
178.190.216.8 - - [14/Dec/2017:07:10:48 +0100] "GET /ennstal.schladming/img/mobile/info-close-button.png HTTP/1.1" 404 3071 "-" "Mozilla/5.0 (iPhone; CPU iPhone OS 11_1_2 like Mac OS X) AppleWebKit/604.3.5 (KHTML, like Gecko) Mobile/15B202 [FBAN/FBIOS;FBAV/149.0.0.39.64;FBBV/79173879;FBDV/iPhone7,2;FBMD/iPhone;FBSN/iOS;FBSV/11.1.2;FBSS/2;FBCR/A1;FBID/phone;FBLC/de_DE;FBOP/5;FBRV/80647340]"
194.166.91.44 - - [14/Dec/2017:07:10:52 +0100] "GET /krems/10286717 HTTP/1.1" 200 3208 "https://www.easydrivers.at/krems/aktionen" "Mozilla/5.0 (Windows NT 6.2; Win64; x64; rv:57.0) Gecko/20100101 Firefox/57.0"
194.166.91.44 - - [14/Dec/2017:07:10:55 +0100] "GET /binaries/easy-drivers-portal/motorrad6jpg.jpg HTTP/1.1" 200 83216 "https://www.easydrivers.at/krems/10286717" "Mozilla/5.0 (Windows NT 6.2; Win64; x64; rv:57.0) Gecko/20100101 Firefox/57.0"
90.146.146.27 - - [14/Dec/2017:07:10:57 +0100] "GET /fuehrerscheine/lkw HTTP/1.1" 301 304 "https://www.google.at/" "Mozilla/5.0 (Macintosh; Intel Mac OS X 10_12_6) AppleWebKit/604.4.7 (KHTML, like Gecko) Version/11.0.2 Safari/604.4.7"
90.146.146.27 - - [14/Dec/2017:07:10:57 +0100] "GET /fuehrerscheine/lkw HTTP/1.1" 200 2686 "https://www.google.at/" "Mozilla/5.0 (Macintosh; Intel Mac OS X 10_12_6) AppleWebKit/604.4.7 (KHTML, like Gecko) Version/11.0.2 Safari/604.4.7"
90.146.146.27 - - [14/Dec/2017:07:10:59 +0100] "GET /css/style.css HTTP/1.1" 200 5004 "https://www.easydrivers.at/fuehrerscheine/lkw" "Mozilla/5.0 (Macintosh; Intel Mac OS X 10_12_6) AppleWebKit/604.4.7 (KHTML, like Gecko) Version/11.0.2 Safari/604.4.7"
90.146.146.27 - - [14/Dec/2017:07:10:59 +0100] "GET /css/print.css HTTP/1.1" 200 967 "https://www.easydrivers.at/fuehrerscheine/lkw" "Mozilla/5.0 (Macintosh; Intel Mac OS X 10_12_6) AppleWebKit/604.4.7 (KHTML, like Gecko) Version/11.0.2 Safari/604.4.7"
90.146.146.27 - - [14/Dec/2017:07:10:59 +0100] "GET /javascript/jquery.customSelect.min.js HTTP/1.1" 200 912 "https://www.easydrivers.at/fuehrerscheine/lkw" "Mozilla/5.0 (Macintosh; Intel Mac OS X 10_12_6) AppleWebKit/604.4.7 (KHTML, like Gecko) Version/11.0.2 Safari/604.4.7"
90.146.146.27 - - [14/Dec/2017:07:10:59 +0100] "GET /javascript/jquery.simplemodal.js HTTP/1.1" 200 3070 "https://www.easydrivers.at/fuehrerscheine/lkw" "Mozilla/5.0 (Macintosh; Intel Mac OS X 10_12_6) AppleWebKit/604.4.7 (KHTML, like Gecko) Version/11.0.2 Safari/604.4.7"
90.146.146.27 - - [14/Dec/2017:07:10:59 +0100] "GET /javascript/jquery.cookie.js HTTP/1.1" 200 863 "https://www.easydrivers.at/fuehrerscheine/lkw" "Mozilla/5.0 (Macintosh; Intel Mac OS X 10_12_6) AppleWebKit/604.4.7 (KHTML, like Gecko) Version/11.0.2 Safari/604.4.7"
90.146.146.27 - - [14/Dec/2017:07:10:59 +0100] "GET /javascript/portal.js?1221842734 HTTP/1.1" 200 3529 "https://www.easydrivers.at/fuehrerscheine/lkw" "Mozilla/5.0 (Macintosh; Intel Mac OS X 10_12_6) AppleWebKit/604.4.7 (KHTML, like Gecko) Version/11.0.2 Safari/604.4.7"
90.146.146.27 - - [14/Dec/2017:07:10:59 +0100] "GET /javascript/lazyload.js HTTP/1.1" 200 1170 "https://www.easydrivers.at/fuehrerscheine/lkw" "Mozilla/5.0 (Macintosh; Intel Mac OS X 10_12_6) AppleWebKit/604.4.7 (KHTML, like Gecko) Version/11.0.2 Safari/604.4.7"
90.146.146.27 - - [14/Dec/2017:07:10:59 +0100] "GET /javascript/license.js HTTP/1.1" 200 315 "https://www.easydrivers.at/fuehrerscheine/lkw" "Mozilla/5.0 (Macintosh; Intel Mac OS X 10_12_6) AppleWebKit/604.4.7 (KHTML, like Gecko) Version/11.0.2 Safari/604.4.7"
90.146.146.27 - - [14/Dec/2017:07:10:59 +0100] "GET /img/close-button.png HTTP/1.1" 200 2237 "https://www.easydrivers.at/fuehrerscheine/lkw" "Mozilla/5.0 (Macintosh; Intel Mac OS X 10_12_6) AppleWebKit/604.4.7 (KHTML, like Gecko) Version/11.0.2 Safari/604.4.7"
90.146.146.27 - - [14/Dec/2017:07:10:59 +0100] "GET /img/facebook-icon.png HTTP/1.1" 200 1506 "https://www.easydrivers.at/fuehrerscheine/lkw" "Mozilla/5.0 (Macintosh; Intel Mac OS X 10_12_6) AppleWebKit/604.4.7 (KHTML, like Gecko) Version/11.0.2 Safari/604.4.7"
90.146.146.27 - - [14/Dec/2017:07:10:59 +0100] "GET /img/schweiz-icon.png HTTP/1.1" 200 1504 "https://www.easydrivers.at/fuehrerscheine/lkw" "Mozilla/5.0 (Macintosh; Intel Mac OS X 10_12_6) AppleWebKit/604.4.7 (KHTML, like Gecko) Version/11.0.2 Safari/604.4.7"
90.146.146.27 - - [14/Dec/2017:07:10:59 +0100] "GET /img/bg-yellow.jpg HTTP/1.1" 200 2250 "https://www.easydrivers.at/fuehrerscheine/lkw" "Mozilla/5.0 (Macintosh; Intel Mac OS X 10_12_6) AppleWebKit/604.4.7 (KHTML, like Gecko) Version/11.0.2 Safari/604.4.7"
90.146.146.27 - - [14/Dec/2017:07:10:59 +0100] "GET /img/bg-header.jpg HTTP/1.1" 200 38680 "https://www.easydrivers.at/fuehrerscheine/lkw" "Mozilla/5.0 (Macintosh; Intel Mac OS X 10_12_6) AppleWebKit/604.4.7 (KHTML, like Gecko) Version/11.0.2 Safari/604.4.7"
90.146.146.27 - - [14/Dec/2017:07:10:59 +0100] "GET /img/ED_Logo.png HTTP/1.1" 200 3385 "https://www.easydrivers.at/fuehrerscheine/lkw" "Mozilla/5.0 (Macintosh; Intel Mac OS X 10_12_6) AppleWebKit/604.4.7 (KHTML, like Gecko) Version/11.0.2 Safari/604.4.7"
90.146.146.27 - - [14/Dec/2017:07:10:59 +0100] "GET /img/submit-button-small.png HTTP/1.1" 200 1456 "https://www.easydrivers.at/fuehrerscheine/lkw" "Mozilla/5.0 (Macintosh; Intel Mac OS X 10_12_6) AppleWebKit/604.4.7 (KHTML, like Gecko) Version/11.0.2 Safari/604.4.7"
90.146.146.27 - - [14/Dec/2017:07:10:59 +0100] "GET /img/bg-footer.jpg HTTP/1.1" 200 31770 "https://www.easydrivers.at/fuehrerscheine/lkw" "Mozilla/5.0 (Macintosh; Intel Mac OS X 10_12_6) AppleWebKit/604.4.7 (KHTML, like Gecko) Version/11.0.2 Safari/604.4.7"
90.146.146.27 - - [14/Dec/2017:07:10:59 +0100] "GET /img/kursicon-print-pink.png HTTP/1.1" 200 1125 "https://www.easydrivers.at/fuehrerscheine/lkw" "Mozilla/5.0 (Macintosh; Intel Mac OS X 10_12_6) AppleWebKit/604.4.7 (KHTML, like Gecko) Version/11.0.2 Safari/604.4.7"
90.146.146.27 - - [14/Dec/2017:07:10:59 +0100] "GET /binaries/easy-drivers-portal/lkw4jpg.jpg HTTP/1.1" 200 118819 "https://www.easydrivers.at/fuehrerscheine/lkw" "Mozilla/5.0 (Macintosh; Intel Mac OS X 10_12_6) AppleWebKit/604.4.7 (KHTML, like Gecko) Version/11.0.2 Safari/604.4.7"
90.146.146.27 - - [14/Dec/2017:07:10:59 +0100] "GET /img/kursicon-download-pink.png HTTP/1.1" 200 1213 "https://www.easydrivers.at/fuehrerscheine/lkw" "Mozilla/5.0 (Macintosh; Intel Mac OS X 10_12_6) AppleWebKit/604.4.7 (KHTML, like Gecko) Version/11.0.2 Safari/604.4.7"
90.146.146.27 - - [14/Dec/2017:07:10:59 +0100] "GET /img/kursicon-share-pink.png HTTP/1.1" 200 1277 "https://www.easydrivers.at/fuehrerscheine/lkw" "Mozilla/5.0 (Macintosh; Intel Mac OS X 10_12_6) AppleWebKit/604.4.7 (KHTML, like Gecko) Version/11.0.2 Safari/604.4.7"
90.146.146.27 - - [14/Dec/2017:07:10:59 +0100] "GET /img/kursicon-phone-pink.png HTTP/1.1" 200 1286 "https://www.easydrivers.at/fuehrerscheine/lkw" "Mozilla/5.0 (Macintosh; Intel Mac OS X 10_12_6) AppleWebKit/604.4.7 (KHTML, like Gecko) Version/11.0.2 Safari/604.4.7"
157.55.39.233 - - [14/Dec/2017:07:11:00 +0100] "GET /brigittenau/kursauswahl HTTP/1.1" 301 309 "-" "Mozilla/5.0 (compatible; bingbot/2.0; +http://www.bing.com/bingbot.htm)"
194.166.91.44 - - [14/Dec/2017:07:11:15 +0100] "GET /krems/aktionen HTTP/1.1" 200 3283 "https://www.easydrivers.at/krems/Vorteile" "Mozilla/5.0 (Windows NT 6.2; Win64; x64; rv:57.0) Gecko/20100101 Firefox/57.0"
178.115.129.72 - - [14/Dec/2017:07:11:15 +0100] "GET /reumannplatz/10292876?FS=B HTTP/1.1" 200 3048 "http://m.facebook.com" "Mozilla/5.0 (iPhone; CPU iPhone OS 11_1 like Mac OS X) AppleWebKit/604.3.5 (KHTML, like Gecko) Mobile/15B93 [FBAN/FBIOS;FBAV/150.0.0.32.132;FBBV/80278251;FBDV/iPhone7,1;FBMD/iPhone;FBSN/iOS;FBSV/11.1;FBSS/3;FBCR/3Austria;FBID/phone;FBLC/de_DE;FBOP/5;FBRV/82362498]"
178.115.129.72 - - [14/Dec/2017:07:11:18 +0100] "GET /reumannplatz/img/mobile/easydrivers-logo-mobile.png HTTP/1.1" 404 3043 "-" "Mozilla/5.0 (iPhone; CPU iPhone OS 11_1 like Mac OS X) AppleWebKit/604.3.5 (KHTML, like Gecko) Mobile/15B93 [FBAN/FBIOS;FBAV/150.0.0.32.132;FBBV/80278251;FBDV/iPhone7,1;FBMD/iPhone;FBSN/iOS;FBSV/11.1;FBSS/3;FBCR/3Austria;FBID/phone;FBLC/de_DE;FBOP/5;FBRV/82362498]"
178.190.216.8 - - [14/Dec/2017:07:11:19 +0100] "GET /ennstal.schladming/img/smallicon-mail.png HTTP/1.1" 404 3071 "-" "Mozilla/5.0 (iPhone; CPU iPhone OS 11_1_2 like Mac OS X) AppleWebKit/604.3.5 (KHTML, like Gecko) Mobile/15B202 [FBAN/FBIOS;FBAV/149.0.0.39.64;FBBV/79173879;FBDV/iPhone7,2;FBMD/iPhone;FBSN/iOS;FBSV/11.1.2;FBSS/2;FBCR/A1;FBID/phone;FBLC/de_DE;FBOP/5;FBRV/80647340]"
194.166.91.44 - - [14/Dec/2017:07:11:19 +0100] "GET /krems/Vorteile HTTP/1.1" 200 4180 "https://www.easydrivers.at/krems" "Mozilla/5.0 (Windows NT 6.2; Win64; x64; rv:57.0) Gecko/20100101 Firefox/57.0"
178.115.129.72 - - [14/Dec/2017:07:11:48 +0100] "GET /reumannplatz/img/mobile/menu-button.png HTTP/1.1" 404 3049 "-" "Mozilla/5.0 (iPhone; CPU iPhone OS 11_1 like Mac OS X) AppleWebKit/604.3.5 (KHTML, like Gecko) Mobile/15B93 [FBAN/FBIOS;FBAV/150.0.0.32.132;FBBV/80278251;FBDV/iPhone7,1;FBMD/iPhone;FBSN/iOS;FBSV/11.1;FBSS/3;FBCR/3Austria;FBID/phone;FBLC/de_DE;FBOP/5;FBRV/82362498]"
178.190.216.8 - - [14/Dec/2017:07:11:51 +0100] "GET /ennstal.schladming/img/smallicon-person.png HTTP/1.1" 404 3069 "-" "Mozilla/5.0 (iPhone; CPU iPhone OS 11_1_2 like Mac OS X) AppleWebKit/604.3.5 (KHTML, like Gecko) Mobile/15B202 [FBAN/FBIOS;FBAV/149.0.0.39.64;FBBV/79173879;FBDV/iPhone7,2;FBMD/iPhone;FBSN/iOS;FBSV/11.1.2;FBSS/2;FBCR/A1;FBID/phone;FBLC/de_DE;FBOP/5;FBRV/80647340]"
216.244.66.202 - - [14/Dec/2017:07:11:59 +0100] "GET /fahrtenprotokoll-vorlage HTTP/1.1" 301 411 "-" "Mozilla/5.0 (compatible; DotBot/1.1; http://www.opensiteexplorer.org/dotbot, help@moz.com)"
66.249.93.76 - - [14/Dec/2017:07:12:13 +0100] "GET /img/new_favicon.ico HTTP/1.1" 301 306 "-" "Mozilla/5.0 (X11; Linux x86_64) AppleWebKit/537.36 (KHTML, like Gecko) Chrome/49.0.2623.75 Safari/537.36 Google Favicon"
66.249.93.83 - - [14/Dec/2017:07:12:13 +0100] "GET /img/new_favicon.ico HTTP/1.1" 200 1150 "-" "Mozilla/5.0 (X11; Linux x86_64) AppleWebKit/537.36 (KHTML, like Gecko) Chrome/49.0.2623.75 Safari/537.36 Google Favicon"
178.115.129.72 - - [14/Dec/2017:07:12:20 +0100] "GET /reumannplatz/img/mobile/close-button.png HTTP/1.1" 404 3050 "-" "Mozilla/5.0 (iPhone; CPU iPhone OS 11_1 like Mac OS X) AppleWebKit/604.3.5 (KHTML, like Gecko) Mobile/15B93 [FBAN/FBIOS;FBAV/150.0.0.32.132;FBBV/80278251;FBDV/iPhone7,1;FBMD/iPhone;FBSN/iOS;FBSV/11.1;FBSS/3;FBCR/3Austria;FBID/phone;FBLC/de_DE;FBOP/5;FBRV/82362498]"
83.215.176.215 - - [14/Dec/2017:07:12:20 +0100] "GET /ennstal.schladming/wfk-22-12-2017?FS=B HTTP/1.1" 200 3217 "http://m.facebook.com" "Mozilla/5.0 (iPhone; CPU iPhone OS 10_3_1 like Mac OS X) AppleWebKit/603.1.30 (KHTML, like Gecko) Mobile/14E304 [FBAN/FBIOS;FBAV/152.0.0.45.135;FBBV/83301214;FBDV/iPhone8,4;FBMD/iPhone;FBSN/iOS;FBSV/10.3.1;FBSS/2;FBCR/A1;FBID/phone;FBLC/de_DE;FBOP/5;FBRV/84311412]"
46.125.249.31 - - [14/Dec/2017:07:12:23 +0100] "GET / HTTP/1.1" 301 293 "https://www.google.at/" "Mozilla/5.0 (iPhone; CPU iPhone OS 11_1_2 like Mac OS X) AppleWebKit/604.3.5 (KHTML, like Gecko) Version/11.0 Mobile/15B202 Safari/604.1"
216.244.66.202 - - [14/Dec/2017:07:12:23 +0100] "GET /waidhofen.thaya/kurse HTTP/1.1" 301 408 "-" "Mozilla/5.0 (compatible; DotBot/1.1; http://www.opensiteexplorer.org/dotbot, help@moz.com)"
178.190.216.8 - - [14/Dec/2017:07:12:21 +0100] "GET /ennstal.schladming/img/mobile/googlemaps-pin.png HTTP/1.1" 404 3068 "-" "Mozilla/5.0 (iPhone; CPU iPhone OS 11_1_2 like Mac OS X) AppleWebKit/604.3.5 (KHTML, like Gecko) Mobile/15B202 [FBAN/FBIOS;FBAV/149.0.0.39.64;FBBV/79173879;FBDV/iPhone7,2;FBMD/iPhone;FBSN/iOS;FBSV/11.1.2;FBSS/2;FBCR/A1;FBID/phone;FBLC/de_DE;FBOP/5;FBRV/80647340]"
46.125.249.31 - - [14/Dec/2017:07:12:23 +0100] "GET / HTTP/1.1" 200 3552 "https://www.google.at/" "Mozilla/5.0 (iPhone; CPU iPhone OS 11_1_2 like Mac OS X) AppleWebKit/604.3.5 (KHTML, like Gecko) Version/11.0 Mobile/15B202 Safari/604.1"
46.125.249.31 - - [14/Dec/2017:07:12:25 +0100] "GET /javascript/mobile-menu.js HTTP/1.1" 200 1634 "https://www.easydrivers.at/" "Mozilla/5.0 (iPhone; CPU iPhone OS 11_1_2 like Mac OS X) AppleWebKit/604.3.5 (KHTML, like Gecko) Version/11.0 Mobile/15B202 Safari/604.1"
46.125.249.31 - - [14/Dec/2017:07:12:25 +0100] "GET /javascript/jquery.cookie.js HTTP/1.1" 200 863 "https://www.easydrivers.at/" "Mozilla/5.0 (iPhone; CPU iPhone OS 11_1_2 like Mac OS X) AppleWebKit/604.3.5 (KHTML, like Gecko) Version/11.0 Mobile/15B202 Safari/604.1"
46.125.249.31 - - [14/Dec/2017:07:12:25 +0100] "GET /css/mobile.css HTTP/1.1" 200 2852 "https://www.easydrivers.at/" "Mozilla/5.0 (iPhone; CPU iPhone OS 11_1_2 like Mac OS X) AppleWebKit/604.3.5 (KHTML, like Gecko) Version/11.0 Mobile/15B202 Safari/604.1"
46.125.249.31 - - [14/Dec/2017:07:12:25 +0100] "GET /javascript/jquery-1.9.1.min.js HTTP/1.1" 200 32731 "https://www.easydrivers.at/" "Mozilla/5.0 (iPhone; CPU iPhone OS 11_1_2 like Mac OS X) AppleWebKit/604.3.5 (KHTML, like Gecko) Version/11.0 Mobile/15B202 Safari/604.1"
46.125.249.31 - - [14/Dec/2017:07:12:25 +0100] "GET /javascript/mobile-homesearch.js HTTP/1.1" 200 340 "https://www.easydrivers.at/" "Mozilla/5.0 (iPhone; CPU iPhone OS 11_1_2 like Mac OS X) AppleWebKit/604.3.5 (KHTML, like Gecko) Version/11.0 Mobile/15B202 Safari/604.1"
46.125.249.31 - - [14/Dec/2017:07:12:25 +0100] "GET /img/mobile/easydrivers-logo-mobile.png HTTP/1.1" 200 10766 "https://www.easydrivers.at/" "Mozilla/5.0 (iPhone; CPU iPhone OS 11_1_2 like Mac OS X) AppleWebKit/604.3.5 (KHTML, like Gecko) Version/11.0 Mobile/15B202 Safari/604.1"
46.125.249.31 - - [14/Dec/2017:07:12:25 +0100] "GET /javascript/jquery.simplemodal.js HTTP/1.1" 200 3070 "https://www.easydrivers.at/" "Mozilla/5.0 (iPhone; CPU iPhone OS 11_1_2 like Mac OS X) AppleWebKit/604.3.5 (KHTML, like Gecko) Version/11.0 Mobile/15B202 Safari/604.1"
46.125.249.31 - - [14/Dec/2017:07:12:25 +0100] "GET /javascript/lazyload.js HTTP/1.1" 200 1170 "https://www.easydrivers.at/" "Mozilla/5.0 (iPhone; CPU iPhone OS 11_1_2 like Mac OS X) AppleWebKit/604.3.5 (KHTML, like Gecko) Version/11.0 Mobile/15B202 Safari/604.1"
46.125.249.31 - - [14/Dec/2017:07:12:25 +0100] "GET /img/mobile/close-button.png HTTP/1.1" 200 2411 "https://www.easydrivers.at/" "Mozilla/5.0 (iPhone; CPU iPhone OS 11_1_2 like Mac OS X) AppleWebKit/604.3.5 (KHTML, like Gecko) Version/11.0 Mobile/15B202 Safari/604.1"
46.125.249.31 - - [14/Dec/2017:07:12:25 +0100] "GET /img/mobile/facebook-icon.png HTTP/1.1" 200 1902 "https://www.easydrivers.at/" "Mozilla/5.0 (iPhone; CPU iPhone OS 11_1_2 like Mac OS X) AppleWebKit/604.3.5 (KHTML, like Gecko) Version/11.0 Mobile/15B202 Safari/604.1"
46.125.249.31 - - [14/Dec/2017:07:12:25 +0100] "GET /img/mobile/menu-button.png HTTP/1.1" 200 1746 "https://www.easydrivers.at/" "Mozilla/5.0 (iPhone; CPU iPhone OS 11_1_2 like Mac OS X) AppleWebKit/604.3.5 (KHTML, like Gecko) Version/11.0 Mobile/15B202 Safari/604.1"
46.125.249.31 - - [14/Dec/2017:07:12:25 +0100] "GET /img/mobile/widget-icon-app.png HTTP/1.1" 200 3458 "https://www.easydrivers.at/" "Mozilla/5.0 (iPhone; CPU iPhone OS 11_1_2 like Mac OS X) AppleWebKit/604.3.5 (KHTML, like Gecko) Version/11.0 Mobile/15B202 Safari/604.1"
46.125.249.31 - - [14/Dec/2017:07:12:25 +0100] "GET /img/mobile/bg-header.jpg HTTP/1.1" 200 19741 "https://www.easydrivers.at/" "Mozilla/5.0 (iPhone; CPU iPhone OS 11_1_2 like Mac OS X) AppleWebKit/604.3.5 (KHTML, like Gecko) Version/11.0 Mobile/15B202 Safari/604.1"
46.125.249.31 - - [14/Dec/2017:07:12:25 +0100] "GET /img/mobile/bg-menu.jpg HTTP/1.1" 200 1698 "https://www.easydrivers.at/" "Mozilla/5.0 (iPhone; CPU iPhone OS 11_1_2 like Mac OS X) AppleWebKit/604.3.5 (KHTML, like Gecko) Version/11.0 Mobile/15B202 Safari/604.1"
46.125.249.31 - - [14/Dec/2017:07:12:25 +0100] "GET /img/mobile/bg-top-section.jpg HTTP/1.1" 200 21711 "https://www.easydrivers.at/" "Mozilla/5.0 (iPhone; CPU iPhone OS 11_1_2 like Mac OS X) AppleWebKit/604.3.5 (KHTML, like Gecko) Version/11.0 Mobile/15B202 Safari/604.1"
46.125.249.31 - - [14/Dec/2017:07:12:25 +0100] "GET /img/mobile/pfeil-rechts.png HTTP/1.1" 200 1228 "https://www.easydrivers.at/" "Mozilla/5.0 (iPhone; CPU iPhone OS 11_1_2 like Mac OS X) AppleWebKit/604.3.5 (KHTML, like Gecko) Version/11.0 Mobile/15B202 Safari/604.1"
194.166.91.44 - - [14/Dec/2017:07:12:26 +0100] "GET /krems?gclid=EAIaIQobChMIroDGlOyI2AIV6TLTCh0r0wohEAAYASAAEgIMyvD_BwE HTTP/1.1" 200 3581 "https://www.google.at/" "Mozilla/5.0 (Windows NT 6.2; Win64; x64; rv:57.0) Gecko/20100101 Firefox/57.0"
46.125.249.31 - - [14/Dec/2017:07:12:33 +0100] "GET /links HTTP/1.1" 200 2067 "https://www.easydrivers.at/" "Mozilla/5.0 (iPhone; CPU iPhone OS 11_1_2 like Mac OS X) AppleWebKit/604.3.5 (KHTML, like Gecko) Version/11.0 Mobile/15B202 Safari/604.1"
46.125.249.31 - - [14/Dec/2017:07:12:39 +0100] "GET /pruefprotokoll HTTP/1.1" 200 2268 "https://www.easydrivers.at/links" "Mozilla/5.0 (iPhone; CPU iPhone OS 11_1_2 like Mac OS X) AppleWebKit/604.3.5 (KHTML, like Gecko) Version/11.0 Mobile/15B202 Safari/604.1"
46.125.249.31 - - [14/Dec/2017:07:12:40 +0100] "GET /img/mobile/pfeil-links-small.png HTTP/1.1" 200 1065 "https://www.easydrivers.at/pruefprotokoll" "Mozilla/5.0 (iPhone; CPU iPhone OS 11_1_2 like Mac OS X) AppleWebKit/604.3.5 (KHTML, like Gecko) Version/11.0 Mobile/15B202 Safari/604.1"
91.141.2.52 - - [14/Dec/2017:07:12:42 +0100] "GET /st.poelten?gclid=CjwKCAiAvMPRBRBIEiwABuO6qen8E285Ifibqeurd0sKHfYE9bZfsae3BsbpvDHtEaODY6yaZyOKiBoCtEAQAvD_BwE HTTP/1.1" 200 2945 "android-app://com.google.android.googlequicksearchbox" "Mozilla/5.0 (Linux; Android 7.0; SM-A310F Build/NRD90M) AppleWebKit/537.36 (KHTML, like Gecko) Chrome/62.0.3202.84 Mobile Safari/537.36"
91.141.2.52 - - [14/Dec/2017:07:12:44 +0100] "GET /css/mobile.css HTTP/1.1" 200 2852 "https://www.easydrivers.at/st.poelten?gclid=CjwKCAiAvMPRBRBIEiwABuO6qen8E285Ifibqeurd0sKHfYE9bZfsae3BsbpvDHtEaODY6yaZyOKiBoCtEAQAvD_BwE" "Mozilla/5.0 (Linux; Android 7.0; SM-A310F Build/NRD90M) AppleWebKit/537.36 (KHTML, like Gecko) Chrome/62.0.3202.84 Mobile Safari/537.36"
91.141.2.52 - - [14/Dec/2017:07:12:44 +0100] "GET /javascript/jquery.cookie.js HTTP/1.1" 200 863 "https://www.easydrivers.at/st.poelten?gclid=CjwKCAiAvMPRBRBIEiwABuO6qen8E285Ifibqeurd0sKHfYE9bZfsae3BsbpvDHtEaODY6yaZyOKiBoCtEAQAvD_BwE" "Mozilla/5.0 (Linux; Android 7.0; SM-A310F Build/NRD90M) AppleWebKit/537.36 (KHTML, like Gecko) Chrome/62.0.3202.84 Mobile Safari/537.36"
91.141.2.52 - - [14/Dec/2017:07:12:44 +0100] "GET /javascript/mobile-menu.js HTTP/1.1" 200 1634 "https://www.easydrivers.at/st.poelten?gclid=CjwKCAiAvMPRBRBIEiwABuO6qen8E285Ifibqeurd0sKHfYE9bZfsae3BsbpvDHtEaODY6yaZyOKiBoCtEAQAvD_BwE" "Mozilla/5.0 (Linux; Android 7.0; SM-A310F Build/NRD90M) AppleWebKit/537.36 (KHTML, like Gecko) Chrome/62.0.3202.84 Mobile Safari/537.36"
91.141.2.52 - - [14/Dec/2017:07:12:44 +0100] "GET /javascript/jquery.simplemodal.js HTTP/1.1" 200 3070 "https://www.easydrivers.at/st.poelten?gclid=CjwKCAiAvMPRBRBIEiwABuO6qen8E285Ifibqeurd0sKHfYE9bZfsae3BsbpvDHtEaODY6yaZyOKiBoCtEAQAvD_BwE" "Mozilla/5.0 (Linux; Android 7.0; SM-A310F Build/NRD90M) AppleWebKit/537.36 (KHTML, like Gecko) Chrome/62.0.3202.84 Mobile Safari/537.36"
91.141.2.52 - - [14/Dec/2017:07:12:44 +0100] "GET /javascript/jquery-1.9.1.min.js HTTP/1.1" 200 32731 "https://www.easydrivers.at/st.poelten?gclid=CjwKCAiAvMPRBRBIEiwABuO6qen8E285Ifibqeurd0sKHfYE9bZfsae3BsbpvDHtEaODY6yaZyOKiBoCtEAQAvD_BwE" "Mozilla/5.0 (Linux; Android 7.0; SM-A310F Build/NRD90M) AppleWebKit/537.36 (KHTML, like Gecko) Chrome/62.0.3202.84 Mobile Safari/537.36"
91.141.2.52 - - [14/Dec/2017:07:12:45 +0100] "GET /javascript/mobile-fahrschule.js HTTP/1.1" 200 328 "https://www.easydrivers.at/st.poelten?gclid=CjwKCAiAvMPRBRBIEiwABuO6qen8E285Ifibqeurd0sKHfYE9bZfsae3BsbpvDHtEaODY6yaZyOKiBoCtEAQAvD_BwE" "Mozilla/5.0 (Linux; Android 7.0; SM-A310F Build/NRD90M) AppleWebKit/537.36 (KHTML, like Gecko) Chrome/62.0.3202.84 Mobile Safari/537.36"
91.141.2.52 - - [14/Dec/2017:07:12:45 +0100] "GET /javascript/lazyload.js HTTP/1.1" 200 1170 "https://www.easydrivers.at/st.poelten?gclid=CjwKCAiAvMPRBRBIEiwABuO6qen8E285Ifibqeurd0sKHfYE9bZfsae3BsbpvDHtEaODY6yaZyOKiBoCtEAQAvD_BwE" "Mozilla/5.0 (Linux; Android 7.0; SM-A310F Build/NRD90M) AppleWebKit/537.36 (KHTML, like Gecko) Chrome/62.0.3202.84 Mobile Safari/537.36"
91.141.2.52 - - [14/Dec/2017:07:12:45 +0100] "GET /img/mobile/easydrivers-logo-mobile.png HTTP/1.1" 200 10766 "https://www.easydrivers.at/st.poelten?gclid=CjwKCAiAvMPRBRBIEiwABuO6qen8E285Ifibqeurd0sKHfYE9bZfsae3BsbpvDHtEaODY6yaZyOKiBoCtEAQAvD_BwE" "Mozilla/5.0 (Linux; Android 7.0; SM-A310F Build/NRD90M) AppleWebKit/537.36 (KHTML, like Gecko) Chrome/62.0.3202.84 Mobile Safari/537.36"
91.141.2.52 - - [14/Dec/2017:07:12:45 +0100] "GET /img/mobile/menu-button.png HTTP/1.1" 200 1746 "https://www.easydrivers.at/st.poelten?gclid=CjwKCAiAvMPRBRBIEiwABuO6qen8E285Ifibqeurd0sKHfYE9bZfsae3BsbpvDHtEaODY6yaZyOKiBoCtEAQAvD_BwE" "Mozilla/5.0 (Linux; Android 7.0; SM-A310F Build/NRD90M) AppleWebKit/537.36 (KHTML, like Gecko) Chrome/62.0.3202.84 Mobile Safari/537.36"
91.141.2.52 - - [14/Dec/2017:07:12:45 +0100] "GET /img/mobile/close-button.png HTTP/1.1" 200 2411 "https://www.easydrivers.at/st.poelten?gclid=CjwKCAiAvMPRBRBIEiwABuO6qen8E285Ifibqeurd0sKHfYE9bZfsae3BsbpvDHtEaODY6yaZyOKiBoCtEAQAvD_BwE" "Mozilla/5.0 (Linux; Android 7.0; SM-A310F Build/NRD90M) AppleWebKit/537.36 (KHTML, like Gecko) Chrome/62.0.3202.84 Mobile Safari/537.36"
91.141.2.52 - - [14/Dec/2017:07:12:45 +0100] "GET /img/mobile/facebook-icon.png HTTP/1.1" 200 1902 "https://www.easydrivers.at/st.poelten?gclid=CjwKCAiAvMPRBRBIEiwABuO6qen8E285Ifibqeurd0sKHfYE9bZfsae3BsbpvDHtEaODY6yaZyOKiBoCtEAQAvD_BwE" "Mozilla/5.0 (Linux; Android 7.0; SM-A310F Build/NRD90M) AppleWebKit/537.36 (KHTML, like Gecko) Chrome/62.0.3202.84 Mobile Safari/537.36"
91.141.2.52 - - [14/Dec/2017:07:12:45 +0100] "GET /img/mobile/info-close-button.png HTTP/1.1" 200 1721 "https://www.easydrivers.at/st.poelten?gclid=CjwKCAiAvMPRBRBIEiwABuO6qen8E285Ifibqeurd0sKHfYE9bZfsae3BsbpvDHtEaODY6yaZyOKiBoCtEAQAvD_BwE" "Mozilla/5.0 (Linux; Android 7.0; SM-A310F Build/NRD90M) AppleWebKit/537.36 (KHTML, like Gecko) Chrome/62.0.3202.84 Mobile Safari/537.36"
91.141.2.52 - - [14/Dec/2017:07:12:45 +0100] "GET /img/mobile/info-button.png HTTP/1.1" 200 1549 "https://www.easydrivers.at/st.poelten?gclid=CjwKCAiAvMPRBRBIEiwABuO6qen8E285Ifibqeurd0sKHfYE9bZfsae3BsbpvDHtEaODY6yaZyOKiBoCtEAQAvD_BwE" "Mozilla/5.0 (Linux; Android 7.0; SM-A310F Build/NRD90M) AppleWebKit/537.36 (KHTML, like Gecko) Chrome/62.0.3202.84 Mobile Safari/537.36"
212.95.5.51 - - [14/Dec/2017:07:12:42 +0100] "GET /reumannplatz/10292876?FS=B HTTP/1.1" 200 3048 "http://m.facebook.com" "Mozilla/5.0 (iPhone; CPU iPhone OS 11_1_1 like Mac OS X) AppleWebKit/604.3.5 (KHTML, like Gecko) Mobile/15B150 [FBAN/FBIOS;FBAV/152.0.0.45.135;FBBV/83301214;FBDV/iPhone9,4;FBMD/iPhone;FBSN/iOS;FBSV/11.1.1;FBSS/3;FBCR/T-MobileA;FBID/phone;FBLC/de_DE;FBOP/5;FBRV/84141153]"
91.141.2.52 - - [14/Dec/2017:07:12:45 +0100] "GET /img/smallicon-person.png HTTP/1.1" 200 1141 "https://www.easydrivers.at/st.poelten?gclid=CjwKCAiAvMPRBRBIEiwABuO6qen8E285Ifibqeurd0sKHfYE9bZfsae3BsbpvDHtEaODY6yaZyOKiBoCtEAQAvD_BwE" "Mozilla/5.0 (Linux; Android 7.0; SM-A310F Build/NRD90M) AppleWebKit/537.36 (KHTML, like Gecko) Chrome/62.0.3202.84 Mobile Safari/537.36"
91.141.2.52 - - [14/Dec/2017:07:12:45 +0100] "GET /img/mobile/googlemaps-pin.png HTTP/1.1" 200 1597 "https://www.easydrivers.at/st.poelten?gclid=CjwKCAiAvMPRBRBIEiwABuO6qen8E285Ifibqeurd0sKHfYE9bZfsae3BsbpvDHtEaODY6yaZyOKiBoCtEAQAvD_BwE" "Mozilla/5.0 (Linux; Android 7.0; SM-A310F Build/NRD90M) AppleWebKit/537.36 (KHTML, like Gecko) Chrome/62.0.3202.84 Mobile Safari/537.36"
91.141.2.52 - - [14/Dec/2017:07:12:45 +0100] "GET /img/smallicon-address.png HTTP/1.1" 200 1211 "https://www.easydrivers.at/st.poelten?gclid=CjwKCAiAvMPRBRBIEiwABuO6qen8E285Ifibqeurd0sKHfYE9bZfsae3BsbpvDHtEaODY6yaZyOKiBoCtEAQAvD_BwE" "Mozilla/5.0 (Linux; Android 7.0; SM-A310F Build/NRD90M) AppleWebKit/537.36 (KHTML, like Gecko) Chrome/62.0.3202.84 Mobile Safari/537.36"
91.141.2.52 - - [14/Dec/2017:07:12:45 +0100] "GET /img/smallicon-mail.png HTTP/1.1" 200 1341 "https://www.easydrivers.at/st.poelten?gclid=CjwKCAiAvMPRBRBIEiwABuO6qen8E285Ifibqeurd0sKHfYE9bZfsae3BsbpvDHtEaODY6yaZyOKiBoCtEAQAvD_BwE" "Mozilla/5.0 (Linux; Android 7.0; SM-A310F Build/NRD90M) AppleWebKit/537.36 (KHTML, like Gecko) Chrome/62.0.3202.84 Mobile Safari/537.36"
91.141.2.52 - - [14/Dec/2017:07:12:45 +0100] "GET /img/smallicon-phone.png HTTP/1.1" 200 3056 "https://www.easydrivers.at/st.poelten?gclid=CjwKCAiAvMPRBRBIEiwABuO6qen8E285Ifibqeurd0sKHfYE9bZfsae3BsbpvDHtEaODY6yaZyOKiBoCtEAQAvD_BwE" "Mozilla/5.0 (Linux; Android 7.0; SM-A310F Build/NRD90M) AppleWebKit/537.36 (KHTML, like Gecko) Chrome/62.0.3202.84 Mobile Safari/537.36"
91.141.2.52 - - [14/Dec/2017:07:12:45 +0100] "GET /img/smallicon-time.png HTTP/1.1" 200 1262 "https://www.easydrivers.at/st.poelten?gclid=CjwKCAiAvMPRBRBIEiwABuO6qen8E285Ifibqeurd0sKHfYE9bZfsae3BsbpvDHtEaODY6yaZyOKiBoCtEAQAvD_BwE" "Mozilla/5.0 (Linux; Android 7.0; SM-A310F Build/NRD90M) AppleWebKit/537.36 (KHTML, like Gecko) Chrome/62.0.3202.84 Mobile Safari/537.36"
91.141.2.52 - - [14/Dec/2017:07:12:45 +0100] "GET /img/mobile/widget-icon-app.png HTTP/1.1" 200 3458 "https://www.easydrivers.at/st.poelten?gclid=CjwKCAiAvMPRBRBIEiwABuO6qen8E285Ifibqeurd0sKHfYE9bZfsae3BsbpvDHtEaODY6yaZyOKiBoCtEAQAvD_BwE" "Mozilla/5.0 (Linux; Android 7.0; SM-A310F Build/NRD90M) AppleWebKit/537.36 (KHTML, like Gecko) Chrome/62.0.3202.84 Mobile Safari/537.36"
91.141.2.52 - - [14/Dec/2017:07:12:45 +0100] "GET /img/mobile/bg-header.jpg HTTP/1.1" 200 19741 "https://www.easydrivers.at/css/mobile.css" "Mozilla/5.0 (Linux; Android 7.0; SM-A310F Build/NRD90M) AppleWebKit/537.36 (KHTML, like Gecko) Chrome/62.0.3202.84 Mobile Safari/537.36"
91.141.2.52 - - [14/Dec/2017:07:12:45 +0100] "GET /img/mobile/bg-menu.jpg HTTP/1.1" 200 1698 "https://www.easydrivers.at/css/mobile.css" "Mozilla/5.0 (Linux; Android 7.0; SM-A310F Build/NRD90M) AppleWebKit/537.36 (KHTML, like Gecko) Chrome/62.0.3202.84 Mobile Safari/537.36"
91.141.2.52 - - [14/Dec/2017:07:12:45 +0100] "GET /img/mobile/bg-top-section.jpg HTTP/1.1" 200 21711 "https://www.easydrivers.at/css/mobile.css" "Mozilla/5.0 (Linux; Android 7.0; SM-A310F Build/NRD90M) AppleWebKit/537.36 (KHTML, like Gecko) Chrome/62.0.3202.84 Mobile Safari/537.36"
91.141.2.52 - - [14/Dec/2017:07:12:45 +0100] "GET /img/mobile/pfeil-rechts.png HTTP/1.1" 200 1228 "https://www.easydrivers.at/css/mobile.css" "Mozilla/5.0 (Linux; Android 7.0; SM-A310F Build/NRD90M) AppleWebKit/537.36 (KHTML, like Gecko) Chrome/62.0.3202.84 Mobile Safari/537.36"
213.208.155.190 - - [14/Dec/2017:07:12:44 +0100] "GET /tulln?gclid=EAIaIQobChMIhYfzqeyI2AIVRxDTCh0aiAlAEAAYASAAEgI8TfD_BwE HTTP/1.1" 200 2879 "-" "Mozilla/5.0 (Linux; U; Android 4.4.2; de-at; LG-D802 Build/KOT49I.D80220g) AppleWebKit/537.36 (KHTML, like Gecko) Version/4.0 Chrome/30.0.1599.103 Mobile Safari/537.36"
91.141.2.52 - - [14/Dec/2017:07:12:46 +0100] "GET /img/favicon.ico HTTP/1.1" 301 303 "-" "Mozilla/5.0 (Linux; Android 7.0; SM-A310F Build/NRD90M) AppleWebKit/537.36 (KHTML, like Gecko) Chrome/62.0.3202.84 Mobile Safari/537.36"
213.208.155.190 - - [14/Dec/2017:07:12:46 +0100] "GET /javascript/jquery.cookie.js HTTP/1.1" 200 863 "https://www.easydrivers.at/tulln?gclid=EAIaIQobChMIhYfzqeyI2AIVRxDTCh0aiAlAEAAYASAAEgI8TfD_BwE" "Mozilla/5.0 (Linux; U; Android 4.4.2; de-at; LG-D802 Build/KOT49I.D80220g) AppleWebKit/537.36 (KHTML, like Gecko) Version/4.0 Chrome/30.0.1599.103 Mobile Safari/537.36"
213.208.155.190 - - [14/Dec/2017:07:12:46 +0100] "GET /css/mobile.css HTTP/1.1" 200 2852 "https://www.easydrivers.at/tulln?gclid=EAIaIQobChMIhYfzqeyI2AIVRxDTCh0aiAlAEAAYASAAEgI8TfD_BwE" "Mozilla/5.0 (Linux; U; Android 4.4.2; de-at; LG-D802 Build/KOT49I.D80220g) AppleWebKit/537.36 (KHTML, like Gecko) Version/4.0 Chrome/30.0.1599.103 Mobile Safari/537.36"
213.208.155.190 - - [14/Dec/2017:07:12:46 +0100] "GET /javascript/jquery-1.9.1.min.js HTTP/1.1" 200 32731 "https://www.easydrivers.at/tulln?gclid=EAIaIQobChMIhYfzqeyI2AIVRxDTCh0aiAlAEAAYASAAEgI8TfD_BwE" "Mozilla/5.0 (Linux; U; Android 4.4.2; de-at; LG-D802 Build/KOT49I.D80220g) AppleWebKit/537.36 (KHTML, like Gecko) Version/4.0 Chrome/30.0.1599.103 Mobile Safari/537.36"
213.208.155.190 - - [14/Dec/2017:07:12:46 +0100] "GET /javascript/mobile-menu.js HTTP/1.1" 200 1634 "https://www.easydrivers.at/tulln?gclid=EAIaIQobChMIhYfzqeyI2AIVRxDTCh0aiAlAEAAYASAAEgI8TfD_BwE" "Mozilla/5.0 (Linux; U; Android 4.4.2; de-at; LG-D802 Build/KOT49I.D80220g) AppleWebKit/537.36 (KHTML, like Gecko) Version/4.0 Chrome/30.0.1599.103 Mobile Safari/537.36"
213.208.155.190 - - [14/Dec/2017:07:12:46 +0100] "GET /javascript/lazyload.js HTTP/1.1" 200 1170 "https://www.easydrivers.at/tulln?gclid=EAIaIQobChMIhYfzqeyI2AIVRxDTCh0aiAlAEAAYASAAEgI8TfD_BwE" "Mozilla/5.0 (Linux; U; Android 4.4.2; de-at; LG-D802 Build/KOT49I.D80220g) AppleWebKit/537.36 (KHTML, like Gecko) Version/4.0 Chrome/30.0.1599.103 Mobile Safari/537.36"
