213.225.2.112 - - [14/Dec/2017:06:56:48 +0100] "GET /javascript/mobile-fahrschule-kurs-suchergebnis.js HTTP/1.1" 200 274 "https://www.easydrivers.at/eisenstadt/kursauswahl" "Mozilla/5.0 (Linux; Android 7.0; HTC 10 Build/NRD90M) AppleWebKit/537.36 (KHTML, like Gecko) Chrome/62.0.3202.84 Mobile Safari/537.36"
213.225.2.112 - - [14/Dec/2017:06:56:48 +0100] "GET /img/mobile/pfeil-links-small.png HTTP/1.1" 200 1065 "https://www.easydrivers.at/css/mobile.css" "Mozilla/5.0 (Linux; Android 7.0; HTC 10 Build/NRD90M) AppleWebKit/537.36 (KHTML, like Gecko) Chrome/62.0.3202.84 Mobile Safari/537.36"
213.225.2.112 - - [14/Dec/2017:06:56:48 +0100] "GET /img/mobile/bg-yellow.jpg HTTP/1.1" 200 1569 "https://www.easydrivers.at/css/mobile.css" "Mozilla/5.0 (Linux; Android 7.0; HTC 10 Build/NRD90M) AppleWebKit/537.36 (KHTML, like Gecko) Chrome/62.0.3202.84 Mobile Safari/537.36"
213.225.2.112 - - [14/Dec/2017:06:56:48 +0100] "GET /img/loading-bars.gif HTTP/1.1" 200 3951 "https://www.easydrivers.at/css/mobile.css" "Mozilla/5.0 (Linux; Android 7.0; HTC 10 Build/NRD90M) AppleWebKit/537.36 (KHTML, like Gecko) Chrome/62.0.3202.84 Mobile Safari/537.36"
213.225.2.112 - - [14/Dec/2017:06:56:55 +0100] "POST /loadkursliste HTTP/1.1" 200 394 "https://www.easydrivers.at/eisenstadt/kursauswahl" "Mozilla/5.0 (Linux; Android 7.0; HTC 10 Build/NRD90M) AppleWebKit/537.36 (KHTML, like Gecko) Chrome/62.0.3202.84 Mobile Safari/537.36"
91.141.2.105 - - [14/Dec/2017:06:56:58 +0100] "GET / HTTP/1.1" 200 3552 "https://www.google.at/" "Mozilla/5.0 (Linux; Android 7.0; SAMSUNG SM-G925F Build/NRD90M) AppleWebKit/537.36 (KHTML, like Gecko) SamsungBrowser/6.2 Chrome/56.0.2924.87 Mobile Safari/537.36"
91.141.2.105 - - [14/Dec/2017:06:57:01 +0100] "GET /img/favicon.ico HTTP/1.1" 404 301 "-" "Mozilla/5.0 (Linux; Android 7.0; SAMSUNG SM-G925F Build/NRD90M) AppleWebKit/537.36 (KHTML, like Gecko) SamsungBrowser/6.2 Chrome/56.0.2924.87 Mobile Safari/537.36"
213.225.2.112 - - [14/Dec/2017:06:57:03 +0100] "GET /eisenstadt/10292407?FS=B-L17 HTTP/1.1" 200 3240 "https://www.easydrivers.at/eisenstadt/kursauswahl" "Mozilla/5.0 (Linux; Android 7.0; HTC 10 Build/NRD90M) AppleWebKit/537.36 (KHTML, like Gecko) Chrome/62.0.3202.84 Mobile Safari/537.36"
213.225.2.112 - - [14/Dec/2017:06:57:05 +0100] "GET /img/mobile/kursicon-share.png HTTP/1.1" 200 2065 "https://www.easydrivers.at/eisenstadt/10292407?FS=B-L17" "Mozilla/5.0 (Linux; Android 7.0; HTC 10 Build/NRD90M) AppleWebKit/537.36 (KHTML, like Gecko) Chrome/62.0.3202.84 Mobile Safari/537.36"
213.225.2.112 - - [14/Dec/2017:06:57:05 +0100] "GET /img/mobile/kursicon-phone.png HTTP/1.1" 200 1932 "https://www.easydrivers.at/eisenstadt/10292407?FS=B-L17" "Mozilla/5.0 (Linux; Android 7.0; HTC 10 Build/NRD90M) AppleWebKit/537.36 (KHTML, like Gecko) Chrome/62.0.3202.84 Mobile Safari/537.36"
213.225.2.112 - - [14/Dec/2017:06:57:05 +0100] "GET /img/mobile/smallicon-phone.png HTTP/1.1" 200 1311 "https://www.easydrivers.at/eisenstadt/10292407?FS=B-L17" "Mozilla/5.0 (Linux; Android 7.0; HTC 10 Build/NRD90M) AppleWebKit/537.36 (KHTML, like Gecko) Chrome/62.0.3202.84 Mobile Safari/537.36"
213.225.2.112 - - [14/Dec/2017:06:57:05 +0100] "GET /img/mobile/smallicon-mail.png HTTP/1.1" 200 1335 "https://www.easydrivers.at/eisenstadt/10292407?FS=B-L17" "Mozilla/5.0 (Linux; Android 7.0; HTC 10 Build/NRD90M) AppleWebKit/537.36 (KHTML, like Gecko) Chrome/62.0.3202.84 Mobile Safari/537.36"
213.225.2.112 - - [14/Dec/2017:06:57:05 +0100] "GET /img/mobile/pfeil-rechts-small.png HTTP/1.1" 200 1056 "https://www.easydrivers.at/css/mobile.css" "Mozilla/5.0 (Linux; Android 7.0; HTC 10 Build/NRD90M) AppleWebKit/537.36 (KHTML, like Gecko) Chrome/62.0.3202.84 Mobile Safari/537.36"
91.115.56.200 - - [14/Dec/2017:06:57:13 +0100] "GET /reumannplatz/img/mobile/facebook-icon.png HTTP/1.1" 404 3048 "-" "Mozilla/5.0 (iPhone; CPU iPhone OS 11_1_2 like Mac OS X) AppleWebKit/604.3.5 (KHTML, like Gecko) Mobile/15B202 [FBAN/FBIOS;FBAV/147.0.0.46.81;FBBV/76961488;FBDV/iPhone8,1;FBMD/iPhone;FBSN/iOS;FBSV/11.1.2;FBSS/2;FBCR/3Austria;FBID/phone;FBLC/de_DE;FBOP/5;FBRV/76961488]"
62.47.158.10 - - [14/Dec/2017:06:57:16 +0100] "GET /easy_drivers_st._peterau/Weihnachtskurs-2017?FS=B HTTP/1.1" 200 3113 "http://m.facebook.com/" "Mozilla/5.0 (Linux; Android 7.0; SM-G930F Build/NRD90M; wv) AppleWebKit/537.36 (KHTML, like Gecko) Version/4.0 Chrome/62.0.3202.84 Mobile Safari/537.36 [FB_IAB/FB4A;FBAV/152.0.0.53.137;]"
89.26.113.90 - - [14/Dec/2017:06:57:18 +0100] "GET /ennstal.schladming/wfk-22-12-2017?FS=B HTTP/1.1" 200 3217 "http://m.facebook.com" "Mozilla/5.0 (iPhone; CPU iPhone OS 11_1_2 like Mac OS X) AppleWebKit/604.3.5 (KHTML, like Gecko) Mobile/15B202 [FBAN/FBIOS;FBAV/152.0.0.45.135;FBBV/83301214;FBDV/iPhone6,2;FBMD/iPhone;FBSN/iOS;FBSV/11.1.2;FBSS/2;FBCR/A1;FBID/phone;FBLC/de_DE;FBOP/5;FBRV/84311412]"
212.95.5.46 - - [14/Dec/2017:06:57:22 +0100] "GET /ennstal.bad.aussee/wfk-22-12-2017?FS=B HTTP/1.1" 200 3219 "http://m.facebook.com" "Mozilla/5.0 (iPhone; CPU iPhone OS 11_1 like Mac OS X) AppleWebKit/604.3.5 (KHTML, like Gecko) Mobile/15B93 [FBAN/FBIOS;FBAV/152.0.0.45.135;FBBV/83301214;FBDV/iPhone9,3;FBMD/iPhone;FBSN/iOS;FBSV/11.1;FBSS/2;FBCR/T-MobileA;FBID/phone;FBLC/de_DE;FBOP/5;FBRV/84311412]"
89.26.113.90 - - [14/Dec/2017:06:57:22 +0100] "GET /ennstal.schladming/img/mobile/easydrivers-logo-mobile.png HTTP/1.1" 404 3061 "-" "Mozilla/5.0 (iPhone; CPU iPhone OS 11_1_2 like Mac OS X) AppleWebKit/604.3.5 (KHTML, like Gecko) Mobile/15B202 [FBAN/FBIOS;FBAV/152.0.0.45.135;FBBV/83301214;FBDV/iPhone6,2;FBMD/iPhone;FBSN/iOS;FBSV/11.1.2;FBSS/2;FBCR/A1;FBID/phone;FBLC/de_DE;FBOP/5;FBRV/84311412]"
212.95.5.46 - - [14/Dec/2017:06:57:27 +0100] "GET /ennstal.bad.aussee/img/mobile/easydrivers-logo-mobile.png HTTP/1.1" 404 3061 "-" "Mozilla/5.0 (iPhone; CPU iPhone OS 11_1 like Mac OS X) AppleWebKit/604.3.5 (KHTML, like Gecko) Mobile/15B93 [FBAN/FBIOS;FBAV/152.0.0.45.135;FBBV/83301214;FBDV/iPhone9,3;FBMD/iPhone;FBSN/iOS;FBSV/11.1;FBSS/2;FBCR/T-MobileA;FBID/phone;FBLC/de_DE;FBOP/5;FBRV/84311412]"
82.192.22.176 - - [14/Dec/2017:06:57:38 +0100] "GET /ennstal.bad.aussee/img/mobile/close-button.png HTTP/1.1" 404 3068 "-" "Mozilla/5.0 (iPhone; CPU iPhone OS 10_3_3 like Mac OS X) AppleWebKit/603.3.8 (KHTML, like Gecko) Mobile/14G60 [FBAN/FBIOS;FBAV/152.0.0.45.135;FBBV/83301214;FBDV/iPhone5,2;FBMD/iPhone;FBSN/iOS;FBSV/10.3.3;FBSS/2;FBCR/A1;FBID/phone;FBLC/de_DE;FBOP/5;FBRV/84141153]"
91.115.56.200 - - [14/Dec/2017:06:57:43 +0100] "GET /reumannplatz/img/mobile/info-button.png HTTP/1.1" 404 3051 "-" "Mozilla/5.0 (iPhone; CPU iPhone OS 11_1_2 like Mac OS X) AppleWebKit/604.3.5 (KHTML, like Gecko) Mobile/15B202 [FBAN/FBIOS;FBAV/147.0.0.46.81;FBBV/76961488;FBDV/iPhone8,1;FBMD/iPhone;FBSN/iOS;FBSV/11.1.2;FBSS/2;FBCR/3Austria;FBID/phone;FBLC/de_DE;FBOP/5;FBRV/76961488]"
91.115.56.200 - - [14/Dec/2017:06:57:46 +0100] "GET /reumannplatz/img/mobile/info-close-button.png HTTP/1.1" 404 3054 "-" "Mozilla/5.0 (iPhone; CPU iPhone OS 11_1_2 like Mac OS X) AppleWebKit/604.3.5 (KHTML, like Gecko) Mobile/15B202 [FBAN/FBIOS;FBAV/147.0.0.46.81;FBBV/76961488;FBDV/iPhone8,1;FBMD/iPhone;FBSN/iOS;FBSV/11.1.2;FBSS/2;FBCR/3Austria;FBID/phone;FBLC/de_DE;FBOP/5;FBRV/76961488]"
213.225.2.112 - - [14/Dec/2017:06:57:51 +0100] "GET /eisenstadt HTTP/1.1" 200 2948 "http://www.google.at/" "Mozilla/5.0 (Linux; Android 7.0; HTC 10 Build/NRD90M) AppleWebKit/537.36 (KHTML, like Gecko) Chrome/62.0.3202.84 Mobile Safari/537.36"
89.26.113.90 - - [14/Dec/2017:06:57:52 +0100] "GET /ennstal.schladming/img/mobile/menu-button.png HTTP/1.1" 404 3066 "-" "Mozilla/5.0 (iPhone; CPU iPhone OS 11_1_2 like Mac OS X) AppleWebKit/604.3.5 (KHTML, like Gecko) Mobile/15B202 [FBAN/FBIOS;FBAV/152.0.0.45.135;FBBV/83301214;FBDV/iPhone6,2;FBMD/iPhone;FBSN/iOS;FBSV/11.1.2;FBSS/2;FBCR/A1;FBID/phone;FBLC/de_DE;FBOP/5;FBRV/84311412]"
212.95.5.46 - - [14/Dec/2017:06:57:57 +0100] "GET /ennstal.bad.aussee/img/mobile/menu-button.png HTTP/1.1" 404 3067 "-" "Mozilla/5.0 (iPhone; CPU iPhone OS 11_1 like Mac OS X) AppleWebKit/604.3.5 (KHTML, like Gecko) Mobile/15B93 [FBAN/FBIOS;FBAV/152.0.0.45.135;FBBV/83301214;FBDV/iPhone9,3;FBMD/iPhone;FBSN/iOS;FBSV/11.1;FBSS/2;FBCR/T-MobileA;FBID/phone;FBLC/de_DE;FBOP/5;FBRV/84311412]"
212.124.158.11 - - [14/Dec/2017:06:58:05 +0100] "GET /easy_drivers_st._peterau/Weihnachtskurs-2017?FS=B HTTP/1.1" 200 3113 "http://m.facebook.com" "Mozilla/5.0 (iPhone; CPU iPhone OS 11_1_2 like Mac OS X) AppleWebKit/604.3.5 (KHTML, like Gecko) Mobile/15B202 [FBAN/FBIOS;FBAV/152.0.0.45.135;FBBV/83301214;FBDV/iPhone7,2;FBMD/iPhone;FBSN/iOS;FBSV/11.1.2;FBSS/2;FBCR/T-MobileA;FBID/phone;FBLC/de_DE;FBOP/5;FBRV/84141153]"
91.115.56.200 - - [14/Dec/2017:06:58:16 +0100] "GET /reumannplatz/img/smallicon-person.png HTTP/1.1" 404 3052 "-" "Mozilla/5.0 (iPhone; CPU iPhone OS 11_1_2 like Mac OS X) AppleWebKit/604.3.5 (KHTML, like Gecko) Mobile/15B202 [FBAN/FBIOS;FBAV/147.0.0.46.81;FBBV/76961488;FBDV/iPhone8,1;FBMD/iPhone;FBSN/iOS;FBSV/11.1.2;FBSS/2;FBCR/3Austria;FBID/phone;FBLC/de_DE;FBOP/5;FBRV/76961488]"
89.26.113.90 - - [14/Dec/2017:06:58:22 +0100] "GET /ennstal.schladming/img/mobile/close-button.png HTTP/1.1" 404 3068 "-" "Mozilla/5.0 (iPhone; CPU iPhone OS 11_1_2 like Mac OS X) AppleWebKit/604.3.5 (KHTML, like Gecko) Mobile/15B202 [FBAN/FBIOS;FBAV/152.0.0.45.135;FBBV/83301214;FBDV/iPhone6,2;FBMD/iPhone;FBSN/iOS;FBSV/11.1.2;FBSS/2;FBCR/A1;FBID/phone;FBLC/de_DE;FBOP/5;FBRV/84311412]"
212.95.5.46 - - [14/Dec/2017:06:58:27 +0100] "GET /ennstal.bad.aussee/img/mobile/close-button.png HTTP/1.1" 404 3068 "-" "Mozilla/5.0 (iPhone; CPU iPhone OS 11_1 like Mac OS X) AppleWebKit/604.3.5 (KHTML, like Gecko) Mobile/15B93 [FBAN/FBIOS;FBAV/152.0.0.45.135;FBBV/83301214;FBDV/iPhone9,3;FBMD/iPhone;FBSN/iOS;FBSV/11.1;FBSS/2;FBCR/T-MobileA;FBID/phone;FBLC/de_DE;FBOP/5;FBRV/84311412]"
80.121.90.141 - - [14/Dec/2017:06:58:36 +0100] "GET /linz/10286170?FS=B HTTP/1.1" 200 3158 "http://m.facebook.com/" "Mozilla/5.0 (Linux; Android 7.0; SM-G935F Build/NRD90M; wv) AppleWebKit/537.36 (KHTML, like Gecko) Version/4.0 Chrome/63.0.3239.83 Mobile Safari/537.36 [FB_IAB/FB4A;FBAV/152.0.0.42.136;]"
178.190.56.87 - - [14/Dec/2017:06:58:45 +0100] "GET /fuehrerscheine/mofa HTTP/1.1" 200 2993 "-" "Mozilla/5.0 (Linux; Android 7.1.1; SAMSUNG SM-N950F/N950FXXS1AQK9 Build/NMF26X) AppleWebKit/537.36 (KHTML, like Gecko) SamsungBrowser/6.2 Chrome/56.0.2924.87 Mobile Safari/537.36"
178.190.56.87 - - [14/Dec/2017:06:58:48 +0100] "GET /img/favicon.ico HTTP/1.1" 404 301 "-" "Mozilla/5.0 (Linux; Android 7.1.1; SAMSUNG SM-N950F/N950FXXS1AQK9 Build/NMF26X) AppleWebKit/537.36 (KHTML, like Gecko) SamsungBrowser/6.2 Chrome/56.0.2924.87 Mobile Safari/537.36"
91.115.56.200 - - [14/Dec/2017:06:58:50 +0100] "GET /reumannplatz/img/mobile/googlemaps-pin.png HTTP/1.1" 404 3050 "-" "Mozilla/5.0 (iPhone; CPU iPhone OS 11_1_2 like Mac OS X) AppleWebKit/604.3.5 (KHTML, like Gecko) Mobile/15B202 [FBAN/FBIOS;FBAV/147.0.0.46.81;FBBV/76961488;FBDV/iPhone8,1;FBMD/iPhone;FBSN/iOS;FBSV/11.1.2;FBSS/2;FBCR/3Austria;FBID/phone;FBLC/de_DE;FBOP/5;FBRV/76961488]"
89.26.113.90 - - [14/Dec/2017:06:58:53 +0100] "GET /ennstal.schladming/img/mobile/facebook-icon.png HTTP/1.1" 404 3066 "-" "Mozilla/5.0 (iPhone; CPU iPhone OS 11_1_2 like Mac OS X) AppleWebKit/604.3.5 (KHTML, like Gecko) Mobile/15B202 [FBAN/FBIOS;FBAV/152.0.0.45.135;FBBV/83301214;FBDV/iPhone6,2;FBMD/iPhone;FBSN/iOS;FBSV/11.1.2;FBSS/2;FBCR/A1;FBID/phone;FBLC/de_DE;FBOP/5;FBRV/84311412]"
212.95.5.46 - - [14/Dec/2017:06:58:57 +0100] "GET /ennstal.bad.aussee/img/mobile/info-button.png HTTP/1.1" 404 3069 "-" "Mozilla/5.0 (iPhone; CPU iPhone OS 11_1 like Mac OS X) AppleWebKit/604.3.5 (KHTML, like Gecko) Mobile/15B93 [FBAN/FBIOS;FBAV/152.0.0.45.135;FBBV/83301214;FBDV/iPhone9,3;FBMD/iPhone;FBSN/iOS;FBSV/11.1;FBSS/2;FBCR/T-MobileA;FBID/phone;FBLC/de_DE;FBOP/5;FBRV/84311412]"
178.190.56.87 - - [14/Dec/2017:06:59:04 +0100] "GET /links HTTP/1.1" 200 2067 "https://www.easydrivers.at/fuehrerscheine/mofa" "Mozilla/5.0 (Linux; Android 7.1.1; SAMSUNG SM-N950F/N950FXXS1AQK9 Build/NMF26X) AppleWebKit/537.36 (KHTML, like Gecko) SamsungBrowser/6.2 Chrome/56.0.2924.87 Mobile Safari/537.36"
194.208.49.136 - - [14/Dec/2017:06:59:05 +0100] "GET /ennstal.schladming/wfk-22-12-2017?FS=B HTTP/1.1" 200 3217 "http://m.facebook.com" "Mozilla/5.0 (iPhone; CPU iPhone OS 10_2_1 like Mac OS X) AppleWebKit/602.4.6 (KHTML, like Gecko) Mobile/14D27 [FBAN/FBIOS;FBAV/152.0.0.45.135;FBBV/83301214;FBDV/iPhone8,1;FBMD/iPhone;FBSN/iOS;FBSV/10.2.1;FBSS/2;FBCR/A1;FBID/phone;FBLC/de_DE;FBOP/5;FBRV/84141153]"
194.118.32.134 - - [14/Dec/2017:06:59:08 +0100] "GET /ennstal.bad.aussee/wfk-22-12-2017?FS=B HTTP/1.1" 200 3219 "http://m.facebook.com" "Mozilla/5.0 (iPhone; CPU iPhone OS 11_2 like Mac OS X) AppleWebKit/604.4.7 (KHTML, like Gecko) Mobile/15C114 [FBAN/FBIOS;FBAV/152.0.0.45.135;FBBV/83301214;FBDV/iPhone7,2;FBMD/iPhone;FBSN/iOS;FBSV/11.2;FBSS/2;FBCR/3Austria;FBID/phone;FBLC/de_DE;FBOP/5;FBRV/84311412]"
194.118.32.134 - - [14/Dec/2017:06:59:11 +0100] "GET /ennstal.bad.aussee/img/mobile/easydrivers-logo-mobile.png HTTP/1.1" 404 3061 "-" "Mozilla/5.0 (iPhone; CPU iPhone OS 11_2 like Mac OS X) AppleWebKit/604.4.7 (KHTML, like Gecko) Mobile/15C114 [FBAN/FBIOS;FBAV/152.0.0.45.135;FBBV/83301214;FBDV/iPhone7,2;FBMD/iPhone;FBSN/iOS;FBSV/11.2;FBSS/2;FBCR/3Austria;FBID/phone;FBLC/de_DE;FBOP/5;FBRV/84311412]"
91.115.56.200 - - [14/Dec/2017:06:59:20 +0100] "GET /reumannplatz/img/smallicon-address.png HTTP/1.1" 404 3054 "-" "Mozilla/5.0 (iPhone; CPU iPhone OS 11_1_2 like Mac OS X) AppleWebKit/604.3.5 (KHTML, like Gecko) Mobile/15B202 [FBAN/FBIOS;FBAV/147.0.0.46.81;FBBV/76961488;FBDV/iPhone8,1;FBMD/iPhone;FBSN/iOS;FBSV/11.1.2;FBSS/2;FBCR/3Austria;FBID/phone;FBLC/de_DE;FBOP/5;FBRV/76961488]"
89.26.113.90 - - [14/Dec/2017:06:59:23 +0100] "GET /ennstal.schladming/img/mobile/info-button.png HTTP/1.1" 404 3069 "-" "Mozilla/5.0 (iPhone; CPU iPhone OS 11_1_2 like Mac OS X) AppleWebKit/604.3.5 (KHTML, like Gecko) Mobile/15B202 [FBAN/FBIOS;FBAV/152.0.0.45.135;FBBV/83301214;FBDV/iPhone6,2;FBMD/iPhone;FBSN/iOS;FBSV/11.1.2;FBSS/2;FBCR/A1;FBID/phone;FBLC/de_DE;FBOP/5;FBRV/84311412]"
212.95.5.46 - - [14/Dec/2017:06:59:27 +0100] "GET /ennstal.bad.aussee/img/mobile/info-close-button.png HTTP/1.1" 404 3071 "-" "Mozilla/5.0 (iPhone; CPU iPhone OS 11_1 like Mac OS X) AppleWebKit/604.3.5 (KHTML, like Gecko) Mobile/15B93 [FBAN/FBIOS;FBAV/152.0.0.45.135;FBBV/83301214;FBDV/iPhone9,3;FBMD/iPhone;FBSN/iOS;FBSV/11.1;FBSS/2;FBCR/T-MobileA;FBID/phone;FBLC/de_DE;FBOP/5;FBRV/84311412]"
46.125.249.126 - - [14/Dec/2017:06:59:28 +0100] "GET /amstetten/weihnachtskurs?FS=B HTTP/1.1" 200 3162 "http://m.facebook.com/" "Mozilla/5.0 (Linux; Android 6.0; ALE-L21 Build/HuaweiALE-L21; wv) AppleWebKit/537.36 (KHTML, like Gecko) Version/4.0 Chrome/56.0.2924.87 Mobile Safari/537.36 [FB_IAB/FB4A;FBAV/152.0.0.42.136;]"
194.118.32.134 - - [14/Dec/2017:06:59:41 +0100] "GET /ennstal.bad.aussee/img/mobile/menu-button.png HTTP/1.1" 404 3067 "-" "Mozilla/5.0 (iPhone; CPU iPhone OS 11_2 like Mac OS X) AppleWebKit/604.4.7 (KHTML, like Gecko) Mobile/15C114 [FBAN/FBIOS;FBAV/152.0.0.45.135;FBBV/83301214;FBDV/iPhone7,2;FBMD/iPhone;FBSN/iOS;FBSV/11.2;FBSS/2;FBCR/3Austria;FBID/phone;FBLC/de_DE;FBOP/5;FBRV/84311412]"
89.26.113.90 - - [14/Dec/2017:06:59:53 +0100] "GET /ennstal.schladming/img/mobile/googlemaps-pin.png HTTP/1.1" 404 3068 "-" "Mozilla/5.0 (iPhone; CPU iPhone OS 11_1_2 like Mac OS X) AppleWebKit/604.3.5 (KHTML, like Gecko) Mobile/15B202 [FBAN/FBIOS;FBAV/152.0.0.45.135;FBBV/83301214;FBDV/iPhone6,2;FBMD/iPhone;FBSN/iOS;FBSV/11.1.2;FBSS/2;FBCR/A1;FBID/phone;FBLC/de_DE;FBOP/5;FBRV/84311412]"
157.55.39.233 - - [14/Dec/2017:06:59:56 +0100] "GET /bruck.leitha/10279714?FS=BE HTTP/1.1" 301 314 "-" "Mozilla/5.0 (compatible; bingbot/2.0; +http://www.bing.com/bingbot.htm)"
212.95.5.46 - - [14/Dec/2017:06:59:57 +0100] "GET /ennstal.bad.aussee/img/smallicon-time.png HTTP/1.1" 404 3072 "-" "Mozilla/5.0 (iPhone; CPU iPhone OS 11_1 like Mac OS X) AppleWebKit/604.3.5 (KHTML, like Gecko) Mobile/15B93 [FBAN/FBIOS;FBAV/152.0.0.45.135;FBBV/83301214;FBDV/iPhone9,3;FBMD/iPhone;FBSN/iOS;FBSV/11.1;FBSS/2;FBCR/T-MobileA;FBID/phone;FBLC/de_DE;FBOP/5;FBRV/84311412]"
46.125.250.58 - - [14/Dec/2017:07:00:02 +0100] "GET /st.poelten?gclid=CjwKCAiAvMPRBRBIEiwABuO6qfBsXbiLDLbvQ-CO08uVr2GiSfWEKylV6G7G7Pg8dfkwbnoM1yaV0BoCJSAQAvD_BwE HTTP/1.1" 200 2945 "http://www.google.at/" "Mozilla/5.0 (Linux; Android 7.0; SM-G935F Build/NRD90M) AppleWebKit/537.36 (KHTML, like Gecko) Chrome/62.0.3202.84 Mobile Safari/537.36"
46.125.250.58 - - [14/Dec/2017:07:00:04 +0100] "GET /css/mobile.css HTTP/1.1" 200 2852 "https://www.easydrivers.at/st.poelten?gclid=CjwKCAiAvMPRBRBIEiwABuO6qfBsXbiLDLbvQ-CO08uVr2GiSfWEKylV6G7G7Pg8dfkwbnoM1yaV0BoCJSAQAvD_BwE" "Mozilla/5.0 (Linux; Android 7.0; SM-G935F Build/NRD90M) AppleWebKit/537.36 (KHTML, like Gecko) Chrome/62.0.3202.84 Mobile Safari/537.36"
46.125.250.58 - - [14/Dec/2017:07:00:04 +0100] "GET /javascript/jquery.cookie.js HTTP/1.1" 200 863 "https://www.easydrivers.at/st.poelten?gclid=CjwKCAiAvMPRBRBIEiwABuO6qfBsXbiLDLbvQ-CO08uVr2GiSfWEKylV6G7G7Pg8dfkwbnoM1yaV0BoCJSAQAvD_BwE" "Mozilla/5.0 (Linux; Android 7.0; SM-G935F Build/NRD90M) AppleWebKit/537.36 (KHTML, like Gecko) Chrome/62.0.3202.84 Mobile Safari/537.36"
46.125.250.58 - - [14/Dec/2017:07:00:04 +0100] "GET /javascript/mobile-menu.js HTTP/1.1" 200 1634 "https://www.easydrivers.at/st.poelten?gclid=CjwKCAiAvMPRBRBIEiwABuO6qfBsXbiLDLbvQ-CO08uVr2GiSfWEKylV6G7G7Pg8dfkwbnoM1yaV0BoCJSAQAvD_BwE" "Mozilla/5.0 (Linux; Android 7.0; SM-G935F Build/NRD90M) AppleWebKit/537.36 (KHTML, like Gecko) Chrome/62.0.3202.84 Mobile Safari/537.36"
46.125.250.58 - - [14/Dec/2017:07:00:04 +0100] "GET /javascript/jquery.simplemodal.js HTTP/1.1" 200 3070 "https://www.easydrivers.at/st.poelten?gclid=CjwKCAiAvMPRBRBIEiwABuO6qfBsXbiLDLbvQ-CO08uVr2GiSfWEKylV6G7G7Pg8dfkwbnoM1yaV0BoCJSAQAvD_BwE" "Mozilla/5.0 (Linux; Android 7.0; SM-G935F Build/NRD90M) AppleWebKit/537.36 (KHTML, like Gecko) Chrome/62.0.3202.84 Mobile Safari/537.36"
46.125.250.58 - - [14/Dec/2017:07:00:04 +0100] "GET /javascript/jquery-1.9.1.min.js HTTP/1.1" 200 32731 "https://www.easydrivers.at/st.poelten?gclid=CjwKCAiAvMPRBRBIEiwABuO6qfBsXbiLDLbvQ-CO08uVr2GiSfWEKylV6G7G7Pg8dfkwbnoM1yaV0BoCJSAQAvD_BwE" "Mozilla/5.0 (Linux; Android 7.0; SM-G935F Build/NRD90M) AppleWebKit/537.36 (KHTML, like Gecko) Chrome/62.0.3202.84 Mobile Safari/537.36"
46.125.250.58 - - [14/Dec/2017:07:00:04 +0100] "GET /javascript/mobile-fahrschule.js HTTP/1.1" 200 328 "https://www.easydrivers.at/st.poelten?gclid=CjwKCAiAvMPRBRBIEiwABuO6qfBsXbiLDLbvQ-CO08uVr2GiSfWEKylV6G7G7Pg8dfkwbnoM1yaV0BoCJSAQAvD_BwE" "Mozilla/5.0 (Linux; Android 7.0; SM-G935F Build/NRD90M) AppleWebKit/537.36 (KHTML, like Gecko) Chrome/62.0.3202.84 Mobile Safari/537.36"
46.125.250.58 - - [14/Dec/2017:07:00:04 +0100] "GET /img/mobile/pfeil-rechts.png HTTP/1.1" 200 1228 "https://www.easydrivers.at/css/mobile.css" "Mozilla/5.0 (Linux; Android 7.0; SM-G935F Build/NRD90M) AppleWebKit/537.36 (KHTML, like Gecko) Chrome/62.0.3202.84 Mobile Safari/537.36"
46.125.250.58 - - [14/Dec/2017:07:00:04 +0100] "GET /img/mobile/bg-header.jpg HTTP/1.1" 200 19741 "https://www.easydrivers.at/css/mobile.css" "Mozilla/5.0 (Linux; Android 7.0; SM-G935F Build/NRD90M) AppleWebKit/537.36 (KHTML, like Gecko) Chrome/62.0.3202.84 Mobile Safari/537.36"
46.125.250.58 - - [14/Dec/2017:07:00:04 +0100] "GET /img/mobile/bg-top-section.jpg HTTP/1.1" 200 21711 "https://www.easydrivers.at/css/mobile.css" "Mozilla/5.0 (Linux; Android 7.0; SM-G935F Build/NRD90M) AppleWebKit/537.36 (KHTML, like Gecko) Chrome/62.0.3202.84 Mobile Safari/537.36"
46.125.250.58 - - [14/Dec/2017:07:00:04 +0100] "GET /img/mobile/menu-button.png HTTP/1.1" 200 1746 "https://www.easydrivers.at/st.poelten?gclid=CjwKCAiAvMPRBRBIEiwABuO6qfBsXbiLDLbvQ-CO08uVr2GiSfWEKylV6G7G7Pg8dfkwbnoM1yaV0BoCJSAQAvD_BwE" "Mozilla/5.0 (Linux; Android 7.0; SM-G935F Build/NRD90M) AppleWebKit/537.36 (KHTML, like Gecko) Chrome/62.0.3202.84 Mobile Safari/537.36"
46.125.250.58 - - [14/Dec/2017:07:00:04 +0100] "GET /javascript/lazyload.js HTTP/1.1" 200 1170 "https://www.easydrivers.at/st.poelten?gclid=CjwKCAiAvMPRBRBIEiwABuO6qfBsXbiLDLbvQ-CO08uVr2GiSfWEKylV6G7G7Pg8dfkwbnoM1yaV0BoCJSAQAvD_BwE" "Mozilla/5.0 (Linux; Android 7.0; SM-G935F Build/NRD90M) AppleWebKit/537.36 (KHTML, like Gecko) Chrome/62.0.3202.84 Mobile Safari/537.36"
46.125.250.58 - - [14/Dec/2017:07:00:04 +0100] "GET /img/mobile/easydrivers-logo-mobile.png HTTP/1.1" 200 10766 "https://www.easydrivers.at/st.poelten?gclid=CjwKCAiAvMPRBRBIEiwABuO6qfBsXbiLDLbvQ-CO08uVr2GiSfWEKylV6G7G7Pg8dfkwbnoM1yaV0BoCJSAQAvD_BwE" "Mozilla/5.0 (Linux; Android 7.0; SM-G935F Build/NRD90M) AppleWebKit/537.36 (KHTML, like Gecko) Chrome/62.0.3202.84 Mobile Safari/537.36"
46.125.250.58 - - [14/Dec/2017:07:00:05 +0100] "GET /img/mobile/close-button.png HTTP/1.1" 200 2411 "https://www.easydrivers.at/st.poelten?gclid=CjwKCAiAvMPRBRBIEiwABuO6qfBsXbiLDLbvQ-CO08uVr2GiSfWEKylV6G7G7Pg8dfkwbnoM1yaV0BoCJSAQAvD_BwE" "Mozilla/5.0 (Linux; Android 7.0; SM-G935F Build/NRD90M) AppleWebKit/537.36 (KHTML, like Gecko) Chrome/62.0.3202.84 Mobile Safari/537.36"
46.125.250.58 - - [14/Dec/2017:07:00:05 +0100] "GET /img/mobile/facebook-icon.png HTTP/1.1" 200 1902 "https://www.easydrivers.at/st.poelten?gclid=CjwKCAiAvMPRBRBIEiwABuO6qfBsXbiLDLbvQ-CO08uVr2GiSfWEKylV6G7G7Pg8dfkwbnoM1yaV0BoCJSAQAvD_BwE" "Mozilla/5.0 (Linux; Android 7.0; SM-G935F Build/NRD90M) AppleWebKit/537.36 (KHTML, like Gecko) Chrome/62.0.3202.84 Mobile Safari/537.36"
46.125.250.58 - - [14/Dec/2017:07:00:05 +0100] "GET /img/mobile/info-button.png HTTP/1.1" 200 1549 "https://www.easydrivers.at/st.poelten?gclid=CjwKCAiAvMPRBRBIEiwABuO6qfBsXbiLDLbvQ-CO08uVr2GiSfWEKylV6G7G7Pg8dfkwbnoM1yaV0BoCJSAQAvD_BwE" "Mozilla/5.0 (Linux; Android 7.0; SM-G935F Build/NRD90M) AppleWebKit/537.36 (KHTML, like Gecko) Chrome/62.0.3202.84 Mobile Safari/537.36"
46.125.250.58 - - [14/Dec/2017:07:00:05 +0100] "GET /img/mobile/info-close-button.png HTTP/1.1" 200 1721 "https://www.easydrivers.at/st.poelten?gclid=CjwKCAiAvMPRBRBIEiwABuO6qfBsXbiLDLbvQ-CO08uVr2GiSfWEKylV6G7G7Pg8dfkwbnoM1yaV0BoCJSAQAvD_BwE" "Mozilla/5.0 (Linux; Android 7.0; SM-G935F Build/NRD90M) AppleWebKit/537.36 (KHTML, like Gecko) Chrome/62.0.3202.84 Mobile Safari/537.36"
46.125.250.58 - - [14/Dec/2017:07:00:05 +0100] "GET /img/smallicon-person.png HTTP/1.1" 200 1141 "https://www.easydrivers.at/st.poelten?gclid=CjwKCAiAvMPRBRBIEiwABuO6qfBsXbiLDLbvQ-CO08uVr2GiSfWEKylV6G7G7Pg8dfkwbnoM1yaV0BoCJSAQAvD_BwE" "Mozilla/5.0 (Linux; Android 7.0; SM-G935F Build/NRD90M) AppleWebKit/537.36 (KHTML, like Gecko) Chrome/62.0.3202.84 Mobile Safari/537.36"
46.125.250.58 - - [14/Dec/2017:07:00:05 +0100] "GET /img/smallicon-address.png HTTP/1.1" 200 1211 "https://www.easydrivers.at/st.poelten?gclid=CjwKCAiAvMPRBRBIEiwABuO6qfBsXbiLDLbvQ-CO08uVr2GiSfWEKylV6G7G7Pg8dfkwbnoM1yaV0BoCJSAQAvD_BwE" "Mozilla/5.0 (Linux; Android 7.0; SM-G935F Build/NRD90M) AppleWebKit/537.36 (KHTML, like Gecko) Chrome/62.0.3202.84 Mobile Safari/537.36"
46.125.250.58 - - [14/Dec/2017:07:00:05 +0100] "GET /img/mobile/googlemaps-pin.png HTTP/1.1" 200 1597 "https://www.easydrivers.at/st.poelten?gclid=CjwKCAiAvMPRBRBIEiwABuO6qfBsXbiLDLbvQ-CO08uVr2GiSfWEKylV6G7G7Pg8dfkwbnoM1yaV0BoCJSAQAvD_BwE" "Mozilla/5.0 (Linux; Android 7.0; SM-G935F Build/NRD90M) AppleWebKit/537.36 (KHTML, like Gecko) Chrome/62.0.3202.84 Mobile Safari/537.36"
46.125.250.58 - - [14/Dec/2017:07:00:05 +0100] "GET /img/smallicon-time.png HTTP/1.1" 200 1262 "https://www.easydrivers.at/st.poelten?gclid=CjwKCAiAvMPRBRBIEiwABuO6qfBsXbiLDLbvQ-CO08uVr2GiSfWEKylV6G7G7Pg8dfkwbnoM1yaV0BoCJSAQAvD_BwE" "Mozilla/5.0 (Linux; Android 7.0; SM-G935F Build/NRD90M) AppleWebKit/537.36 (KHTML, like Gecko) Chrome/62.0.3202.84 Mobile Safari/537.36"
46.125.250.58 - - [14/Dec/2017:07:00:05 +0100] "GET /img/smallicon-phone.png HTTP/1.1" 200 3056 "https://www.easydrivers.at/st.poelten?gclid=CjwKCAiAvMPRBRBIEiwABuO6qfBsXbiLDLbvQ-CO08uVr2GiSfWEKylV6G7G7Pg8dfkwbnoM1yaV0BoCJSAQAvD_BwE" "Mozilla/5.0 (Linux; Android 7.0; SM-G935F Build/NRD90M) AppleWebKit/537.36 (KHTML, like Gecko) Chrome/62.0.3202.84 Mobile Safari/537.36"
46.125.250.58 - - [14/Dec/2017:07:00:05 +0100] "GET /img/smallicon-mail.png HTTP/1.1" 200 1341 "https://www.easydrivers.at/st.poelten?gclid=CjwKCAiAvMPRBRBIEiwABuO6qfBsXbiLDLbvQ-CO08uVr2GiSfWEKylV6G7G7Pg8dfkwbnoM1yaV0BoCJSAQAvD_BwE" "Mozilla/5.0 (Linux; Android 7.0; SM-G935F Build/NRD90M) AppleWebKit/537.36 (KHTML, like Gecko) Chrome/62.0.3202.84 Mobile Safari/537.36"
46.125.250.58 - - [14/Dec/2017:07:00:05 +0100] "GET /img/mobile/widget-icon-app.png HTTP/1.1" 200 3458 "https://www.easydrivers.at/st.poelten?gclid=CjwKCAiAvMPRBRBIEiwABuO6qfBsXbiLDLbvQ-CO08uVr2GiSfWEKylV6G7G7Pg8dfkwbnoM1yaV0BoCJSAQAvD_BwE" "Mozilla/5.0 (Linux; Android 7.0; SM-G935F Build/NRD90M) AppleWebKit/537.36 (KHTML, like Gecko) Chrome/62.0.3202.84 Mobile Safari/537.36"
46.125.250.58 - - [14/Dec/2017:07:00:05 +0100] "GET /img/mobile/bg-menu.jpg HTTP/1.1" 200 1698 "https://www.easydrivers.at/css/mobile.css" "Mozilla/5.0 (Linux; Android 7.0; SM-G935F Build/NRD90M) AppleWebKit/537.36 (KHTML, like Gecko) Chrome/62.0.3202.84 Mobile Safari/537.36"
46.125.250.58 - - [14/Dec/2017:07:00:05 +0100] "GET /img/favicon.ico HTTP/1.1" 301 303 "-" "Mozilla/5.0 (Linux; Android 7.0; SM-G935F Build/NRD90M) AppleWebKit/537.36 (KHTML, like Gecko) Chrome/62.0.3202.84 Mobile Safari/537.36"
46.125.250.58 - - [14/Dec/2017:07:00:05 +0100] "GET /img/favicon.ico HTTP/1.1" 404 301 "-" "Mozilla/5.0 (Linux; Android 7.0; SM-G935F Build/NRD90M) AppleWebKit/537.36 (KHTML, like Gecko) Chrome/62.0.3202.84 Mobile Safari/537.36"
91.115.56.200 - - [14/Dec/2017:07:00:11 +0100] "-" 408 - "-" "-"
178.190.56.87 - - [14/Dec/2017:07:00:12 +0100] "GET /einloesebedingungen HTTP/1.1" 200 2023 "https://www.easydrivers.at/links" "Mozilla/5.0 (Linux; Android 7.1.1; SAMSUNG SM-N950F/N950FXXS1AQK9 Build/NMF26X) AppleWebKit/537.36 (KHTML, like Gecko) SamsungBrowser/6.2 Chrome/56.0.2924.87 Mobile Safari/537.36"
88.117.29.4 - - [14/Dec/2017:07:00:26 +0100] "GET /fuehrerscheine/traktor HTTP/1.1" 301 306 "http://www.google.at/url?sa=t&rct=j&q=&esrc=s&source=web&cd=3&ved=0ahUKEwj6z4rI6YjYAhVPKlAKHdZwAKcQFggyMAI&url=http%3A%2F%2Fwww.easydrivers.at%2Ffuehrerscheine%2Ftraktor&usg=AOvVaw0JB6RiQf2AWLSkY0pHXEzu" "Mozilla/5.0 (Windows NT 10.0; WOW64; Trident/7.0; rv:11.0) like Gecko"
88.117.29.4 - - [14/Dec/2017:07:00:26 +0100] "GET /fuehrerscheine/traktor HTTP/1.1" 200 2601 "http://www.google.at/url?sa=t&rct=j&q=&esrc=s&source=web&cd=3&ved=0ahUKEwj6z4rI6YjYAhVPKlAKHdZwAKcQFggyMAI&url=http%3A%2F%2Fwww.easydrivers.at%2Ffuehrerscheine%2Ftraktor&usg=AOvVaw0JB6RiQf2AWLSkY0pHXEzu" "Mozilla/5.0 (Windows NT 10.0; WOW64; Trident/7.0; rv:11.0) like Gecko"
88.117.29.4 - - [14/Dec/2017:07:00:28 +0100] "GET /css/print.css HTTP/1.1" 200 967 "https://www.easydrivers.at/fuehrerscheine/traktor" "Mozilla/5.0 (Windows NT 10.0; WOW64; Trident/7.0; rv:11.0) like Gecko"
88.117.29.4 - - [14/Dec/2017:07:00:28 +0100] "GET /css/style.css HTTP/1.1" 200 5004 "https://www.easydrivers.at/fuehrerscheine/traktor" "Mozilla/5.0 (Windows NT 10.0; WOW64; Trident/7.0; rv:11.0) like Gecko"
88.117.29.4 - - [14/Dec/2017:07:00:28 +0100] "GET /javascript/jquery.simplemodal.js HTTP/1.1" 200 3070 "https://www.easydrivers.at/fuehrerscheine/traktor" "Mozilla/5.0 (Windows NT 10.0; WOW64; Trident/7.0; rv:11.0) like Gecko"
88.117.29.4 - - [14/Dec/2017:07:00:28 +0100] "GET /javascript/portal.js?1221842734 HTTP/1.1" 200 3529 "https://www.easydrivers.at/fuehrerscheine/traktor" "Mozilla/5.0 (Windows NT 10.0; WOW64; Trident/7.0; rv:11.0) like Gecko"
88.117.29.4 - - [14/Dec/2017:07:00:28 +0100] "GET /javascript/jquery.customSelect.min.js HTTP/1.1" 200 912 "https://www.easydrivers.at/fuehrerscheine/traktor" "Mozilla/5.0 (Windows NT 10.0; WOW64; Trident/7.0; rv:11.0) like Gecko"
88.117.29.4 - - [14/Dec/2017:07:00:28 +0100] "GET /javascript/jquery.cookie.js HTTP/1.1" 200 863 "https://www.easydrivers.at/fuehrerscheine/traktor" "Mozilla/5.0 (Windows NT 10.0; WOW64; Trident/7.0; rv:11.0) like Gecko"
88.117.29.4 - - [14/Dec/2017:07:00:28 +0100] "GET /javascript/license.js HTTP/1.1" 200 315 "https://www.easydrivers.at/fuehrerscheine/traktor" "Mozilla/5.0 (Windows NT 10.0; WOW64; Trident/7.0; rv:11.0) like Gecko"
88.117.29.4 - - [14/Dec/2017:07:00:28 +0100] "GET /img/close-button.png HTTP/1.1" 200 2237 "https://www.easydrivers.at/fuehrerscheine/traktor" "Mozilla/5.0 (Windows NT 10.0; WOW64; Trident/7.0; rv:11.0) like Gecko"
88.117.29.4 - - [14/Dec/2017:07:00:28 +0100] "GET /img/facebook-icon.png HTTP/1.1" 200 1506 "https://www.easydrivers.at/fuehrerscheine/traktor" "Mozilla/5.0 (Windows NT 10.0; WOW64; Trident/7.0; rv:11.0) like Gecko"
88.117.29.4 - - [14/Dec/2017:07:00:28 +0100] "GET /img/schweiz-icon.png HTTP/1.1" 200 1504 "https://www.easydrivers.at/fuehrerscheine/traktor" "Mozilla/5.0 (Windows NT 10.0; WOW64; Trident/7.0; rv:11.0) like Gecko"
88.117.29.4 - - [14/Dec/2017:07:00:28 +0100] "GET /javascript/lazyload.js HTTP/1.1" 200 1170 "https://www.easydrivers.at/fuehrerscheine/traktor" "Mozilla/5.0 (Windows NT 10.0; WOW64; Trident/7.0; rv:11.0) like Gecko"
88.117.29.4 - - [14/Dec/2017:07:00:28 +0100] "GET /binaries/easy-drivers-portal/traktor2jpg.jpg HTTP/1.1" 200 130773 "https://www.easydrivers.at/fuehrerscheine/traktor" "Mozilla/5.0 (Windows NT 10.0; WOW64; Trident/7.0; rv:11.0) like Gecko"
88.117.29.4 - - [14/Dec/2017:07:00:29 +0100] "GET /img/kursicon-print-pink.png HTTP/1.1" 200 1125 "https://www.easydrivers.at/fuehrerscheine/traktor" "Mozilla/5.0 (Windows NT 10.0; WOW64; Trident/7.0; rv:11.0) like Gecko"
88.117.29.4 - - [14/Dec/2017:07:00:29 +0100] "GET /img/bg-yellow.jpg HTTP/1.1" 200 2250 "https://www.easydrivers.at/fuehrerscheine/traktor" "Mozilla/5.0 (Windows NT 10.0; WOW64; Trident/7.0; rv:11.0) like Gecko"
88.117.29.4 - - [14/Dec/2017:07:00:29 +0100] "GET /img/kursicon-phone-pink.png HTTP/1.1" 200 1286 "https://www.easydrivers.at/fuehrerscheine/traktor" "Mozilla/5.0 (Windows NT 10.0; WOW64; Trident/7.0; rv:11.0) like Gecko"
88.117.29.4 - - [14/Dec/2017:07:00:29 +0100] "GET /img/kursicon-share-pink.png HTTP/1.1" 200 1277 "https://www.easydrivers.at/fuehrerscheine/traktor" "Mozilla/5.0 (Windows NT 10.0; WOW64; Trident/7.0; rv:11.0) like Gecko"
88.117.29.4 - - [14/Dec/2017:07:00:29 +0100] "GET /img/kursicon-download-pink.png HTTP/1.1" 200 1213 "https://www.easydrivers.at/fuehrerscheine/traktor" "Mozilla/5.0 (Windows NT 10.0; WOW64; Trident/7.0; rv:11.0) like Gecko"
88.117.29.4 - - [14/Dec/2017:07:00:29 +0100] "GET /img/ED_Logo.png HTTP/1.1" 200 3385 "https://www.easydrivers.at/fuehrerscheine/traktor" "Mozilla/5.0 (Windows NT 10.0; WOW64; Trident/7.0; rv:11.0) like Gecko"
88.117.29.4 - - [14/Dec/2017:07:00:30 +0100] "GET /img/submit-button-small.png HTTP/1.1" 200 1456 "https://www.easydrivers.at/fuehrerscheine/traktor" "Mozilla/5.0 (Windows NT 10.0; WOW64; Trident/7.0; rv:11.0) like Gecko"
88.117.29.4 - - [14/Dec/2017:07:00:30 +0100] "GET /img/bg-footer.jpg HTTP/1.1" 200 31770 "https://www.easydrivers.at/fuehrerscheine/traktor" "Mozilla/5.0 (Windows NT 10.0; WOW64; Trident/7.0; rv:11.0) like Gecko"
88.117.29.4 - - [14/Dec/2017:07:00:30 +0100] "GET /img/bg-header.jpg HTTP/1.1" 200 38680 "https://www.easydrivers.at/fuehrerscheine/traktor" "Mozilla/5.0 (Windows NT 10.0; WOW64; Trident/7.0; rv:11.0) like Gecko"
88.117.29.4 - - [14/Dec/2017:07:00:31 +0100] "GET /img/new_favicon.ico HTTP/1.1" 301 306 "-" "Mozilla/5.0 (Windows NT 10.0; Win64; x64; Trident/7.0; rv:11.0) like Gecko"
88.117.29.4 - - [14/Dec/2017:07:00:32 +0100] "GET /img/new_favicon.ico HTTP/1.1" 200 1150 "-" "Mozilla/5.0 (Windows NT 10.0; Win64; x64; Trident/7.0; rv:11.0) like Gecko"
77.119.232.173 - - [14/Dec/2017:07:00:30 +0100] "GET /ennstal.schladming/wfk-22-12-2017?FS=B HTTP/1.1" 200 3217 "http://m.facebook.com" "Mozilla/5.0 (iPhone; CPU iPhone OS 11_1_2 like Mac OS X) AppleWebKit/604.3.5 (KHTML, like Gecko) Mobile/15B202 [FBAN/FBIOS;FBAV/152.0.0.45.135;FBBV/83301214;FBDV/iPhone8,1;FBMD/iPhone;FBSN/iOS;FBSV/11.1.2;FBSS/2;FBCR/T-MobileA;FBID/phone;FBLC/de_DE;FBOP/5;FBRV/84311412]"
88.117.29.4 - - [14/Dec/2017:07:00:33 +0100] "GET /fuehrerscheine/traktor/F HTTP/1.1" 200 3700 "https://www.easydrivers.at/fuehrerscheine/traktor" "Mozilla/5.0 (Windows NT 10.0; WOW64; Trident/7.0; rv:11.0) like Gecko"
88.117.29.4 - - [14/Dec/2017:07:00:35 +0100] "GET /javascript/product.js HTTP/1.1" 200 139 "https://www.easydrivers.at/fuehrerscheine/traktor/F" "Mozilla/5.0 (Windows NT 10.0; WOW64; Trident/7.0; rv:11.0) like Gecko"
88.117.29.4 - - [14/Dec/2017:07:00:34 +0100] "GET /binaries/easy-drivers-portal/traktor3jpg.jpg HTTP/1.1" 200 131201 "https://www.easydrivers.at/fuehrerscheine/traktor/F" "Mozilla/5.0 (Windows NT 10.0; WOW64; Trident/7.0; rv:11.0) like Gecko"
88.117.29.4 - - [14/Dec/2017:07:00:35 +0100] "GET /img/arrow-up.png HTTP/1.1" 200 1081 "https://www.easydrivers.at/fuehrerscheine/traktor/F" "Mozilla/5.0 (Windows NT 10.0; WOW64; Trident/7.0; rv:11.0) like Gecko"
88.117.29.4 - - [14/Dec/2017:07:00:35 +0100] "GET /img/arrow-left.png HTTP/1.1" 200 1015 "https://www.easydrivers.at/fuehrerscheine/traktor/F" "Mozilla/5.0 (Windows NT 10.0; WOW64; Trident/7.0; rv:11.0) like Gecko"
85.158.226.1 - - [14/Dec/2017:07:00:44 +0100] "GET /fuehrerscheine/lkw HTTP/1.1" 301 304 "http://www.google.at/url?sa=t&rct=j&q=&esrc=s&source=web&cd=5&ved=0ahUKEwimjcnO6YjYAhUBthoKHTs3ADIQFgg-MAQ&url=http%3A%2F%2Fwww.easydrivers.at%2Ffuehrerscheine%2Flkw&usg=AOvVaw0oFqgw-9g7eZgED-wuE4GE" "Mozilla/5.0 (Windows NT 6.1; WOW64; Trident/7.0; rv:11.0) like Gecko"
93.82.58.87 - - [14/Dec/2017:07:00:44 +0100] "GET /img/ED_Logo.png HTTP/1.1" 301 305 "-" "Mozilla/5.0 (Windows NT 10.0; Win64; x64; rv:57.0) Gecko/20100101 Firefox/57.0"
93.82.58.87 - - [14/Dec/2017:07:00:45 +0100] "GET /img/ED_Logo.png HTTP/1.1" 200 3385 "-" "Mozilla/5.0 (Windows NT 10.0; Win64; x64; rv:57.0) Gecko/20100101 Firefox/57.0"
77.119.232.173 - - [14/Dec/2017:07:00:42 +0100] "GET /ennstal.schladming/img/mobile/easydrivers-logo-mobile.png HTTP/1.1" 404 3061 "-" "Mozilla/5.0 (iPhone; CPU iPhone OS 11_1_2 like Mac OS X) AppleWebKit/604.3.5 (KHTML, like Gecko) Mobile/15B202 [FBAN/FBIOS;FBAV/152.0.0.45.135;FBBV/83301214;FBDV/iPhone8,1;FBMD/iPhone;FBSN/iOS;FBSV/11.1.2;FBSS/2;FBCR/T-MobileA;FBID/phone;FBLC/de_DE;FBOP/5;FBRV/84311412]"
85.158.224.252 - - [14/Dec/2017:07:00:44 +0100] "GET /fuehrerscheine/lkw HTTP/1.1" 200 7961 "-" "Mozilla/4.0 (compatible;)"
85.158.226.1 - - [14/Dec/2017:07:00:44 +0100] "GET /fuehrerscheine/lkw HTTP/1.1" 200 2686 "http://www.google.at/url?sa=t&rct=j&q=&esrc=s&source=web&cd=5&ved=0ahUKEwimjcnO6YjYAhUBthoKHTs3ADIQFgg-MAQ&url=http%3A%2F%2Fwww.easydrivers.at%2Ffuehrerscheine%2Flkw&usg=AOvVaw0oFqgw-9g7eZgED-wuE4GE" "Mozilla/5.0 (Windows NT 6.1; WOW64; Trident/7.0; rv:11.0) like Gecko"
85.158.226.1 - - [14/Dec/2017:07:00:46 +0100] "GET /css/style.css HTTP/1.1" 200 5004 "https://www.easydrivers.at/fuehrerscheine/lkw" "Mozilla/5.0 (Windows NT 6.1; WOW64; Trident/7.0; rv:11.0) like Gecko"
85.158.226.1 - - [14/Dec/2017:07:00:46 +0100] "GET /javascript/jquery.customSelect.min.js HTTP/1.1" 200 912 "https://www.easydrivers.at/fuehrerscheine/lkw" "Mozilla/5.0 (Windows NT 6.1; WOW64; Trident/7.0; rv:11.0) like Gecko"
85.158.226.1 - - [14/Dec/2017:07:00:46 +0100] "GET /css/print.css HTTP/1.1" 200 967 "https://www.easydrivers.at/fuehrerscheine/lkw" "Mozilla/5.0 (Windows NT 6.1; WOW64; Trident/7.0; rv:11.0) like Gecko"
85.158.226.1 - - [14/Dec/2017:07:00:46 +0100] "GET /javascript/jquery.cookie.js HTTP/1.1" 200 863 "https://www.easydrivers.at/fuehrerscheine/lkw" "Mozilla/5.0 (Windows NT 6.1; WOW64; Trident/7.0; rv:11.0) like Gecko"
85.158.226.1 - - [14/Dec/2017:07:00:46 +0100] "GET /javascript/portal.js?1221842734 HTTP/1.1" 200 3529 "https://www.easydrivers.at/fuehrerscheine/lkw" "Mozilla/5.0 (Windows NT 6.1; WOW64; Trident/7.0; rv:11.0) like Gecko"
85.158.226.1 - - [14/Dec/2017:07:00:46 +0100] "GET /javascript/lazyload.js HTTP/1.1" 200 1170 "https://www.easydrivers.at/fuehrerscheine/lkw" "Mozilla/5.0 (Windows NT 6.1; WOW64; Trident/7.0; rv:11.0) like Gecko"
85.158.226.1 - - [14/Dec/2017:07:00:46 +0100] "GET /img/facebook-icon.png HTTP/1.1" 200 1506 "https://www.easydrivers.at/fuehrerscheine/lkw" "Mozilla/5.0 (Windows NT 6.1; WOW64; Trident/7.0; rv:11.0) like Gecko"
85.158.226.1 - - [14/Dec/2017:07:00:46 +0100] "GET /javascript/jquery.simplemodal.js HTTP/1.1" 200 3070 "https://www.easydrivers.at/fuehrerscheine/lkw" "Mozilla/5.0 (Windows NT 6.1; WOW64; Trident/7.0; rv:11.0) like Gecko"
85.158.226.1 - - [14/Dec/2017:07:00:46 +0100] "GET /img/close-button.png HTTP/1.1" 200 2237 "https://www.easydrivers.at/fuehrerscheine/lkw" "Mozilla/5.0 (Windows NT 6.1; WOW64; Trident/7.0; rv:11.0) like Gecko"
85.158.226.1 - - [14/Dec/2017:07:00:46 +0100] "GET /javascript/license.js HTTP/1.1" 200 315 "https://www.easydrivers.at/fuehrerscheine/lkw" "Mozilla/5.0 (Windows NT 6.1; WOW64; Trident/7.0; rv:11.0) like Gecko"
85.158.226.1 - - [14/Dec/2017:07:00:46 +0100] "GET /img/schweiz-icon.png HTTP/1.1" 200 1504 "https://www.easydrivers.at/fuehrerscheine/lkw" "Mozilla/5.0 (Windows NT 6.1; WOW64; Trident/7.0; rv:11.0) like Gecko"
85.158.226.1 - - [14/Dec/2017:07:00:46 +0100] "GET /binaries/easy-drivers-portal/lkw1jpg.jpg HTTP/1.1" 200 71423 "https://www.easydrivers.at/fuehrerscheine/lkw" "Mozilla/5.0 (Windows NT 6.1; WOW64; Trident/7.0; rv:11.0) like Gecko"
85.158.226.1 - - [14/Dec/2017:07:00:46 +0100] "GET /img/kursicon-print-pink.png HTTP/1.1" 200 1125 "https://www.easydrivers.at/fuehrerscheine/lkw" "Mozilla/5.0 (Windows NT 6.1; WOW64; Trident/7.0; rv:11.0) like Gecko"
85.158.226.1 - - [14/Dec/2017:07:00:46 +0100] "GET /img/kursicon-share-pink.png HTTP/1.1" 200 1277 "https://www.easydrivers.at/fuehrerscheine/lkw" "Mozilla/5.0 (Windows NT 6.1; WOW64; Trident/7.0; rv:11.0) like Gecko"
85.158.226.1 - - [14/Dec/2017:07:00:46 +0100] "GET /img/kursicon-download-pink.png HTTP/1.1" 200 1213 "https://www.easydrivers.at/fuehrerscheine/lkw" "Mozilla/5.0 (Windows NT 6.1; WOW64; Trident/7.0; rv:11.0) like Gecko"
85.158.226.1 - - [14/Dec/2017:07:00:46 +0100] "GET /img/kursicon-phone-pink.png HTTP/1.1" 200 1286 "https://www.easydrivers.at/fuehrerscheine/lkw" "Mozilla/5.0 (Windows NT 6.1; WOW64; Trident/7.0; rv:11.0) like Gecko"
85.158.226.1 - - [14/Dec/2017:07:00:46 +0100] "GET /img/submit-button-small.png HTTP/1.1" 200 1456 "https://www.easydrivers.at/fuehrerscheine/lkw" "Mozilla/5.0 (Windows NT 6.1; WOW64; Trident/7.0; rv:11.0) like Gecko"
85.158.226.1 - - [14/Dec/2017:07:00:46 +0100] "GET /img/bg-yellow.jpg HTTP/1.1" 200 2250 "https://www.easydrivers.at/fuehrerscheine/lkw" "Mozilla/5.0 (Windows NT 6.1; WOW64; Trident/7.0; rv:11.0) like Gecko"
85.158.226.1 - - [14/Dec/2017:07:00:46 +0100] "GET /img/bg-header.jpg HTTP/1.1" 200 38680 "https://www.easydrivers.at/fuehrerscheine/lkw" "Mozilla/5.0 (Windows NT 6.1; WOW64; Trident/7.0; rv:11.0) like Gecko"
85.158.226.1 - - [14/Dec/2017:07:00:46 +0100] "GET /img/bg-footer.jpg HTTP/1.1" 200 31770 "https://www.easydrivers.at/fuehrerscheine/lkw" "Mozilla/5.0 (Windows NT 6.1; WOW64; Trident/7.0; rv:11.0) like Gecko"
85.158.226.1 - - [14/Dec/2017:07:00:46 +0100] "GET /img/ED_Logo.png HTTP/1.1" 200 3385 "https://www.easydrivers.at/fuehrerscheine/lkw" "Mozilla/5.0 (Windows NT 6.1; WOW64; Trident/7.0; rv:11.0) like Gecko"
85.158.226.1 - - [14/Dec/2017:07:00:47 +0100] "GET /img/purple-dots-horizontal.png HTTP/1.1" 200 977 "https://www.easydrivers.at/fuehrerscheine/lkw" "Mozilla/5.0 (Windows NT 6.1; WOW64; Trident/7.0; rv:11.0) like Gecko"
85.158.226.1 - - [14/Dec/2017:07:00:47 +0100] "GET /img/new_favicon.ico HTTP/1.1" 301 306 "-" "Mozilla/5.0 (Windows NT 6.1; Win64; x64; Trident/7.0; rv:11.0) like Gecko"
85.158.226.1 - - [14/Dec/2017:07:00:47 +0100] "GET /img/new_favicon.ico HTTP/1.1" 200 1150 "-" "Mozilla/5.0 (Windows NT 6.1; Win64; x64; Trident/7.0; rv:11.0) like Gecko"
212.95.5.46 - - [14/Dec/2017:07:00:48 +0100] "-" 408 - "-" "-"
193.33.216.45 - - [14/Dec/2017:07:00:47 +0100] "GET /ennstal.bad.aussee/wfk-22-12-2017?FS=B HTTP/1.1" 200 3219 "http://m.facebook.com" "Mozilla/5.0 (iPhone; CPU iPhone OS 11_1_2 like Mac OS X) AppleWebKit/604.3.5 (KHTML, like Gecko) Mobile/15B202 [FBAN/FBIOS;FBAV/152.0.0.45.135;FBBV/83301214;FBDV/iPhone8,1;FBMD/iPhone;FBSN/iOS;FBSV/11.1.2;FBSS/2;FBCR/3Austria;FBID/phone;FBLC/de_DE;FBOP/5;FBRV/84311412]"
46.125.249.84 - - [14/Dec/2017:07:00:50 +0100] "GET /ennstal.schladming/wfk-22-12-2017?FS=B HTTP/1.1" 200 3217 "http://m.facebook.com" "Mozilla/5.0 (iPhone; CPU iPhone OS 10_3_2 like Mac OS X) AppleWebKit/603.2.4 (KHTML, like Gecko) Mobile/14F89 [FBAN/FBIOS;FBAV/152.0.0.45.135;FBBV/83301214;FBDV/iPhone8,1;FBMD/iPhone;FBSN/iOS;FBSV/10.3.2;FBSS/2;FBCR/T-MobileA;FBID/phone;FBLC/de_DE;FBOP/5;FBRV/84311412]"
46.125.249.84 - - [14/Dec/2017:07:00:53 +0100] "GET /ennstal.schladming/img/mobile/easydrivers-logo-mobile.png HTTP/1.1" 404 3061 "-" "Mozilla/5.0 (iPhone; CPU iPhone OS 10_3_2 like Mac OS X) AppleWebKit/603.2.4 (KHTML, like Gecko) Mobile/14F89 [FBAN/FBIOS;FBAV/152.0.0.45.135;FBBV/83301214;FBDV/iPhone8,1;FBMD/iPhone;FBSN/iOS;FBSV/10.3.2;FBSS/2;FBCR/T-MobileA;FBID/phone;FBLC/de_DE;FBOP/5;FBRV/84311412]"
85.158.226.1 - - [14/Dec/2017:07:01:00 +0100] "GET /fuehrerscheine/lkw/C HTTP/1.1" 200 3782 "https://www.easydrivers.at/fuehrerscheine/lkw" "Mozilla/5.0 (Windows NT 6.1; WOW64; Trident/7.0; rv:11.0) like Gecko"
85.158.226.1 - - [14/Dec/2017:07:01:01 +0100] "GET /javascript/product.js HTTP/1.1" 200 139 "https://www.easydrivers.at/fuehrerscheine/lkw/C" "Mozilla/5.0 (Windows NT 6.1; WOW64; Trident/7.0; rv:11.0) like Gecko"
85.158.226.1 - - [14/Dec/2017:07:01:01 +0100] "GET /binaries/easy-drivers-portal/lkw3jpg.jpg HTTP/1.1" 200 66609 "https://www.easydrivers.at/fuehrerscheine/lkw/C" "Mozilla/5.0 (Windows NT 6.1; WOW64; Trident/7.0; rv:11.0) like Gecko"
85.158.226.1 - - [14/Dec/2017:07:01:02 +0100] "GET /img/arrow-up.png HTTP/1.1" 200 1081 "https://www.easydrivers.at/fuehrerscheine/lkw/C" "Mozilla/5.0 (Windows NT 6.1; WOW64; Trident/7.0; rv:11.0) like Gecko"
85.158.226.1 - - [14/Dec/2017:07:01:02 +0100] "GET /img/arrow-left.png HTTP/1.1" 200 1015 "https://www.easydrivers.at/fuehrerscheine/lkw/C" "Mozilla/5.0 (Windows NT 6.1; WOW64; Trident/7.0; rv:11.0) like Gecko"
88.117.29.4 - - [14/Dec/2017:07:01:13 +0100] "GET /fuehrerscheine/traktor HTTP/1.1" 200 2601 "https://www.easydrivers.at/fuehrerscheine/traktor/F" "Mozilla/5.0 (Windows NT 10.0; WOW64; Trident/7.0; rv:11.0) like Gecko"
94.136.13.132 - - [14/Dec/2017:07:01:19 +0100] "GET /tulln/Weihnachtskurs_Abendkurs_Dezember_2017?FS=B HTTP/1.1" 200 3264 "http://m.facebook.com" "Mozilla/5.0 (iPhone; CPU iPhone OS 11_1_2 like Mac OS X) AppleWebKit/604.3.5 (KHTML, like Gecko) Mobile/15B202 [FBAN/FBIOS;FBAV/152.0.0.45.135;FBBV/83301214;FBDV/iPhone9,4;FBMD/iPhone;FBSN/iOS;FBSV/11.1.2;FBSS/3;FBCR/3Austria;FBID/phone;FBLC/de_DE;FBOP/5;FBRV/84141153]"
88.117.29.4 - - [14/Dec/2017:07:01:23 +0100] "GET /fuehrerscheine/traktor/F HTTP/1.1" 200 3700 "https://www.easydrivers.at/fuehrerscheine/traktor" "Mozilla/5.0 (Windows NT 10.0; WOW64; Trident/7.0; rv:11.0) like Gecko"
94.136.13.132 - - [14/Dec/2017:07:01:22 +0100] "GET /tulln/img/mobile/easydrivers-logo-mobile.png HTTP/1.1" 404 3035 "-" "Mozilla/5.0 (iPhone; CPU iPhone OS 11_1_2 like Mac OS X) AppleWebKit/604.3.5 (KHTML, like Gecko) Mobile/15B202 [FBAN/FBIOS;FBAV/152.0.0.45.135;FBBV/83301214;FBDV/iPhone9,4;FBMD/iPhone;FBSN/iOS;FBSV/11.1.2;FBSS/3;FBCR/3Austria;FBID/phone;FBLC/de_DE;FBOP/5;FBRV/84141153]"
88.117.29.4 - - [14/Dec/2017:07:01:24 +0100] "GET /binaries/easy-drivers-portal/traktor6jpg.jpg HTTP/1.1" 200 98615 "https://www.easydrivers.at/fuehrerscheine/traktor/F" "Mozilla/5.0 (Windows NT 10.0; WOW64; Trident/7.0; rv:11.0) like Gecko"
46.125.249.84 - - [14/Dec/2017:07:01:23 +0100] "GET /ennstal.schladming/img/mobile/menu-button.png HTTP/1.1" 404 3066 "-" "Mozilla/5.0 (iPhone; CPU iPhone OS 10_3_2 like Mac OS X) AppleWebKit/603.2.4 (KHTML, like Gecko) Mobile/14F89 [FBAN/FBIOS;FBAV/152.0.0.45.135;FBBV/83301214;FBDV/iPhone8,1;FBMD/iPhone;FBSN/iOS;FBSV/10.3.2;FBSS/2;FBCR/T-MobileA;FBID/phone;FBLC/de_DE;FBOP/5;FBRV/84311412]"
88.117.29.4 - - [14/Dec/2017:07:01:26 +0100] "GET /fuehrerscheine/traktor HTTP/1.1" 200 2601 "http://www.google.at/url?sa=t&rct=j&q=&esrc=s&source=web&cd=3&ved=0ahUKEwj6z4rI6YjYAhVPKlAKHdZwAKcQFggyMAI&url=http%3A%2F%2Fwww.easydrivers.at%2Ffuehrerscheine%2Ftraktor&usg=AOvVaw0JB6RiQf2AWLSkY0pHXEzu" "Mozilla/5.0 (Windows NT 10.0; WOW64; Trident/7.0; rv:11.0) like Gecko"
88.117.29.4 - - [14/Dec/2017:07:01:27 +0100] "GET /binaries/easy-drivers-portal/traktor4jpg.jpg HTTP/1.1" 200 110863 "https://www.easydrivers.at/fuehrerscheine/traktor" "Mozilla/5.0 (Windows NT 10.0; WOW64; Trident/7.0; rv:11.0) like Gecko"
217.250.175.187 - - [14/Dec/2017:07:01:28 +0100] "GET /wieselburg/ HTTP/1.1" 301 301 "-" "Mozilla/5.0 (Windows; U; Windows NT 6.0; de; rv:1.9.2.3) Gecko/20100401 Firefox/3.6.3 ( .NET CLR 3.5.30729)"
217.250.175.187 - - [14/Dec/2017:07:01:43 +0100] "GET /wieselburg/ HTTP/1.1" 301 142 "-" "Mozilla/5.0 (Windows; U; Windows NT 6.0; de; rv:1.9.2.3) Gecko/20100401 Firefox/3.6.3 ( .NET CLR 3.5.30729)"
157.55.39.233 - - [14/Dec/2017:07:01:44 +0100] "GET /waidhofen.thaya/10285267?FS=F-Plus HTTP/1.1" 410 3432 "-" "Mozilla/5.0 (compatible; bingbot/2.0; +http://www.bing.com/bingbot.htm)"
193.80.73.39 - - [14/Dec/2017:07:01:47 +0100] "GET /st.valentin/10293790?FS=B HTTP/1.1" 200 3077 "http://m.facebook.com" "Mozilla/5.0 (iPhone; CPU iPhone OS 11_1_1 like Mac OS X) AppleWebKit/604.3.5 (KHTML, like Gecko) Mobile/15B150 [FBAN/FBIOS;FBAV/152.0.0.45.135;FBBV/83301214;FBDV/iPhone9,3;FBMD/iPhone;FBSN/iOS;FBSV/11.1.1;FBSS/2;FBCR/A1;FBID/phone;FBLC/de_DE;FBOP/5;FBRV/84311412]"
94.136.13.132 - - [14/Dec/2017:07:01:52 +0100] "GET /tulln/img/mobile/menu-button.png HTTP/1.1" 404 3042 "-" "Mozilla/5.0 (iPhone; CPU iPhone OS 11_1_2 like Mac OS X) AppleWebKit/604.3.5 (KHTML, like Gecko) Mobile/15B202 [FBAN/FBIOS;FBAV/152.0.0.45.135;FBBV/83301214;FBDV/iPhone9,4;FBMD/iPhone;FBSN/iOS;FBSV/11.1.2;FBSS/3;FBCR/3Austria;FBID/phone;FBLC/de_DE;FBOP/5;FBRV/84141153]"
46.125.249.84 - - [14/Dec/2017:07:01:53 +0100] "GET /ennstal.schladming/img/mobile/close-button.png HTTP/1.1" 404 3068 "-" "Mozilla/5.0 (iPhone; CPU iPhone OS 10_3_2 like Mac OS X) AppleWebKit/603.2.4 (KHTML, like Gecko) Mobile/14F89 [FBAN/FBIOS;FBAV/152.0.0.45.135;FBBV/83301214;FBDV/iPhone8,1;FBMD/iPhone;FBSN/iOS;FBSV/10.3.2;FBSS/2;FBCR/T-MobileA;FBID/phone;FBLC/de_DE;FBOP/5;FBRV/84311412]"
85.233.101.219 - - [14/Dec/2017:07:02:10 +0100] "GET /easy_drivers_st._peterau/Weihnachtskurs-2017?FS=B HTTP/1.1" 200 3113 "http://m.facebook.com" "Mozilla/5.0 (iPhone; CPU iPhone OS 10_1_1 like Mac OS X) AppleWebKit/602.2.14 (KHTML, like Gecko) Mobile/14B100 [FBAN/FBIOS;FBAV/146.0.0.73.91;FBBV/75938921;FBDV/iPhone6,2;FBMD/iPhone;FBSN/iOS;FBSV/10.1.1;FBSS/2;FBCR/T-MobileA;FBID/phone;FBLC/de_DE;FBOP/5;FBRV/75938921]"
94.136.13.132 - - [14/Dec/2017:07:02:22 +0100] "GET /tulln/img/mobile/close-button.png HTTP/1.1" 404 3043 "-" "Mozilla/5.0 (iPhone; CPU iPhone OS 11_1_2 like Mac OS X) AppleWebKit/604.3.5 (KHTML, like Gecko) Mobile/15B202 [FBAN/FBIOS;FBAV/152.0.0.45.135;FBBV/83301214;FBDV/iPhone9,4;FBMD/iPhone;FBSN/iOS;FBSV/11.1.2;FBSS/3;FBCR/3Austria;FBID/phone;FBLC/de_DE;FBOP/5;FBRV/84141153]"
213.162.73.154 - - [14/Dec/2017:07:02:23 +0100] "GET /tulln/Weihnachtskurs_Abendkurs_Dezember_2017?FS=B HTTP/1.1" 200 3264 "http://m.facebook.com" "Mozilla/5.0 (iPhone; CPU iPhone OS 11_0 like Mac OS X) AppleWebKit/604.1.38 (KHTML, like Gecko) Mobile/15A372 [FBAN/FBIOS;FBAV/147.0.0.46.81;FBBV/76961488;FBDV/iPhone7,2;FBMD/iPhone;FBSN/iOS;FBSV/11.0;FBSS/2;FBCR/Carrier;FBID/phone;FBLC/de_DE;FBOP/5;FBRV/76961488]"
46.125.249.84 - - [14/Dec/2017:07:02:24 +0100] "GET /ennstal.schladming/img/mobile/facebook-icon.png HTTP/1.1" 404 3066 "-" "Mozilla/5.0 (iPhone; CPU iPhone OS 10_3_2 like Mac OS X) AppleWebKit/603.2.4 (KHTML, like Gecko) Mobile/14F89 [FBAN/FBIOS;FBAV/152.0.0.45.135;FBBV/83301214;FBDV/iPhone8,1;FBMD/iPhone;FBSN/iOS;FBSV/10.3.2;FBSS/2;FBCR/T-MobileA;FBID/phone;FBLC/de_DE;FBOP/5;FBRV/84311412]"
66.249.76.80 - - [14/Dec/2017:07:02:26 +0100] "GET / HTTP/1.1" 200 4435 "-" "Mozilla/5.0 (compatible; Googlebot/2.1; +http://www.google.com/bot.html)"
173.252.99.20 - - [14/Dec/2017:07:02:32 +0100] "GET /binaries/easy-drivers-portal/motorrad3jpg.jpg HTTP/1.1" 200 111280 "-" "facebookexternalhit/1.1 (+http://www.facebook.com/externalhit_uatext.php)"
40.77.167.175 - - [14/Dec/2017:07:02:36 +0100] "GET /binaries/easy-drivers-rudi-dornbirn/winder-martinjpg-1.jpg HTTP/1.1" 301 328 "-" "Mozilla/5.0 (compatible; bingbot/2.0; +http://www.bing.com/bingbot.htm)"
178.191.18.163 - - [14/Dec/2017:07:02:41 +0100] "GET /enns/Abendkurs-22Dez2016?FS=B HTTP/1.1" 404 3065 "http://m.facebook.com" "Mozilla/5.0 (iPhone; CPU iPhone OS 11_1_2 like Mac OS X) AppleWebKit/604.3.5 (KHTML, like Gecko) Mobile/15B202 [FBAN/FBIOS;FBAV/152.0.0.45.135;FBBV/83301214;FBDV/iPhone9,3;FBMD/iPhone;FBSN/iOS;FBSV/11.1.2;FBSS/2;FBCR/tele.ring;FBID/phone;FBLC/de_DE;FBOP/5;FBRV/84311412]"
90.146.119.62 - - [14/Dec/2017:07:02:44 +0100] "GET / HTTP/1.1" 301 293 "-" "Mozilla/5.0 (Linux; Android 7.0; SAMSUNG SM-G930F Build/NRD90M) AppleWebKit/537.36 (KHTML, like Gecko) SamsungBrowser/6.2 Chrome/56.0.2924.87 Mobile Safari/537.36"
90.146.119.62 - - [14/Dec/2017:07:02:45 +0100] "GET / HTTP/1.1" 200 3552 "-" "Mozilla/5.0 (Linux; Android 7.0; SAMSUNG SM-G930F Build/NRD90M) AppleWebKit/537.36 (KHTML, like Gecko) SamsungBrowser/6.2 Chrome/56.0.2924.87 Mobile Safari/537.36"
90.146.119.62 - - [14/Dec/2017:07:02:47 +0100] "GET /css/mobile.css HTTP/1.1" 200 2852 "https://www.easydrivers.at/" "Mozilla/5.0 (Linux; Android 7.0; SAMSUNG SM-G930F Build/NRD90M) AppleWebKit/537.36 (KHTML, like Gecko) SamsungBrowser/6.2 Chrome/56.0.2924.87 Mobile Safari/537.36"
