185.69.244.10 - - [14/Dec/2017:08:19:18 +0100] "GET /img/mobile/bg-header.jpg HTTP/1.1" 200 19741 "https://www.easydrivers.at/css/mobile.css" "Mozilla/5.0 (Linux; Android 7.0; Moto G (4) Build/NPJS25.93-14-10; wv) AppleWebKit/537.36 (KHTML, like Gecko) Version/4.0 Chrome/44.0.2403.119 Mobile Safari/537.36 ACHEETAHI/1"
185.69.244.10 - - [14/Dec/2017:08:19:18 +0100] "GET /img/mobile/bg-top-section.jpg HTTP/1.1" 200 21711 "https://www.easydrivers.at/css/mobile.css" "Mozilla/5.0 (Linux; Android 7.0; Moto G (4) Build/NPJS25.93-14-10; wv) AppleWebKit/537.36 (KHTML, like Gecko) Version/4.0 Chrome/44.0.2403.119 Mobile Safari/537.36 ACHEETAHI/1"
185.69.244.10 - - [14/Dec/2017:08:19:18 +0100] "GET /img/mobile/pfeil-rechts.png HTTP/1.1" 200 1228 "https://www.easydrivers.at/css/mobile.css" "Mozilla/5.0 (Linux; Android 7.0; Moto G (4) Build/NPJS25.93-14-10; wv) AppleWebKit/537.36 (KHTML, like Gecko) Version/4.0 Chrome/44.0.2403.119 Mobile Safari/537.36 ACHEETAHI/1"
185.69.244.10 - - [14/Dec/2017:08:19:18 +0100] "GET /img/mobile/bg-menu.jpg HTTP/1.1" 200 1698 "https://www.easydrivers.at/css/mobile.css" "Mozilla/5.0 (Linux; Android 7.0; Moto G (4) Build/NPJS25.93-14-10; wv) AppleWebKit/537.36 (KHTML, like Gecko) Version/4.0 Chrome/44.0.2403.119 Mobile Safari/537.36 ACHEETAHI/1"
185.69.244.10 - - [14/Dec/2017:08:19:18 +0100] "GET /img/mobile/widget-icon-app.png HTTP/1.1" 200 3458 "https://www.easydrivers.at/waidhofen.thaya" "Mozilla/5.0 (Linux; Android 7.0; Moto G (4) Build/NPJS25.93-14-10; wv) AppleWebKit/537.36 (KHTML, like Gecko) Version/4.0 Chrome/44.0.2403.119 Mobile Safari/537.36 ACHEETAHI/1"
185.69.244.10 - - [14/Dec/2017:08:19:18 +0100] "GET /javascript/lazyload.js HTTP/1.1" 200 1170 "https://www.easydrivers.at/waidhofen.thaya" "Mozilla/5.0 (Linux; Android 7.0; Moto G (4) Build/NPJS25.93-14-10; wv) AppleWebKit/537.36 (KHTML, like Gecko) Version/4.0 Chrome/44.0.2403.119 Mobile Safari/537.36 ACHEETAHI/1"
185.69.244.10 - - [14/Dec/2017:08:19:18 +0100] "GET /img/mobile/menu-button.png HTTP/1.1" 200 1746 "https://www.easydrivers.at/waidhofen.thaya" "Mozilla/5.0 (Linux; Android 7.0; Moto G (4) Build/NPJS25.93-14-10; wv) AppleWebKit/537.36 (KHTML, like Gecko) Version/4.0 Chrome/44.0.2403.119 Mobile Safari/537.36 ACHEETAHI/1"
185.69.244.10 - - [14/Dec/2017:08:19:18 +0100] "GET /img/mobile/easydrivers-logo-mobile.png HTTP/1.1" 200 10766 "https://www.easydrivers.at/waidhofen.thaya" "Mozilla/5.0 (Linux; Android 7.0; Moto G (4) Build/NPJS25.93-14-10; wv) AppleWebKit/537.36 (KHTML, like Gecko) Version/4.0 Chrome/44.0.2403.119 Mobile Safari/537.36 ACHEETAHI/1"
185.69.244.10 - - [14/Dec/2017:08:19:18 +0100] "GET /img/mobile/close-button.png HTTP/1.1" 200 2411 "https://www.easydrivers.at/waidhofen.thaya" "Mozilla/5.0 (Linux; Android 7.0; Moto G (4) Build/NPJS25.93-14-10; wv) AppleWebKit/537.36 (KHTML, like Gecko) Version/4.0 Chrome/44.0.2403.119 Mobile Safari/537.36 ACHEETAHI/1"
185.69.244.10 - - [14/Dec/2017:08:19:18 +0100] "GET /img/mobile/facebook-icon.png HTTP/1.1" 200 1902 "https://www.easydrivers.at/waidhofen.thaya" "Mozilla/5.0 (Linux; Android 7.0; Moto G (4) Build/NPJS25.93-14-10; wv) AppleWebKit/537.36 (KHTML, like Gecko) Version/4.0 Chrome/44.0.2403.119 Mobile Safari/537.36 ACHEETAHI/1"
185.69.244.10 - - [14/Dec/2017:08:19:18 +0100] "GET /img/mobile/info-close-button.png HTTP/1.1" 200 1721 "https://www.easydrivers.at/waidhofen.thaya" "Mozilla/5.0 (Linux; Android 7.0; Moto G (4) Build/NPJS25.93-14-10; wv) AppleWebKit/537.36 (KHTML, like Gecko) Version/4.0 Chrome/44.0.2403.119 Mobile Safari/537.36 ACHEETAHI/1"
185.69.244.10 - - [14/Dec/2017:08:19:18 +0100] "GET /img/smallicon-person.png HTTP/1.1" 200 1141 "https://www.easydrivers.at/waidhofen.thaya" "Mozilla/5.0 (Linux; Android 7.0; Moto G (4) Build/NPJS25.93-14-10; wv) AppleWebKit/537.36 (KHTML, like Gecko) Version/4.0 Chrome/44.0.2403.119 Mobile Safari/537.36 ACHEETAHI/1"
185.69.244.10 - - [14/Dec/2017:08:19:18 +0100] "GET /img/smallicon-address.png HTTP/1.1" 200 1211 "https://www.easydrivers.at/waidhofen.thaya" "Mozilla/5.0 (Linux; Android 7.0; Moto G (4) Build/NPJS25.93-14-10; wv) AppleWebKit/537.36 (KHTML, like Gecko) Version/4.0 Chrome/44.0.2403.119 Mobile Safari/537.36 ACHEETAHI/1"
185.69.244.10 - - [14/Dec/2017:08:19:18 +0100] "GET /img/mobile/googlemaps-pin.png HTTP/1.1" 200 1597 "https://www.easydrivers.at/waidhofen.thaya" "Mozilla/5.0 (Linux; Android 7.0; Moto G (4) Build/NPJS25.93-14-10; wv) AppleWebKit/537.36 (KHTML, like Gecko) Version/4.0 Chrome/44.0.2403.119 Mobile Safari/537.36 ACHEETAHI/1"
185.69.244.10 - - [14/Dec/2017:08:19:18 +0100] "GET /img/smallicon-time.png HTTP/1.1" 200 1262 "https://www.easydrivers.at/waidhofen.thaya" "Mozilla/5.0 (Linux; Android 7.0; Moto G (4) Build/NPJS25.93-14-10; wv) AppleWebKit/537.36 (KHTML, like Gecko) Version/4.0 Chrome/44.0.2403.119 Mobile Safari/537.36 ACHEETAHI/1"
185.69.244.10 - - [14/Dec/2017:08:19:18 +0100] "GET /img/smallicon-phone.png HTTP/1.1" 200 3056 "https://www.easydrivers.at/waidhofen.thaya" "Mozilla/5.0 (Linux; Android 7.0; Moto G (4) Build/NPJS25.93-14-10; wv) AppleWebKit/537.36 (KHTML, like Gecko) Version/4.0 Chrome/44.0.2403.119 Mobile Safari/537.36 ACHEETAHI/1"
185.69.244.10 - - [14/Dec/2017:08:19:18 +0100] "GET /img/smallicon-mail.png HTTP/1.1" 200 1341 "https://www.easydrivers.at/waidhofen.thaya" "Mozilla/5.0 (Linux; Android 7.0; Moto G (4) Build/NPJS25.93-14-10; wv) AppleWebKit/537.36 (KHTML, like Gecko) Version/4.0 Chrome/44.0.2403.119 Mobile Safari/537.36 ACHEETAHI/1"
119.40.125.237 - - [14/Dec/2017:08:19:17 +0100] "GET /wp-login.php HTTP/1.1" 404 8398 "-" "Mozilla/5.0 (Windows NT 6.1; WOW64; rv:40.0) Gecko/20100101 Firefox/40.1"
185.69.244.10 - - [14/Dec/2017:08:19:19 +0100] "GET /img/favicon.ico HTTP/1.1" 301 303 "-" "Mozilla/5.0 (Linux; Android 7.0; Moto G (4) Build/NPJS25.93-14-10; wv) AppleWebKit/537.36 (KHTML, like Gecko) Version/4.0 Chrome/44.0.2403.119 Mobile Safari/537.36 ACHEETAHI/1"
185.69.244.10 - - [14/Dec/2017:08:19:19 +0100] "GET /img/favicon.ico HTTP/1.1" 404 301 "-" "Mozilla/5.0 (Linux; Android 7.0; Moto G (4) Build/NPJS25.93-14-10; wv) AppleWebKit/537.36 (KHTML, like Gecko) Version/4.0 Chrome/44.0.2403.119 Mobile Safari/537.36 ACHEETAHI/1"
119.40.122.228 - - [14/Dec/2017:08:19:19 +0100] "GET / HTTP/1.1" 301 387 "-" "Mozilla/5.0 (Windows NT 6.1; WOW64; rv:40.0) Gecko/20100101 Firefox/40.1"
185.69.244.10 - - [14/Dec/2017:08:19:20 +0100] "GET /img/favicon.ico HTTP/1.1" 301 303 "-" "Dalvik/2.1.0 (Linux; U; Android 7.0; Moto G (4) Build/NPJS25.93-14-10)"
185.69.244.10 - - [14/Dec/2017:08:19:20 +0100] "GET /img/favicon.ico HTTP/1.1" 301 303 "-" "Dalvik/2.1.0 (Linux; U; Android 7.0; Moto G (4) Build/NPJS25.93-14-10)"
185.69.244.10 - - [14/Dec/2017:08:19:20 +0100] "GET /img/favicon.ico HTTP/1.1" 301 303 "-" "Dalvik/2.1.0 (Linux; U; Android 7.0; Moto G (4) Build/NPJS25.93-14-10)"
185.69.244.10 - - [14/Dec/2017:08:19:20 +0100] "GET /img/favicon.ico HTTP/1.1" 301 303 "-" "Dalvik/2.1.0 (Linux; U; Android 7.0; Moto G (4) Build/NPJS25.93-14-10)"
185.69.244.10 - - [14/Dec/2017:08:19:20 +0100] "GET /img/favicon.ico HTTP/1.1" 301 303 "-" "Dalvik/2.1.0 (Linux; U; Android 7.0; Moto G (4) Build/NPJS25.93-14-10)"
185.69.244.10 - - [14/Dec/2017:08:19:20 +0100] "GET /img/favicon.ico HTTP/1.1" 301 303 "-" "Dalvik/2.1.0 (Linux; U; Android 7.0; Moto G (4) Build/NPJS25.93-14-10)"
119.40.118.18 - - [14/Dec/2017:08:19:20 +0100] "GET / HTTP/1.1" 200 15887 "-" "Mozilla/5.0 (Windows NT 6.1; WOW64; rv:40.0) Gecko/20100101 Firefox/40.1"
178.191.250.209 - - [14/Dec/2017:08:19:20 +0100] "POST /waidhofen.ybbs/kursauswahl HTTP/1.1" 200 2881 "https://www.easydrivers.at/waidhofen.ybbs" "Mozilla/5.0 (iPhone; CPU iPhone OS 10_2_1 like Mac OS X) AppleWebKit/602.4.6 (KHTML, like Gecko) Version/10.0 Mobile/14D27 Safari/602.1"
178.191.250.209 - - [14/Dec/2017:08:19:23 +0100] "GET /javascript/mobile-fahrschule-kurs-suchergebnis.js HTTP/1.1" 200 274 "https://www.easydrivers.at/waidhofen.ybbs/kursauswahl" "Mozilla/5.0 (iPhone; CPU iPhone OS 10_2_1 like Mac OS X) AppleWebKit/602.4.6 (KHTML, like Gecko) Version/10.0 Mobile/14D27 Safari/602.1"
178.191.250.209 - - [14/Dec/2017:08:19:23 +0100] "GET /img/mobile/pfeil-links-small.png HTTP/1.1" 200 1065 "https://www.easydrivers.at/waidhofen.ybbs/kursauswahl" "Mozilla/5.0 (iPhone; CPU iPhone OS 10_2_1 like Mac OS X) AppleWebKit/602.4.6 (KHTML, like Gecko) Version/10.0 Mobile/14D27 Safari/602.1"
178.191.250.209 - - [14/Dec/2017:08:19:23 +0100] "GET /img/mobile/bg-yellow.jpg HTTP/1.1" 200 1569 "https://www.easydrivers.at/waidhofen.ybbs/kursauswahl" "Mozilla/5.0 (iPhone; CPU iPhone OS 10_2_1 like Mac OS X) AppleWebKit/602.4.6 (KHTML, like Gecko) Version/10.0 Mobile/14D27 Safari/602.1"
178.191.250.209 - - [14/Dec/2017:08:19:23 +0100] "GET /img/loading-bars.gif HTTP/1.1" 200 3951 "https://www.easydrivers.at/waidhofen.ybbs/kursauswahl" "Mozilla/5.0 (iPhone; CPU iPhone OS 10_2_1 like Mac OS X) AppleWebKit/602.4.6 (KHTML, like Gecko) Version/10.0 Mobile/14D27 Safari/602.1"
185.69.244.10 - - [14/Dec/2017:08:19:24 +0100] "POST /waidhofen.thaya/kursauswahl HTTP/1.1" 200 2869 "https://www.easydrivers.at/waidhofen.thaya" "Mozilla/5.0 (Linux; Android 7.0; Moto G (4) Build/NPJS25.93-14-10; wv) AppleWebKit/537.36 (KHTML, like Gecko) Version/4.0 Chrome/44.0.2403.119 Mobile Safari/537.36 ACHEETAHI/1"
185.69.244.10 - - [14/Dec/2017:08:19:26 +0100] "GET /javascript/mobile-fahrschule-kurs-suchergebnis.js HTTP/1.1" 200 274 "https://www.easydrivers.at/waidhofen.thaya/kursauswahl" "Mozilla/5.0 (Linux; Android 7.0; Moto G (4) Build/NPJS25.93-14-10; wv) AppleWebKit/537.36 (KHTML, like Gecko) Version/4.0 Chrome/44.0.2403.119 Mobile Safari/537.36 ACHEETAHI/1"
185.69.244.10 - - [14/Dec/2017:08:19:26 +0100] "GET /img/mobile/bg-yellow.jpg HTTP/1.1" 200 1569 "https://www.easydrivers.at/css/mobile.css" "Mozilla/5.0 (Linux; Android 7.0; Moto G (4) Build/NPJS25.93-14-10; wv) AppleWebKit/537.36 (KHTML, like Gecko) Version/4.0 Chrome/44.0.2403.119 Mobile Safari/537.36 ACHEETAHI/1"
185.69.244.10 - - [14/Dec/2017:08:19:26 +0100] "GET /img/mobile/pfeil-links-small.png HTTP/1.1" 200 1065 "https://www.easydrivers.at/css/mobile.css" "Mozilla/5.0 (Linux; Android 7.0; Moto G (4) Build/NPJS25.93-14-10; wv) AppleWebKit/537.36 (KHTML, like Gecko) Version/4.0 Chrome/44.0.2403.119 Mobile Safari/537.36 ACHEETAHI/1"
78.132.87.172 - - [14/Dec/2017:08:19:26 +0100] "GET /img/ED_Logo.png HTTP/1.1" 301 305 "-" "Mozilla/5.0 (Windows NT 6.1; rv:57.0) Gecko/20100101 Firefox/57.0"
185.69.244.10 - - [14/Dec/2017:08:19:26 +0100] "GET /img/loading-bars.gif HTTP/1.1" 200 3951 "https://www.easydrivers.at/css/mobile.css" "Mozilla/5.0 (Linux; Android 7.0; Moto G (4) Build/NPJS25.93-14-10; wv) AppleWebKit/537.36 (KHTML, like Gecko) Version/4.0 Chrome/44.0.2403.119 Mobile Safari/537.36 ACHEETAHI/1"
78.132.87.172 - - [14/Dec/2017:08:19:27 +0100] "GET /img/ED_Logo.png HTTP/1.1" 200 3385 "-" "Mozilla/5.0 (Windows NT 6.1; rv:57.0) Gecko/20100101 Firefox/57.0"
185.69.244.10 - - [14/Dec/2017:08:19:28 +0100] "GET /img/favicon.ico HTTP/1.1" 301 303 "-" "Dalvik/2.1.0 (Linux; U; Android 7.0; Moto G (4) Build/NPJS25.93-14-10)"
185.69.244.10 - - [14/Dec/2017:08:19:28 +0100] "GET /img/favicon.ico HTTP/1.1" 301 303 "-" "Dalvik/2.1.0 (Linux; U; Android 7.0; Moto G (4) Build/NPJS25.93-14-10)"
185.69.244.10 - - [14/Dec/2017:08:19:28 +0100] "GET /img/favicon.ico HTTP/1.1" 301 303 "-" "Dalvik/2.1.0 (Linux; U; Android 7.0; Moto G (4) Build/NPJS25.93-14-10)"
185.69.244.10 - - [14/Dec/2017:08:19:28 +0100] "GET /img/favicon.ico HTTP/1.1" 301 303 "-" "Dalvik/2.1.0 (Linux; U; Android 7.0; Moto G (4) Build/NPJS25.93-14-10)"
185.69.244.10 - - [14/Dec/2017:08:19:28 +0100] "GET /img/favicon.ico HTTP/1.1" 301 303 "-" "Dalvik/2.1.0 (Linux; U; Android 7.0; Moto G (4) Build/NPJS25.93-14-10)"
185.69.244.10 - - [14/Dec/2017:08:19:28 +0100] "GET /img/favicon.ico HTTP/1.1" 301 303 "-" "Dalvik/2.1.0 (Linux; U; Android 7.0; Moto G (4) Build/NPJS25.93-14-10)"
178.191.250.209 - - [14/Dec/2017:08:19:28 +0100] "POST /loadkursliste HTTP/1.1" 200 585 "https://www.easydrivers.at/waidhofen.ybbs/kursauswahl" "Mozilla/5.0 (iPhone; CPU iPhone OS 10_2_1 like Mac OS X) AppleWebKit/602.4.6 (KHTML, like Gecko) Version/10.0 Mobile/14D27 Safari/602.1"
212.95.5.135 - - [14/Dec/2017:08:19:30 +0100] "GET /skarabela.gross-enzersdorf HTTP/1.1" 301 311 "-" "Mozilla/5.0 (Linux; Android 7.0; SAMSUNG SM-A520F Build/NRD90M) AppleWebKit/537.36 (KHTML, like Gecko) SamsungBrowser/6.2 Chrome/56.0.2924.87 Mobile Safari/537.36"
157.55.39.233 - - [14/Dec/2017:08:19:30 +0100] "GET /uploads/pdfs/hollabrunn/Motorradkurs_Mail_2018_A1.pdf HTTP/1.1" 200 35673 "-" "Mozilla/5.0 (compatible; bingbot/2.0; +http://www.bing.com/bingbot.htm)"
212.95.5.135 - - [14/Dec/2017:08:19:30 +0100] "GET /skarabela.gross-enzersdorf HTTP/1.1" 200 2971 "-" "Mozilla/5.0 (Linux; Android 7.0; SAMSUNG SM-A520F Build/NRD90M) AppleWebKit/537.36 (KHTML, like Gecko) SamsungBrowser/6.2 Chrome/56.0.2924.87 Mobile Safari/537.36"
185.69.244.10 - - [14/Dec/2017:08:19:33 +0100] "POST /loadkursliste HTTP/1.1" 200 402 "https://www.easydrivers.at/waidhofen.thaya/kursauswahl" "Mozilla/5.0 (Linux; Android 7.0; Moto G (4) Build/NPJS25.93-14-10; wv) AppleWebKit/537.36 (KHTML, like Gecko) Version/4.0 Chrome/44.0.2403.119 Mobile Safari/537.36 ACHEETAHI/1"
212.95.5.135 - - [14/Dec/2017:08:19:38 +0100] "POST /skarabela.gross-enzersdorf/kursauswahl HTTP/1.1" 200 3157 "https://www.easydrivers.at/skarabela.gross-enzersdorf" "Mozilla/5.0 (Linux; Android 7.0; SAMSUNG SM-A520F Build/NRD90M) AppleWebKit/537.36 (KHTML, like Gecko) SamsungBrowser/6.2 Chrome/56.0.2924.87 Mobile Safari/537.36"
212.95.5.135 - - [14/Dec/2017:08:19:42 +0100] "POST /loadkursliste HTTP/1.1" 200 594 "https://www.easydrivers.at/skarabela.gross-enzersdorf/kursauswahl" "Mozilla/5.0 (Linux; Android 7.0; SAMSUNG SM-A520F Build/NRD90M) AppleWebKit/537.36 (KHTML, like Gecko) SamsungBrowser/6.2 Chrome/56.0.2924.87 Mobile Safari/537.36"
178.191.250.209 - - [14/Dec/2017:08:19:43 +0100] "GET /waidhofen.ybbs/10273434?FS=AM-M HTTP/1.1" 200 3210 "https://www.easydrivers.at/waidhofen.ybbs/kursauswahl" "Mozilla/5.0 (iPhone; CPU iPhone OS 10_2_1 like Mac OS X) AppleWebKit/602.4.6 (KHTML, like Gecko) Version/10.0 Mobile/14D27 Safari/602.1"
178.191.250.209 - - [14/Dec/2017:08:19:45 +0100] "GET /img/mobile/kursicon-phone.png HTTP/1.1" 200 1932 "https://www.easydrivers.at/waidhofen.ybbs/10273434?FS=AM-M" "Mozilla/5.0 (iPhone; CPU iPhone OS 10_2_1 like Mac OS X) AppleWebKit/602.4.6 (KHTML, like Gecko) Version/10.0 Mobile/14D27 Safari/602.1"
178.191.250.209 - - [14/Dec/2017:08:19:45 +0100] "GET /img/mobile/kursicon-share.png HTTP/1.1" 200 2065 "https://www.easydrivers.at/waidhofen.ybbs/10273434?FS=AM-M" "Mozilla/5.0 (iPhone; CPU iPhone OS 10_2_1 like Mac OS X) AppleWebKit/602.4.6 (KHTML, like Gecko) Version/10.0 Mobile/14D27 Safari/602.1"
178.191.250.209 - - [14/Dec/2017:08:19:45 +0100] "GET /img/mobile/smallicon-phone.png HTTP/1.1" 200 1311 "https://www.easydrivers.at/waidhofen.ybbs/10273434?FS=AM-M" "Mozilla/5.0 (iPhone; CPU iPhone OS 10_2_1 like Mac OS X) AppleWebKit/602.4.6 (KHTML, like Gecko) Version/10.0 Mobile/14D27 Safari/602.1"
178.191.250.209 - - [14/Dec/2017:08:19:45 +0100] "GET /img/mobile/smallicon-mail.png HTTP/1.1" 200 1335 "https://www.easydrivers.at/waidhofen.ybbs/10273434?FS=AM-M" "Mozilla/5.0 (iPhone; CPU iPhone OS 10_2_1 like Mac OS X) AppleWebKit/602.4.6 (KHTML, like Gecko) Version/10.0 Mobile/14D27 Safari/602.1"
178.191.250.209 - - [14/Dec/2017:08:19:45 +0100] "GET /img/mobile/pfeil-rechts-small.png HTTP/1.1" 200 1056 "https://www.easydrivers.at/waidhofen.ybbs/10273434?FS=AM-M" "Mozilla/5.0 (iPhone; CPU iPhone OS 10_2_1 like Mac OS X) AppleWebKit/602.4.6 (KHTML, like Gecko) Version/10.0 Mobile/14D27 Safari/602.1"
185.69.244.10 - - [14/Dec/2017:08:19:46 +0100] "GET /waidhofen.thaya/aktionen HTTP/1.1" 200 2584 "-" "Mozilla/5.0 (Linux; Android 7.0; Moto G (4) Build/NPJS25.93-14-10; wv) AppleWebKit/537.36 (KHTML, like Gecko) Version/4.0 Chrome/44.0.2403.119 Mobile Safari/537.36 ACHEETAHI/1"
185.69.244.10 - - [14/Dec/2017:08:19:49 +0100] "GET /img/favicon.ico HTTP/1.1" 404 301 "-" "Mozilla/5.0 (Linux; Android 7.0; Moto G (4) Build/NPJS25.93-14-10; wv) AppleWebKit/537.36 (KHTML, like Gecko) Version/4.0 Chrome/44.0.2403.119 Mobile Safari/537.36 ACHEETAHI/1"
212.95.5.135 - - [14/Dec/2017:08:19:47 +0100] "GET /skarabela.gross-enzersdorf/10287044?FS=B HTTP/1.1" 200 3280 "https://www.easydrivers.at/skarabela.gross-enzersdorf/kursauswahl" "Mozilla/5.0 (Linux; Android 7.0; SAMSUNG SM-A520F Build/NRD90M) AppleWebKit/537.36 (KHTML, like Gecko) SamsungBrowser/6.2 Chrome/56.0.2924.87 Mobile Safari/537.36"
185.69.244.10 - - [14/Dec/2017:08:19:50 +0100] "GET /img/favicon.ico HTTP/1.1" 301 303 "-" "Dalvik/2.1.0 (Linux; U; Android 7.0; Moto G (4) Build/NPJS25.93-14-10)"
185.69.244.10 - - [14/Dec/2017:08:19:50 +0100] "GET /img/favicon.ico HTTP/1.1" 301 303 "-" "Dalvik/2.1.0 (Linux; U; Android 7.0; Moto G (4) Build/NPJS25.93-14-10)"
185.69.244.10 - - [14/Dec/2017:08:19:50 +0100] "GET /img/favicon.ico HTTP/1.1" 301 303 "-" "Dalvik/2.1.0 (Linux; U; Android 7.0; Moto G (4) Build/NPJS25.93-14-10)"
185.69.244.10 - - [14/Dec/2017:08:19:50 +0100] "GET /img/favicon.ico HTTP/1.1" 301 303 "-" "Dalvik/2.1.0 (Linux; U; Android 7.0; Moto G (4) Build/NPJS25.93-14-10)"
185.69.244.10 - - [14/Dec/2017:08:19:50 +0100] "GET /img/favicon.ico HTTP/1.1" 301 303 "-" "Dalvik/2.1.0 (Linux; U; Android 7.0; Moto G (4) Build/NPJS25.93-14-10)"
185.69.244.10 - - [14/Dec/2017:08:19:50 +0100] "GET /img/favicon.ico HTTP/1.1" 301 303 "-" "Dalvik/2.1.0 (Linux; U; Android 7.0; Moto G (4) Build/NPJS25.93-14-10)"
212.95.5.135 - - [14/Dec/2017:08:19:50 +0100] "GET /img/mobile/kursicon-share.png HTTP/1.1" 200 2065 "https://www.easydrivers.at/skarabela.gross-enzersdorf/10287044?FS=B" "Mozilla/5.0 (Linux; Android 7.0; SAMSUNG SM-A520F Build/NRD90M) AppleWebKit/537.36 (KHTML, like Gecko) SamsungBrowser/6.2 Chrome/56.0.2924.87 Mobile Safari/537.36"
212.95.5.135 - - [14/Dec/2017:08:19:50 +0100] "GET /img/mobile/kursicon-phone.png HTTP/1.1" 200 1932 "https://www.easydrivers.at/skarabela.gross-enzersdorf/10287044?FS=B" "Mozilla/5.0 (Linux; Android 7.0; SAMSUNG SM-A520F Build/NRD90M) AppleWebKit/537.36 (KHTML, like Gecko) SamsungBrowser/6.2 Chrome/56.0.2924.87 Mobile Safari/537.36"
212.95.5.135 - - [14/Dec/2017:08:19:50 +0100] "GET /img/mobile/smallicon-phone.png HTTP/1.1" 200 1311 "https://www.easydrivers.at/skarabela.gross-enzersdorf/10287044?FS=B" "Mozilla/5.0 (Linux; Android 7.0; SAMSUNG SM-A520F Build/NRD90M) AppleWebKit/537.36 (KHTML, like Gecko) SamsungBrowser/6.2 Chrome/56.0.2924.87 Mobile Safari/537.36"
212.95.5.135 - - [14/Dec/2017:08:19:50 +0100] "GET /img/mobile/smallicon-mail.png HTTP/1.1" 200 1335 "https://www.easydrivers.at/skarabela.gross-enzersdorf/10287044?FS=B" "Mozilla/5.0 (Linux; Android 7.0; SAMSUNG SM-A520F Build/NRD90M) AppleWebKit/537.36 (KHTML, like Gecko) SamsungBrowser/6.2 Chrome/56.0.2924.87 Mobile Safari/537.36"
178.165.131.162 - - [14/Dec/2017:08:19:51 +0100] "GET /krems/10276251 HTTP/1.1" 200 3275 "http://m.facebook.com" "Mozilla/5.0 (iPhone; CPU iPhone OS 11_1_2 like Mac OS X) AppleWebKit/604.3.5 (KHTML, like Gecko) Mobile/15B202 [FBAN/FBIOS;FBAV/152.0.0.45.135;FBBV/83301214;FBDV/iPhone7,1;FBMD/iPhone;FBSN/iOS;FBSV/11.1.2;FBSS/3;FBCR/A1;FBID/phone;FBLC/de_DE;FBOP/5;FBRV/84311412]"
185.69.244.10 - - [14/Dec/2017:08:19:58 +0100] "GET /fuehrerscheine/mofa HTTP/1.1" 200 2993 "-" "Mozilla/5.0 (Linux; Android 7.0; Moto G (4) Build/NPJS25.93-14-10; wv) AppleWebKit/537.36 (KHTML, like Gecko) Version/4.0 Chrome/44.0.2403.119 Mobile Safari/537.36 ACHEETAHI/1"
185.69.244.10 - - [14/Dec/2017:08:20:00 +0100] "GET /javascript/mobile-license.js HTTP/1.1" 200 216 "https://www.easydrivers.at/fuehrerscheine/mofa" "Mozilla/5.0 (Linux; Android 7.0; Moto G (4) Build/NPJS25.93-14-10; wv) AppleWebKit/537.36 (KHTML, like Gecko) Version/4.0 Chrome/44.0.2403.119 Mobile Safari/537.36 ACHEETAHI/1"
185.69.244.10 - - [14/Dec/2017:08:20:00 +0100] "GET /img/mobile/weiter-button.png HTTP/1.1" 200 1670 "https://www.easydrivers.at/css/mobile.css" "Mozilla/5.0 (Linux; Android 7.0; Moto G (4) Build/NPJS25.93-14-10; wv) AppleWebKit/537.36 (KHTML, like Gecko) Version/4.0 Chrome/44.0.2403.119 Mobile Safari/537.36 ACHEETAHI/1"
77.119.131.189 - - [14/Dec/2017:08:19:58 +0100] "GET /ennstal.bad.aussee/wfk-22-12-2017?FS=B HTTP/1.1" 200 3219 "http://m.facebook.com" "Mozilla/5.0 (iPhone; CPU iPhone OS 10_3_3 like Mac OS X) AppleWebKit/603.3.8 (KHTML, like Gecko) Mobile/14G60 [FBAN/FBIOS;FBAV/152.0.0.45.135;FBBV/83301214;FBDV/iPhone8,1;FBMD/iPhone;FBSN/iOS;FBSV/10.3.3;FBSS/2;FBCR/3Austria;FBID/phone;FBLC/de_DE;FBOP/5;FBRV/84311412]"
185.69.244.10 - - [14/Dec/2017:08:20:00 +0100] "GET /img/favicon.ico HTTP/1.1" 404 301 "-" "Mozilla/5.0 (Linux; Android 7.0; Moto G (4) Build/NPJS25.93-14-10; wv) AppleWebKit/537.36 (KHTML, like Gecko) Version/4.0 Chrome/44.0.2403.119 Mobile Safari/537.36 ACHEETAHI/1"
185.69.244.10 - - [14/Dec/2017:08:20:01 +0100] "GET /img/favicon.ico HTTP/1.1" 301 303 "-" "Dalvik/2.1.0 (Linux; U; Android 7.0; Moto G (4) Build/NPJS25.93-14-10)"
185.69.244.10 - - [14/Dec/2017:08:20:01 +0100] "GET /img/favicon.ico HTTP/1.1" 301 303 "-" "Dalvik/2.1.0 (Linux; U; Android 7.0; Moto G (4) Build/NPJS25.93-14-10)"
185.69.244.10 - - [14/Dec/2017:08:20:01 +0100] "GET /img/favicon.ico HTTP/1.1" 301 303 "-" "Dalvik/2.1.0 (Linux; U; Android 7.0; Moto G (4) Build/NPJS25.93-14-10)"
185.69.244.10 - - [14/Dec/2017:08:20:02 +0100] "GET /img/favicon.ico HTTP/1.1" 301 303 "-" "Dalvik/2.1.0 (Linux; U; Android 7.0; Moto G (4) Build/NPJS25.93-14-10)"
185.69.244.10 - - [14/Dec/2017:08:20:02 +0100] "GET /img/favicon.ico HTTP/1.1" 301 303 "-" "Dalvik/2.1.0 (Linux; U; Android 7.0; Moto G (4) Build/NPJS25.93-14-10)"
185.69.244.10 - - [14/Dec/2017:08:20:02 +0100] "GET /img/favicon.ico HTTP/1.1" 301 303 "-" "Dalvik/2.1.0 (Linux; U; Android 7.0; Moto G (4) Build/NPJS25.93-14-10)"
185.69.244.10 - - [14/Dec/2017:08:20:03 +0100] "GET /img/mobile/pfeil-rechts-small.png HTTP/1.1" 200 1056 "https://www.easydrivers.at/css/mobile.css" "Mozilla/5.0 (Linux; Android 7.0; Moto G (4) Build/NPJS25.93-14-10; wv) AppleWebKit/537.36 (KHTML, like Gecko) Version/4.0 Chrome/44.0.2403.119 Mobile Safari/537.36 ACHEETAHI/1"
157.55.39.233 - - [14/Dec/2017:08:20:09 +0100] "GET /app/ HTTP/1.1" 301 296 "-" "Mozilla/5.0 (compatible; bingbot/2.0; +http://www.bing.com/bingbot.htm)"
212.95.5.135 - - [14/Dec/2017:08:20:09 +0100] "GET /skarabela.gross-enzersdorf HTTP/1.1" 200 2971 "-" "Mozilla/5.0 (Linux; Android 7.0; SAMSUNG SM-A520F Build/NRD90M) AppleWebKit/537.36 (KHTML, like Gecko) SamsungBrowser/6.2 Chrome/56.0.2924.87 Mobile Safari/537.36"
83.215.16.183 - - [14/Dec/2017:08:20:15 +0100] "GET /img/ED_Logo.png HTTP/1.1" 301 305 "-" "Mozilla/5.0 (Macintosh; Intel Mac OS X 10.10; rv:57.0) Gecko/20100101 Firefox/57.0"
83.215.16.183 - - [14/Dec/2017:08:20:15 +0100] "GET /img/ED_Logo.png HTTP/1.1" 200 3385 "-" "Mozilla/5.0 (Macintosh; Intel Mac OS X 10.10; rv:57.0) Gecko/20100101 Firefox/57.0"
212.95.5.135 - - [14/Dec/2017:08:20:19 +0100] "GET /app HTTP/1.1" 200 2408 "https://www.easydrivers.at/skarabela.gross-enzersdorf" "Mozilla/5.0 (Linux; Android 7.0; SAMSUNG SM-A520F Build/NRD90M) AppleWebKit/537.36 (KHTML, like Gecko) SamsungBrowser/6.2 Chrome/56.0.2924.87 Mobile Safari/537.36"
80.120.179.134 - - [14/Dec/2017:08:20:23 +0100] "GET /fuehrerscheine/lkw/CC95 HTTP/1.1" 200 3910 "https://www.easydrivers.at/fuehrerscheine/lkw" "Mozilla/5.0 (Windows NT 6.1; WOW64; Trident/7.0; rv:11.0) like Gecko"
80.120.179.134 - - [14/Dec/2017:08:20:24 +0100] "GET /binaries/easy-drivers-portal/lkw3jpg.jpg HTTP/1.1" 200 66609 "https://www.easydrivers.at/fuehrerscheine/lkw/CC95" "Mozilla/5.0 (Windows NT 6.1; WOW64; Trident/7.0; rv:11.0) like Gecko"
185.69.244.10 - - [14/Dec/2017:08:20:23 +0100] "GET /fuehrerscheine/mofa?channel=fullversion HTTP/1.1" 200 2789 "-" "Mozilla/5.0 (Linux; Android 7.0; Moto G (4) Build/NPJS25.93-14-10; wv) AppleWebKit/537.36 (KHTML, like Gecko) Version/4.0 Chrome/44.0.2403.119 Mobile Safari/537.36 ACHEETAHI/1"
185.69.244.10 - - [14/Dec/2017:08:20:25 +0100] "GET /css/style.css HTTP/1.1" 200 5004 "https://www.easydrivers.at/fuehrerscheine/mofa?channel=fullversion" "Mozilla/5.0 (Linux; Android 7.0; Moto G (4) Build/NPJS25.93-14-10; wv) AppleWebKit/537.36 (KHTML, like Gecko) Version/4.0 Chrome/44.0.2403.119 Mobile Safari/537.36 ACHEETAHI/1"
185.69.244.10 - - [14/Dec/2017:08:20:25 +0100] "GET /javascript/jquery.customSelect.min.js HTTP/1.1" 200 912 "https://www.easydrivers.at/fuehrerscheine/mofa?channel=fullversion" "Mozilla/5.0 (Linux; Android 7.0; Moto G (4) Build/NPJS25.93-14-10; wv) AppleWebKit/537.36 (KHTML, like Gecko) Version/4.0 Chrome/44.0.2403.119 Mobile Safari/537.36 ACHEETAHI/1"
185.69.244.10 - - [14/Dec/2017:08:20:25 +0100] "GET /javascript/portal.js?1221842734 HTTP/1.1" 200 3529 "https://www.easydrivers.at/fuehrerscheine/mofa?channel=fullversion" "Mozilla/5.0 (Linux; Android 7.0; Moto G (4) Build/NPJS25.93-14-10; wv) AppleWebKit/537.36 (KHTML, like Gecko) Version/4.0 Chrome/44.0.2403.119 Mobile Safari/537.36 ACHEETAHI/1"
185.69.244.10 - - [14/Dec/2017:08:20:25 +0100] "GET /javascript/license.js HTTP/1.1" 200 315 "https://www.easydrivers.at/fuehrerscheine/mofa?channel=fullversion" "Mozilla/5.0 (Linux; Android 7.0; Moto G (4) Build/NPJS25.93-14-10; wv) AppleWebKit/537.36 (KHTML, like Gecko) Version/4.0 Chrome/44.0.2403.119 Mobile Safari/537.36 ACHEETAHI/1"
185.69.244.10 - - [14/Dec/2017:08:20:26 +0100] "GET /img/close-button.png HTTP/1.1" 200 2237 "https://www.easydrivers.at/fuehrerscheine/mofa?channel=fullversion" "Mozilla/5.0 (Linux; Android 7.0; Moto G (4) Build/NPJS25.93-14-10; wv) AppleWebKit/537.36 (KHTML, like Gecko) Version/4.0 Chrome/44.0.2403.119 Mobile Safari/537.36 ACHEETAHI/1"
185.69.244.10 - - [14/Dec/2017:08:20:26 +0100] "GET /img/submit-button-small.png HTTP/1.1" 200 1456 "https://www.easydrivers.at/css/style.css" "Mozilla/5.0 (Linux; Android 7.0; Moto G (4) Build/NPJS25.93-14-10; wv) AppleWebKit/537.36 (KHTML, like Gecko) Version/4.0 Chrome/44.0.2403.119 Mobile Safari/537.36 ACHEETAHI/1"
185.69.244.10 - - [14/Dec/2017:08:20:26 +0100] "GET /img/bg-footer.jpg HTTP/1.1" 200 31770 "https://www.easydrivers.at/css/style.css" "Mozilla/5.0 (Linux; Android 7.0; Moto G (4) Build/NPJS25.93-14-10; wv) AppleWebKit/537.36 (KHTML, like Gecko) Version/4.0 Chrome/44.0.2403.119 Mobile Safari/537.36 ACHEETAHI/1"
185.69.244.10 - - [14/Dec/2017:08:20:26 +0100] "GET /img/bg-yellow.jpg HTTP/1.1" 200 2250 "https://www.easydrivers.at/css/style.css" "Mozilla/5.0 (Linux; Android 7.0; Moto G (4) Build/NPJS25.93-14-10; wv) AppleWebKit/537.36 (KHTML, like Gecko) Version/4.0 Chrome/44.0.2403.119 Mobile Safari/537.36 ACHEETAHI/1"
185.69.244.10 - - [14/Dec/2017:08:20:26 +0100] "GET /img/facebook-icon.png HTTP/1.1" 200 1506 "https://www.easydrivers.at/fuehrerscheine/mofa?channel=fullversion" "Mozilla/5.0 (Linux; Android 7.0; Moto G (4) Build/NPJS25.93-14-10; wv) AppleWebKit/537.36 (KHTML, like Gecko) Version/4.0 Chrome/44.0.2403.119 Mobile Safari/537.36 ACHEETAHI/1"
185.69.244.10 - - [14/Dec/2017:08:20:26 +0100] "GET /img/schweiz-icon.png HTTP/1.1" 200 1504 "https://www.easydrivers.at/fuehrerscheine/mofa?channel=fullversion" "Mozilla/5.0 (Linux; Android 7.0; Moto G (4) Build/NPJS25.93-14-10; wv) AppleWebKit/537.36 (KHTML, like Gecko) Version/4.0 Chrome/44.0.2403.119 Mobile Safari/537.36 ACHEETAHI/1"
185.69.244.10 - - [14/Dec/2017:08:20:26 +0100] "GET /img/bg-header.jpg HTTP/1.1" 200 38680 "https://www.easydrivers.at/css/style.css" "Mozilla/5.0 (Linux; Android 7.0; Moto G (4) Build/NPJS25.93-14-10; wv) AppleWebKit/537.36 (KHTML, like Gecko) Version/4.0 Chrome/44.0.2403.119 Mobile Safari/537.36 ACHEETAHI/1"
185.69.244.10 - - [14/Dec/2017:08:20:26 +0100] "GET /binaries/easy-drivers-portal/moped3jpg.jpg HTTP/1.1" 200 85313 "https://www.easydrivers.at/fuehrerscheine/mofa?channel=fullversion" "Mozilla/5.0 (Linux; Android 7.0; Moto G (4) Build/NPJS25.93-14-10; wv) AppleWebKit/537.36 (KHTML, like Gecko) Version/4.0 Chrome/44.0.2403.119 Mobile Safari/537.36 ACHEETAHI/1"
185.69.244.10 - - [14/Dec/2017:08:20:26 +0100] "GET /img/ED_Logo.png HTTP/1.1" 200 3385 "https://www.easydrivers.at/css/style.css" "Mozilla/5.0 (Linux; Android 7.0; Moto G (4) Build/NPJS25.93-14-10; wv) AppleWebKit/537.36 (KHTML, like Gecko) Version/4.0 Chrome/44.0.2403.119 Mobile Safari/537.36 ACHEETAHI/1"
185.69.244.10 - - [14/Dec/2017:08:20:26 +0100] "GET /img/kursicon-print-pink.png HTTP/1.1" 200 1125 "https://www.easydrivers.at/fuehrerscheine/mofa?channel=fullversion" "Mozilla/5.0 (Linux; Android 7.0; Moto G (4) Build/NPJS25.93-14-10; wv) AppleWebKit/537.36 (KHTML, like Gecko) Version/4.0 Chrome/44.0.2403.119 Mobile Safari/537.36 ACHEETAHI/1"
185.69.244.10 - - [14/Dec/2017:08:20:26 +0100] "GET /img/kursicon-download-pink.png HTTP/1.1" 200 1213 "https://www.easydrivers.at/fuehrerscheine/mofa?channel=fullversion" "Mozilla/5.0 (Linux; Android 7.0; Moto G (4) Build/NPJS25.93-14-10; wv) AppleWebKit/537.36 (KHTML, like Gecko) Version/4.0 Chrome/44.0.2403.119 Mobile Safari/537.36 ACHEETAHI/1"
185.69.244.10 - - [14/Dec/2017:08:20:26 +0100] "GET /img/kursicon-share-pink.png HTTP/1.1" 200 1277 "https://www.easydrivers.at/fuehrerscheine/mofa?channel=fullversion" "Mozilla/5.0 (Linux; Android 7.0; Moto G (4) Build/NPJS25.93-14-10; wv) AppleWebKit/537.36 (KHTML, like Gecko) Version/4.0 Chrome/44.0.2403.119 Mobile Safari/537.36 ACHEETAHI/1"
185.69.244.10 - - [14/Dec/2017:08:20:26 +0100] "GET /img/kursicon-phone-pink.png HTTP/1.1" 200 1286 "https://www.easydrivers.at/fuehrerscheine/mofa?channel=fullversion" "Mozilla/5.0 (Linux; Android 7.0; Moto G (4) Build/NPJS25.93-14-10; wv) AppleWebKit/537.36 (KHTML, like Gecko) Version/4.0 Chrome/44.0.2403.119 Mobile Safari/537.36 ACHEETAHI/1"
185.69.244.10 - - [14/Dec/2017:08:20:26 +0100] "GET /css/print.css HTTP/1.1" 200 967 "https://www.easydrivers.at/fuehrerscheine/mofa?channel=fullversion" "Mozilla/5.0 (Linux; Android 7.0; Moto G (4) Build/NPJS25.93-14-10; wv) AppleWebKit/537.36 (KHTML, like Gecko) Version/4.0 Chrome/44.0.2403.119 Mobile Safari/537.36 ACHEETAHI/1"
185.69.244.10 - - [14/Dec/2017:08:20:26 +0100] "GET /img/new_favicon.ico HTTP/1.1" 301 306 "-" "Mozilla/5.0 (Linux; Android 7.0; Moto G (4) Build/NPJS25.93-14-10; wv) AppleWebKit/537.36 (KHTML, like Gecko) Version/4.0 Chrome/44.0.2403.119 Mobile Safari/537.36 ACHEETAHI/1"
185.69.244.10 - - [14/Dec/2017:08:20:26 +0100] "GET /img/new_favicon.ico HTTP/1.1" 200 1150 "-" "Mozilla/5.0 (Linux; Android 7.0; Moto G (4) Build/NPJS25.93-14-10; wv) AppleWebKit/537.36 (KHTML, like Gecko) Version/4.0 Chrome/44.0.2403.119 Mobile Safari/537.36 ACHEETAHI/1"
185.69.244.10 - - [14/Dec/2017:08:20:27 +0100] "GET /img/new_favicon.ico HTTP/1.1" 301 306 "-" "Dalvik/2.1.0 (Linux; U; Android 7.0; Moto G (4) Build/NPJS25.93-14-10)"
185.69.244.10 - - [14/Dec/2017:08:20:27 +0100] "GET /img/new_favicon.ico HTTP/1.1" 301 306 "-" "Dalvik/2.1.0 (Linux; U; Android 7.0; Moto G (4) Build/NPJS25.93-14-10)"
185.69.244.10 - - [14/Dec/2017:08:20:27 +0100] "GET /img/new_favicon.ico HTTP/1.1" 301 306 "-" "Dalvik/2.1.0 (Linux; U; Android 7.0; Moto G (4) Build/NPJS25.93-14-10)"
185.69.244.10 - - [14/Dec/2017:08:20:27 +0100] "GET /img/new_favicon.ico HTTP/1.1" 301 306 "-" "Dalvik/2.1.0 (Linux; U; Android 7.0; Moto G (4) Build/NPJS25.93-14-10)"
185.69.244.10 - - [14/Dec/2017:08:20:28 +0100] "GET /img/new_favicon.ico HTTP/1.1" 301 306 "-" "Dalvik/2.1.0 (Linux; U; Android 7.0; Moto G (4) Build/NPJS25.93-14-10)"
185.69.244.10 - - [14/Dec/2017:08:20:28 +0100] "GET /img/new_favicon.ico HTTP/1.1" 301 306 "-" "Dalvik/2.1.0 (Linux; U; Android 7.0; Moto G (4) Build/NPJS25.93-14-10)"
80.121.177.38 - - [14/Dec/2017:08:20:34 +0100] "GET /krumbach HTTP/1.1" 301 299 "https://www.google.at/" "Mozilla/5.0 (iPad; CPU OS 9_3_5 like Mac OS X) AppleWebKit/601.1.46 (KHTML, like Gecko) Version/9.0 Mobile/13G36 Safari/601.1"
212.95.5.135 - - [14/Dec/2017:08:20:33 +0100] "GET /skarabela.gross-enzersdorf HTTP/1.1" 200 2971 "-" "Mozilla/5.0 (Linux; Android 7.0; SAMSUNG SM-A520F Build/NRD90M) AppleWebKit/537.36 (KHTML, like Gecko) SamsungBrowser/6.2 Chrome/56.0.2924.87 Mobile Safari/537.36"
80.121.177.38 - - [14/Dec/2017:08:20:34 +0100] "GET /krumbach HTTP/1.1" 200 3843 "https://www.google.at/" "Mozilla/5.0 (iPad; CPU OS 9_3_5 like Mac OS X) AppleWebKit/601.1.46 (KHTML, like Gecko) Version/9.0 Mobile/13G36 Safari/601.1"
80.121.177.38 - - [14/Dec/2017:08:20:37 +0100] "GET /javascript/portal.js?1221842734 HTTP/1.1" 200 3529 "https://www.easydrivers.at/krumbach" "Mozilla/5.0 (iPad; CPU OS 9_3_5 like Mac OS X) AppleWebKit/601.1.46 (KHTML, like Gecko) Version/9.0 Mobile/13G36 Safari/601.1"
80.121.177.38 - - [14/Dec/2017:08:20:37 +0100] "GET /css/print.css HTTP/1.1" 200 967 "https://www.easydrivers.at/krumbach" "Mozilla/5.0 (iPad; CPU OS 9_3_5 like Mac OS X) AppleWebKit/601.1.46 (KHTML, like Gecko) Version/9.0 Mobile/13G36 Safari/601.1"
80.121.177.38 - - [14/Dec/2017:08:20:37 +0100] "GET /javascript/jquery.cookie.js HTTP/1.1" 200 863 "https://www.easydrivers.at/krumbach" "Mozilla/5.0 (iPad; CPU OS 9_3_5 like Mac OS X) AppleWebKit/601.1.46 (KHTML, like Gecko) Version/9.0 Mobile/13G36 Safari/601.1"
80.121.177.38 - - [14/Dec/2017:08:20:37 +0100] "GET /javascript/jquery.customSelect.min.js HTTP/1.1" 200 912 "https://www.easydrivers.at/krumbach" "Mozilla/5.0 (iPad; CPU OS 9_3_5 like Mac OS X) AppleWebKit/601.1.46 (KHTML, like Gecko) Version/9.0 Mobile/13G36 Safari/601.1"
80.121.177.38 - - [14/Dec/2017:08:20:37 +0100] "GET /css/style.css HTTP/1.1" 200 5004 "https://www.easydrivers.at/krumbach" "Mozilla/5.0 (iPad; CPU OS 9_3_5 like Mac OS X) AppleWebKit/601.1.46 (KHTML, like Gecko) Version/9.0 Mobile/13G36 Safari/601.1"
80.121.177.38 - - [14/Dec/2017:08:20:37 +0100] "GET /javascript/jquery.simplemodal.js HTTP/1.1" 200 3070 "https://www.easydrivers.at/krumbach" "Mozilla/5.0 (iPad; CPU OS 9_3_5 like Mac OS X) AppleWebKit/601.1.46 (KHTML, like Gecko) Version/9.0 Mobile/13G36 Safari/601.1"
178.191.250.209 - - [14/Dec/2017:08:20:34 +0100] "GET /waidhofen.ybbs/10273434?FS=AM-M&channel=fullversion HTTP/1.1" 200 5545 "https://www.easydrivers.at/waidhofen.ybbs/10273434?FS=AM-M" "Mozilla/5.0 (iPhone; CPU iPhone OS 10_2_1 like Mac OS X) AppleWebKit/602.4.6 (KHTML, like Gecko) Version/10.0 Mobile/14D27 Safari/602.1"
178.191.250.209 - - [14/Dec/2017:08:20:37 +0100] "GET /css/style.css HTTP/1.1" 200 5004 "https://www.easydrivers.at/waidhofen.ybbs/10273434?FS=AM-M&channel=fullversion" "Mozilla/5.0 (iPhone; CPU iPhone OS 10_2_1 like Mac OS X) AppleWebKit/602.4.6 (KHTML, like Gecko) Version/10.0 Mobile/14D27 Safari/602.1"
178.191.250.209 - - [14/Dec/2017:08:20:37 +0100] "GET /css/print.css HTTP/1.1" 200 967 "https://www.easydrivers.at/waidhofen.ybbs/10273434?FS=AM-M&channel=fullversion" "Mozilla/5.0 (iPhone; CPU iPhone OS 10_2_1 like Mac OS X) AppleWebKit/602.4.6 (KHTML, like Gecko) Version/10.0 Mobile/14D27 Safari/602.1"
80.121.177.38 - - [14/Dec/2017:08:20:37 +0100] "GET /javascript/lazyload.js HTTP/1.1" 200 1170 "https://www.easydrivers.at/krumbach" "Mozilla/5.0 (iPad; CPU OS 9_3_5 like Mac OS X) AppleWebKit/601.1.46 (KHTML, like Gecko) Version/9.0 Mobile/13G36 Safari/601.1"
178.191.250.209 - - [14/Dec/2017:08:20:37 +0100] "GET /javascript/jquery.customSelect.min.js HTTP/1.1" 200 912 "https://www.easydrivers.at/waidhofen.ybbs/10273434?FS=AM-M&channel=fullversion" "Mozilla/5.0 (iPhone; CPU iPhone OS 10_2_1 like Mac OS X) AppleWebKit/602.4.6 (KHTML, like Gecko) Version/10.0 Mobile/14D27 Safari/602.1"
80.121.177.38 - - [14/Dec/2017:08:20:37 +0100] "GET /javascript/fahrschule.js HTTP/1.1" 200 462 "https://www.easydrivers.at/krumbach" "Mozilla/5.0 (iPad; CPU OS 9_3_5 like Mac OS X) AppleWebKit/601.1.46 (KHTML, like Gecko) Version/9.0 Mobile/13G36 Safari/601.1"
178.191.250.209 - - [14/Dec/2017:08:20:37 +0100] "GET /javascript/portal.js?1221842734 HTTP/1.1" 200 3529 "https://www.easydrivers.at/waidhofen.ybbs/10273434?FS=AM-M&channel=fullversion" "Mozilla/5.0 (iPhone; CPU iPhone OS 10_2_1 like Mac OS X) AppleWebKit/602.4.6 (KHTML, like Gecko) Version/10.0 Mobile/14D27 Safari/602.1"
80.121.177.38 - - [14/Dec/2017:08:20:37 +0100] "GET /img/facebook-icon.png HTTP/1.1" 200 1506 "https://www.easydrivers.at/krumbach" "Mozilla/5.0 (iPad; CPU OS 9_3_5 like Mac OS X) AppleWebKit/601.1.46 (KHTML, like Gecko) Version/9.0 Mobile/13G36 Safari/601.1"
178.191.250.209 - - [14/Dec/2017:08:20:37 +0100] "GET /css/showLoading.css HTTP/1.1" 200 219 "https://www.easydrivers.at/waidhofen.ybbs/10273434?FS=AM-M&channel=fullversion" "Mozilla/5.0 (iPhone; CPU iPhone OS 10_2_1 like Mac OS X) AppleWebKit/602.4.6 (KHTML, like Gecko) Version/10.0 Mobile/14D27 Safari/602.1"
80.121.177.38 - - [14/Dec/2017:08:20:37 +0100] "GET /img/submit-button.png HTTP/1.1" 200 1958 "https://www.easydrivers.at/krumbach" "Mozilla/5.0 (iPad; CPU OS 9_3_5 like Mac OS X) AppleWebKit/601.1.46 (KHTML, like Gecko) Version/9.0 Mobile/13G36 Safari/601.1"
178.191.250.209 - - [14/Dec/2017:08:20:37 +0100] "GET /javascript/fahrschule.js HTTP/1.1" 200 462 "https://www.easydrivers.at/waidhofen.ybbs/10273434?FS=AM-M&channel=fullversion" "Mozilla/5.0 (iPhone; CPU iPhone OS 10_2_1 like Mac OS X) AppleWebKit/602.4.6 (KHTML, like Gecko) Version/10.0 Mobile/14D27 Safari/602.1"
80.121.177.38 - - [14/Dec/2017:08:20:37 +0100] "GET /img/empty.gif HTTP/1.1" 200 43 "https://www.easydrivers.at/krumbach" "Mozilla/5.0 (iPad; CPU OS 9_3_5 like Mac OS X) AppleWebKit/601.1.46 (KHTML, like Gecko) Version/9.0 Mobile/13G36 Safari/601.1"
178.191.250.209 - - [14/Dec/2017:08:20:37 +0100] "GET /javascript/suche.js HTTP/1.1" 200 209 "https://www.easydrivers.at/waidhofen.ybbs/10273434?FS=AM-M&channel=fullversion" "Mozilla/5.0 (iPhone; CPU iPhone OS 10_2_1 like Mac OS X) AppleWebKit/602.4.6 (KHTML, like Gecko) Version/10.0 Mobile/14D27 Safari/602.1"
178.191.250.209 - - [14/Dec/2017:08:20:37 +0100] "GET /javascript/jquery.showLoading.min.js HTTP/1.1" 200 1136 "https://www.easydrivers.at/waidhofen.ybbs/10273434?FS=AM-M&channel=fullversion" "Mozilla/5.0 (iPhone; CPU iPhone OS 10_2_1 like Mac OS X) AppleWebKit/602.4.6 (KHTML, like Gecko) Version/10.0 Mobile/14D27 Safari/602.1"
80.121.177.38 - - [14/Dec/2017:08:20:37 +0100] "GET /img/locator-icon.png HTTP/1.1" 200 1377 "https://www.easydrivers.at/krumbach" "Mozilla/5.0 (iPad; CPU OS 9_3_5 like Mac OS X) AppleWebKit/601.1.46 (KHTML, like Gecko) Version/9.0 Mobile/13G36 Safari/601.1"
80.121.177.38 - - [14/Dec/2017:08:20:37 +0100] "GET /binaries/easy-drivers-portal/widget-icon-apppng.png HTTP/1.1" 200 2432 "https://www.easydrivers.at/krumbach" "Mozilla/5.0 (iPad; CPU OS 9_3_5 like Mac OS X) AppleWebKit/601.1.46 (KHTML, like Gecko) Version/9.0 Mobile/13G36 Safari/601.1"
178.191.250.209 - - [14/Dec/2017:08:20:37 +0100] "GET /img/close-button.png HTTP/1.1" 200 2237 "https://www.easydrivers.at/waidhofen.ybbs/10273434?FS=AM-M&channel=fullversion" "Mozilla/5.0 (iPhone; CPU iPhone OS 10_2_1 like Mac OS X) AppleWebKit/602.4.6 (KHTML, like Gecko) Version/10.0 Mobile/14D27 Safari/602.1"
178.191.250.209 - - [14/Dec/2017:08:20:37 +0100] "GET /javascript/jquery.base64.min.js HTTP/1.1" 200 37135 "https://www.easydrivers.at/waidhofen.ybbs/10273434?FS=AM-M&channel=fullversion" "Mozilla/5.0 (iPhone; CPU iPhone OS 10_2_1 like Mac OS X) AppleWebKit/602.4.6 (KHTML, like Gecko) Version/10.0 Mobile/14D27 Safari/602.1"
178.191.250.209 - - [14/Dec/2017:08:20:37 +0100] "GET /img/facebook-icon.png HTTP/1.1" 200 1506 "https://www.easydrivers.at/waidhofen.ybbs/10273434?FS=AM-M&channel=fullversion" "Mozilla/5.0 (iPhone; CPU iPhone OS 10_2_1 like Mac OS X) AppleWebKit/602.4.6 (KHTML, like Gecko) Version/10.0 Mobile/14D27 Safari/602.1"
178.191.250.209 - - [14/Dec/2017:08:20:37 +0100] "GET /img/info-button.png HTTP/1.1" 200 738 "https://www.easydrivers.at/waidhofen.ybbs/10273434?FS=AM-M&channel=fullversion" "Mozilla/5.0 (iPhone; CPU iPhone OS 10_2_1 like Mac OS X) AppleWebKit/602.4.6 (KHTML, like Gecko) Version/10.0 Mobile/14D27 Safari/602.1"
80.121.177.38 - - [14/Dec/2017:08:20:37 +0100] "GET /img/schweiz-icon.png HTTP/1.1" 200 1504 "https://www.easydrivers.at/krumbach" "Mozilla/5.0 (iPad; CPU OS 9_3_5 like Mac OS X) AppleWebKit/601.1.46 (KHTML, like Gecko) Version/9.0 Mobile/13G36 Safari/601.1"
80.121.177.38 - - [14/Dec/2017:08:20:37 +0100] "GET /binaries/easy-drivers-neunkirchen--au/afuhrpark.jpg HTTP/1.1" 200 178147 "https://www.easydrivers.at/krumbach" "Mozilla/5.0 (iPad; CPU OS 9_3_5 like Mac OS X) AppleWebKit/601.1.46 (KHTML, like Gecko) Version/9.0 Mobile/13G36 Safari/601.1"
178.191.250.209 - - [14/Dec/2017:08:20:37 +0100] "GET /img/locator-icon.png HTTP/1.1" 200 1377 "https://www.easydrivers.at/waidhofen.ybbs/10273434?FS=AM-M&channel=fullversion" "Mozilla/5.0 (iPhone; CPU iPhone OS 10_2_1 like Mac OS X) AppleWebKit/602.4.6 (KHTML, like Gecko) Version/10.0 Mobile/14D27 Safari/602.1"
178.191.250.209 - - [14/Dec/2017:08:20:37 +0100] "GET /img/close-button-small.png HTTP/1.1" 200 1671 "https://www.easydrivers.at/waidhofen.ybbs/10273434?FS=AM-M&channel=fullversion" "Mozilla/5.0 (iPhone; CPU iPhone OS 10_2_1 like Mac OS X) AppleWebKit/602.4.6 (KHTML, like Gecko) Version/10.0 Mobile/14D27 Safari/602.1"
178.191.250.209 - - [14/Dec/2017:08:20:37 +0100] "GET /img/kursicon-print.png HTTP/1.1" 200 1184 "https://www.easydrivers.at/waidhofen.ybbs/10273434?FS=AM-M&channel=fullversion" "Mozilla/5.0 (iPhone; CPU iPhone OS 10_2_1 like Mac OS X) AppleWebKit/602.4.6 (KHTML, like Gecko) Version/10.0 Mobile/14D27 Safari/602.1"
178.191.250.209 - - [14/Dec/2017:08:20:37 +0100] "GET /img/kursicon-download.png HTTP/1.1" 200 1218 "https://www.easydrivers.at/waidhofen.ybbs/10273434?FS=AM-M&channel=fullversion" "Mozilla/5.0 (iPhone; CPU iPhone OS 10_2_1 like Mac OS X) AppleWebKit/602.4.6 (KHTML, like Gecko) Version/10.0 Mobile/14D27 Safari/602.1"
80.121.177.38 - - [14/Dec/2017:08:20:37 +0100] "GET /img/info-button.png HTTP/1.1" 200 738 "https://www.easydrivers.at/krumbach" "Mozilla/5.0 (iPad; CPU OS 9_3_5 like Mac OS X) AppleWebKit/601.1.46 (KHTML, like Gecko) Version/9.0 Mobile/13G36 Safari/601.1"
178.191.250.209 - - [14/Dec/2017:08:20:37 +0100] "GET /img/kursicon-share.png HTTP/1.1" 200 1302 "https://www.easydrivers.at/waidhofen.ybbs/10273434?FS=AM-M&channel=fullversion" "Mozilla/5.0 (iPhone; CPU iPhone OS 10_2_1 like Mac OS X) AppleWebKit/602.4.6 (KHTML, like Gecko) Version/10.0 Mobile/14D27 Safari/602.1"
178.191.250.209 - - [14/Dec/2017:08:20:37 +0100] "GET /img/kursicon-phone.png HTTP/1.1" 200 1287 "https://www.easydrivers.at/waidhofen.ybbs/10273434?FS=AM-M&channel=fullversion" "Mozilla/5.0 (iPhone; CPU iPhone OS 10_2_1 like Mac OS X) AppleWebKit/602.4.6 (KHTML, like Gecko) Version/10.0 Mobile/14D27 Safari/602.1"
178.191.250.209 - - [14/Dec/2017:08:20:37 +0100] "GET /binaries/easy-drivers-portal/moped3jpg.jpg HTTP/1.1" 200 85313 "https://www.easydrivers.at/waidhofen.ybbs/10273434?FS=AM-M&channel=fullversion" "Mozilla/5.0 (iPhone; CPU iPhone OS 10_2_1 like Mac OS X) AppleWebKit/602.4.6 (KHTML, like Gecko) Version/10.0 Mobile/14D27 Safari/602.1"
178.191.250.209 - - [14/Dec/2017:08:20:37 +0100] "GET /cache/emu/images/10289795/_155_155.jpg HTTP/1.1" 200 5411 "https://www.easydrivers.at/waidhofen.ybbs/10273434?FS=AM-M&channel=fullversion" "Mozilla/5.0 (iPhone; CPU iPhone OS 10_2_1 like Mac OS X) AppleWebKit/602.4.6 (KHTML, like Gecko) Version/10.0 Mobile/14D27 Safari/602.1"
80.121.177.38 - - [14/Dec/2017:08:20:37 +0100] "GET /img/close-button.png HTTP/1.1" 200 2237 "https://www.easydrivers.at/krumbach" "Mozilla/5.0 (iPad; CPU OS 9_3_5 like Mac OS X) AppleWebKit/601.1.46 (KHTML, like Gecko) Version/9.0 Mobile/13G36 Safari/601.1"
80.121.177.38 - - [14/Dec/2017:08:20:37 +0100] "GET /img/close-button-small.png HTTP/1.1" 200 1671 "https://www.easydrivers.at/krumbach" "Mozilla/5.0 (iPad; CPU OS 9_3_5 like Mac OS X) AppleWebKit/601.1.46 (KHTML, like Gecko) Version/9.0 Mobile/13G36 Safari/601.1"
80.121.177.38 - - [14/Dec/2017:08:20:37 +0100] "GET /cache/emu/images/easy-drivers-portal10264045/weihnachtsbaumjpg_90_90_0.jpg HTTP/1.1" 200 2344 "https://www.easydrivers.at/krumbach" "Mozilla/5.0 (iPad; CPU OS 9_3_5 like Mac OS X) AppleWebKit/601.1.46 (KHTML, like Gecko) Version/9.0 Mobile/13G36 Safari/601.1"
178.191.250.209 - - [14/Dec/2017:08:20:37 +0100] "GET /cache/emu/images/10289793/_155_146.jpg HTTP/1.1" 200 6490 "https://www.easydrivers.at/waidhofen.ybbs/10273434?FS=AM-M&channel=fullversion" "Mozilla/5.0 (iPhone; CPU iPhone OS 10_2_1 like Mac OS X) AppleWebKit/602.4.6 (KHTML, like Gecko) Version/10.0 Mobile/14D27 Safari/602.1"
178.191.250.209 - - [14/Dec/2017:08:20:37 +0100] "GET /cache/emu/images/10289796/_155_155.jpg HTTP/1.1" 200 5353 "https://www.easydrivers.at/waidhofen.ybbs/10273434?FS=AM-M&channel=fullversion" "Mozilla/5.0 (iPhone; CPU iPhone OS 10_2_1 like Mac OS X) AppleWebKit/602.4.6 (KHTML, like Gecko) Version/10.0 Mobile/14D27 Safari/602.1"
178.191.250.209 - - [14/Dec/2017:08:20:37 +0100] "GET /cache/emu/images/10289801/_155_155.jpg HTTP/1.1" 200 5674 "https://www.easydrivers.at/waidhofen.ybbs/10273434?FS=AM-M&channel=fullversion" "Mozilla/5.0 (iPhone; CPU iPhone OS 10_2_1 like Mac OS X) AppleWebKit/602.4.6 (KHTML, like Gecko) Version/10.0 Mobile/14D27 Safari/602.1"
178.191.250.209 - - [14/Dec/2017:08:20:37 +0100] "GET /cache/emu/images/10289800/_155_155.jpg HTTP/1.1" 200 3647 "https://www.easydrivers.at/waidhofen.ybbs/10273434?FS=AM-M&channel=fullversion" "Mozilla/5.0 (iPhone; CPU iPhone OS 10_2_1 like Mac OS X) AppleWebKit/602.4.6 (KHTML, like Gecko) Version/10.0 Mobile/14D27 Safari/602.1"
178.191.250.209 - - [14/Dec/2017:08:20:38 +0100] "GET /img/submit-button.png HTTP/1.1" 200 1958 "https://www.easydrivers.at/waidhofen.ybbs/10273434?FS=AM-M&channel=fullversion" "Mozilla/5.0 (iPhone; CPU iPhone OS 10_2_1 like Mac OS X) AppleWebKit/602.4.6 (KHTML, like Gecko) Version/10.0 Mobile/14D27 Safari/602.1"
80.121.177.38 - - [14/Dec/2017:08:20:38 +0100] "GET /binaries/easy-drivers-portal/widget-icon-expertspng.png HTTP/1.1" 200 2159 "https://www.easydrivers.at/krumbach" "Mozilla/5.0 (iPad; CPU OS 9_3_5 like Mac OS X) AppleWebKit/601.1.46 (KHTML, like Gecko) Version/9.0 Mobile/13G36 Safari/601.1"
80.121.177.38 - - [14/Dec/2017:08:20:38 +0100] "GET /img/ed_pfeil_down.png HTTP/1.1" 200 3634 "https://www.easydrivers.at/krumbach" "Mozilla/5.0 (iPad; CPU OS 9_3_5 like Mac OS X) AppleWebKit/601.1.46 (KHTML, like Gecko) Version/9.0 Mobile/13G36 Safari/601.1"
178.191.250.209 - - [14/Dec/2017:08:20:38 +0100] "GET /img/schweiz-icon.png HTTP/1.1" 200 1504 "https://www.easydrivers.at/waidhofen.ybbs/10273434?FS=AM-M&channel=fullversion" "Mozilla/5.0 (iPhone; CPU iPhone OS 10_2_1 like Mac OS X) AppleWebKit/602.4.6 (KHTML, like Gecko) Version/10.0 Mobile/14D27 Safari/602.1"
178.191.250.209 - - [14/Dec/2017:08:20:38 +0100] "GET /img/bg-header.jpg HTTP/1.1" 200 38680 "https://www.easydrivers.at/waidhofen.ybbs/10273434?FS=AM-M&channel=fullversion" "Mozilla/5.0 (iPhone; CPU iPhone OS 10_2_1 like Mac OS X) AppleWebKit/602.4.6 (KHTML, like Gecko) Version/10.0 Mobile/14D27 Safari/602.1"
178.191.250.209 - - [14/Dec/2017:08:20:38 +0100] "GET /img/ED_Logo.png HTTP/1.1" 200 3385 "https://www.easydrivers.at/waidhofen.ybbs/10273434?FS=AM-M&channel=fullversion" "Mozilla/5.0 (iPhone; CPU iPhone OS 10_2_1 like Mac OS X) AppleWebKit/602.4.6 (KHTML, like Gecko) Version/10.0 Mobile/14D27 Safari/602.1"
178.191.250.209 - - [14/Dec/2017:08:20:38 +0100] "GET /img/purple-dots-horizontal.png HTTP/1.1" 200 977 "https://www.easydrivers.at/waidhofen.ybbs/10273434?FS=AM-M&channel=fullversion" "Mozilla/5.0 (iPhone; CPU iPhone OS 10_2_1 like Mac OS X) AppleWebKit/602.4.6 (KHTML, like Gecko) Version/10.0 Mobile/14D27 Safari/602.1"
178.191.250.209 - - [14/Dec/2017:08:20:38 +0100] "GET /img/top-image-overlay.png HTTP/1.1" 200 20650 "https://www.easydrivers.at/waidhofen.ybbs/10273434?FS=AM-M&channel=fullversion" "Mozilla/5.0 (iPhone; CPU iPhone OS 10_2_1 like Mac OS X) AppleWebKit/602.4.6 (KHTML, like Gecko) Version/10.0 Mobile/14D27 Safari/602.1"
178.191.250.209 - - [14/Dec/2017:08:20:38 +0100] "GET /img/arrow-left.png HTTP/1.1" 200 1015 "https://www.easydrivers.at/waidhofen.ybbs/10273434?FS=AM-M&channel=fullversion" "Mozilla/5.0 (iPhone; CPU iPhone OS 10_2_1 like Mac OS X) AppleWebKit/602.4.6 (KHTML, like Gecko) Version/10.0 Mobile/14D27 Safari/602.1"
80.121.177.38 - - [14/Dec/2017:08:20:38 +0100] "GET /cache/emu/images/easy-drivers-portal10294676/pastedgraphic-3-1png_160_90_0.png HTTP/1.1" 200 9745 "https://www.easydrivers.at/krumbach" "Mozilla/5.0 (iPad; CPU OS 9_3_5 like Mac OS X) AppleWebKit/601.1.46 (KHTML, like Gecko) Version/9.0 Mobile/13G36 Safari/601.1"
178.191.250.209 - - [14/Dec/2017:08:20:38 +0100] "GET /img/bg-yellow.jpg HTTP/1.1" 200 2250 "https://www.easydrivers.at/waidhofen.ybbs/10273434?FS=AM-M&channel=fullversion" "Mozilla/5.0 (iPhone; CPU iPhone OS 10_2_1 like Mac OS X) AppleWebKit/602.4.6 (KHTML, like Gecko) Version/10.0 Mobile/14D27 Safari/602.1"
178.191.250.209 - - [14/Dec/2017:08:20:38 +0100] "GET /img/bg-top-section.jpg HTTP/1.1" 200 82172 "https://www.easydrivers.at/waidhofen.ybbs/10273434?FS=AM-M&channel=fullversion" "Mozilla/5.0 (iPhone; CPU iPhone OS 10_2_1 like Mac OS X) AppleWebKit/602.4.6 (KHTML, like Gecko) Version/10.0 Mobile/14D27 Safari/602.1"
178.191.250.209 - - [14/Dec/2017:08:20:38 +0100] "GET /img/arrow-up.png HTTP/1.1" 200 1081 "https://www.easydrivers.at/waidhofen.ybbs/10273434?FS=AM-M&channel=fullversion" "Mozilla/5.0 (iPhone; CPU iPhone OS 10_2_1 like Mac OS X) AppleWebKit/602.4.6 (KHTML, like Gecko) Version/10.0 Mobile/14D27 Safari/602.1"
178.191.250.209 - - [14/Dec/2017:08:20:38 +0100] "GET /img/bg-footer.jpg HTTP/1.1" 200 31770 "https://www.easydrivers.at/waidhofen.ybbs/10273434?FS=AM-M&channel=fullversion" "Mozilla/5.0 (iPhone; CPU iPhone OS 10_2_1 like Mac OS X) AppleWebKit/602.4.6 (KHTML, like Gecko) Version/10.0 Mobile/14D27 Safari/602.1"
