213.185.170.218 - - [14/Dec/2017:06:37:00 +0100] "GET /img/close-button-small.png HTTP/1.1" 200 1671 "https://www.easydrivers.at/voesendorf/10281936?FS=B&gclid=EAIaIQobChMIjq-Jq-SI2AIVCo0bCh24cQDjEAAYASAAEgKOZfD_BwE" "Mozilla/5.0 (Windows NT 6.1; Win64; x64) AppleWebKit/537.36 (KHTML, like Gecko) Chrome/63.0.3239.84 Safari/537.36"
213.185.170.218 - - [14/Dec/2017:06:37:00 +0100] "GET /img/kursicon-print.png HTTP/1.1" 200 1184 "https://www.easydrivers.at/voesendorf/10281936?FS=B&gclid=EAIaIQobChMIjq-Jq-SI2AIVCo0bCh24cQDjEAAYASAAEgKOZfD_BwE" "Mozilla/5.0 (Windows NT 6.1; Win64; x64) AppleWebKit/537.36 (KHTML, like Gecko) Chrome/63.0.3239.84 Safari/537.36"
213.185.170.218 - - [14/Dec/2017:06:37:00 +0100] "GET /binaries/easy-drivers-portal/pkw9jpg-1.jpg HTTP/1.1" 200 68933 "https://www.easydrivers.at/voesendorf/10281936?FS=B&gclid=EAIaIQobChMIjq-Jq-SI2AIVCo0bCh24cQDjEAAYASAAEgKOZfD_BwE" "Mozilla/5.0 (Windows NT 6.1; Win64; x64) AppleWebKit/537.36 (KHTML, like Gecko) Chrome/63.0.3239.84 Safari/537.36"
213.185.170.218 - - [14/Dec/2017:06:37:00 +0100] "GET /img/ED_Logo.png HTTP/1.1" 200 3385 "https://www.easydrivers.at/css/style.css" "Mozilla/5.0 (Windows NT 6.1; Win64; x64) AppleWebKit/537.36 (KHTML, like Gecko) Chrome/63.0.3239.84 Safari/537.36"
213.185.170.218 - - [14/Dec/2017:06:37:00 +0100] "GET /img/purple-dots-horizontal.png HTTP/1.1" 200 977 "https://www.easydrivers.at/css/style.css" "Mozilla/5.0 (Windows NT 6.1; Win64; x64) AppleWebKit/537.36 (KHTML, like Gecko) Chrome/63.0.3239.84 Safari/537.36"
213.185.170.218 - - [14/Dec/2017:06:37:00 +0100] "GET /img/kursicon-download.png HTTP/1.1" 200 1218 "https://www.easydrivers.at/voesendorf/10281936?FS=B&gclid=EAIaIQobChMIjq-Jq-SI2AIVCo0bCh24cQDjEAAYASAAEgKOZfD_BwE" "Mozilla/5.0 (Windows NT 6.1; Win64; x64) AppleWebKit/537.36 (KHTML, like Gecko) Chrome/63.0.3239.84 Safari/537.36"
213.185.170.218 - - [14/Dec/2017:06:37:00 +0100] "GET /img/bg-header.jpg HTTP/1.1" 200 38680 "https://www.easydrivers.at/css/style.css" "Mozilla/5.0 (Windows NT 6.1; Win64; x64) AppleWebKit/537.36 (KHTML, like Gecko) Chrome/63.0.3239.84 Safari/537.36"
213.185.170.218 - - [14/Dec/2017:06:37:00 +0100] "GET /img/bg-top-section.jpg HTTP/1.1" 200 82172 "https://www.easydrivers.at/css/style.css" "Mozilla/5.0 (Windows NT 6.1; Win64; x64) AppleWebKit/537.36 (KHTML, like Gecko) Chrome/63.0.3239.84 Safari/537.36"
213.185.170.218 - - [14/Dec/2017:06:37:00 +0100] "GET /img/kursicon-share.png HTTP/1.1" 200 1302 "https://www.easydrivers.at/voesendorf/10281936?FS=B&gclid=EAIaIQobChMIjq-Jq-SI2AIVCo0bCh24cQDjEAAYASAAEgKOZfD_BwE" "Mozilla/5.0 (Windows NT 6.1; Win64; x64) AppleWebKit/537.36 (KHTML, like Gecko) Chrome/63.0.3239.84 Safari/537.36"
213.185.170.218 - - [14/Dec/2017:06:37:00 +0100] "GET /img/kursicon-phone.png HTTP/1.1" 200 1287 "https://www.easydrivers.at/voesendorf/10281936?FS=B&gclid=EAIaIQobChMIjq-Jq-SI2AIVCo0bCh24cQDjEAAYASAAEgKOZfD_BwE" "Mozilla/5.0 (Windows NT 6.1; Win64; x64) AppleWebKit/537.36 (KHTML, like Gecko) Chrome/63.0.3239.84 Safari/537.36"
213.185.170.218 - - [14/Dec/2017:06:37:00 +0100] "GET /img/bg-yellow.jpg HTTP/1.1" 200 2250 "https://www.easydrivers.at/css/style.css" "Mozilla/5.0 (Windows NT 6.1; Win64; x64) AppleWebKit/537.36 (KHTML, like Gecko) Chrome/63.0.3239.84 Safari/537.36"
213.185.170.218 - - [14/Dec/2017:06:37:00 +0100] "GET /img/top-image-overlay.png HTTP/1.1" 200 20650 "https://www.easydrivers.at/css/style.css" "Mozilla/5.0 (Windows NT 6.1; Win64; x64) AppleWebKit/537.36 (KHTML, like Gecko) Chrome/63.0.3239.84 Safari/537.36"
213.185.170.218 - - [14/Dec/2017:06:37:00 +0100] "GET /img/submit-button.png HTTP/1.1" 200 1958 "https://www.easydrivers.at/voesendorf/10281936?FS=B&gclid=EAIaIQobChMIjq-Jq-SI2AIVCo0bCh24cQDjEAAYASAAEgKOZfD_BwE" "Mozilla/5.0 (Windows NT 6.1; Win64; x64) AppleWebKit/537.36 (KHTML, like Gecko) Chrome/63.0.3239.84 Safari/537.36"
213.185.170.218 - - [14/Dec/2017:06:37:00 +0100] "GET /img/schweiz-icon.png HTTP/1.1" 200 1504 "https://www.easydrivers.at/voesendorf/10281936?FS=B&gclid=EAIaIQobChMIjq-Jq-SI2AIVCo0bCh24cQDjEAAYASAAEgKOZfD_BwE" "Mozilla/5.0 (Windows NT 6.1; Win64; x64) AppleWebKit/537.36 (KHTML, like Gecko) Chrome/63.0.3239.84 Safari/537.36"
213.185.170.218 - - [14/Dec/2017:06:37:00 +0100] "GET /img/bg-footer.jpg HTTP/1.1" 200 31770 "https://www.easydrivers.at/css/style.css" "Mozilla/5.0 (Windows NT 6.1; Win64; x64) AppleWebKit/537.36 (KHTML, like Gecko) Chrome/63.0.3239.84 Safari/537.36"
213.185.170.218 - - [14/Dec/2017:06:37:00 +0100] "GET /img/arrow-left.png HTTP/1.1" 200 1015 "https://www.easydrivers.at/css/style.css" "Mozilla/5.0 (Windows NT 6.1; Win64; x64) AppleWebKit/537.36 (KHTML, like Gecko) Chrome/63.0.3239.84 Safari/537.36"
213.185.170.218 - - [14/Dec/2017:06:37:00 +0100] "GET /img/smallicon-phone.png HTTP/1.1" 200 3056 "https://www.easydrivers.at/css/style.css" "Mozilla/5.0 (Windows NT 6.1; Win64; x64) AppleWebKit/537.36 (KHTML, like Gecko) Chrome/63.0.3239.84 Safari/537.36"
213.185.170.218 - - [14/Dec/2017:06:37:00 +0100] "GET /img/arrow-up.png HTTP/1.1" 200 1081 "https://www.easydrivers.at/css/style.css" "Mozilla/5.0 (Windows NT 6.1; Win64; x64) AppleWebKit/537.36 (KHTML, like Gecko) Chrome/63.0.3239.84 Safari/537.36"
213.185.170.218 - - [14/Dec/2017:06:37:00 +0100] "GET /img/smallicon-mail.png HTTP/1.1" 200 1341 "https://www.easydrivers.at/css/style.css" "Mozilla/5.0 (Windows NT 6.1; Win64; x64) AppleWebKit/537.36 (KHTML, like Gecko) Chrome/63.0.3239.84 Safari/537.36"
213.185.170.218 - - [14/Dec/2017:06:37:00 +0100] "GET /img/kursicon-download-pink.png HTTP/1.1" 200 1213 "https://www.easydrivers.at/voesendorf/10281936?FS=B&gclid=EAIaIQobChMIjq-Jq-SI2AIVCo0bCh24cQDjEAAYASAAEgKOZfD_BwE" "Mozilla/5.0 (Windows NT 6.1; Win64; x64) AppleWebKit/537.36 (KHTML, like Gecko) Chrome/63.0.3239.84 Safari/537.36"
213.185.170.218 - - [14/Dec/2017:06:37:00 +0100] "GET /img/kursicon-print-pink.png HTTP/1.1" 200 1125 "https://www.easydrivers.at/voesendorf/10281936?FS=B&gclid=EAIaIQobChMIjq-Jq-SI2AIVCo0bCh24cQDjEAAYASAAEgKOZfD_BwE" "Mozilla/5.0 (Windows NT 6.1; Win64; x64) AppleWebKit/537.36 (KHTML, like Gecko) Chrome/63.0.3239.84 Safari/537.36"
213.185.170.218 - - [14/Dec/2017:06:37:00 +0100] "GET /img/kursicon-share-pink.png HTTP/1.1" 200 1277 "https://www.easydrivers.at/voesendorf/10281936?FS=B&gclid=EAIaIQobChMIjq-Jq-SI2AIVCo0bCh24cQDjEAAYASAAEgKOZfD_BwE" "Mozilla/5.0 (Windows NT 6.1; Win64; x64) AppleWebKit/537.36 (KHTML, like Gecko) Chrome/63.0.3239.84 Safari/537.36"
213.185.170.218 - - [14/Dec/2017:06:37:00 +0100] "GET /img/kursicon-phone-pink.png HTTP/1.1" 200 1286 "https://www.easydrivers.at/voesendorf/10281936?FS=B&gclid=EAIaIQobChMIjq-Jq-SI2AIVCo0bCh24cQDjEAAYASAAEgKOZfD_BwE" "Mozilla/5.0 (Windows NT 6.1; Win64; x64) AppleWebKit/537.36 (KHTML, like Gecko) Chrome/63.0.3239.84 Safari/537.36"
213.185.170.218 - - [14/Dec/2017:06:37:00 +0100] "GET /css/print.css HTTP/1.1" 200 967 "https://www.easydrivers.at/voesendorf/10281936?FS=B&gclid=EAIaIQobChMIjq-Jq-SI2AIVCo0bCh24cQDjEAAYASAAEgKOZfD_BwE" "Mozilla/5.0 (Windows NT 6.1; Win64; x64) AppleWebKit/537.36 (KHTML, like Gecko) Chrome/63.0.3239.84 Safari/537.36"
185.20.237.172 - - [14/Dec/2017:06:36:58 +0100] "GET /tulln/img/smallicon-person.png HTTP/1.1" 404 3044 "-" "Mozilla/5.0 (iPhone; CPU iPhone OS 11_1_2 like Mac OS X) AppleWebKit/604.3.5 (KHTML, like Gecko) Mobile/15B202 [FBAN/FBIOS;FBAV/152.0.0.45.135;FBBV/83301214;FBDV/iPhone6,2;FBMD/iPhone;FBSN/iOS;FBSV/11.1.2;FBSS/2;FBCR/tele.ring;FBID/phone;FBLC/de_DE;FBOP/5;FBRV/84311412]"
213.185.170.218 - - [14/Dec/2017:06:37:01 +0100] "GET /img/new_favicon.ico HTTP/1.1" 301 306 "-" "Mozilla/5.0 (Windows NT 6.1; Win64; x64) AppleWebKit/537.36 (KHTML, like Gecko) Chrome/63.0.3239.84 Safari/537.36"
213.185.170.218 - - [14/Dec/2017:06:37:01 +0100] "GET /img/new_favicon.ico HTTP/1.1" 200 1150 "-" "Mozilla/5.0 (Windows NT 6.1; Win64; x64) AppleWebKit/537.36 (KHTML, like Gecko) Chrome/63.0.3239.84 Safari/537.36"
94.136.13.132 - - [14/Dec/2017:06:37:01 +0100] "GET /st.valentin/img/mobile/menu-button.png HTTP/1.1" 404 3092 "-" "Mozilla/5.0 (iPhone; CPU iPhone OS 10_3_3 like Mac OS X) AppleWebKit/603.3.8 (KHTML, like Gecko) Mobile/14G60 [FBAN/FBIOS;FBAV/135.0.0.45.90;FBBV/66877072;FBDV/iPhone8,1;FBMD/iPhone;FBSN/iOS;FBSV/10.3.3;FBSS/2;FBCR/3Austria;FBID/phone;FBLC/de_DE;FBOP/5;FBRV/67567098]"
185.10.20.141 - - [14/Dec/2017:06:37:13 +0100] "GET /index.php?option=com_fabrik&c=import&view=import&fietype=csv&tableid=0&Itemid=0 HTTP/1.1" 301 482 "-" "Mozilla/5.0 (Windows NT 5.1; rv:22.0) Gecko/20100101 Firefox/22.0 Paros/3.2.13"
185.10.20.141 - - [14/Dec/2017:06:37:16 +0100] "GET /register.php HTTP/1.1" 301 395 "-" "Mozilla/5.0 (Windows NT 5.1; rv:22.0) Gecko/20100101 Firefox/22.0 Paros/3.2.13"
94.136.13.132 - - [14/Dec/2017:06:37:33 +0100] "GET /st.valentin/img/mobile/close-button.png HTTP/1.1" 404 3094 "-" "Mozilla/5.0 (iPhone; CPU iPhone OS 10_3_3 like Mac OS X) AppleWebKit/603.3.8 (KHTML, like Gecko) Mobile/14G60 [FBAN/FBIOS;FBAV/135.0.0.45.90;FBBV/66877072;FBDV/iPhone8,1;FBMD/iPhone;FBSN/iOS;FBSV/10.3.3;FBSS/2;FBCR/3Austria;FBID/phone;FBLC/de_DE;FBOP/5;FBRV/67567098]"
81.5.203.38 - - [14/Dec/2017:06:38:02 +0100] "GET /tulln/Weihnachtskurs_Abendkurs_Dezember_2017?FS=B HTTP/1.1" 200 3264 "http://m.facebook.com" "Mozilla/5.0 (iPhone; CPU iPhone OS 11_0_3 like Mac OS X) AppleWebKit/604.1.38 (KHTML, like Gecko) Mobile/15A432 [FBAN/FBIOS;FBAV/152.0.0.45.135;FBBV/83301214;FBDV/iPhone7,2;FBMD/iPhone;FBSN/iOS;FBSV/11.0.3;FBSS/2;FBCR/A1;FBID/phone;FBLC/de_DE;FBOP/5;FBRV/83301214]"
94.136.13.132 - - [14/Dec/2017:06:38:03 +0100] "GET /st.valentin/img/mobile/facebook-icon.png HTTP/1.1" 404 3092 "-" "Mozilla/5.0 (iPhone; CPU iPhone OS 10_3_3 like Mac OS X) AppleWebKit/603.3.8 (KHTML, like Gecko) Mobile/14G60 [FBAN/FBIOS;FBAV/135.0.0.45.90;FBBV/66877072;FBDV/iPhone8,1;FBMD/iPhone;FBSN/iOS;FBSV/10.3.3;FBSS/2;FBCR/3Austria;FBID/phone;FBLC/de_DE;FBOP/5;FBRV/67567098]"
207.46.13.196 - - [14/Dec/2017:06:38:13 +0100] "GET /robots.txt HTTP/1.1" 200 101 "-" "Mozilla/5.0 (compatible; bingbot/2.0; +http://www.bing.com/bingbot.htm)"
213.162.72.209 - - [14/Dec/2017:06:38:24 +0100] "GET /linz/10286170?FS=B HTTP/1.1" 200 3158 "http://m.facebook.com" "Mozilla/5.0 (iPhone; CPU iPhone OS 11_0_2 like Mac OS X) AppleWebKit/604.1.38 (KHTML, like Gecko) Mobile/15A421 [FBAN/FBIOS;FBAV/150.0.0.32.132;FBBV/80278251;FBDV/iPhone8,1;FBMD/iPhone;FBSN/iOS;FBSV/11.0.2;FBSS/2;FBCR/tele.ring;FBID/phone;FBLC/de_DE;FBOP/5;FBRV/82362498]"
91.114.191.136 - - [14/Dec/2017:06:38:32 +0100] "GET /img/ED_Logo.png HTTP/1.1" 301 305 "-" "Mozilla/5.0 (Windows NT 6.1; rv:57.0) Gecko/20100101 Firefox/57.0"
91.114.191.136 - - [14/Dec/2017:06:38:32 +0100] "GET /img/ED_Logo.png HTTP/1.1" 200 3385 "-" "Mozilla/5.0 (Windows NT 6.1; rv:57.0) Gecko/20100101 Firefox/57.0"
17.142.148.193 - - [14/Dec/2017:06:38:31 +0100] "GET /linz/10254843 HTTP/1.1" 200 2937 "-" "Mozilla/5.0 (Macintosh; Intel Mac OS X 10_10_1) AppleWebKit/600.2.5 (KHTML, like Gecko) Version/8.0.2 Safari/600.2.5 (Applebot/0.1; +http://www.apple.com/go/applebot)"
81.5.203.38 - - [14/Dec/2017:06:38:33 +0100] "GET /tulln/img/mobile/easydrivers-logo-mobile.png HTTP/1.1" 404 3035 "-" "Mozilla/5.0 (iPhone; CPU iPhone OS 11_0_3 like Mac OS X) AppleWebKit/604.1.38 (KHTML, like Gecko) Mobile/15A432 [FBAN/FBIOS;FBAV/152.0.0.45.135;FBBV/83301214;FBDV/iPhone7,2;FBMD/iPhone;FBSN/iOS;FBSV/11.0.3;FBSS/2;FBCR/A1;FBID/phone;FBLC/de_DE;FBOP/5;FBRV/83301214]"
94.136.13.132 - - [14/Dec/2017:06:38:35 +0100] "GET /st.valentin/img/mobile/info-button.png HTTP/1.1" 404 3094 "-" "Mozilla/5.0 (iPhone; CPU iPhone OS 10_3_3 like Mac OS X) AppleWebKit/603.3.8 (KHTML, like Gecko) Mobile/14G60 [FBAN/FBIOS;FBAV/135.0.0.45.90;FBBV/66877072;FBDV/iPhone8,1;FBMD/iPhone;FBSN/iOS;FBSV/10.3.3;FBSS/2;FBCR/3Austria;FBID/phone;FBLC/de_DE;FBOP/5;FBRV/67567098]"
213.162.73.244 - - [14/Dec/2017:06:38:44 +0100] "GET /brigittenau/10293030?FS=B HTTP/1.1" 200 3528 "https://www.easydrivers.at/brigittenau/kursauswahl" "Mozilla/5.0 (iPhone; CPU iPhone OS 11_1_2 like Mac OS X) AppleWebKit/604.1.34 (KHTML, like Gecko) GSA/40.1.177082287 Mobile/15B202 Safari/604.1"
213.162.73.244 - - [14/Dec/2017:06:38:46 +0100] "GET /img/mobile/kursicon-share.png HTTP/1.1" 200 2065 "https://www.easydrivers.at/brigittenau/10293030?FS=B" "Mozilla/5.0 (iPhone; CPU iPhone OS 11_1_2 like Mac OS X) AppleWebKit/604.1.34 (KHTML, like Gecko) GSA/40.1.177082287 Mobile/15B202 Safari/604.1"
213.162.73.244 - - [14/Dec/2017:06:38:46 +0100] "GET /img/mobile/smallicon-mail.png HTTP/1.1" 200 1335 "https://www.easydrivers.at/brigittenau/10293030?FS=B" "Mozilla/5.0 (iPhone; CPU iPhone OS 11_1_2 like Mac OS X) AppleWebKit/604.1.34 (KHTML, like Gecko) GSA/40.1.177082287 Mobile/15B202 Safari/604.1"
213.162.73.244 - - [14/Dec/2017:06:38:46 +0100] "GET /img/mobile/kursicon-phone.png HTTP/1.1" 200 1932 "https://www.easydrivers.at/brigittenau/10293030?FS=B" "Mozilla/5.0 (iPhone; CPU iPhone OS 11_1_2 like Mac OS X) AppleWebKit/604.1.34 (KHTML, like Gecko) GSA/40.1.177082287 Mobile/15B202 Safari/604.1"
213.162.73.244 - - [14/Dec/2017:06:38:46 +0100] "GET /img/mobile/smallicon-phone.png HTTP/1.1" 200 1311 "https://www.easydrivers.at/brigittenau/10293030?FS=B" "Mozilla/5.0 (iPhone; CPU iPhone OS 11_1_2 like Mac OS X) AppleWebKit/604.1.34 (KHTML, like Gecko) GSA/40.1.177082287 Mobile/15B202 Safari/604.1"
213.162.73.244 - - [14/Dec/2017:06:38:46 +0100] "GET /img/mobile/pfeil-rechts-small.png HTTP/1.1" 200 1056 "https://www.easydrivers.at/brigittenau/10293030?FS=B" "Mozilla/5.0 (iPhone; CPU iPhone OS 11_1_2 like Mac OS X) AppleWebKit/604.1.34 (KHTML, like Gecko) GSA/40.1.177082287 Mobile/15B202 Safari/604.1"
193.81.60.21 - - [14/Dec/2017:06:38:58 +0100] "GET /ennstal.bad.aussee/wfk-22-12-2017?FS=B HTTP/1.1" 200 3219 "http://m.facebook.com" "Mozilla/5.0 (iPhone; CPU iPhone OS 11_0_2 like Mac OS X) AppleWebKit/604.1.38 (KHTML, like Gecko) Mobile/15A421 [FBAN/FBIOS;FBAV/152.0.0.45.135;FBBV/83301214;FBDV/iPhone8,4;FBMD/iPhone;FBSN/iOS;FBSV/11.0.2;FBSS/2;FBCR/tele.ring;FBID/phone;FBLC/de_DE;FBOP/5;FBRV/84141153]"
157.55.39.233 - - [14/Dec/2017:06:39:03 +0100] "GET /jennersdorf/10284443?FS=AvonA2 HTTP/1.1" 301 317 "-" "Mozilla/5.0 (compatible; bingbot/2.0; +http://www.bing.com/bingbot.htm)"
81.5.203.38 - - [14/Dec/2017:06:39:03 +0100] "GET /tulln/img/mobile/menu-button.png HTTP/1.1" 404 3042 "-" "Mozilla/5.0 (iPhone; CPU iPhone OS 11_0_3 like Mac OS X) AppleWebKit/604.1.38 (KHTML, like Gecko) Mobile/15A432 [FBAN/FBIOS;FBAV/152.0.0.45.135;FBBV/83301214;FBDV/iPhone7,2;FBMD/iPhone;FBSN/iOS;FBSV/11.0.3;FBSS/2;FBCR/A1;FBID/phone;FBLC/de_DE;FBOP/5;FBRV/83301214]"
94.136.13.132 - - [14/Dec/2017:06:39:05 +0100] "GET /st.valentin/img/mobile/info-close-button.png HTTP/1.1" 404 3098 "-" "Mozilla/5.0 (iPhone; CPU iPhone OS 10_3_3 like Mac OS X) AppleWebKit/603.3.8 (KHTML, like Gecko) Mobile/14G60 [FBAN/FBIOS;FBAV/135.0.0.45.90;FBBV/66877072;FBDV/iPhone8,1;FBMD/iPhone;FBSN/iOS;FBSV/10.3.3;FBSS/2;FBCR/3Austria;FBID/phone;FBLC/de_DE;FBOP/5;FBRV/67567098]"
66.249.76.78 - - [14/Dec/2017:06:39:30 +0100] "GET /berndorf/team HTTP/1.1" 301 302 "-" "Mozilla/5.0 (compatible; Googlebot/2.1; +http://www.google.com/bot.html)"
66.249.76.84 - - [14/Dec/2017:06:39:31 +0100] "GET /berndorf/team HTTP/1.1" 200 2977 "-" "Mozilla/5.0 (compatible; Googlebot/2.1; +http://www.google.com/bot.html)"
81.5.203.38 - - [14/Dec/2017:06:39:33 +0100] "GET /tulln/img/mobile/close-button.png HTTP/1.1" 404 3043 "-" "Mozilla/5.0 (iPhone; CPU iPhone OS 11_0_3 like Mac OS X) AppleWebKit/604.1.38 (KHTML, like Gecko) Mobile/15A432 [FBAN/FBIOS;FBAV/152.0.0.45.135;FBBV/83301214;FBDV/iPhone7,2;FBMD/iPhone;FBSN/iOS;FBSV/11.0.3;FBSS/2;FBCR/A1;FBID/phone;FBLC/de_DE;FBOP/5;FBRV/83301214]"
46.125.249.5 - - [14/Dec/2017:06:39:35 +0100] "GET /schwechat/10280404?FS=B HTTP/1.1" 200 3330 "http://m.facebook.com" "Mozilla/5.0 (iPhone; CPU iPhone OS 11_1_2 like Mac OS X) AppleWebKit/604.3.5 (KHTML, like Gecko) Mobile/15B202 [FBAN/FBIOS;FBAV/151.0.0.61.202;FBBV/82156572;FBDV/iPhone7,2;FBMD/iPhone;FBSN/iOS;FBSV/11.1.2;FBSS/2;FBCR/T-MobileA;FBID/phone;FBLC/de_DE;FBOP/5;FBRV/83502753]"
94.136.13.132 - - [14/Dec/2017:06:39:35 +0100] "GET /st.valentin/img/smallicon-person.png HTTP/1.1" 404 3095 "-" "Mozilla/5.0 (iPhone; CPU iPhone OS 10_3_3 like Mac OS X) AppleWebKit/603.3.8 (KHTML, like Gecko) Mobile/14G60 [FBAN/FBIOS;FBAV/135.0.0.45.90;FBBV/66877072;FBDV/iPhone8,1;FBMD/iPhone;FBSN/iOS;FBSV/10.3.3;FBSS/2;FBCR/3Austria;FBID/phone;FBLC/de_DE;FBOP/5;FBRV/67567098]"
94.136.13.132 - - [14/Dec/2017:06:39:40 +0100] "GET /st.valentin/img/smallicon-person.png HTTP/1.1" 404 3095 "-" "Mozilla/5.0 (iPhone; CPU iPhone OS 10_3_3 like Mac OS X) AppleWebKit/603.3.8 (KHTML, like Gecko) Mobile/14G60 [FBAN/FBIOS;FBAV/135.0.0.45.90;FBBV/66877072;FBDV/iPhone8,1;FBMD/iPhone;FBSN/iOS;FBSV/10.3.3;FBSS/2;FBCR/3Austria;FBID/phone;FBLC/de_DE;FBOP/5;FBRV/67567098]"
213.162.73.244 - - [14/Dec/2017:06:39:47 +0100] "POST /brigittenau/kursauswahl HTTP/1.1" 200 3033 "https://www.easydrivers.at/brigittenau" "Mozilla/5.0 (iPhone; CPU iPhone OS 11_1_2 like Mac OS X) AppleWebKit/604.1.34 (KHTML, like Gecko) GSA/40.1.177082287 Mobile/15B202 Safari/604.1"
213.162.73.244 - - [14/Dec/2017:06:39:50 +0100] "POST /loadkursliste HTTP/1.1" 200 907 "https://www.easydrivers.at/brigittenau/kursauswahl" "Mozilla/5.0 (iPhone; CPU iPhone OS 11_1_2 like Mac OS X) AppleWebKit/604.1.34 (KHTML, like Gecko) GSA/40.1.177082287 Mobile/15B202 Safari/604.1"
77.119.131.245 - - [14/Dec/2017:06:39:54 +0100] "GET /brigittenau/10268964 HTTP/1.1" 200 2887 "http://m.facebook.com/" "Mozilla/5.0 (Linux; Android 8.0.0; BLA-L09 Build/HUAWEIBLA-L09; wv) AppleWebKit/537.36 (KHTML, like Gecko) Version/4.0 Chrome/62.0.3202.84 Mobile Safari/537.36 [FB_IAB/FB4A;FBAV/152.0.0.42.136;]"
46.125.249.5 - - [14/Dec/2017:06:39:56 +0100] "GET /schwechat/img/mobile/easydrivers-logo-mobile.png HTTP/1.1" 404 3106 "-" "Mozilla/5.0 (iPhone; CPU iPhone OS 11_1_2 like Mac OS X) AppleWebKit/604.3.5 (KHTML, like Gecko) Mobile/15B202 [FBAN/FBIOS;FBAV/151.0.0.61.202;FBBV/82156572;FBDV/iPhone7,2;FBMD/iPhone;FBSN/iOS;FBSV/11.1.2;FBSS/2;FBCR/T-MobileA;FBID/phone;FBLC/de_DE;FBOP/5;FBRV/83502753]"
81.5.203.38 - - [14/Dec/2017:06:40:03 +0100] "GET /tulln/img/mobile/info-close-button.png HTTP/1.1" 404 3047 "-" "Mozilla/5.0 (iPhone; CPU iPhone OS 11_0_3 like Mac OS X) AppleWebKit/604.1.38 (KHTML, like Gecko) Mobile/15A432 [FBAN/FBIOS;FBAV/152.0.0.45.135;FBBV/83301214;FBDV/iPhone7,2;FBMD/iPhone;FBSN/iOS;FBSV/11.0.3;FBSS/2;FBCR/A1;FBID/phone;FBLC/de_DE;FBOP/5;FBRV/83301214]"
178.190.56.33 - - [14/Dec/2017:06:40:04 +0100] "GET /tulln/Weihnachtskurs_Abendkurs_Dezember_2017?FS=B HTTP/1.1" 200 3264 "http://m.facebook.com/" "Mozilla/5.0 (Linux; Android 6.0.1; SM-J710F Build/MMB29K; wv) AppleWebKit/537.36 (KHTML, like Gecko) Version/4.0 Chrome/63.0.3239.83 Mobile Safari/537.36 [FB_IAB/FB4A;FBAV/152.0.0.42.136;]"
89.26.49.251 - - [14/Dec/2017:06:40:16 +0100] "GET /ennstal.schladming/wfk-22-12-2017?FS=B HTTP/1.1" 200 3217 "http://m.facebook.com" "Mozilla/5.0 (iPhone; CPU iPhone OS 11_1_2 like Mac OS X) AppleWebKit/604.3.5 (KHTML, like Gecko) Mobile/15B202 [FBAN/FBIOS;FBAV/152.0.0.45.135;FBBV/83301214;FBDV/iPhone9,3;FBMD/iPhone;FBSN/iOS;FBSV/11.1.2;FBSS/2;FBCR/A1;FBID/phone;FBLC/de_DE;FBOP/5;FBRV/84141153]"
89.26.49.251 - - [14/Dec/2017:06:40:19 +0100] "GET /ennstal.schladming/img/mobile/easydrivers-logo-mobile.png HTTP/1.1" 404 3061 "-" "Mozilla/5.0 (iPhone; CPU iPhone OS 11_1_2 like Mac OS X) AppleWebKit/604.3.5 (KHTML, like Gecko) Mobile/15B202 [FBAN/FBIOS;FBAV/152.0.0.45.135;FBBV/83301214;FBDV/iPhone9,3;FBMD/iPhone;FBSN/iOS;FBSV/11.1.2;FBSS/2;FBCR/A1;FBID/phone;FBLC/de_DE;FBOP/5;FBRV/84141153]"
213.162.73.244 - - [14/Dec/2017:06:40:25 +0100] "GET /brigittenau HTTP/1.1" 200 2933 "https://www.google.at/" "Mozilla/5.0 (iPhone; CPU iPhone OS 11_1_2 like Mac OS X) AppleWebKit/604.1.34 (KHTML, like Gecko) GSA/40.1.177082287 Mobile/15B202 Safari/604.1"
213.162.68.52 - - [14/Dec/2017:06:40:31 +0100] "GET /wallensteinplatz HTTP/1.1" 301 304 "https://www.google.at/" "Mozilla/5.0 (iPhone; CPU iPhone OS 11_1_2 like Mac OS X) AppleWebKit/604.1.34 (KHTML, like Gecko) GSA/40.1.177082287 Mobile/15B202 Safari/604.1"
213.162.73.244 - - [14/Dec/2017:06:40:31 +0100] "GET /wallensteinplatz HTTP/1.1" 200 2927 "https://www.google.at/" "Mozilla/5.0 (iPhone; CPU iPhone OS 11_1_2 like Mac OS X) AppleWebKit/604.1.34 (KHTML, like Gecko) GSA/40.1.177082287 Mobile/15B202 Safari/604.1"
46.125.249.5 - - [14/Dec/2017:06:40:32 +0100] "GET /schwechat/img/mobile/menu-button.png HTTP/1.1" 404 3112 "-" "Mozilla/5.0 (iPhone; CPU iPhone OS 11_1_2 like Mac OS X) AppleWebKit/604.3.5 (KHTML, like Gecko) Mobile/15B202 [FBAN/FBIOS;FBAV/151.0.0.61.202;FBBV/82156572;FBDV/iPhone7,2;FBMD/iPhone;FBSN/iOS;FBSV/11.1.2;FBSS/2;FBCR/T-MobileA;FBID/phone;FBLC/de_DE;FBOP/5;FBRV/83502753]"
81.5.203.38 - - [14/Dec/2017:06:40:33 +0100] "GET /tulln/img/mobile/info-button.png HTTP/1.1" 404 3044 "-" "Mozilla/5.0 (iPhone; CPU iPhone OS 11_0_3 like Mac OS X) AppleWebKit/604.1.38 (KHTML, like Gecko) Mobile/15A432 [FBAN/FBIOS;FBAV/152.0.0.45.135;FBBV/83301214;FBDV/iPhone7,2;FBMD/iPhone;FBSN/iOS;FBSV/11.0.3;FBSS/2;FBCR/A1;FBID/phone;FBLC/de_DE;FBOP/5;FBRV/83301214]"
81.5.203.38 - - [14/Dec/2017:06:40:33 +0100] "GET /tulln/img/mobile/facebook-icon.png HTTP/1.1" 404 3040 "-" "Mozilla/5.0 (iPhone; CPU iPhone OS 11_0_3 like Mac OS X) AppleWebKit/604.1.38 (KHTML, like Gecko) Mobile/15A432 [FBAN/FBIOS;FBAV/152.0.0.45.135;FBBV/83301214;FBDV/iPhone7,2;FBMD/iPhone;FBSN/iOS;FBSV/11.0.3;FBSS/2;FBCR/A1;FBID/phone;FBLC/de_DE;FBOP/5;FBRV/83301214]"
89.26.49.251 - - [14/Dec/2017:06:40:49 +0100] "GET /ennstal.schladming/img/mobile/menu-button.png HTTP/1.1" 404 3066 "-" "Mozilla/5.0 (iPhone; CPU iPhone OS 11_1_2 like Mac OS X) AppleWebKit/604.3.5 (KHTML, like Gecko) Mobile/15B202 [FBAN/FBIOS;FBAV/152.0.0.45.135;FBBV/83301214;FBDV/iPhone9,3;FBMD/iPhone;FBSN/iOS;FBSV/11.1.2;FBSS/2;FBCR/A1;FBID/phone;FBLC/de_DE;FBOP/5;FBRV/84141153]"
46.125.249.5 - - [14/Dec/2017:06:40:57 +0100] "GET /schwechat/img/mobile/close-button.png HTTP/1.1" 404 3114 "-" "Mozilla/5.0 (iPhone; CPU iPhone OS 11_1_2 like Mac OS X) AppleWebKit/604.3.5 (KHTML, like Gecko) Mobile/15B202 [FBAN/FBIOS;FBAV/151.0.0.61.202;FBBV/82156572;FBDV/iPhone7,2;FBMD/iPhone;FBSN/iOS;FBSV/11.1.2;FBSS/2;FBCR/T-MobileA;FBID/phone;FBLC/de_DE;FBOP/5;FBRV/83502753]"
81.5.203.38 - - [14/Dec/2017:06:41:03 +0100] "GET /tulln/img/smallicon-address.png HTTP/1.1" 404 3046 "-" "Mozilla/5.0 (iPhone; CPU iPhone OS 11_0_3 like Mac OS X) AppleWebKit/604.1.38 (KHTML, like Gecko) Mobile/15A432 [FBAN/FBIOS;FBAV/152.0.0.45.135;FBBV/83301214;FBDV/iPhone7,2;FBMD/iPhone;FBSN/iOS;FBSV/11.0.3;FBSS/2;FBCR/A1;FBID/phone;FBLC/de_DE;FBOP/5;FBRV/83301214]"
91.141.2.49 - - [14/Dec/2017:06:41:14 +0100] "GET /st.valentin/10293790?FS=B HTTP/1.1" 200 3077 "http://m.facebook.com" "Mozilla/5.0 (iPhone; CPU iPhone OS 11_1_2 like Mac OS X) AppleWebKit/604.3.5 (KHTML, like Gecko) Mobile/15B202 [FBAN/FBIOS;FBAV/152.0.0.45.135;FBBV/83301214;FBDV/iPhone7,2;FBMD/iPhone;FBSN/iOS;FBSV/11.1.2;FBSS/2;FBCR/3Austria;FBID/phone;FBLC/de_DE;FBOP/5;FBRV/84141153]"
199.203.92.234 - - [14/Dec/2017:06:41:21 +0100] "GET / HTTP/1.1" 301 294 "-" "Mozilla/4.0 (compatible; MSIE 8.0; Windows NT 6.1; Trident/4.0)"
89.26.49.251 - - [14/Dec/2017:06:41:19 +0100] "GET /ennstal.schladming/img/mobile/facebook-icon.png HTTP/1.1" 404 3066 "-" "Mozilla/5.0 (iPhone; CPU iPhone OS 11_1_2 like Mac OS X) AppleWebKit/604.3.5 (KHTML, like Gecko) Mobile/15B202 [FBAN/FBIOS;FBAV/152.0.0.45.135;FBBV/83301214;FBDV/iPhone9,3;FBMD/iPhone;FBSN/iOS;FBSV/11.1.2;FBSS/2;FBCR/A1;FBID/phone;FBLC/de_DE;FBOP/5;FBRV/84141153]"
194.107.24.33 - - [14/Dec/2017:06:41:26 +0100] "GET /st.valentin/10293790?FS=B HTTP/1.1" 200 3077 "http://m.facebook.com" "Mozilla/5.0 (iPhone; CPU iPhone OS 11_2 like Mac OS X) AppleWebKit/604.4.7 (KHTML, like Gecko) Mobile/15C114 [FBAN/FBIOS;FBAV/152.0.0.45.135;FBBV/83301214;FBDV/iPhone9,3;FBMD/iPhone;FBSN/iOS;FBSV/11.2;FBSS/2;FBCR/3Austria;FBID/phone;FBLC/de_DE;FBOP/5;FBRV/84311412]"
46.125.249.5 - - [14/Dec/2017:06:41:27 +0100] "GET /schwechat/img/mobile/facebook-icon.png HTTP/1.1" 404 3112 "-" "Mozilla/5.0 (iPhone; CPU iPhone OS 11_1_2 like Mac OS X) AppleWebKit/604.3.5 (KHTML, like Gecko) Mobile/15B202 [FBAN/FBIOS;FBAV/151.0.0.61.202;FBBV/82156572;FBDV/iPhone7,2;FBMD/iPhone;FBSN/iOS;FBSV/11.1.2;FBSS/2;FBCR/T-MobileA;FBID/phone;FBLC/de_DE;FBOP/5;FBRV/83502753]"
194.107.24.33 - - [14/Dec/2017:06:41:28 +0100] "GET /st.valentin/img/mobile/easydrivers-logo-mobile.png HTTP/1.1" 404 3086 "-" "Mozilla/5.0 (iPhone; CPU iPhone OS 11_2 like Mac OS X) AppleWebKit/604.4.7 (KHTML, like Gecko) Mobile/15C114 [FBAN/FBIOS;FBAV/152.0.0.45.135;FBBV/83301214;FBDV/iPhone9,3;FBMD/iPhone;FBSN/iOS;FBSV/11.2;FBSS/2;FBCR/3Austria;FBID/phone;FBLC/de_DE;FBOP/5;FBRV/84311412]"
40.77.167.175 - - [14/Dec/2017:06:41:36 +0100] "GET /binaries/easy-drivers-rudi-dornbirn/infoblatt--3.pdf HTTP/1.1" 301 326 "-" "Mozilla/5.0 (iPhone; CPU iPhone OS 7_0 like Mac OS X) AppleWebKit/537.51.1 (KHTML, like Gecko) Version/7.0 Mobile/11A465 Safari/9537.53 (compatible; bingbot/2.0; +http://www.bing.com/bingbot.htm)"
194.107.24.8 - - [14/Dec/2017:06:41:45 +0100] "-" 408 - "-" "-"
194.107.24.8 - - [14/Dec/2017:06:41:45 +0100] "-" 408 - "-" "-"
89.26.49.251 - - [14/Dec/2017:06:41:49 +0100] "GET /ennstal.schladming/img/mobile/info-button.png HTTP/1.1" 404 3069 "-" "Mozilla/5.0 (iPhone; CPU iPhone OS 11_1_2 like Mac OS X) AppleWebKit/604.3.5 (KHTML, like Gecko) Mobile/15B202 [FBAN/FBIOS;FBAV/152.0.0.45.135;FBBV/83301214;FBDV/iPhone9,3;FBMD/iPhone;FBSN/iOS;FBSV/11.1.2;FBSS/2;FBCR/A1;FBID/phone;FBLC/de_DE;FBOP/5;FBRV/84141153]"
213.225.13.190 - - [14/Dec/2017:06:41:49 +0100] "GET /easy_drivers_st._peterau/Weihnachtskurs-2017?FS=B HTTP/1.1" 200 3113 "http://m.facebook.com" "Mozilla/5.0 (iPhone; CPU iPhone OS 11_1_2 like Mac OS X) AppleWebKit/604.3.5 (KHTML, like Gecko) Mobile/15B202 [FBAN/FBIOS;FBAV/152.0.0.45.135;FBBV/83301214;FBDV/iPhone9,3;FBMD/iPhone;FBSN/iOS;FBSV/11.1.2;FBSS/2;FBCR/A1;FBID/phone;FBLC/de_DE;FBOP/5;FBRV/84311412]"
81.5.203.38 - - [14/Dec/2017:06:41:54 +0100] "-" 408 - "-" "-"
40.77.167.175 - - [14/Dec/2017:06:41:56 +0100] "GET /binaries/easy-drivers-rudi-dornbirn/infoblatt--3.pdf HTTP/1.1" 200 209999 "-" "Mozilla/5.0 (iPhone; CPU iPhone OS 7_0 like Mac OS X) AppleWebKit/537.51.1 (KHTML, like Gecko) Version/7.0 Mobile/11A465 Safari/9537.53 (compatible; bingbot/2.0; +http://www.bing.com/bingbot.htm)"
46.125.249.5 - - [14/Dec/2017:06:41:57 +0100] "GET /schwechat/img/smallicon-address.png HTTP/1.1" 404 3117 "-" "Mozilla/5.0 (iPhone; CPU iPhone OS 11_1_2 like Mac OS X) AppleWebKit/604.3.5 (KHTML, like Gecko) Mobile/15B202 [FBAN/FBIOS;FBAV/151.0.0.61.202;FBBV/82156572;FBDV/iPhone7,2;FBMD/iPhone;FBSN/iOS;FBSV/11.1.2;FBSS/2;FBCR/T-MobileA;FBID/phone;FBLC/de_DE;FBOP/5;FBRV/83502753]"
194.107.24.33 - - [14/Dec/2017:06:41:58 +0100] "GET /st.valentin/img/mobile/menu-button.png HTTP/1.1" 404 3092 "-" "Mozilla/5.0 (iPhone; CPU iPhone OS 11_2 like Mac OS X) AppleWebKit/604.4.7 (KHTML, like Gecko) Mobile/15C114 [FBAN/FBIOS;FBAV/152.0.0.45.135;FBBV/83301214;FBDV/iPhone9,3;FBMD/iPhone;FBSN/iOS;FBSV/11.2;FBSS/2;FBCR/3Austria;FBID/phone;FBLC/de_DE;FBOP/5;FBRV/84311412]"
89.26.49.251 - - [14/Dec/2017:06:42:19 +0100] "GET /ennstal.schladming/img/mobile/smallicon-mail.png HTTP/1.1" 404 3072 "-" "Mozilla/5.0 (iPhone; CPU iPhone OS 11_1_2 like Mac OS X) AppleWebKit/604.3.5 (KHTML, like Gecko) Mobile/15B202 [FBAN/FBIOS;FBAV/152.0.0.45.135;FBBV/83301214;FBDV/iPhone9,3;FBMD/iPhone;FBSN/iOS;FBSV/11.1.2;FBSS/2;FBCR/A1;FBID/phone;FBLC/de_DE;FBOP/5;FBRV/84141153]"
89.26.49.251 - - [14/Dec/2017:06:42:19 +0100] "GET /ennstal.schladming/img/smallicon-address.png HTTP/1.1" 404 3071 "-" "Mozilla/5.0 (iPhone; CPU iPhone OS 11_1_2 like Mac OS X) AppleWebKit/604.3.5 (KHTML, like Gecko) Mobile/15B202 [FBAN/FBIOS;FBAV/152.0.0.45.135;FBBV/83301214;FBDV/iPhone9,3;FBMD/iPhone;FBSN/iOS;FBSV/11.1.2;FBSS/2;FBCR/A1;FBID/phone;FBLC/de_DE;FBOP/5;FBRV/84141153]"
66.249.76.84 - - [14/Dec/2017:06:42:21 +0100] "GET /berndorf/10253556 HTTP/1.1" 200 2935 "-" "Mozilla/5.0 (compatible; Googlebot/2.1; +http://www.google.com/bot.html)"
46.125.249.5 - - [14/Dec/2017:06:42:28 +0100] "GET /schwechat/img/smallicon-mail.png HTTP/1.1" 404 3117 "-" "Mozilla/5.0 (iPhone; CPU iPhone OS 11_1_2 like Mac OS X) AppleWebKit/604.3.5 (KHTML, like Gecko) Mobile/15B202 [FBAN/FBIOS;FBAV/151.0.0.61.202;FBBV/82156572;FBDV/iPhone7,2;FBMD/iPhone;FBSN/iOS;FBSV/11.1.2;FBSS/2;FBCR/T-MobileA;FBID/phone;FBLC/de_DE;FBOP/5;FBRV/83502753]"
194.107.24.33 - - [14/Dec/2017:06:42:28 +0100] "GET /st.valentin/img/mobile/close-button.png HTTP/1.1" 404 3094 "-" "Mozilla/5.0 (iPhone; CPU iPhone OS 11_2 like Mac OS X) AppleWebKit/604.4.7 (KHTML, like Gecko) Mobile/15C114 [FBAN/FBIOS;FBAV/152.0.0.45.135;FBBV/83301214;FBDV/iPhone9,3;FBMD/iPhone;FBSN/iOS;FBSV/11.2;FBSS/2;FBCR/3Austria;FBID/phone;FBLC/de_DE;FBOP/5;FBRV/84311412]"
194.118.41.8 - - [14/Dec/2017:06:42:36 +0100] "GET /kapfenberg.pankl/Kurs-Dezember-2017?FS=B HTTP/1.1" 200 3133 "http://m.facebook.com" "Mozilla/5.0 (iPhone; CPU iPhone OS 11_2 like Mac OS X) AppleWebKit/604.4.7 (KHTML, like Gecko) Mobile/15C114 [FBAN/FBIOS;FBAV/152.0.0.45.135;FBBV/83301214;FBDV/iPhone8,1;FBMD/iPhone;FBSN/iOS;FBSV/11.2;FBSS/2;FBCR/A1;FBID/phone;FBLC/de_DE;FBOP/5;FBRV/84311412]"
89.26.49.251 - - [14/Dec/2017:06:42:49 +0100] "GET /ennstal.schladming/img/smallicon-phone.png HTTP/1.1" 404 3070 "-" "Mozilla/5.0 (iPhone; CPU iPhone OS 11_1_2 like Mac OS X) AppleWebKit/604.3.5 (KHTML, like Gecko) Mobile/15B202 [FBAN/FBIOS;FBAV/152.0.0.45.135;FBBV/83301214;FBDV/iPhone9,3;FBMD/iPhone;FBSN/iOS;FBSV/11.1.2;FBSS/2;FBCR/A1;FBID/phone;FBLC/de_DE;FBOP/5;FBRV/84141153]"
194.107.24.33 - - [14/Dec/2017:06:42:59 +0100] "GET /st.valentin/img/mobile/info-button.png HTTP/1.1" 404 3094 "-" "Mozilla/5.0 (iPhone; CPU iPhone OS 11_2 like Mac OS X) AppleWebKit/604.4.7 (KHTML, like Gecko) Mobile/15C114 [FBAN/FBIOS;FBAV/152.0.0.45.135;FBBV/83301214;FBDV/iPhone9,3;FBMD/iPhone;FBSN/iOS;FBSV/11.2;FBSS/2;FBCR/3Austria;FBID/phone;FBLC/de_DE;FBOP/5;FBRV/84311412]"
89.26.49.251 - - [14/Dec/2017:06:43:19 +0100] "GET /ennstal.schladming/img/mobile/smallicon-mail.png HTTP/1.1" 404 3072 "-" "Mozilla/5.0 (iPhone; CPU iPhone OS 11_1_2 like Mac OS X) AppleWebKit/604.3.5 (KHTML, like Gecko) Mobile/15B202 [FBAN/FBIOS;FBAV/152.0.0.45.135;FBBV/83301214;FBDV/iPhone9,3;FBMD/iPhone;FBSN/iOS;FBSV/11.1.2;FBSS/2;FBCR/A1;FBID/phone;FBLC/de_DE;FBOP/5;FBRV/84141153]"
77.75.74.75 - - [14/Dec/2017:06:43:26 +0100] "GET /robots.txt HTTP/1.1" 301 300 "-" "Mozilla/5.0 (compatible; SeznamBot/3.2-test1-1; +http://napoveda.seznam.cz/en/seznambot-intro/)"
77.75.74.75 - - [14/Dec/2017:06:43:26 +0100] "GET /ennstal.schladming HTTP/1.1" 301 306 "-" "Mozilla/5.0 (compatible; SeznamBot/3.2-test1-1; +http://napoveda.seznam.cz/en/seznambot-intro/)"
194.107.24.33 - - [14/Dec/2017:06:43:29 +0100] "GET /st.valentin/img/mobile/facebook-icon.png HTTP/1.1" 404 3092 "-" "Mozilla/5.0 (iPhone; CPU iPhone OS 11_2 like Mac OS X) AppleWebKit/604.4.7 (KHTML, like Gecko) Mobile/15C114 [FBAN/FBIOS;FBAV/152.0.0.45.135;FBBV/83301214;FBDV/iPhone9,3;FBMD/iPhone;FBSN/iOS;FBSV/11.2;FBSS/2;FBCR/3Austria;FBID/phone;FBLC/de_DE;FBOP/5;FBRV/84311412]"
157.55.39.233 - - [14/Dec/2017:06:43:34 +0100] "GET /dornbirn/aktionen HTTP/1.1" 301 305 "-" "Mozilla/5.0 (compatible; bingbot/2.0; +http://www.bing.com/bingbot.htm)"
77.119.131.229 - - [14/Dec/2017:06:43:32 +0100] "GET /tulln/Weihnachtskurs_Abendkurs_Dezember_2017?FS=B HTTP/1.1" 200 3264 "http://m.facebook.com" "Mozilla/5.0 (iPhone; CPU iPhone OS 11_1_2 like Mac OS X) AppleWebKit/604.3.5 (KHTML, like Gecko) Mobile/15B202 [FBAN/FBIOS;FBAV/152.0.0.45.135;FBBV/83301214;FBDV/iPhone6,2;FBMD/iPhone;FBSN/iOS;FBSV/11.1.2;FBSS/2;FBCR/3Austria;FBID/phone;FBLC/de_DE;FBOP/5;FBRV/84311412]"
77.119.131.229 - - [14/Dec/2017:06:43:37 +0100] "GET /tulln/img/mobile/easydrivers-logo-mobile.png HTTP/1.1" 404 3035 "-" "Mozilla/5.0 (iPhone; CPU iPhone OS 11_1_2 like Mac OS X) AppleWebKit/604.3.5 (KHTML, like Gecko) Mobile/15B202 [FBAN/FBIOS;FBAV/152.0.0.45.135;FBBV/83301214;FBDV/iPhone6,2;FBMD/iPhone;FBSN/iOS;FBSV/11.1.2;FBSS/2;FBCR/3Austria;FBID/phone;FBLC/de_DE;FBOP/5;FBRV/84311412]"
194.107.24.33 - - [14/Dec/2017:06:43:59 +0100] "GET /st.valentin/img/smallicon-person.png HTTP/1.1" 404 3095 "-" "Mozilla/5.0 (iPhone; CPU iPhone OS 11_2 like Mac OS X) AppleWebKit/604.4.7 (KHTML, like Gecko) Mobile/15C114 [FBAN/FBIOS;FBAV/152.0.0.45.135;FBBV/83301214;FBDV/iPhone9,3;FBMD/iPhone;FBSN/iOS;FBSV/11.2;FBSS/2;FBCR/3Austria;FBID/phone;FBLC/de_DE;FBOP/5;FBRV/84311412]"
213.162.72.245 - - [14/Dec/2017:06:44:01 +0100] "GET /linz?gclid=EAIaIQobChMIy8W_9uWI2AIVV8YbCh3y2Qs-EAAYASAAEgIFBfD_BwE HTTP/1.1" 200 3530 "-" "Mozilla/5.0 (Linux; Android 4.4.4; T1-A21w Build/HuaweiMediaPad) AppleWebKit/537.36 (KHTML, like Gecko) Version/4.0 Chrome/33.0.0.0 Safari/537.36"
213.162.72.245 - - [14/Dec/2017:06:44:03 +0100] "GET /css/style.css HTTP/1.1" 200 5004 "https://www.easydrivers.at/linz?gclid=EAIaIQobChMIy8W_9uWI2AIVV8YbCh3y2Qs-EAAYASAAEgIFBfD_BwE" "Mozilla/5.0 (Linux; Android 4.4.4; T1-A21w Build/HuaweiMediaPad) AppleWebKit/537.36 (KHTML, like Gecko) Version/4.0 Chrome/33.0.0.0 Safari/537.36"
213.162.72.245 - - [14/Dec/2017:06:44:03 +0100] "GET /javascript/jquery.customSelect.min.js HTTP/1.1" 200 912 "https://www.easydrivers.at/linz?gclid=EAIaIQobChMIy8W_9uWI2AIVV8YbCh3y2Qs-EAAYASAAEgIFBfD_BwE" "Mozilla/5.0 (Linux; Android 4.4.4; T1-A21w Build/HuaweiMediaPad) AppleWebKit/537.36 (KHTML, like Gecko) Version/4.0 Chrome/33.0.0.0 Safari/537.36"
213.162.72.245 - - [14/Dec/2017:06:44:03 +0100] "GET /javascript/jquery.simplemodal.js HTTP/1.1" 200 3070 "https://www.easydrivers.at/linz?gclid=EAIaIQobChMIy8W_9uWI2AIVV8YbCh3y2Qs-EAAYASAAEgIFBfD_BwE" "Mozilla/5.0 (Linux; Android 4.4.4; T1-A21w Build/HuaweiMediaPad) AppleWebKit/537.36 (KHTML, like Gecko) Version/4.0 Chrome/33.0.0.0 Safari/537.36"
213.162.72.245 - - [14/Dec/2017:06:44:03 +0100] "GET /javascript/jquery.cookie.js HTTP/1.1" 200 863 "https://www.easydrivers.at/linz?gclid=EAIaIQobChMIy8W_9uWI2AIVV8YbCh3y2Qs-EAAYASAAEgIFBfD_BwE" "Mozilla/5.0 (Linux; Android 4.4.4; T1-A21w Build/HuaweiMediaPad) AppleWebKit/537.36 (KHTML, like Gecko) Version/4.0 Chrome/33.0.0.0 Safari/537.36"
213.162.72.245 - - [14/Dec/2017:06:44:03 +0100] "GET /javascript/fahrschule.js HTTP/1.1" 200 462 "https://www.easydrivers.at/linz?gclid=EAIaIQobChMIy8W_9uWI2AIVV8YbCh3y2Qs-EAAYASAAEgIFBfD_BwE" "Mozilla/5.0 (Linux; Android 4.4.4; T1-A21w Build/HuaweiMediaPad) AppleWebKit/537.36 (KHTML, like Gecko) Version/4.0 Chrome/33.0.0.0 Safari/537.36"
213.162.72.245 - - [14/Dec/2017:06:44:03 +0100] "GET /css/print.css HTTP/1.1" 200 967 "https://www.easydrivers.at/linz?gclid=EAIaIQobChMIy8W_9uWI2AIVV8YbCh3y2Qs-EAAYASAAEgIFBfD_BwE" "Mozilla/5.0 (Linux; Android 4.4.4; T1-A21w Build/HuaweiMediaPad) AppleWebKit/537.36 (KHTML, like Gecko) Version/4.0 Chrome/33.0.0.0 Safari/537.36"
213.162.72.245 - - [14/Dec/2017:06:44:03 +0100] "GET /javascript/lazyload.js HTTP/1.1" 200 1170 "https://www.easydrivers.at/linz?gclid=EAIaIQobChMIy8W_9uWI2AIVV8YbCh3y2Qs-EAAYASAAEgIFBfD_BwE" "Mozilla/5.0 (Linux; Android 4.4.4; T1-A21w Build/HuaweiMediaPad) AppleWebKit/537.36 (KHTML, like Gecko) Version/4.0 Chrome/33.0.0.0 Safari/537.36"
213.162.72.245 - - [14/Dec/2017:06:44:03 +0100] "GET /javascript/portal.js?1221842734 HTTP/1.1" 200 3529 "https://www.easydrivers.at/linz?gclid=EAIaIQobChMIy8W_9uWI2AIVV8YbCh3y2Qs-EAAYASAAEgIFBfD_BwE" "Mozilla/5.0 (Linux; Android 4.4.4; T1-A21w Build/HuaweiMediaPad) AppleWebKit/537.36 (KHTML, like Gecko) Version/4.0 Chrome/33.0.0.0 Safari/537.36"
213.162.72.245 - - [14/Dec/2017:06:44:04 +0100] "GET /img/close-button.png HTTP/1.1" 200 2237 "https://www.easydrivers.at/linz?gclid=EAIaIQobChMIy8W_9uWI2AIVV8YbCh3y2Qs-EAAYASAAEgIFBfD_BwE" "Mozilla/5.0 (Linux; Android 4.4.4; T1-A21w Build/HuaweiMediaPad) AppleWebKit/537.36 (KHTML, like Gecko) Version/4.0 Chrome/33.0.0.0 Safari/537.36"
213.162.72.245 - - [14/Dec/2017:06:44:04 +0100] "GET /img/facebook-icon.png HTTP/1.1" 200 1506 "https://www.easydrivers.at/linz?gclid=EAIaIQobChMIy8W_9uWI2AIVV8YbCh3y2Qs-EAAYASAAEgIFBfD_BwE" "Mozilla/5.0 (Linux; Android 4.4.4; T1-A21w Build/HuaweiMediaPad) AppleWebKit/537.36 (KHTML, like Gecko) Version/4.0 Chrome/33.0.0.0 Safari/537.36"
213.162.72.245 - - [14/Dec/2017:06:44:04 +0100] "GET /img/info-button.png HTTP/1.1" 200 738 "https://www.easydrivers.at/linz?gclid=EAIaIQobChMIy8W_9uWI2AIVV8YbCh3y2Qs-EAAYASAAEgIFBfD_BwE" "Mozilla/5.0 (Linux; Android 4.4.4; T1-A21w Build/HuaweiMediaPad) AppleWebKit/537.36 (KHTML, like Gecko) Version/4.0 Chrome/33.0.0.0 Safari/537.36"
213.162.72.245 - - [14/Dec/2017:06:44:04 +0100] "GET /img/locator-icon.png HTTP/1.1" 200 1377 "https://www.easydrivers.at/linz?gclid=EAIaIQobChMIy8W_9uWI2AIVV8YbCh3y2Qs-EAAYASAAEgIFBfD_BwE" "Mozilla/5.0 (Linux; Android 4.4.4; T1-A21w Build/HuaweiMediaPad) AppleWebKit/537.36 (KHTML, like Gecko) Version/4.0 Chrome/33.0.0.0 Safari/537.36"
213.162.72.245 - - [14/Dec/2017:06:44:04 +0100] "GET /img/close-button-small.png HTTP/1.1" 200 1671 "https://www.easydrivers.at/linz?gclid=EAIaIQobChMIy8W_9uWI2AIVV8YbCh3y2Qs-EAAYASAAEgIFBfD_BwE" "Mozilla/5.0 (Linux; Android 4.4.4; T1-A21w Build/HuaweiMediaPad) AppleWebKit/537.36 (KHTML, like Gecko) Version/4.0 Chrome/33.0.0.0 Safari/537.36"
213.162.72.245 - - [14/Dec/2017:06:44:04 +0100] "GET /img/submit-button.png HTTP/1.1" 200 1958 "https://www.easydrivers.at/linz?gclid=EAIaIQobChMIy8W_9uWI2AIVV8YbCh3y2Qs-EAAYASAAEgIFBfD_BwE" "Mozilla/5.0 (Linux; Android 4.4.4; T1-A21w Build/HuaweiMediaPad) AppleWebKit/537.36 (KHTML, like Gecko) Version/4.0 Chrome/33.0.0.0 Safari/537.36"
213.162.72.245 - - [14/Dec/2017:06:44:04 +0100] "GET /img/empty.gif HTTP/1.1" 200 43 "https://www.easydrivers.at/linz?gclid=EAIaIQobChMIy8W_9uWI2AIVV8YbCh3y2Qs-EAAYASAAEgIFBfD_BwE" "Mozilla/5.0 (Linux; Android 4.4.4; T1-A21w Build/HuaweiMediaPad) AppleWebKit/537.36 (KHTML, like Gecko) Version/4.0 Chrome/33.0.0.0 Safari/537.36"
213.162.72.245 - - [14/Dec/2017:06:44:04 +0100] "GET /cache/emu/images/easy-drivers-portal10293349/fb-aktion2jpg_160_84_0.jpg HTTP/1.1" 200 5082 "https://www.easydrivers.at/linz?gclid=EAIaIQobChMIy8W_9uWI2AIVV8YbCh3y2Qs-EAAYASAAEgIFBfD_BwE" "Mozilla/5.0 (Linux; Android 4.4.4; T1-A21w Build/HuaweiMediaPad) AppleWebKit/537.36 (KHTML, like Gecko) Version/4.0 Chrome/33.0.0.0 Safari/537.36"
213.162.72.245 - - [14/Dec/2017:06:44:04 +0100] "GET /img/schweiz-icon.png HTTP/1.1" 200 1504 "https://www.easydrivers.at/linz?gclid=EAIaIQobChMIy8W_9uWI2AIVV8YbCh3y2Qs-EAAYASAAEgIFBfD_BwE" "Mozilla/5.0 (Linux; Android 4.4.4; T1-A21w Build/HuaweiMediaPad) AppleWebKit/537.36 (KHTML, like Gecko) Version/4.0 Chrome/33.0.0.0 Safari/537.36"
213.162.72.245 - - [14/Dec/2017:06:44:04 +0100] "GET /cache/emu/images/easy-drivers-portal10280670/fahrsicherheitstraining-foto-playpng_160_90_0.png HTTP/1.1" 200 28455 "https://www.easydrivers.at/linz?gclid=EAIaIQobChMIy8W_9uWI2AIVV8YbCh3y2Qs-EAAYASAAEgIFBfD_BwE" "Mozilla/5.0 (Linux; Android 4.4.4; T1-A21w Build/HuaweiMediaPad) AppleWebKit/537.36 (KHTML, like Gecko) Version/4.0 Chrome/33.0.0.0 Safari/537.36"
213.162.72.245 - - [14/Dec/2017:06:44:04 +0100] "GET /img/ED_Logo.png HTTP/1.1" 200 3385 "https://www.easydrivers.at/linz?gclid=EAIaIQobChMIy8W_9uWI2AIVV8YbCh3y2Qs-EAAYASAAEgIFBfD_BwE" "Mozilla/5.0 (Linux; Android 4.4.4; T1-A21w Build/HuaweiMediaPad) AppleWebKit/537.36 (KHTML, like Gecko) Version/4.0 Chrome/33.0.0.0 Safari/537.36"
213.162.72.245 - - [14/Dec/2017:06:44:04 +0100] "GET /img/purple-dots-horizontal.png HTTP/1.1" 200 977 "https://www.easydrivers.at/linz?gclid=EAIaIQobChMIy8W_9uWI2AIVV8YbCh3y2Qs-EAAYASAAEgIFBfD_BwE" "Mozilla/5.0 (Linux; Android 4.4.4; T1-A21w Build/HuaweiMediaPad) AppleWebKit/537.36 (KHTML, like Gecko) Version/4.0 Chrome/33.0.0.0 Safari/537.36"
213.162.72.245 - - [14/Dec/2017:06:44:04 +0100] "GET /img/yellow-dots-vertical.png HTTP/1.1" 200 981 "https://www.easydrivers.at/linz?gclid=EAIaIQobChMIy8W_9uWI2AIVV8YbCh3y2Qs-EAAYASAAEgIFBfD_BwE" "Mozilla/5.0 (Linux; Android 4.4.4; T1-A21w Build/HuaweiMediaPad) AppleWebKit/537.36 (KHTML, like Gecko) Version/4.0 Chrome/33.0.0.0 Safari/537.36"
213.162.72.245 - - [14/Dec/2017:06:44:04 +0100] "GET /img/kursicon-print-pink.png HTTP/1.1" 200 1125 "https://www.easydrivers.at/linz?gclid=EAIaIQobChMIy8W_9uWI2AIVV8YbCh3y2Qs-EAAYASAAEgIFBfD_BwE" "Mozilla/5.0 (Linux; Android 4.4.4; T1-A21w Build/HuaweiMediaPad) AppleWebKit/537.36 (KHTML, like Gecko) Version/4.0 Chrome/33.0.0.0 Safari/537.36"
213.162.72.245 - - [14/Dec/2017:06:44:04 +0100] "GET /img/kursicon-download-pink.png HTTP/1.1" 200 1213 "https://www.easydrivers.at/linz?gclid=EAIaIQobChMIy8W_9uWI2AIVV8YbCh3y2Qs-EAAYASAAEgIFBfD_BwE" "Mozilla/5.0 (Linux; Android 4.4.4; T1-A21w Build/HuaweiMediaPad) AppleWebKit/537.36 (KHTML, like Gecko) Version/4.0 Chrome/33.0.0.0 Safari/537.36"
213.162.72.245 - - [14/Dec/2017:06:44:04 +0100] "GET /img/bg-header.jpg HTTP/1.1" 200 38680 "https://www.easydrivers.at/linz?gclid=EAIaIQobChMIy8W_9uWI2AIVV8YbCh3y2Qs-EAAYASAAEgIFBfD_BwE" "Mozilla/5.0 (Linux; Android 4.4.4; T1-A21w Build/HuaweiMediaPad) AppleWebKit/537.36 (KHTML, like Gecko) Version/4.0 Chrome/33.0.0.0 Safari/537.36"
213.162.72.245 - - [14/Dec/2017:06:44:04 +0100] "GET /img/kursicon-share-pink.png HTTP/1.1" 200 1277 "https://www.easydrivers.at/linz?gclid=EAIaIQobChMIy8W_9uWI2AIVV8YbCh3y2Qs-EAAYASAAEgIFBfD_BwE" "Mozilla/5.0 (Linux; Android 4.4.4; T1-A21w Build/HuaweiMediaPad) AppleWebKit/537.36 (KHTML, like Gecko) Version/4.0 Chrome/33.0.0.0 Safari/537.36"
213.162.72.245 - - [14/Dec/2017:06:44:04 +0100] "GET /img/kursicon-phone-pink.png HTTP/1.1" 200 1286 "https://www.easydrivers.at/linz?gclid=EAIaIQobChMIy8W_9uWI2AIVV8YbCh3y2Qs-EAAYASAAEgIFBfD_BwE" "Mozilla/5.0 (Linux; Android 4.4.4; T1-A21w Build/HuaweiMediaPad) AppleWebKit/537.36 (KHTML, like Gecko) Version/4.0 Chrome/33.0.0.0 Safari/537.36"
213.162.72.245 - - [14/Dec/2017:06:44:04 +0100] "GET /img/bg-footer.jpg HTTP/1.1" 200 31770 "https://www.easydrivers.at/linz?gclid=EAIaIQobChMIy8W_9uWI2AIVV8YbCh3y2Qs-EAAYASAAEgIFBfD_BwE" "Mozilla/5.0 (Linux; Android 4.4.4; T1-A21w Build/HuaweiMediaPad) AppleWebKit/537.36 (KHTML, like Gecko) Version/4.0 Chrome/33.0.0.0 Safari/537.36"
213.162.72.245 - - [14/Dec/2017:06:44:04 +0100] "GET /img/bg-top-section.jpg HTTP/1.1" 200 82172 "https://www.easydrivers.at/linz?gclid=EAIaIQobChMIy8W_9uWI2AIVV8YbCh3y2Qs-EAAYASAAEgIFBfD_BwE" "Mozilla/5.0 (Linux; Android 4.4.4; T1-A21w Build/HuaweiMediaPad) AppleWebKit/537.36 (KHTML, like Gecko) Version/4.0 Chrome/33.0.0.0 Safari/537.36"
213.162.72.245 - - [14/Dec/2017:06:44:05 +0100] "GET /img/new_favicon.ico HTTP/1.1" 301 306 "-" "Mozilla/5.0 (Linux; Android 4.4.4; T1-A21w Build/HuaweiMediaPad) AppleWebKit/537.36 (KHTML, like Gecko) Version/4.0 Chrome/33.0.0.0 Safari/537.36"
213.162.72.245 - - [14/Dec/2017:06:44:05 +0100] "GET /img/new_favicon.ico HTTP/1.1" 200 1150 "-" "Mozilla/5.0 (Linux; Android 4.4.4; T1-A21w Build/HuaweiMediaPad) AppleWebKit/537.36 (KHTML, like Gecko) Version/4.0 Chrome/33.0.0.0 Safari/537.36"
77.119.131.229 - - [14/Dec/2017:06:44:07 +0100] "GET /tulln/img/mobile/menu-button.png HTTP/1.1" 404 3042 "-" "Mozilla/5.0 (iPhone; CPU iPhone OS 11_1_2 like Mac OS X) AppleWebKit/604.3.5 (KHTML, like Gecko) Mobile/15B202 [FBAN/FBIOS;FBAV/152.0.0.45.135;FBBV/83301214;FBDV/iPhone6,2;FBMD/iPhone;FBSN/iOS;FBSV/11.1.2;FBSS/2;FBCR/3Austria;FBID/phone;FBLC/de_DE;FBOP/5;FBRV/84311412]"
217.250.175.187 - - [14/Dec/2017:06:44:24 +0100] "GET /waidhofen.ybbs/kurse HTTP/1.1" 200 4843 "-" "Mozilla/5.0 (Windows; U; Windows NT 6.0; de; rv:1.9.2.3) Gecko/20100401 Firefox/3.6.3 ( .NET CLR 3.5.30729)"
40.77.167.175 - - [14/Dec/2017:06:44:38 +0100] "GET /schwechat HTTP/1.1" 301 299 "-" "Mozilla/5.0 (compatible; bingbot/2.0; +http://www.bing.com/bingbot.htm)"
66.249.76.76 - - [14/Dec/2017:06:44:39 +0100] "GET /st.poelten HTTP/1.1" 301 300 "-" "Mozilla/5.0 (compatible; Googlebot/2.1; +http://www.google.com/bot.html)"
77.119.131.229 - - [14/Dec/2017:06:44:37 +0100] "GET /tulln/img/mobile/googlemaps-pin.png HTTP/1.1" 404 3043 "-" "Mozilla/5.0 (iPhone; CPU iPhone OS 11_1_2 like Mac OS X) AppleWebKit/604.3.5 (KHTML, like Gecko) Mobile/15B202 [FBAN/FBIOS;FBAV/152.0.0.45.135;FBBV/83301214;FBDV/iPhone6,2;FBMD/iPhone;FBSN/iOS;FBSV/11.1.2;FBSS/2;FBCR/3Austria;FBID/phone;FBLC/de_DE;FBOP/5;FBRV/84311412]"
66.249.76.80 - - [14/Dec/2017:06:44:40 +0100] "GET /st.poelten HTTP/1.1" 200 3501 "-" "Mozilla/5.0 (compatible; Googlebot/2.1; +http://www.google.com/bot.html)"
213.162.73.164 - - [14/Dec/2017:06:44:46 +0100] "GET /hollabrunn/Grundkurs_Weihnachten_2017?FS=B HTTP/1.1" 200 3287 "http://m.facebook.com" "Mozilla/5.0 (iPhone; CPU iPhone OS 11_1_2 like Mac OS X) AppleWebKit/604.3.5 (KHTML, like Gecko) Mobile/15B202 [FBAN/FBIOS;FBAV/152.0.0.45.135;FBBV/83301214;FBDV/iPhone8,1;FBMD/iPhone;FBSN/iOS;FBSV/11.1.2;FBSS/2;FBCR/3Austria;FBID/phone;FBLC/de_DE;FBOP/5;FBRV/84311412]"
212.124.158.75 - - [14/Dec/2017:06:44:49 +0100] "GET /amstetten/weihnachtskurs?FS=B HTTP/1.1" 200 3162 "http://m.facebook.com" "Mozilla/5.0 (iPhone; CPU iPhone OS 11_1_2 like Mac OS X) AppleWebKit/604.3.5 (KHTML, like Gecko) Mobile/15B202 [FBAN/FBIOS;FBAV/152.0.0.45.135;FBBV/83301214;FBDV/iPhone9,3;FBMD/iPhone;FBSN/iOS;FBSV/11.1.2;FBSS/2;FBCR/T-MobileA;FBID/phone;FBLC/hr_HR;FBOP/5;FBRV/84141153]"
212.124.158.75 - - [14/Dec/2017:06:44:52 +0100] "GET /amstetten/img/mobile/easydrivers-logo-mobile.png HTTP/1.1" 404 3095 "-" "Mozilla/5.0 (iPhone; CPU iPhone OS 11_1_2 like Mac OS X) AppleWebKit/604.3.5 (KHTML, like Gecko) Mobile/15B202 [FBAN/FBIOS;FBAV/152.0.0.45.135;FBBV/83301214;FBDV/iPhone9,3;FBMD/iPhone;FBSN/iOS;FBSV/11.1.2;FBSS/2;FBCR/T-MobileA;FBID/phone;FBLC/hr_HR;FBOP/5;FBRV/84141153]"
157.55.39.233 - - [14/Dec/2017:06:44:57 +0100] "GET /dornbirn/10248216?FS=B HTTP/1.1" 301 310 "-" "Mozilla/5.0 (compatible; bingbot/2.0; +http://www.bing.com/bingbot.htm)"
216.244.66.243 - - [14/Dec/2017:06:44:59 +0100] "GET /robots.txt HTTP/1.1" 301 397 "-" "Mozilla/5.0 (compatible; DotBot/1.1; http://www.opensiteexplorer.org/dotbot, help@moz.com)"
216.244.66.243 - - [14/Dec/2017:06:45:02 +0100] "GET /robots.txt HTTP/1.1" 200 178 "-" "Mozilla/5.0 (compatible; DotBot/1.1; http://www.opensiteexplorer.org/dotbot, help@moz.com)"
188.22.255.131 - - [14/Dec/2017:06:44:59 +0100] "GET /krems/10276251 HTTP/1.1" 200 3275 "http://m.facebook.com" "Mozilla/5.0 (iPhone; CPU iPhone OS 10_3_3 like Mac OS X) AppleWebKit/603.3.8 (KHTML, like Gecko) Mobile/14G60 [FBAN/FBIOS;FBAV/150.0.0.32.132;FBBV/80278251;FBDV/iPhone6,2;FBMD/iPhone;FBSN/iOS;FBSV/10.3.3;FBSS/2;FBCR/OrangeRomania;FBID/phone;FBLC/ro_RO;FBOP/5;FBRV/82362498]"
188.22.255.131 - - [14/Dec/2017:06:45:02 +0100] "GET /krems/img/mobile/easydrivers-logo-mobile.png HTTP/1.1" 404 3160 "-" "Mozilla/5.0 (iPhone; CPU iPhone OS 10_3_3 like Mac OS X) AppleWebKit/603.3.8 (KHTML, like Gecko) Mobile/14G60 [FBAN/FBIOS;FBAV/150.0.0.32.132;FBBV/80278251;FBDV/iPhone6,2;FBMD/iPhone;FBSN/iOS;FBSV/10.3.3;FBSS/2;FBCR/OrangeRomania;FBID/phone;FBLC/ro_RO;FBOP/5;FBRV/82362498]"
77.119.131.229 - - [14/Dec/2017:06:45:08 +0100] "GET /tulln/img/smallicon-person.png HTTP/1.1" 404 3044 "-" "Mozilla/5.0 (iPhone; CPU iPhone OS 11_1_2 like Mac OS X) AppleWebKit/604.3.5 (KHTML, like Gecko) Mobile/15B202 [FBAN/FBIOS;FBAV/152.0.0.45.135;FBBV/83301214;FBDV/iPhone6,2;FBMD/iPhone;FBSN/iOS;FBSV/11.1.2;FBSS/2;FBCR/3Austria;FBID/phone;FBLC/de_DE;FBOP/5;FBRV/84311412]"
212.124.158.75 - - [14/Dec/2017:06:45:22 +0100] "GET /amstetten/img/mobile/menu-button.png HTTP/1.1" 404 3101 "-" "Mozilla/5.0 (iPhone; CPU iPhone OS 11_1_2 like Mac OS X) AppleWebKit/604.3.5 (KHTML, like Gecko) Mobile/15B202 [FBAN/FBIOS;FBAV/152.0.0.45.135;FBBV/83301214;FBDV/iPhone9,3;FBMD/iPhone;FBSN/iOS;FBSV/11.1.2;FBSS/2;FBCR/T-MobileA;FBID/phone;FBLC/hr_HR;FBOP/5;FBRV/84141153]"
188.22.255.131 - - [14/Dec/2017:06:45:32 +0100] "GET /krems/img/mobile/menu-button.png HTTP/1.1" 404 3160 "-" "Mozilla/5.0 (iPhone; CPU iPhone OS 10_3_3 like Mac OS X) AppleWebKit/603.3.8 (KHTML, like Gecko) Mobile/14G60 [FBAN/FBIOS;FBAV/150.0.0.32.132;FBBV/80278251;FBDV/iPhone6,2;FBMD/iPhone;FBSN/iOS;FBSV/10.3.3;FBSS/2;FBCR/OrangeRomania;FBID/phone;FBLC/ro_RO;FBOP/5;FBRV/82362498]"
77.119.131.229 - - [14/Dec/2017:06:45:38 +0100] "GET /tulln/img/smallicon-address.png HTTP/1.1" 404 3046 "-" "Mozilla/5.0 (iPhone; CPU iPhone OS 11_1_2 like Mac OS X) AppleWebKit/604.3.5 (KHTML, like Gecko) Mobile/15B202 [FBAN/FBIOS;FBAV/152.0.0.45.135;FBBV/83301214;FBDV/iPhone6,2;FBMD/iPhone;FBSN/iOS;FBSV/11.1.2;FBSS/2;FBCR/3Austria;FBID/phone;FBLC/de_DE;FBOP/5;FBRV/84311412]"
157.55.39.233 - - [14/Dec/2017:06:45:43 +0100] "GET /binaries/easy-drivers-bad-v/antrag-lpdf.pdf HTTP/1.1" 200 87224 "-" "Mozilla/5.0 (compatible; bingbot/2.0; +http://www.bing.com/bingbot.htm)"
185.71.255.130 - - [14/Dec/2017:06:45:52 +0100] "GET /linz/10286170?FS=B HTTP/1.1" 200 3158 "http://m.facebook.com/" "Mozilla/5.0 (Linux; Android 7.0; SM-G930F Build/NRD90M; wv) AppleWebKit/537.36 (KHTML, like Gecko) Version/4.0 Chrome/63.0.3239.83 Mobile Safari/537.36 [FB_IAB/FB4A;FBAV/152.0.0.42.136;]"
212.124.158.75 - - [14/Dec/2017:06:45:52 +0100] "GET /amstetten/img/mobile/facebook-icon.png HTTP/1.1" 404 3100 "-" "Mozilla/5.0 (iPhone; CPU iPhone OS 11_1_2 like Mac OS X) AppleWebKit/604.3.5 (KHTML, like Gecko) Mobile/15B202 [FBAN/FBIOS;FBAV/152.0.0.45.135;FBBV/83301214;FBDV/iPhone9,3;FBMD/iPhone;FBSN/iOS;FBSV/11.1.2;FBSS/2;FBCR/T-MobileA;FBID/phone;FBLC/hr_HR;FBOP/5;FBRV/84141153]"
213.225.5.67 - - [14/Dec/2017:06:46:01 +0100] "GET /tulln/Weihnachtskurs_Abendkurs_Dezember_2017?FS=B HTTP/1.1" 200 3264 "http://m.facebook.com" "Mozilla/5.0 (iPhone; CPU iPhone OS 11_1 like Mac OS X) AppleWebKit/604.3.5 (KHTML, like Gecko) Mobile/15B93 [FBAN/FBIOS;FBAV/152.0.0.45.135;FBBV/83301214;FBDV/iPhone8,1;FBMD/iPhone;FBSN/iOS;FBSV/11.1;FBSS/2;FBCR/A1;FBID/phone;FBLC/de_DE;FBOP/5;FBRV/84311412]"
