62.46.98.47 - - [14/Dec/2017:07:46:03 +0100] "GET /img/mobile/pfeil-rechts-small.png HTTP/1.1" 200 1056 "https://www.easydrivers.at/css/mobile.css" "Mozilla/5.0 (Linux; Android 7.0; SM-G935F Build/NRD90M; wv) AppleWebKit/537.36 (KHTML, like Gecko) Version/4.0 Chrome/63.0.3239.83 Mobile Safari/537.36 [FB_IAB/FB4A;FBAV/153.0.0.53.88;]"
62.46.98.47 - - [14/Dec/2017:07:46:09 +0100] "GET /hollabrunn/Grundkurs_Weihnachten_2017?FS=B&channel=fullversion HTTP/1.1" 200 5971 "https://www.easydrivers.at/hollabrunn/Grundkurs_Weihnachten_2017?FS=B" "Mozilla/5.0 (Linux; Android 7.0; SM-G935F Build/NRD90M; wv) AppleWebKit/537.36 (KHTML, like Gecko) Version/4.0 Chrome/63.0.3239.83 Mobile Safari/537.36 [FB_IAB/FB4A;FBAV/153.0.0.53.88;]"
62.46.98.47 - - [14/Dec/2017:07:46:11 +0100] "GET /css/style.css HTTP/1.1" 200 5004 "https://www.easydrivers.at/hollabrunn/Grundkurs_Weihnachten_2017?FS=B&channel=fullversion" "Mozilla/5.0 (Linux; Android 7.0; SM-G935F Build/NRD90M; wv) AppleWebKit/537.36 (KHTML, like Gecko) Version/4.0 Chrome/63.0.3239.83 Mobile Safari/537.36 [FB_IAB/FB4A;FBAV/153.0.0.53.88;]"
62.46.98.47 - - [14/Dec/2017:07:46:11 +0100] "GET /css/showLoading.css HTTP/1.1" 200 219 "https://www.easydrivers.at/hollabrunn/Grundkurs_Weihnachten_2017?FS=B&channel=fullversion" "Mozilla/5.0 (Linux; Android 7.0; SM-G935F Build/NRD90M; wv) AppleWebKit/537.36 (KHTML, like Gecko) Version/4.0 Chrome/63.0.3239.83 Mobile Safari/537.36 [FB_IAB/FB4A;FBAV/153.0.0.53.88;]"
62.46.98.47 - - [14/Dec/2017:07:46:11 +0100] "GET /javascript/jquery.customSelect.min.js HTTP/1.1" 200 912 "https://www.easydrivers.at/hollabrunn/Grundkurs_Weihnachten_2017?FS=B&channel=fullversion" "Mozilla/5.0 (Linux; Android 7.0; SM-G935F Build/NRD90M; wv) AppleWebKit/537.36 (KHTML, like Gecko) Version/4.0 Chrome/63.0.3239.83 Mobile Safari/537.36 [FB_IAB/FB4A;FBAV/153.0.0.53.88;]"
62.46.98.47 - - [14/Dec/2017:07:46:11 +0100] "GET /javascript/portal.js?1221842734 HTTP/1.1" 200 3529 "https://www.easydrivers.at/hollabrunn/Grundkurs_Weihnachten_2017?FS=B&channel=fullversion" "Mozilla/5.0 (Linux; Android 7.0; SM-G935F Build/NRD90M; wv) AppleWebKit/537.36 (KHTML, like Gecko) Version/4.0 Chrome/63.0.3239.83 Mobile Safari/537.36 [FB_IAB/FB4A;FBAV/153.0.0.53.88;]"
62.46.98.47 - - [14/Dec/2017:07:46:11 +0100] "GET /javascript/fahrschule.js HTTP/1.1" 200 462 "https://www.easydrivers.at/hollabrunn/Grundkurs_Weihnachten_2017?FS=B&channel=fullversion" "Mozilla/5.0 (Linux; Android 7.0; SM-G935F Build/NRD90M; wv) AppleWebKit/537.36 (KHTML, like Gecko) Version/4.0 Chrome/63.0.3239.83 Mobile Safari/537.36 [FB_IAB/FB4A;FBAV/153.0.0.53.88;]"
62.46.98.47 - - [14/Dec/2017:07:46:12 +0100] "GET /javascript/suche.js HTTP/1.1" 200 209 "https://www.easydrivers.at/hollabrunn/Grundkurs_Weihnachten_2017?FS=B&channel=fullversion" "Mozilla/5.0 (Linux; Android 7.0; SM-G935F Build/NRD90M; wv) AppleWebKit/537.36 (KHTML, like Gecko) Version/4.0 Chrome/63.0.3239.83 Mobile Safari/537.36 [FB_IAB/FB4A;FBAV/153.0.0.53.88;]"
62.46.98.47 - - [14/Dec/2017:07:46:12 +0100] "GET /javascript/jquery.showLoading.min.js HTTP/1.1" 200 1136 "https://www.easydrivers.at/hollabrunn/Grundkurs_Weihnachten_2017?FS=B&channel=fullversion" "Mozilla/5.0 (Linux; Android 7.0; SM-G935F Build/NRD90M; wv) AppleWebKit/537.36 (KHTML, like Gecko) Version/4.0 Chrome/63.0.3239.83 Mobile Safari/537.36 [FB_IAB/FB4A;FBAV/153.0.0.53.88;]"
62.46.98.47 - - [14/Dec/2017:07:46:12 +0100] "GET /javascript/jquery.base64.min.js HTTP/1.1" 200 37135 "https://www.easydrivers.at/hollabrunn/Grundkurs_Weihnachten_2017?FS=B&channel=fullversion" "Mozilla/5.0 (Linux; Android 7.0; SM-G935F Build/NRD90M; wv) AppleWebKit/537.36 (KHTML, like Gecko) Version/4.0 Chrome/63.0.3239.83 Mobile Safari/537.36 [FB_IAB/FB4A;FBAV/153.0.0.53.88;]"
62.46.98.47 - - [14/Dec/2017:07:46:12 +0100] "GET /img/facebook-icon.png HTTP/1.1" 200 1506 "https://www.easydrivers.at/hollabrunn/Grundkurs_Weihnachten_2017?FS=B&channel=fullversion" "Mozilla/5.0 (Linux; Android 7.0; SM-G935F Build/NRD90M; wv) AppleWebKit/537.36 (KHTML, like Gecko) Version/4.0 Chrome/63.0.3239.83 Mobile Safari/537.36 [FB_IAB/FB4A;FBAV/153.0.0.53.88;]"
62.46.98.47 - - [14/Dec/2017:07:46:12 +0100] "GET /img/info-button.png HTTP/1.1" 200 738 "https://www.easydrivers.at/hollabrunn/Grundkurs_Weihnachten_2017?FS=B&channel=fullversion" "Mozilla/5.0 (Linux; Android 7.0; SM-G935F Build/NRD90M; wv) AppleWebKit/537.36 (KHTML, like Gecko) Version/4.0 Chrome/63.0.3239.83 Mobile Safari/537.36 [FB_IAB/FB4A;FBAV/153.0.0.53.88;]"
62.46.98.47 - - [14/Dec/2017:07:46:12 +0100] "GET /img/locator-icon.png HTTP/1.1" 200 1377 "https://www.easydrivers.at/hollabrunn/Grundkurs_Weihnachten_2017?FS=B&channel=fullversion" "Mozilla/5.0 (Linux; Android 7.0; SM-G935F Build/NRD90M; wv) AppleWebKit/537.36 (KHTML, like Gecko) Version/4.0 Chrome/63.0.3239.83 Mobile Safari/537.36 [FB_IAB/FB4A;FBAV/153.0.0.53.88;]"
62.46.98.47 - - [14/Dec/2017:07:46:12 +0100] "GET /img/close-button.png HTTP/1.1" 200 2237 "https://www.easydrivers.at/hollabrunn/Grundkurs_Weihnachten_2017?FS=B&channel=fullversion" "Mozilla/5.0 (Linux; Android 7.0; SM-G935F Build/NRD90M; wv) AppleWebKit/537.36 (KHTML, like Gecko) Version/4.0 Chrome/63.0.3239.83 Mobile Safari/537.36 [FB_IAB/FB4A;FBAV/153.0.0.53.88;]"
62.46.98.47 - - [14/Dec/2017:07:46:12 +0100] "GET /img/close-button-small.png HTTP/1.1" 200 1671 "https://www.easydrivers.at/hollabrunn/Grundkurs_Weihnachten_2017?FS=B&channel=fullversion" "Mozilla/5.0 (Linux; Android 7.0; SM-G935F Build/NRD90M; wv) AppleWebKit/537.36 (KHTML, like Gecko) Version/4.0 Chrome/63.0.3239.83 Mobile Safari/537.36 [FB_IAB/FB4A;FBAV/153.0.0.53.88;]"
62.46.98.47 - - [14/Dec/2017:07:46:12 +0100] "GET /img/purple-dots-horizontal.png HTTP/1.1" 200 977 "https://www.easydrivers.at/css/style.css" "Mozilla/5.0 (Linux; Android 7.0; SM-G935F Build/NRD90M; wv) AppleWebKit/537.36 (KHTML, like Gecko) Version/4.0 Chrome/63.0.3239.83 Mobile Safari/537.36 [FB_IAB/FB4A;FBAV/153.0.0.53.88;]"
62.46.98.47 - - [14/Dec/2017:07:46:12 +0100] "GET /img/kursicon-print.png HTTP/1.1" 200 1184 "https://www.easydrivers.at/hollabrunn/Grundkurs_Weihnachten_2017?FS=B&channel=fullversion" "Mozilla/5.0 (Linux; Android 7.0; SM-G935F Build/NRD90M; wv) AppleWebKit/537.36 (KHTML, like Gecko) Version/4.0 Chrome/63.0.3239.83 Mobile Safari/537.36 [FB_IAB/FB4A;FBAV/153.0.0.53.88;]"
62.46.98.47 - - [14/Dec/2017:07:46:12 +0100] "GET /img/ED_Logo.png HTTP/1.1" 200 3385 "https://www.easydrivers.at/css/style.css" "Mozilla/5.0 (Linux; Android 7.0; SM-G935F Build/NRD90M; wv) AppleWebKit/537.36 (KHTML, like Gecko) Version/4.0 Chrome/63.0.3239.83 Mobile Safari/537.36 [FB_IAB/FB4A;FBAV/153.0.0.53.88;]"
62.46.98.47 - - [14/Dec/2017:07:46:12 +0100] "GET /img/bg-yellow.jpg HTTP/1.1" 200 2250 "https://www.easydrivers.at/css/style.css" "Mozilla/5.0 (Linux; Android 7.0; SM-G935F Build/NRD90M; wv) AppleWebKit/537.36 (KHTML, like Gecko) Version/4.0 Chrome/63.0.3239.83 Mobile Safari/537.36 [FB_IAB/FB4A;FBAV/153.0.0.53.88;]"
62.46.98.47 - - [14/Dec/2017:07:46:12 +0100] "GET /img/top-image-overlay.png HTTP/1.1" 200 20650 "https://www.easydrivers.at/css/style.css" "Mozilla/5.0 (Linux; Android 7.0; SM-G935F Build/NRD90M; wv) AppleWebKit/537.36 (KHTML, like Gecko) Version/4.0 Chrome/63.0.3239.83 Mobile Safari/537.36 [FB_IAB/FB4A;FBAV/153.0.0.53.88;]"
62.46.98.47 - - [14/Dec/2017:07:46:12 +0100] "GET /img/arrow-up.png HTTP/1.1" 200 1081 "https://www.easydrivers.at/css/style.css" "Mozilla/5.0 (Linux; Android 7.0; SM-G935F Build/NRD90M; wv) AppleWebKit/537.36 (KHTML, like Gecko) Version/4.0 Chrome/63.0.3239.83 Mobile Safari/537.36 [FB_IAB/FB4A;FBAV/153.0.0.53.88;]"
62.46.98.47 - - [14/Dec/2017:07:46:12 +0100] "GET /img/bg-top-section.jpg HTTP/1.1" 200 82172 "https://www.easydrivers.at/css/style.css" "Mozilla/5.0 (Linux; Android 7.0; SM-G935F Build/NRD90M; wv) AppleWebKit/537.36 (KHTML, like Gecko) Version/4.0 Chrome/63.0.3239.83 Mobile Safari/537.36 [FB_IAB/FB4A;FBAV/153.0.0.53.88;]"
62.46.98.47 - - [14/Dec/2017:07:46:12 +0100] "GET /img/bg-header.jpg HTTP/1.1" 200 38680 "https://www.easydrivers.at/css/style.css" "Mozilla/5.0 (Linux; Android 7.0; SM-G935F Build/NRD90M; wv) AppleWebKit/537.36 (KHTML, like Gecko) Version/4.0 Chrome/63.0.3239.83 Mobile Safari/537.36 [FB_IAB/FB4A;FBAV/153.0.0.53.88;]"
62.46.98.47 - - [14/Dec/2017:07:46:12 +0100] "GET /binaries/easy-drivers-portal/pkw8jpg-1.jpg HTTP/1.1" 200 77231 "https://www.easydrivers.at/hollabrunn/Grundkurs_Weihnachten_2017?FS=B&channel=fullversion" "Mozilla/5.0 (Linux; Android 7.0; SM-G935F Build/NRD90M; wv) AppleWebKit/537.36 (KHTML, like Gecko) Version/4.0 Chrome/63.0.3239.83 Mobile Safari/537.36 [FB_IAB/FB4A;FBAV/153.0.0.53.88;]"
62.46.98.47 - - [14/Dec/2017:07:46:12 +0100] "GET /img/kursicon-download.png HTTP/1.1" 200 1218 "https://www.easydrivers.at/hollabrunn/Grundkurs_Weihnachten_2017?FS=B&channel=fullversion" "Mozilla/5.0 (Linux; Android 7.0; SM-G935F Build/NRD90M; wv) AppleWebKit/537.36 (KHTML, like Gecko) Version/4.0 Chrome/63.0.3239.83 Mobile Safari/537.36 [FB_IAB/FB4A;FBAV/153.0.0.53.88;]"
62.46.98.47 - - [14/Dec/2017:07:46:12 +0100] "GET /img/kursicon-share.png HTTP/1.1" 200 1302 "https://www.easydrivers.at/hollabrunn/Grundkurs_Weihnachten_2017?FS=B&channel=fullversion" "Mozilla/5.0 (Linux; Android 7.0; SM-G935F Build/NRD90M; wv) AppleWebKit/537.36 (KHTML, like Gecko) Version/4.0 Chrome/63.0.3239.83 Mobile Safari/537.36 [FB_IAB/FB4A;FBAV/153.0.0.53.88;]"
62.46.98.47 - - [14/Dec/2017:07:46:12 +0100] "GET /img/kursicon-phone.png HTTP/1.1" 200 1287 "https://www.easydrivers.at/hollabrunn/Grundkurs_Weihnachten_2017?FS=B&channel=fullversion" "Mozilla/5.0 (Linux; Android 7.0; SM-G935F Build/NRD90M; wv) AppleWebKit/537.36 (KHTML, like Gecko) Version/4.0 Chrome/63.0.3239.83 Mobile Safari/537.36 [FB_IAB/FB4A;FBAV/153.0.0.53.88;]"
62.46.98.47 - - [14/Dec/2017:07:46:12 +0100] "GET /cache/emu/images/10244767/_155_124.jpg HTTP/1.1" 200 4862 "https://www.easydrivers.at/hollabrunn/Grundkurs_Weihnachten_2017?FS=B&channel=fullversion" "Mozilla/5.0 (Linux; Android 7.0; SM-G935F Build/NRD90M; wv) AppleWebKit/537.36 (KHTML, like Gecko) Version/4.0 Chrome/63.0.3239.83 Mobile Safari/537.36 [FB_IAB/FB4A;FBAV/153.0.0.53.88;]"
62.46.98.47 - - [14/Dec/2017:07:46:12 +0100] "GET /cache/emu/images/10244770/_155_124.jpg HTTP/1.1" 200 4643 "https://www.easydrivers.at/hollabrunn/Grundkurs_Weihnachten_2017?FS=B&channel=fullversion" "Mozilla/5.0 (Linux; Android 7.0; SM-G935F Build/NRD90M; wv) AppleWebKit/537.36 (KHTML, like Gecko) Version/4.0 Chrome/63.0.3239.83 Mobile Safari/537.36 [FB_IAB/FB4A;FBAV/153.0.0.53.88;]"
62.46.98.47 - - [14/Dec/2017:07:46:12 +0100] "GET /cache/emu/images/10244766/_155_124.jpg HTTP/1.1" 200 4810 "https://www.easydrivers.at/hollabrunn/Grundkurs_Weihnachten_2017?FS=B&channel=fullversion" "Mozilla/5.0 (Linux; Android 7.0; SM-G935F Build/NRD90M; wv) AppleWebKit/537.36 (KHTML, like Gecko) Version/4.0 Chrome/63.0.3239.83 Mobile Safari/537.36 [FB_IAB/FB4A;FBAV/153.0.0.53.88;]"
62.46.98.47 - - [14/Dec/2017:07:46:12 +0100] "GET /cache/emu/images/10244764/_155_124.jpg HTTP/1.1" 200 4667 "https://www.easydrivers.at/hollabrunn/Grundkurs_Weihnachten_2017?FS=B&channel=fullversion" "Mozilla/5.0 (Linux; Android 7.0; SM-G935F Build/NRD90M; wv) AppleWebKit/537.36 (KHTML, like Gecko) Version/4.0 Chrome/63.0.3239.83 Mobile Safari/537.36 [FB_IAB/FB4A;FBAV/153.0.0.53.88;]"
62.46.98.47 - - [14/Dec/2017:07:46:12 +0100] "GET /cache/emu/images/10244771/_155_123.jpg HTTP/1.1" 200 2423 "https://www.easydrivers.at/hollabrunn/Grundkurs_Weihnachten_2017?FS=B&channel=fullversion" "Mozilla/5.0 (Linux; Android 7.0; SM-G935F Build/NRD90M; wv) AppleWebKit/537.36 (KHTML, like Gecko) Version/4.0 Chrome/63.0.3239.83 Mobile Safari/537.36 [FB_IAB/FB4A;FBAV/153.0.0.53.88;]"
62.46.98.47 - - [14/Dec/2017:07:46:12 +0100] "GET /cache/emu/images/10244768/_155_124.jpg HTTP/1.1" 200 5188 "https://www.easydrivers.at/hollabrunn/Grundkurs_Weihnachten_2017?FS=B&channel=fullversion" "Mozilla/5.0 (Linux; Android 7.0; SM-G935F Build/NRD90M; wv) AppleWebKit/537.36 (KHTML, like Gecko) Version/4.0 Chrome/63.0.3239.83 Mobile Safari/537.36 [FB_IAB/FB4A;FBAV/153.0.0.53.88;]"
62.46.98.47 - - [14/Dec/2017:07:46:12 +0100] "GET /img/submit-button.png HTTP/1.1" 200 1958 "https://www.easydrivers.at/hollabrunn/Grundkurs_Weihnachten_2017?FS=B&channel=fullversion" "Mozilla/5.0 (Linux; Android 7.0; SM-G935F Build/NRD90M; wv) AppleWebKit/537.36 (KHTML, like Gecko) Version/4.0 Chrome/63.0.3239.83 Mobile Safari/537.36 [FB_IAB/FB4A;FBAV/153.0.0.53.88;]"
62.46.98.47 - - [14/Dec/2017:07:46:12 +0100] "GET /img/schweiz-icon.png HTTP/1.1" 200 1504 "https://www.easydrivers.at/hollabrunn/Grundkurs_Weihnachten_2017?FS=B&channel=fullversion" "Mozilla/5.0 (Linux; Android 7.0; SM-G935F Build/NRD90M; wv) AppleWebKit/537.36 (KHTML, like Gecko) Version/4.0 Chrome/63.0.3239.83 Mobile Safari/537.36 [FB_IAB/FB4A;FBAV/153.0.0.53.88;]"
62.46.98.47 - - [14/Dec/2017:07:46:12 +0100] "GET /img/arrow-left.png HTTP/1.1" 200 1015 "https://www.easydrivers.at/css/style.css" "Mozilla/5.0 (Linux; Android 7.0; SM-G935F Build/NRD90M; wv) AppleWebKit/537.36 (KHTML, like Gecko) Version/4.0 Chrome/63.0.3239.83 Mobile Safari/537.36 [FB_IAB/FB4A;FBAV/153.0.0.53.88;]"
62.46.98.47 - - [14/Dec/2017:07:46:12 +0100] "GET /img/bg-footer.jpg HTTP/1.1" 200 31770 "https://www.easydrivers.at/css/style.css" "Mozilla/5.0 (Linux; Android 7.0; SM-G935F Build/NRD90M; wv) AppleWebKit/537.36 (KHTML, like Gecko) Version/4.0 Chrome/63.0.3239.83 Mobile Safari/537.36 [FB_IAB/FB4A;FBAV/153.0.0.53.88;]"
62.46.98.47 - - [14/Dec/2017:07:46:12 +0100] "GET /img/kursicon-print-pink.png HTTP/1.1" 200 1125 "https://www.easydrivers.at/hollabrunn/Grundkurs_Weihnachten_2017?FS=B&channel=fullversion" "Mozilla/5.0 (Linux; Android 7.0; SM-G935F Build/NRD90M; wv) AppleWebKit/537.36 (KHTML, like Gecko) Version/4.0 Chrome/63.0.3239.83 Mobile Safari/537.36 [FB_IAB/FB4A;FBAV/153.0.0.53.88;]"
62.46.98.47 - - [14/Dec/2017:07:46:12 +0100] "GET /img/kursicon-download-pink.png HTTP/1.1" 200 1213 "https://www.easydrivers.at/hollabrunn/Grundkurs_Weihnachten_2017?FS=B&channel=fullversion" "Mozilla/5.0 (Linux; Android 7.0; SM-G935F Build/NRD90M; wv) AppleWebKit/537.36 (KHTML, like Gecko) Version/4.0 Chrome/63.0.3239.83 Mobile Safari/537.36 [FB_IAB/FB4A;FBAV/153.0.0.53.88;]"
62.46.98.47 - - [14/Dec/2017:07:46:12 +0100] "GET /img/kursicon-share-pink.png HTTP/1.1" 200 1277 "https://www.easydrivers.at/hollabrunn/Grundkurs_Weihnachten_2017?FS=B&channel=fullversion" "Mozilla/5.0 (Linux; Android 7.0; SM-G935F Build/NRD90M; wv) AppleWebKit/537.36 (KHTML, like Gecko) Version/4.0 Chrome/63.0.3239.83 Mobile Safari/537.36 [FB_IAB/FB4A;FBAV/153.0.0.53.88;]"
62.46.98.47 - - [14/Dec/2017:07:46:12 +0100] "GET /img/kursicon-phone-pink.png HTTP/1.1" 200 1286 "https://www.easydrivers.at/hollabrunn/Grundkurs_Weihnachten_2017?FS=B&channel=fullversion" "Mozilla/5.0 (Linux; Android 7.0; SM-G935F Build/NRD90M; wv) AppleWebKit/537.36 (KHTML, like Gecko) Version/4.0 Chrome/63.0.3239.83 Mobile Safari/537.36 [FB_IAB/FB4A;FBAV/153.0.0.53.88;]"
62.46.98.47 - - [14/Dec/2017:07:46:12 +0100] "GET /css/print.css HTTP/1.1" 200 967 "https://www.easydrivers.at/hollabrunn/Grundkurs_Weihnachten_2017?FS=B&channel=fullversion" "Mozilla/5.0 (Linux; Android 7.0; SM-G935F Build/NRD90M; wv) AppleWebKit/537.36 (KHTML, like Gecko) Version/4.0 Chrome/63.0.3239.83 Mobile Safari/537.36 [FB_IAB/FB4A;FBAV/153.0.0.53.88;]"
178.255.215.64 - - [14/Dec/2017:07:46:20 +0100] "GET /robots.txt HTTP/1.1" 301 300 "-" "Mozilla/5.0 (compatible; Exabot/3.0; +http://www.exabot.com/go/robot)"
178.255.215.64 - - [14/Dec/2017:07:46:20 +0100] "GET /binaries/easy-drivers-steyr/antrag-.pdf HTTP/1.1" 301 315 "-" "Mozilla/5.0 (compatible; Exabot/3.0; +http://www.exabot.com/go/robot)"
77.117.210.42 - - [14/Dec/2017:07:46:20 +0100] "GET /hollabrunn/Grundkurs_Weihnachten_2017?FS=B HTTP/1.1" 200 3287 "http://m.facebook.com" "Mozilla/5.0 (iPhone; CPU iPhone OS 11_1_2 like Mac OS X) AppleWebKit/604.3.5 (KHTML, like Gecko) Mobile/15B202 [FBAN/FBIOS;FBAV/152.0.0.45.135;FBBV/83301214;FBDV/iPhone9,3;FBMD/iPhone;FBSN/iOS;FBSV/11.1.2;FBSS/2;FBCR/3Austria;FBID/phone;FBLC/de_DE;FBOP/5;FBRV/84311412]"
178.255.215.64 - - [14/Dec/2017:07:46:25 +0100] "GET /robots.txt HTTP/1.1" 200 101 "-" "Mozilla/5.0 (compatible; Exabot/3.0; +http://www.exabot.com/go/robot)"
178.255.215.64 - - [14/Dec/2017:07:46:25 +0100] "GET /binaries/easy-drivers-steyr/antrag-.pdf HTTP/1.1" 200 113832 "-" "Mozilla/5.0 (compatible; Exabot/3.0; +http://www.exabot.com/go/robot)"
213.225.2.29 - - [14/Dec/2017:07:46:36 +0100] "GET /easy_drivers_st._peterau/Weihnachtskurs-2017?FS=B HTTP/1.1" 200 3113 "http://m.facebook.com" "Mozilla/5.0 (iPhone; CPU iPhone OS 11_1_1 like Mac OS X) AppleWebKit/604.3.5 (KHTML, like Gecko) Mobile/15B150 [FBAN/FBIOS;FBAV/152.0.0.45.135;FBBV/83301214;FBDV/iPhone8,1;FBMD/iPhone;FBSN/iOS;FBSV/11.1.1;FBSS/2;FBCR/A1;FBID/phone;FBLC/de_DE;FBOP/5;FBRV/84311412]"
213.225.2.29 - - [14/Dec/2017:07:46:40 +0100] "GET /easy_drivers_st._peterau/img/mobile/easydrivers-logo-mobile.png HTTP/1.1" 404 3109 "-" "Mozilla/5.0 (iPhone; CPU iPhone OS 11_1_1 like Mac OS X) AppleWebKit/604.3.5 (KHTML, like Gecko) Mobile/15B150 [FBAN/FBIOS;FBAV/152.0.0.45.135;FBBV/83301214;FBDV/iPhone8,1;FBMD/iPhone;FBSN/iOS;FBSV/11.1.1;FBSS/2;FBCR/A1;FBID/phone;FBLC/de_DE;FBOP/5;FBRV/84311412]"
62.46.98.47 - - [14/Dec/2017:07:46:46 +0100] "GET /hollabrunn/Grundkurs_Weihnachten_2017?FS=B HTTP/1.1" 200 5971 "https://www.easydrivers.at/hollabrunn/Grundkurs_Weihnachten_2017?FS=B&channel=fullversion" "Mozilla/5.0 (Linux; Android 7.0; SM-G935F Build/NRD90M; wv) AppleWebKit/537.36 (KHTML, like Gecko) Version/4.0 Chrome/63.0.3239.83 Mobile Safari/537.36 [FB_IAB/FB4A;FBAV/153.0.0.53.88;]"
62.46.98.47 - - [14/Dec/2017:07:47:01 +0100] "GET /ueberuns HTTP/1.1" 200 3260 "https://www.easydrivers.at/hollabrunn/Grundkurs_Weihnachten_2017?FS=B" "Mozilla/5.0 (Linux; Android 7.0; SM-G935F Build/NRD90M; wv) AppleWebKit/537.36 (KHTML, like Gecko) Version/4.0 Chrome/63.0.3239.83 Mobile Safari/537.36 [FB_IAB/FB4A;FBAV/153.0.0.53.88;]"
62.46.98.47 - - [14/Dec/2017:07:47:03 +0100] "GET /css/history.css HTTP/1.1" 200 609 "https://www.easydrivers.at/ueberuns" "Mozilla/5.0 (Linux; Android 7.0; SM-G935F Build/NRD90M; wv) AppleWebKit/537.36 (KHTML, like Gecko) Version/4.0 Chrome/63.0.3239.83 Mobile Safari/537.36 [FB_IAB/FB4A;FBAV/153.0.0.53.88;]"
62.46.98.47 - - [14/Dec/2017:07:47:03 +0100] "GET /javascript/history.js HTTP/1.1" 200 967 "https://www.easydrivers.at/ueberuns" "Mozilla/5.0 (Linux; Android 7.0; SM-G935F Build/NRD90M; wv) AppleWebKit/537.36 (KHTML, like Gecko) Version/4.0 Chrome/63.0.3239.83 Mobile Safari/537.36 [FB_IAB/FB4A;FBAV/153.0.0.53.88;]"
62.46.98.47 - - [14/Dec/2017:07:47:03 +0100] "GET /binaries/easy-drivers-portal/edwebhistoryillu392x3922jpg.jpg HTTP/1.1" 200 32209 "https://www.easydrivers.at/ueberuns" "Mozilla/5.0 (Linux; Android 7.0; SM-G935F Build/NRD90M; wv) AppleWebKit/537.36 (KHTML, like Gecko) Version/4.0 Chrome/63.0.3239.83 Mobile Safari/537.36 [FB_IAB/FB4A;FBAV/153.0.0.53.88;]"
62.46.98.47 - - [14/Dec/2017:07:47:03 +0100] "GET /binaries/easy-drivers-portal/edwebhistoryillu392x3924jpg.jpg HTTP/1.1" 200 35765 "https://www.easydrivers.at/ueberuns" "Mozilla/5.0 (Linux; Android 7.0; SM-G935F Build/NRD90M; wv) AppleWebKit/537.36 (KHTML, like Gecko) Version/4.0 Chrome/63.0.3239.83 Mobile Safari/537.36 [FB_IAB/FB4A;FBAV/153.0.0.53.88;]"
62.46.98.47 - - [14/Dec/2017:07:47:03 +0100] "GET /binaries/easy-drivers-portal/edwebhistoryillu392x3925jpg.jpg HTTP/1.1" 200 31708 "https://www.easydrivers.at/ueberuns" "Mozilla/5.0 (Linux; Android 7.0; SM-G935F Build/NRD90M; wv) AppleWebKit/537.36 (KHTML, like Gecko) Version/4.0 Chrome/63.0.3239.83 Mobile Safari/537.36 [FB_IAB/FB4A;FBAV/153.0.0.53.88;]"
62.46.98.47 - - [14/Dec/2017:07:47:03 +0100] "GET /binaries/easy-drivers-portal/edwebhistoryillu392x3926jpg.jpg HTTP/1.1" 200 41118 "https://www.easydrivers.at/ueberuns" "Mozilla/5.0 (Linux; Android 7.0; SM-G935F Build/NRD90M; wv) AppleWebKit/537.36 (KHTML, like Gecko) Version/4.0 Chrome/63.0.3239.83 Mobile Safari/537.36 [FB_IAB/FB4A;FBAV/153.0.0.53.88;]"
62.46.98.47 - - [14/Dec/2017:07:47:03 +0100] "GET /binaries/easy-drivers-portal/edwebhistoryillu392x3923jpg.jpg HTTP/1.1" 200 54656 "https://www.easydrivers.at/ueberuns" "Mozilla/5.0 (Linux; Android 7.0; SM-G935F Build/NRD90M; wv) AppleWebKit/537.36 (KHTML, like Gecko) Version/4.0 Chrome/63.0.3239.83 Mobile Safari/537.36 [FB_IAB/FB4A;FBAV/153.0.0.53.88;]"
62.46.98.47 - - [14/Dec/2017:07:47:03 +0100] "GET /binaries/easy-drivers-portal/edwebhistoryillu392x392radjpg.jpg HTTP/1.1" 200 124939 "https://www.easydrivers.at/ueberuns" "Mozilla/5.0 (Linux; Android 7.0; SM-G935F Build/NRD90M; wv) AppleWebKit/537.36 (KHTML, like Gecko) Version/4.0 Chrome/63.0.3239.83 Mobile Safari/537.36 [FB_IAB/FB4A;FBAV/153.0.0.53.88;]"
62.46.98.47 - - [14/Dec/2017:07:47:04 +0100] "GET /binaries/easy-drivers-portal/edwebhistoryillu392x3928jpg.jpg HTTP/1.1" 200 38907 "https://www.easydrivers.at/ueberuns" "Mozilla/5.0 (Linux; Android 7.0; SM-G935F Build/NRD90M; wv) AppleWebKit/537.36 (KHTML, like Gecko) Version/4.0 Chrome/63.0.3239.83 Mobile Safari/537.36 [FB_IAB/FB4A;FBAV/153.0.0.53.88;]"
62.46.98.47 - - [14/Dec/2017:07:47:04 +0100] "GET /binaries/easy-drivers-portal/edwebhistoryillu392x3929jpg.jpg HTTP/1.1" 200 31823 "https://www.easydrivers.at/ueberuns" "Mozilla/5.0 (Linux; Android 7.0; SM-G935F Build/NRD90M; wv) AppleWebKit/537.36 (KHTML, like Gecko) Version/4.0 Chrome/63.0.3239.83 Mobile Safari/537.36 [FB_IAB/FB4A;FBAV/153.0.0.53.88;]"
62.46.98.47 - - [14/Dec/2017:07:47:04 +0100] "GET /binaries/easy-drivers-portal/edwebhistoryillu392x39211jpg.jpg HTTP/1.1" 200 36282 "https://www.easydrivers.at/ueberuns" "Mozilla/5.0 (Linux; Android 7.0; SM-G935F Build/NRD90M; wv) AppleWebKit/537.36 (KHTML, like Gecko) Version/4.0 Chrome/63.0.3239.83 Mobile Safari/537.36 [FB_IAB/FB4A;FBAV/153.0.0.53.88;]"
62.46.98.47 - - [14/Dec/2017:07:47:04 +0100] "GET /binaries/easy-drivers-portal/edwebhistoryillu392x39210jpg.jpg HTTP/1.1" 200 19475 "https://www.easydrivers.at/ueberuns" "Mozilla/5.0 (Linux; Android 7.0; SM-G935F Build/NRD90M; wv) AppleWebKit/537.36 (KHTML, like Gecko) Version/4.0 Chrome/63.0.3239.83 Mobile Safari/537.36 [FB_IAB/FB4A;FBAV/153.0.0.53.88;]"
62.46.98.47 - - [14/Dec/2017:07:47:04 +0100] "GET /binaries/easy-drivers-portal/edwebhistoryillu392x3927jpg.jpg HTTP/1.1" 200 71377 "https://www.easydrivers.at/ueberuns" "Mozilla/5.0 (Linux; Android 7.0; SM-G935F Build/NRD90M; wv) AppleWebKit/537.36 (KHTML, like Gecko) Version/4.0 Chrome/63.0.3239.83 Mobile Safari/537.36 [FB_IAB/FB4A;FBAV/153.0.0.53.88;]"
62.46.98.47 - - [14/Dec/2017:07:47:04 +0100] "GET /binaries/easy-drivers-portal/edwebhistoryillu392x39220kpng.png HTTP/1.1" 200 49333 "https://www.easydrivers.at/ueberuns" "Mozilla/5.0 (Linux; Android 7.0; SM-G935F Build/NRD90M; wv) AppleWebKit/537.36 (KHTML, like Gecko) Version/4.0 Chrome/63.0.3239.83 Mobile Safari/537.36 [FB_IAB/FB4A;FBAV/153.0.0.53.88;]"
213.225.2.29 - - [14/Dec/2017:07:47:11 +0100] "GET /easy_drivers_st._peterau/img/mobile/menu-button.png HTTP/1.1" 404 3114 "-" "Mozilla/5.0 (iPhone; CPU iPhone OS 11_1_1 like Mac OS X) AppleWebKit/604.3.5 (KHTML, like Gecko) Mobile/15B150 [FBAN/FBIOS;FBAV/152.0.0.45.135;FBBV/83301214;FBDV/iPhone8,1;FBMD/iPhone;FBSN/iOS;FBSV/11.1.1;FBSS/2;FBCR/A1;FBID/phone;FBLC/de_DE;FBOP/5;FBRV/84311412]"
62.46.98.47 - - [14/Dec/2017:07:47:22 +0100] "GET /hollabrunn/Grundkurs_Weihnachten_2017?FS=B HTTP/1.1" 200 5970 "https://www.easydrivers.at/hollabrunn/Grundkurs_Weihnachten_2017?FS=B&channel=fullversion" "Mozilla/5.0 (Linux; Android 7.0; SM-G935F Build/NRD90M; wv) AppleWebKit/537.36 (KHTML, like Gecko) Version/4.0 Chrome/63.0.3239.83 Mobile Safari/537.36 [FB_IAB/FB4A;FBAV/153.0.0.53.88;]"
62.46.98.47 - - [14/Dec/2017:07:47:24 +0100] "GET /binaries/easy-drivers-portal/pkw5jpg.jpg HTTP/1.1" 200 96177 "https://www.easydrivers.at/hollabrunn/Grundkurs_Weihnachten_2017?FS=B" "Mozilla/5.0 (Linux; Android 7.0; SM-G935F Build/NRD90M; wv) AppleWebKit/537.36 (KHTML, like Gecko) Version/4.0 Chrome/63.0.3239.83 Mobile Safari/537.36 [FB_IAB/FB4A;FBAV/153.0.0.53.88;]"
66.249.69.74 - - [14/Dec/2017:07:47:26 +0100] "GET /fuehrerscheine/motorrad HTTP/1.1" 301 306 "-" "Mozilla/5.0 (compatible; Googlebot/2.1; +http://www.google.com/bot.html)"
213.162.73.15 - - [14/Dec/2017:07:47:28 +0100] "GET /fuehrerscheine/traktor HTTP/1.1" 301 306 "-" "Mozilla/5.0 (Linux; Android 7.0; SM-G950F Build/NRD90M) AppleWebKit/537.36 (KHTML, like Gecko) Chrome/63.0.3239.83 Mobile Safari/537.36"
66.249.76.84 - - [14/Dec/2017:07:47:27 +0100] "GET /fuehrerscheine/motorrad HTTP/1.1" 200 2894 "-" "Mozilla/5.0 (compatible; Googlebot/2.1; +http://www.google.com/bot.html)"
213.162.73.15 - - [14/Dec/2017:07:47:29 +0100] "GET /fuehrerscheine/traktor HTTP/1.1" 200 2871 "-" "Mozilla/5.0 (Linux; Android 7.0; SM-G950F Build/NRD90M) AppleWebKit/537.36 (KHTML, like Gecko) Chrome/63.0.3239.83 Mobile Safari/537.36"
213.162.73.15 - - [14/Dec/2017:07:47:31 +0100] "GET /css/mobile.css HTTP/1.1" 200 2852 "https://www.easydrivers.at/fuehrerscheine/traktor" "Mozilla/5.0 (Linux; Android 7.0; SM-G950F Build/NRD90M) AppleWebKit/537.36 (KHTML, like Gecko) Chrome/63.0.3239.83 Mobile Safari/537.36"
213.162.73.15 - - [14/Dec/2017:07:47:31 +0100] "GET /javascript/jquery-1.9.1.min.js HTTP/1.1" 200 32731 "https://www.easydrivers.at/fuehrerscheine/traktor" "Mozilla/5.0 (Linux; Android 7.0; SM-G950F Build/NRD90M) AppleWebKit/537.36 (KHTML, like Gecko) Chrome/63.0.3239.83 Mobile Safari/537.36"
213.162.73.15 - - [14/Dec/2017:07:47:31 +0100] "GET /javascript/jquery.cookie.js HTTP/1.1" 200 863 "https://www.easydrivers.at/fuehrerscheine/traktor" "Mozilla/5.0 (Linux; Android 7.0; SM-G950F Build/NRD90M) AppleWebKit/537.36 (KHTML, like Gecko) Chrome/63.0.3239.83 Mobile Safari/537.36"
213.162.73.15 - - [14/Dec/2017:07:47:31 +0100] "GET /javascript/mobile-menu.js HTTP/1.1" 200 1634 "https://www.easydrivers.at/fuehrerscheine/traktor" "Mozilla/5.0 (Linux; Android 7.0; SM-G950F Build/NRD90M) AppleWebKit/537.36 (KHTML, like Gecko) Chrome/63.0.3239.83 Mobile Safari/537.36"
213.162.73.15 - - [14/Dec/2017:07:47:31 +0100] "GET /javascript/jquery.simplemodal.js HTTP/1.1" 200 3070 "https://www.easydrivers.at/fuehrerscheine/traktor" "Mozilla/5.0 (Linux; Android 7.0; SM-G950F Build/NRD90M) AppleWebKit/537.36 (KHTML, like Gecko) Chrome/63.0.3239.83 Mobile Safari/537.36"
213.162.73.15 - - [14/Dec/2017:07:47:31 +0100] "GET /img/mobile/bg-header.jpg HTTP/1.1" 200 19741 "https://www.easydrivers.at/css/mobile.css" "Mozilla/5.0 (Linux; Android 7.0; SM-G950F Build/NRD90M) AppleWebKit/537.36 (KHTML, like Gecko) Chrome/63.0.3239.83 Mobile Safari/537.36"
213.162.73.15 - - [14/Dec/2017:07:47:31 +0100] "GET /javascript/mobile-license.js HTTP/1.1" 200 216 "https://www.easydrivers.at/fuehrerscheine/traktor" "Mozilla/5.0 (Linux; Android 7.0; SM-G950F Build/NRD90M) AppleWebKit/537.36 (KHTML, like Gecko) Chrome/63.0.3239.83 Mobile Safari/537.36"
213.162.73.15 - - [14/Dec/2017:07:47:31 +0100] "GET /javascript/lazyload.js HTTP/1.1" 200 1170 "https://www.easydrivers.at/fuehrerscheine/traktor" "Mozilla/5.0 (Linux; Android 7.0; SM-G950F Build/NRD90M) AppleWebKit/537.36 (KHTML, like Gecko) Chrome/63.0.3239.83 Mobile Safari/537.36"
213.162.73.15 - - [14/Dec/2017:07:47:31 +0100] "GET /img/mobile/menu-button.png HTTP/1.1" 200 1746 "https://www.easydrivers.at/fuehrerscheine/traktor" "Mozilla/5.0 (Linux; Android 7.0; SM-G950F Build/NRD90M) AppleWebKit/537.36 (KHTML, like Gecko) Chrome/63.0.3239.83 Mobile Safari/537.36"
213.162.73.15 - - [14/Dec/2017:07:47:31 +0100] "GET /img/mobile/easydrivers-logo-mobile.png HTTP/1.1" 200 10766 "https://www.easydrivers.at/fuehrerscheine/traktor" "Mozilla/5.0 (Linux; Android 7.0; SM-G950F Build/NRD90M) AppleWebKit/537.36 (KHTML, like Gecko) Chrome/63.0.3239.83 Mobile Safari/537.36"
213.162.73.15 - - [14/Dec/2017:07:47:31 +0100] "GET /img/mobile/close-button.png HTTP/1.1" 200 2411 "https://www.easydrivers.at/fuehrerscheine/traktor" "Mozilla/5.0 (Linux; Android 7.0; SM-G950F Build/NRD90M) AppleWebKit/537.36 (KHTML, like Gecko) Chrome/63.0.3239.83 Mobile Safari/537.36"
178.220.204.37 - - [14/Dec/2017:07:47:31 +0100] "GET /wp-login.php HTTP/1.1" 301 399 "-" "Mozilla/5.0 (Windows NT 6.1; WOW64; rv:40.0) Gecko/20100101 Firefox/40.1"
213.162.73.15 - - [14/Dec/2017:07:47:31 +0100] "GET /img/mobile/bg-yellow.jpg HTTP/1.1" 200 1569 "https://www.easydrivers.at/css/mobile.css" "Mozilla/5.0 (Linux; Android 7.0; SM-G950F Build/NRD90M) AppleWebKit/537.36 (KHTML, like Gecko) Chrome/63.0.3239.83 Mobile Safari/537.36"
213.162.73.15 - - [14/Dec/2017:07:47:31 +0100] "GET /img/mobile/weiter-button.png HTTP/1.1" 200 1670 "https://www.easydrivers.at/css/mobile.css" "Mozilla/5.0 (Linux; Android 7.0; SM-G950F Build/NRD90M) AppleWebKit/537.36 (KHTML, like Gecko) Chrome/63.0.3239.83 Mobile Safari/537.36"
213.162.73.15 - - [14/Dec/2017:07:47:31 +0100] "GET /img/mobile/facebook-icon.png HTTP/1.1" 200 1902 "https://www.easydrivers.at/fuehrerscheine/traktor" "Mozilla/5.0 (Linux; Android 7.0; SM-G950F Build/NRD90M) AppleWebKit/537.36 (KHTML, like Gecko) Chrome/63.0.3239.83 Mobile Safari/537.36"
213.162.73.15 - - [14/Dec/2017:07:47:31 +0100] "GET /img/mobile/bg-menu.jpg HTTP/1.1" 200 1698 "https://www.easydrivers.at/css/mobile.css" "Mozilla/5.0 (Linux; Android 7.0; SM-G950F Build/NRD90M) AppleWebKit/537.36 (KHTML, like Gecko) Chrome/63.0.3239.83 Mobile Safari/537.36"
213.162.73.15 - - [14/Dec/2017:07:47:32 +0100] "GET /img/favicon.ico HTTP/1.1" 301 303 "-" "Mozilla/5.0 (Linux; Android 7.0; SM-G950F Build/NRD90M) AppleWebKit/537.36 (KHTML, like Gecko) Chrome/63.0.3239.83 Mobile Safari/537.36"
213.162.73.15 - - [14/Dec/2017:07:47:32 +0100] "GET /img/favicon.ico HTTP/1.1" 404 301 "-" "Mozilla/5.0 (Linux; Android 7.0; SM-G950F Build/NRD90M) AppleWebKit/537.36 (KHTML, like Gecko) Chrome/63.0.3239.83 Mobile Safari/537.36"
178.220.204.37 - - [14/Dec/2017:07:47:31 +0100] "GET /wp-login.php HTTP/1.1" 404 8398 "-" "Mozilla/5.0 (Windows NT 6.1; WOW64; rv:40.0) Gecko/20100101 Firefox/40.1"
178.220.204.37 - - [14/Dec/2017:07:47:33 +0100] "GET / HTTP/1.1" 301 387 "-" "Mozilla/5.0 (Windows NT 6.1; WOW64; rv:40.0) Gecko/20100101 Firefox/40.1"
178.220.204.37 - - [14/Dec/2017:07:47:33 +0100] "GET / HTTP/1.1" 200 15887 "-" "Mozilla/5.0 (Windows NT 6.1; WOW64; rv:40.0) Gecko/20100101 Firefox/40.1"
213.162.73.15 - - [14/Dec/2017:07:47:36 +0100] "GET /img/mobile/pfeil-links-small.png HTTP/1.1" 200 1065 "https://www.easydrivers.at/css/mobile.css" "Mozilla/5.0 (Linux; Android 7.0; SM-G950F Build/NRD90M) AppleWebKit/537.36 (KHTML, like Gecko) Chrome/63.0.3239.83 Mobile Safari/537.36"
213.162.73.15 - - [14/Dec/2017:07:47:36 +0100] "GET /img/mobile/pfeil-rechts-small.png HTTP/1.1" 200 1056 "https://www.easydrivers.at/css/mobile.css" "Mozilla/5.0 (Linux; Android 7.0; SM-G950F Build/NRD90M) AppleWebKit/537.36 (KHTML, like Gecko) Chrome/63.0.3239.83 Mobile Safari/537.36"
66.249.76.76 - - [14/Dec/2017:07:47:38 +0100] "GET /img/new_favicon.ico HTTP/1.1" 301 306 "-" "Googlebot-Image/1.0"
66.249.76.80 - - [14/Dec/2017:07:47:39 +0100] "GET /img/new_favicon.ico HTTP/1.1" 200 1150 "-" "Googlebot-Image/1.0"
62.46.98.47 - - [14/Dec/2017:07:47:40 +0100] "GET /hollabrunn HTTP/1.1" 200 3713 "https://www.easydrivers.at/hollabrunn/Grundkurs_Weihnachten_2017?FS=B" "Mozilla/5.0 (Linux; Android 7.0; SM-G935F Build/NRD90M; wv) AppleWebKit/537.36 (KHTML, like Gecko) Version/4.0 Chrome/63.0.3239.83 Mobile Safari/537.36 [FB_IAB/FB4A;FBAV/153.0.0.53.88;]"
62.46.98.47 - - [14/Dec/2017:07:47:42 +0100] "GET /binaries/easy-drivers-hollabrunn/golfrutschhpjpg.jpg HTTP/1.1" 200 29139 "https://www.easydrivers.at/hollabrunn" "Mozilla/5.0 (Linux; Android 7.0; SM-G935F Build/NRD90M; wv) AppleWebKit/537.36 (KHTML, like Gecko) Version/4.0 Chrome/63.0.3239.83 Mobile Safari/537.36 [FB_IAB/FB4A;FBAV/153.0.0.53.88;]"
62.46.98.47 - - [14/Dec/2017:07:47:43 +0100] "GET /img/empty.gif HTTP/1.1" 200 43 "https://www.easydrivers.at/hollabrunn" "Mozilla/5.0 (Linux; Android 7.0; SM-G935F Build/NRD90M; wv) AppleWebKit/537.36 (KHTML, like Gecko) Version/4.0 Chrome/63.0.3239.83 Mobile Safari/537.36 [FB_IAB/FB4A;FBAV/153.0.0.53.88;]"
62.46.98.47 - - [14/Dec/2017:07:47:43 +0100] "GET /binaries/easy-drivers-portal/widget-icon-expertspng.png HTTP/1.1" 200 2159 "https://www.easydrivers.at/hollabrunn" "Mozilla/5.0 (Linux; Android 7.0; SM-G935F Build/NRD90M; wv) AppleWebKit/537.36 (KHTML, like Gecko) Version/4.0 Chrome/63.0.3239.83 Mobile Safari/537.36 [FB_IAB/FB4A;FBAV/153.0.0.53.88;]"
62.46.98.47 - - [14/Dec/2017:07:47:43 +0100] "GET /binaries/easy-drivers-portal/widget-icon-apppng.png HTTP/1.1" 200 2432 "https://www.easydrivers.at/hollabrunn" "Mozilla/5.0 (Linux; Android 7.0; SM-G935F Build/NRD90M; wv) AppleWebKit/537.36 (KHTML, like Gecko) Version/4.0 Chrome/63.0.3239.83 Mobile Safari/537.36 [FB_IAB/FB4A;FBAV/153.0.0.53.88;]"
62.46.98.47 - - [14/Dec/2017:07:47:42 +0100] "GET /cache/emu/images/easy-drivers-portal10293660/umzugjpg_160_90_0.jpg HTTP/1.1" 200 4344 "https://www.easydrivers.at/hollabrunn" "Mozilla/5.0 (Linux; Android 7.0; SM-G935F Build/NRD90M; wv) AppleWebKit/537.36 (KHTML, like Gecko) Version/4.0 Chrome/63.0.3239.83 Mobile Safari/537.36 [FB_IAB/FB4A;FBAV/153.0.0.53.88;]"
62.46.98.47 - - [14/Dec/2017:07:47:43 +0100] "GET /img/yellow-dots-vertical.png HTTP/1.1" 200 981 "https://www.easydrivers.at/css/style.css" "Mozilla/5.0 (Linux; Android 7.0; SM-G935F Build/NRD90M; wv) AppleWebKit/537.36 (KHTML, like Gecko) Version/4.0 Chrome/63.0.3239.83 Mobile Safari/537.36 [FB_IAB/FB4A;FBAV/153.0.0.53.88;]"
213.225.2.29 - - [14/Dec/2017:07:47:41 +0100] "GET /easy_drivers_st._peterau/img/mobile/close-button.png HTTP/1.1" 404 3116 "-" "Mozilla/5.0 (iPhone; CPU iPhone OS 11_1_1 like Mac OS X) AppleWebKit/604.3.5 (KHTML, like Gecko) Mobile/15B150 [FBAN/FBIOS;FBAV/152.0.0.45.135;FBBV/83301214;FBDV/iPhone8,1;FBMD/iPhone;FBSN/iOS;FBSV/11.1.1;FBSS/2;FBCR/A1;FBID/phone;FBLC/de_DE;FBOP/5;FBRV/84311412]"
212.95.8.135 - - [14/Dec/2017:07:47:42 +0100] "GET /ennstal.bad.aussee/wfk-22-12-2017?FS=B HTTP/1.1" 200 3219 "http://m.facebook.com" "Mozilla/5.0 (iPhone; CPU iPhone OS 11_2 like Mac OS X) AppleWebKit/604.4.7 (KHTML, like Gecko) Mobile/15C114 [FBAN/FBIOS;FBAV/152.0.0.45.135;FBBV/83301214;FBDV/iPhone8,1;FBMD/iPhone;FBSN/iOS;FBSV/11.2;FBSS/2;FBCR/tele.ring;FBID/phone;FBLC/de_DE;FBOP/5;FBRV/84311412]"
62.46.98.47 - - [14/Dec/2017:07:47:51 +0100] "GET /img/loading-bars.gif HTTP/1.1" 200 3951 "https://www.easydrivers.at/css/style.css" "Mozilla/5.0 (Linux; Android 7.0; SM-G935F Build/NRD90M; wv) AppleWebKit/537.36 (KHTML, like Gecko) Version/4.0 Chrome/63.0.3239.83 Mobile Safari/537.36 [FB_IAB/FB4A;FBAV/153.0.0.53.88;]"
213.147.160.200 - - [14/Dec/2017:07:47:49 +0100] "GET /amstetten/weihnachtskurs?FS=B HTTP/1.1" 200 3162 "http://m.facebook.com" "Mozilla/5.0 (iPhone; CPU iPhone OS 11_1_2 like Mac OS X) AppleWebKit/604.3.5 (KHTML, like Gecko) Mobile/15B202 [FBAN/FBIOS;FBAV/152.0.0.45.135;FBBV/83301214;FBDV/iPhone9,3;FBMD/iPhone;FBSN/iOS;FBSV/11.1.2;FBSS/2;FBCR/Carrier;FBID/phone;FBLC/de_DE;FBOP/5;FBRV/83301214]"
62.46.98.47 - - [14/Dec/2017:07:47:51 +0100] "POST /hollabrunn/kursauswahl HTTP/1.1" 200 4139 "https://www.easydrivers.at/hollabrunn" "Mozilla/5.0 (Linux; Android 7.0; SM-G935F Build/NRD90M; wv) AppleWebKit/537.36 (KHTML, like Gecko) Version/4.0 Chrome/63.0.3239.83 Mobile Safari/537.36 [FB_IAB/FB4A;FBAV/153.0.0.53.88;]"
62.46.98.47 - - [14/Dec/2017:07:47:54 +0100] "GET /binaries/easy-drivers-portal/traktor2jpg.jpg HTTP/1.1" 200 130773 "https://www.easydrivers.at/hollabrunn/kursauswahl" "Mozilla/5.0 (Linux; Android 7.0; SM-G935F Build/NRD90M; wv) AppleWebKit/537.36 (KHTML, like Gecko) Version/4.0 Chrome/63.0.3239.83 Mobile Safari/537.36 [FB_IAB/FB4A;FBAV/153.0.0.53.88;]"
62.46.98.47 - - [14/Dec/2017:07:47:54 +0100] "POST /loadkursliste HTTP/1.1" 200 836 "https://www.easydrivers.at/hollabrunn/kursauswahl" "Mozilla/5.0 (Linux; Android 7.0; SM-G935F Build/NRD90M; wv) AppleWebKit/537.36 (KHTML, like Gecko) Version/4.0 Chrome/63.0.3239.83 Mobile Safari/537.36 [FB_IAB/FB4A;FBAV/153.0.0.53.88;]"
217.149.173.88 - - [14/Dec/2017:07:48:08 +0100] "GET /hollabrunn/Grundkurs_Weihnachten_2017?FS=B HTTP/1.1" 200 3287 "http://m.facebook.com" "Mozilla/5.0 (iPhone; CPU iPhone OS 11_0_2 like Mac OS X) AppleWebKit/604.1.38 (KHTML, like Gecko) Mobile/15A421 [FBAN/FBIOS;FBAV/152.0.0.45.135;FBBV/83301214;FBDV/iPhone8,1;FBMD/iPhone;FBSN/iOS;FBSV/11.0.2;FBSS/2;FBCR/T-MobileA;FBID/phone;FBLC/de_DE;FBOP/5;FBRV/84141153]"
62.46.98.47 - - [14/Dec/2017:07:48:14 +0100] "GET /uploads/pdfs/hollabrunn/Traktor_Kurs_Jaenner_2018_F-Plus.pdf HTTP/1.1" 200 34576 "-" "Dalvik/2.1.0 (Linux; U; Android 7.0; SM-G935F Build/NRD90M)"
217.149.173.88 - - [14/Dec/2017:07:48:13 +0100] "GET /hollabrunn/img/mobile/easydrivers-logo-mobile.png HTTP/1.1" 404 3057 "-" "Mozilla/5.0 (iPhone; CPU iPhone OS 11_0_2 like Mac OS X) AppleWebKit/604.1.38 (KHTML, like Gecko) Mobile/15A421 [FBAN/FBIOS;FBAV/152.0.0.45.135;FBBV/83301214;FBDV/iPhone8,1;FBMD/iPhone;FBSN/iOS;FBSV/11.0.2;FBSS/2;FBCR/T-MobileA;FBID/phone;FBLC/de_DE;FBOP/5;FBRV/84141153]"
178.189.114.228 - - [14/Dec/2017:07:48:14 +0100] "GET /krems/10276251 HTTP/1.1" 200 3275 "http://m.facebook.com" "Mozilla/5.0 (iPhone; CPU iPhone OS 11_1_2 like Mac OS X) AppleWebKit/604.3.5 (KHTML, like Gecko) Mobile/15B202 [FBAN/FBIOS;FBAV/152.0.0.45.135;FBBV/83301214;FBDV/iPhone8,1;FBMD/iPhone;FBSN/iOS;FBSV/11.1.2;FBSS/2;FBCR/3Austria;FBID/phone;FBLC/de_DE;FBOP/5;FBRV/84311412]"
77.119.128.55 - - [14/Dec/2017:07:48:26 +0100] "GET /amstetten/weihnachtskurs?FS=B HTTP/1.1" 200 3162 "http://m.facebook.com" "Mozilla/5.0 (iPhone; CPU iPhone OS 11_2 like Mac OS X) AppleWebKit/604.4.7 (KHTML, like Gecko) Mobile/15C114 [FBAN/FBIOS;FBAV/152.0.0.45.135;FBBV/83301214;FBDV/iPhone10,4;FBMD/iPhone;FBSN/iOS;FBSV/11.2;FBSS/2;FBCR/3Austria;FBID/phone;FBLC/de_DE;FBOP/5;FBRV/84141153]"
217.149.173.88 - - [14/Dec/2017:07:48:43 +0100] "GET /hollabrunn/img/mobile/menu-button.png HTTP/1.1" 404 3063 "-" "Mozilla/5.0 (iPhone; CPU iPhone OS 11_0_2 like Mac OS X) AppleWebKit/604.1.38 (KHTML, like Gecko) Mobile/15A421 [FBAN/FBIOS;FBAV/152.0.0.45.135;FBBV/83301214;FBDV/iPhone8,1;FBMD/iPhone;FBSN/iOS;FBSV/11.0.2;FBSS/2;FBCR/T-MobileA;FBID/phone;FBLC/de_DE;FBOP/5;FBRV/84141153]"
82.218.162.147 - - [14/Dec/2017:07:48:48 +0100] "GET /tulln?gclid=CjwKCAiAvMPRBRBIEiwABuO6qUXkR0jiT-TPptHqs7bbaPuJgAW66C4FA7dAzcu6H1ZamuV89XEMLxoC1PQQAvD_BwE HTTP/1.1" 200 3518 "https://www.google.at/" "Mozilla/5.0 (Windows NT 10.0; Win64; x64; rv:57.0) Gecko/20100101 Firefox/57.0"
82.218.162.147 - - [14/Dec/2017:07:48:50 +0100] "GET /css/print.css HTTP/1.1" 200 967 "https://www.easydrivers.at/tulln?gclid=CjwKCAiAvMPRBRBIEiwABuO6qUXkR0jiT-TPptHqs7bbaPuJgAW66C4FA7dAzcu6H1ZamuV89XEMLxoC1PQQAvD_BwE" "Mozilla/5.0 (Windows NT 10.0; Win64; x64; rv:57.0) Gecko/20100101 Firefox/57.0"
82.218.162.147 - - [14/Dec/2017:07:48:50 +0100] "GET /javascript/jquery.customSelect.min.js HTTP/1.1" 200 912 "https://www.easydrivers.at/tulln?gclid=CjwKCAiAvMPRBRBIEiwABuO6qUXkR0jiT-TPptHqs7bbaPuJgAW66C4FA7dAzcu6H1ZamuV89XEMLxoC1PQQAvD_BwE" "Mozilla/5.0 (Windows NT 10.0; Win64; x64; rv:57.0) Gecko/20100101 Firefox/57.0"
82.218.162.147 - - [14/Dec/2017:07:48:50 +0100] "GET /javascript/jquery.cookie.js HTTP/1.1" 200 863 "https://www.easydrivers.at/tulln?gclid=CjwKCAiAvMPRBRBIEiwABuO6qUXkR0jiT-TPptHqs7bbaPuJgAW66C4FA7dAzcu6H1ZamuV89XEMLxoC1PQQAvD_BwE" "Mozilla/5.0 (Windows NT 10.0; Win64; x64; rv:57.0) Gecko/20100101 Firefox/57.0"
82.218.162.147 - - [14/Dec/2017:07:48:50 +0100] "GET /css/style.css HTTP/1.1" 200 5004 "https://www.easydrivers.at/tulln?gclid=CjwKCAiAvMPRBRBIEiwABuO6qUXkR0jiT-TPptHqs7bbaPuJgAW66C4FA7dAzcu6H1ZamuV89XEMLxoC1PQQAvD_BwE" "Mozilla/5.0 (Windows NT 10.0; Win64; x64; rv:57.0) Gecko/20100101 Firefox/57.0"
82.218.162.147 - - [14/Dec/2017:07:48:50 +0100] "GET /javascript/portal.js?1221842734 HTTP/1.1" 200 3529 "https://www.easydrivers.at/tulln?gclid=CjwKCAiAvMPRBRBIEiwABuO6qUXkR0jiT-TPptHqs7bbaPuJgAW66C4FA7dAzcu6H1ZamuV89XEMLxoC1PQQAvD_BwE" "Mozilla/5.0 (Windows NT 10.0; Win64; x64; rv:57.0) Gecko/20100101 Firefox/57.0"
82.218.162.147 - - [14/Dec/2017:07:48:50 +0100] "GET /javascript/jquery.simplemodal.js HTTP/1.1" 200 3070 "https://www.easydrivers.at/tulln?gclid=CjwKCAiAvMPRBRBIEiwABuO6qUXkR0jiT-TPptHqs7bbaPuJgAW66C4FA7dAzcu6H1ZamuV89XEMLxoC1PQQAvD_BwE" "Mozilla/5.0 (Windows NT 10.0; Win64; x64; rv:57.0) Gecko/20100101 Firefox/57.0"
91.114.80.98 - - [14/Dec/2017:07:48:50 +0100] "GET /perg HTTP/1.1" 301 296 "http://www.google.at/url?sa=t&rct=j&q=&esrc=s&source=web&cd=1&ved=0ahUKEwiQ0Jy19IjYAhVEPVAKHVnTA7IQFggsMAA&url=http%3A%2F%2Fwww.easydrivers.at%2Fperg&usg=AOvVaw0hmTM1gfFQTOZaIm7h6_EA" "Mozilla/5.0 (Windows NT 10.0; WOW64; Trident/7.0; rv:11.0) like Gecko"
82.218.162.147 - - [14/Dec/2017:07:48:50 +0100] "GET /javascript/lazyload.js HTTP/1.1" 200 1170 "https://www.easydrivers.at/tulln?gclid=CjwKCAiAvMPRBRBIEiwABuO6qUXkR0jiT-TPptHqs7bbaPuJgAW66C4FA7dAzcu6H1ZamuV89XEMLxoC1PQQAvD_BwE" "Mozilla/5.0 (Windows NT 10.0; Win64; x64; rv:57.0) Gecko/20100101 Firefox/57.0"
82.218.162.147 - - [14/Dec/2017:07:48:50 +0100] "GET /javascript/fahrschule.js HTTP/1.1" 200 462 "https://www.easydrivers.at/tulln?gclid=CjwKCAiAvMPRBRBIEiwABuO6qUXkR0jiT-TPptHqs7bbaPuJgAW66C4FA7dAzcu6H1ZamuV89XEMLxoC1PQQAvD_BwE" "Mozilla/5.0 (Windows NT 10.0; Win64; x64; rv:57.0) Gecko/20100101 Firefox/57.0"
82.218.162.147 - - [14/Dec/2017:07:48:51 +0100] "GET /img/close-button.png HTTP/1.1" 200 2237 "https://www.easydrivers.at/tulln?gclid=CjwKCAiAvMPRBRBIEiwABuO6qUXkR0jiT-TPptHqs7bbaPuJgAW66C4FA7dAzcu6H1ZamuV89XEMLxoC1PQQAvD_BwE" "Mozilla/5.0 (Windows NT 10.0; Win64; x64; rv:57.0) Gecko/20100101 Firefox/57.0"
82.218.162.147 - - [14/Dec/2017:07:48:51 +0100] "GET /binaries/easy-drivers-portal/widget-icon-trainingpng.png HTTP/1.1" 200 2662 "https://www.easydrivers.at/tulln?gclid=CjwKCAiAvMPRBRBIEiwABuO6qUXkR0jiT-TPptHqs7bbaPuJgAW66C4FA7dAzcu6H1ZamuV89XEMLxoC1PQQAvD_BwE" "Mozilla/5.0 (Windows NT 10.0; Win64; x64; rv:57.0) Gecko/20100101 Firefox/57.0"
82.218.162.147 - - [14/Dec/2017:07:48:51 +0100] "GET /img/close-button-small.png HTTP/1.1" 200 1671 "https://www.easydrivers.at/tulln?gclid=CjwKCAiAvMPRBRBIEiwABuO6qUXkR0jiT-TPptHqs7bbaPuJgAW66C4FA7dAzcu6H1ZamuV89XEMLxoC1PQQAvD_BwE" "Mozilla/5.0 (Windows NT 10.0; Win64; x64; rv:57.0) Gecko/20100101 Firefox/57.0"
82.218.162.147 - - [14/Dec/2017:07:48:51 +0100] "GET /img/locator-icon.png HTTP/1.1" 200 1377 "https://www.easydrivers.at/tulln?gclid=CjwKCAiAvMPRBRBIEiwABuO6qUXkR0jiT-TPptHqs7bbaPuJgAW66C4FA7dAzcu6H1ZamuV89XEMLxoC1PQQAvD_BwE" "Mozilla/5.0 (Windows NT 10.0; Win64; x64; rv:57.0) Gecko/20100101 Firefox/57.0"
82.218.162.147 - - [14/Dec/2017:07:48:51 +0100] "GET /img/facebook-icon.png HTTP/1.1" 200 1506 "https://www.easydrivers.at/tulln?gclid=CjwKCAiAvMPRBRBIEiwABuO6qUXkR0jiT-TPptHqs7bbaPuJgAW66C4FA7dAzcu6H1ZamuV89XEMLxoC1PQQAvD_BwE" "Mozilla/5.0 (Windows NT 10.0; Win64; x64; rv:57.0) Gecko/20100101 Firefox/57.0"
82.218.162.147 - - [14/Dec/2017:07:48:51 +0100] "GET /img/info-button.png HTTP/1.1" 200 738 "https://www.easydrivers.at/tulln?gclid=CjwKCAiAvMPRBRBIEiwABuO6qUXkR0jiT-TPptHqs7bbaPuJgAW66C4FA7dAzcu6H1ZamuV89XEMLxoC1PQQAvD_BwE" "Mozilla/5.0 (Windows NT 10.0; Win64; x64; rv:57.0) Gecko/20100101 Firefox/57.0"
82.218.162.147 - - [14/Dec/2017:07:48:51 +0100] "GET /img/empty.gif HTTP/1.1" 200 43 "https://www.easydrivers.at/tulln?gclid=CjwKCAiAvMPRBRBIEiwABuO6qUXkR0jiT-TPptHqs7bbaPuJgAW66C4FA7dAzcu6H1ZamuV89XEMLxoC1PQQAvD_BwE" "Mozilla/5.0 (Windows NT 10.0; Win64; x64; rv:57.0) Gecko/20100101 Firefox/57.0"
82.218.162.147 - - [14/Dec/2017:07:48:51 +0100] "GET /binaries/easy-drivers-portal/widget-icon-apppng.png HTTP/1.1" 200 2432 "https://www.easydrivers.at/tulln?gclid=CjwKCAiAvMPRBRBIEiwABuO6qUXkR0jiT-TPptHqs7bbaPuJgAW66C4FA7dAzcu6H1ZamuV89XEMLxoC1PQQAvD_BwE" "Mozilla/5.0 (Windows NT 10.0; Win64; x64; rv:57.0) Gecko/20100101 Firefox/57.0"
82.218.162.147 - - [14/Dec/2017:07:48:51 +0100] "GET /binaries/easy-drivers-portal/widget-icon-expertspng.png HTTP/1.1" 200 2159 "https://www.easydrivers.at/tulln?gclid=CjwKCAiAvMPRBRBIEiwABuO6qUXkR0jiT-TPptHqs7bbaPuJgAW66C4FA7dAzcu6H1ZamuV89XEMLxoC1PQQAvD_BwE" "Mozilla/5.0 (Windows NT 10.0; Win64; x64; rv:57.0) Gecko/20100101 Firefox/57.0"
82.218.162.147 - - [14/Dec/2017:07:48:51 +0100] "GET /img/schweiz-icon.png HTTP/1.1" 200 1504 "https://www.easydrivers.at/tulln?gclid=CjwKCAiAvMPRBRBIEiwABuO6qUXkR0jiT-TPptHqs7bbaPuJgAW66C4FA7dAzcu6H1ZamuV89XEMLxoC1PQQAvD_BwE" "Mozilla/5.0 (Windows NT 10.0; Win64; x64; rv:57.0) Gecko/20100101 Firefox/57.0"
82.218.162.147 - - [14/Dec/2017:07:48:51 +0100] "GET /binaries/easy-drivers-portal/edradfahrschullogowidget160x90pxpng.png HTTP/1.1" 200 23394 "https://www.easydrivers.at/tulln?gclid=CjwKCAiAvMPRBRBIEiwABuO6qUXkR0jiT-TPptHqs7bbaPuJgAW66C4FA7dAzcu6H1ZamuV89XEMLxoC1PQQAvD_BwE" "Mozilla/5.0 (Windows NT 10.0; Win64; x64; rv:57.0) Gecko/20100101 Firefox/57.0"
82.218.162.147 - - [14/Dec/2017:07:48:51 +0100] "GET /img/submit-button.png HTTP/1.1" 200 1958 "https://www.easydrivers.at/tulln?gclid=CjwKCAiAvMPRBRBIEiwABuO6qUXkR0jiT-TPptHqs7bbaPuJgAW66C4FA7dAzcu6H1ZamuV89XEMLxoC1PQQAvD_BwE" "Mozilla/5.0 (Windows NT 10.0; Win64; x64; rv:57.0) Gecko/20100101 Firefox/57.0"
82.218.162.147 - - [14/Dec/2017:07:48:51 +0100] "GET /img/ED_Logo.png HTTP/1.1" 200 3385 "https://www.easydrivers.at/css/style.css" "Mozilla/5.0 (Windows NT 10.0; Win64; x64; rv:57.0) Gecko/20100101 Firefox/57.0"
82.218.162.147 - - [14/Dec/2017:07:48:51 +0100] "GET /img/bg-header.jpg HTTP/1.1" 200 38680 "https://www.easydrivers.at/css/style.css" "Mozilla/5.0 (Windows NT 10.0; Win64; x64; rv:57.0) Gecko/20100101 Firefox/57.0"
82.218.162.147 - - [14/Dec/2017:07:48:51 +0100] "GET /img/purple-dots-horizontal.png HTTP/1.1" 200 977 "https://www.easydrivers.at/css/style.css" "Mozilla/5.0 (Windows NT 10.0; Win64; x64; rv:57.0) Gecko/20100101 Firefox/57.0"
82.218.162.147 - - [14/Dec/2017:07:48:51 +0100] "GET /img/bg-top-section.jpg HTTP/1.1" 200 82172 "https://www.easydrivers.at/css/style.css" "Mozilla/5.0 (Windows NT 10.0; Win64; x64; rv:57.0) Gecko/20100101 Firefox/57.0"
82.218.162.147 - - [14/Dec/2017:07:48:51 +0100] "GET /img/yellow-dots-vertical.png HTTP/1.1" 200 981 "https://www.easydrivers.at/css/style.css" "Mozilla/5.0 (Windows NT 10.0; Win64; x64; rv:57.0) Gecko/20100101 Firefox/57.0"
82.218.162.147 - - [14/Dec/2017:07:48:51 +0100] "GET /img/bg-footer.jpg HTTP/1.1" 200 31770 "https://www.easydrivers.at/css/style.css" "Mozilla/5.0 (Windows NT 10.0; Win64; x64; rv:57.0) Gecko/20100101 Firefox/57.0"
82.218.162.147 - - [14/Dec/2017:07:48:51 +0100] "GET /img/kursicon-print-pink.png HTTP/1.1" 200 1125 "https://www.easydrivers.at/tulln?gclid=CjwKCAiAvMPRBRBIEiwABuO6qUXkR0jiT-TPptHqs7bbaPuJgAW66C4FA7dAzcu6H1ZamuV89XEMLxoC1PQQAvD_BwE" "Mozilla/5.0 (Windows NT 10.0; Win64; x64; rv:57.0) Gecko/20100101 Firefox/57.0"
82.218.162.147 - - [14/Dec/2017:07:48:51 +0100] "GET /img/kursicon-share-pink.png HTTP/1.1" 200 1277 "https://www.easydrivers.at/tulln?gclid=CjwKCAiAvMPRBRBIEiwABuO6qUXkR0jiT-TPptHqs7bbaPuJgAW66C4FA7dAzcu6H1ZamuV89XEMLxoC1PQQAvD_BwE" "Mozilla/5.0 (Windows NT 10.0; Win64; x64; rv:57.0) Gecko/20100101 Firefox/57.0"
82.218.162.147 - - [14/Dec/2017:07:48:51 +0100] "GET /img/kursicon-download-pink.png HTTP/1.1" 200 1213 "https://www.easydrivers.at/tulln?gclid=CjwKCAiAvMPRBRBIEiwABuO6qUXkR0jiT-TPptHqs7bbaPuJgAW66C4FA7dAzcu6H1ZamuV89XEMLxoC1PQQAvD_BwE" "Mozilla/5.0 (Windows NT 10.0; Win64; x64; rv:57.0) Gecko/20100101 Firefox/57.0"
82.218.162.147 - - [14/Dec/2017:07:48:51 +0100] "GET /img/kursicon-phone-pink.png HTTP/1.1" 200 1286 "https://www.easydrivers.at/tulln?gclid=CjwKCAiAvMPRBRBIEiwABuO6qUXkR0jiT-TPptHqs7bbaPuJgAW66C4FA7dAzcu6H1ZamuV89XEMLxoC1PQQAvD_BwE" "Mozilla/5.0 (Windows NT 10.0; Win64; x64; rv:57.0) Gecko/20100101 Firefox/57.0"
82.218.162.147 - - [14/Dec/2017:07:48:52 +0100] "GET /img/new_favicon.ico HTTP/1.1" 301 306 "-" "Mozilla/5.0 (Windows NT 10.0; Win64; x64; rv:57.0) Gecko/20100101 Firefox/57.0"
82.218.162.147 - - [14/Dec/2017:07:48:52 +0100] "GET /img/new_favicon.ico HTTP/1.1" 200 1150 "-" "Mozilla/5.0 (Windows NT 10.0; Win64; x64; rv:57.0) Gecko/20100101 Firefox/57.0"
91.114.80.98 - - [14/Dec/2017:07:48:50 +0100] "GET /perg HTTP/1.1" 200 3592 "http://www.google.at/url?sa=t&rct=j&q=&esrc=s&source=web&cd=1&ved=0ahUKEwiQ0Jy19IjYAhVEPVAKHVnTA7IQFggsMAA&url=http%3A%2F%2Fwww.easydrivers.at%2Fperg&usg=AOvVaw0hmTM1gfFQTOZaIm7h6_EA" "Mozilla/5.0 (Windows NT 10.0; WOW64; Trident/7.0; rv:11.0) like Gecko"
91.114.80.98 - - [14/Dec/2017:07:48:52 +0100] "GET /css/style.css HTTP/1.1" 200 5004 "https://www.easydrivers.at/perg" "Mozilla/5.0 (Windows NT 10.0; WOW64; Trident/7.0; rv:11.0) like Gecko"
91.114.80.98 - - [14/Dec/2017:07:48:52 +0100] "GET /css/print.css HTTP/1.1" 200 967 "https://www.easydrivers.at/perg" "Mozilla/5.0 (Windows NT 10.0; WOW64; Trident/7.0; rv:11.0) like Gecko"
91.114.80.98 - - [14/Dec/2017:07:48:52 +0100] "GET /javascript/jquery.customSelect.min.js HTTP/1.1" 200 912 "https://www.easydrivers.at/perg" "Mozilla/5.0 (Windows NT 10.0; WOW64; Trident/7.0; rv:11.0) like Gecko"
91.114.80.98 - - [14/Dec/2017:07:48:52 +0100] "GET /javascript/jquery.simplemodal.js HTTP/1.1" 200 3070 "https://www.easydrivers.at/perg" "Mozilla/5.0 (Windows NT 10.0; WOW64; Trident/7.0; rv:11.0) like Gecko"
91.114.80.98 - - [14/Dec/2017:07:48:52 +0100] "GET /javascript/jquery.cookie.js HTTP/1.1" 200 863 "https://www.easydrivers.at/perg" "Mozilla/5.0 (Windows NT 10.0; WOW64; Trident/7.0; rv:11.0) like Gecko"
91.114.80.98 - - [14/Dec/2017:07:48:53 +0100] "GET /javascript/portal.js?1221842734 HTTP/1.1" 200 3529 "https://www.easydrivers.at/perg" "Mozilla/5.0 (Windows NT 10.0; WOW64; Trident/7.0; rv:11.0) like Gecko"
91.114.80.98 - - [14/Dec/2017:07:48:53 +0100] "GET /javascript/fahrschule.js HTTP/1.1" 200 462 "https://www.easydrivers.at/perg" "Mozilla/5.0 (Windows NT 10.0; WOW64; Trident/7.0; rv:11.0) like Gecko"
