40.77.167.56 - - [14/Dec/2017:02:57:14 +0100] "GET /uploads/pdfs/hollabrunn/C_CE_Kurs_Mai_2018_CCE95.pdf HTTP/1.1" 200 37959 "-" "Mozilla/5.0 (compatible; bingbot/2.0; +http://www.bing.com/bingbot.htm)"
217.250.168.105 - - [14/Dec/2017:02:57:41 +0100] "GET /horn HTTP/1.1" 200 3450 "-" "Mozilla/5.0 (Windows; U; Windows NT 6.0; de; rv:1.9.2.3) Gecko/20100401 Firefox/3.6.3 ( .NET CLR 3.5.30729)"
195.230.48.219 - - [14/Dec/2017:02:57:46 +0100] "GET / HTTP/1.1" 200 4435 "https://www.google.at/" "Mozilla/5.0 (Windows NT 6.1) AppleWebKit/537.36 (KHTML, like Gecko) Chrome/62.0.3202.94 Safari/537.36"
195.230.48.219 - - [14/Dec/2017:02:57:49 +0100] "GET /cache/emu/images/easy-drivers-portal10294676/pastedgraphic-3-1png_160_90_0.png HTTP/1.1" 304 - "https://www.easydrivers.at/" "Mozilla/5.0 (Windows NT 6.1) AppleWebKit/537.36 (KHTML, like Gecko) Chrome/62.0.3202.94 Safari/537.36"
84.112.88.85 - - [14/Dec/2017:02:57:47 +0100] "GET /brigittenau/10268964 HTTP/1.1" 200 2887 "http://m.facebook.com" "Mozilla/5.0 (iPhone; CPU iPhone OS 11_1_2 like Mac OS X) AppleWebKit/604.3.5 (KHTML, like Gecko) Mobile/15B202 [FBAN/FBIOS;FBAV/152.0.0.45.135;FBBV/83301214;FBDV/iPhone10,6;FBMD/iPhone;FBSN/iOS;FBSV/11.1.2;FBSS/3;FBCR/T-MobileA;FBID/phone;FBLC/de_DE;FBOP/5;FBRV/84311412]"
195.230.48.219 - - [14/Dec/2017:02:58:07 +0100] "-" 408 - "-" "-"
195.230.48.219 - - [14/Dec/2017:02:58:07 +0100] "-" 408 - "-" "-"
195.230.48.219 - - [14/Dec/2017:02:58:07 +0100] "-" 408 - "-" "-"
195.230.48.219 - - [14/Dec/2017:02:58:07 +0100] "-" 408 - "-" "-"
66.249.76.76 - - [14/Dec/2017:02:58:22 +0100] "GET /st.valentin/27_06_2014?FS=AM-M1 HTTP/1.1" 301 317 "-" "Mozilla/5.0 (compatible; Googlebot/2.1; +http://www.google.com/bot.html)"
66.249.76.80 - - [14/Dec/2017:02:58:23 +0100] "GET /st.valentin/27_06_2014?FS=AM-M1 HTTP/1.1" 410 3445 "-" "Mozilla/5.0 (compatible; Googlebot/2.1; +http://www.google.com/bot.html)"
23.81.21.124 - - [14/Dec/2017:02:59:08 +0100] "GET /wp-login.php HTTP/1.1" 301 399 "-" "Mozilla/5.0 (Windows NT 6.1; WOW64; rv:40.0) Gecko/20100101 Firefox/40.1"
23.81.21.124 - - [14/Dec/2017:02:59:09 +0100] "GET /wp-login.php HTTP/1.1" 404 8398 "-" "Mozilla/5.0 (Windows NT 6.1; WOW64; rv:40.0) Gecko/20100101 Firefox/40.1"
23.81.21.124 - - [14/Dec/2017:02:59:11 +0100] "GET / HTTP/1.1" 301 387 "-" "Mozilla/5.0 (Windows NT 6.1; WOW64; rv:40.0) Gecko/20100101 Firefox/40.1"
23.81.21.124 - - [14/Dec/2017:02:59:11 +0100] "GET / HTTP/1.1" 200 15887 "-" "Mozilla/5.0 (Windows NT 6.1; WOW64; rv:40.0) Gecko/20100101 Firefox/40.1"
157.55.39.233 - - [14/Dec/2017:02:59:24 +0100] "GET /schwechat/10280395?FS=B-L HTTP/1.1" 301 312 "-" "Mozilla/5.0 (compatible; bingbot/2.0; +http://www.bing.com/bingbot.htm)"
157.55.39.233 - - [14/Dec/2017:02:59:25 +0100] "GET /ybbs/10282651?FS=A HTTP/1.1" 410 3407 "-" "Mozilla/5.0 (compatible; bingbot/2.0; +http://www.bing.com/bingbot.htm)"
157.55.39.233 - - [14/Dec/2017:02:59:28 +0100] "GET /bei.der.wu/kurse/ HTTP/1.1" 301 304 "-" "Mozilla/5.0 (compatible; bingbot/2.0; +http://www.bing.com/bingbot.htm)"
192.95.29.116 - - [14/Dec/2017:02:59:49 +0100] "GET /schwechat HTTP/1.1" 301 396 "-" "Mozilla/5.0 (X11; Linux x86_64) AppleWebKit/534.30 (KHTML, like Gecko) Ubuntu/10.10 Chromium/12.0.742.112 Chrome/12.0.742.112 Safari/534.30"
27.147.204.78 - - [14/Dec/2017:03:00:00 +0100] "GET /wp-login.php HTTP/1.1" 301 399 "-" "Mozilla/5.0 (Windows NT 6.1; WOW64; rv:40.0) Gecko/20100101 Firefox/40.1"
137.74.207.170 - - [14/Dec/2017:02:59:59 +0100] "GET /klagenfurt/kurse HTTP/1.1" 200 4219 "-" "Mozilla/5.0 (compatible; AhrefsBot/5.2; +http://ahrefs.com/robot/)"
40.77.167.135 - - [14/Dec/2017:03:00:01 +0100] "GET /perg/10284587?FS=B HTTP/1.1" 410 3418 "-" "Mozilla/5.0 (compatible; bingbot/2.0; +http://www.bing.com/bingbot.htm)"
27.147.204.78 - - [14/Dec/2017:03:00:06 +0100] "GET /wp-login.php HTTP/1.1" 301 399 "-" "Mozilla/5.0 (Windows NT 6.1; WOW64; rv:40.0) Gecko/20100101 Firefox/40.1"
27.147.204.78 - - [14/Dec/2017:03:00:12 +0100] "GET / HTTP/1.1" 301 387 "-" "Mozilla/5.0 (Windows NT 6.1; WOW64; rv:40.0) Gecko/20100101 Firefox/40.1"
66.249.76.76 - - [14/Dec/2017:03:00:23 +0100] "GET /img/new_favicon.ico HTTP/1.1" 301 306 "-" "Googlebot-Image/1.0"
66.249.76.84 - - [14/Dec/2017:03:00:24 +0100] "GET /img/new_favicon.ico HTTP/1.1" 200 1150 "-" "Googlebot-Image/1.0"
40.77.167.56 - - [14/Dec/2017:03:00:45 +0100] "GET /linz/10292435 HTTP/1.1" 200 3593 "-" "Mozilla/5.0 (compatible; bingbot/2.0; +http://www.bing.com/bingbot.htm)"
40.77.167.135 - - [14/Dec/2017:03:01:02 +0100] "GET /hollabrunn/Grundkurs_II_Sommer_2017?FS=B HTTP/1.1" 301 323 "-" "Mozilla/5.0 (compatible; bingbot/2.0; +http://www.bing.com/bingbot.htm)"
82.202.249.91 - - [14/Dec/2017:03:01:33 +0100] "GET / HTTP/1.1" 301 383 "-" "Mozilla/5.0 (Windows NT 10.0) AppleWebKit/537.36 (KHTML, like Gecko) Chrome/58.0.3029.110 Safari/537.36"
82.202.249.91 - - [14/Dec/2017:03:01:33 +0100] "GET / HTTP/1.1" 200 15887 "-" "Mozilla/5.0 (Windows NT 10.0) AppleWebKit/537.36 (KHTML, like Gecko) Chrome/58.0.3029.110 Safari/537.36"
40.77.167.135 - - [14/Dec/2017:03:02:53 +0100] "GET /binaries/10247815.jpg HTTP/1.1" 301 309 "-" "Mozilla/5.0 (compatible; bingbot/2.0; +http://www.bing.com/bingbot.htm)"
77.161.209.104 - - [14/Dec/2017:03:02:57 +0100] "GET /wp-login.php HTTP/1.1" 301 399 "-" "Mozilla/5.0 (Windows NT 6.1; WOW64; rv:40.0) Gecko/20100101 Firefox/40.1"
77.161.209.104 - - [14/Dec/2017:03:02:57 +0100] "GET /wp-login.php HTTP/1.1" 404 8398 "-" "Mozilla/5.0 (Windows NT 6.1; WOW64; rv:40.0) Gecko/20100101 Firefox/40.1"
77.161.209.104 - - [14/Dec/2017:03:02:58 +0100] "GET / HTTP/1.1" 301 387 "-" "Mozilla/5.0 (Windows NT 6.1; WOW64; rv:40.0) Gecko/20100101 Firefox/40.1"
40.77.167.135 - - [14/Dec/2017:03:02:59 +0100] "GET /binaries/10247815.jpg HTTP/1.1" 200 80938 "-" "Mozilla/5.0 (compatible; bingbot/2.0; +http://www.bing.com/bingbot.htm)"
77.161.209.104 - - [14/Dec/2017:03:02:58 +0100] "GET / HTTP/1.1" 200 15887 "-" "Mozilla/5.0 (Windows NT 6.1; WOW64; rv:40.0) Gecko/20100101 Firefox/40.1"
157.55.39.233 - - [14/Dec/2017:03:03:09 +0100] "GET /binaries/easy-drivers-portal/traktor6jpg.jpg HTTP/1.1" 200 98615 "-" "Mozilla/5.0 (compatible; bingbot/2.0; +http://www.bing.com/bingbot.htm)"
66.249.76.76 - - [14/Dec/2017:03:03:30 +0100] "GET /leonding/kurse/plan2/08_aug/CE3-12.php HTTP/1.1" 301 320 "-" "Mozilla/5.0 (compatible; Googlebot/2.1; +http://www.google.com/bot.html)"
66.249.76.82 - - [14/Dec/2017:03:03:31 +0100] "GET /leonding/kurse/plan2/08_aug/CE3-12.php HTTP/1.1" 404 3431 "-" "Mozilla/5.0 (compatible; Googlebot/2.1; +http://www.google.com/bot.html)"
40.77.167.56 - - [14/Dec/2017:03:04:01 +0100] "GET /cache/emu/images/easy-drivers-portal10258011/edmaxijpg_59_90_0.jpg HTTP/1.1" 301 336 "-" "Mozilla/5.0 (compatible; bingbot/2.0; +http://www.bing.com/bingbot.htm)"
40.77.167.56 - - [14/Dec/2017:03:04:01 +0100] "GET /brigittenau/10280877?FS=B HTTP/1.1" 301 313 "-" "Mozilla/5.0 (compatible; bingbot/2.0; +http://www.bing.com/bingbot.htm)"
40.77.167.56 - - [14/Dec/2017:03:04:05 +0100] "GET /cache/emu/images/easy-drivers-portal10258011/edmaxijpg_59_90_0.jpg HTTP/1.1" 200 2233 "-" "Mozilla/5.0 (compatible; bingbot/2.0; +http://www.bing.com/bingbot.htm)"
217.250.168.105 - - [14/Dec/2017:03:04:26 +0100] "GET /ueberuns HTTP/1.1" 200 3260 "-" "Mozilla/5.0 (Windows; U; Windows NT 6.0; de; rv:1.9.2.3) Gecko/20100401 Firefox/3.6.3 ( .NET CLR 3.5.30729)"
40.77.167.135 - - [14/Dec/2017:03:04:43 +0100] "GET /hollabrunn/BE_Kurs_Dezember_2017?FS=BL1796 HTTP/1.1" 200 6495 "-" "Mozilla/5.0 (compatible; bingbot/2.0; +http://www.bing.com/bingbot.htm)"
217.250.168.105 - - [14/Dec/2017:03:04:47 +0100] "GET /easy_drivers_st._peterau HTTP/1.1" 200 3688 "-" "Mozilla/5.0 (Windows; U; Windows NT 6.0; de; rv:1.9.2.3) Gecko/20100401 Firefox/3.6.3 ( .NET CLR 3.5.30729)"
217.250.168.105 - - [14/Dec/2017:03:05:03 +0100] "GET /fuehrerscheine/auto HTTP/1.1" 200 3372 "-" "Mozilla/5.0 (Windows; U; Windows NT 6.0; de; rv:1.9.2.3) Gecko/20100401 Firefox/3.6.3 ( .NET CLR 3.5.30729)"
40.77.167.135 - - [14/Dec/2017:03:05:13 +0100] "GET /neunkirchen/Inhaberdaten HTTP/1.1" 200 3780 "-" "Mozilla/5.0 (compatible; bingbot/2.0; +http://www.bing.com/bingbot.htm)"
154.51.131.142 - - [14/Dec/2017:03:05:43 +0100] "GET / HTTP/1.1" 301 294 "-" "Mozilla/4.0 (compatible; MSIE 7.0; Windows NT 5.1; Trident/4.0; .NET CLR 1.1.4322; .NET CLR 1.0.3705; .NET CLR 2.0.50727; .NET CLR 3.0.04506.648; .NET CLR 3.5.21022; .NET CLR 3.0.4506.2152; .NET CLR 3.5.30729)"
216.244.66.243 - - [14/Dec/2017:03:06:05 +0100] "GET /robots.txt HTTP/1.1" 301 397 "-" "Mozilla/5.0 (compatible; DotBot/1.1; http://www.opensiteexplorer.org/dotbot, help@moz.com)"
216.244.66.243 - - [14/Dec/2017:03:06:06 +0100] "GET /robots.txt HTTP/1.1" 200 178 "-" "Mozilla/5.0 (compatible; DotBot/1.1; http://www.opensiteexplorer.org/dotbot, help@moz.com)"
217.250.168.105 - - [14/Dec/2017:03:07:09 +0100] "GET /bruck.leitha HTTP/1.1" 200 3645 "-" "Mozilla/5.0 (Windows; U; Windows NT 6.0; de; rv:1.9.2.3) Gecko/20100401 Firefox/3.6.3 ( .NET CLR 3.5.30729)"
157.55.39.233 - - [14/Dec/2017:03:07:30 +0100] "GET /uploads/pdfs/amstetten/abendkurs-okt18_A1F.pdf HTTP/1.1" 200 37654 "-" "Mozilla/5.0 (compatible; bingbot/2.0; +http://www.bing.com/bingbot.htm)"
157.55.39.233 - - [14/Dec/2017:03:07:30 +0100] "GET /amstetten/abendkurs-aug18?FS=BL1796 HTTP/1.1" 200 6100 "-" "Mozilla/5.0 (compatible; bingbot/2.0; +http://www.bing.com/bingbot.htm)"
144.217.94.96 - - [14/Dec/2017:03:07:51 +0100] "GET / HTTP/1.1" 301 296 "http://burger-imperia.com/" "Mozilla/5.0 (X11; Linux x86_64) AppleWebKit/537.36 (KHTML, like Gecko) Chrome/37.0.2062.120 Safari/537.36"
77.247.181.162 - - [14/Dec/2017:03:07:55 +0100] "GET / HTTP/1.1" 200 4435 "http://burger-imperia.com/" "Mozilla/5.0 (X11; Linux x86_64) AppleWebKit/537.36 (KHTML, like Gecko) Chrome/37.0.2062.120 Safari/537.36"
217.250.168.105 - - [14/Dec/2017:03:07:59 +0100] "GET /voesendorf HTTP/1.1" 200 3810 "-" "Mozilla/5.0 (Windows; U; Windows NT 6.0; de; rv:1.9.2.3) Gecko/20100401 Firefox/3.6.3 ( .NET CLR 3.5.30729)"
123.231.111.66 - - [14/Dec/2017:03:08:17 +0100] "GET /wp-login.php HTTP/1.1" 301 399 "-" "Mozilla/5.0 (Windows NT 6.1; WOW64; rv:40.0) Gecko/20100101 Firefox/40.1"
123.231.111.66 - - [14/Dec/2017:03:08:24 +0100] "GET /wp-login.php HTTP/1.1" 301 399 "-" "Mozilla/5.0 (Windows NT 6.1; WOW64; rv:40.0) Gecko/20100101 Firefox/40.1"
123.231.111.66 - - [14/Dec/2017:03:08:30 +0100] "GET / HTTP/1.1" 301 387 "-" "Mozilla/5.0 (Windows NT 6.1; WOW64; rv:40.0) Gecko/20100101 Firefox/40.1"
66.249.76.76 - - [14/Dec/2017:03:08:39 +0100] "GET /innsbruck/kurse/Theoretische_Ausbildung.php HTTP/1.1" 301 324 "-" "Mozilla/5.0 (Linux; Android 6.0.1; Nexus 5X Build/MMB29P) AppleWebKit/537.36 (KHTML, like Gecko) Chrome/41.0.2272.96 Mobile Safari/537.36 (compatible; Googlebot/2.1; +http://www.google.com/bot.html)"
66.249.76.80 - - [14/Dec/2017:03:08:40 +0100] "GET /innsbruck/kurse/Theoretische_Ausbildung.php HTTP/1.1" 404 3091 "-" "Mozilla/5.0 (Linux; Android 6.0.1; Nexus 5X Build/MMB29P) AppleWebKit/537.36 (KHTML, like Gecko) Chrome/41.0.2272.96 Mobile Safari/537.36 (compatible; Googlebot/2.1; +http://www.google.com/bot.html)"
217.250.168.105 - - [14/Dec/2017:03:11:07 +0100] "GET /klagenfurt HTTP/1.1" 200 3665 "-" "Mozilla/5.0 (Windows; U; Windows NT 6.0; de; rv:1.9.2.3) Gecko/20100401 Firefox/3.6.3 ( .NET CLR 3.5.30729)"
40.77.167.135 - - [14/Dec/2017:03:11:52 +0100] "GET /bruck.leitha/10290849?FS=A2B HTTP/1.1" 200 6116 "-" "Mozilla/5.0 (compatible; bingbot/2.0; +http://www.bing.com/bingbot.htm)"
77.75.76.162 - - [14/Dec/2017:03:11:58 +0100] "GET /robots.txt HTTP/1.1" 200 101 "-" "Mozilla/5.0 (compatible; SeznamBot/3.2; +http://napoveda.seznam.cz/en/seznambot-intro/)"
77.75.76.162 - - [14/Dec/2017:03:11:58 +0100] "GET /img/austria-map-ooe.png HTTP/1.1" 304 - "-" "Mozilla/5.0 (compatible; SeznamBot/3.2; +http://napoveda.seznam.cz/en/seznambot-intro/)"
77.75.76.162 - - [14/Dec/2017:03:11:59 +0100] "GET /neunkirchen HTTP/1.1" 200 3891 "-" "Mozilla/5.0 (compatible; SeznamBot/3.2; +http://napoveda.seznam.cz/en/seznambot-intro/)"
40.77.167.135 - - [14/Dec/2017:03:13:33 +0100] "GET /ybbs/10282672?FS=AM-M HTTP/1.1" 410 3407 "-" "Mozilla/5.0 (compatible; bingbot/2.0; +http://www.bing.com/bingbot.htm)"
17.142.148.193 - - [14/Dec/2017:03:13:42 +0100] "GET / HTTP/1.1" 301 296 "-" "Mozilla/5.0 (Macintosh; Intel Mac OS X 10_10_1) AppleWebKit/600.2.5 (KHTML, like Gecko) Version/8.0.2 Safari/600.2.5 (Applebot/0.1; +http://www.apple.com/go/applebot)"
212.149.198.116 - - [14/Dec/2017:03:14:09 +0100] "GET / HTTP/1.1" 301 293 "-" "python-requests/2.18.4"
212.149.198.116 - - [14/Dec/2017:03:14:09 +0100] "GET / HTTP/1.1" 200 4435 "-" "python-requests/2.18.4"
217.250.168.105 - - [14/Dec/2017:03:14:50 +0100] "GET /krumbach HTTP/1.1" 200 3843 "-" "Mozilla/5.0 (Windows; U; Windows NT 6.0; de; rv:1.9.2.3) Gecko/20100401 Firefox/3.6.3 ( .NET CLR 3.5.30729)"
188.138.41.173 - - [14/Dec/2017:03:14:54 +0100] "GET / HTTP/1.1" 301 295 "-" "Mozilla/5.0 (X11; U; Linux Core i7-4980HQ; de; rv:32.0; compatible; JobboerseBot; http://www.jobboerse.com/bot.htm) Gecko/20100101 Firefox/38.0"
157.55.39.233 - - [14/Dec/2017:03:14:57 +0100] "GET /schwechat/Inhaberdaten HTTP/1.1" 301 307 "-" "Mozilla/5.0 (compatible; bingbot/2.0; +http://www.bing.com/bingbot.htm)"
188.138.41.173 - - [14/Dec/2017:03:14:57 +0100] "GET / HTTP/1.1" 200 4435 "-" "Mozilla/5.0 (X11; U; Linux Core i7-4980HQ; de; rv:32.0; compatible; JobboerseBot; http://www.jobboerse.com/bot.htm) Gecko/20100101 Firefox/38.0"
196.194.71.104 - - [14/Dec/2017:03:15:14 +0100] "GET /wp-login.php HTTP/1.1" 301 399 "-" "Mozilla/5.0 (Windows NT 6.1; WOW64; rv:40.0) Gecko/20100101 Firefox/40.1"
169.54.244.82 - - [14/Dec/2017:03:15:17 +0100] "GET / HTTP/1.1" 400 379 "-" "-"
196.194.71.131 - - [14/Dec/2017:03:15:20 +0100] "GET /wp-login.php HTTP/1.1" 301 399 "-" "Mozilla/5.0 (Windows NT 6.1; WOW64; rv:40.0) Gecko/20100101 Firefox/40.1"
196.194.71.104 - - [14/Dec/2017:03:15:26 +0100] "GET / HTTP/1.1" 301 387 "-" "Mozilla/5.0 (Windows NT 6.1; WOW64; rv:40.0) Gecko/20100101 Firefox/40.1"
188.138.41.173 - - [14/Dec/2017:03:15:28 +0100] "GET /javascript/jquery.customSelect.min.js HTTP/1.1" 200 912 "https://www.easydrivers.at/" "Mozilla/5.0 (X11; U; Linux Core i7-4980HQ; de; rv:32.0; compatible; JobboerseBot; http://www.jobboerse.com/bot.htm) Gecko/20100101 Firefox/38.0"
188.138.41.173 - - [14/Dec/2017:03:15:29 +0100] "GET /javascript/jquery.simplemodal.js HTTP/1.1" 200 3070 "https://www.easydrivers.at/" "Mozilla/5.0 (X11; U; Linux Core i7-4980HQ; de; rv:32.0; compatible; JobboerseBot; http://www.jobboerse.com/bot.htm) Gecko/20100101 Firefox/38.0"
188.138.41.173 - - [14/Dec/2017:03:15:29 +0100] "GET /javascript/jquery.cookie.js HTTP/1.1" 200 863 "https://www.easydrivers.at/" "Mozilla/5.0 (X11; U; Linux Core i7-4980HQ; de; rv:32.0; compatible; JobboerseBot; http://www.jobboerse.com/bot.htm) Gecko/20100101 Firefox/38.0"
188.138.41.173 - - [14/Dec/2017:03:15:29 +0100] "GET /javascript/portal.js?1221842734 HTTP/1.1" 200 3529 "https://www.easydrivers.at/" "Mozilla/5.0 (X11; U; Linux Core i7-4980HQ; de; rv:32.0; compatible; JobboerseBot; http://www.jobboerse.com/bot.htm) Gecko/20100101 Firefox/38.0"
188.138.41.173 - - [14/Dec/2017:03:15:30 +0100] "GET /javascript/homesearch.js HTTP/1.1" 200 393 "https://www.easydrivers.at/" "Mozilla/5.0 (X11; U; Linux Core i7-4980HQ; de; rv:32.0; compatible; JobboerseBot; http://www.jobboerse.com/bot.htm) Gecko/20100101 Firefox/38.0"
157.55.39.233 - - [14/Dec/2017:03:15:29 +0100] "GET /amstetten/abendkurs-jan18?FS=A1 HTTP/1.1" 200 5802 "-" "Mozilla/5.0 (compatible; bingbot/2.0; +http://www.bing.com/bingbot.htm)"
188.138.41.173 - - [14/Dec/2017:03:15:32 +0100] "GET /css/style.css HTTP/1.1" 200 5004 "https://www.easydrivers.at/" "Mozilla/5.0 (X11; U; Linux Core i7-4980HQ; de; rv:32.0; compatible; JobboerseBot; http://www.jobboerse.com/bot.htm) Gecko/20100101 Firefox/38.0"
188.138.41.173 - - [14/Dec/2017:03:15:34 +0100] "GET /css/print.css HTTP/1.1" 200 967 "https://www.easydrivers.at/" "Mozilla/5.0 (X11; U; Linux Core i7-4980HQ; de; rv:32.0; compatible; JobboerseBot; http://www.jobboerse.com/bot.htm) Gecko/20100101 Firefox/38.0"
188.138.41.173 - - [14/Dec/2017:03:15:36 +0100] "GET /javascript/lazyload.js HTTP/1.1" 200 1170 "https://www.easydrivers.at/" "Mozilla/5.0 (X11; U; Linux Core i7-4980HQ; de; rv:32.0; compatible; JobboerseBot; http://www.jobboerse.com/bot.htm) Gecko/20100101 Firefox/38.0"
188.138.41.173 - - [14/Dec/2017:03:15:38 +0100] "GET /robots.txt HTTP/1.1" 301 302 "-" "Mozilla/5.0 (X11; U; Linux Core i7-4980HQ; de; rv:32.0; compatible; JobboerseBot; http://www.jobboerse.com/bot.htm) Gecko/20100101 Firefox/38.0"
188.138.41.173 - - [14/Dec/2017:03:15:39 +0100] "GET /robots.txt HTTP/1.1" 200 101 "-" "Mozilla/5.0 (X11; U; Linux Core i7-4980HQ; de; rv:32.0; compatible; JobboerseBot; http://www.jobboerse.com/bot.htm) Gecko/20100101 Firefox/38.0"
188.138.41.173 - - [14/Dec/2017:03:15:39 +0100] "GET / HTTP/1.1" 301 295 "-" "Mozilla/5.0 (X11; U; Linux Core i7-4980HQ; de; rv:32.0; compatible; JobboerseBot; http://www.jobboerse.com/bot.htm) Gecko/20100101 Firefox/38.0"
188.138.41.173 - - [14/Dec/2017:03:15:42 +0100] "GET / HTTP/1.1" 200 4435 "-" "Mozilla/5.0 (X11; U; Linux Core i7-4980HQ; de; rv:32.0; compatible; JobboerseBot; http://www.jobboerse.com/bot.htm) Gecko/20100101 Firefox/38.0"
188.138.41.173 - - [14/Dec/2017:03:15:44 +0100] "GET /javascript/jquery.customSelect.min.js HTTP/1.1" 200 912 "https://www.easydrivers.at/" "Mozilla/5.0 (X11; U; Linux Core i7-4980HQ; de; rv:32.0; compatible; JobboerseBot; http://www.jobboerse.com/bot.htm) Gecko/20100101 Firefox/38.0"
188.138.41.173 - - [14/Dec/2017:03:15:44 +0100] "GET /javascript/jquery.simplemodal.js HTTP/1.1" 200 3070 "https://www.easydrivers.at/" "Mozilla/5.0 (X11; U; Linux Core i7-4980HQ; de; rv:32.0; compatible; JobboerseBot; http://www.jobboerse.com/bot.htm) Gecko/20100101 Firefox/38.0"
188.138.41.173 - - [14/Dec/2017:03:15:45 +0100] "GET /javascript/jquery.cookie.js HTTP/1.1" 200 863 "https://www.easydrivers.at/" "Mozilla/5.0 (X11; U; Linux Core i7-4980HQ; de; rv:32.0; compatible; JobboerseBot; http://www.jobboerse.com/bot.htm) Gecko/20100101 Firefox/38.0"
188.138.41.173 - - [14/Dec/2017:03:15:47 +0100] "GET /javascript/portal.js?1221842734 HTTP/1.1" 200 3529 "https://www.easydrivers.at/" "Mozilla/5.0 (X11; U; Linux Core i7-4980HQ; de; rv:32.0; compatible; JobboerseBot; http://www.jobboerse.com/bot.htm) Gecko/20100101 Firefox/38.0"
188.138.41.173 - - [14/Dec/2017:03:15:47 +0100] "GET /javascript/homesearch.js HTTP/1.1" 200 393 "https://www.easydrivers.at/" "Mozilla/5.0 (X11; U; Linux Core i7-4980HQ; de; rv:32.0; compatible; JobboerseBot; http://www.jobboerse.com/bot.htm) Gecko/20100101 Firefox/38.0"
188.138.41.173 - - [14/Dec/2017:03:15:48 +0100] "GET /css/style.css HTTP/1.1" 200 5004 "https://www.easydrivers.at/" "Mozilla/5.0 (X11; U; Linux Core i7-4980HQ; de; rv:32.0; compatible; JobboerseBot; http://www.jobboerse.com/bot.htm) Gecko/20100101 Firefox/38.0"
188.138.41.173 - - [14/Dec/2017:03:15:51 +0100] "GET /css/print.css HTTP/1.1" 200 967 "https://www.easydrivers.at/" "Mozilla/5.0 (X11; U; Linux Core i7-4980HQ; de; rv:32.0; compatible; JobboerseBot; http://www.jobboerse.com/bot.htm) Gecko/20100101 Firefox/38.0"
188.138.41.173 - - [14/Dec/2017:03:15:59 +0100] "GET /javascript/lazyload.js HTTP/1.1" 200 1170 "https://www.easydrivers.at/" "Mozilla/5.0 (X11; U; Linux Core i7-4980HQ; de; rv:32.0; compatible; JobboerseBot; http://www.jobboerse.com/bot.htm) Gecko/20100101 Firefox/38.0"
188.138.41.173 - - [14/Dec/2017:03:15:59 +0100] "GET / HTTP/1.1" 200 4435 "-" "Mozilla/5.0 (X11; U; Linux Core i7-4980HQ; de; rv:32.0; compatible; JobboerseBot; http://www.jobboerse.com/bot.htm) Gecko/20100101 Firefox/38.0"
188.138.41.173 - - [14/Dec/2017:03:16:04 +0100] "GET /javascript/jquery.customSelect.min.js HTTP/1.1" 200 912 "https://www.easydrivers.at/" "Mozilla/5.0 (X11; U; Linux Core i7-4980HQ; de; rv:32.0; compatible; JobboerseBot; http://www.jobboerse.com/bot.htm) Gecko/20100101 Firefox/38.0"
188.138.41.173 - - [14/Dec/2017:03:16:04 +0100] "GET /javascript/jquery.simplemodal.js HTTP/1.1" 200 3070 "https://www.easydrivers.at/" "Mozilla/5.0 (X11; U; Linux Core i7-4980HQ; de; rv:32.0; compatible; JobboerseBot; http://www.jobboerse.com/bot.htm) Gecko/20100101 Firefox/38.0"
188.138.41.173 - - [14/Dec/2017:03:16:05 +0100] "GET /javascript/jquery.cookie.js HTTP/1.1" 200 863 "https://www.easydrivers.at/" "Mozilla/5.0 (X11; U; Linux Core i7-4980HQ; de; rv:32.0; compatible; JobboerseBot; http://www.jobboerse.com/bot.htm) Gecko/20100101 Firefox/38.0"
188.138.41.173 - - [14/Dec/2017:03:16:05 +0100] "GET /javascript/portal.js?1221842734 HTTP/1.1" 200 3529 "https://www.easydrivers.at/" "Mozilla/5.0 (X11; U; Linux Core i7-4980HQ; de; rv:32.0; compatible; JobboerseBot; http://www.jobboerse.com/bot.htm) Gecko/20100101 Firefox/38.0"
188.138.41.173 - - [14/Dec/2017:03:16:05 +0100] "GET /javascript/homesearch.js HTTP/1.1" 200 393 "https://www.easydrivers.at/" "Mozilla/5.0 (X11; U; Linux Core i7-4980HQ; de; rv:32.0; compatible; JobboerseBot; http://www.jobboerse.com/bot.htm) Gecko/20100101 Firefox/38.0"
188.138.41.173 - - [14/Dec/2017:03:16:06 +0100] "GET /css/style.css HTTP/1.1" 200 5004 "https://www.easydrivers.at/" "Mozilla/5.0 (X11; U; Linux Core i7-4980HQ; de; rv:32.0; compatible; JobboerseBot; http://www.jobboerse.com/bot.htm) Gecko/20100101 Firefox/38.0"
188.138.41.173 - - [14/Dec/2017:03:16:09 +0100] "GET /css/print.css HTTP/1.1" 200 967 "https://www.easydrivers.at/" "Mozilla/5.0 (X11; U; Linux Core i7-4980HQ; de; rv:32.0; compatible; JobboerseBot; http://www.jobboerse.com/bot.htm) Gecko/20100101 Firefox/38.0"
188.138.41.173 - - [14/Dec/2017:03:16:17 +0100] "GET /javascript/lazyload.js HTTP/1.1" 200 1170 "https://www.easydrivers.at/" "Mozilla/5.0 (X11; U; Linux Core i7-4980HQ; de; rv:32.0; compatible; JobboerseBot; http://www.jobboerse.com/bot.htm) Gecko/20100101 Firefox/38.0"
188.138.41.173 - - [14/Dec/2017:03:16:19 +0100] "GET / HTTP/1.1" 301 295 "-" "Mozilla/5.0 (X11; U; Linux Core i7-4980HQ; de; rv:32.0; compatible; JobboerseBot; http://www.jobboerse.com/bot.htm) Gecko/20100101 Firefox/38.0"
188.138.41.173 - - [14/Dec/2017:03:16:19 +0100] "GET / HTTP/1.1" 200 4435 "-" "Mozilla/5.0 (X11; U; Linux Core i7-4980HQ; de; rv:32.0; compatible; JobboerseBot; http://www.jobboerse.com/bot.htm) Gecko/20100101 Firefox/38.0"
188.138.41.173 - - [14/Dec/2017:03:16:22 +0100] "GET /javascript/jquery.customSelect.min.js HTTP/1.1" 200 912 "https://www.easydrivers.at/" "Mozilla/5.0 (X11; U; Linux Core i7-4980HQ; de; rv:32.0; compatible; JobboerseBot; http://www.jobboerse.com/bot.htm) Gecko/20100101 Firefox/38.0"
188.138.41.173 - - [14/Dec/2017:03:16:22 +0100] "GET /javascript/jquery.simplemodal.js HTTP/1.1" 200 3070 "https://www.easydrivers.at/" "Mozilla/5.0 (X11; U; Linux Core i7-4980HQ; de; rv:32.0; compatible; JobboerseBot; http://www.jobboerse.com/bot.htm) Gecko/20100101 Firefox/38.0"
188.138.41.173 - - [14/Dec/2017:03:16:23 +0100] "GET /javascript/jquery.cookie.js HTTP/1.1" 200 863 "https://www.easydrivers.at/" "Mozilla/5.0 (X11; U; Linux Core i7-4980HQ; de; rv:32.0; compatible; JobboerseBot; http://www.jobboerse.com/bot.htm) Gecko/20100101 Firefox/38.0"
188.138.41.173 - - [14/Dec/2017:03:16:23 +0100] "GET /javascript/portal.js?1221842734 HTTP/1.1" 200 3529 "https://www.easydrivers.at/" "Mozilla/5.0 (X11; U; Linux Core i7-4980HQ; de; rv:32.0; compatible; JobboerseBot; http://www.jobboerse.com/bot.htm) Gecko/20100101 Firefox/38.0"
188.138.41.173 - - [14/Dec/2017:03:16:23 +0100] "GET /javascript/homesearch.js HTTP/1.1" 200 393 "https://www.easydrivers.at/" "Mozilla/5.0 (X11; U; Linux Core i7-4980HQ; de; rv:32.0; compatible; JobboerseBot; http://www.jobboerse.com/bot.htm) Gecko/20100101 Firefox/38.0"
188.138.41.173 - - [14/Dec/2017:03:16:25 +0100] "GET /css/style.css HTTP/1.1" 200 5004 "https://www.easydrivers.at/" "Mozilla/5.0 (X11; U; Linux Core i7-4980HQ; de; rv:32.0; compatible; JobboerseBot; http://www.jobboerse.com/bot.htm) Gecko/20100101 Firefox/38.0"
188.138.41.173 - - [14/Dec/2017:03:16:27 +0100] "GET /css/print.css HTTP/1.1" 200 967 "https://www.easydrivers.at/" "Mozilla/5.0 (X11; U; Linux Core i7-4980HQ; de; rv:32.0; compatible; JobboerseBot; http://www.jobboerse.com/bot.htm) Gecko/20100101 Firefox/38.0"
188.138.41.173 - - [14/Dec/2017:03:16:31 +0100] "GET /javascript/lazyload.js HTTP/1.1" 200 1170 "https://www.easydrivers.at/" "Mozilla/5.0 (X11; U; Linux Core i7-4980HQ; de; rv:32.0; compatible; JobboerseBot; http://www.jobboerse.com/bot.htm) Gecko/20100101 Firefox/38.0"
216.244.66.249 - - [14/Dec/2017:03:16:45 +0100] "GET /fuehrerscheine/motorrad/A1F HTTP/1.1" 301 414 "-" "Mozilla/5.0 (compatible; DotBot/1.1; http://www.opensiteexplorer.org/dotbot, help@moz.com)"
40.77.167.135 - - [14/Dec/2017:03:16:45 +0100] "GET /eisenstadt HTTP/1.1" 200 3413 "-" "Mozilla/5.0 (compatible; bingbot/2.0; +http://www.bing.com/bingbot.htm)"
40.77.167.56 - - [14/Dec/2017:03:17:15 +0100] "GET /schwechat/10288254?FS=C111 HTTP/1.1" 410 3461 "-" "Mozilla/5.0 (compatible; bingbot/2.0; +http://www.bing.com/bingbot.htm)"
40.77.167.135 - - [14/Dec/2017:03:18:10 +0100] "GET /hollabrunn/Motorradkurs_I_Sommer_2018?FS=A2B HTTP/1.1" 200 6311 "-" "Mozilla/5.0 (compatible; bingbot/2.0; +http://www.bing.com/bingbot.htm)"
66.249.76.74 - - [14/Dec/2017:03:18:56 +0100] "GET /reumannplatz/aktionen HTTP/1.1" 301 308 "-" "Mozilla/5.0 (compatible; Googlebot/2.1; +http://www.google.com/bot.html)"
66.249.76.80 - - [14/Dec/2017:03:18:57 +0100] "GET /reumannplatz/aktionen HTTP/1.1" 200 2878 "-" "Mozilla/5.0 (compatible; Googlebot/2.1; +http://www.google.com/bot.html)"
40.77.167.135 - - [14/Dec/2017:03:18:59 +0100] "GET /amstetten/abendkurs-aug18?FS=B-L17 HTTP/1.1" 200 5808 "-" "Mozilla/5.0 (compatible; bingbot/2.0; +http://www.bing.com/bingbot.htm)"
217.182.132.156 - - [14/Dec/2017:03:19:07 +0100] "GET /steyr HTTP/1.1" 301 296 "-" "Mozilla/5.0 (compatible; AhrefsBot/5.2; +http://ahrefs.com/robot/)"
66.249.92.145 - - [14/Dec/2017:03:20:24 +0100] "GET /voesendorf/10281936?FS=B HTTP/1.1" 200 5600 "-" "AdsBot-Google (+http://www.google.com/adsbot.html)"
66.249.92.143 - - [14/Dec/2017:03:20:42 +0100] "GET /css/style.css HTTP/1.1" 200 5004 "https://www.easydrivers.at/voesendorf/10281936?FS=B" "AdsBot-Google (+http://www.google.com/adsbot.html)"
66.249.92.143 - - [14/Dec/2017:03:20:42 +0100] "GET /javascript/jquery.cookie.js HTTP/1.1" 200 863 "https://www.easydrivers.at/voesendorf/10281936?FS=B" "AdsBot-Google (+http://www.google.com/adsbot.html)"
66.249.92.144 - - [14/Dec/2017:03:20:43 +0100] "GET /css/print.css HTTP/1.1" 200 967 "https://www.easydrivers.at/voesendorf/10281936?FS=B" "AdsBot-Google (+http://www.google.com/adsbot.html)"
66.249.92.144 - - [14/Dec/2017:03:20:43 +0100] "GET /javascript/jquery.base64.min.js HTTP/1.1" 200 37135 "https://www.easydrivers.at/voesendorf/10281936?FS=B" "AdsBot-Google (+http://www.google.com/adsbot.html)"
66.249.92.144 - - [14/Dec/2017:03:20:44 +0100] "GET /css/showLoading.css HTTP/1.1" 200 219 "https://www.easydrivers.at/voesendorf/10281936?FS=B" "AdsBot-Google (+http://www.google.com/adsbot.html)"
66.249.92.143 - - [14/Dec/2017:03:20:44 +0100] "GET /javascript/lazyload.js HTTP/1.1" 200 1170 "https://www.easydrivers.at/voesendorf/10281936?FS=B" "AdsBot-Google (+http://www.google.com/adsbot.html)"
66.249.92.143 - - [14/Dec/2017:03:20:45 +0100] "GET /javascript/jquery.customSelect.min.js HTTP/1.1" 200 912 "https://www.easydrivers.at/voesendorf/10281936?FS=B" "AdsBot-Google (+http://www.google.com/adsbot.html)"
66.249.92.144 - - [14/Dec/2017:03:20:45 +0100] "GET /javascript/portal.js?1221842734 HTTP/1.1" 200 3529 "https://www.easydrivers.at/voesendorf/10281936?FS=B" "AdsBot-Google (+http://www.google.com/adsbot.html)"
66.249.92.144 - - [14/Dec/2017:03:20:46 +0100] "GET /javascript/fahrschule.js HTTP/1.1" 200 462 "https://www.easydrivers.at/voesendorf/10281936?FS=B" "AdsBot-Google (+http://www.google.com/adsbot.html)"
66.249.92.143 - - [14/Dec/2017:03:20:46 +0100] "GET /javascript/jquery.showLoading.min.js HTTP/1.1" 200 1136 "https://www.easydrivers.at/voesendorf/10281936?FS=B" "AdsBot-Google (+http://www.google.com/adsbot.html)"
66.249.92.143 - - [14/Dec/2017:03:20:47 +0100] "GET /javascript/suche.js HTTP/1.1" 200 209 "https://www.easydrivers.at/voesendorf/10281936?FS=B" "AdsBot-Google (+http://www.google.com/adsbot.html)"
157.55.39.115 - - [14/Dec/2017:03:21:05 +0100] "GET /img/gallery/gallery-left.png HTTP/1.1" 301 312 "-" "Mozilla/5.0 (compatible; bingbot/2.0; +http://www.bing.com/bingbot.htm)"
157.55.39.115 - - [14/Dec/2017:03:21:20 +0100] "GET /img/gallery/gallery-left.png HTTP/1.1" 200 1866 "-" "Mozilla/5.0 (compatible; bingbot/2.0; +http://www.bing.com/bingbot.htm)"
217.250.168.105 - - [14/Dec/2017:03:21:37 +0100] "GET /wieselburg HTTP/1.1" 200 3467 "-" "Mozilla/5.0 (Windows; U; Windows NT 6.0; de; rv:1.9.2.3) Gecko/20100401 Firefox/3.6.3 ( .NET CLR 3.5.30729)"
192.95.29.116 - - [14/Dec/2017:03:23:24 +0100] "GET /schwechat HTTP/1.1" 200 11669 "-" "Mozilla/5.0 (X11; Linux x86_64) AppleWebKit/534.30 (KHTML, like Gecko) Ubuntu/10.10 Chromium/12.0.742.112 Chrome/12.0.742.112 Safari/534.30"
40.77.167.56 - - [14/Dec/2017:03:24:06 +0100] "GET /hollabrunn/Grundkurs_IV_Sommer_2018?FS=A2BF HTTP/1.1" 200 6658 "-" "Mozilla/5.0 (compatible; bingbot/2.0; +http://www.bing.com/bingbot.htm)"
54.159.167.42 - - [14/Dec/2017:03:26:45 +0100] "GET /robots.txt HTTP/1.1" 301 397 "-" "Mozilla/5.0 (compatible; proximic; +http://www.proximic.com/info/spider.php)"
54.159.167.42 - - [14/Dec/2017:03:26:46 +0100] "GET /robots.txt HTTP/1.1" 200 178 "-" "Mozilla/5.0 (compatible; proximic; +http://www.proximic.com/info/spider.php)"
54.226.45.144 - - [14/Dec/2017:03:26:54 +0100] "GET / HTTP/1.1" 200 4435 "-" "Mozilla/5.0 (compatible; proximic; +http://www.proximic.com/info/spider.php)"
216.244.66.243 - - [14/Dec/2017:03:27:08 +0100] "GET /EASYDRIVERS_Radfahrschule/10287617 HTTP/1.1" 301 421 "-" "Mozilla/5.0 (compatible; DotBot/1.1; http://www.opensiteexplorer.org/dotbot, help@moz.com)"
193.83.180.83 - - [14/Dec/2017:03:27:12 +0100] "GET /linz?gclid=EAIaIQobChMIs5DO97mI2AIVIQbTCh2rbAVlEAAYASAAEgKfi_D_BwE HTTP/1.1" 200 2865 "https://www.google.at/" "Mozilla/5.0 (iPhone; CPU iPhone OS 11_1_2 like Mac OS X) AppleWebKit/604.3.5 (KHTML, like Gecko) Version/11.0 Mobile/15B202 Safari/604.1"
193.83.180.83 - - [14/Dec/2017:03:27:14 +0100] "GET /css/mobile.css HTTP/1.1" 200 2852 "https://www.easydrivers.at/linz?gclid=EAIaIQobChMIs5DO97mI2AIVIQbTCh2rbAVlEAAYASAAEgKfi_D_BwE" "Mozilla/5.0 (iPhone; CPU iPhone OS 11_1_2 like Mac OS X) AppleWebKit/604.3.5 (KHTML, like Gecko) Version/11.0 Mobile/15B202 Safari/604.1"
193.83.180.83 - - [14/Dec/2017:03:27:14 +0100] "GET /javascript/mobile-menu.js HTTP/1.1" 200 1634 "https://www.easydrivers.at/linz?gclid=EAIaIQobChMIs5DO97mI2AIVIQbTCh2rbAVlEAAYASAAEgKfi_D_BwE" "Mozilla/5.0 (iPhone; CPU iPhone OS 11_1_2 like Mac OS X) AppleWebKit/604.3.5 (KHTML, like Gecko) Version/11.0 Mobile/15B202 Safari/604.1"
193.83.180.83 - - [14/Dec/2017:03:27:14 +0100] "GET /javascript/jquery.cookie.js HTTP/1.1" 200 863 "https://www.easydrivers.at/linz?gclid=EAIaIQobChMIs5DO97mI2AIVIQbTCh2rbAVlEAAYASAAEgKfi_D_BwE" "Mozilla/5.0 (iPhone; CPU iPhone OS 11_1_2 like Mac OS X) AppleWebKit/604.3.5 (KHTML, like Gecko) Version/11.0 Mobile/15B202 Safari/604.1"
193.83.180.83 - - [14/Dec/2017:03:27:14 +0100] "GET /javascript/jquery-1.9.1.min.js HTTP/1.1" 200 32731 "https://www.easydrivers.at/linz?gclid=EAIaIQobChMIs5DO97mI2AIVIQbTCh2rbAVlEAAYASAAEgKfi_D_BwE" "Mozilla/5.0 (iPhone; CPU iPhone OS 11_1_2 like Mac OS X) AppleWebKit/604.3.5 (KHTML, like Gecko) Version/11.0 Mobile/15B202 Safari/604.1"
193.83.180.83 - - [14/Dec/2017:03:27:14 +0100] "GET /javascript/jquery.simplemodal.js HTTP/1.1" 200 3070 "https://www.easydrivers.at/linz?gclid=EAIaIQobChMIs5DO97mI2AIVIQbTCh2rbAVlEAAYASAAEgKfi_D_BwE" "Mozilla/5.0 (iPhone; CPU iPhone OS 11_1_2 like Mac OS X) AppleWebKit/604.3.5 (KHTML, like Gecko) Version/11.0 Mobile/15B202 Safari/604.1"
193.83.180.83 - - [14/Dec/2017:03:27:14 +0100] "GET /javascript/lazyload.js HTTP/1.1" 200 1170 "https://www.easydrivers.at/linz?gclid=EAIaIQobChMIs5DO97mI2AIVIQbTCh2rbAVlEAAYASAAEgKfi_D_BwE" "Mozilla/5.0 (iPhone; CPU iPhone OS 11_1_2 like Mac OS X) AppleWebKit/604.3.5 (KHTML, like Gecko) Version/11.0 Mobile/15B202 Safari/604.1"
193.83.180.83 - - [14/Dec/2017:03:27:14 +0100] "GET /javascript/mobile-fahrschule.js HTTP/1.1" 200 328 "https://www.easydrivers.at/linz?gclid=EAIaIQobChMIs5DO97mI2AIVIQbTCh2rbAVlEAAYASAAEgKfi_D_BwE" "Mozilla/5.0 (iPhone; CPU iPhone OS 11_1_2 like Mac OS X) AppleWebKit/604.3.5 (KHTML, like Gecko) Version/11.0 Mobile/15B202 Safari/604.1"
193.83.180.83 - - [14/Dec/2017:03:27:14 +0100] "GET /img/mobile/easydrivers-logo-mobile.png HTTP/1.1" 200 10766 "https://www.easydrivers.at/linz?gclid=EAIaIQobChMIs5DO97mI2AIVIQbTCh2rbAVlEAAYASAAEgKfi_D_BwE" "Mozilla/5.0 (iPhone; CPU iPhone OS 11_1_2 like Mac OS X) AppleWebKit/604.3.5 (KHTML, like Gecko) Version/11.0 Mobile/15B202 Safari/604.1"
193.83.180.83 - - [14/Dec/2017:03:27:14 +0100] "GET /img/mobile/menu-button.png HTTP/1.1" 200 1746 "https://www.easydrivers.at/linz?gclid=EAIaIQobChMIs5DO97mI2AIVIQbTCh2rbAVlEAAYASAAEgKfi_D_BwE" "Mozilla/5.0 (iPhone; CPU iPhone OS 11_1_2 like Mac OS X) AppleWebKit/604.3.5 (KHTML, like Gecko) Version/11.0 Mobile/15B202 Safari/604.1"
193.83.180.83 - - [14/Dec/2017:03:27:14 +0100] "GET /img/mobile/close-button.png HTTP/1.1" 200 2411 "https://www.easydrivers.at/linz?gclid=EAIaIQobChMIs5DO97mI2AIVIQbTCh2rbAVlEAAYASAAEgKfi_D_BwE" "Mozilla/5.0 (iPhone; CPU iPhone OS 11_1_2 like Mac OS X) AppleWebKit/604.3.5 (KHTML, like Gecko) Version/11.0 Mobile/15B202 Safari/604.1"
193.83.180.83 - - [14/Dec/2017:03:27:14 +0100] "GET /img/mobile/facebook-icon.png HTTP/1.1" 200 1902 "https://www.easydrivers.at/linz?gclid=EAIaIQobChMIs5DO97mI2AIVIQbTCh2rbAVlEAAYASAAEgKfi_D_BwE" "Mozilla/5.0 (iPhone; CPU iPhone OS 11_1_2 like Mac OS X) AppleWebKit/604.3.5 (KHTML, like Gecko) Version/11.0 Mobile/15B202 Safari/604.1"
193.83.180.83 - - [14/Dec/2017:03:27:14 +0100] "GET /img/mobile/info-button.png HTTP/1.1" 200 1549 "https://www.easydrivers.at/linz?gclid=EAIaIQobChMIs5DO97mI2AIVIQbTCh2rbAVlEAAYASAAEgKfi_D_BwE" "Mozilla/5.0 (iPhone; CPU iPhone OS 11_1_2 like Mac OS X) AppleWebKit/604.3.5 (KHTML, like Gecko) Version/11.0 Mobile/15B202 Safari/604.1"
193.83.180.83 - - [14/Dec/2017:03:27:14 +0100] "GET /img/mobile/info-close-button.png HTTP/1.1" 200 1721 "https://www.easydrivers.at/linz?gclid=EAIaIQobChMIs5DO97mI2AIVIQbTCh2rbAVlEAAYASAAEgKfi_D_BwE" "Mozilla/5.0 (iPhone; CPU iPhone OS 11_1_2 like Mac OS X) AppleWebKit/604.3.5 (KHTML, like Gecko) Version/11.0 Mobile/15B202 Safari/604.1"
193.83.180.83 - - [14/Dec/2017:03:27:14 +0100] "GET /img/smallicon-person.png HTTP/1.1" 200 1141 "https://www.easydrivers.at/linz?gclid=EAIaIQobChMIs5DO97mI2AIVIQbTCh2rbAVlEAAYASAAEgKfi_D_BwE" "Mozilla/5.0 (iPhone; CPU iPhone OS 11_1_2 like Mac OS X) AppleWebKit/604.3.5 (KHTML, like Gecko) Version/11.0 Mobile/15B202 Safari/604.1"
193.83.180.83 - - [14/Dec/2017:03:27:14 +0100] "GET /img/smallicon-address.png HTTP/1.1" 200 1211 "https://www.easydrivers.at/linz?gclid=EAIaIQobChMIs5DO97mI2AIVIQbTCh2rbAVlEAAYASAAEgKfi_D_BwE" "Mozilla/5.0 (iPhone; CPU iPhone OS 11_1_2 like Mac OS X) AppleWebKit/604.3.5 (KHTML, like Gecko) Version/11.0 Mobile/15B202 Safari/604.1"
193.83.180.83 - - [14/Dec/2017:03:27:14 +0100] "GET /img/mobile/googlemaps-pin.png HTTP/1.1" 200 1597 "https://www.easydrivers.at/linz?gclid=EAIaIQobChMIs5DO97mI2AIVIQbTCh2rbAVlEAAYASAAEgKfi_D_BwE" "Mozilla/5.0 (iPhone; CPU iPhone OS 11_1_2 like Mac OS X) AppleWebKit/604.3.5 (KHTML, like Gecko) Version/11.0 Mobile/15B202 Safari/604.1"
193.83.180.83 - - [14/Dec/2017:03:27:14 +0100] "GET /img/smallicon-time.png HTTP/1.1" 200 1262 "https://www.easydrivers.at/linz?gclid=EAIaIQobChMIs5DO97mI2AIVIQbTCh2rbAVlEAAYASAAEgKfi_D_BwE" "Mozilla/5.0 (iPhone; CPU iPhone OS 11_1_2 like Mac OS X) AppleWebKit/604.3.5 (KHTML, like Gecko) Version/11.0 Mobile/15B202 Safari/604.1"
193.83.180.83 - - [14/Dec/2017:03:27:14 +0100] "GET /img/smallicon-phone.png HTTP/1.1" 200 3056 "https://www.easydrivers.at/linz?gclid=EAIaIQobChMIs5DO97mI2AIVIQbTCh2rbAVlEAAYASAAEgKfi_D_BwE" "Mozilla/5.0 (iPhone; CPU iPhone OS 11_1_2 like Mac OS X) AppleWebKit/604.3.5 (KHTML, like Gecko) Version/11.0 Mobile/15B202 Safari/604.1"
193.83.180.83 - - [14/Dec/2017:03:27:14 +0100] "GET /img/smallicon-mail.png HTTP/1.1" 200 1341 "https://www.easydrivers.at/linz?gclid=EAIaIQobChMIs5DO97mI2AIVIQbTCh2rbAVlEAAYASAAEgKfi_D_BwE" "Mozilla/5.0 (iPhone; CPU iPhone OS 11_1_2 like Mac OS X) AppleWebKit/604.3.5 (KHTML, like Gecko) Version/11.0 Mobile/15B202 Safari/604.1"
193.83.180.83 - - [14/Dec/2017:03:27:14 +0100] "GET /img/mobile/widget-icon-app.png HTTP/1.1" 200 3458 "https://www.easydrivers.at/linz?gclid=EAIaIQobChMIs5DO97mI2AIVIQbTCh2rbAVlEAAYASAAEgKfi_D_BwE" "Mozilla/5.0 (iPhone; CPU iPhone OS 11_1_2 like Mac OS X) AppleWebKit/604.3.5 (KHTML, like Gecko) Version/11.0 Mobile/15B202 Safari/604.1"
193.83.180.83 - - [14/Dec/2017:03:27:14 +0100] "GET /img/mobile/bg-header.jpg HTTP/1.1" 200 19741 "https://www.easydrivers.at/linz?gclid=EAIaIQobChMIs5DO97mI2AIVIQbTCh2rbAVlEAAYASAAEgKfi_D_BwE" "Mozilla/5.0 (iPhone; CPU iPhone OS 11_1_2 like Mac OS X) AppleWebKit/604.3.5 (KHTML, like Gecko) Version/11.0 Mobile/15B202 Safari/604.1"
193.83.180.83 - - [14/Dec/2017:03:27:14 +0100] "GET /img/mobile/bg-menu.jpg HTTP/1.1" 200 1698 "https://www.easydrivers.at/linz?gclid=EAIaIQobChMIs5DO97mI2AIVIQbTCh2rbAVlEAAYASAAEgKfi_D_BwE" "Mozilla/5.0 (iPhone; CPU iPhone OS 11_1_2 like Mac OS X) AppleWebKit/604.3.5 (KHTML, like Gecko) Version/11.0 Mobile/15B202 Safari/604.1"
193.83.180.83 - - [14/Dec/2017:03:27:14 +0100] "GET /img/mobile/bg-top-section.jpg HTTP/1.1" 200 21711 "https://www.easydrivers.at/linz?gclid=EAIaIQobChMIs5DO97mI2AIVIQbTCh2rbAVlEAAYASAAEgKfi_D_BwE" "Mozilla/5.0 (iPhone; CPU iPhone OS 11_1_2 like Mac OS X) AppleWebKit/604.3.5 (KHTML, like Gecko) Version/11.0 Mobile/15B202 Safari/604.1"
193.83.180.83 - - [14/Dec/2017:03:27:14 +0100] "GET /img/mobile/pfeil-rechts.png HTTP/1.1" 200 1228 "https://www.easydrivers.at/linz?gclid=EAIaIQobChMIs5DO97mI2AIVIQbTCh2rbAVlEAAYASAAEgKfi_D_BwE" "Mozilla/5.0 (iPhone; CPU iPhone OS 11_1_2 like Mac OS X) AppleWebKit/604.3.5 (KHTML, like Gecko) Version/11.0 Mobile/15B202 Safari/604.1"
193.83.180.83 - - [14/Dec/2017:03:27:27 +0100] "POST /linz/kursauswahl HTTP/1.1" 200 3004 "https://www.easydrivers.at/linz?gclid=EAIaIQobChMIs5DO97mI2AIVIQbTCh2rbAVlEAAYASAAEgKfi_D_BwE" "Mozilla/5.0 (iPhone; CPU iPhone OS 11_1_2 like Mac OS X) AppleWebKit/604.3.5 (KHTML, like Gecko) Version/11.0 Mobile/15B202 Safari/604.1"
193.83.180.83 - - [14/Dec/2017:03:27:29 +0100] "GET /javascript/mobile-fahrschule-kurs-suchergebnis.js HTTP/1.1" 200 274 "https://www.easydrivers.at/linz/kursauswahl" "Mozilla/5.0 (iPhone; CPU iPhone OS 11_1_2 like Mac OS X) AppleWebKit/604.3.5 (KHTML, like Gecko) Version/11.0 Mobile/15B202 Safari/604.1"
193.83.180.83 - - [14/Dec/2017:03:27:29 +0100] "GET /img/mobile/pfeil-links-small.png HTTP/1.1" 200 1065 "https://www.easydrivers.at/linz/kursauswahl" "Mozilla/5.0 (iPhone; CPU iPhone OS 11_1_2 like Mac OS X) AppleWebKit/604.3.5 (KHTML, like Gecko) Version/11.0 Mobile/15B202 Safari/604.1"
193.83.180.83 - - [14/Dec/2017:03:27:29 +0100] "GET /img/mobile/bg-yellow.jpg HTTP/1.1" 200 1569 "https://www.easydrivers.at/linz/kursauswahl" "Mozilla/5.0 (iPhone; CPU iPhone OS 11_1_2 like Mac OS X) AppleWebKit/604.3.5 (KHTML, like Gecko) Version/11.0 Mobile/15B202 Safari/604.1"
193.83.180.83 - - [14/Dec/2017:03:27:29 +0100] "GET /img/loading-bars.gif HTTP/1.1" 200 3951 "https://www.easydrivers.at/linz/kursauswahl" "Mozilla/5.0 (iPhone; CPU iPhone OS 11_1_2 like Mac OS X) AppleWebKit/604.3.5 (KHTML, like Gecko) Version/11.0 Mobile/15B202 Safari/604.1"
193.83.180.83 - - [14/Dec/2017:03:27:53 +0100] "POST /loadkursliste HTTP/1.1" 200 393 "https://www.easydrivers.at/linz/kursauswahl" "Mozilla/5.0 (iPhone; CPU iPhone OS 11_1_2 like Mac OS X) AppleWebKit/604.3.5 (KHTML, like Gecko) Version/11.0 Mobile/15B202 Safari/604.1"
157.55.39.233 - - [14/Dec/2017:03:27:54 +0100] "GET /krems/B-Kurs-August-2017?FS=B-L17 HTTP/1.1" 410 3555 "-" "Mozilla/5.0 (compatible; bingbot/2.0; +http://www.bing.com/bingbot.htm)"
157.55.39.233 - - [14/Dec/2017:03:27:57 +0100] "GET /hollabrunn/Grundkurs_I_Sommer_2018?FS=A2B HTTP/1.1" 200 6540 "-" "Mozilla/5.0 (compatible; bingbot/2.0; +http://www.bing.com/bingbot.htm)"
193.83.180.83 - - [14/Dec/2017:03:27:59 +0100] "POST /loadkursliste HTTP/1.1" 200 392 "https://www.easydrivers.at/linz/kursauswahl" "Mozilla/5.0 (iPhone; CPU iPhone OS 11_1_2 like Mac OS X) AppleWebKit/604.3.5 (KHTML, like Gecko) Version/11.0 Mobile/15B202 Safari/604.1"
193.83.180.83 - - [14/Dec/2017:03:28:01 +0100] "POST /loadkursliste HTTP/1.1" 200 389 "https://www.easydrivers.at/linz/kursauswahl" "Mozilla/5.0 (iPhone; CPU iPhone OS 11_1_2 like Mac OS X) AppleWebKit/604.3.5 (KHTML, like Gecko) Version/11.0 Mobile/15B202 Safari/604.1"
193.83.180.83 - - [14/Dec/2017:03:28:09 +0100] "GET /linz/kurse HTTP/1.1" 200 2799 "https://www.easydrivers.at/linz/kursauswahl" "Mozilla/5.0 (iPhone; CPU iPhone OS 11_1_2 like Mac OS X) AppleWebKit/604.3.5 (KHTML, like Gecko) Version/11.0 Mobile/15B202 Safari/604.1"
193.83.180.83 - - [14/Dec/2017:03:28:11 +0100] "GET /linz/aktionen HTTP/1.1" 200 2831 "https://www.easydrivers.at/linz/kursauswahl" "Mozilla/5.0 (iPhone; CPU iPhone OS 11_1_2 like Mac OS X) AppleWebKit/604.3.5 (KHTML, like Gecko) Version/11.0 Mobile/15B202 Safari/604.1"
178.165.130.168 - - [14/Dec/2017:03:28:18 +0100] "GET /reumannplatz/10292876?FS=B HTTP/1.1" 200 3048 "http://m.facebook.com" "Mozilla/5.0 (iPhone; CPU iPhone OS 11_1_2 like Mac OS X) AppleWebKit/604.3.5 (KHTML, like Gecko) Mobile/15B202 [FBAN/FBIOS;FBAV/152.0.0.45.135;FBBV/83301214;FBDV/iPhone8,1;FBMD/iPhone;FBSN/iOS;FBSV/11.1.2;FBSS/2;FBCR/3Austria;FBID/phone;FBLC/de_DE;FBOP/5;FBRV/83301214]"
40.77.167.135 - - [14/Dec/2017:03:29:10 +0100] "GET /spittelau/10280820?FS=BCE HTTP/1.1" 410 3396 "-" "Mozilla/5.0 (compatible; bingbot/2.0; +http://www.bing.com/bingbot.htm)"
40.77.167.135 - - [14/Dec/2017:03:29:25 +0100] "GET /leonding/weihnachtskurs_2017?FS=A2BF HTTP/1.1" 301 320 "-" "Mozilla/5.0 (compatible; bingbot/2.0; +http://www.bing.com/bingbot.htm)"
40.77.167.56 - - [14/Dec/2017:03:29:28 +0100] "GET /hollabrunn/Grundkurs_Junil_2018?FS=BBE HTTP/1.1" 200 6182 "-" "Mozilla/5.0 (compatible; bingbot/2.0; +http://www.bing.com/bingbot.htm)"
40.77.167.56 - - [14/Dec/2017:03:29:32 +0100] "GET /bludenz/aktionen HTTP/1.1" 301 305 "-" "Mozilla/5.0 (compatible; bingbot/2.0; +http://www.bing.com/bingbot.htm)"
91.141.3.128 - - [14/Dec/2017:03:31:23 +0100] "GET /krems/10276251 HTTP/1.1" 200 3275 "http://m.facebook.com/" "Mozilla/5.0 (Linux; Android 7.0; SM-G950F Build/NRD90M; wv) AppleWebKit/537.36 (KHTML, like Gecko) Version/4.0 Chrome/62.0.3202.84 Mobile Safari/537.36 [FB_IAB/FB4A;FBAV/152.0.0.42.136;]"
78.30.10.22 - - [14/Dec/2017:03:32:35 +0100] "GET / HTTP/1.1" 301 388 "-" "Java/1.8.0_25"
78.30.10.22 - - [14/Dec/2017:03:32:35 +0100] "GET /https://www.easydrivers.at HTTP/1.1" 301 414 "-" "Java/1.8.0_25"
40.77.167.135 - - [14/Dec/2017:03:34:21 +0100] "GET /feldkirch/GrundkursB43066?FS=BL1796 HTTP/1.1" 200 6080 "-" "Mozilla/5.0 (compatible; bingbot/2.0; +http://www.bing.com/bingbot.htm)"
40.77.167.135 - - [14/Dec/2017:03:35:42 +0100] "GET /binaries/easy-drivers-bad-v/agbeasy-driversbadvoeslaupdf.pdf HTTP/1.1" 301 325 "-" "Mozilla/5.0 (compatible; bingbot/2.0; +http://www.bing.com/bingbot.htm)"
66.249.76.82 - - [14/Dec/2017:03:36:11 +0100] "GET /binaries/easy-drivers-portal/pkw6jpg.jpg HTTP/1.1" 200 75742 "-" "Googlebot-Image/1.0"
157.55.39.233 - - [14/Dec/2017:03:36:20 +0100] "GET /tulln/kursauswahl HTTP/1.1" 200 3538 "-" "Mozilla/5.0 (compatible; bingbot/2.0; +http://www.bing.com/bingbot.htm)"
193.154.94.18 - - [14/Dec/2017:03:37:56 +0100] "GET / HTTP/1.1" 301 293 "https://www.google.at/" "Mozilla/5.0 (Windows NT 10.0; Win64; x64) AppleWebKit/537.36 (KHTML, like Gecko) Chrome/63.0.3239.84 Safari/537.36"
193.154.94.18 - - [14/Dec/2017:03:37:57 +0100] "GET / HTTP/1.1" 200 4435 "https://www.google.at/" "Mozilla/5.0 (Windows NT 10.0; Win64; x64) AppleWebKit/537.36 (KHTML, like Gecko) Chrome/63.0.3239.84 Safari/537.36"
193.154.94.18 - - [14/Dec/2017:03:37:58 +0100] "GET /css/style.css HTTP/1.1" 200 5004 "https://www.easydrivers.at/" "Mozilla/5.0 (Windows NT 10.0; Win64; x64) AppleWebKit/537.36 (KHTML, like Gecko) Chrome/63.0.3239.84 Safari/537.36"
193.154.94.18 - - [14/Dec/2017:03:37:58 +0100] "GET /javascript/jquery.customSelect.min.js HTTP/1.1" 200 912 "https://www.easydrivers.at/" "Mozilla/5.0 (Windows NT 10.0; Win64; x64) AppleWebKit/537.36 (KHTML, like Gecko) Chrome/63.0.3239.84 Safari/537.36"
193.154.94.18 - - [14/Dec/2017:03:37:58 +0100] "GET /javascript/jquery.simplemodal.js HTTP/1.1" 200 3070 "https://www.easydrivers.at/" "Mozilla/5.0 (Windows NT 10.0; Win64; x64) AppleWebKit/537.36 (KHTML, like Gecko) Chrome/63.0.3239.84 Safari/537.36"
193.154.94.18 - - [14/Dec/2017:03:37:58 +0100] "GET /javascript/jquery.cookie.js HTTP/1.1" 200 863 "https://www.easydrivers.at/" "Mozilla/5.0 (Windows NT 10.0; Win64; x64) AppleWebKit/537.36 (KHTML, like Gecko) Chrome/63.0.3239.84 Safari/537.36"
193.154.94.18 - - [14/Dec/2017:03:37:59 +0100] "GET /javascript/portal.js?1221842734 HTTP/1.1" 200 3529 "https://www.easydrivers.at/" "Mozilla/5.0 (Windows NT 10.0; Win64; x64) AppleWebKit/537.36 (KHTML, like Gecko) Chrome/63.0.3239.84 Safari/537.36"
193.154.94.18 - - [14/Dec/2017:03:37:59 +0100] "GET /javascript/lazyload.js HTTP/1.1" 200 1170 "https://www.easydrivers.at/" "Mozilla/5.0 (Windows NT 10.0; Win64; x64) AppleWebKit/537.36 (KHTML, like Gecko) Chrome/63.0.3239.84 Safari/537.36"
193.154.94.18 - - [14/Dec/2017:03:37:59 +0100] "GET /img/close-button.png HTTP/1.1" 200 2237 "https://www.easydrivers.at/" "Mozilla/5.0 (Windows NT 10.0; Win64; x64) AppleWebKit/537.36 (KHTML, like Gecko) Chrome/63.0.3239.84 Safari/537.36"
193.154.94.18 - - [14/Dec/2017:03:37:59 +0100] "GET /img/facebook-icon.png HTTP/1.1" 200 1506 "https://www.easydrivers.at/" "Mozilla/5.0 (Windows NT 10.0; Win64; x64) AppleWebKit/537.36 (KHTML, like Gecko) Chrome/63.0.3239.84 Safari/537.36"
193.154.94.18 - - [14/Dec/2017:03:37:59 +0100] "GET /javascript/homesearch.js HTTP/1.1" 200 393 "https://www.easydrivers.at/" "Mozilla/5.0 (Windows NT 10.0; Win64; x64) AppleWebKit/537.36 (KHTML, like Gecko) Chrome/63.0.3239.84 Safari/537.36"
193.154.94.18 - - [14/Dec/2017:03:37:59 +0100] "GET /img/submit-button.png HTTP/1.1" 200 1958 "https://www.easydrivers.at/" "Mozilla/5.0 (Windows NT 10.0; Win64; x64) AppleWebKit/537.36 (KHTML, like Gecko) Chrome/63.0.3239.84 Safari/537.36"
40.77.167.56 - - [14/Dec/2017:03:37:59 +0100] "GET /binaries/10251116.jpg HTTP/1.1" 301 308 "-" "Mozilla/5.0 (compatible; bingbot/2.0; +http://www.bing.com/bingbot.htm)"
193.154.94.18 - - [14/Dec/2017:03:37:59 +0100] "GET /binaries/easy-drivers-portal/widget-icon-trainingpng.png HTTP/1.1" 200 2662 "https://www.easydrivers.at/" "Mozilla/5.0 (Windows NT 10.0; Win64; x64) AppleWebKit/537.36 (KHTML, like Gecko) Chrome/63.0.3239.84 Safari/537.36"
193.154.94.18 - - [14/Dec/2017:03:37:59 +0100] "GET /img/empty.gif HTTP/1.1" 200 43 "https://www.easydrivers.at/" "Mozilla/5.0 (Windows NT 10.0; Win64; x64) AppleWebKit/537.36 (KHTML, like Gecko) Chrome/63.0.3239.84 Safari/537.36"
193.154.94.18 - - [14/Dec/2017:03:37:59 +0100] "GET / HTTP/1.1" 200 4435 "https://www.google.at/" "Mozilla/5.0 (Windows NT 10.0; Win64; x64) AppleWebKit/537.36 (KHTML, like Gecko) Chrome/63.0.3239.84 Safari/537.36"
193.154.94.18 - - [14/Dec/2017:03:38:00 +0100] "GET /img/purple-dots-horizontal.png HTTP/1.1" 200 977 "https://www.easydrivers.at/css/style.css" "Mozilla/5.0 (Windows NT 10.0; Win64; x64) AppleWebKit/537.36 (KHTML, like Gecko) Chrome/63.0.3239.84 Safari/537.36"
193.154.94.18 - - [14/Dec/2017:03:38:01 +0100] "GET /img/yellow-dots-vertical.png HTTP/1.1" 200 981 "https://www.easydrivers.at/css/style.css" "Mozilla/5.0 (Windows NT 10.0; Win64; x64) AppleWebKit/537.36 (KHTML, like Gecko) Chrome/63.0.3239.84 Safari/537.36"
193.154.94.18 - - [14/Dec/2017:03:38:00 +0100] "GET /img/bg-top-section.jpg HTTP/1.1" 200 82172 "https://www.easydrivers.at/css/style.css" "Mozilla/5.0 (Windows NT 10.0; Win64; x64) AppleWebKit/537.36 (KHTML, like Gecko) Chrome/63.0.3239.84 Safari/537.36"
193.154.94.18 - - [14/Dec/2017:03:38:01 +0100] "GET /binaries/easy-drivers-portal/widget-icon-expertspng.png HTTP/1.1" 200 2159 "https://www.easydrivers.at/" "Mozilla/5.0 (Windows NT 10.0; Win64; x64) AppleWebKit/537.36 (KHTML, like Gecko) Chrome/63.0.3239.84 Safari/537.36"
193.154.94.18 - - [14/Dec/2017:03:38:01 +0100] "GET /binaries/easy-drivers-portal/widget-icon-apppng.png HTTP/1.1" 200 2432 "https://www.easydrivers.at/" "Mozilla/5.0 (Windows NT 10.0; Win64; x64) AppleWebKit/537.36 (KHTML, like Gecko) Chrome/63.0.3239.84 Safari/537.36"
193.154.94.18 - - [14/Dec/2017:03:38:01 +0100] "GET /cache/emu/images/easy-drivers-portal10294676/pastedgraphic-3-1png_160_90_0.png HTTP/1.1" 200 9745 "https://www.easydrivers.at/" "Mozilla/5.0 (Windows NT 10.0; Win64; x64) AppleWebKit/537.36 (KHTML, like Gecko) Chrome/63.0.3239.84 Safari/537.36"
193.154.94.18 - - [14/Dec/2017:03:38:01 +0100] "GET /img/schweiz-icon.png HTTP/1.1" 200 1504 "https://www.easydrivers.at/" "Mozilla/5.0 (Windows NT 10.0; Win64; x64) AppleWebKit/537.36 (KHTML, like Gecko) Chrome/63.0.3239.84 Safari/537.36"
157.55.39.233 - - [14/Dec/2017:03:38:05 +0100] "GET /perg/10285445?FS=A HTTP/1.1" 301 308 "-" "Mozilla/5.0 (compatible; bingbot/2.0; +http://www.bing.com/bingbot.htm)"
37.140.238.54 - - [14/Dec/2017:03:38:11 +0100] "GET / HTTP/1.1" 301 293 "-" "Mozilla/5.0 (X11; Linux x86_64) AppleWebKit/537.36 (KHTML, like Gecko) Chrome/59.0.3071.104 Safari/537.36"
