83.175.125.242 - - [06/Jan/2018:01:02:31 +0100] "POST /autodiscover/autodiscover.xml HTTP/1.1" 301 413 "-" "Microsoft Office/12.0 (Windows NT 6.2; Microsoft Office Outlook 12.0.6768; Pro)"
83.175.125.242 - - [06/Jan/2018:01:07:32 +0100] "POST /autodiscover/autodiscover.xml HTTP/1.1" 301 413 "-" "Microsoft Office/12.0 (Windows NT 6.2; Microsoft Office Outlook 12.0.6768; Pro)"
212.95.8.147 - - [06/Jan/2018:01:11:24 +0100] "GET /linz/aktionen HTTP/1.1" 200 2831 "http://m.facebook.com" "Mozilla/5.0 (iPhone; CPU iPhone OS 10_3_3 like Mac OS X) AppleWebKit/603.3.8 (KHTML, like Gecko) Mobile/14G60 [FBAN/FBIOS;FBAV/153.0.0.53.87;FBBV/84268146;FBDV/iPhone7,2;FBMD/iPhone;FBSN/iOS;FBSV/10.3.3;FBSS/2;FBCR/tele.ring;FBID/phone;FBLC/de_DE;FBOP/5;FBRV/85066623]"
83.175.125.242 - - [06/Jan/2018:01:12:32 +0100] "POST /autodiscover/autodiscover.xml HTTP/1.1" 301 413 "-" "Microsoft Office/12.0 (Windows NT 6.2; Microsoft Office Outlook 12.0.6768; Pro)"
213.162.73.232 - - [06/Jan/2018:01:15:03 +0100] "GET /linz/aktionen HTTP/1.1" 200 2831 "http://m.facebook.com" "Mozilla/5.0 (iPhone; CPU iPhone OS 10_3_3 like Mac OS X) AppleWebKit/603.3.8 (KHTML, like Gecko) Mobile/14G60 [FBAN/FBIOS;FBAV/153.0.0.53.87;FBBV/84268146;FBDV/iPhone7,2;FBMD/iPhone;FBSN/iOS;FBSV/10.3.3;FBSS/2;FBCR/T-MobileA;FBID/phone;FBLC/de_DE;FBOP/5;FBRV/85066623]"
54.36.148.115 - - [06/Jan/2018:01:17:19 +0100] "GET /fuehrerscheine/bus/DD195-B HTTP/1.1" 200 4148 "-" "Mozilla/5.0 (compatible; AhrefsBot/5.2; +http://ahrefs.com/robot/)"
83.175.125.242 - - [06/Jan/2018:01:17:30 +0100] "POST /autodiscover/autodiscover.xml HTTP/1.1" 301 413 "-" "Microsoft Office/12.0 (Windows NT 6.2; Microsoft Office Outlook 12.0.6768; Pro)"
83.175.125.242 - - [06/Jan/2018:01:22:31 +0100] "POST /autodiscover/autodiscover.xml HTTP/1.1" 301 413 "-" "Microsoft Office/12.0 (Windows NT 6.2; Microsoft Office Outlook 12.0.6768; Pro)"
83.175.125.242 - - [06/Jan/2018:01:27:31 +0100] "POST /autodiscover/autodiscover.xml HTTP/1.1" 301 413 "-" "Microsoft Office/12.0 (Windows NT 6.2; Microsoft Office Outlook 12.0.6768; Pro)"
193.80.97.85 - - [06/Jan/2018:01:32:27 +0100] "GET /enns/aktionen HTTP/1.1" 200 2828 "http://m.facebook.com/" "Mozilla/5.0 (Linux; Android 7.0; SM-G955F Build/NRD90M; wv) AppleWebKit/537.36 (KHTML, like Gecko) Version/4.0 Chrome/63.0.3239.111 Mobile Safari/537.36 [FB_IAB/FB4A;FBAV/153.0.0.54.88;]"
83.175.125.242 - - [06/Jan/2018:01:32:32 +0100] "POST /autodiscover/autodiscover.xml HTTP/1.1" 301 413 "-" "Microsoft Office/12.0 (Windows NT 6.2; Microsoft Office Outlook 12.0.6768; Pro)"
83.175.125.242 - - [06/Jan/2018:01:37:32 +0100] "POST /autodiscover/autodiscover.xml HTTP/1.1" 301 413 "-" "Microsoft Office/12.0 (Windows NT 6.2; Microsoft Office Outlook 12.0.6768; Pro)"
83.175.125.242 - - [06/Jan/2018:01:42:33 +0100] "POST /autodiscover/autodiscover.xml HTTP/1.1" 301 413 "-" "Microsoft Office/12.0 (Windows NT 6.2; Microsoft Office Outlook 12.0.6768; Pro)"
83.175.125.242 - - [06/Jan/2018:01:47:31 +0100] "POST /autodiscover/autodiscover.xml HTTP/1.1" 301 413 "-" "Microsoft Office/12.0 (Windows NT 6.2; Microsoft Office Outlook 12.0.6768; Pro)"
83.175.125.242 - - [06/Jan/2018:01:52:31 +0100] "POST /autodiscover/autodiscover.xml HTTP/1.1" 301 413 "-" "Microsoft Office/12.0 (Windows NT 6.2; Microsoft Office Outlook 12.0.6768; Pro)"
83.175.125.242 - - [06/Jan/2018:01:57:32 +0100] "POST /autodiscover/autodiscover.xml HTTP/1.1" 301 413 "-" "Microsoft Office/12.0 (Windows NT 6.2; Microsoft Office Outlook 12.0.6768; Pro)"
83.175.125.242 - - [06/Jan/2018:02:02:32 +0100] "POST /autodiscover/autodiscover.xml HTTP/1.1" 301 413 "-" "Microsoft Office/12.0 (Windows NT 6.2; Microsoft Office Outlook 12.0.6768; Pro)"
81.10.141.130 - - [06/Jan/2018:02:02:56 +0100] "GET /linz/aktionen HTTP/1.1" 200 2831 "http://m.facebook.com/" "Mozilla/5.0 (Linux; Android 7.0; SM-G950F Build/NRD90M; wv) AppleWebKit/537.36 (KHTML, like Gecko) Version/4.0 Chrome/63.0.3239.111 Mobile Safari/537.36 [FB_IAB/FB4A;FBAV/153.0.0.54.88;]"
83.175.125.242 - - [06/Jan/2018:02:07:32 +0100] "POST /autodiscover/autodiscover.xml HTTP/1.1" 301 413 "-" "Microsoft Office/12.0 (Windows NT 6.2; Microsoft Office Outlook 12.0.6768; Pro)"
83.175.125.242 - - [06/Jan/2018:02:12:33 +0100] "POST /autodiscover/autodiscover.xml HTTP/1.1" 301 413 "-" "Microsoft Office/12.0 (Windows NT 6.2; Microsoft Office Outlook 12.0.6768; Pro)"
42.236.10.83 - - [06/Jan/2018:02:13:02 +0100] "GET / HTTP/1.1" 301 296 "http://www.easy-drivers.at/" "Mozilla/5.0 (Windows NT 6.1; WOW64) AppleWebKit/537.36 (KHTML, like Gecko) Chrome/50.4.2661.102 Safari/537.36; 360Spider"
54.36.148.49 - - [06/Jan/2018:02:16:39 +0100] "GET /wallensteinplatz HTTP/1.1" 301 305 "-" "Mozilla/5.0 (compatible; AhrefsBot/5.2; +http://ahrefs.com/robot/)"
83.175.125.242 - - [06/Jan/2018:02:17:31 +0100] "POST /autodiscover/autodiscover.xml HTTP/1.1" 301 413 "-" "Microsoft Office/12.0 (Windows NT 6.2; Microsoft Office Outlook 12.0.6768; Pro)"
91.113.9.205 - - [06/Jan/2018:02:21:23 +0100] "GET /moedling/kurs/9439-13 HTTP/1.1" 404 3099 "http://m.facebook.com/" "Mozilla/5.0 (Linux; Android 7.0; SM-G930F Build/NRD90M; wv) AppleWebKit/537.36 (KHTML, like Gecko) Version/4.0 Chrome/63.0.3239.111 Mobile Safari/537.36 [FB_IAB/FB4A;FBAV/153.0.0.54.88;]"
83.175.125.242 - - [06/Jan/2018:02:22:32 +0100] "POST /autodiscover/autodiscover.xml HTTP/1.1" 301 413 "-" "Microsoft Office/12.0 (Windows NT 6.2; Microsoft Office Outlook 12.0.6768; Pro)"
83.175.125.242 - - [06/Jan/2018:02:27:32 +0100] "POST /autodiscover/autodiscover.xml HTTP/1.1" 301 413 "-" "Microsoft Office/12.0 (Windows NT 6.2; Microsoft Office Outlook 12.0.6768; Pro)"
83.175.125.242 - - [06/Jan/2018:02:32:32 +0100] "POST /autodiscover/autodiscover.xml HTTP/1.1" 301 413 "-" "Microsoft Office/12.0 (Windows NT 6.2; Microsoft Office Outlook 12.0.6768; Pro)"
178.114.150.204 - - [06/Jan/2018:02:34:27 +0100] "GET /easy_drivers_st._peterau/Kurs_Jaenner?FS=B HTTP/1.1" 200 3099 "http://m.facebook.com/" "Mozilla/5.0 (Linux; Android 7.0; SM-G920F Build/NRD90M; wv) AppleWebKit/537.36 (KHTML, like Gecko) Version/4.0 Chrome/63.0.3239.111 Mobile Safari/537.36 [FB_IAB/FB4A;FBAV/153.0.0.54.88;]"
83.175.125.242 - - [06/Jan/2018:02:37:33 +0100] "POST /autodiscover/autodiscover.xml HTTP/1.1" 301 413 "-" "Microsoft Office/12.0 (Windows NT 6.2; Microsoft Office Outlook 12.0.6768; Pro)"
83.175.125.242 - - [06/Jan/2018:02:42:33 +0100] "POST /autodiscover/autodiscover.xml HTTP/1.1" 301 413 "-" "Microsoft Office/12.0 (Windows NT 6.2; Microsoft Office Outlook 12.0.6768; Pro)"
83.175.125.242 - - [06/Jan/2018:02:47:31 +0100] "POST /autodiscover/autodiscover.xml HTTP/1.1" 301 413 "-" "Microsoft Office/12.0 (Windows NT 6.2; Microsoft Office Outlook 12.0.6768; Pro)"
213.225.4.36 - - [06/Jan/2018:02:50:51 +0100] "GET /enns/aktionen HTTP/1.1" 200 2828 "http://m.facebook.com" "Mozilla/5.0 (iPhone; CPU iPhone OS 10_3_2 like Mac OS X) AppleWebKit/603.2.4 (KHTML, like Gecko) Mobile/14F89 [FBAN/FBIOS;FBAV/153.0.0.53.87;FBBV/84268146;FBDV/iPhone9,4;FBMD/iPhone;FBSN/iOS;FBSV/10.3.2;FBSS/3;FBCR/T-MobileA;FBID/phone;FBLC/de_DE;FBOP/5;FBRV/85066623]"
83.175.125.242 - - [06/Jan/2018:02:52:32 +0100] "POST /autodiscover/autodiscover.xml HTTP/1.1" 301 413 "-" "Microsoft Office/12.0 (Windows NT 6.2; Microsoft Office Outlook 12.0.6768; Pro)"
54.36.148.145 - - [06/Jan/2018:02:55:27 +0100] "GET /krems/10286870 HTTP/1.1" 200 3094 "-" "Mozilla/5.0 (compatible; AhrefsBot/5.2; +http://ahrefs.com/robot/)"
83.175.125.242 - - [06/Jan/2018:02:57:32 +0100] "POST /autodiscover/autodiscover.xml HTTP/1.1" 301 413 "-" "Microsoft Office/12.0 (Windows NT 6.2; Microsoft Office Outlook 12.0.6768; Pro)"
83.175.125.242 - - [06/Jan/2018:03:02:33 +0100] "POST /autodiscover/autodiscover.xml HTTP/1.1" 301 413 "-" "Microsoft Office/12.0 (Windows NT 6.2; Microsoft Office Outlook 12.0.6768; Pro)"
83.175.125.242 - - [06/Jan/2018:03:07:33 +0100] "POST /autodiscover/autodiscover.xml HTTP/1.1" 301 413 "-" "Microsoft Office/12.0 (Windows NT 6.2; Microsoft Office Outlook 12.0.6768; Pro)"
83.175.125.242 - - [06/Jan/2018:03:12:34 +0100] "POST /autodiscover/autodiscover.xml HTTP/1.1" 301 413 "-" "Microsoft Office/12.0 (Windows NT 6.2; Microsoft Office Outlook 12.0.6768; Pro)"
83.175.125.242 - - [06/Jan/2018:03:17:32 +0100] "POST /autodiscover/autodiscover.xml HTTP/1.1" 301 413 "-" "Microsoft Office/12.0 (Windows NT 6.2; Microsoft Office Outlook 12.0.6768; Pro)"
212.95.5.27 - - [06/Jan/2018:03:19:28 +0100] "GET /linz/aktionen HTTP/1.1" 200 2831 "http://m.facebook.com/" "Mozilla/5.0 (Linux; Android 7.0; SM-G935F Build/NRD90M; wv) AppleWebKit/537.36 (KHTML, like Gecko) Version/4.0 Chrome/63.0.3239.111 Mobile Safari/537.36 [FB_IAB/FB4A;FBAV/153.0.0.54.88;]"
83.175.125.242 - - [06/Jan/2018:03:22:32 +0100] "POST /autodiscover/autodiscover.xml HTTP/1.1" 301 413 "-" "Microsoft Office/12.0 (Windows NT 6.2; Microsoft Office Outlook 12.0.6768; Pro)"
83.175.125.242 - - [06/Jan/2018:03:27:33 +0100] "POST /autodiscover/autodiscover.xml HTTP/1.1" 301 413 "-" "Microsoft Office/12.0 (Windows NT 6.2; Microsoft Office Outlook 12.0.6768; Pro)"
83.175.125.242 - - [06/Jan/2018:03:32:33 +0100] "POST /autodiscover/autodiscover.xml HTTP/1.1" 301 413 "-" "Microsoft Office/12.0 (Windows NT 6.2; Microsoft Office Outlook 12.0.6768; Pro)"
83.175.125.242 - - [06/Jan/2018:03:37:33 +0100] "POST /autodiscover/autodiscover.xml HTTP/1.1" 301 413 "-" "Microsoft Office/12.0 (Windows NT 6.2; Microsoft Office Outlook 12.0.6768; Pro)"
91.113.48.57 - - [06/Jan/2018:03:37:51 +0100] "GET /linz/aktionen HTTP/1.1" 200 2831 "http://m.facebook.com/" "Mozilla/5.0 (Linux; Android 7.0; SM-G920F Build/NRD90M; wv) AppleWebKit/537.36 (KHTML, like Gecko) Version/4.0 Chrome/63.0.3239.111 Mobile Safari/537.36 [FB_IAB/FB4A;FBAV/153.0.0.54.88;]"
83.175.125.242 - - [06/Jan/2018:03:42:34 +0100] "POST /autodiscover/autodiscover.xml HTTP/1.1" 301 413 "-" "Microsoft Office/12.0 (Windows NT 6.2; Microsoft Office Outlook 12.0.6768; Pro)"
83.175.125.242 - - [06/Jan/2018:03:47:32 +0100] "POST /autodiscover/autodiscover.xml HTTP/1.1" 301 413 "-" "Microsoft Office/12.0 (Windows NT 6.2; Microsoft Office Outlook 12.0.6768; Pro)"
83.175.125.242 - - [06/Jan/2018:03:52:33 +0100] "POST /autodiscover/autodiscover.xml HTTP/1.1" 301 413 "-" "Microsoft Office/12.0 (Windows NT 6.2; Microsoft Office Outlook 12.0.6768; Pro)"
90.146.49.140 - - [06/Jan/2018:03:56:45 +0100] "GET /linz/aktionen HTTP/1.1" 200 2831 "http://m.facebook.com/" "Mozilla/5.0 (Linux; Android 7.0; SM-G930F Build/NRD90M; wv) AppleWebKit/537.36 (KHTML, like Gecko) Version/4.0 Chrome/63.0.3239.111 Mobile Safari/537.36 [FB_IAB/FB4A;FBAV/153.0.0.54.88;]"
83.175.125.242 - - [06/Jan/2018:03:57:33 +0100] "POST /autodiscover/autodiscover.xml HTTP/1.1" 301 413 "-" "Microsoft Office/12.0 (Windows NT 6.2; Microsoft Office Outlook 12.0.6768; Pro)"
83.175.125.242 - - [06/Jan/2018:04:02:33 +0100] "POST /autodiscover/autodiscover.xml HTTP/1.1" 301 413 "-" "Microsoft Office/12.0 (Windows NT 6.2; Microsoft Office Outlook 12.0.6768; Pro)"
83.175.125.242 - - [06/Jan/2018:04:07:34 +0100] "POST /autodiscover/autodiscover.xml HTTP/1.1" 301 413 "-" "Microsoft Office/12.0 (Windows NT 6.2; Microsoft Office Outlook 12.0.6768; Pro)"
83.175.125.242 - - [06/Jan/2018:04:12:34 +0100] "POST /autodiscover/autodiscover.xml HTTP/1.1" 301 413 "-" "Microsoft Office/12.0 (Windows NT 6.2; Microsoft Office Outlook 12.0.6768; Pro)"
83.175.125.242 - - [06/Jan/2018:04:17:32 +0100] "POST /autodiscover/autodiscover.xml HTTP/1.1" 301 413 "-" "Microsoft Office/12.0 (Windows NT 6.2; Microsoft Office Outlook 12.0.6768; Pro)"
83.175.125.242 - - [06/Jan/2018:04:22:33 +0100] "POST /autodiscover/autodiscover.xml HTTP/1.1" 301 413 "-" "Microsoft Office/12.0 (Windows NT 6.2; Microsoft Office Outlook 12.0.6768; Pro)"
77.119.130.179 - - [06/Jan/2018:04:25:54 +0100] "-" 408 - "-" "-"
83.175.125.242 - - [06/Jan/2018:04:27:33 +0100] "POST /autodiscover/autodiscover.xml HTTP/1.1" 301 413 "-" "Microsoft Office/12.0 (Windows NT 6.2; Microsoft Office Outlook 12.0.6768; Pro)"
83.175.125.242 - - [06/Jan/2018:04:32:34 +0100] "POST /autodiscover/autodiscover.xml HTTP/1.1" 301 413 "-" "Microsoft Office/12.0 (Windows NT 6.2; Microsoft Office Outlook 12.0.6768; Pro)"
83.175.125.242 - - [06/Jan/2018:04:37:34 +0100] "POST /autodiscover/autodiscover.xml HTTP/1.1" 301 413 "-" "Microsoft Office/12.0 (Windows NT 6.2; Microsoft Office Outlook 12.0.6768; Pro)"
83.175.125.242 - - [06/Jan/2018:04:42:35 +0100] "POST /autodiscover/autodiscover.xml HTTP/1.1" 301 413 "-" "Microsoft Office/12.0 (Windows NT 6.2; Microsoft Office Outlook 12.0.6768; Pro)"
83.175.125.242 - - [06/Jan/2018:04:47:33 +0100] "POST /autodiscover/autodiscover.xml HTTP/1.1" 301 413 "-" "Microsoft Office/12.0 (Windows NT 6.2; Microsoft Office Outlook 12.0.6768; Pro)"
90.146.61.98 - - [06/Jan/2018:04:49:14 +0100] "GET /enns/aktionen HTTP/1.1" 200 2828 "http://m.facebook.com" "Mozilla/5.0 (iPhone; CPU iPhone OS 10_3_3 like Mac OS X) AppleWebKit/603.3.8 (KHTML, like Gecko) Mobile/14G60 [FBAN/FBIOS;FBAV/153.0.0.53.87;FBBV/84268146;FBDV/iPhone7,2;FBMD/iPhone;FBSN/iOS;FBSV/10.3.3;FBSS/2;FBCR/3Austria;FBID/phone;FBLC/de_DE;FBOP/5;FBRV/85066623]"
83.175.125.242 - - [06/Jan/2018:04:52:33 +0100] "POST /autodiscover/autodiscover.xml HTTP/1.1" 301 413 "-" "Microsoft Office/12.0 (Windows NT 6.2; Microsoft Office Outlook 12.0.6768; Pro)"
83.175.125.242 - - [06/Jan/2018:04:57:34 +0100] "POST /autodiscover/autodiscover.xml HTTP/1.1" 301 413 "-" "Microsoft Office/12.0 (Windows NT 6.2; Microsoft Office Outlook 12.0.6768; Pro)"
83.175.125.242 - - [06/Jan/2018:05:02:34 +0100] "POST /autodiscover/autodiscover.xml HTTP/1.1" 301 413 "-" "Microsoft Office/12.0 (Windows NT 6.2; Microsoft Office Outlook 12.0.6768; Pro)"
83.175.125.242 - - [06/Jan/2018:05:07:35 +0100] "POST /autodiscover/autodiscover.xml HTTP/1.1" 301 413 "-" "Microsoft Office/12.0 (Windows NT 6.2; Microsoft Office Outlook 12.0.6768; Pro)"
83.175.125.242 - - [06/Jan/2018:05:12:35 +0100] "POST /autodiscover/autodiscover.xml HTTP/1.1" 301 413 "-" "Microsoft Office/12.0 (Windows NT 6.2; Microsoft Office Outlook 12.0.6768; Pro)"
83.175.125.242 - - [06/Jan/2018:05:17:33 +0100] "POST /autodiscover/autodiscover.xml HTTP/1.1" 301 413 "-" "Microsoft Office/12.0 (Windows NT 6.2; Microsoft Office Outlook 12.0.6768; Pro)"
83.175.125.242 - - [06/Jan/2018:05:22:34 +0100] "POST /autodiscover/autodiscover.xml HTTP/1.1" 301 413 "-" "Microsoft Office/12.0 (Windows NT 6.2; Microsoft Office Outlook 12.0.6768; Pro)"
83.175.125.242 - - [06/Jan/2018:05:27:34 +0100] "POST /autodiscover/autodiscover.xml HTTP/1.1" 301 413 "-" "Microsoft Office/12.0 (Windows NT 6.2; Microsoft Office Outlook 12.0.6768; Pro)"
83.175.125.242 - - [06/Jan/2018:05:32:35 +0100] "POST /autodiscover/autodiscover.xml HTTP/1.1" 301 413 "-" "Microsoft Office/12.0 (Windows NT 6.2; Microsoft Office Outlook 12.0.6768; Pro)"
83.175.125.242 - - [06/Jan/2018:05:37:35 +0100] "POST /autodiscover/autodiscover.xml HTTP/1.1" 301 413 "-" "Microsoft Office/12.0 (Windows NT 6.2; Microsoft Office Outlook 12.0.6768; Pro)"
83.175.125.242 - - [06/Jan/2018:05:42:35 +0100] "POST /autodiscover/autodiscover.xml HTTP/1.1" 301 413 "-" "Microsoft Office/12.0 (Windows NT 6.2; Microsoft Office Outlook 12.0.6768; Pro)"
212.124.157.26 - - [06/Jan/2018:05:46:08 +0100] "GET /amstetten/abendkurs-jan18?FS=B HTTP/1.1" 200 3140 "http://m.facebook.com/" "Mozilla/5.0 (Linux; Android 7.0; SM-A520F Build/NRD90M; wv) AppleWebKit/537.36 (KHTML, like Gecko) Version/4.0 Chrome/63.0.3239.111 Mobile Safari/537.36 [FB_IAB/FB4A;FBAV/153.0.0.54.88;]"
83.175.125.242 - - [06/Jan/2018:05:47:34 +0100] "POST /autodiscover/autodiscover.xml HTTP/1.1" 301 413 "-" "Microsoft Office/12.0 (Windows NT 6.2; Microsoft Office Outlook 12.0.6768; Pro)"
83.175.125.242 - - [06/Jan/2018:05:52:34 +0100] "POST /autodiscover/autodiscover.xml HTTP/1.1" 301 413 "-" "Microsoft Office/12.0 (Windows NT 6.2; Microsoft Office Outlook 12.0.6768; Pro)"
83.175.125.242 - - [06/Jan/2018:05:57:34 +0100] "POST /autodiscover/autodiscover.xml HTTP/1.1" 301 413 "-" "Microsoft Office/12.0 (Windows NT 6.2; Microsoft Office Outlook 12.0.6768; Pro)"
83.175.125.242 - - [06/Jan/2018:06:02:35 +0100] "POST /autodiscover/autodiscover.xml HTTP/1.1" 301 413 "-" "Microsoft Office/12.0 (Windows NT 6.2; Microsoft Office Outlook 12.0.6768; Pro)"
83.175.125.242 - - [06/Jan/2018:06:07:35 +0100] "POST /autodiscover/autodiscover.xml HTTP/1.1" 301 413 "-" "Microsoft Office/12.0 (Windows NT 6.2; Microsoft Office Outlook 12.0.6768; Pro)"
83.175.125.242 - - [06/Jan/2018:06:12:36 +0100] "POST /autodiscover/autodiscover.xml HTTP/1.1" 301 413 "-" "Microsoft Office/12.0 (Windows NT 6.2; Microsoft Office Outlook 12.0.6768; Pro)"
83.175.125.242 - - [06/Jan/2018:06:17:34 +0100] "POST /autodiscover/autodiscover.xml HTTP/1.1" 301 413 "-" "Microsoft Office/12.0 (Windows NT 6.2; Microsoft Office Outlook 12.0.6768; Pro)"
66.249.66.86 - - [06/Jan/2018:06:19:48 +0100] "GET /robots.txt HTTP/1.1" 301 311 "-" "Mozilla/5.0 (compatible; Googlebot/2.1; +http://www.google.com/bot.html)"
66.249.66.85 - - [06/Jan/2018:06:19:49 +0100] "GET /.well-known/assetlinks.json HTTP/1.1" 301 323 "-" "Mozilla/5.0 (compatible; Googlebot/2.1; +http://www.google.com/bot.html)"
83.175.125.242 - - [06/Jan/2018:06:22:34 +0100] "POST /autodiscover/autodiscover.xml HTTP/1.1" 301 413 "-" "Microsoft Office/12.0 (Windows NT 6.2; Microsoft Office Outlook 12.0.6768; Pro)"
83.175.125.242 - - [06/Jan/2018:06:27:35 +0100] "POST /autodiscover/autodiscover.xml HTTP/1.1" 301 413 "-" "Microsoft Office/12.0 (Windows NT 6.2; Microsoft Office Outlook 12.0.6768; Pro)"
83.175.125.242 - - [06/Jan/2018:06:32:35 +0100] "POST /autodiscover/autodiscover.xml HTTP/1.1" 301 413 "-" "Microsoft Office/12.0 (Windows NT 6.2; Microsoft Office Outlook 12.0.6768; Pro)"
54.36.149.8 - - [06/Jan/2018:06:35:09 +0100] "GET /ueberuns HTTP/1.1" 200 3260 "-" "Mozilla/5.0 (compatible; AhrefsBot/5.2; +http://ahrefs.com/robot/)"
83.175.125.242 - - [06/Jan/2018:06:37:36 +0100] "POST /autodiscover/autodiscover.xml HTTP/1.1" 301 413 "-" "Microsoft Office/12.0 (Windows NT 6.2; Microsoft Office Outlook 12.0.6768; Pro)"
83.175.125.242 - - [06/Jan/2018:06:42:36 +0100] "POST /autodiscover/autodiscover.xml HTTP/1.1" 301 413 "-" "Microsoft Office/12.0 (Windows NT 6.2; Microsoft Office Outlook 12.0.6768; Pro)"
83.175.125.242 - - [06/Jan/2018:06:47:34 +0100] "POST /autodiscover/autodiscover.xml HTTP/1.1" 301 413 "-" "Microsoft Office/12.0 (Windows NT 6.2; Microsoft Office Outlook 12.0.6768; Pro)"
83.175.125.242 - - [06/Jan/2018:06:52:35 +0100] "POST /autodiscover/autodiscover.xml HTTP/1.1" 301 413 "-" "Microsoft Office/12.0 (Windows NT 6.2; Microsoft Office Outlook 12.0.6768; Pro)"
83.175.125.242 - - [06/Jan/2018:06:57:35 +0100] "POST /autodiscover/autodiscover.xml HTTP/1.1" 301 413 "-" "Microsoft Office/12.0 (Windows NT 6.2; Microsoft Office Outlook 12.0.6768; Pro)"
83.175.125.242 - - [06/Jan/2018:07:02:36 +0100] "POST /autodiscover/autodiscover.xml HTTP/1.1" 301 413 "-" "Microsoft Office/12.0 (Windows NT 6.2; Microsoft Office Outlook 12.0.6768; Pro)"
83.175.125.242 - - [06/Jan/2018:07:07:36 +0100] "POST /autodiscover/autodiscover.xml HTTP/1.1" 301 413 "-" "Microsoft Office/12.0 (Windows NT 6.2; Microsoft Office Outlook 12.0.6768; Pro)"
83.175.125.242 - - [06/Jan/2018:07:12:36 +0100] "POST /autodiscover/autodiscover.xml HTTP/1.1" 301 413 "-" "Microsoft Office/12.0 (Windows NT 6.2; Microsoft Office Outlook 12.0.6768; Pro)"
83.175.125.242 - - [06/Jan/2018:07:17:35 +0100] "POST /autodiscover/autodiscover.xml HTTP/1.1" 301 413 "-" "Microsoft Office/12.0 (Windows NT 6.2; Microsoft Office Outlook 12.0.6768; Pro)"
212.95.8.171 - - [06/Jan/2018:07:21:07 +0100] "GET /amstetten/abendkurs-jan18?FS=B HTTP/1.1" 200 3140 "http://m.facebook.com/" "Mozilla/5.0 (Linux; Android 7.0; F3111 Build/33.3.A.1.97; wv) AppleWebKit/537.36 (KHTML, like Gecko) Version/4.0 Chrome/63.0.3239.111 Mobile Safari/537.36 [FB_IAB/FB4A;FBAV/153.0.0.54.88;]"
83.175.125.242 - - [06/Jan/2018:07:22:35 +0100] "POST /autodiscover/autodiscover.xml HTTP/1.1" 301 413 "-" "Microsoft Office/12.0 (Windows NT 6.2; Microsoft Office Outlook 12.0.6768; Pro)"
83.175.125.242 - - [06/Jan/2018:07:27:35 +0100] "POST /autodiscover/autodiscover.xml HTTP/1.1" 301 413 "-" "Microsoft Office/12.0 (Windows NT 6.2; Microsoft Office Outlook 12.0.6768; Pro)"
83.175.125.242 - - [06/Jan/2018:07:32:36 +0100] "POST /autodiscover/autodiscover.xml HTTP/1.1" 301 413 "-" "Microsoft Office/12.0 (Windows NT 6.2; Microsoft Office Outlook 12.0.6768; Pro)"
83.175.125.242 - - [06/Jan/2018:07:37:36 +0100] "POST /autodiscover/autodiscover.xml HTTP/1.1" 301 413 "-" "Microsoft Office/12.0 (Windows NT 6.2; Microsoft Office Outlook 12.0.6768; Pro)"
54.36.149.45 - - [06/Jan/2018:07:41:28 +0100] "GET /fuehrerscheine/lkw/CC95 HTTP/1.1" 200 3910 "-" "Mozilla/5.0 (compatible; AhrefsBot/5.2; +http://ahrefs.com/robot/)"
83.175.125.242 - - [06/Jan/2018:07:42:37 +0100] "POST /autodiscover/autodiscover.xml HTTP/1.1" 301 413 "-" "Microsoft Office/12.0 (Windows NT 6.2; Microsoft Office Outlook 12.0.6768; Pro)"
213.225.9.30 - - [06/Jan/2018:07:46:30 +0100] "GET /perg/aktionen HTTP/1.1" 200 2750 "http://m.facebook.com/" "Mozilla/5.0 (Linux; Android 7.0; R6 Lite Build/NRD90M; wv) AppleWebKit/537.36 (KHTML, like Gecko) Version/4.0 Chrome/51.0.2704.91 Mobile Safari/537.36 [FB_IAB/FB4A;FBAV/153.0.0.54.88;]"
83.175.125.242 - - [06/Jan/2018:07:47:35 +0100] "POST /autodiscover/autodiscover.xml HTTP/1.1" 301 413 "-" "Microsoft Office/12.0 (Windows NT 6.2; Microsoft Office Outlook 12.0.6768; Pro)"
83.175.125.242 - - [06/Jan/2018:07:52:36 +0100] "POST /autodiscover/autodiscover.xml HTTP/1.1" 301 413 "-" "Microsoft Office/12.0 (Windows NT 6.2; Microsoft Office Outlook 12.0.6768; Pro)"
83.175.125.242 - - [06/Jan/2018:07:57:36 +0100] "POST /autodiscover/autodiscover.xml HTTP/1.1" 301 413 "-" "Microsoft Office/12.0 (Windows NT 6.2; Microsoft Office Outlook 12.0.6768; Pro)"
83.175.125.242 - - [06/Jan/2018:08:02:36 +0100] "POST /autodiscover/autodiscover.xml HTTP/1.1" 301 413 "-" "Microsoft Office/12.0 (Windows NT 6.2; Microsoft Office Outlook 12.0.6768; Pro)"
157.55.39.217 - - [06/Jan/2018:08:03:44 +0100] "GET / HTTP/1.1" 301 303 "-" "Mozilla/5.0 (compatible; bingbot/2.0; +http://www.bing.com/bingbot.htm)"
80.82.77.33 - - [06/Jan/2018:08:04:01 +0100] "GET / HTTP/1.1" 301 383 "-" "Mozilla/5.0 (X11; Linux x86_64) AppleWebKit/537.36 (KHTML, like Gecko) Chrome/34.0.1847.137 Safari/537.36"
80.82.77.33 - - [06/Jan/2018:08:04:03 +0100] "" 400 379 "-" "-"
80.82.77.33 - - [06/Jan/2018:08:04:03 +0100] "" 400 379 "-" "-"
80.82.77.33 - - [06/Jan/2018:08:04:04 +0100] "" 400 379 "-" "-"
80.82.77.33 - - [06/Jan/2018:08:04:07 +0100] "quit" 400 379 "-" "-"
80.82.77.33 - - [06/Jan/2018:08:04:09 +0100] "" 400 379 "-" "-"
83.175.125.242 - - [06/Jan/2018:08:07:37 +0100] "POST /autodiscover/autodiscover.xml HTTP/1.1" 301 413 "-" "Microsoft Office/12.0 (Windows NT 6.2; Microsoft Office Outlook 12.0.6768; Pro)"
83.175.125.242 - - [06/Jan/2018:08:12:37 +0100] "POST /autodiscover/autodiscover.xml HTTP/1.1" 301 413 "-" "Microsoft Office/12.0 (Windows NT 6.2; Microsoft Office Outlook 12.0.6768; Pro)"
213.147.162.61 - - [06/Jan/2018:08:16:10 +0100] "GET /amstetten/abendkurs-jan18?FS=B HTTP/1.1" 200 3140 "http://m.facebook.com" "Mozilla/5.0 (iPhone; CPU iPhone OS 11_2_1 like Mac OS X) AppleWebKit/604.4.7 (KHTML, like Gecko) Mobile/15C153 [FBAN/FBIOS;FBAV/153.0.0.53.87;FBBV/84268146;FBDV/iPhone9,4;FBMD/iPhone;FBSN/iOS;FBSV/11.2.1;FBSS/3;FBCR/Carrier;FBID/phone;FBLC/de_DE;FBOP/5;FBRV/85066623]"
83.175.125.242 - - [06/Jan/2018:08:17:35 +0100] "POST /autodiscover/autodiscover.xml HTTP/1.1" 301 413 "-" "Microsoft Office/12.0 (Windows NT 6.2; Microsoft Office Outlook 12.0.6768; Pro)"
83.175.125.242 - - [06/Jan/2018:08:22:36 +0100] "POST /autodiscover/autodiscover.xml HTTP/1.1" 301 413 "-" "Microsoft Office/12.0 (Windows NT 6.2; Microsoft Office Outlook 12.0.6768; Pro)"
83.175.125.242 - - [06/Jan/2018:08:27:36 +0100] "POST /autodiscover/autodiscover.xml HTTP/1.1" 301 413 "-" "Microsoft Office/12.0 (Windows NT 6.2; Microsoft Office Outlook 12.0.6768; Pro)"
83.175.125.242 - - [06/Jan/2018:08:32:37 +0100] "POST /autodiscover/autodiscover.xml HTTP/1.1" 301 413 "-" "Microsoft Office/12.0 (Windows NT 6.2; Microsoft Office Outlook 12.0.6768; Pro)"
54.36.148.21 - - [06/Jan/2018:08:34:42 +0100] "GET /fuehrerscheine/anhaenger HTTP/1.1" 404 2654 "-" "Mozilla/5.0 (compatible; AhrefsBot/5.2; +http://ahrefs.com/robot/)"
83.175.125.242 - - [06/Jan/2018:08:37:37 +0100] "POST /autodiscover/autodiscover.xml HTTP/1.1" 301 413 "-" "Microsoft Office/12.0 (Windows NT 6.2; Microsoft Office Outlook 12.0.6768; Pro)"
213.225.11.88 - - [06/Jan/2018:08:38:55 +0100] "-" 408 - "-" "-"
83.175.125.242 - - [06/Jan/2018:08:42:38 +0100] "POST /autodiscover/autodiscover.xml HTTP/1.1" 301 413 "-" "Microsoft Office/12.0 (Windows NT 6.2; Microsoft Office Outlook 12.0.6768; Pro)"
83.175.125.242 - - [06/Jan/2018:08:47:36 +0100] "POST /autodiscover/autodiscover.xml HTTP/1.1" 301 413 "-" "Microsoft Office/12.0 (Windows NT 6.2; Microsoft Office Outlook 12.0.6768; Pro)"
83.175.125.242 - - [06/Jan/2018:08:52:36 +0100] "POST /autodiscover/autodiscover.xml HTTP/1.1" 301 413 "-" "Microsoft Office/12.0 (Windows NT 6.2; Microsoft Office Outlook 12.0.6768; Pro)"
83.175.125.242 - - [06/Jan/2018:08:57:37 +0100] "POST /autodiscover/autodiscover.xml HTTP/1.1" 301 413 "-" "Microsoft Office/12.0 (Windows NT 6.2; Microsoft Office Outlook 12.0.6768; Pro)"
194.118.149.125 - - [06/Jan/2018:09:01:32 +0100] "GET /linz/aktionen HTTP/1.1" 200 2831 "http://m.facebook.com/" "Mozilla/5.0 (Linux; Android 7.0; SM-G930F Build/NRD90M; wv) AppleWebKit/537.36 (KHTML, like Gecko) Version/4.0 Chrome/63.0.3239.111 Mobile Safari/537.36 [FB_IAB/FB4A;FBAV/153.0.0.54.88;]"
83.175.125.242 - - [06/Jan/2018:09:02:37 +0100] "POST /autodiscover/autodiscover.xml HTTP/1.1" 301 413 "-" "Microsoft Office/12.0 (Windows NT 6.2; Microsoft Office Outlook 12.0.6768; Pro)"
188.20.101.62 - - [06/Jan/2018:09:05:21 +0100] "GET /easy_drivers_st._peterau/Kurs_Jaenner?FS=B HTTP/1.1" 200 3099 "http://m.facebook.com/" "Mozilla/5.0 (Linux; Android 6.0; HUAWEI VNS-L31 Build/HUAWEIVNS-L31; wv) AppleWebKit/537.36 (KHTML, like Gecko) Version/4.0 Chrome/63.0.3239.111 Mobile Safari/537.36 [FB_IAB/FB4A;FBAV/153.0.0.54.88;]"
83.175.125.242 - - [06/Jan/2018:09:07:38 +0100] "POST /autodiscover/autodiscover.xml HTTP/1.1" 301 413 "-" "Microsoft Office/12.0 (Windows NT 6.2; Microsoft Office Outlook 12.0.6768; Pro)"
83.175.125.242 - - [06/Jan/2018:09:12:38 +0100] "POST /autodiscover/autodiscover.xml HTTP/1.1" 301 413 "-" "Microsoft Office/12.0 (Windows NT 6.2; Microsoft Office Outlook 12.0.6768; Pro)"
178.165.129.9 - - [06/Jan/2018:09:16:41 +0100] "GET /linz/aktionen HTTP/1.1" 200 2831 "http://m.facebook.com/" "Mozilla/5.0 (Linux; Android 7.0; VKY-L09 Build/HUAWEIVKY-L09; wv) AppleWebKit/537.36 (KHTML, like Gecko) Version/4.0 Chrome/63.0.3239.111 Mobile Safari/537.36 [FB_IAB/FB4A;FBAV/153.0.0.54.88;]"
83.175.125.242 - - [06/Jan/2018:09:17:36 +0100] "POST /autodiscover/autodiscover.xml HTTP/1.1" 301 413 "-" "Microsoft Office/12.0 (Windows NT 6.2; Microsoft Office Outlook 12.0.6768; Pro)"
83.175.125.242 - - [06/Jan/2018:09:22:37 +0100] "POST /autodiscover/autodiscover.xml HTTP/1.1" 301 413 "-" "Microsoft Office/12.0 (Windows NT 6.2; Microsoft Office Outlook 12.0.6768; Pro)"
83.175.125.242 - - [06/Jan/2018:09:27:37 +0100] "POST /autodiscover/autodiscover.xml HTTP/1.1" 301 413 "-" "Microsoft Office/12.0 (Windows NT 6.2; Microsoft Office Outlook 12.0.6768; Pro)"
83.175.125.242 - - [06/Jan/2018:09:32:38 +0100] "POST /autodiscover/autodiscover.xml HTTP/1.1" 301 413 "-" "Microsoft Office/12.0 (Windows NT 6.2; Microsoft Office Outlook 12.0.6768; Pro)"
83.175.125.242 - - [06/Jan/2018:09:37:38 +0100] "POST /autodiscover/autodiscover.xml HTTP/1.1" 301 413 "-" "Microsoft Office/12.0 (Windows NT 6.2; Microsoft Office Outlook 12.0.6768; Pro)"
83.175.125.242 - - [06/Jan/2018:09:42:38 +0100] "POST /autodiscover/autodiscover.xml HTTP/1.1" 301 413 "-" "Microsoft Office/12.0 (Windows NT 6.2; Microsoft Office Outlook 12.0.6768; Pro)"
83.175.125.242 - - [06/Jan/2018:09:47:37 +0100] "POST /autodiscover/autodiscover.xml HTTP/1.1" 301 413 "-" "Microsoft Office/12.0 (Windows NT 6.2; Microsoft Office Outlook 12.0.6768; Pro)"
83.175.125.242 - - [06/Jan/2018:09:52:37 +0100] "POST /autodiscover/autodiscover.xml HTTP/1.1" 301 413 "-" "Microsoft Office/12.0 (Windows NT 6.2; Microsoft Office Outlook 12.0.6768; Pro)"
66.249.66.199 - - [06/Jan/2018:09:54:22 +0100] "GET /robots.txt HTTP/1.1" 301 308 "-" "Mozilla/5.0 (compatible; Googlebot/2.1; +http://www.google.com/bot.html)"
66.249.66.199 - - [06/Jan/2018:09:54:23 +0100] "GET /.well-known/assetlinks.json HTTP/1.1" 301 320 "-" "Mozilla/5.0 (compatible; Googlebot/2.1; +http://www.google.com/bot.html)"
178.190.173.108 - - [06/Jan/2018:09:56:49 +0100] "GET /perg/aktionen HTTP/1.1" 200 2750 "http://m.facebook.com/" "Mozilla/5.0 (Linux; Android 6.0.1; ONE A2003 Build/MMB29M; wv) AppleWebKit/537.36 (KHTML, like Gecko) Version/4.0 Chrome/63.0.3239.111 Mobile Safari/537.36 [FB_IAB/FB4A;FBAV/153.0.0.54.88;]"
83.175.125.242 - - [06/Jan/2018:09:57:37 +0100] "POST /autodiscover/autodiscover.xml HTTP/1.1" 301 413 "-" "Microsoft Office/12.0 (Windows NT 6.2; Microsoft Office Outlook 12.0.6768; Pro)"
83.175.125.242 - - [06/Jan/2018:10:02:38 +0100] "POST /autodiscover/autodiscover.xml HTTP/1.1" 301 413 "-" "Microsoft Office/12.0 (Windows NT 6.2; Microsoft Office Outlook 12.0.6768; Pro)"
83.175.125.242 - - [06/Jan/2018:10:07:38 +0100] "POST /autodiscover/autodiscover.xml HTTP/1.1" 301 413 "-" "Microsoft Office/12.0 (Windows NT 6.2; Microsoft Office Outlook 12.0.6768; Pro)"
139.162.116.133 - - [06/Jan/2018:10:09:16 +0100] "GET / HTTP/1.1" 301 383 "-" "Mozilla/5.0 (Windows NT 10.0; WOW64) AppleWebKit/537.36 (KHTML, like Gecko) Chrome/50.0.2661.102 Safari/537.36"
83.175.125.242 - - [06/Jan/2018:10:12:39 +0100] "POST /autodiscover/autodiscover.xml HTTP/1.1" 301 413 "-" "Microsoft Office/12.0 (Windows NT 6.2; Microsoft Office Outlook 12.0.6768; Pro)"
83.175.125.242 - - [06/Jan/2018:10:17:37 +0100] "POST /autodiscover/autodiscover.xml HTTP/1.1" 301 413 "-" "Microsoft Office/12.0 (Windows NT 6.2; Microsoft Office Outlook 12.0.6768; Pro)"
178.115.128.62 - - [06/Jan/2018:10:18:08 +0100] "GET /perg/aktionen HTTP/1.1" 200 2750 "http://m.facebook.com/" "Mozilla/5.0 (Linux; Android 7.0; WAS-LX1 Build/HUAWEIWAS-LX1; wv) AppleWebKit/537.36 (KHTML, like Gecko) Version/4.0 Chrome/63.0.3239.111 Mobile Safari/537.36 [FB_IAB/FB4A;FBAV/153.0.0.54.88;]"
212.88.18.16 - - [06/Jan/2018:10:19:07 +0100] "GET /perg/aktionen HTTP/1.1" 200 2750 "http://m.facebook.com/" "Mozilla/5.0 (Linux; Android 7.0; HUAWEI VNS-L21 Build/HUAWEIVNS-L21; wv) AppleWebKit/537.36 (KHTML, like Gecko) Version/4.0 Chrome/63.0.3239.111 Mobile Safari/537.36 [FB_IAB/FB4A;FBAV/153.0.0.54.88;]"
83.175.125.242 - - [06/Jan/2018:10:22:37 +0100] "POST /autodiscover/autodiscover.xml HTTP/1.1" 301 413 "-" "Microsoft Office/12.0 (Windows NT 6.2; Microsoft Office Outlook 12.0.6768; Pro)"
83.175.125.242 - - [06/Jan/2018:10:27:38 +0100] "POST /autodiscover/autodiscover.xml HTTP/1.1" 301 413 "-" "Microsoft Office/12.0 (Windows NT 6.2; Microsoft Office Outlook 12.0.6768; Pro)"
66.249.66.201 - - [06/Jan/2018:10:30:10 +0100] "GET /.well-known/apple-app-site-association HTTP/1.1" 301 327 "-" "Mozilla/5.0 (compatible; Googlebot/2.1; +http://www.google.com/bot.html)"
83.175.125.242 - - [06/Jan/2018:10:32:38 +0100] "POST /autodiscover/autodiscover.xml HTTP/1.1" 301 413 "-" "Microsoft Office/12.0 (Windows NT 6.2; Microsoft Office Outlook 12.0.6768; Pro)"
83.175.125.242 - - [06/Jan/2018:10:37:39 +0100] "POST /autodiscover/autodiscover.xml HTTP/1.1" 301 413 "-" "Microsoft Office/12.0 (Windows NT 6.2; Microsoft Office Outlook 12.0.6768; Pro)"
80.121.0.245 - - [06/Jan/2018:10:38:51 +0100] "GET /linz/aktionen HTTP/1.1" 200 2831 "http://m.facebook.com" "Mozilla/5.0 (iPhone; CPU iPhone OS 11_1_2 like Mac OS X) AppleWebKit/604.3.5 (KHTML, like Gecko) Mobile/15B202 [FBAN/FBIOS;FBAV/153.0.0.53.87;FBBV/84268146;FBDV/iPhone10,5;FBMD/iPhone;FBSN/iOS;FBSV/11.1.2;FBSS/3;FBCR/A1;FBID/phone;FBLC/de_DE;FBOP/5;FBRV/85066623]"
83.175.125.242 - - [06/Jan/2018:10:42:39 +0100] "POST /autodiscover/autodiscover.xml HTTP/1.1" 301 413 "-" "Microsoft Office/12.0 (Windows NT 6.2; Microsoft Office Outlook 12.0.6768; Pro)"
212.95.5.221 - - [06/Jan/2018:10:45:04 +0100] "GET /linz/aktionen HTTP/1.1" 200 2831 "http://m.facebook.com/" "Mozilla/5.0 (Linux; Android 7.0; HUAWEI VNS-L21 Build/HUAWEIVNS-L21; wv) AppleWebKit/537.36 (KHTML, like Gecko) Version/4.0 Chrome/63.0.3239.111 Mobile Safari/537.36 [FB_IAB/FB4A;FBAV/153.0.0.54.88;]"
81.10.135.150 - - [06/Jan/2018:10:47:22 +0100] "GET /linz/aktionen HTTP/1.1" 200 2831 "http://m.facebook.com/" "Mozilla/5.0 (Linux; Android 7.0; VTR-L09 Build/HUAWEIVTR-L09; wv) AppleWebKit/537.36 (KHTML, like Gecko) Version/4.0 Chrome/63.0.3239.111 Mobile Safari/537.36 [FB_IAB/FB4A;FBAV/153.0.0.54.88;]"
83.175.125.242 - - [06/Jan/2018:10:47:37 +0100] "POST /autodiscover/autodiscover.xml HTTP/1.1" 301 413 "-" "Microsoft Office/12.0 (Windows NT 6.2; Microsoft Office Outlook 12.0.6768; Pro)"
194.166.172.244 - - [06/Jan/2018:10:51:02 +0100] "GET /linz/aktionen HTTP/1.1" 200 2831 "http://m.facebook.com/" "Mozilla/5.0 (Linux; Android 7.0; WAS-LX1 Build/HUAWEIWAS-LX1; wv) AppleWebKit/537.36 (KHTML, like Gecko) Version/4.0 Chrome/63.0.3239.111 Mobile Safari/537.36 [FB_IAB/FB4A;FBAV/153.0.0.54.88;]"
83.175.125.242 - - [06/Jan/2018:10:52:38 +0100] "POST /autodiscover/autodiscover.xml HTTP/1.1" 301 413 "-" "Microsoft Office/12.0 (Windows NT 6.2; Microsoft Office Outlook 12.0.6768; Pro)"
83.175.125.242 - - [06/Jan/2018:10:57:38 +0100] "POST /autodiscover/autodiscover.xml HTTP/1.1" 301 413 "-" "Microsoft Office/12.0 (Windows NT 6.2; Microsoft Office Outlook 12.0.6768; Pro)"
83.175.125.242 - - [06/Jan/2018:11:02:39 +0100] "POST /autodiscover/autodiscover.xml HTTP/1.1" 301 413 "-" "Microsoft Office/12.0 (Windows NT 6.2; Microsoft Office Outlook 12.0.6768; Pro)"
83.175.125.242 - - [06/Jan/2018:11:07:39 +0100] "POST /autodiscover/autodiscover.xml HTTP/1.1" 301 413 "-" "Microsoft Office/12.0 (Windows NT 6.2; Microsoft Office Outlook 12.0.6768; Pro)"
83.175.125.242 - - [06/Jan/2018:11:12:39 +0100] "POST /autodiscover/autodiscover.xml HTTP/1.1" 301 413 "-" "Microsoft Office/12.0 (Windows NT 6.2; Microsoft Office Outlook 12.0.6768; Pro)"
139.162.78.135 - - [06/Jan/2018:11:15:36 +0100] "GET / HTTP/1.1" 301 301 "-" "Mozilla/5.0 (Windows NT 10.0; WOW64) AppleWebKit/537.36 (KHTML, like Gecko) Chrome/45.0.2454.101 Safari/537.36"
83.175.125.242 - - [06/Jan/2018:11:17:38 +0100] "POST /autodiscover/autodiscover.xml HTTP/1.1" 301 413 "-" "Microsoft Office/12.0 (Windows NT 6.2; Microsoft Office Outlook 12.0.6768; Pro)"
83.175.125.242 - - [06/Jan/2018:11:22:38 +0100] "POST /autodiscover/autodiscover.xml HTTP/1.1" 301 413 "-" "Microsoft Office/12.0 (Windows NT 6.2; Microsoft Office Outlook 12.0.6768; Pro)"
54.36.148.70 - - [06/Jan/2018:11:24:35 +0100] "GET /neunkirchen HTTP/1.1" 200 3379 "-" "Mozilla/5.0 (compatible; AhrefsBot/5.2; +http://ahrefs.com/robot/)"
83.175.125.242 - - [06/Jan/2018:11:27:38 +0100] "POST /autodiscover/autodiscover.xml HTTP/1.1" 301 413 "-" "Microsoft Office/12.0 (Windows NT 6.2; Microsoft Office Outlook 12.0.6768; Pro)"
83.175.125.242 - - [06/Jan/2018:11:32:39 +0100] "POST /autodiscover/autodiscover.xml HTTP/1.1" 301 413 "-" "Microsoft Office/12.0 (Windows NT 6.2; Microsoft Office Outlook 12.0.6768; Pro)"
66.249.66.86 - - [06/Jan/2018:11:36:19 +0100] "GET /robots.txt HTTP/1.1" 301 311 "-" "Mozilla/5.0 (compatible; Googlebot/2.1; +http://www.google.com/bot.html)"
66.249.66.84 - - [06/Jan/2018:11:36:20 +0100] "GET /apple-app-site-association HTTP/1.1" 301 320 "-" "Mozilla/5.0 (compatible; Googlebot/2.1; +http://www.google.com/bot.html)"
86.56.245.154 - - [06/Jan/2018:11:36:25 +0100] "GET /perg/aktionen HTTP/1.1" 200 2750 "http://m.facebook.com" "Mozilla/5.0 (iPhone; CPU iPhone OS 11_0_3 like Mac OS X) AppleWebKit/604.1.38 (KHTML, like Gecko) Mobile/15A432 [FBAN/FBIOS;FBAV/153.0.0.53.87;FBBV/84268146;FBDV/iPhone8,2;FBMD/iPhone;FBSN/iOS;FBSV/11.0.3;FBSS/3;FBCR/3Austria;FBID/phone;FBLC/de_DE;FBOP/5;FBRV/85066623]"
83.175.125.242 - - [06/Jan/2018:11:37:39 +0100] "POST /autodiscover/autodiscover.xml HTTP/1.1" 301 413 "-" "Microsoft Office/12.0 (Windows NT 6.2; Microsoft Office Outlook 12.0.6768; Pro)"
83.175.125.242 - - [06/Jan/2018:11:42:40 +0100] "POST /autodiscover/autodiscover.xml HTTP/1.1" 301 413 "-" "Microsoft Office/12.0 (Windows NT 6.2; Microsoft Office Outlook 12.0.6768; Pro)"
83.175.125.242 - - [06/Jan/2018:11:47:38 +0100] "POST /autodiscover/autodiscover.xml HTTP/1.1" 301 413 "-" "Microsoft Office/12.0 (Windows NT 6.2; Microsoft Office Outlook 12.0.6768; Pro)"
83.175.125.242 - - [06/Jan/2018:11:52:39 +0100] "POST /autodiscover/autodiscover.xml HTTP/1.1" 301 413 "-" "Microsoft Office/12.0 (Windows NT 6.2; Microsoft Office Outlook 12.0.6768; Pro)"
178.190.177.188 - - [06/Jan/2018:11:56:43 +0100] "GET /linz/aktionen HTTP/1.1" 200 2831 "http://m.facebook.com/" "Mozilla/5.0 (Linux; Android 7.0; PRA-LX1 Build/HUAWEIPRA-LX1; wv) AppleWebKit/537.36 (KHTML, like Gecko) Version/4.0 Chrome/63.0.3239.111 Mobile Safari/537.36 [FB_IAB/FB4A;FBAV/153.0.0.54.88;]"
83.175.125.242 - - [06/Jan/2018:11:57:39 +0100] "POST /autodiscover/autodiscover.xml HTTP/1.1" 301 413 "-" "Microsoft Office/12.0 (Windows NT 6.2; Microsoft Office Outlook 12.0.6768; Pro)"
83.175.125.242 - - [06/Jan/2018:12:02:39 +0100] "POST /autodiscover/autodiscover.xml HTTP/1.1" 301 413 "-" "Microsoft Office/12.0 (Windows NT 6.2; Microsoft Office Outlook 12.0.6768; Pro)"
86.56.243.233 - - [06/Jan/2018:12:07:04 +0100] "GET /perg/aktionen HTTP/1.1" 200 2750 "http://m.facebook.com" "Mozilla/5.0 (iPhone; CPU iPhone OS 11_1_2 like Mac OS X) AppleWebKit/604.3.5 (KHTML, like Gecko) Mobile/15B202 [FBAN/FBIOS;FBAV/153.0.0.53.87;FBBV/84268146;FBDV/iPhone7,2;FBMD/iPhone;FBSN/iOS;FBSV/11.1.2;FBSS/2;FBCR/3Austria;FBID/phone;FBLC/de_DE;FBOP/5;FBRV/85066623]"
83.175.125.242 - - [06/Jan/2018:12:07:40 +0100] "POST /autodiscover/autodiscover.xml HTTP/1.1" 301 413 "-" "Microsoft Office/12.0 (Windows NT 6.2; Microsoft Office Outlook 12.0.6768; Pro)"
83.175.125.242 - - [06/Jan/2018:12:12:40 +0100] "POST /autodiscover/autodiscover.xml HTTP/1.1" 301 413 "-" "Microsoft Office/12.0 (Windows NT 6.2; Microsoft Office Outlook 12.0.6768; Pro)"
83.175.125.242 - - [06/Jan/2018:12:17:38 +0100] "POST /autodiscover/autodiscover.xml HTTP/1.1" 301 413 "-" "Microsoft Office/12.0 (Windows NT 6.2; Microsoft Office Outlook 12.0.6768; Pro)"
212.95.8.207 - - [06/Jan/2018:12:18:47 +0100] "GET /perg/aktionen HTTP/1.1" 200 2750 "http://m.facebook.com" "Mozilla/5.0 (iPhone; CPU iPhone OS 11_1_2 like Mac OS X) AppleWebKit/604.3.5 (KHTML, like Gecko) Mobile/15B202 [FBAN/FBIOS;FBAV/153.0.0.53.87;FBBV/84268146;FBDV/iPhone9,3;FBMD/iPhone;FBSN/iOS;FBSV/11.1.2;FBSS/2;FBCR/tele.ring;FBID/phone;FBLC/de_DE;FBOP/5;FBRV/85066623]"
54.36.149.76 - - [06/Jan/2018:12:21:29 +0100] "GET /ybbs/10273496?FS=BE HTTP/1.1" 410 3405 "-" "Mozilla/5.0 (compatible; AhrefsBot/5.2; +http://ahrefs.com/robot/)"
83.175.125.242 - - [06/Jan/2018:12:22:39 +0100] "POST /autodiscover/autodiscover.xml HTTP/1.1" 301 413 "-" "Microsoft Office/12.0 (Windows NT 6.2; Microsoft Office Outlook 12.0.6768; Pro)"
83.175.125.242 - - [06/Jan/2018:12:27:39 +0100] "POST /autodiscover/autodiscover.xml HTTP/1.1" 301 413 "-" "Microsoft Office/12.0 (Windows NT 6.2; Microsoft Office Outlook 12.0.6768; Pro)"
83.175.125.242 - - [06/Jan/2018:12:32:40 +0100] "POST /autodiscover/autodiscover.xml HTTP/1.1" 301 413 "-" "Microsoft Office/12.0 (Windows NT 6.2; Microsoft Office Outlook 12.0.6768; Pro)"
66.249.66.86 - - [06/Jan/2018:12:34:48 +0100] "GET /.well-known/apple-app-site-association HTTP/1.1" 301 328 "-" "Mozilla/5.0 (compatible; Googlebot/2.1; +http://www.google.com/bot.html)"
80.109.67.240 - - [06/Jan/2018:12:35:28 +0100] "GET /linz/aktionen HTTP/1.1" 200 2831 "http://m.facebook.com/" "Mozilla/5.0 (Linux; Android 7.0; SM-G920F Build/NRD90M; wv) AppleWebKit/537.36 (KHTML, like Gecko) Version/4.0 Chrome/63.0.3239.111 Mobile Safari/537.36 [FB_IAB/FB4A;FBAV/153.0.0.54.88;]"
83.175.125.242 - - [06/Jan/2018:12:37:40 +0100] "POST /autodiscover/autodiscover.xml HTTP/1.1" 301 413 "-" "Microsoft Office/12.0 (Windows NT 6.2; Microsoft Office Outlook 12.0.6768; Pro)"
212.95.5.143 - - [06/Jan/2018:12:40:45 +0100] "GET /easy_drivers_st._peterau/Kurs_Jaenner?FS=B HTTP/1.1" 200 3099 "http://m.facebook.com/" "Mozilla/5.0 (Linux; Android 7.0; FRD-L09 Build/HUAWEIFRD-L09; wv) AppleWebKit/537.36 (KHTML, like Gecko) Version/4.0 Chrome/63.0.3239.111 Mobile Safari/537.36 [FB_IAB/FB4A;FBAV/153.0.0.54.88;]"
83.175.125.242 - - [06/Jan/2018:12:42:40 +0100] "POST /autodiscover/autodiscover.xml HTTP/1.1" 301 413 "-" "Microsoft Office/12.0 (Windows NT 6.2; Microsoft Office Outlook 12.0.6768; Pro)"
54.36.149.53 - - [06/Jan/2018:12:44:25 +0100] "GET /kurse/lkw HTTP/1.1" 200 2792 "-" "Mozilla/5.0 (compatible; AhrefsBot/5.2; +http://ahrefs.com/robot/)"
83.175.125.242 - - [06/Jan/2018:12:47:39 +0100] "POST /autodiscover/autodiscover.xml HTTP/1.1" 301 413 "-" "Microsoft Office/12.0 (Windows NT 6.2; Microsoft Office Outlook 12.0.6768; Pro)"
46.125.41.71 - - [06/Jan/2018:12:49:16 +0100] "GET /perg/aktionen HTTP/1.1" 200 2750 "http://m.facebook.com/" "Mozilla/5.0 (Linux; Android 7.0; SM-G950F Build/NRD90M; wv) AppleWebKit/537.36 (KHTML, like Gecko) Version/4.0 Chrome/63.0.3239.111 Mobile Safari/537.36 [FB_IAB/FB4A;FBAV/153.0.0.54.88;]"
83.175.125.242 - - [06/Jan/2018:12:52:39 +0100] "POST /autodiscover/autodiscover.xml HTTP/1.1" 301 413 "-" "Microsoft Office/12.0 (Windows NT 6.2; Microsoft Office Outlook 12.0.6768; Pro)"
83.175.125.242 - - [06/Jan/2018:12:57:40 +0100] "POST /autodiscover/autodiscover.xml HTTP/1.1" 301 413 "-" "Microsoft Office/12.0 (Windows NT 6.2; Microsoft Office Outlook 12.0.6768; Pro)"
46.125.249.15 - - [06/Jan/2018:12:57:39 +0100] "GET /linz/aktionen HTTP/1.1" 200 2831 "http://m.facebook.com/" "Mozilla/5.0 (Linux; Android 6.0.1; ONE E1003 Build/MMB29M; wv) AppleWebKit/537.36 (KHTML, like Gecko) Version/4.0 Chrome/63.0.3239.111 Mobile Safari/537.36 [FB_IAB/FB4A;FBAV/153.0.0.54.88;]"
83.175.125.242 - - [06/Jan/2018:13:02:40 +0100] "POST /autodiscover/autodiscover.xml HTTP/1.1" 301 413 "-" "Microsoft Office/12.0 (Windows NT 6.2; Microsoft Office Outlook 12.0.6768; Pro)"
91.114.132.21 - - [06/Jan/2018:13:03:20 +0100] "GET /easy_drivers_st._peterau/Kurs_Jaenner?FS=B HTTP/1.1" 200 3099 "http://m.facebook.com/" "Mozilla/5.0 (Linux; Android 7.0; FRD-L09 Build/HUAWEIFRD-L09; wv) AppleWebKit/537.36 (KHTML, like Gecko) Version/4.0 Chrome/63.0.3239.111 Mobile Safari/537.36 [FB_IAB/FB4A;FBAV/153.0.0.54.88;]"
83.175.125.242 - - [06/Jan/2018:13:07:41 +0100] "POST /autodiscover/autodiscover.xml HTTP/1.1" 301 413 "-" "Microsoft Office/12.0 (Windows NT 6.2; Microsoft Office Outlook 12.0.6768; Pro)"
178.190.19.120 - - [06/Jan/2018:13:07:54 +0100] "GET /linz/aktionen HTTP/1.1" 200 2831 "http://m.facebook.com/" "Mozilla/5.0 (Linux; Android 7.0; LG-H870 Build/NRD90U; wv) AppleWebKit/537.36 (KHTML, like Gecko) Version/4.0 Chrome/63.0.3239.111 Mobile Safari/537.36 [FB_IAB/FB4A;FBAV/153.0.0.54.88;]"
178.165.131.151 - - [06/Jan/2018:13:08:54 +0100] "GET /st.valentin/10293831?FS=B HTTP/1.1" 200 3100 "http://m.facebook.com" "Mozilla/5.0 (iPhone; CPU iPhone OS 11_2_1 like Mac OS X) AppleWebKit/604.4.7 (KHTML, like Gecko) Mobile/15C153 [FBAN/FBIOS;FBAV/153.0.0.53.87;FBBV/84268146;FBDV/iPhone7,2;FBMD/iPhone;FBSN/iOS;FBSV/11.2.1;FBSS/2;FBCR/3Austria;FBID/phone;FBLC/de_DE;FBOP/5;FBRV/85066623]"
83.175.125.242 - - [06/Jan/2018:13:12:41 +0100] "POST /autodiscover/autodiscover.xml HTTP/1.1" 301 413 "-" "Microsoft Office/12.0 (Windows NT 6.2; Microsoft Office Outlook 12.0.6768; Pro)"
83.175.125.242 - - [06/Jan/2018:13:17:39 +0100] "POST /autodiscover/autodiscover.xml HTTP/1.1" 301 413 "-" "Microsoft Office/12.0 (Windows NT 6.2; Microsoft Office Outlook 12.0.6768; Pro)"
83.175.125.242 - - [06/Jan/2018:13:22:40 +0100] "POST /autodiscover/autodiscover.xml HTTP/1.1" 301 413 "-" "Microsoft Office/12.0 (Windows NT 6.2; Microsoft Office Outlook 12.0.6768; Pro)"
83.175.125.242 - - [06/Jan/2018:13:27:40 +0100] "POST /autodiscover/autodiscover.xml HTTP/1.1" 301 413 "-" "Microsoft Office/12.0 (Windows NT 6.2; Microsoft Office Outlook 12.0.6768; Pro)"
83.175.125.242 - - [06/Jan/2018:13:32:40 +0100] "POST /autodiscover/autodiscover.xml HTTP/1.1" 301 413 "-" "Microsoft Office/12.0 (Windows NT 6.2; Microsoft Office Outlook 12.0.6768; Pro)"
83.175.125.242 - - [06/Jan/2018:13:37:41 +0100] "POST /autodiscover/autodiscover.xml HTTP/1.1" 301 413 "-" "Microsoft Office/12.0 (Windows NT 6.2; Microsoft Office Outlook 12.0.6768; Pro)"
194.96.94.238 - - [06/Jan/2018:13:40:14 +0100] "GET /st.valentin/10293831?FS=B HTTP/1.1" 200 3100 "http://m.facebook.com/" "Mozilla/5.0 (Linux; Android 7.1.1; SM-N950F Build/NMF26X; wv) AppleWebKit/537.36 (KHTML, like Gecko) Version/4.0 Chrome/63.0.3239.111 Mobile Safari/537.36 [FB_IAB/FB4A;FBAV/153.0.0.54.88;]"
88.117.58.226 - - [06/Jan/2018:13:41:33 +0100] "GET /linz/aktionen HTTP/1.1" 200 2831 "http://m.facebook.com/" "Mozilla/5.0 (Linux; Android 7.0; WAS-LX1 Build/HUAWEIWAS-LX1; wv) AppleWebKit/537.36 (KHTML, like Gecko) Version/4.0 Chrome/63.0.3239.111 Mobile Safari/537.36 [FB_IAB/FB4A;FBAV/153.0.0.54.88;]"
83.175.125.242 - - [06/Jan/2018:13:42:41 +0100] "POST /autodiscover/autodiscover.xml HTTP/1.1" 301 413 "-" "Microsoft Office/12.0 (Windows NT 6.2; Microsoft Office Outlook 12.0.6768; Pro)"
195.230.50.236 - - [06/Jan/2018:13:45:30 +0100] "GET /amstetten/abendkurs-jan18?FS=B HTTP/1.1" 200 3140 "http://m.facebook.com" "Mozilla/5.0 (iPhone; CPU iPhone OS 11_2_1 like Mac OS X) AppleWebKit/604.4.7 (KHTML, like Gecko) Mobile/15C153 [FBAN/FBIOS;FBAV/153.0.0.53.87;FBBV/84268146;FBDV/iPhone8,1;FBMD/iPhone;FBSN/iOS;FBSV/11.2.1;FBSS/2;FBCR/3Austria;FBID/phone;FBLC/de_DE;FBOP/5;FBRV/85066623]"
83.175.125.242 - - [06/Jan/2018:13:47:39 +0100] "POST /autodiscover/autodiscover.xml HTTP/1.1" 301 413 "-" "Microsoft Office/12.0 (Windows NT 6.2; Microsoft Office Outlook 12.0.6768; Pro)"
66.249.66.221 - - [06/Jan/2018:13:50:55 +0100] "GET /robots.txt HTTP/1.1" 301 303 "-" "Mozilla/5.0 (compatible; Googlebot/2.1; +http://www.google.com/bot.html)"
66.249.66.221 - - [06/Jan/2018:13:50:56 +0100] "GET / HTTP/1.1" 301 296 "-" "Mozilla/5.0 (compatible; Googlebot/2.1; +http://www.google.com/bot.html)"
83.175.125.242 - - [06/Jan/2018:13:52:40 +0100] "POST /autodiscover/autodiscover.xml HTTP/1.1" 301 413 "-" "Microsoft Office/12.0 (Windows NT 6.2; Microsoft Office Outlook 12.0.6768; Pro)"
83.175.125.242 - - [06/Jan/2018:13:57:40 +0100] "POST /autodiscover/autodiscover.xml HTTP/1.1" 301 413 "-" "Microsoft Office/12.0 (Windows NT 6.2; Microsoft Office Outlook 12.0.6768; Pro)"
54.36.148.59 - - [06/Jan/2018:13:58:29 +0100] "GET /fahrschulen/burgenland HTTP/1.1" 200 3027 "-" "Mozilla/5.0 (compatible; AhrefsBot/5.2; +http://ahrefs.com/robot/)"
83.175.125.242 - - [06/Jan/2018:14:02:41 +0100] "POST /autodiscover/autodiscover.xml HTTP/1.1" 301 413 "-" "Microsoft Office/12.0 (Windows NT 6.2; Microsoft Office Outlook 12.0.6768; Pro)"
83.175.125.242 - - [06/Jan/2018:14:07:41 +0100] "POST /autodiscover/autodiscover.xml HTTP/1.1" 301 413 "-" "Microsoft Office/12.0 (Windows NT 6.2; Microsoft Office Outlook 12.0.6768; Pro)"
83.175.125.242 - - [06/Jan/2018:14:12:42 +0100] "POST /autodiscover/autodiscover.xml HTTP/1.1" 301 413 "-" "Microsoft Office/12.0 (Windows NT 6.2; Microsoft Office Outlook 12.0.6768; Pro)"
54.36.149.34 - - [06/Jan/2018:14:14:03 +0100] "GET /impressum HTTP/1.1" 200 5880 "-" "Mozilla/5.0 (compatible; AhrefsBot/5.2; +http://ahrefs.com/robot/)"
83.175.125.242 - - [06/Jan/2018:14:17:40 +0100] "POST /autodiscover/autodiscover.xml HTTP/1.1" 301 413 "-" "Microsoft Office/12.0 (Windows NT 6.2; Microsoft Office Outlook 12.0.6768; Pro)"
91.115.106.152 - - [06/Jan/2018:14:19:23 +0100] "GET /linz/aktionen HTTP/1.1" 200 2831 "http://m.facebook.com/" "Mozilla/5.0 (Linux; Android 7.0; VTR-L09 Build/HUAWEIVTR-L09; wv) AppleWebKit/537.36 (KHTML, like Gecko) Version/4.0 Chrome/63.0.3239.111 Mobile Safari/537.36 [FB_IAB/FB4A;FBAV/153.0.0.54.88;]"
83.175.125.242 - - [06/Jan/2018:14:22:40 +0100] "POST /autodiscover/autodiscover.xml HTTP/1.1" 301 413 "-" "Microsoft Office/12.0 (Windows NT 6.2; Microsoft Office Outlook 12.0.6768; Pro)"
195.230.49.220 - - [06/Jan/2018:14:26:53 +0100] "GET /st.valentin/10293831?FS=B HTTP/1.1" 200 3100 "http://m.facebook.com/" "Mozilla/5.0 (Linux; Android 7.0; HUAWEI VNS-L21 Build/HUAWEIVNS-L21; wv) AppleWebKit/537.36 (KHTML, like Gecko) Version/4.0 Chrome/63.0.3239.111 Mobile Safari/537.36 [FB_IAB/FB4A;FBAV/153.0.0.54.88;]"
83.175.125.242 - - [06/Jan/2018:14:27:41 +0100] "POST /autodiscover/autodiscover.xml HTTP/1.1" 301 413 "-" "Microsoft Office/12.0 (Windows NT 6.2; Microsoft Office Outlook 12.0.6768; Pro)"
83.175.125.242 - - [06/Jan/2018:14:32:41 +0100] "POST /autodiscover/autodiscover.xml HTTP/1.1" 301 413 "-" "Microsoft Office/12.0 (Windows NT 6.2; Microsoft Office Outlook 12.0.6768; Pro)"
196.52.43.66 - - [06/Jan/2018:14:34:03 +0100] "GET / HTTP/1.1" 400 379 "-" "-"
83.175.125.242 - - [06/Jan/2018:14:37:42 +0100] "POST /autodiscover/autodiscover.xml HTTP/1.1" 301 413 "-" "Microsoft Office/12.0 (Windows NT 6.2; Microsoft Office Outlook 12.0.6768; Pro)"
83.175.125.242 - - [06/Jan/2018:14:42:42 +0100] "POST /autodiscover/autodiscover.xml HTTP/1.1" 301 413 "-" "Microsoft Office/12.0 (Windows NT 6.2; Microsoft Office Outlook 12.0.6768; Pro)"
83.175.125.242 - - [06/Jan/2018:14:47:40 +0100] "POST /autodiscover/autodiscover.xml HTTP/1.1" 301 413 "-" "Microsoft Office/12.0 (Windows NT 6.2; Microsoft Office Outlook 12.0.6768; Pro)"
