83.175.125.242 - - [12/Jan/2018:01:19:43 +0100] "POST /autodiscover/autodiscover.xml HTTP/1.1" 301 413 "-" "Microsoft Office/12.0 (Windows NT 6.2; Microsoft Office Outlook 12.0.6768; Pro)"
37.187.56.47 - - [12/Jan/2018:01:43:19 +0100] "GET /robots.txt HTTP/1.0" 301 397 "-" ""
37.187.56.47 - - [12/Jan/2018:01:43:19 +0100] "GET / HTTP/1.1" 301 387 "-" "Mozilla/5.0 (X11; U; Linux amd64; rv:5.0) Gecko/20100101 Firefox/5.0 (Debian)"
83.175.125.242 - - [12/Jan/2018:01:49:44 +0100] "POST /autodiscover/autodiscover.xml HTTP/1.1" 301 413 "-" "Microsoft Office/12.0 (Windows NT 6.2; Microsoft Office Outlook 12.0.6768; Pro)"
83.175.125.242 - - [12/Jan/2018:02:19:44 +0100] "POST /autodiscover/autodiscover.xml HTTP/1.1" 301 413 "-" "Microsoft Office/12.0 (Windows NT 6.2; Microsoft Office Outlook 12.0.6768; Pro)"
83.175.125.242 - - [12/Jan/2018:02:49:45 +0100] "POST /autodiscover/autodiscover.xml HTTP/1.1" 301 413 "-" "Microsoft Office/12.0 (Windows NT 6.2; Microsoft Office Outlook 12.0.6768; Pro)"
83.175.125.242 - - [12/Jan/2018:03:19:45 +0100] "POST /autodiscover/autodiscover.xml HTTP/1.1" 301 413 "-" "Microsoft Office/12.0 (Windows NT 6.2; Microsoft Office Outlook 12.0.6768; Pro)"
54.36.148.98 - - [12/Jan/2018:03:22:19 +0100] "GET /bludenz HTTP/1.1" 200 3589 "-" "Mozilla/5.0 (compatible; AhrefsBot/5.2; +http://ahrefs.com/robot/)"
54.36.148.230 - - [12/Jan/2018:03:23:28 +0100] "GET /spittelau/10268958 HTTP/1.1" 200 3501 "-" "Mozilla/5.0 (compatible; AhrefsBot/5.2; +http://ahrefs.com/robot/)"
83.175.125.242 - - [12/Jan/2018:03:49:46 +0100] "POST /autodiscover/autodiscover.xml HTTP/1.1" 301 413 "-" "Microsoft Office/12.0 (Windows NT 6.2; Microsoft Office Outlook 12.0.6768; Pro)"
83.175.125.242 - - [12/Jan/2018:04:19:46 +0100] "POST /autodiscover/autodiscover.xml HTTP/1.1" 301 413 "-" "Microsoft Office/12.0 (Windows NT 6.2; Microsoft Office Outlook 12.0.6768; Pro)"
83.175.125.242 - - [12/Jan/2018:04:49:47 +0100] "POST /autodiscover/autodiscover.xml HTTP/1.1" 301 413 "-" "Microsoft Office/12.0 (Windows NT 6.2; Microsoft Office Outlook 12.0.6768; Pro)"
83.175.125.242 - - [12/Jan/2018:05:19:47 +0100] "POST /autodiscover/autodiscover.xml HTTP/1.1" 301 413 "-" "Microsoft Office/12.0 (Windows NT 6.2; Microsoft Office Outlook 12.0.6768; Pro)"
83.175.125.242 - - [12/Jan/2018:05:49:48 +0100] "POST /autodiscover/autodiscover.xml HTTP/1.1" 301 413 "-" "Microsoft Office/12.0 (Windows NT 6.2; Microsoft Office Outlook 12.0.6768; Pro)"
83.175.125.242 - - [12/Jan/2018:06:19:49 +0100] "POST /autodiscover/autodiscover.xml HTTP/1.1" 301 413 "-" "Microsoft Office/12.0 (Windows NT 6.2; Microsoft Office Outlook 12.0.6768; Pro)"
83.175.125.242 - - [12/Jan/2018:06:49:49 +0100] "POST /autodiscover/autodiscover.xml HTTP/1.1" 301 413 "-" "Microsoft Office/12.0 (Windows NT 6.2; Microsoft Office Outlook 12.0.6768; Pro)"
212.95.8.240 - - [12/Jan/2018:07:12:23 +0100] "GET /easy_drivers_st._peterau/Kurs_Jaenner?FS=B HTTP/1.1" 200 3099 "http://m.facebook.com" "Mozilla/5.0 (iPhone; CPU iPhone OS 11_2_2 like Mac OS X) AppleWebKit/604.4.7 (KHTML, like Gecko) Mobile/15C202 [FBAN/FBIOS;FBAV/153.0.0.53.87;FBBV/84268146;FBDV/iPhone9,3;FBMD/iPhone;FBSN/iOS;FBSV/11.2.2;FBSS/2;FBCR/tele.ring;FBID/phone;FBLC/de_DE;FBOP/5;FBRV/86759280]"
83.175.125.242 - - [12/Jan/2018:07:19:50 +0100] "POST /autodiscover/autodiscover.xml HTTP/1.1" 301 413 "-" "Microsoft Office/12.0 (Windows NT 6.2; Microsoft Office Outlook 12.0.6768; Pro)"
212.129.39.185 - - [12/Jan/2018:07:22:08 +0100] "GET /a2billing/common/javascript/misc.js HTTP/1.1" 301 327 "-" "python-requests/2.18.4"
213.225.5.64 - - [12/Jan/2018:07:24:25 +0100] "GET /easy_drivers_st._peterau/Kurs_Jaenner?FS=B HTTP/1.1" 200 3099 "http://m.facebook.com" "Mozilla/5.0 (iPhone; CPU iPhone OS 11_2_1 like Mac OS X) AppleWebKit/604.4.7 (KHTML, like Gecko) Mobile/15C153 [FBAN/FBIOS;FBAV/153.0.0.53.87;FBBV/84268146;FBDV/iPhone8,1;FBMD/iPhone;FBSN/iOS;FBSV/11.2.1;FBSS/2;FBCR/A1;FBID/phone;FBLC/de_DE;FBOP/5;FBRV/86759280]"
54.36.148.47 - - [12/Jan/2018:07:30:29 +0100] "GET /wieselburg/ HTTP/1.1" 301 142 "-" "Mozilla/5.0 (compatible; AhrefsBot/5.2; +http://ahrefs.com/robot/)"
83.175.125.242 - - [12/Jan/2018:07:49:50 +0100] "POST /autodiscover/autodiscover.xml HTTP/1.1" 301 413 "-" "Microsoft Office/12.0 (Windows NT 6.2; Microsoft Office Outlook 12.0.6768; Pro)"
46.125.249.55 - - [12/Jan/2018:08:10:36 +0100] "GET /tulln/kurs/10319-13 HTTP/1.1" 404 3046 "http://m.facebook.com" "Mozilla/5.0 (iPhone; CPU iPhone OS 11_1_2 like Mac OS X) AppleWebKit/604.3.5 (KHTML, like Gecko) Mobile/15B202 [FBAN/FBIOS;FBAV/153.0.0.53.87;FBBV/84268146;FBDV/iPhone7,2;FBMD/iPhone;FBSN/iOS;FBSV/11.1.2;FBSS/2;FBCR/T-MobileA;FBID/phone;FBLC/de_DE;FBOP/5;FBRV/86759280]"
213.225.32.188 - - [12/Jan/2018:08:16:08 +0100] "GET /easy_drivers_st._peterau/Kurs_Jaenner?FS=B HTTP/1.1" 200 3099 "http://m.facebook.com" "Mozilla/5.0 (iPhone; CPU iPhone OS 11_2_1 like Mac OS X) AppleWebKit/604.4.7 (KHTML, like Gecko) Mobile/15C153 [FBAN/FBIOS;FBAV/153.0.0.53.87;FBBV/84268146;FBDV/iPhone9,3;FBMD/iPhone;FBSN/iOS;FBSV/11.2.1;FBSS/2;FBCR/A1;FBID/phone;FBLC/de_DE;FBOP/5;FBRV/86759280]"
83.175.125.242 - - [12/Jan/2018:08:19:51 +0100] "POST /autodiscover/autodiscover.xml HTTP/1.1" 301 413 "-" "Microsoft Office/12.0 (Windows NT 6.2; Microsoft Office Outlook 12.0.6768; Pro)"
83.175.125.242 - - [12/Jan/2018:08:49:51 +0100] "POST /autodiscover/autodiscover.xml HTTP/1.1" 301 413 "-" "Microsoft Office/12.0 (Windows NT 6.2; Microsoft Office Outlook 12.0.6768; Pro)"
83.175.125.242 - - [12/Jan/2018:09:19:52 +0100] "POST /autodiscover/autodiscover.xml HTTP/1.1" 301 413 "-" "Microsoft Office/12.0 (Windows NT 6.2; Microsoft Office Outlook 12.0.6768; Pro)"
172.104.115.143 - - [12/Jan/2018:09:25:04 +0100] "GET /favicon.ico HTTP/1.1" 301 309 "-" "Mozilla/5.0 zgrab/0.x"
42.236.48.156 - - [12/Jan/2018:09:48:25 +0100] "GET / HTTP/1.1" 301 296 "http://www.easy-drivers.at/" "Mozilla/5.0 (Windows NT 6.1; WOW64) AppleWebKit/537.36 (KHTML, like Gecko) Chrome/50.0.2661.102 Safari/537.36; 360Spider"
54.36.149.84 - - [12/Jan/2018:09:48:26 +0100] "GET /krems/Fotos_Fahrzeuge HTTP/1.1" 200 3460 "-" "Mozilla/5.0 (compatible; AhrefsBot/5.2; +http://ahrefs.com/robot/)"
83.175.125.242 - - [12/Jan/2018:09:49:52 +0100] "POST /autodiscover/autodiscover.xml HTTP/1.1" 301 413 "-" "Microsoft Office/12.0 (Windows NT 6.2; Microsoft Office Outlook 12.0.6768; Pro)"
83.175.125.242 - - [12/Jan/2018:10:19:53 +0100] "POST /autodiscover/autodiscover.xml HTTP/1.1" 301 413 "-" "Microsoft Office/12.0 (Windows NT 6.2; Microsoft Office Outlook 12.0.6768; Pro)"
83.175.126.194 - - [12/Jan/2018:10:26:51 +0100] "GET /ennstal.schladming/ HTTP/1.1" 301 306 "http://www.google.at/url?sa=t&rct=j&q=&esrc=s&source=web&cd=12&ved=0ahUKEwiLvdjnjdLYAhXoAJoKHUHIBQwQ_BcIiwEwCw&url=http%3A%2F%2Fwww.easydrivers.at%2Fennstal.schladming%2F&usg=AOvVaw1hGAyLrXJofPABkqOKdiZM" "Mozilla/5.0 (Windows NT 6.1; WOW64; Trident/7.0; rv:11.0) like Gecko"
83.175.126.194 - - [12/Jan/2018:10:26:52 +0100] "GET /ennstal.schladming/ HTTP/1.1" 301 148 "http://www.google.at/url?sa=t&rct=j&q=&esrc=s&source=web&cd=12&ved=0ahUKEwiLvdjnjdLYAhXoAJoKHUHIBQwQ_BcIiwEwCw&url=http%3A%2F%2Fwww.easydrivers.at%2Fennstal.schladming%2F&usg=AOvVaw1hGAyLrXJofPABkqOKdiZM" "Mozilla/5.0 (Windows NT 6.1; WOW64; Trident/7.0; rv:11.0) like Gecko"
83.175.126.194 - - [12/Jan/2018:10:26:52 +0100] "GET /ennstal.schladming HTTP/1.1" 200 3622 "http://www.google.at/url?sa=t&rct=j&q=&esrc=s&source=web&cd=12&ved=0ahUKEwiLvdjnjdLYAhXoAJoKHUHIBQwQ_BcIiwEwCw&url=http%3A%2F%2Fwww.easydrivers.at%2Fennstal.schladming%2F&usg=AOvVaw1hGAyLrXJofPABkqOKdiZM" "Mozilla/5.0 (Windows NT 6.1; WOW64; Trident/7.0; rv:11.0) like Gecko"
83.175.126.194 - - [12/Jan/2018:10:26:54 +0100] "GET /css/print.css HTTP/1.1" 200 967 "https://www.easydrivers.at/ennstal.schladming" "Mozilla/5.0 (Windows NT 6.1; WOW64; Trident/7.0; rv:11.0) like Gecko"
83.175.126.194 - - [12/Jan/2018:10:26:54 +0100] "GET /javascript/jquery.simplemodal.js HTTP/1.1" 200 3070 "https://www.easydrivers.at/ennstal.schladming" "Mozilla/5.0 (Windows NT 6.1; WOW64; Trident/7.0; rv:11.0) like Gecko"
83.175.126.194 - - [12/Jan/2018:10:26:54 +0100] "GET /css/style.css HTTP/1.1" 200 5004 "https://www.easydrivers.at/ennstal.schladming" "Mozilla/5.0 (Windows NT 6.1; WOW64; Trident/7.0; rv:11.0) like Gecko"
83.175.126.194 - - [12/Jan/2018:10:26:54 +0100] "GET /javascript/jquery.customSelect.min.js HTTP/1.1" 200 912 "https://www.easydrivers.at/ennstal.schladming" "Mozilla/5.0 (Windows NT 6.1; WOW64; Trident/7.0; rv:11.0) like Gecko"
83.175.126.194 - - [12/Jan/2018:10:26:54 +0100] "GET /javascript/jquery.cookie.js HTTP/1.1" 200 863 "https://www.easydrivers.at/ennstal.schladming" "Mozilla/5.0 (Windows NT 6.1; WOW64; Trident/7.0; rv:11.0) like Gecko"
83.175.126.194 - - [12/Jan/2018:10:26:54 +0100] "GET /javascript/portal.js?1221842734 HTTP/1.1" 200 3529 "https://www.easydrivers.at/ennstal.schladming" "Mozilla/5.0 (Windows NT 6.1; WOW64; Trident/7.0; rv:11.0) like Gecko"
83.175.126.194 - - [12/Jan/2018:10:26:54 +0100] "GET /javascript/fahrschule.js HTTP/1.1" 200 462 "https://www.easydrivers.at/ennstal.schladming" "Mozilla/5.0 (Windows NT 6.1; WOW64; Trident/7.0; rv:11.0) like Gecko"
83.175.126.194 - - [12/Jan/2018:10:26:54 +0100] "GET /img/close-button.png HTTP/1.1" 200 2237 "https://www.easydrivers.at/ennstal.schladming" "Mozilla/5.0 (Windows NT 6.1; WOW64; Trident/7.0; rv:11.0) like Gecko"
83.175.126.194 - - [12/Jan/2018:10:26:54 +0100] "GET /img/facebook-icon.png HTTP/1.1" 200 1506 "https://www.easydrivers.at/ennstal.schladming" "Mozilla/5.0 (Windows NT 6.1; WOW64; Trident/7.0; rv:11.0) like Gecko"
83.175.126.194 - - [12/Jan/2018:10:26:54 +0100] "GET /img/info-button.png HTTP/1.1" 200 738 "https://www.easydrivers.at/ennstal.schladming" "Mozilla/5.0 (Windows NT 6.1; WOW64; Trident/7.0; rv:11.0) like Gecko"
83.175.126.194 - - [12/Jan/2018:10:26:54 +0100] "GET /img/locator-icon.png HTTP/1.1" 200 1377 "https://www.easydrivers.at/ennstal.schladming" "Mozilla/5.0 (Windows NT 6.1; WOW64; Trident/7.0; rv:11.0) like Gecko"
83.175.126.194 - - [12/Jan/2018:10:26:54 +0100] "GET /img/close-button-small.png HTTP/1.1" 200 1671 "https://www.easydrivers.at/ennstal.schladming" "Mozilla/5.0 (Windows NT 6.1; WOW64; Trident/7.0; rv:11.0) like Gecko"
83.175.126.194 - - [12/Jan/2018:10:26:54 +0100] "GET /img/submit-button.png HTTP/1.1" 200 1958 "https://www.easydrivers.at/ennstal.schladming" "Mozilla/5.0 (Windows NT 6.1; WOW64; Trident/7.0; rv:11.0) like Gecko"
83.175.126.194 - - [12/Jan/2018:10:26:54 +0100] "GET /cache/emu/images/easy-drivers-portal10264989/volvojpg_131_90_0.jpg HTTP/1.1" 200 4570 "https://www.easydrivers.at/ennstal.schladming" "Mozilla/5.0 (Windows NT 6.1; WOW64; Trident/7.0; rv:11.0) like Gecko"
83.175.126.194 - - [12/Jan/2018:10:26:54 +0100] "GET /img/empty.gif HTTP/1.1" 200 43 "https://www.easydrivers.at/ennstal.schladming" "Mozilla/5.0 (Windows NT 6.1; WOW64; Trident/7.0; rv:11.0) like Gecko"
83.175.126.194 - - [12/Jan/2018:10:26:54 +0100] "GET /binaries/easy-drivers-portal/widget-icon-trainingpng.png HTTP/1.1" 200 2662 "https://www.easydrivers.at/ennstal.schladming" "Mozilla/5.0 (Windows NT 6.1; WOW64; Trident/7.0; rv:11.0) like Gecko"
83.175.126.194 - - [12/Jan/2018:10:26:54 +0100] "GET /binaries/easy-drivers-portal/widget-icon-expertspng.png HTTP/1.1" 200 2159 "https://www.easydrivers.at/ennstal.schladming" "Mozilla/5.0 (Windows NT 6.1; WOW64; Trident/7.0; rv:11.0) like Gecko"
83.175.126.194 - - [12/Jan/2018:10:26:54 +0100] "GET /img/schweiz-icon.png HTTP/1.1" 200 1504 "https://www.easydrivers.at/ennstal.schladming" "Mozilla/5.0 (Windows NT 6.1; WOW64; Trident/7.0; rv:11.0) like Gecko"
83.175.126.194 - - [12/Jan/2018:10:26:54 +0100] "GET /binaries/easy-drivers-portal/widget-icon-apppng.png HTTP/1.1" 200 2432 "https://www.easydrivers.at/ennstal.schladming" "Mozilla/5.0 (Windows NT 6.1; WOW64; Trident/7.0; rv:11.0) like Gecko"
83.175.126.194 - - [12/Jan/2018:10:26:54 +0100] "GET /javascript/lazyload.js HTTP/1.1" 200 1170 "https://www.easydrivers.at/ennstal.schladming" "Mozilla/5.0 (Windows NT 6.1; WOW64; Trident/7.0; rv:11.0) like Gecko"
83.175.126.194 - - [12/Jan/2018:10:26:54 +0100] "GET /img/kursicon-download-pink.png HTTP/1.1" 200 1213 "https://www.easydrivers.at/ennstal.schladming" "Mozilla/5.0 (Windows NT 6.1; WOW64; Trident/7.0; rv:11.0) like Gecko"
83.175.126.194 - - [12/Jan/2018:10:26:54 +0100] "GET /img/kursicon-print-pink.png HTTP/1.1" 200 1125 "https://www.easydrivers.at/ennstal.schladming" "Mozilla/5.0 (Windows NT 6.1; WOW64; Trident/7.0; rv:11.0) like Gecko"
83.175.126.194 - - [12/Jan/2018:10:26:54 +0100] "GET /img/kursicon-share-pink.png HTTP/1.1" 200 1277 "https://www.easydrivers.at/ennstal.schladming" "Mozilla/5.0 (Windows NT 6.1; WOW64; Trident/7.0; rv:11.0) like Gecko"
83.175.126.194 - - [12/Jan/2018:10:26:54 +0100] "GET /img/kursicon-phone-pink.png HTTP/1.1" 200 1286 "https://www.easydrivers.at/ennstal.schladming" "Mozilla/5.0 (Windows NT 6.1; WOW64; Trident/7.0; rv:11.0) like Gecko"
83.175.126.194 - - [12/Jan/2018:10:26:54 +0100] "GET /img/yellow-dots-vertical.png HTTP/1.1" 200 981 "https://www.easydrivers.at/ennstal.schladming" "Mozilla/5.0 (Windows NT 6.1; WOW64; Trident/7.0; rv:11.0) like Gecko"
83.175.126.194 - - [12/Jan/2018:10:26:54 +0100] "GET /img/purple-dots-horizontal.png HTTP/1.1" 200 977 "https://www.easydrivers.at/ennstal.schladming" "Mozilla/5.0 (Windows NT 6.1; WOW64; Trident/7.0; rv:11.0) like Gecko"
83.175.126.194 - - [12/Jan/2018:10:26:54 +0100] "GET /img/bg-footer.jpg HTTP/1.1" 200 31770 "https://www.easydrivers.at/ennstal.schladming" "Mozilla/5.0 (Windows NT 6.1; WOW64; Trident/7.0; rv:11.0) like Gecko"
83.175.126.194 - - [12/Jan/2018:10:26:54 +0100] "GET /img/ED_Logo.png HTTP/1.1" 200 3385 "https://www.easydrivers.at/ennstal.schladming" "Mozilla/5.0 (Windows NT 6.1; WOW64; Trident/7.0; rv:11.0) like Gecko"
83.175.126.194 - - [12/Jan/2018:10:26:54 +0100] "GET /img/bg-top-section.jpg HTTP/1.1" 200 82172 "https://www.easydrivers.at/ennstal.schladming" "Mozilla/5.0 (Windows NT 6.1; WOW64; Trident/7.0; rv:11.0) like Gecko"
83.175.126.194 - - [12/Jan/2018:10:26:54 +0100] "GET /img/bg-header.jpg HTTP/1.1" 200 38680 "https://www.easydrivers.at/ennstal.schladming" "Mozilla/5.0 (Windows NT 6.1; WOW64; Trident/7.0; rv:11.0) like Gecko"
83.175.126.194 - - [12/Jan/2018:10:26:55 +0100] "GET /img/new_favicon.ico HTTP/1.1" 301 306 "-" "Mozilla/5.0 (Windows NT 6.1; WOW64; Trident/7.0; rv:11.0) like Gecko"
83.175.126.194 - - [12/Jan/2018:10:26:55 +0100] "GET /img/new_favicon.ico HTTP/1.1" 200 1150 "-" "Mozilla/5.0 (Windows NT 6.1; WOW64; Trident/7.0; rv:11.0) like Gecko"
83.175.126.194 - - [12/Jan/2018:10:27:25 +0100] "GET /ennstal.schladming HTTP/1.1" 200 3622 "https://www.easydrivers.at/ennstal.schladming" "Mozilla/5.0 (Windows NT 6.1; WOW64; Trident/7.0; rv:11.0) like Gecko"
83.175.126.194 - - [12/Jan/2018:10:27:33 +0100] "GET /ennstal.schladming HTTP/1.1" 200 3622 "https://www.easydrivers.at/ennstal.schladming" "Mozilla/5.0 (Windows NT 6.1; WOW64; Trident/7.0; rv:11.0) like Gecko"
83.175.126.194 - - [12/Jan/2018:10:27:36 +0100] "GET /ennstal.schladming/kurse HTTP/1.1" 200 4429 "https://www.easydrivers.at/ennstal.schladming" "Mozilla/5.0 (Windows NT 6.1; WOW64; Trident/7.0; rv:11.0) like Gecko"
83.175.126.194 - - [12/Jan/2018:10:27:39 +0100] "GET /css/showLoading.css HTTP/1.1" 200 219 "https://www.easydrivers.at/ennstal.schladming/kurse" "Mozilla/5.0 (Windows NT 6.1; WOW64; Trident/7.0; rv:11.0) like Gecko"
83.175.126.194 - - [12/Jan/2018:10:27:39 +0100] "GET /javascript/jquery.showLoading.min.js HTTP/1.1" 200 1136 "https://www.easydrivers.at/ennstal.schladming/kurse" "Mozilla/5.0 (Windows NT 6.1; WOW64; Trident/7.0; rv:11.0) like Gecko"
83.175.126.194 - - [12/Jan/2018:10:27:39 +0100] "GET /javascript/jquery.base64.min.js HTTP/1.1" 200 37135 "https://www.easydrivers.at/ennstal.schladming/kurse" "Mozilla/5.0 (Windows NT 6.1; WOW64; Trident/7.0; rv:11.0) like Gecko"
83.175.126.194 - - [12/Jan/2018:10:27:39 +0100] "GET /img/top-image-overlay.png HTTP/1.1" 200 20650 "https://www.easydrivers.at/ennstal.schladming/kurse" "Mozilla/5.0 (Windows NT 6.1; WOW64; Trident/7.0; rv:11.0) like Gecko"
83.175.126.194 - - [12/Jan/2018:10:27:39 +0100] "GET /img/bg-yellow.jpg HTTP/1.1" 200 2250 "https://www.easydrivers.at/ennstal.schladming/kurse" "Mozilla/5.0 (Windows NT 6.1; WOW64; Trident/7.0; rv:11.0) like Gecko"
83.175.126.194 - - [12/Jan/2018:10:27:39 +0100] "GET /binaries/easy-drivers-portal/motorrad5jpg.jpg HTTP/1.1" 200 84164 "https://www.easydrivers.at/ennstal.schladming/kurse" "Mozilla/5.0 (Windows NT 6.1; WOW64; Trident/7.0; rv:11.0) like Gecko"
83.175.126.194 - - [12/Jan/2018:10:27:39 +0100] "GET /ennstal.schladming/kurse HTTP/1.1" 200 4430 "https://www.easydrivers.at/ennstal.schladming/kurse" "Mozilla/5.0 (Windows NT 6.1; WOW64; Trident/7.0; rv:11.0) like Gecko"
83.175.126.194 - - [12/Jan/2018:10:27:41 +0100] "GET /binaries/easy-drivers-portal/motorrad2jpg.jpg HTTP/1.1" 200 45802 "https://www.easydrivers.at/ennstal.schladming/kurse" "Mozilla/5.0 (Windows NT 6.1; WOW64; Trident/7.0; rv:11.0) like Gecko"
83.175.126.194 - - [12/Jan/2018:10:27:43 +0100] "GET /ennstal.schladming/pruefungen HTTP/1.1" 200 3263 "https://www.easydrivers.at/ennstal.schladming/kurse" "Mozilla/5.0 (Windows NT 6.1; WOW64; Trident/7.0; rv:11.0) like Gecko"
83.175.126.194 - - [12/Jan/2018:10:27:45 +0100] "GET /ennstal.schladming/team HTTP/1.1" 200 3235 "https://www.easydrivers.at/ennstal.schladming/kurse" "Mozilla/5.0 (Windows NT 6.1; WOW64; Trident/7.0; rv:11.0) like Gecko"
83.175.126.194 - - [12/Jan/2018:10:27:47 +0100] "GET /ennstal.schladming/team HTTP/1.1" 200 3235 "https://www.easydrivers.at/ennstal.schladming/kurse" "Mozilla/5.0 (Windows NT 6.1; WOW64; Trident/7.0; rv:11.0) like Gecko"
83.175.126.194 - - [12/Jan/2018:10:27:51 +0100] "GET /binaries/10251859.jpg HTTP/1.1" 200 26717 "https://www.easydrivers.at/ennstal.schladming/team" "Mozilla/5.0 (Windows NT 6.1; WOW64; Trident/7.0; rv:11.0) like Gecko"
83.175.126.194 - - [12/Jan/2018:10:27:51 +0100] "GET /binaries/10251858.jpg HTTP/1.1" 200 30036 "https://www.easydrivers.at/ennstal.schladming/team" "Mozilla/5.0 (Windows NT 6.1; WOW64; Trident/7.0; rv:11.0) like Gecko"
83.175.126.194 - - [12/Jan/2018:10:27:51 +0100] "GET /binaries/10251862.jpg HTTP/1.1" 200 32864 "https://www.easydrivers.at/ennstal.schladming/team" "Mozilla/5.0 (Windows NT 6.1; WOW64; Trident/7.0; rv:11.0) like Gecko"
83.175.126.194 - - [12/Jan/2018:10:27:51 +0100] "GET /binaries/10251860.jpg HTTP/1.1" 200 25782 "https://www.easydrivers.at/ennstal.schladming/team" "Mozilla/5.0 (Windows NT 6.1; WOW64; Trident/7.0; rv:11.0) like Gecko"
83.175.126.194 - - [12/Jan/2018:10:27:51 +0100] "GET /binaries/easy-drivers-schladming/markusjpg.jpg HTTP/1.1" 200 42406 "https://www.easydrivers.at/ennstal.schladming/team" "Mozilla/5.0 (Windows NT 6.1; WOW64; Trident/7.0; rv:11.0) like Gecko"
83.175.126.194 - - [12/Jan/2018:10:27:51 +0100] "GET /binaries/10251864.jpg HTTP/1.1" 200 27627 "https://www.easydrivers.at/ennstal.schladming/team" "Mozilla/5.0 (Windows NT 6.1; WOW64; Trident/7.0; rv:11.0) like Gecko"
83.175.126.194 - - [12/Jan/2018:10:27:51 +0100] "GET /binaries/easy-drivers-portal/motorrad6jpg.jpg HTTP/1.1" 200 83216 "https://www.easydrivers.at/ennstal.schladming/team" "Mozilla/5.0 (Windows NT 6.1; WOW64; Trident/7.0; rv:11.0) like Gecko"
54.36.149.44 - - [12/Jan/2018:10:27:59 +0100] "GET /skarabela.gross-enzersdorf/aktionen HTTP/1.1" 200 3009 "-" "Mozilla/5.0 (compatible; AhrefsBot/5.2; +http://ahrefs.com/robot/)"
83.175.126.194 - - [12/Jan/2018:10:28:04 +0100] "GET /ueberuns HTTP/1.1" 200 3260 "https://www.easydrivers.at/ennstal.schladming/team" "Mozilla/5.0 (Windows NT 6.1; WOW64; Trident/7.0; rv:11.0) like Gecko"
83.175.126.194 - - [12/Jan/2018:10:28:06 +0100] "GET /css/history.css HTTP/1.1" 200 609 "https://www.easydrivers.at/ueberuns" "Mozilla/5.0 (Windows NT 6.1; WOW64; Trident/7.0; rv:11.0) like Gecko"
83.175.126.194 - - [12/Jan/2018:10:28:06 +0100] "GET /javascript/history.js HTTP/1.1" 200 967 "https://www.easydrivers.at/ueberuns" "Mozilla/5.0 (Windows NT 6.1; WOW64; Trident/7.0; rv:11.0) like Gecko"
83.175.126.194 - - [12/Jan/2018:10:28:06 +0100] "GET /binaries/easy-drivers-portal/edwebhistoryillu392x3925jpg.jpg HTTP/1.1" 200 31708 "https://www.easydrivers.at/ueberuns" "Mozilla/5.0 (Windows NT 6.1; WOW64; Trident/7.0; rv:11.0) like Gecko"
83.175.126.194 - - [12/Jan/2018:10:28:06 +0100] "GET /binaries/easy-drivers-portal/edwebhistoryillu392x3922jpg.jpg HTTP/1.1" 200 32209 "https://www.easydrivers.at/ueberuns" "Mozilla/5.0 (Windows NT 6.1; WOW64; Trident/7.0; rv:11.0) like Gecko"
83.175.126.194 - - [12/Jan/2018:10:28:06 +0100] "GET /binaries/easy-drivers-portal/edwebhistoryillu392x3924jpg.jpg HTTP/1.1" 200 35765 "https://www.easydrivers.at/ueberuns" "Mozilla/5.0 (Windows NT 6.1; WOW64; Trident/7.0; rv:11.0) like Gecko"
83.175.126.194 - - [12/Jan/2018:10:28:06 +0100] "GET /binaries/easy-drivers-portal/edwebhistoryillu392x3923jpg.jpg HTTP/1.1" 200 54656 "https://www.easydrivers.at/ueberuns" "Mozilla/5.0 (Windows NT 6.1; WOW64; Trident/7.0; rv:11.0) like Gecko"
83.175.126.194 - - [12/Jan/2018:10:28:06 +0100] "GET /binaries/easy-drivers-portal/edwebhistoryillu392x392radjpg.jpg HTTP/1.1" 200 124939 "https://www.easydrivers.at/ueberuns" "Mozilla/5.0 (Windows NT 6.1; WOW64; Trident/7.0; rv:11.0) like Gecko"
83.175.126.194 - - [12/Jan/2018:10:28:06 +0100] "GET /binaries/easy-drivers-portal/edwebhistoryillu392x3926jpg.jpg HTTP/1.1" 200 41118 "https://www.easydrivers.at/ueberuns" "Mozilla/5.0 (Windows NT 6.1; WOW64; Trident/7.0; rv:11.0) like Gecko"
83.175.126.194 - - [12/Jan/2018:10:28:06 +0100] "GET /ueberuns HTTP/1.1" 200 3260 "https://www.easydrivers.at/ueberuns" "Mozilla/5.0 (Windows NT 6.1; WOW64; Trident/7.0; rv:11.0) like Gecko"
83.175.126.194 - - [12/Jan/2018:10:28:08 +0100] "GET /binaries/easy-drivers-portal/edwebhistoryillu392x3924jpg.jpg HTTP/1.1" 206 19381 "https://www.easydrivers.at/ueberuns" "Mozilla/5.0 (Windows NT 6.1; WOW64; Trident/7.0; rv:11.0) like Gecko"
83.175.126.194 - - [12/Jan/2018:10:28:08 +0100] "GET /binaries/easy-drivers-portal/edwebhistoryillu392x3926jpg.jpg HTTP/1.1" 206 24734 "https://www.easydrivers.at/ueberuns" "Mozilla/5.0 (Windows NT 6.1; WOW64; Trident/7.0; rv:11.0) like Gecko"
83.175.126.194 - - [12/Jan/2018:10:28:08 +0100] "GET /binaries/easy-drivers-portal/edwebhistoryillu392x3923jpg.jpg HTTP/1.1" 206 38272 "https://www.easydrivers.at/ueberuns" "Mozilla/5.0 (Windows NT 6.1; WOW64; Trident/7.0; rv:11.0) like Gecko"
83.175.126.194 - - [12/Jan/2018:10:28:08 +0100] "GET /binaries/easy-drivers-portal/edwebhistoryillu392x3929jpg.jpg HTTP/1.1" 200 31823 "https://www.easydrivers.at/ueberuns" "Mozilla/5.0 (Windows NT 6.1; WOW64; Trident/7.0; rv:11.0) like Gecko"
83.175.126.194 - - [12/Jan/2018:10:28:08 +0100] "GET /binaries/easy-drivers-portal/edwebhistoryillu392x3928jpg.jpg HTTP/1.1" 200 38907 "https://www.easydrivers.at/ueberuns" "Mozilla/5.0 (Windows NT 6.1; WOW64; Trident/7.0; rv:11.0) like Gecko"
83.175.126.194 - - [12/Jan/2018:10:28:08 +0100] "GET /binaries/easy-drivers-portal/edwebhistoryillu392x392radjpg.jpg HTTP/1.1" 206 92171 "https://www.easydrivers.at/ueberuns" "Mozilla/5.0 (Windows NT 6.1; WOW64; Trident/7.0; rv:11.0) like Gecko"
83.175.126.194 - - [12/Jan/2018:10:28:08 +0100] "GET /binaries/easy-drivers-portal/edwebhistoryillu392x39211jpg.jpg HTTP/1.1" 200 36282 "https://www.easydrivers.at/ueberuns" "Mozilla/5.0 (Windows NT 6.1; WOW64; Trident/7.0; rv:11.0) like Gecko"
83.175.126.194 - - [12/Jan/2018:10:28:08 +0100] "GET /binaries/easy-drivers-portal/edwebhistoryillu392x39210jpg.jpg HTTP/1.1" 200 19475 "https://www.easydrivers.at/ueberuns" "Mozilla/5.0 (Windows NT 6.1; WOW64; Trident/7.0; rv:11.0) like Gecko"
83.175.126.194 - - [12/Jan/2018:10:28:08 +0100] "GET /binaries/easy-drivers-portal/edwebhistoryillu392x3927jpg.jpg HTTP/1.1" 200 71377 "https://www.easydrivers.at/ueberuns" "Mozilla/5.0 (Windows NT 6.1; WOW64; Trident/7.0; rv:11.0) like Gecko"
83.175.126.194 - - [12/Jan/2018:10:28:08 +0100] "GET /binaries/easy-drivers-portal/edwebhistoryillu392x39220kpng.png HTTP/1.1" 200 49333 "https://www.easydrivers.at/ueberuns" "Mozilla/5.0 (Windows NT 6.1; WOW64; Trident/7.0; rv:11.0) like Gecko"
83.175.126.194 - - [12/Jan/2018:10:28:22 +0100] "GET /impressum HTTP/1.1" 200 5879 "https://www.easydrivers.at/ueberuns" "Mozilla/5.0 (Windows NT 6.1; WOW64; Trident/7.0; rv:11.0) like Gecko"
83.175.126.194 - - [12/Jan/2018:10:28:24 +0100] "GET /binaries/easy-drivers-portal/pkw5jpg.jpg HTTP/1.1" 200 96177 "https://www.easydrivers.at/impressum" "Mozilla/5.0 (Windows NT 6.1; WOW64; Trident/7.0; rv:11.0) like Gecko"
83.175.125.242 - - [12/Jan/2018:10:49:53 +0100] "POST /autodiscover/autodiscover.xml HTTP/1.1" 301 413 "-" "Microsoft Office/12.0 (Windows NT 6.2; Microsoft Office Outlook 12.0.6768; Pro)"
178.165.131.254 - - [12/Jan/2018:10:54:18 +0100] "GET /st.valentin/10293831?FS=B HTTP/1.1" 200 3100 "http://m.facebook.com/" "Mozilla/5.0 (Linux; Android 6.0.1; SM-J510FN Build/MMB29M; wv) AppleWebKit/537.36 (KHTML, like Gecko) Version/4.0 Chrome/63.0.3239.111 Mobile Safari/537.36 [FB_IAB/FB4A;FBAV/154.0.0.33.385;]"
83.175.125.242 - - [12/Jan/2018:11:19:54 +0100] "POST /autodiscover/autodiscover.xml HTTP/1.1" 301 413 "-" "Microsoft Office/12.0 (Windows NT 6.2; Microsoft Office Outlook 12.0.6768; Pro)"
194.96.26.63 - - [12/Jan/2018:11:31:10 +0100] "GET /st.valentin/10293831?FS=B HTTP/1.1" 200 3100 "http://m.facebook.com" "Mozilla/5.0 (iPhone; CPU iPhone OS 11_2_1 like Mac OS X) AppleWebKit/604.4.7 (KHTML, like Gecko) Mobile/15C153 [FBAN/FBIOS;FBAV/154.0.0.34.386;FBBV/87041355;FBDV/iPhone9,3;FBMD/iPhone;FBSN/iOS;FBSV/11.2.1;FBSS/2;FBCR/3Austria;FBID/phone;FBLC/de_DE;FBOP/5;FBRV/87041355]"
213.225.12.53 - - [12/Jan/2018:11:41:37 +0100] "GET /krems/kurs/9880-13 HTTP/1.1" 404 3160 "http://m.facebook.com/" "Mozilla/5.0 (Linux; Android 7.0; WAS-LX1 Build/HUAWEIWAS-LX1; wv) AppleWebKit/537.36 (KHTML, like Gecko) Version/4.0 Chrome/63.0.3239.111 Mobile Safari/537.36 [FB_IAB/FB4A;FBAV/153.0.0.54.88;]"
82.218.208.76 - - [12/Jan/2018:11:44:56 +0100] "GET /easy_drivers_st._peterau/Kurs_Jaenner?FS=B HTTP/1.1" 200 3099 "http://m.facebook.com/" "Mozilla/5.0 (Linux; Android 7.0; VTR-L29 Build/HUAWEIVTR-L29; wv) AppleWebKit/537.36 (KHTML, like Gecko) Version/4.0 Chrome/63.0.3239.111 Mobile Safari/537.36 [FB_IAB/FB4A;FBAV/154.0.0.33.385;]"
83.175.125.242 - - [12/Jan/2018:11:49:54 +0100] "POST /autodiscover/autodiscover.xml HTTP/1.1" 301 413 "-" "Microsoft Office/12.0 (Windows NT 6.2; Microsoft Office Outlook 12.0.6768; Pro)"
83.175.125.242 - - [12/Jan/2018:12:19:55 +0100] "POST /autodiscover/autodiscover.xml HTTP/1.1" 301 413 "-" "Microsoft Office/12.0 (Windows NT 6.2; Microsoft Office Outlook 12.0.6768; Pro)"
83.175.125.242 - - [12/Jan/2018:12:49:55 +0100] "POST /autodiscover/autodiscover.xml HTTP/1.1" 301 413 "-" "Microsoft Office/12.0 (Windows NT 6.2; Microsoft Office Outlook 12.0.6768; Pro)"
216.218.206.66 - - [12/Jan/2018:12:50:06 +0100] "GET / HTTP/1.1" 301 383 "-" "-"
157.55.39.149 - - [12/Jan/2018:13:15:04 +0100] "GET / HTTP/1.1" 301 303 "-" "Mozilla/5.0 (compatible; bingbot/2.0; +http://www.bing.com/bingbot.htm)"
77.119.130.36 - - [12/Jan/2018:13:16:21 +0100] "GET /easy_drivers_st._peterau/Kurs_Jaenner?FS=B HTTP/1.1" 200 3099 "http://m.facebook.com" "Mozilla/5.0 (iPhone; CPU iPhone OS 11_1_2 like Mac OS X) AppleWebKit/604.3.5 (KHTML, like Gecko) Mobile/15B202 [FBAN/FBIOS;FBAV/153.0.0.53.87;FBBV/84268146;FBDV/iPhone8,1;FBMD/iPhone;FBSN/iOS;FBSV/11.1.2;FBSS/2;FBCR/3Austria;FBID/phone;FBLC/de_DE;FBOP/5;FBRV/86759280]"
83.175.125.242 - - [12/Jan/2018:13:19:56 +0100] "POST /autodiscover/autodiscover.xml HTTP/1.1" 301 413 "-" "Microsoft Office/12.0 (Windows NT 6.2; Microsoft Office Outlook 12.0.6768; Pro)"
54.36.149.31 - - [12/Jan/2018:13:29:40 +0100] "GET /hartberg HTTP/1.1" 200 3560 "-" "Mozilla/5.0 (compatible; AhrefsBot/5.2; +http://ahrefs.com/robot/)"
185.50.233.105 - - [12/Jan/2018:13:37:42 +0100] "GET /krems/kurs/9880-13 HTTP/1.1" 404 3160 "http://m.facebook.com/" "Mozilla/5.0 (Linux; Android 8.0.0; BLA-L09 Build/HUAWEIBLA-L09; wv) AppleWebKit/537.36 (KHTML, like Gecko) Version/4.0 Chrome/63.0.3239.111 Mobile Safari/537.36 [FB_IAB/FB4A;FBAV/154.0.0.33.385;]"
54.36.149.59 - - [12/Jan/2018:13:45:28 +0100] "GET /skarabela.gross-enzersdorf/10248100 HTTP/1.1" 200 4204 "-" "Mozilla/5.0 (compatible; AhrefsBot/5.2; +http://ahrefs.com/robot/)"
83.175.125.242 - - [12/Jan/2018:13:49:56 +0100] "POST /autodiscover/autodiscover.xml HTTP/1.1" 301 413 "-" "Microsoft Office/12.0 (Windows NT 6.2; Microsoft Office Outlook 12.0.6768; Pro)"
54.36.148.82 - - [12/Jan/2018:14:06:44 +0100] "GET /cache/emu/images/10245252/_115_167.jpg HTTP/1.1" 200 4799 "-" "Mozilla/5.0 (compatible; AhrefsBot/5.2; +http://ahrefs.com/robot/)"
212.95.5.219 - - [12/Jan/2018:14:10:19 +0100] "GET /krems/kurs/9880-13 HTTP/1.1" 404 3160 "http://m.facebook.com/" "Mozilla/5.0 (Linux; Android 7.0; SM-A510F Build/NRD90M; wv) AppleWebKit/537.36 (KHTML, like Gecko) Version/4.0 Chrome/63.0.3239.111 Mobile Safari/537.36 [FB_IAB/FB4A;FBAV/154.0.0.33.385;]"
83.175.125.242 - - [12/Jan/2018:14:19:57 +0100] "POST /autodiscover/autodiscover.xml HTTP/1.1" 301 413 "-" "Microsoft Office/12.0 (Windows NT 6.2; Microsoft Office Outlook 12.0.6768; Pro)"
157.55.39.149 - - [12/Jan/2018:14:44:21 +0100] "GET / HTTP/1.1" 301 303 "-" "Mozilla/5.0 (compatible; bingbot/2.0; +http://www.bing.com/bingbot.htm)"
83.175.125.242 - - [12/Jan/2018:14:49:57 +0100] "POST /autodiscover/autodiscover.xml HTTP/1.1" 301 413 "-" "Microsoft Office/12.0 (Windows NT 6.2; Microsoft Office Outlook 12.0.6768; Pro)"
66.249.64.80 - - [12/Jan/2018:15:14:30 +0100] "GET /robots.txt HTTP/1.1" 301 311 "-" "Mozilla/5.0 (compatible; Googlebot/2.1; +http://www.google.com/bot.html)"
66.249.64.82 - - [12/Jan/2018:15:14:31 +0100] "GET /.well-known/assetlinks.json HTTP/1.1" 301 323 "-" "Mozilla/5.0 (compatible; Googlebot/2.1; +http://www.google.com/bot.html)"
83.175.125.242 - - [12/Jan/2018:15:19:58 +0100] "POST /autodiscover/autodiscover.xml HTTP/1.1" 301 413 "-" "Microsoft Office/12.0 (Windows NT 6.2; Microsoft Office Outlook 12.0.6768; Pro)"
83.175.125.242 - - [12/Jan/2018:15:49:58 +0100] "POST /autodiscover/autodiscover.xml HTTP/1.1" 301 413 "-" "Microsoft Office/12.0 (Windows NT 6.2; Microsoft Office Outlook 12.0.6768; Pro)"
91.115.44.246 - - [12/Jan/2018:15:53:16 +0100] "GET /krems/kurs/9880-13 HTTP/1.1" 404 3160 "http://m.facebook.com/" "Mozilla/5.0 (Linux; Android 7.0; PRA-LX1 Build/HUAWEIPRA-LX1; wv) AppleWebKit/537.36 (KHTML, like Gecko) Version/4.0 Chrome/63.0.3239.111 Mobile Safari/537.36 [FB_IAB/FB4A;FBAV/154.0.0.33.385;]"
212.95.8.228 - - [12/Jan/2018:16:09:13 +0100] "GET /st.valentin/10293831?FS=B HTTP/1.1" 200 3100 "http://m.facebook.com" "Mozilla/5.0 (iPhone; CPU iPhone OS 11_2_1 like Mac OS X) AppleWebKit/604.4.7 (KHTML, like Gecko) Mobile/15C153 [FBAN/FBIOS;FBAV/154.0.0.34.386;FBBV/87041355;FBDV/iPhone8,4;FBMD/iPhone;FBSN/iOS;FBSV/11.2.1;FBSS/2;FBCR/tele.ring;FBID/phone;FBLC/de_DE;FBOP/5;FBRV/87041355]"
83.175.125.242 - - [12/Jan/2018:16:19:59 +0100] "POST /autodiscover/autodiscover.xml HTTP/1.1" 301 413 "-" "Microsoft Office/12.0 (Windows NT 6.2; Microsoft Office Outlook 12.0.6768; Pro)"
83.175.125.242 - - [12/Jan/2018:16:49:59 +0100] "POST /autodiscover/autodiscover.xml HTTP/1.1" 301 413 "-" "Microsoft Office/12.0 (Windows NT 6.2; Microsoft Office Outlook 12.0.6768; Pro)"
54.36.149.18 - - [12/Jan/2018:16:52:23 +0100] "GET /amstetten/aktionen HTTP/1.1" 200 2957 "-" "Mozilla/5.0 (compatible; AhrefsBot/5.2; +http://ahrefs.com/robot/)"
66.249.64.82 - - [12/Jan/2018:17:00:51 +0100] "GET /robots.txt HTTP/1.1" 301 311 "-" "Mozilla/5.0 (compatible; Googlebot/2.1; +http://www.google.com/bot.html)"
66.249.64.78 - - [12/Jan/2018:17:00:52 +0100] "GET /apple-app-site-association HTTP/1.1" 301 320 "-" "Mozilla/5.0 (compatible; Googlebot/2.1; +http://www.google.com/bot.html)"
213.225.2.197 - - [12/Jan/2018:17:14:50 +0100] "GET /st.valentin/10293831?FS=B HTTP/1.1" 200 3100 "http://m.facebook.com" "Mozilla/5.0 (iPhone; CPU iPhone OS 10_3_3 like Mac OS X) AppleWebKit/603.3.8 (KHTML, like Gecko) Mobile/14G60 [FBAN/FBIOS;FBAV/153.0.0.53.87;FBBV/84268146;FBDV/iPhone8,1;FBMD/iPhone;FBSN/iOS;FBSV/10.3.3;FBSS/2;FBCR/A1;FBID/phone;FBLC/de_DE;FBOP/5;FBRV/86759280]"
66.249.64.80 - - [12/Jan/2018:17:16:11 +0100] "GET /.well-known/apple-app-site-association HTTP/1.1" 301 328 "-" "Mozilla/5.0 (compatible; Googlebot/2.1; +http://www.google.com/bot.html)"
83.175.125.242 - - [12/Jan/2018:17:20:00 +0100] "POST /autodiscover/autodiscover.xml HTTP/1.1" 301 413 "-" "Microsoft Office/12.0 (Windows NT 6.2; Microsoft Office Outlook 12.0.6768; Pro)"
213.225.4.145 - - [12/Jan/2018:17:46:45 +0100] "GET /tulln/kurs/10319-13 HTTP/1.1" 404 3046 "http://m.facebook.com" "Mozilla/5.0 (iPhone; CPU iPhone OS 11_1 like Mac OS X) AppleWebKit/604.3.5 (KHTML, like Gecko) Mobile/15B93 [FBAN/FBIOS;FBAV/153.0.0.53.87;FBBV/84268146;FBDV/iPhone8,1;FBMD/iPhone;FBSN/iOS;FBSV/11.1;FBSS/2;FBCR/A1;FBID/phone;FBLC/de_DE;FBOP/5;FBRV/86759280]"
83.175.125.242 - - [12/Jan/2018:17:50:01 +0100] "POST /autodiscover/autodiscover.xml HTTP/1.1" 301 413 "-" "Microsoft Office/12.0 (Windows NT 6.2; Microsoft Office Outlook 12.0.6768; Pro)"
193.154.40.58 - - [12/Jan/2018:17:59:11 +0100] "GET /krems/kurs/9880-13 HTTP/1.1" 404 3160 "http://m.facebook.com/" "Mozilla/5.0 (Linux; Android 6.0.1; SM-A520F Build/MMB29K; wv) AppleWebKit/537.36 (KHTML, like Gecko) Version/4.0 Chrome/63.0.3239.111 Mobile Safari/537.36 [FB_IAB/FB4A;FBAV/153.0.0.54.88;]"
91.114.36.50 - - [12/Jan/2018:18:15:39 +0100] "GET /krems/kurs/9880-13 HTTP/1.1" 404 3160 "http://m.facebook.com/" "Mozilla/5.0 (Linux; Android 7.0; SM-G950F Build/NRD90M; wv) AppleWebKit/537.36 (KHTML, like Gecko) Version/4.0 Chrome/63.0.3239.111 Mobile Safari/537.36 [FB_IAB/FB4A;FBAV/154.0.0.33.385;]"
83.175.125.242 - - [12/Jan/2018:18:20:01 +0100] "POST /autodiscover/autodiscover.xml HTTP/1.1" 301 413 "-" "Microsoft Office/12.0 (Windows NT 6.2; Microsoft Office Outlook 12.0.6768; Pro)"
66.249.70.25 - - [12/Jan/2018:18:27:41 +0100] "GET /robots.txt HTTP/1.1" 301 304 "-" "Mozilla/5.0 (compatible; Googlebot/2.1; +http://www.google.com/bot.html)"
66.249.70.25 - - [12/Jan/2018:18:27:42 +0100] "GET / HTTP/1.1" 301 297 "-" "Mozilla/5.0 (Linux; Android 6.0.1; Nexus 5X Build/MMB29P) AppleWebKit/537.36 (KHTML, like Gecko) Chrome/41.0.2272.96 Mobile Safari/537.36 (compatible; Googlebot/2.1; +http://www.google.com/bot.html)"
194.118.75.71 - - [12/Jan/2018:18:34:16 +0100] "GET /tulln/kurs/10319-13 HTTP/1.1" 404 3046 "http://m.facebook.com" "Mozilla/5.0 (iPhone; CPU iPhone OS 11_2_2 like Mac OS X) AppleWebKit/604.4.7 (KHTML, like Gecko) Mobile/15C202 [FBAN/FBIOS;FBAV/153.0.0.53.87;FBBV/84268146;FBDV/iPhone7,2;FBMD/iPhone;FBSN/iOS;FBSV/11.2.2;FBSS/2;FBCR/3Austria;FBID/phone;FBLC/de_DE;FBOP/5;FBRV/86759280]"
83.175.125.242 - - [12/Jan/2018:18:50:02 +0100] "POST /autodiscover/autodiscover.xml HTTP/1.1" 301 413 "-" "Microsoft Office/12.0 (Windows NT 6.2; Microsoft Office Outlook 12.0.6768; Pro)"
54.36.149.54 - - [12/Jan/2018:18:55:57 +0100] "GET /voesendorf/Aktionen HTTP/1.1" 200 4029 "-" "Mozilla/5.0 (compatible; AhrefsBot/5.2; +http://ahrefs.com/robot/)"
217.149.171.55 - - [12/Jan/2018:19:11:03 +0100] "GET /krems/kurs/9880-13 HTTP/1.1" 404 3160 "http://m.facebook.com/" "Mozilla/5.0 (Linux; Android 5.1.1; SM-G388F Build/LMY48B; wv) AppleWebKit/537.36 (KHTML, like Gecko) Version/4.0 Chrome/63.0.3239.111 Mobile Safari/537.36 [FB_IAB/FB4A;FBAV/154.0.0.33.385;]"
83.175.125.242 - - [12/Jan/2018:19:20:02 +0100] "POST /autodiscover/autodiscover.xml HTTP/1.1" 301 413 "-" "Microsoft Office/12.0 (Windows NT 6.2; Microsoft Office Outlook 12.0.6768; Pro)"
83.175.125.242 - - [12/Jan/2018:19:50:03 +0100] "POST /autodiscover/autodiscover.xml HTTP/1.1" 301 413 "-" "Microsoft Office/12.0 (Windows NT 6.2; Microsoft Office Outlook 12.0.6768; Pro)"
81.217.112.139 - - [12/Jan/2018:20:14:00 +0100] "GET /moedling/kurs/9439-13 HTTP/1.1" 404 3099 "http://m.facebook.com/" "Mozilla/5.0 (Linux; Android 7.0; SM-G935F Build/NRD90M; wv) AppleWebKit/537.36 (KHTML, like Gecko) Version/4.0 Chrome/63.0.3239.111 Mobile Safari/537.36 [FB_IAB/FB4A;FBAV/154.0.0.33.385;]"
83.175.125.242 - - [12/Jan/2018:20:20:03 +0100] "POST /autodiscover/autodiscover.xml HTTP/1.1" 301 413 "-" "Microsoft Office/12.0 (Windows NT 6.2; Microsoft Office Outlook 12.0.6768; Pro)"
213.33.9.83 - - [12/Jan/2018:20:29:19 +0100] "GET /krems/kurs/9880-13 HTTP/1.1" 404 3160 "http://m.facebook.com/" "Mozilla/5.0 (Linux; Android 6.0.1; SM-A520F Build/MMB29K; wv) AppleWebKit/537.36 (KHTML, like Gecko) Version/4.0 Chrome/63.0.3239.111 Mobile Safari/537.36 [FB_IAB/FB4A;FBAV/154.0.0.33.385;]"
83.175.125.242 - - [12/Jan/2018:20:50:04 +0100] "POST /autodiscover/autodiscover.xml HTTP/1.1" 301 413 "-" "Microsoft Office/12.0 (Windows NT 6.2; Microsoft Office Outlook 12.0.6768; Pro)"
194.118.75.71 - - [12/Jan/2018:20:58:32 +0100] "GET /tulln/kurs/10319-13 HTTP/1.1" 404 3046 "http://m.facebook.com" "Mozilla/5.0 (iPhone; CPU iPhone OS 11_2_2 like Mac OS X) AppleWebKit/604.4.7 (KHTML, like Gecko) Mobile/15C202 [FBAN/FBIOS;FBAV/153.0.0.53.87;FBBV/84268146;FBDV/iPhone7,2;FBMD/iPhone;FBSN/iOS;FBSV/11.2.2;FBSS/2;FBCR/3Austria;FBID/phone;FBLC/de_DE;FBOP/5;FBRV/86759280]"
54.36.148.155 - - [12/Jan/2018:21:07:13 +0100] "GET /leoben.pankl HTTP/1.1" 404 2654 "-" "Mozilla/5.0 (compatible; AhrefsBot/5.2; +http://ahrefs.com/robot/)"
54.36.148.43 - - [12/Jan/2018:21:19:08 +0100] "GET /skarabela.gross-enzersdorf HTTP/1.1" 200 3619 "-" "Mozilla/5.0 (compatible; AhrefsBot/5.2; +http://ahrefs.com/robot/)"
66.249.64.95 - - [12/Jan/2018:21:20:01 +0100] "GET /robots.txt HTTP/1.1" 301 303 "-" "Mozilla/5.0 (compatible; Googlebot/2.1; +http://www.google.com/bot.html)"
66.249.64.64 - - [12/Jan/2018:21:20:02 +0100] "GET / HTTP/1.1" 301 296 "-" "Mozilla/5.0 (compatible; Googlebot/2.1; +http://www.google.com/bot.html)"
83.175.125.242 - - [12/Jan/2018:21:20:04 +0100] "POST /autodiscover/autodiscover.xml HTTP/1.1" 301 413 "-" "Microsoft Office/12.0 (Windows NT 6.2; Microsoft Office Outlook 12.0.6768; Pro)"
66.249.70.25 - - [12/Jan/2018:21:30:12 +0100] "GET /robots.txt HTTP/1.1" 301 304 "-" "Mozilla/5.0 (compatible; Googlebot/2.1; +http://www.google.com/bot.html)"
66.249.70.25 - - [12/Jan/2018:21:30:13 +0100] "GET / HTTP/1.1" 301 297 "-" "Mozilla/5.0 (compatible; Googlebot/2.1; +http://www.google.com/bot.html)"
83.175.125.242 - - [12/Jan/2018:21:50:05 +0100] "POST /autodiscover/autodiscover.xml HTTP/1.1" 301 413 "-" "Microsoft Office/12.0 (Windows NT 6.2; Microsoft Office Outlook 12.0.6768; Pro)"
54.36.149.29 - - [12/Jan/2018:21:56:01 +0100] "GET /easy_drivers_spittelau/10268958 HTTP/1.1" 404 2654 "-" "Mozilla/5.0 (compatible; AhrefsBot/5.2; +http://ahrefs.com/robot/)"
83.175.125.242 - - [12/Jan/2018:22:20:05 +0100] "POST /autodiscover/autodiscover.xml HTTP/1.1" 301 413 "-" "Microsoft Office/12.0 (Windows NT 6.2; Microsoft Office Outlook 12.0.6768; Pro)"
83.175.125.242 - - [12/Jan/2018:22:50:06 +0100] "POST /autodiscover/autodiscover.xml HTTP/1.1" 301 413 "-" "Microsoft Office/12.0 (Windows NT 6.2; Microsoft Office Outlook 12.0.6768; Pro)"
193.80.230.212 - - [12/Jan/2018:23:01:33 +0100] "GET /tulln/kurs/10319-13 HTTP/1.1" 404 3046 "http://m.facebook.com" "Mozilla/5.0 (iPhone; CPU iPhone OS 11_2_1 like Mac OS X) AppleWebKit/604.4.7 (KHTML, like Gecko) Mobile/15C153 [FBAN/FBIOS;FBAV/154.0.0.34.386;FBBV/87041355;FBDV/iPhone9,3;FBMD/iPhone;FBSN/iOS;FBSV/11.2.1;FBSS/2;FBCR/3Austria;FBID/phone;FBLC/en_GB;FBOP/5;FBRV/87041355]"
54.36.149.6 - - [12/Jan/2018:23:18:10 +0100] "GET /fuehrerscheine/motorrad/AvonA1 HTTP/1.1" 200 3014 "-" "Mozilla/5.0 (compatible; AhrefsBot/5.2; +http://ahrefs.com/robot/)"
83.175.125.242 - - [12/Jan/2018:23:20:06 +0100] "POST /autodiscover/autodiscover.xml HTTP/1.1" 301 413 "-" "Microsoft Office/12.0 (Windows NT 6.2; Microsoft Office Outlook 12.0.6768; Pro)"
213.33.18.238 - - [12/Jan/2018:23:24:45 +0100] "GET /moedling/kurs/9439-13 HTTP/1.1" 404 3099 "http://m.facebook.com/" "Mozilla/5.0 (Linux; Android 7.0; LG-H850 Build/NRD90U; wv) AppleWebKit/537.36 (KHTML, like Gecko) Version/4.0 Chrome/63.0.3239.111 Mobile Safari/537.36 [FB_IAB/FB4A;FBAV/154.0.0.33.385;]"
42.236.99.72 - - [12/Jan/2018:23:33:15 +0100] "GET / HTTP/1.1" 301 296 "http://www.easy-drivers.at/" "Mozilla/5.0 (Windows NT 6.1; WOW64) AppleWebKit/537.36 (KHTML, like Gecko) Chrome/50.0.2661.102 Safari/537.36; 360Spider"
51.255.71.127 - - [12/Jan/2018:23:35:48 +0100] "GET /jennersdorf/kurse HTTP/1.1" 200 3527 "-" "Mozilla/5.0 (compatible; AhrefsBot/5.2; +http://ahrefs.com/robot/)"
83.175.125.242 - - [12/Jan/2018:23:50:07 +0100] "POST /autodiscover/autodiscover.xml HTTP/1.1" 301 413 "-" "Microsoft Office/12.0 (Windows NT 6.2; Microsoft Office Outlook 12.0.6768; Pro)"
178.188.20.98 - - [13/Jan/2018:00:18:33 +0100] "GET /tulln/kurs/10319-13 HTTP/1.1" 404 3046 "http://m.facebook.com" "Mozilla/5.0 (iPhone; CPU iPhone OS 11_2_1 like Mac OS X) AppleWebKit/604.4.7 (KHTML, like Gecko) Mobile/15C153 [FBAN/FBIOS;FBAV/153.0.0.53.87;FBBV/84268146;FBDV/iPhone7,2;FBMD/iPhone;FBSN/iOS;FBSV/11.2.1;FBSS/2;FBCR/Carrier;FBID/phone;FBLC/de_DE;FBOP/5;FBRV/86759280]"
83.175.125.242 - - [13/Jan/2018:00:20:07 +0100] "POST /autodiscover/autodiscover.xml HTTP/1.1" 301 413 "-" "Microsoft Office/12.0 (Windows NT 6.2; Microsoft Office Outlook 12.0.6768; Pro)"
83.175.125.242 - - [13/Jan/2018:00:50:08 +0100] "POST /autodiscover/autodiscover.xml HTTP/1.1" 301 413 "-" "Microsoft Office/12.0 (Windows NT 6.2; Microsoft Office Outlook 12.0.6768; Pro)"