109.237.103.123 - - [07/Feb/2022:01:55:57 +0100] "GET /.env HTTP/1.1" 301 304 "-" "Mozilla/5.0 (X11; Linux x86_64) AppleWebKit/537.36 (KHTML, like Gecko) Chrome/81.0.4044.129 Safari/537.36"
109.237.103.123 - - [07/Feb/2022:01:55:58 +0100] "POST /.env HTTP/1.1" 301 304 "-" "Mozilla/5.0 (X11; Linux x86_64) AppleWebKit/537.36 (KHTML, like Gecko) Chrome/81.0.4044.129 Safari/537.36"
45.146.165.37 - - [07/Feb/2022:02:38:34 +0100] "GET /index.php?s=/Index/\\think\\app/invokefunction&function=call_user_func_array&vars[0]=md5&vars[1][]=HelloThinkPHP21 HTTP/1.1" 301 390 "-" "Mozilla/5.0 (Windows NT 10.0; Win64; x64) AppleWebKit/537.36 (KHTML, like Gecko) Chrome/78.0.3904.108 Safari/537.36"
128.199.127.143 - - [07/Feb/2022:02:42:29 +0100] "GET /.env HTTP/1.1" 301 310 "-" "Mozilla/5.0 (X11; Linux x86_64) AppleWebKit/537.36 (KHTML, like Gecko) Chrome/81.0.4044.129 Safari/537.36"
128.199.127.143 - - [07/Feb/2022:02:42:29 +0100] "GET /.env HTTP/1.1" 301 309 "-" "Mozilla/5.0 (X11; Linux x86_64) AppleWebKit/537.36 (KHTML, like Gecko) Chrome/81.0.4044.129 Safari/537.36"
128.199.127.143 - - [07/Feb/2022:02:42:32 +0100] "GET /vendor/.env HTTP/1.1" 301 314 "-" "Mozilla/5.0 (X11; Linux x86_64) AppleWebKit/537.36 (KHTML, like Gecko) Chrome/81.0.4044.129 Safari/537.36"
128.199.127.143 - - [07/Feb/2022:02:42:32 +0100] "GET /vendor/.env HTTP/1.1" 301 313 "-" "Mozilla/5.0 (X11; Linux x86_64) AppleWebKit/537.36 (KHTML, like Gecko) Chrome/81.0.4044.129 Safari/537.36"
128.199.127.143 - - [07/Feb/2022:02:42:35 +0100] "GET /storage/.env HTTP/1.1" 301 315 "-" "Mozilla/5.0 (X11; Linux x86_64) AppleWebKit/537.36 (KHTML, like Gecko) Chrome/81.0.4044.129 Safari/537.36"
128.199.127.143 - - [07/Feb/2022:02:42:35 +0100] "GET /storage/.env HTTP/1.1" 301 314 "-" "Mozilla/5.0 (X11; Linux x86_64) AppleWebKit/537.36 (KHTML, like Gecko) Chrome/81.0.4044.129 Safari/537.36"
128.199.127.143 - - [07/Feb/2022:02:42:38 +0100] "GET /public/.env HTTP/1.1" 301 314 "-" "Mozilla/5.0 (X11; Linux x86_64) AppleWebKit/537.36 (KHTML, like Gecko) Chrome/81.0.4044.129 Safari/537.36"
128.199.127.143 - - [07/Feb/2022:02:42:38 +0100] "GET /public/.env HTTP/1.1" 301 315 "-" "Mozilla/5.0 (X11; Linux x86_64) AppleWebKit/537.36 (KHTML, like Gecko) Chrome/81.0.4044.129 Safari/537.36"
128.199.127.143 - - [07/Feb/2022:02:42:41 +0100] "GET /info.php HTTP/1.1" 301 312 "-" "Mozilla/5.0 (X11; Linux x86_64) AppleWebKit/537.36 (KHTML, like Gecko) Chrome/81.0.4044.129 Safari/537.36"
128.199.127.143 - - [07/Feb/2022:02:42:41 +0100] "GET /info.php HTTP/1.1" 301 313 "-" "Mozilla/5.0 (X11; Linux x86_64) AppleWebKit/537.36 (KHTML, like Gecko) Chrome/81.0.4044.129 Safari/537.36"
128.199.127.143 - - [07/Feb/2022:02:42:44 +0100] "GET /phpinfo.php HTTP/1.1" 301 313 "-" "Mozilla/5.0 (X11; Linux x86_64) AppleWebKit/537.36 (KHTML, like Gecko) Chrome/81.0.4044.129 Safari/537.36"
128.199.127.143 - - [07/Feb/2022:02:42:45 +0100] "GET /phpinfo.php HTTP/1.1" 301 314 "-" "Mozilla/5.0 (X11; Linux x86_64) AppleWebKit/537.36 (KHTML, like Gecko) Chrome/81.0.4044.129 Safari/537.36"
128.199.127.143 - - [07/Feb/2022:02:42:47 +0100] "GET /info HTTP/1.1" 301 309 "-" "Mozilla/5.0 (X11; Linux x86_64) AppleWebKit/537.36 (KHTML, like Gecko) Chrome/81.0.4044.129 Safari/537.36"
128.199.127.143 - - [07/Feb/2022:02:42:48 +0100] "GET /info HTTP/1.1" 301 310 "-" "Mozilla/5.0 (X11; Linux x86_64) AppleWebKit/537.36 (KHTML, like Gecko) Chrome/81.0.4044.129 Safari/537.36"
128.199.127.143 - - [07/Feb/2022:02:42:50 +0100] "POST / HTTP/1.1" 301 306 "-" "Mozilla/5.0 (X11; Linux x86_64) AppleWebKit/537.36 (KHTML, like Gecko) Chrome/81.0.4044.129 Safari/537.36"
128.199.127.143 - - [07/Feb/2022:02:42:50 +0100] "POST / HTTP/1.1" 301 307 "-" "Mozilla/5.0 (X11; Linux x86_64) AppleWebKit/537.36 (KHTML, like Gecko) Chrome/81.0.4044.129 Safari/537.36"
40.77.167.97 - - [07/Feb/2022:03:15:19 +0100] "GET /robots.txt HTTP/1.1" 301 311 "-" "Mozilla/5.0 (compatible; bingbot/2.0; +http://www.bing.com/bingbot.htm)"
40.77.167.97 - - [07/Feb/2022:03:15:20 +0100] "GET /robots.txt HTTP/1.1" 301 311 "-" "Mozilla/5.0 (compatible; bingbot/2.0; +http://www.bing.com/bingbot.htm)"
157.55.39.143 - - [07/Feb/2022:03:15:25 +0100] "GET / HTTP/1.1" 301 304 "-" "Mozilla/5.0 (compatible; bingbot/2.0; +http://www.bing.com/bingbot.htm)"
128.1.248.26 - - [07/Feb/2022:04:18:12 +0100] "GET / HTTP/1.1" 301 301 "-" "Mozilla/5.0 (Windows NT 10.0; Win64; x64) AppleWebKit/537.36 (KHTML, like Gecko) Chrome/60.0.3112.113 Safari/537.36"
45.146.165.37 - - [07/Feb/2022:04:41:17 +0100] "POST /mifs/.;/services/LogService HTTP/1.1" 301 318 "https://86.59.113.102:443" "Mozilla/5.0 (Windows NT 10.0; Win64; x64) AppleWebKit/537.36 (KHTML, like Gecko) Chrome/78.0.3904.108 Safari/537.36"
131.220.6.152 - - [07/Feb/2022:04:48:47 +0100] "GET / HTTP/1.1" 301 295 "-" "Mozilla/5.0 (X11; Linux x86_64) AppleWebKit/537.36 (KHTML, like Gecko) Chrome/79.0.3945.79 Safari/537.36"
54.151.50.195 - - [07/Feb/2022:05:46:15 +0100] "GET / HTTP/1.1" 301 301 "-" "Mozilla/5.0 (Macintosh; Intel Mac OS X 10_11_5) AppleWebKit/537.36 (KHTML, like Gecko) Chrome/50.0.2661.102 Safari/537.36"
45.146.165.37 - - [07/Feb/2022:06:13:06 +0100] "POST /Autodiscover/Autodiscover.xml HTTP/1.1" 301 315 "-" "Mozilla/5.0 (Windows NT 10.0; Win64; x64) AppleWebKit/537.36 (KHTML, like Gecko) Chrome/78.0.3904.108 Safari/537.36"
92.118.160.41 - - [07/Feb/2022:06:23:44 +0100] "GET / HTTP/1.1" 301 394 "-" "NetSystemsResearch studies the availability of various services across the internet. Our website is netsystemsresearch.com"
35.233.62.116 - - [07/Feb/2022:06:27:55 +0100] "GET / HTTP/1.1" 301 301 "-" "python-requests/2.27.1"
45.146.165.37 - - [07/Feb/2022:06:58:43 +0100] "GET /_ignition/execute-solution HTTP/1.1" 301 319 "-" "Mozilla/5.0 (Windows NT 10.0; Win64; x64) AppleWebKit/537.36 (KHTML, like Gecko) Chrome/78.0.3904.108 Safari/537.36"
128.199.127.143 - - [07/Feb/2022:07:20:56 +0100] "GET /.env HTTP/1.1" 301 303 "-" "Mozilla/5.0 (X11; Linux x86_64) AppleWebKit/537.36 (KHTML, like Gecko) Chrome/81.0.4044.129 Safari/537.36"
128.199.127.143 - - [07/Feb/2022:07:20:58 +0100] "GET /vendor/.env HTTP/1.1" 301 308 "-" "Mozilla/5.0 (X11; Linux x86_64) AppleWebKit/537.36 (KHTML, like Gecko) Chrome/81.0.4044.129 Safari/537.36"
128.199.127.143 - - [07/Feb/2022:07:21:01 +0100] "GET /storage/.env HTTP/1.1" 301 309 "-" "Mozilla/5.0 (X11; Linux x86_64) AppleWebKit/537.36 (KHTML, like Gecko) Chrome/81.0.4044.129 Safari/537.36"
128.199.127.143 - - [07/Feb/2022:07:21:04 +0100] "GET /.env HTTP/1.1" 301 300 "-" "Mozilla/5.0 (X11; Linux x86_64) AppleWebKit/537.36 (KHTML, like Gecko) Chrome/81.0.4044.129 Safari/537.36"
128.199.127.143 - - [07/Feb/2022:07:21:04 +0100] "GET /public/.env HTTP/1.1" 301 309 "-" "Mozilla/5.0 (X11; Linux x86_64) AppleWebKit/537.36 (KHTML, like Gecko) Chrome/81.0.4044.129 Safari/537.36"
128.199.127.143 - - [07/Feb/2022:07:21:07 +0100] "GET /vendor/.env HTTP/1.1" 301 305 "-" "Mozilla/5.0 (X11; Linux x86_64) AppleWebKit/537.36 (KHTML, like Gecko) Chrome/81.0.4044.129 Safari/537.36"
128.199.127.143 - - [07/Feb/2022:07:21:07 +0100] "GET /info.php HTTP/1.1" 301 307 "-" "Mozilla/5.0 (X11; Linux x86_64) AppleWebKit/537.36 (KHTML, like Gecko) Chrome/81.0.4044.129 Safari/537.36"
128.199.127.143 - - [07/Feb/2022:07:21:10 +0100] "GET /phpinfo.php HTTP/1.1" 301 308 "-" "Mozilla/5.0 (X11; Linux x86_64) AppleWebKit/537.36 (KHTML, like Gecko) Chrome/81.0.4044.129 Safari/537.36"
128.199.127.143 - - [07/Feb/2022:07:21:10 +0100] "GET /storage/.env HTTP/1.1" 301 305 "-" "Mozilla/5.0 (X11; Linux x86_64) AppleWebKit/537.36 (KHTML, like Gecko) Chrome/81.0.4044.129 Safari/537.36"
128.199.127.143 - - [07/Feb/2022:07:21:13 +0100] "GET /public/.env HTTP/1.1" 301 305 "-" "Mozilla/5.0 (X11; Linux x86_64) AppleWebKit/537.36 (KHTML, like Gecko) Chrome/81.0.4044.129 Safari/537.36"
128.199.127.143 - - [07/Feb/2022:07:21:13 +0100] "GET /info HTTP/1.1" 301 304 "-" "Mozilla/5.0 (X11; Linux x86_64) AppleWebKit/537.36 (KHTML, like Gecko) Chrome/81.0.4044.129 Safari/537.36"
128.199.127.143 - - [07/Feb/2022:07:21:16 +0100] "POST / HTTP/1.1" 301 301 "-" "Mozilla/5.0 (X11; Linux x86_64) AppleWebKit/537.36 (KHTML, like Gecko) Chrome/81.0.4044.129 Safari/537.36"
128.199.127.143 - - [07/Feb/2022:07:21:17 +0100] "GET /info.php HTTP/1.1" 301 303 "-" "Mozilla/5.0 (X11; Linux x86_64) AppleWebKit/537.36 (KHTML, like Gecko) Chrome/81.0.4044.129 Safari/537.36"
128.199.127.143 - - [07/Feb/2022:07:21:20 +0100] "GET /phpinfo.php HTTP/1.1" 301 305 "-" "Mozilla/5.0 (X11; Linux x86_64) AppleWebKit/537.36 (KHTML, like Gecko) Chrome/81.0.4044.129 Safari/537.36"
128.199.127.143 - - [07/Feb/2022:07:21:23 +0100] "GET /info HTTP/1.1" 301 301 "-" "Mozilla/5.0 (X11; Linux x86_64) AppleWebKit/537.36 (KHTML, like Gecko) Chrome/81.0.4044.129 Safari/537.36"
128.199.127.143 - - [07/Feb/2022:07:21:26 +0100] "POST / HTTP/1.1" 301 297 "-" "Mozilla/5.0 (X11; Linux x86_64) AppleWebKit/537.36 (KHTML, like Gecko) Chrome/81.0.4044.129 Safari/537.36"
128.14.134.170 - - [07/Feb/2022:07:21:33 +0100] "GET / HTTP/1.1" 301 301 "-" "Mozilla/5.0 (Windows NT 10.0; Win64; x64) AppleWebKit/537.36 (KHTML, like Gecko) Chrome/60.0.3112.113 Safari/537.36"
45.146.165.37 - - [07/Feb/2022:07:24:07 +0100] "GET / HTTP/1.1" 301 301 "-" "Mozilla/5.0 (Windows NT 10.0; Win64; x64) AppleWebKit/537.36 (KHTML, like Gecko) Chrome/78.0.3904.108 Safari/537.36"
45.146.165.37 - - [07/Feb/2022:08:34:23 +0100] "GET / HTTP/1.1" 301 301 "-" "Mozilla/5.0 (Windows NT 10.0; Win64; x64) AppleWebKit/537.36 (KHTML, like Gecko) Chrome/78.0.3904.108 Safari/537.36"
45.146.165.37 - - [07/Feb/2022:08:58:24 +0100] "POST /cgi-bin/.%2e/.%2e/.%2e/.%2e/bin/sh HTTP/1.1" 400 293 "-" "Mozilla/5.0 (Windows NT 10.0; Win64; x64) AppleWebKit/537.36 (KHTML, like Gecko) Chrome/78.0.3904.108 Safari/537.36"
35.206.153.39 - - [07/Feb/2022:09:44:40 +0100] "" 400 379 "-" "-"
35.206.153.39 - - [07/Feb/2022:09:45:11 +0100] "" 400 379 "-" "-"
45.146.165.37 - - [07/Feb/2022:09:47:30 +0100] "GET / HTTP/1.1" 301 301 "-" "Mozilla/5.0 (Windows NT 10.0; Win64; x64) AppleWebKit/537.36 (KHTML, like Gecko) Chrome/78.0.3904.108 Safari/537.36"
66.94.126.76 - - [07/Feb/2022:11:09:08 +0100] "GET / HTTP/1.1" 301 295 "-" "Mozilla/5.0 (Linux; Android 6.0.1; Lenovo P1a42) AppleWebKit/537.36 (KHTML, like Gecko) Chrome/76.0.3809.111 Mobile Safari/537.36"
45.76.148.176 - - [07/Feb/2022:11:19:27 +0100] "GET / HTTP/1.1" 301 295 "-" "Mozilla/5.0 (compatible; archive.org_bot; Wayback Machine Live Record; +http://archive.org/details/archive.org_bot)"
192.241.211.144 - - [07/Feb/2022:12:02:28 +0100] "GET /actuator/health HTTP/1.1" 301 310 "-" "Mozilla/5.0 zgrab/0.x"
66.249.64.81 - - [07/Feb/2022:12:14:06 +0100] "GET /robots.txt HTTP/1.1" 301 303 "-" "Mozilla/5.0 (compatible; Googlebot/2.1; +http://www.google.com/bot.html)"
66.249.64.81 - - [07/Feb/2022:12:14:06 +0100] "GET /fileadmin/templates/flash/player.swf?vid=116 HTTP/1.1" 301 326 "-" "Mozilla/5.0 (compatible; Googlebot/2.1; +http://www.google.com/bot.html)"
40.77.167.97 - - [07/Feb/2022:12:56:28 +0100] "GET /robots.txt HTTP/1.1" 301 311 "-" "Mozilla/5.0 (compatible; bingbot/2.0; +http://www.bing.com/bingbot.htm)"
40.77.167.97 - - [07/Feb/2022:12:56:29 +0100] "GET /robots.txt HTTP/1.1" 301 311 "-" "Mozilla/5.0 (compatible; bingbot/2.0; +http://www.bing.com/bingbot.htm)"
157.55.39.143 - - [07/Feb/2022:12:56:42 +0100] "GET / HTTP/1.1" 301 304 "-" "Mozilla/5.0 (compatible; bingbot/2.0; +http://www.bing.com/bingbot.htm)"
23.90.160.114 - - [07/Feb/2022:13:03:37 +0100] "GET / HTTP/1.1" 301 301 "-" "Mozilla/5.0 (Windows NT 10.0; Win64; x64) AppleWebKit/537.36 (KHTML, like Gecko) Chrome/60.0.3112.113 Safari/537.36"
92.118.160.41 - - [07/Feb/2022:14:44:33 +0100] "GET / HTTP/1.1" 301 393 "-" "NetSystemsResearch studies the availability of various services across the internet. Our website is netsystemsresearch.com"
162.142.125.213 - - [07/Feb/2022:15:23:50 +0100] "GET / HTTP/1.1" 301 383 "-" "-"
162.142.125.213 - - [07/Feb/2022:15:23:50 +0100] "GET / HTTP/1.1" 301 301 "-" "Mozilla/5.0 (compatible; CensysInspect/1.1; +https://about.censys.io/)"
162.142.125.213 - - [07/Feb/2022:15:23:52 +0100] "PRI * HTTP/2.0" 400 379 "-" "-"
192.241.211.6 - - [07/Feb/2022:16:55:20 +0100] "GET / HTTP/1.1" 301 301 "-" "Mozilla/5.0 zgrab/0.x"
173.225.110.122 - - [07/Feb/2022:19:45:39 +0100] "GET / HTTP/1.1" 301 301 "-" "Mozilla/5.0 (Windows NT 10.0; WOW64) AppleWebKit/537.36 (KHTML, like Gecko) Chrome/83.0.4103.116 Safari/537.36"
95.163.255.229 - - [07/Feb/2022:19:46:41 +0100] "GET /robots.txt HTTP/1.0" 301 397 "-" "Mozilla/5.0 (compatible; Linux x86_64; Mail.RU_Bot/2.0; +http://go.mail.ru/help/robots)"
95.163.255.200 - - [07/Feb/2022:19:46:44 +0100] "GET / HTTP/1.1" 301 296 "-" "Mozilla/5.0 (compatible; Linux x86_64; Mail.RU_Bot/2.0; +http://go.mail.ru/help/robots)"
167.248.133.119 - - [07/Feb/2022:20:32:06 +0100] "GET / HTTP/1.1" 301 383 "-" "-"
167.248.133.119 - - [07/Feb/2022:20:32:06 +0100] "GET / HTTP/1.1" 301 301 "-" "Mozilla/5.0 (compatible; CensysInspect/1.1; +https://about.censys.io/)"
167.248.133.119 - - [07/Feb/2022:20:32:07 +0100] "PRI * HTTP/2.0" 400 379 "-" "-"
45.146.165.37 - - [07/Feb/2022:21:43:55 +0100] "POST /vendor/phpunit/phpunit/src/Util/PHP/eval-stdin.php HTTP/1.1" 301 331 "-" "Mozilla/5.0 (Windows NT 10.0; Win64; x64) AppleWebKit/537.36 (KHTML, like Gecko) Chrome/78.0.3904.108 Safari/537.36"
104.140.188.14 - - [07/Feb/2022:21:52:08 +0100] "GET / HTTP/1.1" 400 374 "-" "https://gdnplus.com:Gather Analyze Provide."
185.174.28.82 - - [07/Feb/2022:22:01:37 +0100] "GET /.env HTTP/1.1" 301 310 "-" "Mozilla/5.0 (X11; Linux x86_64) AppleWebKit/537.36 (KHTML, like Gecko) Chrome/81.0.4044.129 Safari/537.36"
185.174.28.82 - - [07/Feb/2022:22:01:38 +0100] "GET /.env HTTP/1.1" 301 310 "-" "Mozilla/5.0 (X11; Linux x86_64) AppleWebKit/537.36 (KHTML, like Gecko) Chrome/81.0.4044.129 Safari/537.36"
185.174.28.82 - - [07/Feb/2022:22:01:38 +0100] "POST /.env HTTP/1.1" 301 310 "-" "Mozilla/5.0 (X11; Linux x86_64) AppleWebKit/537.36 (KHTML, like Gecko) Chrome/81.0.4044.129 Safari/537.36"
185.174.28.82 - - [07/Feb/2022:22:01:38 +0100] "POST /.env HTTP/1.1" 301 310 "-" "Mozilla/5.0 (X11; Linux x86_64) AppleWebKit/537.36 (KHTML, like Gecko) Chrome/81.0.4044.129 Safari/537.36"
45.146.165.37 - - [07/Feb/2022:22:22:30 +0100] "GET /vendor/phpunit/phpunit/src/Util/PHP/eval-stdin.php HTTP/1.1" 301 331 "-" "Mozilla/5.0 (Windows NT 10.0; Win64; x64) AppleWebKit/537.36 (KHTML, like Gecko) Chrome/78.0.3904.108 Safari/537.36"
54.69.38.245 - - [07/Feb/2022:22:38:53 +0100] "GET / HTTP/1.1" 301 307 "-" "Mozilla/5.0 (X11; Linux x86_64) AppleWebKit/537.36 (KHTML, like Gecko) Chrome/83.0.4103.97 Safari/537.36"
71.6.232.7 - - [07/Feb/2022:23:04:23 +0100] "GET / HTTP/1.1" 301 301 "-" "Mozilla/5.0 (Windows NT 10.0; Win64; x64) AppleWebKit/537.36 (KHTML, like Gecko) Chrome/74.0.3729.131 Safari/537.36"
45.146.165.37 - - [07/Feb/2022:23:17:31 +0100] "-" 408 - "-" "-"
45.146.165.37 - - [07/Feb/2022:23:54:04 +0100] "GET /?XDEBUG_SESSION_START=phpstorm HTTP/1.1" 301 327 "-" "Mozilla/5.0 (Windows NT 10.0; Win64; x64) AppleWebKit/537.36 (KHTML, like Gecko) Chrome/78.0.3904.108 Safari/537.36"
192.241.210.248 - - [08/Feb/2022:00:01:56 +0100] "GET /ecp/Current/exporttool/microsoft.exchange.ediscovery.exporttool.application HTTP/1.1" 301 348 "-" "Mozilla/5.0 zgrab/0.x"
192.241.204.142 - - [08/Feb/2022:00:09:27 +0100] "GET /owa/auth/logon.aspx?url=https%3a%2f%2f1%2fecp%2f HTTP/1.1" 301 335 "-" "Mozilla/5.0 zgrab/0.x"
45.146.165.37 - - [08/Feb/2022:00:49:59 +0100] "POST /mifs/.;/services/LogService HTTP/1.1" 301 318 "https://86.59.113.102:443" "Mozilla/5.0 (Windows NT 10.0; Win64; x64) AppleWebKit/537.36 (KHTML, like Gecko) Chrome/78.0.3904.108 Safari/537.36"